2026-05-29 12:38:11.135 10 INFO neutron.api.v2.resource [None req-3df24083-6526-41e8-a63d-1854c57a2f60 67fc0bfad08341c08cd85c6514fd24e5 fa598445dda945d286cfffabfdbd6918 - - default default] create failed (client error): Invalid input for target_tenant. Reason: '1234123412341234123412341234123412341234123412341234123412341234123412341234123412341234123412341234123412341234123412341234123412341234123412341234123412341234123412341234123412341234123412341234123412341234123412341234123412341234123412341234123412341234123412341234123412341234123412341234123412341234123412341234123412341234123412341234123412341234123412341234123412341234123412341234123412341234' exceeds maximum length of 255.
2026-05-29 12:38:11.136 10 INFO neutron.wsgi [None req-3df24083-6526-41e8-a63d-1854c57a2f60 67fc0bfad08341c08cd85c6514fd24e5 fa598445dda945d286cfffabfdbd6918 - - default default] 10.0.0.132 "POST /v2.0/rbac-policies HTTP/1.1" status: 400 len: 750 time: 0.0048351
2026-05-29 12:38:11.163 9 INFO neutron.services.segments.plugin [-] Segment ef20af2c-de25-4b27-9952-c75ed2178a20 resource provider aggregate not found
2026-05-29 12:38:11.172 9 INFO neutron.services.segments.plugin [-] Segment ef20af2c-de25-4b27-9952-c75ed2178a20 resource provider aggregate not found
2026-05-29 12:38:11.179 10 INFO neutron.wsgi [None req-77b8ce72-e9d6-4ee6-9f09-638a53fdc02a 6536e182cca748a0b6092dad330042d3 7aeb5f936e9a4de5952c28a6ae9592fa - - default default] 10.0.0.132 "GET /v2.0/security-groups?tenant_id=437e9c8b61134fcabded2a7d8115ea65&name=default HTTP/1.1" status: 200 len: 2996 time: 0.0549941
2026-05-29 12:38:11.187 9 INFO neutron.services.segments.plugin [-] Segment ef20af2c-de25-4b27-9952-c75ed2178a20 resource provider not found; error: Placement Client Error (4xx): {"errors": [{"status": 404, "title": "Not Found", "detail": "The resource could not be found.\n\n No resource provider with uuid ef20af2c-de25-4b27-9952-c75ed2178a20 found for delete ", "request_id": "req-3cb08b04-b5e3-4afb-b867-7ea81fa7041e"}]}
2026-05-29 12:38:11.189 9 INFO neutron.services.segments.plugin [-] Segment ef20af2c-de25-4b27-9952-c75ed2178a20 resource provider not found; error: Placement Client Error (4xx): {"errors": [{"status": 404, "title": "Not Found", "detail": "The resource could not be found.\n\n No resource provider with uuid ef20af2c-de25-4b27-9952-c75ed2178a20 found for delete ", "request_id": "req-1f286e5e-a4ae-475d-8193-72ff51f09e7c"}]}
2026-05-29 12:38:11.416 9 WARNING neutron.scheduler.dhcp_agent_scheduler [None req-df1812be-1acc-414c-b709-083e992f7111 ca350ab2a4dc41bc84755a39666f13b0 32786b9378844577be3ceadd82a130a9 - - default default] No more DHCP agents
2026-05-29 12:38:11.418 9 WARNING neutron.api.rpc.agentnotifiers.dhcp_rpc_agent_api [None req-df1812be-1acc-414c-b709-083e992f7111 ca350ab2a4dc41bc84755a39666f13b0 32786b9378844577be3ceadd82a130a9 - - default default] Unable to schedule network baf0549f-1613-4f33-b9a5-bb068fa5525e: no agents available; will retry on subsequent port and subnet creation events.
2026-05-29 12:38:11.450 9 INFO neutron.db.ovn_revision_numbers_db [None req-df1812be-1acc-414c-b709-083e992f7111 ca350ab2a4dc41bc84755a39666f13b0 32786b9378844577be3ceadd82a130a9 - - default default] Successfully bumped revision number for resource e496cecb-71ae-41aa-90af-1573c201b914 (type: subnets) to 0
2026-05-29 12:38:11.475 9 INFO neutron.wsgi [None req-ead3c57a-63bf-4276-8295-87d34d94bfce 6536e182cca748a0b6092dad330042d3 7aeb5f936e9a4de5952c28a6ae9592fa - - default default] 10.0.0.132 "DELETE /v2.0/security-groups/f081ef16-a322-4fe6-8684-aeea8ce69732 HTTP/1.1" status: 204 len: 168 time: 0.2861946
2026-05-29 12:38:11.482 9 WARNING neutron.scheduler.dhcp_agent_scheduler [None req-df1812be-1acc-414c-b709-083e992f7111 ca350ab2a4dc41bc84755a39666f13b0 32786b9378844577be3ceadd82a130a9 - - default default] No more DHCP agents
2026-05-29 12:38:11.484 9 WARNING neutron.api.rpc.agentnotifiers.dhcp_rpc_agent_api [None req-df1812be-1acc-414c-b709-083e992f7111 ca350ab2a4dc41bc84755a39666f13b0 32786b9378844577be3ceadd82a130a9 - - default default] Unable to schedule network 7c67fe94-0388-48b3-b764-a7ca9e7a0743: no agents available; will retry on subsequent port and subnet creation events.
2026-05-29 12:38:11.518 9 INFO neutron.db.ovn_revision_numbers_db [None req-df1812be-1acc-414c-b709-083e992f7111 ca350ab2a4dc41bc84755a39666f13b0 32786b9378844577be3ceadd82a130a9 - - default default] Successfully bumped revision number for resource 13a50969-533d-4a30-9820-38407e411852 (type: subnets) to 0
2026-05-29 12:38:11.537 9 INFO neutron.wsgi [None req-df1812be-1acc-414c-b709-083e992f7111 ca350ab2a4dc41bc84755a39666f13b0 32786b9378844577be3ceadd82a130a9 - - default default] 10.0.0.132 "POST /v2.0/subnets HTTP/1.1" status: 201 len: 1476 time: 0.6909924
2026-05-29 12:38:11.607 9 INFO neutron.wsgi [None req-601a0926-99c4-446b-a69c-21720f7dfef2 ca350ab2a4dc41bc84755a39666f13b0 32786b9378844577be3ceadd82a130a9 - - default default] 10.0.0.132 "GET /v2.0/subnets HTTP/1.1" status: 200 len: 2084 time: 0.0632246
2026-05-29 12:38:11.680 10 INFO neutron.services.segments.plugin [-] Segment 5fc4a46b-3d00-4091-88ec-ed88edd07062 resource provider aggregate not found
2026-05-29 12:38:11.689 10 INFO neutron.services.segments.plugin [-] Segment 5fc4a46b-3d00-4091-88ec-ed88edd07062 resource provider aggregate not found
2026-05-29 12:38:11.700 10 INFO neutron.services.segments.plugin [-] Segment 5fc4a46b-3d00-4091-88ec-ed88edd07062 resource provider not found; error: Placement Client Error (4xx): {"errors": [{"status": 404, "title": "Not Found", "detail": "The resource could not be found.\n\n No resource provider with uuid 5fc4a46b-3d00-4091-88ec-ed88edd07062 found for delete ", "request_id": "req-d7970988-c0fa-412a-bc7f-a3525f5dfa18"}]}
2026-05-29 12:38:11.714 10 INFO neutron.services.segments.plugin [-] Segment 5fc4a46b-3d00-4091-88ec-ed88edd07062 resource provider not found; error: Placement Client Error (4xx): {"errors": [{"status": 404, "title": "Not Found", "detail": "The resource could not be found.\n\n No resource provider with uuid 5fc4a46b-3d00-4091-88ec-ed88edd07062 found for delete ", "request_id": "req-a238c55c-617d-463b-8de5-e5593317e42f"}]}
2026-05-29 12:38:11.726 10 INFO neutron.wsgi [None req-72f7b40c-96a2-448e-a4fb-3e1dac38dafc 67fc0bfad08341c08cd85c6514fd24e5 fa598445dda945d286cfffabfdbd6918 - - default default] 10.0.0.132 "DELETE /v2.0/networks/8b4af57b-5747-4376-920b-37f0f8820e95 HTTP/1.1" status: 204 len: 168 time: 0.5826175
2026-05-29 12:38:11.799 9 INFO neutron.wsgi [None req-f2a972c3-069c-4668-9af3-0c6bae371b53 ca350ab2a4dc41bc84755a39666f13b0 32786b9378844577be3ceadd82a130a9 - - default default] 10.0.0.132 "DELETE /v2.0/subnets/e496cecb-71ae-41aa-90af-1573c201b914 HTTP/1.1" status: 204 len: 168 time: 0.1785724
2026-05-29 12:38:11.815 10 INFO neutron.db.segments_db [None req-9f0ef5bf-6ecc-44c9-9c00-c0d523dcd0b1 67fc0bfad08341c08cd85c6514fd24e5 fa598445dda945d286cfffabfdbd6918 - - default default] Added segment 36cc821d-04dc-4080-b77f-fbe349804363 of type geneve for network 13d08c1d-53eb-4f96-a84f-a7787563247e
2026-05-29 12:38:11.963 10 INFO neutron.db.ovn_revision_numbers_db [None req-9f0ef5bf-6ecc-44c9-9c00-c0d523dcd0b1 67fc0bfad08341c08cd85c6514fd24e5 fa598445dda945d286cfffabfdbd6918 - - default default] Successfully bumped revision number for resource 13d08c1d-53eb-4f96-a84f-a7787563247e (type: networks) to 1
2026-05-29 12:38:11.967 9 WARNING neutron_lib.context [None req-82feffcb-0fae-41e8-95ca-129bb11fe7c1 3aa2c713e0484889af29847255e4b203 6a8e19896e7549c4a954f5b9ef8b7f76 - - default default] Method 'is_advsvc' is deprecated since 2023.2 release (neutron-lib 3.8.0) and will be removed once support for the old RBAC API policies will be removed from Neutron. Please use method 'is_service_role' instead.
2026-05-29 12:38:12.024 9 INFO neutron.wsgi [None req-eebd0e55-8d42-435b-9b26-cb731ab0d3f5 ca350ab2a4dc41bc84755a39666f13b0 32786b9378844577be3ceadd82a130a9 - - default default] 10.0.0.132 "DELETE /v2.0/subnets/13a50969-533d-4a30-9820-38407e411852 HTTP/1.1" status: 204 len: 168 time: 0.2173495
2026-05-29 12:38:12.071 9 INFO neutron.wsgi [None req-93fe1e14-9c7b-406a-8ba5-991890b1874a ca350ab2a4dc41bc84755a39666f13b0 32786b9378844577be3ceadd82a130a9 - - default default] 10.0.0.132 "GET /v2.0/subnets HTTP/1.1" status: 200 len: 820 time: 0.0422506
2026-05-29 12:38:12.135 9 INFO neutron.db.ovn_revision_numbers_db [None req-82feffcb-0fae-41e8-95ca-129bb11fe7c1 3aa2c713e0484889af29847255e4b203 6a8e19896e7549c4a954f5b9ef8b7f76 - - default default] Successfully bumped revision number for resource 85b2b47a-3e4f-4710-8677-bd373a9d4bd5 (type: security_groups) to 1
2026-05-29 12:38:12.145 10 WARNING neutron.scheduler.dhcp_agent_scheduler [None req-9f0ef5bf-6ecc-44c9-9c00-c0d523dcd0b1 67fc0bfad08341c08cd85c6514fd24e5 fa598445dda945d286cfffabfdbd6918 - - default default] No more DHCP agents
2026-05-29 12:38:12.147 9 INFO neutron.db.ovn_revision_numbers_db [None req-82feffcb-0fae-41e8-95ca-129bb11fe7c1 3aa2c713e0484889af29847255e4b203 6a8e19896e7549c4a954f5b9ef8b7f76 - - default default] Successfully bumped revision number for resource 602137a4-e5c2-47e8-8b23-fbcdc6723391 (type: security_group_rules) to 0
2026-05-29 12:38:12.148 10 WARNING neutron.api.rpc.agentnotifiers.dhcp_rpc_agent_api [None req-9f0ef5bf-6ecc-44c9-9c00-c0d523dcd0b1 67fc0bfad08341c08cd85c6514fd24e5 fa598445dda945d286cfffabfdbd6918 - - default default] Unable to schedule network 13d08c1d-53eb-4f96-a84f-a7787563247e: no agents available; will retry on subsequent port and subnet creation events.
2026-05-29 12:38:12.161 9 INFO neutron.db.ovn_revision_numbers_db [None req-82feffcb-0fae-41e8-95ca-129bb11fe7c1 3aa2c713e0484889af29847255e4b203 6a8e19896e7549c4a954f5b9ef8b7f76 - - default default] Successfully bumped revision number for resource 69699410-2b5c-4037-aa35-8ad4ae8e5728 (type: security_group_rules) to 0
2026-05-29 12:38:12.176 9 INFO neutron.db.ovn_revision_numbers_db [None req-82feffcb-0fae-41e8-95ca-129bb11fe7c1 3aa2c713e0484889af29847255e4b203 6a8e19896e7549c4a954f5b9ef8b7f76 - - default default] Successfully bumped revision number for resource a0683d23-56a5-4093-b63d-333731d5913c (type: security_group_rules) to 0
2026-05-29 12:38:12.190 9 INFO neutron.db.ovn_revision_numbers_db [None req-82feffcb-0fae-41e8-95ca-129bb11fe7c1 3aa2c713e0484889af29847255e4b203 6a8e19896e7549c4a954f5b9ef8b7f76 - - default default] Successfully bumped revision number for resource ee8f8d6d-4a6e-463b-9a26-0f60d04bfe25 (type: security_group_rules) to 0
2026-05-29 12:38:12.243 10 INFO neutron.db.ovn_revision_numbers_db [None req-9f0ef5bf-6ecc-44c9-9c00-c0d523dcd0b1 67fc0bfad08341c08cd85c6514fd24e5 fa598445dda945d286cfffabfdbd6918 - - default default] Successfully bumped revision number for resource b952137f-2620-42e5-b48d-faed5d399839 (type: ports) to 1
2026-05-29 12:38:12.244 9 INFO neutron.db.segments_db [None req-82feffcb-0fae-41e8-95ca-129bb11fe7c1 3aa2c713e0484889af29847255e4b203 6a8e19896e7549c4a954f5b9ef8b7f76 - - default default] Added segment 98e3d5cf-dea6-4c09-94c7-670cb5c4df1b of type geneve for network 5a088c6b-d12a-44ab-b513-a2369378af6f
2026-05-29 12:38:12.275 10 INFO neutron.wsgi [None req-9f0ef5bf-6ecc-44c9-9c00-c0d523dcd0b1 67fc0bfad08341c08cd85c6514fd24e5 fa598445dda945d286cfffabfdbd6918 - - default default] 10.0.0.132 "POST /v2.0/networks HTTP/1.1" status: 201 len: 928 time: 0.5417712
2026-05-29 12:38:12.445 9 INFO neutron.db.ovn_revision_numbers_db [None req-82feffcb-0fae-41e8-95ca-129bb11fe7c1 3aa2c713e0484889af29847255e4b203 6a8e19896e7549c4a954f5b9ef8b7f76 - - default default] Successfully bumped revision number for resource 5a088c6b-d12a-44ab-b513-a2369378af6f (type: networks) to 1
2026-05-29 12:38:12.485 10 INFO neutron.wsgi [None req-4ef685a9-a149-458c-b6fa-851467600c19 ca350ab2a4dc41bc84755a39666f13b0 32786b9378844577be3ceadd82a130a9 - - default default] 10.0.0.132 "DELETE /v2.0/networks/7c67fe94-0388-48b3-b764-a7ca9e7a0743 HTTP/1.1" status: 204 len: 168 time: 0.4069405
2026-05-29 12:38:12.532 9 WARNING neutron.scheduler.dhcp_agent_scheduler [None req-03f8a282-64b2-44bd-b9c0-a047a6946ae3 67fc0bfad08341c08cd85c6514fd24e5 fa598445dda945d286cfffabfdbd6918 - - default default] No more DHCP agents
2026-05-29 12:38:12.535 9 WARNING neutron.api.rpc.agentnotifiers.dhcp_rpc_agent_api [None req-03f8a282-64b2-44bd-b9c0-a047a6946ae3 67fc0bfad08341c08cd85c6514fd24e5 fa598445dda945d286cfffabfdbd6918 - - default default] Unable to schedule network 13d08c1d-53eb-4f96-a84f-a7787563247e: no agents available; will retry on subsequent port and subnet creation events.
2026-05-29 12:38:12.674 9 WARNING neutron.scheduler.dhcp_agent_scheduler [None req-82feffcb-0fae-41e8-95ca-129bb11fe7c1 3aa2c713e0484889af29847255e4b203 6a8e19896e7549c4a954f5b9ef8b7f76 - - default default] No more DHCP agents
2026-05-29 12:38:12.679 9 WARNING neutron.api.rpc.agentnotifiers.dhcp_rpc_agent_api [None req-82feffcb-0fae-41e8-95ca-129bb11fe7c1 3aa2c713e0484889af29847255e4b203 6a8e19896e7549c4a954f5b9ef8b7f76 - - default default] Unable to schedule network 5a088c6b-d12a-44ab-b513-a2369378af6f: no agents available; will retry on subsequent port and subnet creation events.
2026-05-29 12:38:12.787 9 INFO neutron.db.ovn_revision_numbers_db [None req-82feffcb-0fae-41e8-95ca-129bb11fe7c1 3aa2c713e0484889af29847255e4b203 6a8e19896e7549c4a954f5b9ef8b7f76 - - default default] Successfully bumped revision number for resource f525b42c-3ff7-4fd0-b3ba-09d26e766b8a (type: ports) to 1
2026-05-29 12:38:12.818 9 INFO neutron.wsgi [None req-82feffcb-0fae-41e8-95ca-129bb11fe7c1 3aa2c713e0484889af29847255e4b203 6a8e19896e7549c4a954f5b9ef8b7f76 - - default default] 10.0.0.132 "POST /v2.0/networks HTTP/1.1" status: 201 len: 849 time: 1.0430682
2026-05-29 12:38:12.827 9 WARNING neutron_lib.context [None req-fea5e4e3-9f71-4d73-b2b7-ba52831655a2 3aa2c713e0484889af29847255e4b203 6a8e19896e7549c4a954f5b9ef8b7f76 - - default default] Method 'is_advsvc' is deprecated since 2023.2 release (neutron-lib 3.8.0) and will be removed once support for the old RBAC API policies will be removed from Neutron. Please use method 'is_service_role' instead.
2026-05-29 12:38:12.924 10 INFO neutron.wsgi [None req-08704c15-b49a-43d9-bf14-b214e735b13e ca350ab2a4dc41bc84755a39666f13b0 32786b9378844577be3ceadd82a130a9 - - default default] 10.0.0.132 "DELETE /v2.0/networks/baf0549f-1613-4f33-b9a5-bb068fa5525e HTTP/1.1" status: 204 len: 168 time: 0.4329431
2026-05-29 12:38:13.310 10 INFO neutron.wsgi [None req-b09fda12-ef0f-4f8b-a9aa-f60cf4ece860 ca350ab2a4dc41bc84755a39666f13b0 32786b9378844577be3ceadd82a130a9 - - default default] 10.0.0.132 "DELETE /v2.0/networks/4ce75b9a-8fb7-4879-a24c-3faca7581fef HTTP/1.1" status: 204 len: 168 time: 0.3782530
2026-05-29 12:38:13.325 9 WARNING neutron.scheduler.dhcp_agent_scheduler [None req-fea5e4e3-9f71-4d73-b2b7-ba52831655a2 3aa2c713e0484889af29847255e4b203 6a8e19896e7549c4a954f5b9ef8b7f76 - - default default] No more DHCP agents
2026-05-29 12:38:13.328 9 WARNING neutron.api.rpc.agentnotifiers.dhcp_rpc_agent_api [None req-fea5e4e3-9f71-4d73-b2b7-ba52831655a2 3aa2c713e0484889af29847255e4b203 6a8e19896e7549c4a954f5b9ef8b7f76 - - default default] Unable to schedule network 5a088c6b-d12a-44ab-b513-a2369378af6f: no agents available; will retry on subsequent port and subnet creation events.
2026-05-29 12:38:13.363 9 INFO neutron.db.ovn_revision_numbers_db [None req-fea5e4e3-9f71-4d73-b2b7-ba52831655a2 3aa2c713e0484889af29847255e4b203 6a8e19896e7549c4a954f5b9ef8b7f76 - - default default] Successfully bumped revision number for resource 395693e6-8fef-4fbe-9c4c-aee3e0518bd6 (type: subnets) to 0
2026-05-29 12:38:13.367 9 INFO neutron.db.ovn_revision_numbers_db [None req-03f8a282-64b2-44bd-b9c0-a047a6946ae3 67fc0bfad08341c08cd85c6514fd24e5 fa598445dda945d286cfffabfdbd6918 - - default default] Successfully bumped revision number for resource b952137f-2620-42e5-b48d-faed5d399839 (type: ports) to 2
2026-05-29 12:38:13.378 9 INFO neutron.wsgi [None req-fea5e4e3-9f71-4d73-b2b7-ba52831655a2 3aa2c713e0484889af29847255e4b203 6a8e19896e7549c4a954f5b9ef8b7f76 - - default default] 10.0.0.132 "POST /v2.0/subnets HTTP/1.1" status: 201 len: 802 time: 0.5554442
2026-05-29 12:38:13.388 10 WARNING neutron_lib.context [None req-624ccfe7-0bd1-44ef-98bd-c63b40478ac3 3aa2c713e0484889af29847255e4b203 6a8e19896e7549c4a954f5b9ef8b7f76 - - default default] Method 'is_advsvc' is deprecated since 2023.2 release (neutron-lib 3.8.0) and will be removed once support for the old RBAC API policies will be removed from Neutron. Please use method 'is_service_role' instead.
2026-05-29 12:38:13.402 9 INFO neutron.db.ovn_revision_numbers_db [None req-03f8a282-64b2-44bd-b9c0-a047a6946ae3 67fc0bfad08341c08cd85c6514fd24e5 fa598445dda945d286cfffabfdbd6918 - - default default] Successfully bumped revision number for resource e8539235-0125-4a54-a9d3-592488b09d6b (type: subnets) to 0
2026-05-29 12:38:13.417 9 INFO neutron.wsgi [None req-03f8a282-64b2-44bd-b9c0-a047a6946ae3 67fc0bfad08341c08cd85c6514fd24e5 fa598445dda945d286cfffabfdbd6918 - - default default] 10.0.0.132 "POST /v2.0/subnets HTTP/1.1" status: 201 len: 822 time: 1.1333022
2026-05-29 12:38:13.727 10 INFO neutron.services.segments.plugin [-] Segment d911808b-415e-465f-9473-f55ee800ccee resource provider aggregate not found
2026-05-29 12:38:13.741 10 INFO neutron.services.segments.plugin [-] Segment d911808b-415e-465f-9473-f55ee800ccee resource provider aggregate not found
2026-05-29 12:38:13.753 10 INFO neutron.services.segments.plugin [-] Segment d911808b-415e-465f-9473-f55ee800ccee resource provider not found; error: Placement Client Error (4xx): {"errors": [{"status": 404, "title": "Not Found", "detail": "The resource could not be found.\n\n No resource provider with uuid d911808b-415e-465f-9473-f55ee800ccee found for delete ", "request_id": "req-f22d84b6-c756-4b88-aeca-7c2f86b6156f"}]}
2026-05-29 12:38:13.763 9 INFO neutron.wsgi [None req-0b6f3292-f417-4dc6-9b4c-1131e666be6e 67fc0bfad08341c08cd85c6514fd24e5 fa598445dda945d286cfffabfdbd6918 - - default default] 10.0.0.132 "POST /v2.0/rbac-policies HTTP/1.1" status: 201 len: 523 time: 0.3410051
2026-05-29 12:38:13.774 10 INFO neutron.services.segments.plugin [-] Segment d911808b-415e-465f-9473-f55ee800ccee resource provider not found; error: Placement Client Error (4xx): {"errors": [{"status": 404, "title": "Not Found", "detail": "The resource could not be found.\n\n No resource provider with uuid d911808b-415e-465f-9473-f55ee800ccee found for delete ", "request_id": "req-956dbe11-6b3a-4fbd-a1e5-435263a57b82"}]}
2026-05-29 12:38:13.780 10 INFO neutron.services.segments.plugin [-] Segment 4444203b-2900-4aea-9b51-ddacc056b8ec resource provider aggregate not found
2026-05-29 12:38:13.800 10 INFO neutron.services.segments.plugin [-] Segment 4444203b-2900-4aea-9b51-ddacc056b8ec resource provider not found; error: Placement Client Error (4xx): {"errors": [{"status": 404, "title": "Not Found", "detail": "The resource could not be found.\n\n No resource provider with uuid 4444203b-2900-4aea-9b51-ddacc056b8ec found for delete ", "request_id": "req-dadf5019-3af3-4b36-b040-fde94faf0699"}]}
2026-05-29 12:38:13.805 10 INFO neutron.services.segments.plugin [-] Segment 4444203b-2900-4aea-9b51-ddacc056b8ec resource provider aggregate not found
2026-05-29 12:38:13.820 10 INFO neutron.services.segments.plugin [-] Segment 8dc42136-1793-46d7-84e5-8d9a1e894dab resource provider aggregate not found
2026-05-29 12:38:13.828 10 INFO neutron.services.segments.plugin [-] Segment 4444203b-2900-4aea-9b51-ddacc056b8ec resource provider not found; error: Placement Client Error (4xx): {"errors": [{"status": 404, "title": "Not Found", "detail": "The resource could not be found.\n\n No resource provider with uuid 4444203b-2900-4aea-9b51-ddacc056b8ec found for delete ", "request_id": "req-96967020-f9f3-4da5-9094-3bf6b9a16cfa"}]}
2026-05-29 12:38:13.838 10 INFO neutron.services.segments.plugin [-] Segment 8dc42136-1793-46d7-84e5-8d9a1e894dab resource provider not found; error: Placement Client Error (4xx): {"errors": [{"status": 404, "title": "Not Found", "detail": "The resource could not be found.\n\n No resource provider with uuid 8dc42136-1793-46d7-84e5-8d9a1e894dab found for delete ", "request_id": "req-a3f1cda3-901e-4d8f-a199-ebb0d1e62e3b"}]}
2026-05-29 12:38:13.847 10 INFO neutron.services.segments.plugin [-] Segment 8dc42136-1793-46d7-84e5-8d9a1e894dab resource provider aggregate not found
2026-05-29 12:38:13.865 10 INFO neutron.services.segments.plugin [-] Segment 8dc42136-1793-46d7-84e5-8d9a1e894dab resource provider not found; error: Placement Client Error (4xx): {"errors": [{"status": 404, "title": "Not Found", "detail": "The resource could not be found.\n\n No resource provider with uuid 8dc42136-1793-46d7-84e5-8d9a1e894dab found for delete ", "request_id": "req-7090441f-a855-43ea-8dd9-ce22998fecb1"}]}
2026-05-29 12:38:13.958 10 INFO neutron.wsgi [None req-e266c052-c7e0-4646-9a78-d619eeb84f37 ca350ab2a4dc41bc84755a39666f13b0 32786b9378844577be3ceadd82a130a9 - - default default] 10.0.0.132 "DELETE /v2.0/networks/af2c8308-7e9c-47fc-b03a-c8bcd3d8b193 HTTP/1.1" status: 204 len: 168 time: 0.6338947
2026-05-29 12:38:14.003 10 WARNING neutron.scheduler.dhcp_agent_scheduler [None req-624ccfe7-0bd1-44ef-98bd-c63b40478ac3 3aa2c713e0484889af29847255e4b203 6a8e19896e7549c4a954f5b9ef8b7f76 - - default default] No more DHCP agents
2026-05-29 12:38:14.006 10 WARNING neutron.api.rpc.agentnotifiers.dhcp_rpc_agent_api [None req-624ccfe7-0bd1-44ef-98bd-c63b40478ac3 3aa2c713e0484889af29847255e4b203 6a8e19896e7549c4a954f5b9ef8b7f76 - - default default] Unable to schedule network 37854a1d-de52-480b-9c0c-52f3b08020f6: no agents available; will retry on subsequent port and subnet creation events.
2026-05-29 12:38:14.175 10 INFO neutron.db.ovn_revision_numbers_db [None req-624ccfe7-0bd1-44ef-98bd-c63b40478ac3 3aa2c713e0484889af29847255e4b203 6a8e19896e7549c4a954f5b9ef8b7f76 - - default default] Successfully bumped revision number for resource 9bcb4c84-a5ef-455c-9356-e81b4e1a42a6 (type: ports) to 1
2026-05-29 12:38:14.402 9 INFO neutron.wsgi [None req-89791dee-a2fe-420d-a6a2-77292bcf1170 2afbbc2497eb434398db308b06032725 7a63a7489ea044db88fb0b7ac252c5ab - - default default] 10.0.0.132 "GET /v2.0/networks/13d08c1d-53eb-4f96-a84f-a7787563247e HTTP/1.1" status: 200 len: 848 time: 0.2568278
2026-05-29 12:38:14.576 9 INFO neutron.wsgi [None req-44db6c72-eed7-479c-9e28-f0341386fff1 6536e182cca748a0b6092dad330042d3 7aeb5f936e9a4de5952c28a6ae9592fa - - default default] 10.0.0.132 "GET /v2.0/security-groups?tenant_id=32786b9378844577be3ceadd82a130a9&name=default HTTP/1.1" status: 200 len: 2996 time: 0.0841727
2026-05-29 12:38:14.795 9 INFO neutron.wsgi [None req-acd987b7-5fe7-4ba5-9346-f59c1f4b3562 6536e182cca748a0b6092dad330042d3 7aeb5f936e9a4de5952c28a6ae9592fa - - default default] 10.0.0.132 "DELETE /v2.0/security-groups/608a7188-2c01-4c47-a813-ae3dab54be19 HTTP/1.1" status: 204 len: 168 time: 0.2111332
2026-05-29 12:38:14.823 9 INFO neutron.pecan_wsgi.hooks.translation [None req-cd57fc95-4ad9-4d81-8c72-07f012321387 7f113f5a73fb40b5a6f804bd355864e5 03f985726535427f8456165a858e8b5d - - default default] GET failed (client error): The resource could not be found.
2026-05-29 12:38:14.825 9 INFO neutron.wsgi [None req-cd57fc95-4ad9-4d81-8c72-07f012321387 7f113f5a73fb40b5a6f804bd355864e5 03f985726535427f8456165a858e8b5d - - default default] 10.0.0.132 "GET /v2.0/networks/13d08c1d-53eb-4f96-a84f-a7787563247e HTTP/1.1" status: 404 len: 339 time: 0.0562830
2026-05-29 12:38:15.011 9 INFO neutron.plugins.ml2.drivers.ovn.mech_driver.mech_driver [None req-712c2656-3222-4b2a-9f45-9bc110d09902 - - - - - -] OVN reports status up for port: 9bcb4c84-a5ef-455c-9356-e81b4e1a42a6
2026-05-29 12:38:15.018 9 INFO neutron.plugins.ml2.plugin [None req-712c2656-3222-4b2a-9f45-9bc110d09902 - - - - - -] Attempt 1 to provision port 9bcb4c84-a5ef-455c-9356-e81b4e1a42a6
2026-05-29 12:38:15.078 10 INFO neutron.db.ovn_revision_numbers_db [None req-624ccfe7-0bd1-44ef-98bd-c63b40478ac3 3aa2c713e0484889af29847255e4b203 6a8e19896e7549c4a954f5b9ef8b7f76 - - default default] Successfully bumped revision number for resource 9bcb4c84-a5ef-455c-9356-e81b4e1a42a6 (type: router_ports) to 1
2026-05-29 12:38:15.175 10 INFO neutron.db.ovn_revision_numbers_db [None req-624ccfe7-0bd1-44ef-98bd-c63b40478ac3 3aa2c713e0484889af29847255e4b203 6a8e19896e7549c4a954f5b9ef8b7f76 - - default default] Successfully bumped revision number for resource 962b4bf6-cb1e-4f1f-a368-984030b36bb9 (type: routers) to 2
2026-05-29 12:38:15.195 10 INFO neutron.wsgi [None req-624ccfe7-0bd1-44ef-98bd-c63b40478ac3 3aa2c713e0484889af29847255e4b203 6a8e19896e7549c4a954f5b9ef8b7f76 - - default default] 10.0.0.132 "POST /v2.0/routers HTTP/1.1" status: 201 len: 875 time: 1.8122745
2026-05-29 12:38:15.654 10 INFO neutron.wsgi [None req-7e8cd289-eeeb-4bde-80dc-8bead173c411 67fc0bfad08341c08cd85c6514fd24e5 fa598445dda945d286cfffabfdbd6918 - - default default] 10.0.0.132 "DELETE /v2.0/networks/13d08c1d-53eb-4f96-a84f-a7787563247e HTTP/1.1" status: 204 len: 168 time: 0.8239114
2026-05-29 12:38:15.680 9 INFO neutron.pecan_wsgi.hooks.translation [None req-7bc599ca-4a93-4591-906e-2d759f1926d0 67fc0bfad08341c08cd85c6514fd24e5 fa598445dda945d286cfffabfdbd6918 - - default default] DELETE failed (client error): The resource could not be found.
2026-05-29 12:38:15.683 9 INFO neutron.wsgi [None req-7bc599ca-4a93-4591-906e-2d759f1926d0 67fc0bfad08341c08cd85c6514fd24e5 fa598445dda945d286cfffabfdbd6918 - - default default] 10.0.0.132 "DELETE /v2.0/subnets/71c0e29c-872b-4a71-bae5-474a8949d807 HTTP/1.1" status: 404 len: 337 time: 0.0175540
2026-05-29 12:38:15.713 9 INFO neutron.pecan_wsgi.hooks.translation [None req-74fd1947-2d5d-454f-90dd-c7086510ab9d 67fc0bfad08341c08cd85c6514fd24e5 fa598445dda945d286cfffabfdbd6918 - - default default] DELETE failed (client error): The resource could not be found.
2026-05-29 12:38:15.716 9 INFO neutron.wsgi [None req-74fd1947-2d5d-454f-90dd-c7086510ab9d 67fc0bfad08341c08cd85c6514fd24e5 fa598445dda945d286cfffabfdbd6918 - - default default] 10.0.0.132 "DELETE /v2.0/subnets/f9a8f5bf-d0fe-4835-86fa-4d92e369e4c6 HTTP/1.1" status: 404 len: 337 time: 0.0255761
2026-05-29 12:38:15.741 9 INFO neutron.pecan_wsgi.hooks.translation [None req-074a68d0-6f70-4b83-a94b-99ffde9f638e 67fc0bfad08341c08cd85c6514fd24e5 fa598445dda945d286cfffabfdbd6918 - - default default] DELETE failed (client error): The resource could not be found.
2026-05-29 12:38:15.743 9 INFO neutron.wsgi [None req-074a68d0-6f70-4b83-a94b-99ffde9f638e 67fc0bfad08341c08cd85c6514fd24e5 fa598445dda945d286cfffabfdbd6918 - - default default] 10.0.0.132 "DELETE /v2.0/subnets/e8539235-0125-4a54-a9d3-592488b09d6b HTTP/1.1" status: 404 len: 337 time: 0.0221426
2026-05-29 12:38:15.811 10 WARNING neutron.scheduler.dhcp_agent_scheduler [None req-e4e22cb2-5bf4-4f1e-bbcd-e6767590a398 3aa2c713e0484889af29847255e4b203 6a8e19896e7549c4a954f5b9ef8b7f76 - - default default] No more DHCP agents
2026-05-29 12:38:15.814 10 WARNING neutron.api.rpc.agentnotifiers.dhcp_rpc_agent_api [None req-e4e22cb2-5bf4-4f1e-bbcd-e6767590a398 3aa2c713e0484889af29847255e4b203 6a8e19896e7549c4a954f5b9ef8b7f76 - - default default] Unable to schedule network 5a088c6b-d12a-44ab-b513-a2369378af6f: no agents available; will retry on subsequent port and subnet creation events.
2026-05-29 12:38:15.858 10 INFO neutron.services.segments.plugin [-] Segment d6277a32-0898-4883-96ee-b1a9be7be318 resource provider aggregate not found
2026-05-29 12:38:15.875 10 INFO neutron.services.segments.plugin [-] Segment d6277a32-0898-4883-96ee-b1a9be7be318 resource provider not found; error: Placement Client Error (4xx): {"errors": [{"status": 404, "title": "Not Found", "detail": "The resource could not be found.\n\n No resource provider with uuid d6277a32-0898-4883-96ee-b1a9be7be318 found for delete ", "request_id": "req-c13e6daa-c359-45ae-80e4-7852d03ab01c"}]}
2026-05-29 12:38:15.885 10 INFO neutron.services.segments.plugin [-] Segment d6277a32-0898-4883-96ee-b1a9be7be318 resource provider aggregate not found
2026-05-29 12:38:15.896 10 INFO neutron.services.segments.plugin [-] Segment 36cc821d-04dc-4080-b77f-fbe349804363 resource provider aggregate not found
2026-05-29 12:38:15.909 10 INFO neutron.services.segments.plugin [-] Segment d6277a32-0898-4883-96ee-b1a9be7be318 resource provider not found; error: Placement Client Error (4xx): {"errors": [{"status": 404, "title": "Not Found", "detail": "The resource could not be found.\n\n No resource provider with uuid d6277a32-0898-4883-96ee-b1a9be7be318 found for delete ", "request_id": "req-089c9c9f-1633-458d-a844-fe5ee815db8c"}]}
2026-05-29 12:38:15.914 10 INFO neutron.services.segments.plugin [-] Segment 36cc821d-04dc-4080-b77f-fbe349804363 resource provider not found; error: Placement Client Error (4xx): {"errors": [{"status": 404, "title": "Not Found", "detail": "The resource could not be found.\n\n No resource provider with uuid 36cc821d-04dc-4080-b77f-fbe349804363 found for delete ", "request_id": "req-78fa490c-2427-479d-9c78-71f94f7f375f"}]}
2026-05-29 12:38:15.925 10 INFO neutron.services.segments.plugin [-] Segment 36cc821d-04dc-4080-b77f-fbe349804363 resource provider aggregate not found
2026-05-29 12:38:15.950 10 INFO neutron.services.segments.plugin [-] Segment 36cc821d-04dc-4080-b77f-fbe349804363 resource provider not found; error: Placement Client Error (4xx): {"errors": [{"status": 404, "title": "Not Found", "detail": "The resource could not be found.\n\n No resource provider with uuid 36cc821d-04dc-4080-b77f-fbe349804363 found for delete ", "request_id": "req-82f1fe75-e905-4f64-8d52-cb91b31bd97b"}]}
2026-05-29 12:38:16.034 10 INFO neutron.db.ovn_revision_numbers_db [None req-e4e22cb2-5bf4-4f1e-bbcd-e6767590a398 3aa2c713e0484889af29847255e4b203 6a8e19896e7549c4a954f5b9ef8b7f76 - - default default] Successfully bumped revision number for resource b858e742-0b21-469d-a7b8-04149772ddb6 (type: ports) to 1
2026-05-29 12:38:16.346 10 INFO neutron.wsgi [-] 10.0.0.202 "GET / HTTP/1.1" status: 200 len: 246 time: 0.0015879
2026-05-29 12:38:16.347 10 INFO neutron.wsgi [-] 10.0.0.202 "GET / HTTP/1.1" status: 200 len: 246 time: 0.0010600
2026-05-29 12:38:16.537 10 INFO neutron.db.ovn_revision_numbers_db [None req-e4e22cb2-5bf4-4f1e-bbcd-e6767590a398 3aa2c713e0484889af29847255e4b203 6a8e19896e7549c4a954f5b9ef8b7f76 - - default default] Successfully bumped revision number for resource b858e742-0b21-469d-a7b8-04149772ddb6 (type: router_ports) to 1
2026-05-29 12:38:16.717 10 INFO neutron.db.ovn_revision_numbers_db [None req-e4e22cb2-5bf4-4f1e-bbcd-e6767590a398 3aa2c713e0484889af29847255e4b203 6a8e19896e7549c4a954f5b9ef8b7f76 - - default default] Successfully bumped revision number for resource b858e742-0b21-469d-a7b8-04149772ddb6 (type: ports) to 1
2026-05-29 12:38:16.739 10 WARNING neutron_lib.context [None req-d3ca56d4-9127-47f5-b683-0964e3b11a2a 26b7475dd85348fcb0f66c53ec627c93 a8a43e2a07ba46518db6fe7962e589ea - - default default] Method 'is_advsvc' is deprecated since 2023.2 release (neutron-lib 3.8.0) and will be removed once support for the old RBAC API policies will be removed from Neutron. Please use method 'is_service_role' instead.
2026-05-29 12:38:16.808 10 WARNING neutron.scheduler.dhcp_agent_scheduler [None req-e4e22cb2-5bf4-4f1e-bbcd-e6767590a398 3aa2c713e0484889af29847255e4b203 6a8e19896e7549c4a954f5b9ef8b7f76 - - default default] No more DHCP agents
2026-05-29 12:38:16.817 10 WARNING neutron.api.rpc.agentnotifiers.dhcp_rpc_agent_api [None req-e4e22cb2-5bf4-4f1e-bbcd-e6767590a398 3aa2c713e0484889af29847255e4b203 6a8e19896e7549c4a954f5b9ef8b7f76 - - default default] Unable to schedule network 5a088c6b-d12a-44ab-b513-a2369378af6f: no agents available; will retry on subsequent port and subnet creation events.
2026-05-29 12:38:16.838 9 INFO neutron.db.ovn_revision_numbers_db [None req-58ef5d05-6809-41a9-8cbc-6cb8052ef9d8 6536e182cca748a0b6092dad330042d3 7aeb5f936e9a4de5952c28a6ae9592fa - - default default] Successfully bumped revision number for resource d14d480b-b83f-4acc-91ff-aa6385dc8572 (type: security_groups) to 1
2026-05-29 12:38:16.853 9 INFO neutron.db.ovn_revision_numbers_db [None req-58ef5d05-6809-41a9-8cbc-6cb8052ef9d8 6536e182cca748a0b6092dad330042d3 7aeb5f936e9a4de5952c28a6ae9592fa - - default default] Successfully bumped revision number for resource 209a034b-7a06-4504-ae97-05439e6b58c3 (type: security_group_rules) to 0
2026-05-29 12:38:16.868 9 INFO neutron.db.ovn_revision_numbers_db [None req-58ef5d05-6809-41a9-8cbc-6cb8052ef9d8 6536e182cca748a0b6092dad330042d3 7aeb5f936e9a4de5952c28a6ae9592fa - - default default] Successfully bumped revision number for resource 21f1045f-3c7f-4d34-902b-f0886807bcf9 (type: security_group_rules) to 0
2026-05-29 12:38:16.882 9 INFO neutron.db.ovn_revision_numbers_db [None req-58ef5d05-6809-41a9-8cbc-6cb8052ef9d8 6536e182cca748a0b6092dad330042d3 7aeb5f936e9a4de5952c28a6ae9592fa - - default default] Successfully bumped revision number for resource 89227181-3503-4d21-8278-cb7cf2f967d1 (type: security_group_rules) to 0
2026-05-29 12:38:16.896 9 INFO neutron.db.ovn_revision_numbers_db [None req-58ef5d05-6809-41a9-8cbc-6cb8052ef9d8 6536e182cca748a0b6092dad330042d3 7aeb5f936e9a4de5952c28a6ae9592fa - - default default] Successfully bumped revision number for resource 94e790b8-91ef-4415-be1a-03de99458f70 (type: security_group_rules) to 0
2026-05-29 12:38:16.928 9 INFO neutron.wsgi [None req-58ef5d05-6809-41a9-8cbc-6cb8052ef9d8 6536e182cca748a0b6092dad330042d3 7aeb5f936e9a4de5952c28a6ae9592fa - - default default] 10.0.0.132 "GET /v2.0/security-groups?tenant_id=7a63a7489ea044db88fb0b7ac252c5ab&name=default HTTP/1.1" status: 200 len: 2996 time: 0.3784244
2026-05-29 12:38:16.938 10 INFO neutron.db.ovn_revision_numbers_db [None req-d3ca56d4-9127-47f5-b683-0964e3b11a2a 26b7475dd85348fcb0f66c53ec627c93 a8a43e2a07ba46518db6fe7962e589ea - - default default] Successfully bumped revision number for resource 08e30f8e-ca2f-42d9-9591-9c887bb15864 (type: security_groups) to 1
2026-05-29 12:38:16.959 10 INFO neutron.db.ovn_revision_numbers_db [None req-d3ca56d4-9127-47f5-b683-0964e3b11a2a 26b7475dd85348fcb0f66c53ec627c93 a8a43e2a07ba46518db6fe7962e589ea - - default default] Successfully bumped revision number for resource 21e8c02a-d0d2-4945-a1c2-8f8a87b9da83 (type: security_group_rules) to 0
2026-05-29 12:38:16.979 10 INFO neutron.db.ovn_revision_numbers_db [None req-d3ca56d4-9127-47f5-b683-0964e3b11a2a 26b7475dd85348fcb0f66c53ec627c93 a8a43e2a07ba46518db6fe7962e589ea - - default default] Successfully bumped revision number for resource 4289adca-8fa0-45f9-a3b2-baa05fe9915f (type: security_group_rules) to 0
2026-05-29 12:38:17.003 10 INFO neutron.db.ovn_revision_numbers_db [None req-d3ca56d4-9127-47f5-b683-0964e3b11a2a 26b7475dd85348fcb0f66c53ec627c93 a8a43e2a07ba46518db6fe7962e589ea - - default default] Successfully bumped revision number for resource a39e6b26-eab9-4e6e-8e06-dd62ebec8a73 (type: security_group_rules) to 0
2026-05-29 12:38:17.030 10 INFO neutron.db.ovn_revision_numbers_db [None req-d3ca56d4-9127-47f5-b683-0964e3b11a2a 26b7475dd85348fcb0f66c53ec627c93 a8a43e2a07ba46518db6fe7962e589ea - - default default] Successfully bumped revision number for resource dba8738f-82ef-4db9-a652-6669825bbb52 (type: security_group_rules) to 0
2026-05-29 12:38:17.090 10 INFO neutron.db.segments_db [None req-d3ca56d4-9127-47f5-b683-0964e3b11a2a 26b7475dd85348fcb0f66c53ec627c93 a8a43e2a07ba46518db6fe7962e589ea - - default default] Added segment 61c8847c-582d-45f6-9469-b753595789ed of type geneve for network eefcbb45-96c1-4a43-a44b-f079ea2447d4
2026-05-29 12:38:17.099 10 INFO neutron.db.ovn_revision_numbers_db [None req-e4e22cb2-5bf4-4f1e-bbcd-e6767590a398 3aa2c713e0484889af29847255e4b203 6a8e19896e7549c4a954f5b9ef8b7f76 - - default default] Successfully bumped revision number for resource b858e742-0b21-469d-a7b8-04149772ddb6 (type: router_ports) to 1
2026-05-29 12:38:17.101 10 INFO neutron.wsgi [None req-e4e22cb2-5bf4-4f1e-bbcd-e6767590a398 3aa2c713e0484889af29847255e4b203 6a8e19896e7549c4a954f5b9ef8b7f76 - - default default] 10.0.0.132 "PUT /v2.0/routers/962b4bf6-cb1e-4f1f-a368-984030b36bb9/add_router_interface HTTP/1.1" status: 200 len: 503 time: 1.9006710
2026-05-29 12:38:17.115 10 WARNING neutron_lib.context [None req-9fa34980-50bf-452e-a3d4-d1d2e1e7c040 3aa2c713e0484889af29847255e4b203 6a8e19896e7549c4a954f5b9ef8b7f76 - - default default] Method 'is_advsvc' is deprecated since 2023.2 release (neutron-lib 3.8.0) and will be removed once support for the old RBAC API policies will be removed from Neutron. Please use method 'is_service_role' instead.
2026-05-29 12:38:17.123 9 INFO neutron.wsgi [None req-4c475a7c-8948-490a-925f-d4f85dfdda07 6536e182cca748a0b6092dad330042d3 7aeb5f936e9a4de5952c28a6ae9592fa - - default default] 10.0.0.132 "DELETE /v2.0/security-groups/d14d480b-b83f-4acc-91ff-aa6385dc8572 HTTP/1.1" status: 204 len: 168 time: 0.1883304
2026-05-29 12:38:17.262 9 INFO neutron.wsgi [None req-6efa68ef-2dcc-421f-9d3b-f79dd2bc5e4a 6536e182cca748a0b6092dad330042d3 7aeb5f936e9a4de5952c28a6ae9592fa - - default default] 10.0.0.132 "GET /v2.0/security-groups?tenant_id=fa598445dda945d286cfffabfdbd6918&name=default HTTP/1.1" status: 200 len: 2996 time: 0.0316420
2026-05-29 12:38:17.290 10 INFO neutron.db.ovn_revision_numbers_db [None req-d3ca56d4-9127-47f5-b683-0964e3b11a2a 26b7475dd85348fcb0f66c53ec627c93 a8a43e2a07ba46518db6fe7962e589ea - - default default] Successfully bumped revision number for resource eefcbb45-96c1-4a43-a44b-f079ea2447d4 (type: networks) to 1
2026-05-29 12:38:17.445 9 INFO neutron.wsgi [None req-22ffe0d7-f88f-4504-8ad4-dc0895bcc6f5 6536e182cca748a0b6092dad330042d3 7aeb5f936e9a4de5952c28a6ae9592fa - - default default] 10.0.0.132 "DELETE /v2.0/security-groups/7e2bafc3-e743-4df4-9707-90a295bc8d52 HTTP/1.1" status: 204 len: 168 time: 0.1787851
2026-05-29 12:38:17.505 10 WARNING neutron.scheduler.dhcp_agent_scheduler [None req-d3ca56d4-9127-47f5-b683-0964e3b11a2a 26b7475dd85348fcb0f66c53ec627c93 a8a43e2a07ba46518db6fe7962e589ea - - default default] No more DHCP agents
2026-05-29 12:38:17.513 10 WARNING neutron.api.rpc.agentnotifiers.dhcp_rpc_agent_api [None req-d3ca56d4-9127-47f5-b683-0964e3b11a2a 26b7475dd85348fcb0f66c53ec627c93 a8a43e2a07ba46518db6fe7962e589ea - - default default] Unable to schedule network eefcbb45-96c1-4a43-a44b-f079ea2447d4: no agents available; will retry on subsequent port and subnet creation events.
2026-05-29 12:38:17.714 9 INFO neutron.db.ovn_revision_numbers_db [None req-3f4d849d-3e0b-400b-a5fb-2c7025c99c3b 6536e182cca748a0b6092dad330042d3 7aeb5f936e9a4de5952c28a6ae9592fa - - default default] Successfully bumped revision number for resource bb7c8f42-3b64-4c25-86c4-12feecb387ce (type: security_groups) to 1
2026-05-29 12:38:17.731 9 INFO neutron.db.ovn_revision_numbers_db [None req-3f4d849d-3e0b-400b-a5fb-2c7025c99c3b 6536e182cca748a0b6092dad330042d3 7aeb5f936e9a4de5952c28a6ae9592fa - - default default] Successfully bumped revision number for resource 00f84f1e-4490-4316-99f4-9546511f6c80 (type: security_group_rules) to 0
2026-05-29 12:38:17.745 9 INFO neutron.db.ovn_revision_numbers_db [None req-3f4d849d-3e0b-400b-a5fb-2c7025c99c3b 6536e182cca748a0b6092dad330042d3 7aeb5f936e9a4de5952c28a6ae9592fa - - default default] Successfully bumped revision number for resource 1eedea54-c316-4a9d-99ec-89110e7dd598 (type: security_group_rules) to 0
2026-05-29 12:38:17.759 9 INFO neutron.db.ovn_revision_numbers_db [None req-3f4d849d-3e0b-400b-a5fb-2c7025c99c3b 6536e182cca748a0b6092dad330042d3 7aeb5f936e9a4de5952c28a6ae9592fa - - default default] Successfully bumped revision number for resource 3b9bcd82-cd94-46a4-8487-acc326db8130 (type: security_group_rules) to 0
2026-05-29 12:38:17.773 9 INFO neutron.db.ovn_revision_numbers_db [None req-3f4d849d-3e0b-400b-a5fb-2c7025c99c3b 6536e182cca748a0b6092dad330042d3 7aeb5f936e9a4de5952c28a6ae9592fa - - default default] Successfully bumped revision number for resource e1100ae5-f6d7-4efd-a6d7-623e5e4417e1 (type: security_group_rules) to 0
2026-05-29 12:38:17.795 9 INFO neutron.wsgi [None req-3f4d849d-3e0b-400b-a5fb-2c7025c99c3b 6536e182cca748a0b6092dad330042d3 7aeb5f936e9a4de5952c28a6ae9592fa - - default default] 10.0.0.132 "GET /v2.0/security-groups?tenant_id=03f985726535427f8456165a858e8b5d&name=default HTTP/1.1" status: 200 len: 2996 time: 0.1988478
2026-05-29 12:38:17.852 10 WARNING neutron.scheduler.dhcp_agent_scheduler [None req-9fa34980-50bf-452e-a3d4-d1d2e1e7c040 3aa2c713e0484889af29847255e4b203 6a8e19896e7549c4a954f5b9ef8b7f76 - - default default] No more DHCP agents
2026-05-29 12:38:17.859 10 WARNING neutron.api.rpc.agentnotifiers.dhcp_rpc_agent_api [None req-9fa34980-50bf-452e-a3d4-d1d2e1e7c040 3aa2c713e0484889af29847255e4b203 6a8e19896e7549c4a954f5b9ef8b7f76 - - default default] Unable to schedule network 5a088c6b-d12a-44ab-b513-a2369378af6f: no agents available; will retry on subsequent port and subnet creation events.
2026-05-29 12:38:17.904 10 INFO neutron.db.ovn_revision_numbers_db [None req-d3ca56d4-9127-47f5-b683-0964e3b11a2a 26b7475dd85348fcb0f66c53ec627c93 a8a43e2a07ba46518db6fe7962e589ea - - default default] Successfully bumped revision number for resource 14c85ddd-93d0-4cce-ba2f-8799e70fd56b (type: ports) to 1
2026-05-29 12:38:17.936 10 INFO neutron.wsgi [None req-d3ca56d4-9127-47f5-b683-0964e3b11a2a 26b7475dd85348fcb0f66c53ec627c93 a8a43e2a07ba46518db6fe7962e589ea - - default default] 10.0.0.132 "POST /v2.0/networks HTTP/1.1" status: 201 len: 843 time: 1.3228538 /var/lib/openstack/lib/python3.10/site-packages/pycadf/identifier.py:71: UserWarning: Invalid uuid: neutron. To ensure interoperability, identifiers should be a valid uuid. warnings.warn(('Invalid uuid: %s. To ensure interoperability, '
2026-05-29 12:38:17.982 10 WARNING neutron_lib.context [None req-3c0fa2b5-8fbc-4863-aa3e-809091bd671b 26b7475dd85348fcb0f66c53ec627c93 a8a43e2a07ba46518db6fe7962e589ea - - default default] Method 'is_advsvc' is deprecated since 2023.2 release (neutron-lib 3.8.0) and will be removed once support for the old RBAC API policies will be removed from Neutron. Please use method 'is_service_role' instead.
2026-05-29 12:38:18.006 9 INFO neutron.wsgi [None req-6a3b35c9-3464-4e63-ae84-e3f419730e6b 6536e182cca748a0b6092dad330042d3 7aeb5f936e9a4de5952c28a6ae9592fa - - default default] 10.0.0.132 "DELETE /v2.0/security-groups/bb7c8f42-3b64-4c25-86c4-12feecb387ce HTTP/1.1" status: 204 len: 168 time: 0.2052612
2026-05-29 12:38:18.056 10 INFO neutron.db.ovn_revision_numbers_db [None req-9fa34980-50bf-452e-a3d4-d1d2e1e7c040 3aa2c713e0484889af29847255e4b203 6a8e19896e7549c4a954f5b9ef8b7f76 - - default default] Successfully bumped revision number for resource b8fbab4e-e209-4f82-a030-ba1bc0c6e3c6 (type: ports) to 1
2026-05-29 12:38:18.097 10 INFO neutron.wsgi [None req-9fa34980-50bf-452e-a3d4-d1d2e1e7c040 3aa2c713e0484889af29847255e4b203 6a8e19896e7549c4a954f5b9ef8b7f76 - - default default] 10.0.0.132 "POST /v2.0/ports HTTP/1.1" status: 201 len: 1153 time: 0.9870815
2026-05-29 12:38:18.106 9 WARNING neutron_lib.context [None req-46053cbd-138e-4aa9-bd51-b9f02410fd49 3aa2c713e0484889af29847255e4b203 6a8e19896e7549c4a954f5b9ef8b7f76 - - default default] Method 'is_advsvc' is deprecated since 2023.2 release (neutron-lib 3.8.0) and will be removed once support for the old RBAC API policies will be removed from Neutron. Please use method 'is_service_role' instead.
2026-05-29 12:38:18.249 10 WARNING neutron.scheduler.dhcp_agent_scheduler [None req-3c0fa2b5-8fbc-4863-aa3e-809091bd671b 26b7475dd85348fcb0f66c53ec627c93 a8a43e2a07ba46518db6fe7962e589ea - - default default] No more DHCP agents
2026-05-29 12:38:18.257 10 WARNING neutron.api.rpc.agentnotifiers.dhcp_rpc_agent_api [None req-3c0fa2b5-8fbc-4863-aa3e-809091bd671b 26b7475dd85348fcb0f66c53ec627c93 a8a43e2a07ba46518db6fe7962e589ea - - default default] Unable to schedule network eefcbb45-96c1-4a43-a44b-f079ea2447d4: no agents available; will retry on subsequent port and subnet creation events.
2026-05-29 12:38:18.448 9 WARNING neutron.scheduler.dhcp_agent_scheduler [None req-46053cbd-138e-4aa9-bd51-b9f02410fd49 3aa2c713e0484889af29847255e4b203 6a8e19896e7549c4a954f5b9ef8b7f76 - - default default] No more DHCP agents
2026-05-29 12:38:18.451 9 WARNING neutron.api.rpc.agentnotifiers.dhcp_rpc_agent_api [None req-46053cbd-138e-4aa9-bd51-b9f02410fd49 3aa2c713e0484889af29847255e4b203 6a8e19896e7549c4a954f5b9ef8b7f76 - - default default] Unable to schedule network 5a088c6b-d12a-44ab-b513-a2369378af6f: no agents available; will retry on subsequent port and subnet creation events.
2026-05-29 12:38:18.621 9 INFO neutron.db.ovn_revision_numbers_db [None req-46053cbd-138e-4aa9-bd51-b9f02410fd49 3aa2c713e0484889af29847255e4b203 6a8e19896e7549c4a954f5b9ef8b7f76 - - default default] Successfully bumped revision number for resource 24777884-0ba5-4093-bb9b-4327f198373e (type: ports) to 1
2026-05-29 12:38:18.651 9 INFO neutron.wsgi [None req-46053cbd-138e-4aa9-bd51-b9f02410fd49 3aa2c713e0484889af29847255e4b203 6a8e19896e7549c4a954f5b9ef8b7f76 - - default default] 10.0.0.132 "POST /v2.0/ports HTTP/1.1" status: 201 len: 1154 time: 0.5484889 /var/lib/openstack/lib/python3.10/site-packages/pycadf/identifier.py:71: UserWarning: Invalid uuid: neutron. To ensure interoperability, identifiers should be a valid uuid. warnings.warn(('Invalid uuid: %s. To ensure interoperability, '
2026-05-29 12:38:18.667 9 WARNING neutron_lib.context [None req-56aff002-9d57-4711-8a1c-14d8de89eb9c 3aa2c713e0484889af29847255e4b203 6a8e19896e7549c4a954f5b9ef8b7f76 - - default default] Method 'is_advsvc' is deprecated since 2023.2 release (neutron-lib 3.8.0) and will be removed once support for the old RBAC API policies will be removed from Neutron. Please use method 'is_service_role' instead.
2026-05-29 12:38:18.760 10 INFO neutron.db.ovn_revision_numbers_db [None req-3c0fa2b5-8fbc-4863-aa3e-809091bd671b 26b7475dd85348fcb0f66c53ec627c93 a8a43e2a07ba46518db6fe7962e589ea - - default default] Successfully bumped revision number for resource 14c85ddd-93d0-4cce-ba2f-8799e70fd56b (type: ports) to 2
2026-05-29 12:38:18.796 10 INFO neutron.db.ovn_revision_numbers_db [None req-3c0fa2b5-8fbc-4863-aa3e-809091bd671b 26b7475dd85348fcb0f66c53ec627c93 a8a43e2a07ba46518db6fe7962e589ea - - default default] Successfully bumped revision number for resource 71d92c93-63f9-4167-a776-e278e810519c (type: subnets) to 0
2026-05-29 12:38:18.810 10 INFO neutron.wsgi [None req-3c0fa2b5-8fbc-4863-aa3e-809091bd671b 26b7475dd85348fcb0f66c53ec627c93 a8a43e2a07ba46518db6fe7962e589ea - - default default] 10.0.0.132 "POST /v2.0/subnets HTTP/1.1" status: 201 len: 816 time: 0.8326185
2026-05-29 12:38:18.821 10 WARNING neutron_lib.context [None req-1e299a18-a7c8-4c50-a661-2ab8793efe8c 26b7475dd85348fcb0f66c53ec627c93 a8a43e2a07ba46518db6fe7962e589ea - - default default] Method 'is_advsvc' is deprecated since 2023.2 release (neutron-lib 3.8.0) and will be removed once support for the old RBAC API policies will be removed from Neutron. Please use method 'is_service_role' instead.
2026-05-29 12:38:18.901 10 INFO neutron.db.segments_db [None req-1e299a18-a7c8-4c50-a661-2ab8793efe8c 26b7475dd85348fcb0f66c53ec627c93 a8a43e2a07ba46518db6fe7962e589ea - - default default] Added segment a081eb5d-b908-4012-9a6c-2855abc7ae4f of type geneve for network 28b8539c-63f6-42f4-b389-896030e1155b
2026-05-29 12:38:18.953 9 WARNING neutron.scheduler.dhcp_agent_scheduler [None req-56aff002-9d57-4711-8a1c-14d8de89eb9c 3aa2c713e0484889af29847255e4b203 6a8e19896e7549c4a954f5b9ef8b7f76 - - default default] No more DHCP agents
2026-05-29 12:38:18.956 9 WARNING neutron.api.rpc.agentnotifiers.dhcp_rpc_agent_api [None req-56aff002-9d57-4711-8a1c-14d8de89eb9c 3aa2c713e0484889af29847255e4b203 6a8e19896e7549c4a954f5b9ef8b7f76 - - default default] Unable to schedule network 37854a1d-de52-480b-9c0c-52f3b08020f6: no agents available; will retry on subsequent port and subnet creation events.
2026-05-29 12:38:19.062 10 INFO neutron.db.ovn_revision_numbers_db [None req-1e299a18-a7c8-4c50-a661-2ab8793efe8c 26b7475dd85348fcb0f66c53ec627c93 a8a43e2a07ba46518db6fe7962e589ea - - default default] Successfully bumped revision number for resource 28b8539c-63f6-42f4-b389-896030e1155b (type: networks) to 1
2026-05-29 12:38:19.251 10 WARNING neutron.scheduler.dhcp_agent_scheduler [None req-1e299a18-a7c8-4c50-a661-2ab8793efe8c 26b7475dd85348fcb0f66c53ec627c93 a8a43e2a07ba46518db6fe7962e589ea - - default default] No more DHCP agents
2026-05-29 12:38:19.254 10 WARNING neutron.api.rpc.agentnotifiers.dhcp_rpc_agent_api [None req-1e299a18-a7c8-4c50-a661-2ab8793efe8c 26b7475dd85348fcb0f66c53ec627c93 a8a43e2a07ba46518db6fe7962e589ea - - default default] Unable to schedule network 28b8539c-63f6-42f4-b389-896030e1155b: no agents available; will retry on subsequent port and subnet creation events.
2026-05-29 12:38:19.361 10 INFO neutron.db.ovn_revision_numbers_db [None req-1e299a18-a7c8-4c50-a661-2ab8793efe8c 26b7475dd85348fcb0f66c53ec627c93 a8a43e2a07ba46518db6fe7962e589ea - - default default] Successfully bumped revision number for resource 615be0cf-c2ad-45a1-9e2e-cbccd1e7cbb1 (type: ports) to 1
2026-05-29 12:38:19.396 10 INFO neutron.wsgi [None req-1e299a18-a7c8-4c50-a661-2ab8793efe8c 26b7475dd85348fcb0f66c53ec627c93 a8a43e2a07ba46518db6fe7962e589ea - - default default] 10.0.0.132 "POST /v2.0/networks HTTP/1.1" status: 201 len: 843 time: 0.5797682
2026-05-29 12:38:19.455 9 INFO neutron.db.l3_db [None req-56aff002-9d57-4711-8a1c-14d8de89eb9c 3aa2c713e0484889af29847255e4b203 6a8e19896e7549c4a954f5b9ef8b7f76 - - default default] Floating IP 3a935f67-a141-4394-8bdf-78688c86b760 associated. External IP: 10.96.250.217, port: 24777884-0ba5-4093-bb9b-4327f198373e.
