2026-05-29 12:38:37.564 9 INFO neutron.db.ovn_revision_numbers_db [None req-a2392e27-0680-46e4-98c1-56d5d323fbfc 023e332ab0a64e99bdb0346b22745e13 b3bfee72ef3c42b7947e31d838756ce4 - - default default] Successfully bumped revision number for resource 429264e8-d956-4185-95cc-11e42a6d0859 (type: ports) to 1
2026-05-29 12:38:37.573 9 WARNING neutron_lib.context [None req-9c62ff8d-ab5f-4c75-b201-da605d878967 d24289479500452397d35a355fe58086 22b060d8a63c4a92acdab92b527fd76d - - default default] Method 'is_advsvc' is deprecated since 2023.2 release (neutron-lib 3.8.0) and will be removed once support for the old RBAC API policies will be removed from Neutron. Please use method 'is_service_role' instead.
2026-05-29 12:38:37.608 9 INFO neutron.wsgi [None req-a2392e27-0680-46e4-98c1-56d5d323fbfc 023e332ab0a64e99bdb0346b22745e13 b3bfee72ef3c42b7947e31d838756ce4 - - default default] 10.0.0.132 "POST /v2.0/networks HTTP/1.1" status: 201 len: 831 time: 0.7500660
2026-05-29 12:38:37.636 9 WARNING neutron_lib.context [None req-ddf5d7ec-e9ad-4da2-a052-3886e0811e13 023e332ab0a64e99bdb0346b22745e13 b3bfee72ef3c42b7947e31d838756ce4 - - default default] Method 'is_advsvc' is deprecated since 2023.2 release (neutron-lib 3.8.0) and will be removed once support for the old RBAC API policies will be removed from Neutron. Please use method 'is_service_role' instead.
2026-05-29 12:38:37.744 10 INFO neutron.wsgi [None req-e4156601-7ecf-4d1a-89cb-515adbf7cb58 afd8d014e31d4338b3ff95f469cb2621 0d254b7ceff240d28c3be8defbb36fab - - default default] 10.0.0.132 "PUT /v2.0/routers/c8ccd9e9-0462-4728-9ad2-2dc7f6da3485/remove_router_interface HTTP/1.1" status: 200 len: 503 time: 0.8852997 /var/lib/openstack/lib/python3.10/site-packages/pycadf/identifier.py:71: UserWarning: Invalid uuid: neutron. To ensure interoperability, identifiers should be a valid uuid. warnings.warn(('Invalid uuid: %s. To ensure interoperability, '
2026-05-29 12:38:37.774 10 INFO neutron.wsgi [None req-33c4f3bf-31df-42f6-a46f-b2478ea7e325 afd8d014e31d4338b3ff95f469cb2621 0d254b7ceff240d28c3be8defbb36fab - - default default] 10.0.0.132 "GET /v2.0/ports?device_id=c8ccd9e9-0462-4728-9ad2-2dc7f6da3485 HTTP/1.1" status: 200 len: 205 time: 0.0242224
2026-05-29 12:38:37.916 15 INFO neutron.plugins.ml2.drivers.ovn.mech_driver.ovsdb.maintenance [None req-e433a266-cefd-43b3-bfb8-6161bea6b14c - - - - - -] Maintenance task: Synchronization finished (took 1.27 seconds)
2026-05-29 12:38:37.963 9 WARNING neutron.scheduler.dhcp_agent_scheduler [None req-ddf5d7ec-e9ad-4da2-a052-3886e0811e13 023e332ab0a64e99bdb0346b22745e13 b3bfee72ef3c42b7947e31d838756ce4 - - default default] No more DHCP agents
2026-05-29 12:38:37.969 9 WARNING neutron.api.rpc.agentnotifiers.dhcp_rpc_agent_api [None req-ddf5d7ec-e9ad-4da2-a052-3886e0811e13 023e332ab0a64e99bdb0346b22745e13 b3bfee72ef3c42b7947e31d838756ce4 - - default default] Unable to schedule network 30c1a0e5-d29a-4310-b48d-76272ce43bd5: no agents available; will retry on subsequent port and subnet creation events.
2026-05-29 12:38:38.109 10 INFO neutron.wsgi [None req-9876d009-6a74-4192-b228-1e512718f52a afd8d014e31d4338b3ff95f469cb2621 0d254b7ceff240d28c3be8defbb36fab - - default default] 10.0.0.132 "DELETE /v2.0/routers/c8ccd9e9-0462-4728-9ad2-2dc7f6da3485 HTTP/1.1" status: 204 len: 168 time: 0.3261530
2026-05-29 12:38:38.319 10 INFO neutron.wsgi [None req-0d2fb063-4253-47ef-aadf-7efecadf8f35 afd8d014e31d4338b3ff95f469cb2621 0d254b7ceff240d28c3be8defbb36fab - - default default] 10.0.0.132 "DELETE /v2.0/subnets/1001d950-91a4-49a9-8adb-027eb285a105 HTTP/1.1" status: 204 len: 168 time: 0.2049720
2026-05-29 12:38:38.381 9 WARNING neutron.scheduler.dhcp_agent_scheduler [None req-9c62ff8d-ab5f-4c75-b201-da605d878967 d24289479500452397d35a355fe58086 22b060d8a63c4a92acdab92b527fd76d - - default default] No more DHCP agents
2026-05-29 12:38:38.385 9 WARNING neutron.api.rpc.agentnotifiers.dhcp_rpc_agent_api [None req-9c62ff8d-ab5f-4c75-b201-da605d878967 d24289479500452397d35a355fe58086 22b060d8a63c4a92acdab92b527fd76d - - default default] Unable to schedule network ee7c8b50-c274-4564-a83a-c408209f7005: no agents available; will retry on subsequent port and subnet creation events.
2026-05-29 12:38:38.517 10 INFO neutron.wsgi [None req-e2fa53ad-688c-48bc-a2f2-0eb7f9fb0932 afd8d014e31d4338b3ff95f469cb2621 0d254b7ceff240d28c3be8defbb36fab - - default default] 10.0.0.132 "DELETE /v2.0/subnets/a599a272-34d7-4307-948c-407165972bd2 HTTP/1.1" status: 204 len: 168 time: 0.1925616
2026-05-29 12:38:38.763 10 INFO neutron.db.ovn_revision_numbers_db [None req-eae4a719-5df7-41ce-a8de-4412f4f0a5d3 6536e182cca748a0b6092dad330042d3 7aeb5f936e9a4de5952c28a6ae9592fa - - default default] Successfully bumped revision number for resource a6d73222-ce60-41fe-a940-519de50fdbc2 (type: security_groups) to 1
2026-05-29 12:38:38.778 10 INFO neutron.db.ovn_revision_numbers_db [None req-eae4a719-5df7-41ce-a8de-4412f4f0a5d3 6536e182cca748a0b6092dad330042d3 7aeb5f936e9a4de5952c28a6ae9592fa - - default default] Successfully bumped revision number for resource 1eb8fecb-6421-4a8d-9c63-dd5973d1bae0 (type: security_group_rules) to 0
2026-05-29 12:38:38.801 10 INFO neutron.db.ovn_revision_numbers_db [None req-eae4a719-5df7-41ce-a8de-4412f4f0a5d3 6536e182cca748a0b6092dad330042d3 7aeb5f936e9a4de5952c28a6ae9592fa - - default default] Successfully bumped revision number for resource 492a80be-9e1d-40af-a181-20cc302e6bd5 (type: security_group_rules) to 0
2026-05-29 12:38:38.824 10 INFO neutron.db.ovn_revision_numbers_db [None req-eae4a719-5df7-41ce-a8de-4412f4f0a5d3 6536e182cca748a0b6092dad330042d3 7aeb5f936e9a4de5952c28a6ae9592fa - - default default] Successfully bumped revision number for resource afb4b116-a65b-4f5a-8b4d-77f90544afc3 (type: security_group_rules) to 0
2026-05-29 12:38:38.845 10 INFO neutron.db.ovn_revision_numbers_db [None req-eae4a719-5df7-41ce-a8de-4412f4f0a5d3 6536e182cca748a0b6092dad330042d3 7aeb5f936e9a4de5952c28a6ae9592fa - - default default] Successfully bumped revision number for resource e0b290d7-5f04-477c-ba8c-567051c99825 (type: security_group_rules) to 0
2026-05-29 12:38:38.890 9 INFO neutron.db.ovn_revision_numbers_db [None req-ddf5d7ec-e9ad-4da2-a052-3886e0811e13 023e332ab0a64e99bdb0346b22745e13 b3bfee72ef3c42b7947e31d838756ce4 - - default default] Successfully bumped revision number for resource 429264e8-d956-4185-95cc-11e42a6d0859 (type: ports) to 2
2026-05-29 12:38:38.923 10 INFO neutron.db.segments_db [None req-eae4a719-5df7-41ce-a8de-4412f4f0a5d3 6536e182cca748a0b6092dad330042d3 7aeb5f936e9a4de5952c28a6ae9592fa - - default default] Added segment 0c2e4f9d-dfb7-4e70-8081-4d7fac92ac1f of type geneve for network 2d05f2cd-d214-4e47-bcd2-624a1f1d6b2c
2026-05-29 12:38:38.934 10 INFO neutron.services.segments.plugin [-] Segment 8542022b-086b-4176-9173-00379cd748ec resource provider aggregate not found
2026-05-29 12:38:38.937 9 INFO neutron.db.ovn_revision_numbers_db [None req-ddf5d7ec-e9ad-4da2-a052-3886e0811e13 023e332ab0a64e99bdb0346b22745e13 b3bfee72ef3c42b7947e31d838756ce4 - - default default] Successfully bumped revision number for resource be755a40-9c7d-4b04-806b-fa17fba72921 (type: subnets) to 0
2026-05-29 12:38:38.948 10 INFO neutron.services.segments.plugin [-] Segment 8542022b-086b-4176-9173-00379cd748ec resource provider aggregate not found
2026-05-29 12:38:38.956 9 INFO neutron.wsgi [None req-ddf5d7ec-e9ad-4da2-a052-3886e0811e13 023e332ab0a64e99bdb0346b22745e13 b3bfee72ef3c42b7947e31d838756ce4 - - default default] 10.0.0.132 "POST /v2.0/subnets HTTP/1.1" status: 201 len: 804 time: 1.3324690
2026-05-29 12:38:38.963 10 INFO neutron.services.segments.plugin [-] Segment 8542022b-086b-4176-9173-00379cd748ec resource provider not found; error: Placement Client Error (4xx): {"errors": [{"status": 404, "title": "Not Found", "detail": "The resource could not be found.\n\n No resource provider with uuid 8542022b-086b-4176-9173-00379cd748ec found for delete ", "request_id": "req-96e5a94d-363d-43ec-acbb-09887bb08966"}]}
2026-05-29 12:38:38.967 9 WARNING neutron_lib.context [None req-62b9db92-bde0-4123-84aa-976ac011a7bf 023e332ab0a64e99bdb0346b22745e13 b3bfee72ef3c42b7947e31d838756ce4 - - default default] Method 'is_advsvc' is deprecated since 2023.2 release (neutron-lib 3.8.0) and will be removed once support for the old RBAC API policies will be removed from Neutron. Please use method 'is_service_role' instead.
2026-05-29 12:38:38.968 10 INFO neutron.services.segments.plugin [-] Segment 8542022b-086b-4176-9173-00379cd748ec resource provider not found; error: Placement Client Error (4xx): {"errors": [{"status": 404, "title": "Not Found", "detail": "The resource could not be found.\n\n No resource provider with uuid 8542022b-086b-4176-9173-00379cd748ec found for delete ", "request_id": "req-e28a48ad-e1f3-48ad-9ab0-115f9f9ae1c5"}]}
2026-05-29 12:38:38.998 10 INFO neutron.wsgi [None req-15b33267-3fdd-4ba8-8f58-e37a4d916142 afd8d014e31d4338b3ff95f469cb2621 0d254b7ceff240d28c3be8defbb36fab - - default default] 10.0.0.132 "DELETE /v2.0/networks/d890979d-1d90-4965-9e5c-89773ecae434 HTTP/1.1" status: 204 len: 168 time: 0.4740717
2026-05-29 12:38:39.045 9 INFO neutron.db.ovn_revision_numbers_db [None req-9c62ff8d-ab5f-4c75-b201-da605d878967 d24289479500452397d35a355fe58086 22b060d8a63c4a92acdab92b527fd76d - - default default] Successfully bumped revision number for resource 23f979fc-448c-4f6a-91aa-66ba69a9abb6 (type: ports) to 2
2026-05-29 12:38:39.091 9 INFO neutron.db.ovn_revision_numbers_db [None req-9c62ff8d-ab5f-4c75-b201-da605d878967 d24289479500452397d35a355fe58086 22b060d8a63c4a92acdab92b527fd76d - - default default] Successfully bumped revision number for resource 01adacc0-5d58-43fe-aed8-d86893f03b7a (type: subnets) to 0
2026-05-29 12:38:39.093 10 INFO neutron.db.ovn_revision_numbers_db [None req-eae4a719-5df7-41ce-a8de-4412f4f0a5d3 6536e182cca748a0b6092dad330042d3 7aeb5f936e9a4de5952c28a6ae9592fa - - default default] Successfully bumped revision number for resource 2d05f2cd-d214-4e47-bcd2-624a1f1d6b2c (type: networks) to 1
2026-05-29 12:38:39.112 9 INFO neutron.db.segments_db [None req-62b9db92-bde0-4123-84aa-976ac011a7bf 023e332ab0a64e99bdb0346b22745e13 b3bfee72ef3c42b7947e31d838756ce4 - - default default] Added segment 74f019d0-7044-4dfa-b1f4-21aa80308e2a of type geneve for network 63030ac6-69d6-49d1-a571-1643525e06b3
2026-05-29 12:38:39.136 9 WARNING neutron.scheduler.dhcp_agent_scheduler [None req-9c62ff8d-ab5f-4c75-b201-da605d878967 d24289479500452397d35a355fe58086 22b060d8a63c4a92acdab92b527fd76d - - default default] No more DHCP agents
2026-05-29 12:38:39.139 9 WARNING neutron.api.rpc.agentnotifiers.dhcp_rpc_agent_api [None req-9c62ff8d-ab5f-4c75-b201-da605d878967 d24289479500452397d35a355fe58086 22b060d8a63c4a92acdab92b527fd76d - - default default] Unable to schedule network 98f90460-63c8-42a1-b93e-5773149d7678: no agents available; will retry on subsequent port and subnet creation events.
2026-05-29 12:38:39.285 10 WARNING neutron.scheduler.dhcp_agent_scheduler [None req-eae4a719-5df7-41ce-a8de-4412f4f0a5d3 6536e182cca748a0b6092dad330042d3 7aeb5f936e9a4de5952c28a6ae9592fa - - default default] No more DHCP agents
2026-05-29 12:38:39.289 10 WARNING neutron.api.rpc.agentnotifiers.dhcp_rpc_agent_api [None req-eae4a719-5df7-41ce-a8de-4412f4f0a5d3 6536e182cca748a0b6092dad330042d3 7aeb5f936e9a4de5952c28a6ae9592fa - - default default] Unable to schedule network 2d05f2cd-d214-4e47-bcd2-624a1f1d6b2c: no agents available; will retry on subsequent port and subnet creation events.
2026-05-29 12:38:39.366 9 INFO neutron.db.ovn_revision_numbers_db [None req-62b9db92-bde0-4123-84aa-976ac011a7bf 023e332ab0a64e99bdb0346b22745e13 b3bfee72ef3c42b7947e31d838756ce4 - - default default] Successfully bumped revision number for resource 63030ac6-69d6-49d1-a571-1643525e06b3 (type: networks) to 1
2026-05-29 12:38:39.373 10 INFO neutron.db.ovn_revision_numbers_db [None req-eae4a719-5df7-41ce-a8de-4412f4f0a5d3 6536e182cca748a0b6092dad330042d3 7aeb5f936e9a4de5952c28a6ae9592fa - - default default] Successfully bumped revision number for resource 970f50ec-7292-4079-8e54-94126114ad6f (type: ports) to 1
2026-05-29 12:38:39.399 10 INFO neutron.wsgi [None req-eae4a719-5df7-41ce-a8de-4412f4f0a5d3 6536e182cca748a0b6092dad330042d3 7aeb5f936e9a4de5952c28a6ae9592fa - - default default] 10.0.0.132 "POST /v2.0/networks HTTP/1.1" status: 201 len: 942 time: 1.0156183
2026-05-29 12:38:39.558 10 WARNING neutron.scheduler.dhcp_agent_scheduler [None req-7ad95bb6-57a9-4c3f-9686-bc22c2258436 6536e182cca748a0b6092dad330042d3 7aeb5f936e9a4de5952c28a6ae9592fa - - default default] No more DHCP agents
2026-05-29 12:38:39.560 10 WARNING neutron.api.rpc.agentnotifiers.dhcp_rpc_agent_api [None req-7ad95bb6-57a9-4c3f-9686-bc22c2258436 6536e182cca748a0b6092dad330042d3 7aeb5f936e9a4de5952c28a6ae9592fa - - default default] Unable to schedule network 2d05f2cd-d214-4e47-bcd2-624a1f1d6b2c: no agents available; will retry on subsequent port and subnet creation events.
2026-05-29 12:38:39.651 9 INFO neutron.services.segments.plugin [-] Segment 3b4a6bf3-a350-42c0-bda2-5e2704694944 resource provider aggregate not found
2026-05-29 12:38:39.657 9 INFO neutron.services.segments.plugin [-] Segment 3b4a6bf3-a350-42c0-bda2-5e2704694944 resource provider aggregate not found
2026-05-29 12:38:39.684 9 INFO neutron.services.segments.plugin [-] Segment 3b4a6bf3-a350-42c0-bda2-5e2704694944 resource provider not found; error: Placement Client Error (4xx): {"errors": [{"status": 404, "title": "Not Found", "detail": "The resource could not be found.\n\n No resource provider with uuid 3b4a6bf3-a350-42c0-bda2-5e2704694944 found for delete ", "request_id": "req-60b84a00-bad3-449e-a5e5-b9180317afef"}]}
2026-05-29 12:38:39.685 9 INFO neutron.services.segments.plugin [-] Segment 3b4a6bf3-a350-42c0-bda2-5e2704694944 resource provider not found; error: Placement Client Error (4xx): {"errors": [{"status": 404, "title": "Not Found", "detail": "The resource could not be found.\n\n No resource provider with uuid 3b4a6bf3-a350-42c0-bda2-5e2704694944 found for delete ", "request_id": "req-a806b39f-78e9-4b2f-b6c7-18771e0d8cfb"}]}
2026-05-29 12:38:39.701 9 WARNING neutron.scheduler.dhcp_agent_scheduler [None req-62b9db92-bde0-4123-84aa-976ac011a7bf 023e332ab0a64e99bdb0346b22745e13 b3bfee72ef3c42b7947e31d838756ce4 - - default default] No more DHCP agents
2026-05-29 12:38:39.708 9 WARNING neutron.api.rpc.agentnotifiers.dhcp_rpc_agent_api [None req-62b9db92-bde0-4123-84aa-976ac011a7bf 023e332ab0a64e99bdb0346b22745e13 b3bfee72ef3c42b7947e31d838756ce4 - - default default] Unable to schedule network 63030ac6-69d6-49d1-a571-1643525e06b3: no agents available; will retry on subsequent port and subnet creation events.
2026-05-29 12:38:39.736 9 INFO neutron.wsgi [None req-f517b2ea-4505-416b-927c-40d93fb64569 afd8d014e31d4338b3ff95f469cb2621 0d254b7ceff240d28c3be8defbb36fab - - default default] 10.0.0.132 "DELETE /v2.0/networks/1b7c495f-8b23-4973-8b55-5c3c339ebb47 HTTP/1.1" status: 204 len: 168 time: 0.7316797
2026-05-29 12:38:39.748 10 WARNING neutron_lib.context [None req-e3783091-370e-49dd-b464-67f5f856f5bc afd8d014e31d4338b3ff95f469cb2621 0d254b7ceff240d28c3be8defbb36fab - - default default] Method 'is_advsvc' is deprecated since 2023.2 release (neutron-lib 3.8.0) and will be removed once support for the old RBAC API policies will be removed from Neutron. Please use method 'is_service_role' instead.
2026-05-29 12:38:39.858 9 INFO neutron.db.ovn_revision_numbers_db [None req-62b9db92-bde0-4123-84aa-976ac011a7bf 023e332ab0a64e99bdb0346b22745e13 b3bfee72ef3c42b7947e31d838756ce4 - - default default] Successfully bumped revision number for resource 3903ab2a-9df6-48c8-9fe0-f3a9fb3b5ec6 (type: ports) to 1
2026-05-29 12:38:39.875 10 INFO neutron.db.segments_db [None req-e3783091-370e-49dd-b464-67f5f856f5bc afd8d014e31d4338b3ff95f469cb2621 0d254b7ceff240d28c3be8defbb36fab - - default default] Added segment 51ee9558-d915-4036-a535-6fa1895c2b0e of type geneve for network 5f56d273-88db-480f-8bea-a5b074a62e83
2026-05-29 12:38:39.897 9 INFO neutron.wsgi [None req-62b9db92-bde0-4123-84aa-976ac011a7bf 023e332ab0a64e99bdb0346b22745e13 b3bfee72ef3c42b7947e31d838756ce4 - - default default] 10.0.0.132 "POST /v2.0/networks HTTP/1.1" status: 201 len: 831 time: 0.9345686
2026-05-29 12:38:39.910 9 WARNING neutron_lib.context [None req-4e50ace1-6ef8-4afe-bb9e-869429697927 023e332ab0a64e99bdb0346b22745e13 b3bfee72ef3c42b7947e31d838756ce4 - - default default] Method 'is_advsvc' is deprecated since 2023.2 release (neutron-lib 3.8.0) and will be removed once support for the old RBAC API policies will be removed from Neutron. Please use method 'is_service_role' instead.
2026-05-29 12:38:40.045 9 INFO neutron.db.ovn_revision_numbers_db [None req-9c62ff8d-ab5f-4c75-b201-da605d878967 d24289479500452397d35a355fe58086 22b060d8a63c4a92acdab92b527fd76d - - default default] Successfully bumped revision number for resource 6c8998a2-2a6d-4bca-be98-fa79b6a827aa (type: ports) to 2
2026-05-29 12:38:40.075 10 INFO neutron.db.ovn_revision_numbers_db [None req-e3783091-370e-49dd-b464-67f5f856f5bc afd8d014e31d4338b3ff95f469cb2621 0d254b7ceff240d28c3be8defbb36fab - - default default] Successfully bumped revision number for resource 5f56d273-88db-480f-8bea-a5b074a62e83 (type: networks) to 1
2026-05-29 12:38:40.103 9 INFO neutron.db.ovn_revision_numbers_db [None req-9c62ff8d-ab5f-4c75-b201-da605d878967 d24289479500452397d35a355fe58086 22b060d8a63c4a92acdab92b527fd76d - - default default] Successfully bumped revision number for resource 4fe73720-6733-4183-9cfb-ccc41914c7c0 (type: subnets) to 0
2026-05-29 12:38:40.130 9 INFO neutron.wsgi [None req-9c62ff8d-ab5f-4c75-b201-da605d878967 d24289479500452397d35a355fe58086 22b060d8a63c4a92acdab92b527fd76d - - default default] 10.0.0.132 "POST /v2.0/subnets HTTP/1.1" status: 201 len: 1425 time: 2.6260593
2026-05-29 12:38:40.197 9 INFO neutron.wsgi [None req-ac4c2420-542a-4527-99ae-857dc8a61c11 d24289479500452397d35a355fe58086 22b060d8a63c4a92acdab92b527fd76d - - default default] 10.0.0.132 "GET /v2.0/subnets HTTP/1.1" status: 200 len: 2033 time: 0.0609605
2026-05-29 12:38:40.204 9 WARNING neutron.scheduler.dhcp_agent_scheduler [None req-4e50ace1-6ef8-4afe-bb9e-869429697927 023e332ab0a64e99bdb0346b22745e13 b3bfee72ef3c42b7947e31d838756ce4 - - default default] No more DHCP agents
2026-05-29 12:38:40.207 9 WARNING neutron.api.rpc.agentnotifiers.dhcp_rpc_agent_api [None req-4e50ace1-6ef8-4afe-bb9e-869429697927 023e332ab0a64e99bdb0346b22745e13 b3bfee72ef3c42b7947e31d838756ce4 - - default default] Unable to schedule network 63030ac6-69d6-49d1-a571-1643525e06b3: no agents available; will retry on subsequent port and subnet creation events.
2026-05-29 12:38:40.227 10 INFO neutron.db.ovn_revision_numbers_db [None req-7ad95bb6-57a9-4c3f-9686-bc22c2258436 6536e182cca748a0b6092dad330042d3 7aeb5f936e9a4de5952c28a6ae9592fa - - default default] Successfully bumped revision number for resource 970f50ec-7292-4079-8e54-94126114ad6f (type: ports) to 2
2026-05-29 12:38:40.265 10 INFO neutron.db.ovn_revision_numbers_db [None req-7ad95bb6-57a9-4c3f-9686-bc22c2258436 6536e182cca748a0b6092dad330042d3 7aeb5f936e9a4de5952c28a6ae9592fa - - default default] Successfully bumped revision number for resource 1087e226-fa7f-4825-a82b-486b8531150b (type: subnets) to 0
2026-05-29 12:38:40.281 10 WARNING neutron.scheduler.dhcp_agent_scheduler [None req-e3783091-370e-49dd-b464-67f5f856f5bc afd8d014e31d4338b3ff95f469cb2621 0d254b7ceff240d28c3be8defbb36fab - - default default] No more DHCP agents
2026-05-29 12:38:40.283 10 WARNING neutron.api.rpc.agentnotifiers.dhcp_rpc_agent_api [None req-e3783091-370e-49dd-b464-67f5f856f5bc afd8d014e31d4338b3ff95f469cb2621 0d254b7ceff240d28c3be8defbb36fab - - default default] Unable to schedule network 5f56d273-88db-480f-8bea-a5b074a62e83: no agents available; will retry on subsequent port and subnet creation events.
2026-05-29 12:38:40.289 10 INFO neutron.wsgi [None req-7ad95bb6-57a9-4c3f-9686-bc22c2258436 6536e182cca748a0b6092dad330042d3 7aeb5f936e9a4de5952c28a6ae9592fa - - default default] 10.0.0.132 "POST /v2.0/subnets HTTP/1.1" status: 201 len: 862 time: 0.8842480
2026-05-29 12:38:40.367 10 INFO neutron.db.ovn_revision_numbers_db [None req-e3783091-370e-49dd-b464-67f5f856f5bc afd8d014e31d4338b3ff95f469cb2621 0d254b7ceff240d28c3be8defbb36fab - - default default] Successfully bumped revision number for resource 4842b784-714a-4e62-8fa4-d2da05d4880c (type: ports) to 1
2026-05-29 12:38:40.401 10 INFO neutron.wsgi [None req-e3783091-370e-49dd-b464-67f5f856f5bc afd8d014e31d4338b3ff95f469cb2621 0d254b7ceff240d28c3be8defbb36fab - - default default] 10.0.0.132 "POST /v2.0/networks HTTP/1.1" status: 201 len: 831 time: 0.6589217
2026-05-29 12:38:40.411 10 WARNING neutron_lib.context [None req-bb08eeeb-22bd-464b-8a3c-4a179f444540 afd8d014e31d4338b3ff95f469cb2621 0d254b7ceff240d28c3be8defbb36fab - - default default] Method 'is_advsvc' is deprecated since 2023.2 release (neutron-lib 3.8.0) and will be removed once support for the old RBAC API policies will be removed from Neutron. Please use method 'is_service_role' instead.
2026-05-29 12:38:40.590 9 INFO neutron.wsgi [None req-672f2bfc-616c-4af4-8331-11dca010e513 d24289479500452397d35a355fe58086 22b060d8a63c4a92acdab92b527fd76d - - default default] 10.0.0.132 "DELETE /v2.0/subnets/01adacc0-5d58-43fe-aed8-d86893f03b7a HTTP/1.1" status: 204 len: 168 time: 0.3845117
2026-05-29 12:38:40.647 10 WARNING neutron.scheduler.dhcp_agent_scheduler [None req-bb08eeeb-22bd-464b-8a3c-4a179f444540 afd8d014e31d4338b3ff95f469cb2621 0d254b7ceff240d28c3be8defbb36fab - - default default] No more DHCP agents
2026-05-29 12:38:40.650 10 WARNING neutron.api.rpc.agentnotifiers.dhcp_rpc_agent_api [None req-bb08eeeb-22bd-464b-8a3c-4a179f444540 afd8d014e31d4338b3ff95f469cb2621 0d254b7ceff240d28c3be8defbb36fab - - default default] Unable to schedule network 5f56d273-88db-480f-8bea-a5b074a62e83: no agents available; will retry on subsequent port and subnet creation events.
2026-05-29 12:38:40.680 10 INFO neutron.db.ovn_revision_numbers_db [None req-bb08eeeb-22bd-464b-8a3c-4a179f444540 afd8d014e31d4338b3ff95f469cb2621 0d254b7ceff240d28c3be8defbb36fab - - default default] Successfully bumped revision number for resource dcb9f0b2-f115-4ac4-8cd8-c229727288ba (type: subnets) to 0
2026-05-29 12:38:40.700 10 INFO neutron.wsgi [None req-bb08eeeb-22bd-464b-8a3c-4a179f444540 afd8d014e31d4338b3ff95f469cb2621 0d254b7ceff240d28c3be8defbb36fab - - default default] 10.0.0.132 "POST /v2.0/subnets HTTP/1.1" status: 201 len: 821 time: 0.2936873
2026-05-29 12:38:40.716 10 WARNING neutron_lib.context [None req-13db8ea0-4173-48d4-9c25-ef5f739112a5 afd8d014e31d4338b3ff95f469cb2621 0d254b7ceff240d28c3be8defbb36fab - - default default] Method 'is_advsvc' is deprecated since 2023.2 release (neutron-lib 3.8.0) and will be removed once support for the old RBAC API policies will be removed from Neutron. Please use method 'is_service_role' instead.
2026-05-29 12:38:40.865 10 INFO neutron.db.ovn_revision_numbers_db [None req-13db8ea0-4173-48d4-9c25-ef5f739112a5 afd8d014e31d4338b3ff95f469cb2621 0d254b7ceff240d28c3be8defbb36fab - - default default] Successfully bumped revision number for resource d83cad34-88b7-4ff1-949a-3ba906c92183 (type: routers) to 1
2026-05-29 12:38:40.882 10 INFO neutron.wsgi [None req-13db8ea0-4173-48d4-9c25-ef5f739112a5 afd8d014e31d4338b3ff95f469cb2621 0d254b7ceff240d28c3be8defbb36fab - - default default] 10.0.0.132 "POST /v2.0/routers HTTP/1.1" status: 201 len: 691 time: 0.1750762
2026-05-29 12:38:40.886 9 WARNING neutron.plugins.ml2.drivers.ovn.mech_driver.ovsdb.ovn_client [None req-712c2656-3222-4b2a-9f45-9bc110d09902 - - - - - -] No port found with ID f01fba65-e85d-4412-8043-9a3af14747c2: RuntimeError: No port found with ID f01fba65-e85d-4412-8043-9a3af14747c2
2026-05-29 12:38:40.890 10 WARNING neutron_lib.context [None req-b769c806-e505-4701-9612-8f47688d98d2 afd8d014e31d4338b3ff95f469cb2621 0d254b7ceff240d28c3be8defbb36fab - - default default] Method 'is_advsvc' is deprecated since 2023.2 release (neutron-lib 3.8.0) and will be removed once support for the old RBAC API policies will be removed from Neutron. Please use method 'is_service_role' instead.
2026-05-29 12:38:41.203 9 INFO neutron.wsgi [None req-984739e6-b2e8-4cbb-a31b-cde9a91dc1dc d24289479500452397d35a355fe58086 22b060d8a63c4a92acdab92b527fd76d - - default default] 10.0.0.132 "DELETE /v2.0/subnets/4fe73720-6733-4183-9cfb-ccc41914c7c0 HTTP/1.1" status: 204 len: 168 time: 0.6075208
2026-05-29 12:38:41.253 9 WARNING neutron.scheduler.dhcp_agent_scheduler [None req-7019ba7a-eca2-4193-8887-927b99f65413 6536e182cca748a0b6092dad330042d3 7aeb5f936e9a4de5952c28a6ae9592fa - - default default] No more DHCP agents
2026-05-29 12:38:41.256 9 WARNING neutron.api.rpc.agentnotifiers.dhcp_rpc_agent_api [None req-7019ba7a-eca2-4193-8887-927b99f65413 6536e182cca748a0b6092dad330042d3 7aeb5f936e9a4de5952c28a6ae9592fa - - default default] Unable to schedule network 37854a1d-de52-480b-9c0c-52f3b08020f6: no agents available; will retry on subsequent port and subnet creation events.
2026-05-29 12:38:41.276 9 INFO neutron.wsgi [None req-e1014ade-7dda-4913-866b-7cca29918186 d24289479500452397d35a355fe58086 22b060d8a63c4a92acdab92b527fd76d - - default default] 10.0.0.132 "GET /v2.0/subnets HTTP/1.1" status: 200 len: 820 time: 0.0662119
2026-05-29 12:38:41.415 9 INFO neutron.db.ovn_revision_numbers_db [None req-4e50ace1-6ef8-4afe-bb9e-869429697927 023e332ab0a64e99bdb0346b22745e13 b3bfee72ef3c42b7947e31d838756ce4 - - default default] Successfully bumped revision number for resource 3903ab2a-9df6-48c8-9fe0-f3a9fb3b5ec6 (type: ports) to 2
2026-05-29 12:38:41.419 10 WARNING neutron.scheduler.dhcp_agent_scheduler [None req-b769c806-e505-4701-9612-8f47688d98d2 afd8d014e31d4338b3ff95f469cb2621 0d254b7ceff240d28c3be8defbb36fab - - default default] No more DHCP agents
2026-05-29 12:38:41.421 10 WARNING neutron.api.rpc.agentnotifiers.dhcp_rpc_agent_api [None req-b769c806-e505-4701-9612-8f47688d98d2 afd8d014e31d4338b3ff95f469cb2621 0d254b7ceff240d28c3be8defbb36fab - - default default] Unable to schedule network 5f56d273-88db-480f-8bea-a5b074a62e83: no agents available; will retry on subsequent port and subnet creation events.
2026-05-29 12:38:41.495 9 INFO neutron.db.ovn_revision_numbers_db [None req-4e50ace1-6ef8-4afe-bb9e-869429697927 023e332ab0a64e99bdb0346b22745e13 b3bfee72ef3c42b7947e31d838756ce4 - - default default] Successfully bumped revision number for resource a64a1e21-04d0-41a7-9454-b8c8a8d95c17 (type: subnets) to 0
2026-05-29 12:38:41.533 9 INFO neutron.wsgi [None req-4e50ace1-6ef8-4afe-bb9e-869429697927 023e332ab0a64e99bdb0346b22745e13 b3bfee72ef3c42b7947e31d838756ce4 - - default default] 10.0.0.132 "POST /v2.0/subnets HTTP/1.1" status: 201 len: 804 time: 1.6294837
2026-05-29 12:38:41.536 10 INFO neutron.db.ovn_revision_numbers_db [None req-b769c806-e505-4701-9612-8f47688d98d2 afd8d014e31d4338b3ff95f469cb2621 0d254b7ceff240d28c3be8defbb36fab - - default default] Successfully bumped revision number for resource 4ed81c30-6431-4ac3-85a0-7d44c2fae750 (type: ports) to 1
2026-05-29 12:38:41.561 10 INFO neutron.wsgi [None req-b769c806-e505-4701-9612-8f47688d98d2 afd8d014e31d4338b3ff95f469cb2621 0d254b7ceff240d28c3be8defbb36fab - - default default] 10.0.0.132 "POST /v2.0/ports HTTP/1.1" status: 201 len: 1157 time: 0.6751385 /var/lib/openstack/lib/python3.10/site-packages/pycadf/identifier.py:71: UserWarning: Invalid uuid: neutron. To ensure interoperability, identifiers should be a valid uuid. warnings.warn(('Invalid uuid: %s. To ensure interoperability, '
2026-05-29 12:38:41.579 9 INFO neutron.db.ovn_revision_numbers_db [None req-7019ba7a-eca2-4193-8887-927b99f65413 6536e182cca748a0b6092dad330042d3 7aeb5f936e9a4de5952c28a6ae9592fa - - default default] Successfully bumped revision number for resource 0873a44d-6ac1-4a44-a552-3bc279a2cb31 (type: ports) to 1
2026-05-29 12:38:41.656 9 INFO neutron.wsgi [None req-885e99ca-e4a2-41cc-adb6-82223ba8cce3 023e332ab0a64e99bdb0346b22745e13 b3bfee72ef3c42b7947e31d838756ce4 - - default default] 10.0.0.132 "PUT /v2.0/subnets/09680599-4573-4438-84d3-e3a0b257c94b/tags HTTP/1.1" status: 200 len: 210 time: 0.1162100
2026-05-29 12:38:41.749 10 INFO neutron.wsgi [None req-f93b06b9-78ac-4150-84ff-cd278dbf9497 023e332ab0a64e99bdb0346b22745e13 b3bfee72ef3c42b7947e31d838756ce4 - - default default] 10.0.0.132 "PUT /v2.0/subnets/2c831e9f-1d71-4496-b7c5-4de8f10ee011/tags HTTP/1.1" status: 200 len: 218 time: 0.0870118
2026-05-29 12:38:41.836 9 INFO neutron.services.segments.plugin [-] Segment b1b4b795-c586-4efb-b68a-99e74ee85ea6 resource provider aggregate not found
2026-05-29 12:38:41.841 9 INFO neutron.services.segments.plugin [-] Segment b1b4b795-c586-4efb-b68a-99e74ee85ea6 resource provider aggregate not found
2026-05-29 12:38:41.859 9 INFO neutron.services.segments.plugin [-] Segment b1b4b795-c586-4efb-b68a-99e74ee85ea6 resource provider not found; error: Placement Client Error (4xx): {"errors": [{"status": 404, "title": "Not Found", "detail": "The resource could not be found.\n\n No resource provider with uuid b1b4b795-c586-4efb-b68a-99e74ee85ea6 found for delete ", "request_id": "req-a5ffa588-00ab-4edb-a93d-b0f207ef6c80"}]}
2026-05-29 12:38:41.864 9 INFO neutron.services.segments.plugin [-] Segment b1b4b795-c586-4efb-b68a-99e74ee85ea6 resource provider not found; error: Placement Client Error (4xx): {"errors": [{"status": 404, "title": "Not Found", "detail": "The resource could not be found.\n\n No resource provider with uuid b1b4b795-c586-4efb-b68a-99e74ee85ea6 found for delete ", "request_id": "req-c11d2267-aa78-4d2c-8029-b7ca50b0bffa"}]}
2026-05-29 12:38:41.875 10 INFO neutron.wsgi [None req-c7b6727b-4726-442d-a33f-baf8247c5ddb 023e332ab0a64e99bdb0346b22745e13 b3bfee72ef3c42b7947e31d838756ce4 - - default default] 10.0.0.132 "PUT /v2.0/subnets/809d2197-08b9-4f0a-9df1-63211f6c7df7/tags HTTP/1.1" status: 200 len: 227 time: 0.1136498
2026-05-29 12:38:41.897 9 INFO neutron.wsgi [None req-5bec33d3-0271-4e03-89e6-ab7def6ba64a d24289479500452397d35a355fe58086 22b060d8a63c4a92acdab92b527fd76d - - default default] 10.0.0.132 "DELETE /v2.0/networks/98f90460-63c8-42a1-b93e-5773149d7678 HTTP/1.1" status: 204 len: 168 time: 0.6128056
2026-05-29 12:38:41.969 9 INFO neutron.wsgi [None req-082060cf-3279-4cdd-84bb-26f9a08f38cf 023e332ab0a64e99bdb0346b22745e13 b3bfee72ef3c42b7947e31d838756ce4 - - default default] 10.0.0.132 "PUT /v2.0/subnets/be755a40-9c7d-4b04-806b-fa17fba72921/tags HTTP/1.1" status: 200 len: 212 time: 0.0897727
2026-05-29 12:38:42.026 10 INFO neutron.plugins.ml2.drivers.ovn.mech_driver.mech_driver [None req-374daa48-2896-4fee-8cdc-9b0cc76000ad - - - - - -] OVN reports status up for port: 4ed81c30-6431-4ac3-85a0-7d44c2fae750
2026-05-29 12:38:42.043 10 INFO neutron.plugins.ml2.plugin [None req-374daa48-2896-4fee-8cdc-9b0cc76000ad - - - - - -] Attempt 1 to provision port 4ed81c30-6431-4ac3-85a0-7d44c2fae750
2026-05-29 12:38:42.059 9 INFO neutron.wsgi [None req-a3b66716-9f7a-4000-9422-273d08026970 023e332ab0a64e99bdb0346b22745e13 b3bfee72ef3c42b7947e31d838756ce4 - - default default] 10.0.0.132 "GET /v2.0/subnets?tags=red HTTP/1.1" status: 200 len: 2027 time: 0.0830057 /var/lib/openstack/lib/python3.10/site-packages/pycadf/identifier.py:71: UserWarning: Invalid uuid: neutron. To ensure interoperability, identifiers should be a valid uuid. warnings.warn(('Invalid uuid: %s. To ensure interoperability, '
2026-05-29 12:38:42.094 10 INFO neutron.db.ovn_revision_numbers_db [None req-c4770ef8-a353-48c4-9847-11220ad96007 afd8d014e31d4338b3ff95f469cb2621 0d254b7ceff240d28c3be8defbb36fab - - default default] Successfully bumped revision number for resource 4ed81c30-6431-4ac3-85a0-7d44c2fae750 (type: router_ports) to 2
2026-05-29 12:38:42.159 10 INFO neutron.wsgi [None req-63c6bd5f-eada-49a6-80c7-0398b1bfea95 023e332ab0a64e99bdb0346b22745e13 b3bfee72ef3c42b7947e31d838756ce4 - - default default] 10.0.0.132 "GET /v2.0/subnets?tags=red%2Cblue HTTP/1.1" status: 200 len: 1430 time: 0.0896282
2026-05-29 12:38:42.271 10 INFO neutron.wsgi [None req-d1d0c6b5-8276-4261-b6d6-aa2803f41e2b 023e332ab0a64e99bdb0346b22745e13 b3bfee72ef3c42b7947e31d838756ce4 - - default default] 10.0.0.132 "GET /v2.0/subnets?tags-any=blue HTTP/1.1" status: 200 len: 1430 time: 0.1035287
2026-05-29 12:38:42.303 10 INFO neutron.plugins.ml2.drivers.ovn.mech_driver.ovsdb.ovsdb_monitor [None req-0d1dc7a2-a98f-4774-8245-58c05414a894 - - - - - -] Router f3ddd62a-da30-4f3c-b1dd-89974a5a8f95 is bound to host instance
2026-05-29 12:38:42.338 9 INFO neutron.wsgi [None req-4196a837-6afb-42cc-9d38-260e4cb4a155 023e332ab0a64e99bdb0346b22745e13 b3bfee72ef3c42b7947e31d838756ce4 - - default default] 10.0.0.132 "GET /v2.0/subnets?tags-any=red%2Cblue HTTP/1.1" status: 200 len: 2027 time: 0.0606594
2026-05-29 12:38:42.343 9 INFO neutron.db.ovn_revision_numbers_db [None req-7019ba7a-eca2-4193-8887-927b99f65413 6536e182cca748a0b6092dad330042d3 7aeb5f936e9a4de5952c28a6ae9592fa - - default default] Successfully bumped revision number for resource 0873a44d-6ac1-4a44-a552-3bc279a2cb31 (type: router_ports) to 1
2026-05-29 12:38:42.631 9 INFO neutron.wsgi [None req-902e35f3-e322-4038-be8a-461671500030 023e332ab0a64e99bdb0346b22745e13 b3bfee72ef3c42b7947e31d838756ce4 - - default default] 10.0.0.132 "GET /v2.0/subnets?not-tags=red HTTP/1.1" status: 200 len: 2018 time: 0.2859027
2026-05-29 12:38:42.681 9 INFO neutron.db.ovn_revision_numbers_db [None req-7019ba7a-eca2-4193-8887-927b99f65413 6536e182cca748a0b6092dad330042d3 7aeb5f936e9a4de5952c28a6ae9592fa - - default default] Successfully bumped revision number for resource f3ddd62a-da30-4f3c-b1dd-89974a5a8f95 (type: routers) to 2
2026-05-29 12:38:42.698 9 INFO neutron.wsgi [None req-7019ba7a-eca2-4193-8887-927b99f65413 6536e182cca748a0b6092dad330042d3 7aeb5f936e9a4de5952c28a6ae9592fa - - default default] 10.0.0.132 "POST /v2.0/routers HTTP/1.1" status: 201 len: 873 time: 2.4026079
2026-05-29 12:38:42.705 9 INFO neutron.wsgi [None req-42c216f1-78f8-4485-9690-ba64650b3a2e 023e332ab0a64e99bdb0346b22745e13 b3bfee72ef3c42b7947e31d838756ce4 - - default default] 10.0.0.132 "GET /v2.0/subnets?not-tags=red%2Cblue HTTP/1.1" status: 200 len: 2615 time: 0.0667169
2026-05-29 12:38:42.720 10 INFO neutron.db.ovn_revision_numbers_db [None req-c4770ef8-a353-48c4-9847-11220ad96007 afd8d014e31d4338b3ff95f469cb2621 0d254b7ceff240d28c3be8defbb36fab - - default default] Successfully bumped revision number for resource 4ed81c30-6431-4ac3-85a0-7d44c2fae750 (type: ports) to 2
2026-05-29 12:38:42.784 9 INFO neutron.wsgi [None req-ec8811c3-0b64-49eb-90e2-69a1c55190fb 023e332ab0a64e99bdb0346b22745e13 b3bfee72ef3c42b7947e31d838756ce4 - - default default] 10.0.0.132 "GET /v2.0/subnets?not-tags-any=blue HTTP/1.1" status: 200 len: 2615 time: 0.0748558
2026-05-29 12:38:42.856 9 INFO neutron.wsgi [None req-eb86b875-1139-49b7-ae1a-51fc1bf74ec0 023e332ab0a64e99bdb0346b22745e13 b3bfee72ef3c42b7947e31d838756ce4 - - default default] 10.0.0.132 "GET /v2.0/subnets?not-tags-any=red%2Cblue HTTP/1.1" status: 200 len: 2018 time: 0.0637586
2026-05-29 12:38:42.958 10 INFO neutron.services.segments.plugin [-] Segment 0e79e69d-3569-4561-bf4d-29ced87bd1c8 resource provider aggregate not found
2026-05-29 12:38:42.963 10 INFO neutron.services.segments.plugin [-] Segment 0e79e69d-3569-4561-bf4d-29ced87bd1c8 resource provider aggregate not found
2026-05-29 12:38:42.980 10 INFO neutron.services.segments.plugin [-] Segment 0e79e69d-3569-4561-bf4d-29ced87bd1c8 resource provider not found; error: Placement Client Error (4xx): {"errors": [{"status": 404, "title": "Not Found", "detail": "The resource could not be found.\n\n No resource provider with uuid 0e79e69d-3569-4561-bf4d-29ced87bd1c8 found for delete ", "request_id": "req-b39175db-ab60-4607-80cc-75533df40f0c"}]}
2026-05-29 12:38:42.981 10 INFO neutron.services.segments.plugin [-] Segment 0e79e69d-3569-4561-bf4d-29ced87bd1c8 resource provider not found; error: Placement Client Error (4xx): {"errors": [{"status": 404, "title": "Not Found", "detail": "The resource could not be found.\n\n No resource provider with uuid 0e79e69d-3569-4561-bf4d-29ced87bd1c8 found for delete ", "request_id": "req-9a45adc2-49d4-43b2-b6be-f59f280d9ff2"}]}
2026-05-29 12:38:43.065 10 INFO neutron.wsgi [None req-58586f01-8684-40f8-aff9-b53e347d23e9 d24289479500452397d35a355fe58086 22b060d8a63c4a92acdab92b527fd76d - - default default] 10.0.0.132 "DELETE /v2.0/networks/ee7c8b50-c274-4564-a83a-c408209f7005 HTTP/1.1" status: 204 len: 168 time: 1.1616540
2026-05-29 12:38:43.098 10 INFO neutron.db.ovn_revision_numbers_db [None req-374daa48-2896-4fee-8cdc-9b0cc76000ad - - - - - -] Successfully bumped revision number for resource 4ed81c30-6431-4ac3-85a0-7d44c2fae750 (type: ports) to 3
2026-05-29 12:38:43.149 9 INFO neutron.wsgi [None req-e711ea3c-6387-4b78-a574-fecb566f6fac 023e332ab0a64e99bdb0346b22745e13 b3bfee72ef3c42b7947e31d838756ce4 - - default default] 10.0.0.132 "DELETE /v2.0/subnets/09680599-4573-4438-84d3-e3a0b257c94b HTTP/1.1" status: 204 len: 168 time: 0.2845986
2026-05-29 12:38:43.276 10 INFO neutron.db.ovn_revision_numbers_db [None req-374daa48-2896-4fee-8cdc-9b0cc76000ad - - - - - -] Successfully bumped revision number for resource 4ed81c30-6431-4ac3-85a0-7d44c2fae750 (type: router_ports) to 3
2026-05-29 12:38:43.406 9 WARNING neutron.scheduler.dhcp_agent_scheduler [None req-2defacbb-20ad-431e-883f-de0670b57ff2 6536e182cca748a0b6092dad330042d3 7aeb5f936e9a4de5952c28a6ae9592fa - - default default] No more DHCP agents
2026-05-29 12:38:43.415 9 WARNING neutron.api.rpc.agentnotifiers.dhcp_rpc_agent_api [None req-2defacbb-20ad-431e-883f-de0670b57ff2 6536e182cca748a0b6092dad330042d3 7aeb5f936e9a4de5952c28a6ae9592fa - - default default] Unable to schedule network 2d05f2cd-d214-4e47-bcd2-624a1f1d6b2c: no agents available; will retry on subsequent port and subnet creation events.
2026-05-29 12:38:43.498 9 INFO neutron.wsgi [None req-bf90fad8-49fe-45d3-bb84-4939fef5f47b 023e332ab0a64e99bdb0346b22745e13 b3bfee72ef3c42b7947e31d838756ce4 - - default default] 10.0.0.132 "DELETE /v2.0/subnets/2c831e9f-1d71-4496-b7c5-4de8f10ee011 HTTP/1.1" status: 204 len: 168 time: 0.3426969
2026-05-29 12:38:43.584 10 INFO neutron.db.ovn_revision_numbers_db [None req-0d1dc7a2-a98f-4774-8245-58c05414a894 - - - - - -] Successfully bumped revision number for resource 0873a44d-6ac1-4a44-a552-3bc279a2cb31 (type: ports) to 1
2026-05-29 12:38:43.693 10 INFO neutron.db.ovn_revision_numbers_db [None req-c4770ef8-a353-48c4-9847-11220ad96007 afd8d014e31d4338b3ff95f469cb2621 0d254b7ceff240d28c3be8defbb36fab - - default default] Successfully bumped revision number for resource 4ed81c30-6431-4ac3-85a0-7d44c2fae750 (type: ports) to 3
2026-05-29 12:38:43.726 9 INFO neutron.db.ovn_revision_numbers_db [None req-2defacbb-20ad-431e-883f-de0670b57ff2 6536e182cca748a0b6092dad330042d3 7aeb5f936e9a4de5952c28a6ae9592fa - - default default] Successfully bumped revision number for resource f00864e4-1d29-4f50-8c0f-c3086bc99850 (type: ports) to 1
2026-05-29 12:38:43.767 9 INFO neutron.wsgi [None req-4b4129f4-a876-4b55-9956-5c14c57be24b d24289479500452397d35a355fe58086 22b060d8a63c4a92acdab92b527fd76d - - default default] 10.0.0.132 "DELETE /v2.0/networks/e4436550-cb01-454e-b1cc-e534521d35d0 HTTP/1.1" status: 204 len: 168 time: 0.6956468 /var/lib/openstack/lib/python3.10/site-packages/pycadf/identifier.py:71: UserWarning: Invalid uuid: neutron. To ensure interoperability, identifiers should be a valid uuid. warnings.warn(('Invalid uuid: %s. To ensure interoperability, '
2026-05-29 12:38:43.844 10 WARNING neutron.scheduler.dhcp_agent_scheduler [None req-c4770ef8-a353-48c4-9847-11220ad96007 afd8d014e31d4338b3ff95f469cb2621 0d254b7ceff240d28c3be8defbb36fab - - default default] No more DHCP agents
2026-05-29 12:38:43.849 10 WARNING neutron.api.rpc.agentnotifiers.dhcp_rpc_agent_api [None req-c4770ef8-a353-48c4-9847-11220ad96007 afd8d014e31d4338b3ff95f469cb2621 0d254b7ceff240d28c3be8defbb36fab - - default default] Unable to schedule network 5f56d273-88db-480f-8bea-a5b074a62e83: no agents available; will retry on subsequent port and subnet creation events.
2026-05-29 12:38:43.878 9 INFO neutron.wsgi [None req-7bf1568b-288b-4785-9c76-b9ca81a06ae4 023e332ab0a64e99bdb0346b22745e13 b3bfee72ef3c42b7947e31d838756ce4 - - default default] 10.0.0.132 "DELETE /v2.0/subnets/809d2197-08b9-4f0a-9df1-63211f6c7df7 HTTP/1.1" status: 204 len: 168 time: 0.3700516
2026-05-29 12:38:43.883 9 INFO neutron.services.segments.plugin [-] Segment c5e0b96c-dba8-4085-96db-052b1be358a9 resource provider aggregate not found
2026-05-29 12:38:43.896 9 INFO neutron.services.segments.plugin [-] Segment c5e0b96c-dba8-4085-96db-052b1be358a9 resource provider aggregate not found
2026-05-29 12:38:43.903 9 INFO neutron.services.segments.plugin [-] Segment c5e0b96c-dba8-4085-96db-052b1be358a9 resource provider not found; error: Placement Client Error (4xx): {"errors": [{"status": 404, "title": "Not Found", "detail": "The resource could not be found.\n\n No resource provider with uuid c5e0b96c-dba8-4085-96db-052b1be358a9 found for delete ", "request_id": "req-e5584489-9b14-4f25-a0c6-e8092f420dd7"}]}
2026-05-29 12:38:43.913 9 INFO neutron.services.segments.plugin [-] Segment c5e0b96c-dba8-4085-96db-052b1be358a9 resource provider not found; error: Placement Client Error (4xx): {"errors": [{"status": 404, "title": "Not Found", "detail": "The resource could not be found.\n\n No resource provider with uuid c5e0b96c-dba8-4085-96db-052b1be358a9 found for delete ", "request_id": "req-9e03f55a-e1a6-4fc8-a6dd-54abcbf25e80"}]}
2026-05-29 12:38:44.179 10 INFO neutron.db.ovn_revision_numbers_db [None req-0d1dc7a2-a98f-4774-8245-58c05414a894 - - - - - -] Successfully bumped revision number for resource 0873a44d-6ac1-4a44-a552-3bc279a2cb31 (type: router_ports) to 3
2026-05-29 12:38:44.202 9 INFO neutron.wsgi [None req-e4a8ebcf-b7c9-4a65-85b0-1ca090d14618 023e332ab0a64e99bdb0346b22745e13 b3bfee72ef3c42b7947e31d838756ce4 - - default default] 10.0.0.132 "DELETE /v2.0/subnets/be755a40-9c7d-4b04-806b-fa17fba72921 HTTP/1.1" status: 204 len: 168 time: 0.3098936
2026-05-29 12:38:44.292 9 INFO neutron.plugins.ml2.drivers.ovn.mech_driver.mech_driver [None req-712c2656-3222-4b2a-9f45-9bc110d09902 - - - - - -] OVN reports status up for port: f00864e4-1d29-4f50-8c0f-c3086bc99850
2026-05-29 12:38:44.307 10 INFO neutron.db.ovn_revision_numbers_db [None req-c4770ef8-a353-48c4-9847-11220ad96007 afd8d014e31d4338b3ff95f469cb2621 0d254b7ceff240d28c3be8defbb36fab - - default default] Successfully bumped revision number for resource 4ed81c30-6431-4ac3-85a0-7d44c2fae750 (type: router_ports) to 3
2026-05-29 12:38:44.310 10 INFO neutron.wsgi [None req-c4770ef8-a353-48c4-9847-11220ad96007 afd8d014e31d4338b3ff95f469cb2621 0d254b7ceff240d28c3be8defbb36fab - - default default] 10.0.0.132 "PUT /v2.0/routers/d83cad34-88b7-4ff1-949a-3ba906c92183/add_router_interface HTTP/1.1" status: 200 len: 503 time: 2.7438929
2026-05-29 12:38:44.312 9 INFO neutron.plugins.ml2.plugin [None req-712c2656-3222-4b2a-9f45-9bc110d09902 - - - - - -] Attempt 1 to provision port f00864e4-1d29-4f50-8c0f-c3086bc99850
2026-05-29 12:38:44.347 9 INFO neutron.db.ovn_revision_numbers_db [None req-2defacbb-20ad-431e-883f-de0670b57ff2 6536e182cca748a0b6092dad330042d3 7aeb5f936e9a4de5952c28a6ae9592fa - - default default] Successfully bumped revision number for resource f00864e4-1d29-4f50-8c0f-c3086bc99850 (type: router_ports) to 1
2026-05-29 12:38:44.376 10 INFO neutron.wsgi [None req-92a0a38b-e978-4338-85d9-3a5442dfde73 afd8d014e31d4338b3ff95f469cb2621 0d254b7ceff240d28c3be8defbb36fab - - default default] 10.0.0.132 "GET /v2.0/ports/4ed81c30-6431-4ac3-85a0-7d44c2fae750 HTTP/1.1" status: 200 len: 1215 time: 0.0567303
2026-05-29 12:38:44.522 10 INFO neutron.db.ovn_revision_numbers_db [None req-0d1dc7a2-a98f-4774-8245-58c05414a894 - - - - - -] Successfully bumped revision number for resource 0873a44d-6ac1-4a44-a552-3bc279a2cb31 (type: ports) to 2
2026-05-29 12:38:44.733 10 INFO neutron.wsgi [None req-17784ba4-467a-416e-afbf-f726a3df8334 d24289479500452397d35a355fe58086 22b060d8a63c4a92acdab92b527fd76d - - default default] 10.0.0.132 "DELETE /v2.0/networks/e99ccad5-b749-41d1-9f62-420ef71f1cca HTTP/1.1" status: 204 len: 168 time: 0.9582887
2026-05-29 12:38:44.818 9 INFO neutron.wsgi [None req-6e3a44e2-9d75-40b0-946e-cbf82d81d79e 023e332ab0a64e99bdb0346b22745e13 b3bfee72ef3c42b7947e31d838756ce4 - - default default] 10.0.0.132 "DELETE /v2.0/subnets/a64a1e21-04d0-41a7-9454-b8c8a8d95c17 HTTP/1.1" status: 204 len: 168 time: 0.6075253 /var/lib/openstack/lib/python3.10/site-packages/pycadf/identifier.py:71: UserWarning: Invalid uuid: neutron. To ensure interoperability, identifiers should be a valid uuid. warnings.warn(('Invalid uuid: %s. To ensure interoperability, '
2026-05-29 12:38:44.907 9 INFO neutron.db.ovn_revision_numbers_db [None req-2defacbb-20ad-431e-883f-de0670b57ff2 6536e182cca748a0b6092dad330042d3 7aeb5f936e9a4de5952c28a6ae9592fa - - default default] Successfully bumped revision number for resource f00864e4-1d29-4f50-8c0f-c3086bc99850 (type: ports) to 1
2026-05-29 12:38:44.995 10 INFO neutron.db.ovn_revision_numbers_db [None req-0d1dc7a2-a98f-4774-8245-58c05414a894 - - - - - -] Successfully bumped revision number for resource 0873a44d-6ac1-4a44-a552-3bc279a2cb31 (type: ports) to 4
2026-05-29 12:38:44.999 10 INFO neutron.services.segments.plugin [-] Segment 1a72c748-b31d-492c-b27d-111222729824 resource provider aggregate not found
2026-05-29 12:38:45.006 10 INFO neutron.services.segments.plugin [-] Segment 1a72c748-b31d-492c-b27d-111222729824 resource provider aggregate not found
2026-05-29 12:38:45.014 9 WARNING neutron.scheduler.dhcp_agent_scheduler [None req-2defacbb-20ad-431e-883f-de0670b57ff2 6536e182cca748a0b6092dad330042d3 7aeb5f936e9a4de5952c28a6ae9592fa - - default default] No more DHCP agents
2026-05-29 12:38:45.015 9 INFO neutron.db.ovn_revision_numbers_db [None req-712c2656-3222-4b2a-9f45-9bc110d09902 - - - - - -] Successfully bumped revision number for resource f00864e4-1d29-4f50-8c0f-c3086bc99850 (type: ports) to 2
2026-05-29 12:38:45.016 9 WARNING neutron.api.rpc.agentnotifiers.dhcp_rpc_agent_api [None req-2defacbb-20ad-431e-883f-de0670b57ff2 6536e182cca748a0b6092dad330042d3 7aeb5f936e9a4de5952c28a6ae9592fa - - default default] Unable to schedule network 2d05f2cd-d214-4e47-bcd2-624a1f1d6b2c: no agents available; will retry on subsequent port and subnet creation events.
2026-05-29 12:38:45.022 10 INFO neutron.services.segments.plugin [-] Segment 1a72c748-b31d-492c-b27d-111222729824 resource provider not found; error: Placement Client Error (4xx): {"errors": [{"status": 404, "title": "Not Found", "detail": "The resource could not be found.\n\n No resource provider with uuid 1a72c748-b31d-492c-b27d-111222729824 found for delete ", "request_id": "req-19f77bd5-c674-4c1f-9e32-dd378f87c0a4"}]}
2026-05-29 12:38:45.045 10 INFO neutron.services.segments.plugin [-] Segment 1a72c748-b31d-492c-b27d-111222729824 resource provider not found; error: Placement Client Error (4xx): {"errors": [{"status": 404, "title": "Not Found", "detail": "The resource could not be found.\n\n No resource provider with uuid 1a72c748-b31d-492c-b27d-111222729824 found for delete ", "request_id": "req-49346040-2945-480b-ab79-6897a6c68407"}]}
2026-05-29 12:38:45.153 9 INFO neutron.db.ovn_revision_numbers_db [None req-712c2656-3222-4b2a-9f45-9bc110d09902 - - - - - -] Successfully bumped revision number for resource f00864e4-1d29-4f50-8c0f-c3086bc99850 (type: router_ports) to 2
2026-05-29 12:38:45.405 9 INFO neutron.wsgi [None req-d5abad5e-193e-4989-9f8c-680528d23dbe 6536e182cca748a0b6092dad330042d3 7aeb5f936e9a4de5952c28a6ae9592fa - - default default] 10.0.0.132 "GET /v2.0/security-groups?tenant_id=22b060d8a63c4a92acdab92b527fd76d&name=default HTTP/1.1" status: 200 len: 2996 time: 0.1824758 /var/lib/openstack/lib/python3.10/site-packages/pycadf/identifier.py:71: UserWarning: Invalid uuid: neutron. To ensure interoperability, identifiers should be a valid uuid. warnings.warn(('Invalid uuid: %s. To ensure interoperability, '
2026-05-29 12:38:45.459 10 INFO neutron.wsgi [None req-2db4f9cc-2a9e-426f-a2ac-213c4f8d17e2 afd8d014e31d4338b3ff95f469cb2621 0d254b7ceff240d28c3be8defbb36fab - - default default] 10.0.0.132 "PUT /v2.0/routers/d83cad34-88b7-4ff1-949a-3ba906c92183/remove_router_interface HTTP/1.1" status: 200 len: 503 time: 1.0743823
2026-05-29 12:38:45.495 10 INFO neutron.db.ovn_revision_numbers_db [None req-0d1dc7a2-a98f-4774-8245-58c05414a894 - - - - - -] Successfully bumped revision number for resource 0873a44d-6ac1-4a44-a552-3bc279a2cb31 (type: router_ports) to 4
2026-05-29 12:38:45.582 9 INFO neutron.api.v2.resource [None req-6323ca17-687d-4b13-aaba-9993f79b86d6 afd8d014e31d4338b3ff95f469cb2621 0d254b7ceff240d28c3be8defbb36fab - - default default] remove_router_interface failed (client error): The resource could not be found.
2026-05-29 12:38:45.583 9 INFO neutron.wsgi [None req-6323ca17-687d-4b13-aaba-9993f79b86d6 afd8d014e31d4338b3ff95f469cb2621 0d254b7ceff240d28c3be8defbb36fab - - default default] 10.0.0.132 "PUT /v2.0/routers/d83cad34-88b7-4ff1-949a-3ba906c92183/remove_router_interface HTTP/1.1" status: 404 len: 398 time: 0.1162984
2026-05-29 12:38:45.597 9 INFO neutron.db.ovn_revision_numbers_db [None req-2defacbb-20ad-431e-883f-de0670b57ff2 6536e182cca748a0b6092dad330042d3 7aeb5f936e9a4de5952c28a6ae9592fa - - default default] Successfully bumped revision number for resource f00864e4-1d29-4f50-8c0f-c3086bc99850 (type: router_ports) to 2
2026-05-29 12:38:45.600 9 INFO neutron.wsgi [None req-2defacbb-20ad-431e-883f-de0670b57ff2 6536e182cca748a0b6092dad330042d3 7aeb5f936e9a4de5952c28a6ae9592fa - - default default] 10.0.0.132 "PUT /v2.0/routers/f3ddd62a-da30-4f3c-b1dd-89974a5a8f95/add_router_interface HTTP/1.1" status: 200 len: 503 time: 2.8947310
