2026-05-29 12:38:58.539 9 WARNING neutron.scheduler.dhcp_agent_scheduler [None req-ba02ac27-65cb-414a-a8f1-062f4172339a 7ff64c63fafe454f8c310777bb85b0ac a188894cbd7a482197043a4e66c93638 - - default default] No more DHCP agents
2026-05-29 12:38:58.546 9 WARNING neutron.api.rpc.agentnotifiers.dhcp_rpc_agent_api [None req-ba02ac27-65cb-414a-a8f1-062f4172339a 7ff64c63fafe454f8c310777bb85b0ac a188894cbd7a482197043a4e66c93638 - - default default] Unable to schedule network 37854a1d-de52-480b-9c0c-52f3b08020f6: no agents available; will retry on subsequent port and subnet creation events.
2026-05-29 12:38:58.548 9 INFO neutron.pecan_wsgi.hooks.translation [None req-2dc3e770-60d2-4193-ba83-116036cd0d05 029dc02470e448fb9d1e74959e98b948 5375b13ab12745538c6bf97a084e4efd - - default default] DELETE failed (client error): The resource could not be found.
2026-05-29 12:38:58.550 9 INFO neutron.wsgi [None req-2dc3e770-60d2-4193-ba83-116036cd0d05 029dc02470e448fb9d1e74959e98b948 5375b13ab12745538c6bf97a084e4efd - - default default] 10.0.0.132 "DELETE /v2.0/ports/9746e2c5-e019-49f2-a2d4-7a2202e7e464 HTTP/1.1" status: 404 len: 333 time: 0.0238073
2026-05-29 12:38:58.571 10 INFO neutron.pecan_wsgi.hooks.translation [None req-4cb0b919-8ca3-47d5-bc24-8416c862cede 029dc02470e448fb9d1e74959e98b948 5375b13ab12745538c6bf97a084e4efd - - default default] DELETE failed (client error): The resource could not be found.
2026-05-29 12:38:58.574 10 INFO neutron.wsgi [None req-4cb0b919-8ca3-47d5-bc24-8416c862cede 029dc02470e448fb9d1e74959e98b948 5375b13ab12745538c6bf97a084e4efd - - default default] 10.0.0.132 "DELETE /v2.0/subnets/59511355-f638-4a39-9b7d-9977944f14ea HTTP/1.1" status: 404 len: 337 time: 0.0173473
2026-05-29 12:38:58.597 10 INFO neutron.pecan_wsgi.hooks.translation [None req-62982160-11aa-4c6d-ba63-abb0e5cb1090 029dc02470e448fb9d1e74959e98b948 5375b13ab12745538c6bf97a084e4efd - - default default] DELETE failed (client error): The resource could not be found.
2026-05-29 12:38:58.599 10 INFO neutron.wsgi [None req-62982160-11aa-4c6d-ba63-abb0e5cb1090 029dc02470e448fb9d1e74959e98b948 5375b13ab12745538c6bf97a084e4efd - - default default] 10.0.0.132 "DELETE /v2.0/subnets/f9f4ff6f-8db9-448a-a7f2-0e1198f49562 HTTP/1.1" status: 404 len: 337 time: 0.0203416
2026-05-29 12:38:58.914 10 INFO neutron.wsgi [None req-1238b092-4b73-4bae-afb4-5110f427157f 6536e182cca748a0b6092dad330042d3 7aeb5f936e9a4de5952c28a6ae9592fa - - default default] 10.0.0.132 "DELETE /v2.0/security-groups/867ab6ed-40ab-4a5a-a3ee-4270943f772e HTTP/1.1" status: 204 len: 168 time: 0.5500250
2026-05-29 12:38:58.923 9 WARNING neutron.plugins.ml2.drivers.ovn.mech_driver.ovsdb.ovn_client [None req-712c2656-3222-4b2a-9f45-9bc110d09902 - - - - - -] No hosting information found for port fec20313-2b35-461b-b150-8517ca58107c: RuntimeError: No hosting information found for port fec20313-2b35-461b-b150-8517ca58107c
2026-05-29 12:38:58.923 9 INFO neutron.plugins.ml2.drivers.ovn.mech_driver.mech_driver [None req-712c2656-3222-4b2a-9f45-9bc110d09902 - - - - - -] OVN reports status down for port: 4aad78d7-d27d-4f5a-b69b-aa6db3d87b39
2026-05-29 12:38:58.974 9 INFO neutron.db.ovn_revision_numbers_db [None req-0dcd5732-d272-4a9c-a93a-42f2db34625e 6536e182cca748a0b6092dad330042d3 7aeb5f936e9a4de5952c28a6ae9592fa - - default default] Successfully bumped revision number for resource f0a01761-0b3b-4d03-9f0c-0d10b56cb586 (type: security_groups) to 1
2026-05-29 12:38:58.983 9 INFO neutron.db.ovn_revision_numbers_db [None req-ba02ac27-65cb-414a-a8f1-062f4172339a 7ff64c63fafe454f8c310777bb85b0ac a188894cbd7a482197043a4e66c93638 - - default default] Successfully bumped revision number for resource 63cb4764-c7ad-4701-89a0-e6a6887b9a46 (type: floatingips) to 0
2026-05-29 12:38:58.992 9 INFO neutron.db.ovn_revision_numbers_db [None req-0dcd5732-d272-4a9c-a93a-42f2db34625e 6536e182cca748a0b6092dad330042d3 7aeb5f936e9a4de5952c28a6ae9592fa - - default default] Successfully bumped revision number for resource 15cca5da-4edb-46e0-84ad-820a62837f09 (type: security_group_rules) to 0
2026-05-29 12:38:58.999 9 INFO neutron.wsgi [None req-ba02ac27-65cb-414a-a8f1-062f4172339a 7ff64c63fafe454f8c310777bb85b0ac a188894cbd7a482197043a4e66c93638 - - default default] 10.0.0.132 "POST /v2.0/floatingips HTTP/1.1" status: 201 len: 751 time: 0.8315673
2026-05-29 12:38:59.011 9 INFO neutron.db.ovn_revision_numbers_db [None req-0dcd5732-d272-4a9c-a93a-42f2db34625e 6536e182cca748a0b6092dad330042d3 7aeb5f936e9a4de5952c28a6ae9592fa - - default default] Successfully bumped revision number for resource 3960c064-2aae-4dc7-a849-d56d3e91975d (type: security_group_rules) to 0
2026-05-29 12:38:59.028 9 INFO neutron.db.ovn_revision_numbers_db [None req-0dcd5732-d272-4a9c-a93a-42f2db34625e 6536e182cca748a0b6092dad330042d3 7aeb5f936e9a4de5952c28a6ae9592fa - - default default] Successfully bumped revision number for resource 3ce663ab-7ec6-4144-aed9-83b9f02d2a12 (type: security_group_rules) to 0
2026-05-29 12:38:59.044 9 INFO neutron.db.ovn_revision_numbers_db [None req-0dcd5732-d272-4a9c-a93a-42f2db34625e 6536e182cca748a0b6092dad330042d3 7aeb5f936e9a4de5952c28a6ae9592fa - - default default] Successfully bumped revision number for resource d57600ef-0ca0-424b-8bd5-94d17fae7ed9 (type: security_group_rules) to 0
2026-05-29 12:38:59.072 10 INFO neutron.wsgi [None req-c455091d-e35d-4bc2-88b5-de81353847fc 029dc02470e448fb9d1e74959e98b948 5375b13ab12745538c6bf97a084e4efd - - default default] 10.0.0.132 "DELETE /v2.0/ports/0f115f43-4d42-4fe5-84b0-d2c01dae3a3f HTTP/1.1" status: 204 len: 168 time: 0.4689388
2026-05-29 12:38:59.085 9 INFO neutron.wsgi [None req-0dcd5732-d272-4a9c-a93a-42f2db34625e 6536e182cca748a0b6092dad330042d3 7aeb5f936e9a4de5952c28a6ae9592fa - - default default] 10.0.0.132 "GET /v2.0/security-groups?tenant_id=88b8a4e1cda34db7a53f0fb6d8ec8d89&name=default HTTP/1.1" status: 200 len: 2996 time: 0.5212405
2026-05-29 12:38:59.125 9 INFO neutron.wsgi [req-a1f8d941-9b37-4938-acac-b38d8849d69f req-3eee23f4-b2f6-4597-8f35-87750ab16c2e 7ff64c63fafe454f8c310777bb85b0ac a188894cbd7a482197043a4e66c93638 - - default default] 10.0.0.35 "GET /v2.0/security-groups?name=tempest-securitygroup--1596020342&fields=id&tenant_id=a188894cbd7a482197043a4e66c93638 HTTP/1.1" status: 200 len: 267 time: 0.0525339
2026-05-29 12:38:59.177 9 INFO neutron.wsgi [req-a1f8d941-9b37-4938-acac-b38d8849d69f req-cc8e19b1-9708-4448-80e4-82c67768d718 7ff64c63fafe454f8c310777bb85b0ac a188894cbd7a482197043a4e66c93638 - - default default] 10.0.0.35 "GET /v2.0/security-groups?name=tempest-secgroup-smoke-502221708&fields=id&tenant_id=a188894cbd7a482197043a4e66c93638 HTTP/1.1" status: 200 len: 267 time: 0.0445893
2026-05-29 12:38:59.282 9 INFO neutron.wsgi [req-a1f8d941-9b37-4938-acac-b38d8849d69f req-07d951a9-6df2-48e5-8531-9267c0ada59b 7ff64c63fafe454f8c310777bb85b0ac a188894cbd7a482197043a4e66c93638 - - default default] 10.0.0.35 "GET /v2.0/networks?id=2d05f2cd-d214-4e47-bcd2-624a1f1d6b2c HTTP/1.1" status: 200 len: 871 time: 0.0962608
2026-05-29 12:38:59.323 9 INFO neutron.wsgi [req-a1f8d941-9b37-4938-acac-b38d8849d69f req-3fd2a0a1-2180-4f1a-9754-5c70ab59c282 7ff64c63fafe454f8c310777bb85b0ac a188894cbd7a482197043a4e66c93638 - - default default] 10.0.0.35 "GET /v2.0/quotas/a188894cbd7a482197043a4e66c93638 HTTP/1.1" status: 200 len: 386 time: 0.0322781
2026-05-29 12:38:59.435 9 INFO neutron.wsgi [None req-fdd1c234-4444-4ac8-9300-26669b78d006 6536e182cca748a0b6092dad330042d3 7aeb5f936e9a4de5952c28a6ae9592fa - - default default] 10.0.0.132 "DELETE /v2.0/security-groups/f0a01761-0b3b-4d03-9f0c-0d10b56cb586 HTTP/1.1" status: 204 len: 168 time: 0.3431354
2026-05-29 12:38:59.455 10 INFO neutron.services.segments.plugin [-] Segment 670a3e11-b218-429d-a257-f0aa30e8325b resource provider aggregate not found
2026-05-29 12:38:59.461 10 INFO neutron.services.segments.plugin [-] Segment 670a3e11-b218-429d-a257-f0aa30e8325b resource provider aggregate not found
2026-05-29 12:38:59.465 9 INFO neutron.wsgi [req-a1f8d941-9b37-4938-acac-b38d8849d69f req-eed65990-109e-422e-b4e2-8d8ed56b047b 7ff64c63fafe454f8c310777bb85b0ac a188894cbd7a482197043a4e66c93638 - - default default] 10.0.0.35 "GET /v2.0/ports?tenant_id=a188894cbd7a482197043a4e66c93638&fields=id HTTP/1.1" status: 200 len: 302 time: 0.1313252
2026-05-29 12:38:59.483 10 INFO neutron.services.segments.plugin [-] Segment 670a3e11-b218-429d-a257-f0aa30e8325b resource provider not found; error: Placement Client Error (4xx): {"errors": [{"status": 404, "title": "Not Found", "detail": "The resource could not be found.\n\n No resource provider with uuid 670a3e11-b218-429d-a257-f0aa30e8325b found for delete ", "request_id": "req-34d2dbe6-39c5-4826-ba22-312303b7ad38"}]}
2026-05-29 12:38:59.485 10 INFO neutron.services.segments.plugin [-] Segment 670a3e11-b218-429d-a257-f0aa30e8325b resource provider not found; error: Placement Client Error (4xx): {"errors": [{"status": 404, "title": "Not Found", "detail": "The resource could not be found.\n\n No resource provider with uuid 670a3e11-b218-429d-a257-f0aa30e8325b found for delete ", "request_id": "req-d1ad704c-723d-4bb6-a3a0-d32522e07c2b"}]}
2026-05-29 12:38:59.517 10 INFO neutron.wsgi [None req-110129da-0357-4d03-80f1-f5cdc20b7225 029dc02470e448fb9d1e74959e98b948 5375b13ab12745538c6bf97a084e4efd - - default default] 10.0.0.132 "DELETE /v2.0/networks/c396d410-5ca9-4b89-91bf-243ed33d041e HTTP/1.1" status: 204 len: 168 time: 0.4393666
2026-05-29 12:38:59.560 9 INFO neutron.wsgi [req-a1f8d941-9b37-4938-acac-b38d8849d69f req-135bf4ef-ea67-4a34-b6a4-a626c799bcc4 fa748b7f717e4474a271517bf1d588d2 9a445fbe52a8484e8ac40263374188a5 - - 10135560175449639de1ac7a4564d476 10135560175449639de1ac7a4564d476] 10.0.0.35 "GET /v2.0/networks/2d05f2cd-d214-4e47-bcd2-624a1f1d6b2c?fields=segments HTTP/1.1" status: 200 len: 212 time: 0.0792303
2026-05-29 12:38:59.631 9 INFO neutron.wsgi [req-a1f8d941-9b37-4938-acac-b38d8849d69f req-427a4aea-16f2-4099-b314-5f6af2131cf6 fa748b7f717e4474a271517bf1d588d2 9a445fbe52a8484e8ac40263374188a5 - - 10135560175449639de1ac7a4564d476 10135560175449639de1ac7a4564d476] 10.0.0.35 "GET /v2.0/networks/2d05f2cd-d214-4e47-bcd2-624a1f1d6b2c?fields=provider%3Aphysical_network&fields=provider%3Anetwork_type HTTP/1.1" status: 200 len: 277 time: 0.0639822
2026-05-29 12:38:59.681 10 WARNING neutron.plugins.ml2.drivers.ovn.mech_driver.ovsdb.ovn_client [None req-374daa48-2896-4fee-8cdc-9b0cc76000ad - - - - - -] No port found with ID 2917f787-59a1-4ee8-a4ee-36cd7e82c7da: RuntimeError: No port found with ID 2917f787-59a1-4ee8-a4ee-36cd7e82c7da
2026-05-29 12:38:59.692 10 INFO neutron.db.ovn_revision_numbers_db [None req-e0ac1c12-e75d-4e31-80b1-870438cb65ed 6536e182cca748a0b6092dad330042d3 7aeb5f936e9a4de5952c28a6ae9592fa - - default default] Successfully bumped revision number for resource 73585ee7-0694-4d4b-9926-708851074ffd (type: security_groups) to 1
2026-05-29 12:38:59.713 10 INFO neutron.db.ovn_revision_numbers_db [None req-e0ac1c12-e75d-4e31-80b1-870438cb65ed 6536e182cca748a0b6092dad330042d3 7aeb5f936e9a4de5952c28a6ae9592fa - - default default] Successfully bumped revision number for resource 38db2497-64fc-4e30-a227-e7c5e1928c60 (type: security_group_rules) to 0
2026-05-29 12:38:59.739 10 INFO neutron.db.ovn_revision_numbers_db [None req-e0ac1c12-e75d-4e31-80b1-870438cb65ed 6536e182cca748a0b6092dad330042d3 7aeb5f936e9a4de5952c28a6ae9592fa - - default default] Successfully bumped revision number for resource 46a6ec29-5f70-4a6a-98e1-4ee0276b7ed6 (type: security_group_rules) to 0
2026-05-29 12:38:59.753 10 INFO neutron.db.ovn_revision_numbers_db [None req-e0ac1c12-e75d-4e31-80b1-870438cb65ed 6536e182cca748a0b6092dad330042d3 7aeb5f936e9a4de5952c28a6ae9592fa - - default default] Successfully bumped revision number for resource 92ab4aaa-1f18-402f-b0da-a00b516eaf5c (type: security_group_rules) to 0
2026-05-29 12:38:59.798 10 INFO neutron.db.ovn_revision_numbers_db [None req-e0ac1c12-e75d-4e31-80b1-870438cb65ed 6536e182cca748a0b6092dad330042d3 7aeb5f936e9a4de5952c28a6ae9592fa - - default default] Successfully bumped revision number for resource e86da382-f241-43f1-a6fa-4e4faaca52f7 (type: security_group_rules) to 0
2026-05-29 12:38:59.809 9 INFO neutron.wsgi [req-4042176e-16e0-461f-b0ed-abdeeb63dc29 req-3e67b04d-a779-495a-8a7a-fb0830f7d923 7ff64c63fafe454f8c310777bb85b0ac a188894cbd7a482197043a4e66c93638 - - default default] 10.0.0.35 "GET /v2.0/ports?device_id=f486efe0-ae8c-4eb5-ac75-f415aaafc2f6 HTTP/1.1" status: 200 len: 210 time: 0.0220592
2026-05-29 12:38:59.828 10 INFO neutron.wsgi [None req-e0ac1c12-e75d-4e31-80b1-870438cb65ed 6536e182cca748a0b6092dad330042d3 7aeb5f936e9a4de5952c28a6ae9592fa - - default default] 10.0.0.132 "GET /v2.0/security-groups?tenant_id=2cd8e7655e7c49fb8f825e51ee13c3ca&name=default HTTP/1.1" status: 200 len: 2996 time: 0.2678325
2026-05-29 12:39:00.084 10 INFO neutron.wsgi [None req-59277684-0434-45ff-a245-dbe3660d456f 6536e182cca748a0b6092dad330042d3 7aeb5f936e9a4de5952c28a6ae9592fa - - default default] 10.0.0.132 "DELETE /v2.0/security-groups/73585ee7-0694-4d4b-9926-708851074ffd HTTP/1.1" status: 204 len: 168 time: 0.2477112
2026-05-29 12:39:00.387 10 INFO neutron.wsgi [None req-9c724223-433f-4fd7-bd2c-a7925e7f2540 6536e182cca748a0b6092dad330042d3 7aeb5f936e9a4de5952c28a6ae9592fa - - default default] 10.0.0.132 "GET /v2.0/security-groups?tenant_id=5375b13ab12745538c6bf97a084e4efd&name=default HTTP/1.1" status: 200 len: 2996 time: 0.3218255
2026-05-29 12:39:00.638 9 INFO neutron.wsgi [req-a1f8d941-9b37-4938-acac-b38d8849d69f req-fa25eae4-f839-4aa2-bdc4-8e66de8e0772 7ff64c63fafe454f8c310777bb85b0ac a188894cbd7a482197043a4e66c93638 - - default default] 199.204.45.35 "GET /v2.0/networks?id=2d05f2cd-d214-4e47-bcd2-624a1f1d6b2c HTTP/1.1" status: 200 len: 871 time: 0.0966413
2026-05-29 12:39:00.668 10 INFO neutron.wsgi [None req-42955577-c82c-474d-9e20-8c63e86936de 6536e182cca748a0b6092dad330042d3 7aeb5f936e9a4de5952c28a6ae9592fa - - default default] 10.0.0.132 "DELETE /v2.0/security-groups/2da2b0cb-994f-438d-bec4-aacbea4389b1 HTTP/1.1" status: 204 len: 168 time: 0.2694411
2026-05-29 12:39:00.704 9 INFO neutron.wsgi [req-a1f8d941-9b37-4938-acac-b38d8849d69f req-7df73ba4-b93f-496c-8ce5-f3f6d8cf26c3 7ff64c63fafe454f8c310777bb85b0ac a188894cbd7a482197043a4e66c93638 - - default default] 199.204.45.35 "GET /v2.0/security-groups?fields=id&fields=name&tenant_id=a188894cbd7a482197043a4e66c93638 HTTP/1.1" status: 200 len: 472 time: 0.0608249
2026-05-29 12:39:00.715 9 WARNING neutron_lib.context [req-a1f8d941-9b37-4938-acac-b38d8849d69f req-e7e82478-9c4d-41f3-9851-e025f199a9a6 7ff64c63fafe454f8c310777bb85b0ac a188894cbd7a482197043a4e66c93638 - - default default] Method 'is_advsvc' is deprecated since 2023.2 release (neutron-lib 3.8.0) and will be removed once support for the old RBAC API policies will be removed from Neutron. Please use method 'is_service_role' instead.
2026-05-29 12:39:00.923 9 INFO neutron.wsgi [req-1d11871f-d18f-4290-a9cf-63d579d66723 req-a9961459-d76c-447b-a94a-a90805407832 7ff64c63fafe454f8c310777bb85b0ac a188894cbd7a482197043a4e66c93638 - - default default] 10.0.0.35 "GET /v2.0/ports?device_id=f486efe0-ae8c-4eb5-ac75-f415aaafc2f6 HTTP/1.1" status: 200 len: 210 time: 0.0326829
2026-05-29 12:39:01.022 10 WARNING neutron_lib.context [None req-fdedd59b-7170-42c8-a8db-d9d49b17b7c8 bb7793a897164eeda0d0523b41078d60 d57bd6df955349ba9a626d027e5d3910 - - default default] Method 'is_advsvc' is deprecated since 2023.2 release (neutron-lib 3.8.0) and will be removed once support for the old RBAC API policies will be removed from Neutron. Please use method 'is_service_role' instead.
2026-05-29 12:39:01.091 9 WARNING neutron.scheduler.dhcp_agent_scheduler [req-a1f8d941-9b37-4938-acac-b38d8849d69f req-e7e82478-9c4d-41f3-9851-e025f199a9a6 7ff64c63fafe454f8c310777bb85b0ac a188894cbd7a482197043a4e66c93638 - - default default] No more DHCP agents
2026-05-29 12:39:01.093 9 WARNING neutron.api.rpc.agentnotifiers.dhcp_rpc_agent_api [req-a1f8d941-9b37-4938-acac-b38d8849d69f req-e7e82478-9c4d-41f3-9851-e025f199a9a6 7ff64c63fafe454f8c310777bb85b0ac a188894cbd7a482197043a4e66c93638 - - default default] Unable to schedule network 2d05f2cd-d214-4e47-bcd2-624a1f1d6b2c: no agents available; will retry on subsequent port and subnet creation events.
2026-05-29 12:39:01.144 10 INFO neutron.db.ovn_revision_numbers_db [None req-fdedd59b-7170-42c8-a8db-d9d49b17b7c8 bb7793a897164eeda0d0523b41078d60 d57bd6df955349ba9a626d027e5d3910 - - default default] Successfully bumped revision number for resource 4a8dd3c8-6eb1-497d-ac14-401293b18dc0 (type: security_groups) to 1
2026-05-29 12:39:01.159 10 INFO neutron.db.ovn_revision_numbers_db [None req-fdedd59b-7170-42c8-a8db-d9d49b17b7c8 bb7793a897164eeda0d0523b41078d60 d57bd6df955349ba9a626d027e5d3910 - - default default] Successfully bumped revision number for resource 58d8bac9-b5c9-4d9b-921f-0570e82801aa (type: security_group_rules) to 0
2026-05-29 12:39:01.174 10 INFO neutron.db.ovn_revision_numbers_db [None req-fdedd59b-7170-42c8-a8db-d9d49b17b7c8 bb7793a897164eeda0d0523b41078d60 d57bd6df955349ba9a626d027e5d3910 - - default default] Successfully bumped revision number for resource 5a855abb-0755-4832-b795-b1f47e7adb73 (type: security_group_rules) to 0
2026-05-29 12:39:01.187 10 INFO neutron.db.ovn_revision_numbers_db [None req-fdedd59b-7170-42c8-a8db-d9d49b17b7c8 bb7793a897164eeda0d0523b41078d60 d57bd6df955349ba9a626d027e5d3910 - - default default] Successfully bumped revision number for resource 67da1704-afd5-4ea3-b0e2-836da977b823 (type: security_group_rules) to 0
2026-05-29 12:39:01.201 10 INFO neutron.db.ovn_revision_numbers_db [None req-fdedd59b-7170-42c8-a8db-d9d49b17b7c8 bb7793a897164eeda0d0523b41078d60 d57bd6df955349ba9a626d027e5d3910 - - default default] Successfully bumped revision number for resource b2c7a751-cb3c-4ae2-a22b-3938f06f1837 (type: security_group_rules) to 0
2026-05-29 12:39:01.262 10 INFO neutron.db.segments_db [None req-fdedd59b-7170-42c8-a8db-d9d49b17b7c8 bb7793a897164eeda0d0523b41078d60 d57bd6df955349ba9a626d027e5d3910 - - default default] Added segment b0f1ce80-e009-44bd-8fb1-fe8a70ac525f of type geneve for network 8fd54e73-161e-4adc-810a-1d5588011e62
2026-05-29 12:39:01.275 9 INFO neutron.db.ovn_revision_numbers_db [req-a1f8d941-9b37-4938-acac-b38d8849d69f req-e7e82478-9c4d-41f3-9851-e025f199a9a6 7ff64c63fafe454f8c310777bb85b0ac a188894cbd7a482197043a4e66c93638 - - default default] Successfully bumped revision number for resource 0dfed526-1475-4136-9fdd-446799dfcfc7 (type: ports) to 1
2026-05-29 12:39:01.295 9 INFO neutron.wsgi [req-a1f8d941-9b37-4938-acac-b38d8849d69f req-e7e82478-9c4d-41f3-9851-e025f199a9a6 7ff64c63fafe454f8c310777bb85b0ac a188894cbd7a482197043a4e66c93638 - - default default] 199.204.45.35 "POST /v2.0/ports HTTP/1.1" status: 201 len: 1201 time: 0.5856142 /var/lib/openstack/lib/python3.10/site-packages/pycadf/identifier.py:71: UserWarning: Invalid uuid: neutron. To ensure interoperability, identifiers should be a valid uuid. warnings.warn(('Invalid uuid: %s. To ensure interoperability, '
2026-05-29 12:39:01.345 10 INFO neutron.wsgi [-] 10.0.0.202 "GET / HTTP/1.1" status: 200 len: 246 time: 0.0024390
2026-05-29 12:39:01.347 10 INFO neutron.wsgi [-] 10.0.0.202 "GET / HTTP/1.1" status: 200 len: 246 time: 0.0013046
2026-05-29 12:39:01.418 10 INFO neutron.db.ovn_revision_numbers_db [None req-fdedd59b-7170-42c8-a8db-d9d49b17b7c8 bb7793a897164eeda0d0523b41078d60 d57bd6df955349ba9a626d027e5d3910 - - default default] Successfully bumped revision number for resource 8fd54e73-161e-4adc-810a-1d5588011e62 (type: networks) to 1
2026-05-29 12:39:01.614 10 WARNING neutron.scheduler.dhcp_agent_scheduler [None req-fdedd59b-7170-42c8-a8db-d9d49b17b7c8 bb7793a897164eeda0d0523b41078d60 d57bd6df955349ba9a626d027e5d3910 - - default default] No more DHCP agents
2026-05-29 12:39:01.617 10 WARNING neutron.api.rpc.agentnotifiers.dhcp_rpc_agent_api [None req-fdedd59b-7170-42c8-a8db-d9d49b17b7c8 bb7793a897164eeda0d0523b41078d60 d57bd6df955349ba9a626d027e5d3910 - - default default] Unable to schedule network 8fd54e73-161e-4adc-810a-1d5588011e62: no agents available; will retry on subsequent port and subnet creation events.
2026-05-29 12:39:01.705 10 INFO neutron.db.ovn_revision_numbers_db [None req-fdedd59b-7170-42c8-a8db-d9d49b17b7c8 bb7793a897164eeda0d0523b41078d60 d57bd6df955349ba9a626d027e5d3910 - - default default] Successfully bumped revision number for resource 8d4d1037-5f8b-42a9-9821-1aebca4fda24 (type: ports) to 1
2026-05-29 12:39:01.731 10 INFO neutron.wsgi [None req-fdedd59b-7170-42c8-a8db-d9d49b17b7c8 bb7793a897164eeda0d0523b41078d60 d57bd6df955349ba9a626d027e5d3910 - - default default] 10.0.0.132 "POST /v2.0/networks HTTP/1.1" status: 201 len: 829 time: 0.8203607
2026-05-29 12:39:01.740 10 WARNING neutron_lib.context [None req-96a84633-6a4e-44ce-b5e4-e48e188c700f bb7793a897164eeda0d0523b41078d60 d57bd6df955349ba9a626d027e5d3910 - - default default] Method 'is_advsvc' is deprecated since 2023.2 release (neutron-lib 3.8.0) and will be removed once support for the old RBAC API policies will be removed from Neutron. Please use method 'is_service_role' instead.
2026-05-29 12:39:01.743 9 INFO neutron.db.ovn_revision_numbers_db [req-a1f8d941-9b37-4938-acac-b38d8849d69f req-3cf39719-ab83-4492-9c63-92d57141444f fa748b7f717e4474a271517bf1d588d2 9a445fbe52a8484e8ac40263374188a5 - - 10135560175449639de1ac7a4564d476 10135560175449639de1ac7a4564d476] Successfully bumped revision number for resource 0dfed526-1475-4136-9fdd-446799dfcfc7 (type: ports) to 2
2026-05-29 12:39:01.832 10 INFO neutron.db.segments_db [None req-96a84633-6a4e-44ce-b5e4-e48e188c700f bb7793a897164eeda0d0523b41078d60 d57bd6df955349ba9a626d027e5d3910 - - default default] Added segment b84743a1-b08d-4260-93b2-629359cb3ce7 of type geneve for network 93113325-4fde-4bcb-8666-1013dfb0146b
2026-05-29 12:39:01.977 9 INFO neutron.db.ovn_revision_numbers_db [req-a1f8d941-9b37-4938-acac-b38d8849d69f req-3cf39719-ab83-4492-9c63-92d57141444f fa748b7f717e4474a271517bf1d588d2 9a445fbe52a8484e8ac40263374188a5 - - 10135560175449639de1ac7a4564d476 10135560175449639de1ac7a4564d476] Successfully bumped revision number for resource 0dfed526-1475-4136-9fdd-446799dfcfc7 (type: ports) to 2
2026-05-29 12:39:01.988 10 INFO neutron.db.ovn_revision_numbers_db [None req-96a84633-6a4e-44ce-b5e4-e48e188c700f bb7793a897164eeda0d0523b41078d60 d57bd6df955349ba9a626d027e5d3910 - - default default] Successfully bumped revision number for resource 93113325-4fde-4bcb-8666-1013dfb0146b (type: networks) to 1
2026-05-29 12:39:01.997 9 INFO neutron.wsgi [req-a1f8d941-9b37-4938-acac-b38d8849d69f req-3cf39719-ab83-4492-9c63-92d57141444f fa748b7f717e4474a271517bf1d588d2 9a445fbe52a8484e8ac40263374188a5 - - 10135560175449639de1ac7a4564d476 10135560175449639de1ac7a4564d476] 199.204.45.35 "PUT /v2.0/ports/0dfed526-1475-4136-9fdd-446799dfcfc7 HTTP/1.1" status: 200 len: 1419 time: 0.6916900 /var/lib/openstack/lib/python3.10/site-packages/pycadf/identifier.py:71: UserWarning: Invalid uuid: neutron. To ensure interoperability, identifiers should be a valid uuid. warnings.warn(('Invalid uuid: %s. To ensure interoperability, '
2026-05-29 12:39:02.048 9 INFO neutron.notifiers.nova [-] Nova event matching ['req-e303075e-4643-401b-ad9a-dcf9fc441c8d'] response: {'name': 'network-changed', 'server_uuid': 'f486efe0-ae8c-4eb5-ac75-f415aaafc2f6', 'tag': '0dfed526-1475-4136-9fdd-446799dfcfc7', 'status': 'completed', 'code': 200}
2026-05-29 12:39:02.071 9 INFO neutron.wsgi [req-590069db-18a5-4ee4-9dee-55da2a33df1e req-c6bfc39c-1c5f-4751-a519-1ad4752ba18b 7ff64c63fafe454f8c310777bb85b0ac a188894cbd7a482197043a4e66c93638 - - default default] 10.0.0.35 "GET /v2.0/ports?device_id=f486efe0-ae8c-4eb5-ac75-f415aaafc2f6 HTTP/1.1" status: 200 len: 1212 time: 0.0679345
2026-05-29 12:39:02.095 9 INFO neutron.wsgi [req-a1f8d941-9b37-4938-acac-b38d8849d69f req-74b8b0cf-f786-448b-b17b-4522d4c452a7 fa748b7f717e4474a271517bf1d588d2 9a445fbe52a8484e8ac40263374188a5 - - 10135560175449639de1ac7a4564d476 10135560175449639de1ac7a4564d476] 199.204.45.35 "GET /v2.0/ports?tenant_id=a188894cbd7a482197043a4e66c93638&device_id=f486efe0-ae8c-4eb5-ac75-f415aaafc2f6 HTTP/1.1" status: 200 len: 1450 time: 0.0625286
2026-05-29 12:39:02.137 9 INFO neutron.wsgi [req-a1f8d941-9b37-4938-acac-b38d8849d69f req-2243199f-d447-4a56-8323-d19317f41dc0 fa748b7f717e4474a271517bf1d588d2 9a445fbe52a8484e8ac40263374188a5 - - 10135560175449639de1ac7a4564d476 10135560175449639de1ac7a4564d476] 199.204.45.35 "GET /v2.0/floatingips?fixed_ip_address=10.100.0.12&port_id=0dfed526-1475-4136-9fdd-446799dfcfc7 HTTP/1.1" status: 200 len: 217 time: 0.0322509
2026-05-29 12:39:02.170 9 INFO neutron.wsgi [req-590069db-18a5-4ee4-9dee-55da2a33df1e req-c9759d9b-512b-4b1b-ae67-cef000ac9de7 7ff64c63fafe454f8c310777bb85b0ac a188894cbd7a482197043a4e66c93638 - - default default] 10.0.0.35 "GET /v2.0/security-groups?id=35fb0808-abc5-4949-9ca8-fa7001381b51&id=6570ee7a-f859-4bfc-84e4-fd7a31e96eb2&fields=id&fields=name HTTP/1.1" status: 200 len: 405 time: 0.0879312
2026-05-29 12:39:02.171 10 WARNING neutron.scheduler.dhcp_agent_scheduler [None req-96a84633-6a4e-44ce-b5e4-e48e188c700f bb7793a897164eeda0d0523b41078d60 d57bd6df955349ba9a626d027e5d3910 - - default default] No more DHCP agents
2026-05-29 12:39:02.172 10 WARNING neutron.api.rpc.agentnotifiers.dhcp_rpc_agent_api [None req-96a84633-6a4e-44ce-b5e4-e48e188c700f bb7793a897164eeda0d0523b41078d60 d57bd6df955349ba9a626d027e5d3910 - - default default] Unable to schedule network 93113325-4fde-4bcb-8666-1013dfb0146b: no agents available; will retry on subsequent port and subnet creation events.
2026-05-29 12:39:02.189 9 INFO neutron.wsgi [req-a1f8d941-9b37-4938-acac-b38d8849d69f req-9c692b0b-b509-48b2-91a4-d36332e4c170 fa748b7f717e4474a271517bf1d588d2 9a445fbe52a8484e8ac40263374188a5 - - 10135560175449639de1ac7a4564d476 10135560175449639de1ac7a4564d476] 199.204.45.35 "GET /v2.0/subnets?id=1087e226-fa7f-4825-a82b-486b8531150b HTTP/1.1" status: 200 len: 865 time: 0.0439537
2026-05-29 12:39:02.251 10 INFO neutron.db.ovn_revision_numbers_db [None req-96a84633-6a4e-44ce-b5e4-e48e188c700f bb7793a897164eeda0d0523b41078d60 d57bd6df955349ba9a626d027e5d3910 - - default default] Successfully bumped revision number for resource 2523dd67-e92c-467c-ab18-3aa1e03c46b7 (type: ports) to 1
2026-05-29 12:39:02.274 10 INFO neutron.wsgi [None req-96a84633-6a4e-44ce-b5e4-e48e188c700f bb7793a897164eeda0d0523b41078d60 d57bd6df955349ba9a626d027e5d3910 - - default default] 10.0.0.132 "POST /v2.0/networks HTTP/1.1" status: 201 len: 829 time: 0.5389614
2026-05-29 12:39:02.292 10 WARNING neutron_lib.context [None req-0b9c68fd-7010-491e-a815-a76e3b2fbe52 bb7793a897164eeda0d0523b41078d60 d57bd6df955349ba9a626d027e5d3910 - - default default] Method 'is_advsvc' is deprecated since 2023.2 release (neutron-lib 3.8.0) and will be removed once support for the old RBAC API policies will be removed from Neutron. Please use method 'is_service_role' instead.
2026-05-29 12:39:02.506 9 INFO neutron.wsgi [req-a1f8d941-9b37-4938-acac-b38d8849d69f req-1770fcf9-193b-4a9d-88d0-eb2e7fe494e8 fa748b7f717e4474a271517bf1d588d2 9a445fbe52a8484e8ac40263374188a5 - - 10135560175449639de1ac7a4564d476 10135560175449639de1ac7a4564d476] 199.204.45.35 "GET /v2.0/ports?network_id=2d05f2cd-d214-4e47-bcd2-624a1f1d6b2c&device_owner=network%3Adhcp HTTP/1.1" status: 200 len: 210 time: 0.3097522
2026-05-29 12:39:02.551 10 WARNING neutron.scheduler.dhcp_agent_scheduler [None req-0b9c68fd-7010-491e-a815-a76e3b2fbe52 bb7793a897164eeda0d0523b41078d60 d57bd6df955349ba9a626d027e5d3910 - - default default] No more DHCP agents
2026-05-29 12:39:02.554 10 WARNING neutron.api.rpc.agentnotifiers.dhcp_rpc_agent_api [None req-0b9c68fd-7010-491e-a815-a76e3b2fbe52 bb7793a897164eeda0d0523b41078d60 d57bd6df955349ba9a626d027e5d3910 - - default default] Unable to schedule network 8fd54e73-161e-4adc-810a-1d5588011e62: no agents available; will retry on subsequent port and subnet creation events.
2026-05-29 12:39:02.569 9 INFO neutron.wsgi [req-a1f8d941-9b37-4938-acac-b38d8849d69f req-d9cc9d97-6511-4cc5-b768-8312e0549961 fa748b7f717e4474a271517bf1d588d2 9a445fbe52a8484e8ac40263374188a5 - - 10135560175449639de1ac7a4564d476 10135560175449639de1ac7a4564d476] 199.204.45.35 "GET /v2.0/networks/2d05f2cd-d214-4e47-bcd2-624a1f1d6b2c?fields=segments HTTP/1.1" status: 200 len: 212 time: 0.0571945
2026-05-29 12:39:02.635 9 INFO neutron.wsgi [req-a1f8d941-9b37-4938-acac-b38d8849d69f req-9e25b46f-b5d0-4de5-b331-4178e3e4073d fa748b7f717e4474a271517bf1d588d2 9a445fbe52a8484e8ac40263374188a5 - - 10135560175449639de1ac7a4564d476 10135560175449639de1ac7a4564d476] 199.204.45.35 "GET /v2.0/networks/2d05f2cd-d214-4e47-bcd2-624a1f1d6b2c?fields=provider%3Aphysical_network&fields=provider%3Anetwork_type HTTP/1.1" status: 200 len: 277 time: 0.0584679
2026-05-29 12:39:02.716 9 INFO neutron.wsgi [req-be20fadf-c714-4275-a9e7-8bef909186bb req-783cc156-9e53-4f2e-8f1c-af4fc1ebd2f8 fa748b7f717e4474a271517bf1d588d2 9a445fbe52a8484e8ac40263374188a5 - - 10135560175449639de1ac7a4564d476 10135560175449639de1ac7a4564d476] 199.204.45.35 "GET /v2.0/ports?tenant_id=a188894cbd7a482197043a4e66c93638&device_id=f486efe0-ae8c-4eb5-ac75-f415aaafc2f6 HTTP/1.1" status: 200 len: 1450 time: 0.0384178
2026-05-29 12:39:02.721 9 WARNING neutron_lib.context [None req-d80037d1-3a35-4266-824c-b77bdaa95671 83bf0b8ec42a4cb18cdb92c6cf549439 f771652a6a5d4bec9b06338d9a3cdda8 - - default default] Method 'is_advsvc' is deprecated since 2023.2 release (neutron-lib 3.8.0) and will be removed once support for the old RBAC API policies will be removed from Neutron. Please use method 'is_service_role' instead.
2026-05-29 12:39:02.803 9 INFO neutron.wsgi [req-be20fadf-c714-4275-a9e7-8bef909186bb req-a655155b-4b40-491e-b925-a52a47da056f fa748b7f717e4474a271517bf1d588d2 9a445fbe52a8484e8ac40263374188a5 - - 10135560175449639de1ac7a4564d476 10135560175449639de1ac7a4564d476] 199.204.45.35 "GET /v2.0/networks?id=2d05f2cd-d214-4e47-bcd2-624a1f1d6b2c HTTP/1.1" status: 200 len: 970 time: 0.0801690
2026-05-29 12:39:02.814 9 INFO neutron.wsgi [None req-d80037d1-3a35-4266-824c-b77bdaa95671 83bf0b8ec42a4cb18cdb92c6cf549439 f771652a6a5d4bec9b06338d9a3cdda8 - - default default] 10.0.0.132 "POST /v2.0/subnetpools HTTP/1.1" status: 201 len: 746 time: 0.2834506
2026-05-29 12:39:02.837 10 INFO neutron.wsgi [req-3841be4d-3a79-4ff9-8fcc-df65c59dae88 req-d4dcb5a7-8076-4221-93d6-48288d8f8e08 fa748b7f717e4474a271517bf1d588d2 9a445fbe52a8484e8ac40263374188a5 - - 10135560175449639de1ac7a4564d476 10135560175449639de1ac7a4564d476] 199.204.45.35 "GET /v2.0/ports?device_id=f486efe0-ae8c-4eb5-ac75-f415aaafc2f6 HTTP/1.1" status: 200 len: 1450 time: 0.0569570
2026-05-29 12:39:02.856 9 INFO neutron.wsgi [req-be20fadf-c714-4275-a9e7-8bef909186bb req-529e90b9-98f9-4c25-ab2e-a5032f537ae8 fa748b7f717e4474a271517bf1d588d2 9a445fbe52a8484e8ac40263374188a5 - - 10135560175449639de1ac7a4564d476 10135560175449639de1ac7a4564d476] 199.204.45.35 "GET /v2.0/floatingips?fixed_ip_address=10.100.0.12&port_id=0dfed526-1475-4136-9fdd-446799dfcfc7 HTTP/1.1" status: 200 len: 217 time: 0.0459049
2026-05-29 12:39:02.899 9 INFO neutron.wsgi [None req-8ab36f43-064a-4da2-a200-f348667e41c2 83bf0b8ec42a4cb18cdb92c6cf549439 f771652a6a5d4bec9b06338d9a3cdda8 - - default default] 10.0.0.132 "GET /v2.0/subnetpools/b71f21d0-988b-4aea-bcfd-5561a26bc0c2 HTTP/1.1" status: 200 len: 741 time: 0.0814416
2026-05-29 12:39:02.918 10 INFO neutron.wsgi [req-3841be4d-3a79-4ff9-8fcc-df65c59dae88 req-55ae5992-7076-471e-af16-1c3febf4baf5 fa748b7f717e4474a271517bf1d588d2 9a445fbe52a8484e8ac40263374188a5 - - 10135560175449639de1ac7a4564d476 10135560175449639de1ac7a4564d476] 199.204.45.35 "GET /v2.0/security-groups?id=35fb0808-abc5-4949-9ca8-fa7001381b51&id=6570ee7a-f859-4bfc-84e4-fd7a31e96eb2&fields=id&fields=name HTTP/1.1" status: 200 len: 405 time: 0.0744648
2026-05-29 12:39:02.931 9 INFO neutron.wsgi [req-be20fadf-c714-4275-a9e7-8bef909186bb req-667f0218-e528-41c6-8502-03b4365abb8c fa748b7f717e4474a271517bf1d588d2 9a445fbe52a8484e8ac40263374188a5 - - 10135560175449639de1ac7a4564d476 10135560175449639de1ac7a4564d476] 199.204.45.35 "GET /v2.0/subnets?id=1087e226-fa7f-4825-a82b-486b8531150b HTTP/1.1" status: 200 len: 865 time: 0.0700338
2026-05-29 12:39:02.987 9 INFO neutron.wsgi [req-be20fadf-c714-4275-a9e7-8bef909186bb req-000d6a31-49d9-459a-90b6-0885b151730f fa748b7f717e4474a271517bf1d588d2 9a445fbe52a8484e8ac40263374188a5 - - 10135560175449639de1ac7a4564d476 10135560175449639de1ac7a4564d476] 199.204.45.35 "GET /v2.0/ports?network_id=2d05f2cd-d214-4e47-bcd2-624a1f1d6b2c&device_owner=network%3Adhcp HTTP/1.1" status: 200 len: 210 time: 0.0276911
2026-05-29 12:39:03.043 9 INFO neutron.plugins.ml2.drivers.ovn.mech_driver.mech_driver [None req-712c2656-3222-4b2a-9f45-9bc110d09902 - - - - - -] OVN reports status up for port: 0dfed526-1475-4136-9fdd-446799dfcfc7
2026-05-29 12:39:03.047 9 INFO neutron.wsgi [None req-7fe95057-562e-42c8-9c86-2d638451a222 83bf0b8ec42a4cb18cdb92c6cf549439 f771652a6a5d4bec9b06338d9a3cdda8 - - default default] 10.0.0.132 "PUT /v2.0/subnetpools/b71f21d0-988b-4aea-bcfd-5561a26bc0c2 HTTP/1.1" status: 200 len: 694 time: 0.1434376
2026-05-29 12:39:03.065 9 INFO neutron.plugins.ml2.plugin [None req-712c2656-3222-4b2a-9f45-9bc110d09902 - - - - - -] Attempt 1 to provision port 0dfed526-1475-4136-9fdd-446799dfcfc7
2026-05-29 12:39:03.102 9 INFO neutron.wsgi [req-be20fadf-c714-4275-a9e7-8bef909186bb req-3a18d29d-076c-4a15-8b39-190040cd3d81 fa748b7f717e4474a271517bf1d588d2 9a445fbe52a8484e8ac40263374188a5 - - 10135560175449639de1ac7a4564d476 10135560175449639de1ac7a4564d476] 199.204.45.35 "GET /v2.0/networks/2d05f2cd-d214-4e47-bcd2-624a1f1d6b2c?fields=segments HTTP/1.1" status: 200 len: 212 time: 0.1094010
2026-05-29 12:39:03.187 10 INFO neutron.db.ovn_revision_numbers_db [None req-0b9c68fd-7010-491e-a815-a76e3b2fbe52 bb7793a897164eeda0d0523b41078d60 d57bd6df955349ba9a626d027e5d3910 - - default default] Successfully bumped revision number for resource 8d4d1037-5f8b-42a9-9821-1aebca4fda24 (type: ports) to 2
2026-05-29 12:39:03.198 9 INFO neutron.wsgi [None req-0d731a29-8c55-4623-a7b9-67c4f37612b1 83bf0b8ec42a4cb18cdb92c6cf549439 f771652a6a5d4bec9b06338d9a3cdda8 - - default default] 10.0.0.132 "DELETE /v2.0/subnetpools/b71f21d0-988b-4aea-bcfd-5561a26bc0c2 HTTP/1.1" status: 204 len: 168 time: 0.1433687
2026-05-29 12:39:03.205 9 INFO neutron.wsgi [req-be20fadf-c714-4275-a9e7-8bef909186bb req-410fc7a6-f7cd-439a-a50d-3679ac087c96 fa748b7f717e4474a271517bf1d588d2 9a445fbe52a8484e8ac40263374188a5 - - 10135560175449639de1ac7a4564d476 10135560175449639de1ac7a4564d476] 199.204.45.35 "GET /v2.0/networks/2d05f2cd-d214-4e47-bcd2-624a1f1d6b2c?fields=provider%3Aphysical_network&fields=provider%3Anetwork_type HTTP/1.1" status: 200 len: 277 time: 0.0975699
2026-05-29 12:39:03.234 10 INFO neutron.api.v2.resource [None req-2ea816ae-d08f-499d-98b9-74a1a2d29577 83bf0b8ec42a4cb18cdb92c6cf549439 f771652a6a5d4bec9b06338d9a3cdda8 - - default default] show failed (client error): The resource could not be found.
2026-05-29 12:39:03.235 10 INFO neutron.wsgi [None req-2ea816ae-d08f-499d-98b9-74a1a2d29577 83bf0b8ec42a4cb18cdb92c6cf549439 f771652a6a5d4bec9b06338d9a3cdda8 - - default default] 10.0.0.132 "GET /v2.0/subnetpools/b71f21d0-988b-4aea-bcfd-5561a26bc0c2 HTTP/1.1" status: 404 len: 346 time: 0.0217032
2026-05-29 12:39:03.249 10 INFO neutron.db.ovn_revision_numbers_db [None req-0b9c68fd-7010-491e-a815-a76e3b2fbe52 bb7793a897164eeda0d0523b41078d60 d57bd6df955349ba9a626d027e5d3910 - - default default] Successfully bumped revision number for resource e9573563-e740-41ed-999b-8bd86a13c24c (type: subnets) to 0
2026-05-29 12:39:03.264 10 INFO neutron.api.v2.resource [None req-c96dc76c-9d4a-42af-b390-3e8d6fbdad66 83bf0b8ec42a4cb18cdb92c6cf549439 f771652a6a5d4bec9b06338d9a3cdda8 - - default default] delete failed (client error): The resource could not be found.
2026-05-29 12:39:03.266 10 INFO neutron.wsgi [None req-c96dc76c-9d4a-42af-b390-3e8d6fbdad66 83bf0b8ec42a4cb18cdb92c6cf549439 f771652a6a5d4bec9b06338d9a3cdda8 - - default default] 10.0.0.132 "DELETE /v2.0/subnetpools/b71f21d0-988b-4aea-bcfd-5561a26bc0c2 HTTP/1.1" status: 404 len: 346 time: 0.0222881
2026-05-29 12:39:03.268 10 INFO neutron.wsgi [None req-0b9c68fd-7010-491e-a815-a76e3b2fbe52 bb7793a897164eeda0d0523b41078d60 d57bd6df955349ba9a626d027e5d3910 - - default default] 10.0.0.132 "POST /v2.0/subnets HTTP/1.1" status: 201 len: 801 time: 0.9835949
2026-05-29 12:39:03.290 10 WARNING neutron_lib.context [None req-bdc04247-91c6-41b8-ac78-f9ea2356a816 bb7793a897164eeda0d0523b41078d60 d57bd6df955349ba9a626d027e5d3910 - - default default] Method 'is_advsvc' is deprecated since 2023.2 release (neutron-lib 3.8.0) and will be removed once support for the old RBAC API policies will be removed from Neutron. Please use method 'is_service_role' instead.
2026-05-29 12:39:03.301 9 INFO neutron.wsgi [req-ffd3d719-83eb-4217-ac00-feb7ca594ea1 req-8a620752-2d3b-4a7f-b10b-82755283f7ca 7ff64c63fafe454f8c310777bb85b0ac a188894cbd7a482197043a4e66c93638 - - default default] 10.0.0.35 "GET /v2.0/ports?device_id=f486efe0-ae8c-4eb5-ac75-f415aaafc2f6 HTTP/1.1" status: 200 len: 1214 time: 0.0560224
2026-05-29 12:39:03.393 9 INFO neutron.wsgi [req-ffd3d719-83eb-4217-ac00-feb7ca594ea1 req-37bcc2a9-46ac-4296-816f-a14ed841f3ca 7ff64c63fafe454f8c310777bb85b0ac a188894cbd7a482197043a4e66c93638 - - default default] 10.0.0.35 "GET /v2.0/security-groups?id=35fb0808-abc5-4949-9ca8-fa7001381b51&id=6570ee7a-f859-4bfc-84e4-fd7a31e96eb2&fields=id&fields=name HTTP/1.1" status: 200 len: 405 time: 0.0843184
2026-05-29 12:39:03.518 9 INFO neutron.db.ovn_revision_numbers_db [None req-712c2656-3222-4b2a-9f45-9bc110d09902 - - - - - -] Successfully bumped revision number for resource 0dfed526-1475-4136-9fdd-446799dfcfc7 (type: ports) to 4
2026-05-29 12:39:03.649 10 WARNING neutron.scheduler.dhcp_agent_scheduler [None req-bdc04247-91c6-41b8-ac78-f9ea2356a816 bb7793a897164eeda0d0523b41078d60 d57bd6df955349ba9a626d027e5d3910 - - default default] No more DHCP agents
2026-05-29 12:39:03.652 10 WARNING neutron.api.rpc.agentnotifiers.dhcp_rpc_agent_api [None req-bdc04247-91c6-41b8-ac78-f9ea2356a816 bb7793a897164eeda0d0523b41078d60 d57bd6df955349ba9a626d027e5d3910 - - default default] Unable to schedule network 93113325-4fde-4bcb-8666-1013dfb0146b: no agents available; will retry on subsequent port and subnet creation events. /var/lib/openstack/lib/python3.10/site-packages/pycadf/identifier.py:71: UserWarning: Invalid uuid: neutron. To ensure interoperability, identifiers should be a valid uuid. warnings.warn(('Invalid uuid: %s. To ensure interoperability, '
2026-05-29 12:39:03.802 9 WARNING neutron_lib.context [None req-7f0965e0-199e-4106-85c1-1f9ce2edbde6 cb1c118b0758444394dd19cc01607f98 bb33ffb9d33a4091804aa559aaee5d2b - - default default] Method 'is_advsvc' is deprecated since 2023.2 release (neutron-lib 3.8.0) and will be removed once support for the old RBAC API policies will be removed from Neutron. Please use method 'is_service_role' instead.
2026-05-29 12:39:03.948 9 INFO neutron.db.ovn_revision_numbers_db [None req-7f0965e0-199e-4106-85c1-1f9ce2edbde6 cb1c118b0758444394dd19cc01607f98 bb33ffb9d33a4091804aa559aaee5d2b - - default default] Successfully bumped revision number for resource 6cf4c993-ee33-4f48-97ae-7e975d979700 (type: security_groups) to 1
2026-05-29 12:39:03.965 9 INFO neutron.db.ovn_revision_numbers_db [None req-7f0965e0-199e-4106-85c1-1f9ce2edbde6 cb1c118b0758444394dd19cc01607f98 bb33ffb9d33a4091804aa559aaee5d2b - - default default] Successfully bumped revision number for resource 51de3fa6-9901-4b91-8969-2afac4be339e (type: security_group_rules) to 0
2026-05-29 12:39:03.980 9 INFO neutron.db.ovn_revision_numbers_db [None req-7f0965e0-199e-4106-85c1-1f9ce2edbde6 cb1c118b0758444394dd19cc01607f98 bb33ffb9d33a4091804aa559aaee5d2b - - default default] Successfully bumped revision number for resource 88208f95-4ffa-47d5-923b-414a14849a7e (type: security_group_rules) to 0
2026-05-29 12:39:03.994 9 INFO neutron.db.ovn_revision_numbers_db [None req-7f0965e0-199e-4106-85c1-1f9ce2edbde6 cb1c118b0758444394dd19cc01607f98 bb33ffb9d33a4091804aa559aaee5d2b - - default default] Successfully bumped revision number for resource d6608b4f-d4fa-4694-a83e-1458b944bff5 (type: security_group_rules) to 0
2026-05-29 12:39:04.010 9 INFO neutron.db.ovn_revision_numbers_db [None req-7f0965e0-199e-4106-85c1-1f9ce2edbde6 cb1c118b0758444394dd19cc01607f98 bb33ffb9d33a4091804aa559aaee5d2b - - default default] Successfully bumped revision number for resource e5fdd338-17d3-4087-93f9-d619b712123f (type: security_group_rules) to 0
2026-05-29 12:39:04.066 9 INFO neutron.db.segments_db [None req-7f0965e0-199e-4106-85c1-1f9ce2edbde6 cb1c118b0758444394dd19cc01607f98 bb33ffb9d33a4091804aa559aaee5d2b - - default default] Added segment cb120077-4f2d-406b-b1cf-039ca801fc8d of type geneve for network 7c46fca7-289f-4cc8-b8b3-94ac1ea674ac
2026-05-29 12:39:04.071 9 INFO neutron.db.ovn_revision_numbers_db [None req-7fe8cb95-c257-4eb4-a203-5d7a8cb858a7 6536e182cca748a0b6092dad330042d3 7aeb5f936e9a4de5952c28a6ae9592fa - - default default] Successfully bumped revision number for resource 03b7738d-2da8-498e-8aca-5365ac5f80d4 (type: security_groups) to 1
2026-05-29 12:39:04.083 9 INFO neutron.notifiers.nova [-] Nova event matching ['req-ba86f38a-5412-44ef-9413-919915c96eb4'] response: {'server_uuid': 'f486efe0-ae8c-4eb5-ac75-f415aaafc2f6', 'name': 'network-vif-plugged', 'status': 'completed', 'tag': '0dfed526-1475-4136-9fdd-446799dfcfc7', 'code': 200}
2026-05-29 12:39:04.083 9 INFO neutron.notifiers.nova [-] Nova event matching ['req-ba86f38a-5412-44ef-9413-919915c96eb4'] response: {'server_uuid': 'f486efe0-ae8c-4eb5-ac75-f415aaafc2f6', 'name': 'network-vif-plugged', 'status': 'completed', 'tag': '0dfed526-1475-4136-9fdd-446799dfcfc7', 'code': 200}
2026-05-29 12:39:04.091 9 INFO neutron.db.ovn_revision_numbers_db [None req-7fe8cb95-c257-4eb4-a203-5d7a8cb858a7 6536e182cca748a0b6092dad330042d3 7aeb5f936e9a4de5952c28a6ae9592fa - - default default] Successfully bumped revision number for resource 2e86050b-f640-42a9-804b-631cee9c1f90 (type: security_group_rules) to 0
2026-05-29 12:39:04.111 9 INFO neutron.db.ovn_revision_numbers_db [None req-7fe8cb95-c257-4eb4-a203-5d7a8cb858a7 6536e182cca748a0b6092dad330042d3 7aeb5f936e9a4de5952c28a6ae9592fa - - default default] Successfully bumped revision number for resource 520be735-f375-413b-9985-5d791ae80dd0 (type: security_group_rules) to 0
2026-05-29 12:39:04.143 9 INFO neutron.db.ovn_revision_numbers_db [None req-7fe8cb95-c257-4eb4-a203-5d7a8cb858a7 6536e182cca748a0b6092dad330042d3 7aeb5f936e9a4de5952c28a6ae9592fa - - default default] Successfully bumped revision number for resource e11e2002-0420-49bf-b5a2-cb94b9bfb858 (type: security_group_rules) to 0
2026-05-29 12:39:04.180 9 INFO neutron.db.ovn_revision_numbers_db [None req-7fe8cb95-c257-4eb4-a203-5d7a8cb858a7 6536e182cca748a0b6092dad330042d3 7aeb5f936e9a4de5952c28a6ae9592fa - - default default] Successfully bumped revision number for resource ed3e2338-67ad-44cf-8d1b-48db22bb1c53 (type: security_group_rules) to 0
2026-05-29 12:39:04.197 10 INFO neutron.db.ovn_revision_numbers_db [None req-bdc04247-91c6-41b8-ac78-f9ea2356a816 bb7793a897164eeda0d0523b41078d60 d57bd6df955349ba9a626d027e5d3910 - - default default] Successfully bumped revision number for resource 2523dd67-e92c-467c-ab18-3aa1e03c46b7 (type: ports) to 2
2026-05-29 12:39:04.220 9 INFO neutron.wsgi [None req-7fe8cb95-c257-4eb4-a203-5d7a8cb858a7 6536e182cca748a0b6092dad330042d3 7aeb5f936e9a4de5952c28a6ae9592fa - - default default] 10.0.0.132 "GET /v2.0/security-groups?tenant_id=f771652a6a5d4bec9b06338d9a3cdda8&name=default HTTP/1.1" status: 200 len: 2996 time: 0.3226874
2026-05-29 12:39:04.242 9 INFO neutron.db.ovn_revision_numbers_db [None req-7f0965e0-199e-4106-85c1-1f9ce2edbde6 cb1c118b0758444394dd19cc01607f98 bb33ffb9d33a4091804aa559aaee5d2b - - default default] Successfully bumped revision number for resource 7c46fca7-289f-4cc8-b8b3-94ac1ea674ac (type: networks) to 1
2026-05-29 12:39:04.244 10 INFO neutron.db.ovn_revision_numbers_db [None req-bdc04247-91c6-41b8-ac78-f9ea2356a816 bb7793a897164eeda0d0523b41078d60 d57bd6df955349ba9a626d027e5d3910 - - default default] Successfully bumped revision number for resource 62688bfb-b3eb-466c-b3b2-e1385e1805fa (type: subnets) to 0
2026-05-29 12:39:04.260 10 INFO neutron.wsgi [None req-bdc04247-91c6-41b8-ac78-f9ea2356a816 bb7793a897164eeda0d0523b41078d60 d57bd6df955349ba9a626d027e5d3910 - - default default] 10.0.0.132 "POST /v2.0/subnets HTTP/1.1" status: 201 len: 801 time: 0.9765277
2026-05-29 12:39:04.272 10 WARNING neutron_lib.context [None req-2f9addb6-2836-423f-8646-cf57b5acb291 bb7793a897164eeda0d0523b41078d60 d57bd6df955349ba9a626d027e5d3910 - - default default] Method 'is_advsvc' is deprecated since 2023.2 release (neutron-lib 3.8.0) and will be removed once support for the old RBAC API policies will be removed from Neutron. Please use method 'is_service_role' instead.
2026-05-29 12:39:04.420 10 INFO neutron.db.ovn_revision_numbers_db [None req-2f9addb6-2836-423f-8646-cf57b5acb291 bb7793a897164eeda0d0523b41078d60 d57bd6df955349ba9a626d027e5d3910 - - default default] Successfully bumped revision number for resource 1e4232aa-013d-415f-871d-1e9e437725e9 (type: routers) to 1
2026-05-29 12:39:04.434 10 INFO neutron.wsgi [None req-2f9addb6-2836-423f-8646-cf57b5acb291 bb7793a897164eeda0d0523b41078d60 d57bd6df955349ba9a626d027e5d3910 - - default default] 10.0.0.132 "POST /v2.0/routers HTTP/1.1" status: 201 len: 686 time: 0.1682553
2026-05-29 12:39:04.448 9 WARNING neutron.scheduler.dhcp_agent_scheduler [None req-7f0965e0-199e-4106-85c1-1f9ce2edbde6 cb1c118b0758444394dd19cc01607f98 bb33ffb9d33a4091804aa559aaee5d2b - - default default] No more DHCP agents
2026-05-29 12:39:04.454 9 WARNING neutron.api.rpc.agentnotifiers.dhcp_rpc_agent_api [None req-7f0965e0-199e-4106-85c1-1f9ce2edbde6 cb1c118b0758444394dd19cc01607f98 bb33ffb9d33a4091804aa559aaee5d2b - - default default] Unable to schedule network 7c46fca7-289f-4cc8-b8b3-94ac1ea674ac: no agents available; will retry on subsequent port and subnet creation events.
2026-05-29 12:39:04.584 9 INFO neutron.wsgi [None req-aadb33f7-9e9e-438a-9468-6262168e5888 6536e182cca748a0b6092dad330042d3 7aeb5f936e9a4de5952c28a6ae9592fa - - default default] 10.0.0.132 "DELETE /v2.0/security-groups/03b7738d-2da8-498e-8aca-5365ac5f80d4 HTTP/1.1" status: 204 len: 168 time: 0.3537998
2026-05-29 12:39:04.596 9 INFO neutron.db.ovn_revision_numbers_db [None req-7f0965e0-199e-4106-85c1-1f9ce2edbde6 cb1c118b0758444394dd19cc01607f98 bb33ffb9d33a4091804aa559aaee5d2b - - default default] Successfully bumped revision number for resource 60f8954e-1cd0-4ec7-b279-f2921755b431 (type: ports) to 1
2026-05-29 12:39:04.619 9 INFO neutron.wsgi [req-ce5fb744-cc6d-44b9-8765-84295fd9dd5b req-b4f8c53f-8967-4714-b2e2-5e6671001b39 7ff64c63fafe454f8c310777bb85b0ac a188894cbd7a482197043a4e66c93638 - - default default] 10.0.0.35 "GET /v2.0/ports?device_id=f486efe0-ae8c-4eb5-ac75-f415aaafc2f6 HTTP/1.1" status: 200 len: 1214 time: 0.1129022
2026-05-29 12:39:04.622 9 INFO neutron.wsgi [None req-7f0965e0-199e-4106-85c1-1f9ce2edbde6 cb1c118b0758444394dd19cc01607f98 bb33ffb9d33a4091804aa559aaee5d2b - - default default] 10.0.0.132 "POST /v2.0/networks HTTP/1.1" status: 201 len: 831 time: 1.0212257
2026-05-29 12:39:04.683 9 INFO neutron.wsgi [req-ce5fb744-cc6d-44b9-8765-84295fd9dd5b req-6a7b74c3-5ead-4a79-be66-f7f02aacb083 7ff64c63fafe454f8c310777bb85b0ac a188894cbd7a482197043a4e66c93638 - - default default] 10.0.0.35 "GET /v2.0/security-groups?id=35fb0808-abc5-4949-9ca8-fa7001381b51&id=6570ee7a-f859-4bfc-84e4-fd7a31e96eb2&fields=id&fields=name HTTP/1.1" status: 200 len: 405 time: 0.0562685
2026-05-29 12:39:04.692 9 INFO neutron.wsgi [None req-855abbb7-d7e9-47ce-806c-bd2880fd4c63 cb1c118b0758444394dd19cc01607f98 bb33ffb9d33a4091804aa559aaee5d2b - - default default] 10.0.0.132 "PUT /v2.0/networks/7c46fca7-289f-4cc8-b8b3-94ac1ea674ac/tags HTTP/1.1" status: 200 len: 218 time: 0.0590599
2026-05-29 12:39:04.742 9 INFO neutron.wsgi [None req-a34f172a-f656-46e0-97fd-b0314f517647 cb1c118b0758444394dd19cc01607f98 bb33ffb9d33a4091804aa559aaee5d2b - - default default] 10.0.0.132 "GET /v2.0/networks/7c46fca7-289f-4cc8-b8b3-94ac1ea674ac/tags HTTP/1.1" status: 200 len: 218 time: 0.0447378
2026-05-29 12:39:04.803 9 INFO neutron.wsgi [req-a5988fe6-7c10-4379-969d-a58a94ae71ec req-a1bffefc-ec8e-4f2a-abce-a42e42b01436 7ff64c63fafe454f8c310777bb85b0ac a188894cbd7a482197043a4e66c93638 - - default default] 10.0.0.35 "GET /v2.0/ports?device_id=f486efe0-ae8c-4eb5-ac75-f415aaafc2f6 HTTP/1.1" status: 200 len: 1214 time: 0.0516505
2026-05-29 12:39:04.822 10 WARNING neutron.scheduler.dhcp_agent_scheduler [None req-b33b330d-acba-4c43-a08c-28a5a6357e10 bb7793a897164eeda0d0523b41078d60 d57bd6df955349ba9a626d027e5d3910 - - default default] No more DHCP agents
2026-05-29 12:39:04.823 9 INFO neutron.wsgi [None req-4784735d-da23-4009-9772-87b60d04cc0b cb1c118b0758444394dd19cc01607f98 bb33ffb9d33a4091804aa559aaee5d2b - - default default] 10.0.0.132 "PUT /v2.0/networks/7c46fca7-289f-4cc8-b8b3-94ac1ea674ac/tags/green HTTP/1.1" status: 201 len: 201 time: 0.0757730
2026-05-29 12:39:04.823 10 WARNING neutron.api.rpc.agentnotifiers.dhcp_rpc_agent_api [None req-b33b330d-acba-4c43-a08c-28a5a6357e10 bb7793a897164eeda0d0523b41078d60 d57bd6df955349ba9a626d027e5d3910 - - default default] Unable to schedule network 8fd54e73-161e-4adc-810a-1d5588011e62: no agents available; will retry on subsequent port and subnet creation events.
2026-05-29 12:39:04.883 10 INFO neutron.wsgi [None req-c36da88a-5761-4b39-84e3-43b2ea292445 cb1c118b0758444394dd19cc01607f98 bb33ffb9d33a4091804aa559aaee5d2b - - default default] 10.0.0.132 "GET /v2.0/networks/7c46fca7-289f-4cc8-b8b3-94ac1ea674ac/tags HTTP/1.1" status: 200 len: 227 time: 0.0487719
