2026-05-29 12:36:54.019 10 INFO neutron.db.ovn_revision_numbers_db [None req-1332a6bc-deec-4136-9596-30a5714c11f1 6536e182cca748a0b6092dad330042d3 7aeb5f936e9a4de5952c28a6ae9592fa - - default default] Successfully bumped revision number for resource cfb2ca43-a0a5-4dd7-afe0-7219dcfbd173 (type: security_group_rules) to 0
2026-05-29 12:36:54.070 10 INFO neutron.db.segments_db [None req-1332a6bc-deec-4136-9596-30a5714c11f1 6536e182cca748a0b6092dad330042d3 7aeb5f936e9a4de5952c28a6ae9592fa - - default default] Added segment bd237c9e-a5c4-439f-b33f-73aacaa9bb7e of type geneve for network e598f8f9-8548-4f71-96c5-3a2da2ddb1db
2026-05-29 12:36:54.193 10 INFO neutron.db.ovn_revision_numbers_db [None req-1332a6bc-deec-4136-9596-30a5714c11f1 6536e182cca748a0b6092dad330042d3 7aeb5f936e9a4de5952c28a6ae9592fa - - default default] Successfully bumped revision number for resource e598f8f9-8548-4f71-96c5-3a2da2ddb1db (type: networks) to 1
2026-05-29 12:36:54.362 10 WARNING neutron.scheduler.dhcp_agent_scheduler [None req-1332a6bc-deec-4136-9596-30a5714c11f1 6536e182cca748a0b6092dad330042d3 7aeb5f936e9a4de5952c28a6ae9592fa - - default default] No more DHCP agents
2026-05-29 12:36:54.364 10 WARNING neutron.api.rpc.agentnotifiers.dhcp_rpc_agent_api [None req-1332a6bc-deec-4136-9596-30a5714c11f1 6536e182cca748a0b6092dad330042d3 7aeb5f936e9a4de5952c28a6ae9592fa - - default default] Unable to schedule network e598f8f9-8548-4f71-96c5-3a2da2ddb1db: no agents available; will retry on subsequent port and subnet creation events.
2026-05-29 12:36:54.448 10 INFO neutron.db.ovn_revision_numbers_db [None req-1332a6bc-deec-4136-9596-30a5714c11f1 6536e182cca748a0b6092dad330042d3 7aeb5f936e9a4de5952c28a6ae9592fa - - default default] Successfully bumped revision number for resource 30ec07ca-66a6-4231-822b-40cce2d9adf2 (type: ports) to 1
2026-05-29 12:36:54.469 10 INFO neutron.wsgi [None req-1332a6bc-deec-4136-9596-30a5714c11f1 6536e182cca748a0b6092dad330042d3 7aeb5f936e9a4de5952c28a6ae9592fa - - default default] 10.0.0.132 "POST /v2.0/networks HTTP/1.1" status: 201 len: 948 time: 0.8681636
2026-05-29 12:36:54.638 10 WARNING neutron.scheduler.dhcp_agent_scheduler [None req-6f1fd64e-0c3a-4908-93ef-586773e88f3c 6536e182cca748a0b6092dad330042d3 7aeb5f936e9a4de5952c28a6ae9592fa - - default default] No more DHCP agents
2026-05-29 12:36:54.640 10 WARNING neutron.api.rpc.agentnotifiers.dhcp_rpc_agent_api [None req-6f1fd64e-0c3a-4908-93ef-586773e88f3c 6536e182cca748a0b6092dad330042d3 7aeb5f936e9a4de5952c28a6ae9592fa - - default default] Unable to schedule network e598f8f9-8548-4f71-96c5-3a2da2ddb1db: no agents available; will retry on subsequent port and subnet creation events.
2026-05-29 12:36:55.137 10 INFO neutron.db.ovn_revision_numbers_db [None req-6f1fd64e-0c3a-4908-93ef-586773e88f3c 6536e182cca748a0b6092dad330042d3 7aeb5f936e9a4de5952c28a6ae9592fa - - default default] Successfully bumped revision number for resource 30ec07ca-66a6-4231-822b-40cce2d9adf2 (type: ports) to 2
2026-05-29 12:36:55.174 10 INFO neutron.db.ovn_revision_numbers_db [None req-6f1fd64e-0c3a-4908-93ef-586773e88f3c 6536e182cca748a0b6092dad330042d3 7aeb5f936e9a4de5952c28a6ae9592fa - - default default] Successfully bumped revision number for resource e407e93e-3600-439a-8726-41cc90d21137 (type: subnets) to 0
2026-05-29 12:36:55.190 10 INFO neutron.wsgi [None req-6f1fd64e-0c3a-4908-93ef-586773e88f3c 6536e182cca748a0b6092dad330042d3 7aeb5f936e9a4de5952c28a6ae9592fa - - default default] 10.0.0.132 "POST /v2.0/subnets HTTP/1.1" status: 201 len: 868 time: 0.7156065 /var/lib/openstack/lib/python3.10/site-packages/pycadf/identifier.py:71: UserWarning: Invalid uuid: neutron. To ensure interoperability, identifiers should be a valid uuid. warnings.warn(('Invalid uuid: %s. To ensure interoperability, '
2026-05-29 12:36:55.589 9 INFO neutron.db.ovn_revision_numbers_db [None req-f5070545-4a07-4fe4-9b8c-90cf0f5b5207 6536e182cca748a0b6092dad330042d3 7aeb5f936e9a4de5952c28a6ae9592fa - - default default] Successfully bumped revision number for resource f161ecb1-c026-433a-b73e-7f38c012c35a (type: security_groups) to 1
2026-05-29 12:36:55.608 9 INFO neutron.db.ovn_revision_numbers_db [None req-f5070545-4a07-4fe4-9b8c-90cf0f5b5207 6536e182cca748a0b6092dad330042d3 7aeb5f936e9a4de5952c28a6ae9592fa - - default default] Successfully bumped revision number for resource 0b304574-393b-414d-a523-17695129cc50 (type: security_group_rules) to 0
2026-05-29 12:36:55.628 9 INFO neutron.db.ovn_revision_numbers_db [None req-f5070545-4a07-4fe4-9b8c-90cf0f5b5207 6536e182cca748a0b6092dad330042d3 7aeb5f936e9a4de5952c28a6ae9592fa - - default default] Successfully bumped revision number for resource 216704e0-fa27-4822-8f64-28fce6ea3674 (type: security_group_rules) to 0
2026-05-29 12:36:55.643 9 INFO neutron.db.ovn_revision_numbers_db [None req-f5070545-4a07-4fe4-9b8c-90cf0f5b5207 6536e182cca748a0b6092dad330042d3 7aeb5f936e9a4de5952c28a6ae9592fa - - default default] Successfully bumped revision number for resource 49fdb36b-fc56-49cd-839c-2844fc9b11ff (type: security_group_rules) to 0
2026-05-29 12:36:55.666 9 WARNING neutron.scheduler.dhcp_agent_scheduler [None req-55d3db72-d065-4bab-b41d-8ca64c540b6f 6536e182cca748a0b6092dad330042d3 7aeb5f936e9a4de5952c28a6ae9592fa - - default default] No more DHCP agents
2026-05-29 12:36:55.668 9 WARNING neutron.api.rpc.agentnotifiers.dhcp_rpc_agent_api [None req-55d3db72-d065-4bab-b41d-8ca64c540b6f 6536e182cca748a0b6092dad330042d3 7aeb5f936e9a4de5952c28a6ae9592fa - - default default] Unable to schedule network 37854a1d-de52-480b-9c0c-52f3b08020f6: no agents available; will retry on subsequent port and subnet creation events.
2026-05-29 12:36:55.670 9 INFO neutron.db.ovn_revision_numbers_db [None req-f5070545-4a07-4fe4-9b8c-90cf0f5b5207 6536e182cca748a0b6092dad330042d3 7aeb5f936e9a4de5952c28a6ae9592fa - - default default] Successfully bumped revision number for resource 96e23d58-f7c5-4438-93cb-cafe6e4a9dd5 (type: security_group_rules) to 0
2026-05-29 12:36:55.733 9 INFO neutron.db.segments_db [None req-f5070545-4a07-4fe4-9b8c-90cf0f5b5207 6536e182cca748a0b6092dad330042d3 7aeb5f936e9a4de5952c28a6ae9592fa - - default default] Added segment 18e4cf3b-3f49-4270-be68-ace7c42bbf60 of type geneve for network 529fd97c-abb3-4481-a014-f3151913495c
2026-05-29 12:36:55.876 9 INFO neutron.db.ovn_revision_numbers_db [None req-55d3db72-d065-4bab-b41d-8ca64c540b6f 6536e182cca748a0b6092dad330042d3 7aeb5f936e9a4de5952c28a6ae9592fa - - default default] Successfully bumped revision number for resource 1329ec06-c64d-4561-a220-4433a29f2f08 (type: ports) to 1
2026-05-29 12:36:55.902 9 INFO neutron.db.ovn_revision_numbers_db [None req-f5070545-4a07-4fe4-9b8c-90cf0f5b5207 6536e182cca748a0b6092dad330042d3 7aeb5f936e9a4de5952c28a6ae9592fa - - default default] Successfully bumped revision number for resource 529fd97c-abb3-4481-a014-f3151913495c (type: networks) to 1
2026-05-29 12:36:56.191 10 INFO neutron.wsgi [None req-0d338b3d-2e86-4d6f-bc4d-e359cadba235 6536e182cca748a0b6092dad330042d3 7aeb5f936e9a4de5952c28a6ae9592fa - - default default] 10.0.0.113 "GET /v2.0/agents HTTP/1.1" status: 200 len: 997 time: 0.0726058
2026-05-29 12:36:56.328 10 INFO neutron.wsgi [None req-8d0a5b08-b0f2-448e-b006-8511459a500b 6536e182cca748a0b6092dad330042d3 7aeb5f936e9a4de5952c28a6ae9592fa - - default default] 10.0.0.113 "GET /v2.0/networks HTTP/1.1" status: 200 len: 5363 time: 0.1356871
2026-05-29 12:36:56.397 10 INFO neutron.wsgi [req-165ba7f4-e647-4fad-b41b-d7059e8f60f8 req-a0e2c513-7dce-4890-b7a6-c8536d69a53a fa748b7f717e4474a271517bf1d588d2 9a445fbe52a8484e8ac40263374188a5 - - 10135560175449639de1ac7a4564d476 10135560175449639de1ac7a4564d476] 10.0.0.9 "GET /v2.0/ports?device_id=cb799207-411f-4444-8bcb-d9548fe0bd52 HTTP/1.1" status: 200 len: 1413 time: 0.1975141
2026-05-29 12:36:56.410 9 WARNING neutron.scheduler.dhcp_agent_scheduler [None req-f5070545-4a07-4fe4-9b8c-90cf0f5b5207 6536e182cca748a0b6092dad330042d3 7aeb5f936e9a4de5952c28a6ae9592fa - - default default] No more DHCP agents
2026-05-29 12:36:56.414 9 WARNING neutron.api.rpc.agentnotifiers.dhcp_rpc_agent_api [None req-f5070545-4a07-4fe4-9b8c-90cf0f5b5207 6536e182cca748a0b6092dad330042d3 7aeb5f936e9a4de5952c28a6ae9592fa - - default default] Unable to schedule network 529fd97c-abb3-4481-a014-f3151913495c: no agents available; will retry on subsequent port and subnet creation events.
2026-05-29 12:36:56.420 10 INFO neutron.wsgi [req-7daeb521-ae2e-4947-924b-d13b088394fe req-7bd26140-a45b-43a1-bff5-4183ac23dc43 fa748b7f717e4474a271517bf1d588d2 9a445fbe52a8484e8ac40263374188a5 - - 10135560175449639de1ac7a4564d476 10135560175449639de1ac7a4564d476] 10.0.0.9 "GET /v2.0/ports?device_id=f937d5d6-6098-4c1b-9f56-b9201eac3e19 HTTP/1.1" status: 200 len: 1409 time: 0.1992862
2026-05-29 12:36:56.491 10 INFO neutron.wsgi [None req-2e2229eb-5d55-411c-9b36-176ebdcdf4ae 6536e182cca748a0b6092dad330042d3 7aeb5f936e9a4de5952c28a6ae9592fa - - default default] 10.0.0.113 "GET /v2.0/security-groups HTTP/1.1" status: 200 len: 33396 time: 0.1520772
2026-05-29 12:36:56.503 10 INFO neutron.wsgi [req-165ba7f4-e647-4fad-b41b-d7059e8f60f8 req-ff7746d0-85c2-4fa4-a77a-f8c81fc20562 fa748b7f717e4474a271517bf1d588d2 9a445fbe52a8484e8ac40263374188a5 - - 10135560175449639de1ac7a4564d476 10135560175449639de1ac7a4564d476] 10.0.0.9 "GET /v2.0/security-groups?id=24b4cc7c-6e93-49f9-99d7-15e05652edd2&fields=id&fields=name HTTP/1.1" status: 200 len: 312 time: 0.0994370
2026-05-29 12:36:56.538 10 INFO neutron.wsgi [req-7daeb521-ae2e-4947-924b-d13b088394fe req-f917326e-59eb-45c5-a358-a181043d404a fa748b7f717e4474a271517bf1d588d2 9a445fbe52a8484e8ac40263374188a5 - - 10135560175449639de1ac7a4564d476 10135560175449639de1ac7a4564d476] 10.0.0.9 "GET /v2.0/security-groups?id=2a6bf392-8e91-4c48-b0cd-faac3fa80f6e&fields=id&fields=name HTTP/1.1" status: 200 len: 313 time: 0.1036725
2026-05-29 12:36:56.603 9 INFO neutron.db.ovn_revision_numbers_db [None req-f5070545-4a07-4fe4-9b8c-90cf0f5b5207 6536e182cca748a0b6092dad330042d3 7aeb5f936e9a4de5952c28a6ae9592fa - - default default] Successfully bumped revision number for resource 29bb8379-d4a5-4e22-96dc-c23a5afb2332 (type: ports) to 1
2026-05-29 12:36:56.614 10 INFO neutron.wsgi [None req-5b01fcf0-378c-4e5c-a7e2-fcf358a069a2 6536e182cca748a0b6092dad330042d3 7aeb5f936e9a4de5952c28a6ae9592fa - - default default] 10.0.0.113 "GET /v2.0/ports HTTP/1.1" status: 200 len: 19116 time: 0.1140976
2026-05-29 12:36:56.643 9 INFO neutron.wsgi [None req-f5070545-4a07-4fe4-9b8c-90cf0f5b5207 6536e182cca748a0b6092dad330042d3 7aeb5f936e9a4de5952c28a6ae9592fa - - default default] 10.0.0.132 "POST /v2.0/networks HTTP/1.1" status: 201 len: 944 time: 1.4209068
2026-05-29 12:36:56.680 10 INFO neutron.wsgi [None req-9f0358c4-d448-47b0-82f4-fa683989c9da 6536e182cca748a0b6092dad330042d3 7aeb5f936e9a4de5952c28a6ae9592fa - - default default] 10.0.0.113 "GET /v2.0/subnets HTTP/1.1" status: 200 len: 3418 time: 0.0466132
2026-05-29 12:36:56.699 10 INFO neutron.wsgi [None req-58c8da68-6e07-4ef8-b3d6-9308dd1657ad 6536e182cca748a0b6092dad330042d3 7aeb5f936e9a4de5952c28a6ae9592fa - - default default] 10.0.0.113 "GET /v2.0/network-ip-availabilities HTTP/1.1" status: 200 len: 3017 time: 0.0162368
2026-05-29 12:36:56.829 10 INFO neutron.wsgi [None req-7f60b38d-0add-4b1c-96b7-66b0417edfb0 6536e182cca748a0b6092dad330042d3 7aeb5f936e9a4de5952c28a6ae9592fa - - default default] 10.0.0.113 "GET /v2.0/routers HTTP/1.1" status: 200 len: 2215 time: 0.1289396
2026-05-29 12:36:56.853 10 INFO neutron.wsgi [None req-bcd017e8-de9d-447a-b64e-ccb5653d2bdb 6536e182cca748a0b6092dad330042d3 7aeb5f936e9a4de5952c28a6ae9592fa - - default default] 10.0.0.113 "GET /v2.0/agents?binary=ovn-controller HTTP/1.1" status: 200 len: 591 time: 0.0232747
2026-05-29 12:36:56.857 9 WARNING neutron.scheduler.dhcp_agent_scheduler [None req-d2dbb42e-3929-4676-8361-2c4a66e37e3f 6536e182cca748a0b6092dad330042d3 7aeb5f936e9a4de5952c28a6ae9592fa - - default default] No more DHCP agents
2026-05-29 12:36:56.863 9 WARNING neutron.api.rpc.agentnotifiers.dhcp_rpc_agent_api [None req-d2dbb42e-3929-4676-8361-2c4a66e37e3f 6536e182cca748a0b6092dad330042d3 7aeb5f936e9a4de5952c28a6ae9592fa - - default default] Unable to schedule network 529fd97c-abb3-4481-a014-f3151913495c: no agents available; will retry on subsequent port and subnet creation events.
2026-05-29 12:36:56.897 10 INFO neutron.wsgi [None req-fe5d3021-f06d-43f9-a461-9ec1348f5b0c 6536e182cca748a0b6092dad330042d3 7aeb5f936e9a4de5952c28a6ae9592fa - - default default] 10.0.0.113 "GET /v2.0/subnets HTTP/1.1" status: 200 len: 4074 time: 0.0423646
2026-05-29 12:36:56.912 10 INFO neutron.wsgi [None req-86905970-0436-4d84-8db3-5f78f9cb7bcc 6536e182cca748a0b6092dad330042d3 7aeb5f936e9a4de5952c28a6ae9592fa - - default default] 10.0.0.113 "GET /v2.0/subnetpools HTTP/1.1" status: 200 len: 193 time: 0.0109079
2026-05-29 12:36:56.951 9 INFO neutron.plugins.ml2.drivers.ovn.mech_driver.mech_driver [None req-712c2656-3222-4b2a-9f45-9bc110d09902 - - - - - -] OVN reports status up for port: 1329ec06-c64d-4561-a220-4433a29f2f08
2026-05-29 12:36:56.968 10 INFO neutron.plugins.ml2.drivers.ovn.mech_driver.ovsdb.ovsdb_monitor [None req-0d1dc7a2-a98f-4774-8245-58c05414a894 - - - - - -] Router 87e80253-d8fb-4dab-9e02-0685379daf22 is bound to host instance
2026-05-29 12:36:56.973 10 INFO neutron.wsgi [None req-33cc5c63-81e2-466d-b588-470d92d4f9e9 6536e182cca748a0b6092dad330042d3 7aeb5f936e9a4de5952c28a6ae9592fa - - default default] 10.0.0.113 "GET /v2.0/floatingips HTTP/1.1" status: 200 len: 1880 time: 0.0599525
2026-05-29 12:36:56.982 9 INFO neutron.plugins.ml2.plugin [None req-712c2656-3222-4b2a-9f45-9bc110d09902 - - - - - -] Attempt 1 to provision port 1329ec06-c64d-4561-a220-4433a29f2f08
2026-05-29 12:36:57.014 9 INFO neutron.db.ovn_revision_numbers_db [None req-55d3db72-d065-4bab-b41d-8ca64c540b6f 6536e182cca748a0b6092dad330042d3 7aeb5f936e9a4de5952c28a6ae9592fa - - default default] Successfully bumped revision number for resource 1329ec06-c64d-4561-a220-4433a29f2f08 (type: router_ports) to 1
2026-05-29 12:36:57.132 9 INFO neutron.db.ovn_revision_numbers_db [None req-55d3db72-d065-4bab-b41d-8ca64c540b6f 6536e182cca748a0b6092dad330042d3 7aeb5f936e9a4de5952c28a6ae9592fa - - default default] Successfully bumped revision number for resource 87e80253-d8fb-4dab-9e02-0685379daf22 (type: routers) to 2
2026-05-29 12:36:57.151 9 INFO neutron.wsgi [None req-55d3db72-d065-4bab-b41d-8ca64c540b6f 6536e182cca748a0b6092dad330042d3 7aeb5f936e9a4de5952c28a6ae9592fa - - default default] 10.0.0.132 "POST /v2.0/routers HTTP/1.1" status: 201 len: 879 time: 1.9548275
2026-05-29 12:36:57.407 9 INFO neutron.db.ovn_revision_numbers_db [None req-d2dbb42e-3929-4676-8361-2c4a66e37e3f 6536e182cca748a0b6092dad330042d3 7aeb5f936e9a4de5952c28a6ae9592fa - - default default] Successfully bumped revision number for resource 29bb8379-d4a5-4e22-96dc-c23a5afb2332 (type: ports) to 2
2026-05-29 12:36:57.439 9 INFO neutron.db.ovn_revision_numbers_db [None req-d2dbb42e-3929-4676-8361-2c4a66e37e3f 6536e182cca748a0b6092dad330042d3 7aeb5f936e9a4de5952c28a6ae9592fa - - default default] Successfully bumped revision number for resource 3e6b89b7-e50d-482c-aca7-ea33c2979475 (type: subnets) to 0
2026-05-29 12:36:57.455 9 INFO neutron.wsgi [None req-d2dbb42e-3929-4676-8361-2c4a66e37e3f 6536e182cca748a0b6092dad330042d3 7aeb5f936e9a4de5952c28a6ae9592fa - - default default] 10.0.0.132 "POST /v2.0/subnets HTTP/1.1" status: 201 len: 865 time: 0.8041730
2026-05-29 12:36:57.518 10 INFO neutron.db.ovn_revision_numbers_db [None req-0d1dc7a2-a98f-4774-8245-58c05414a894 - - - - - -] Successfully bumped revision number for resource 1329ec06-c64d-4561-a220-4433a29f2f08 (type: ports) to 1
2026-05-29 12:36:57.898 10 WARNING neutron.scheduler.dhcp_agent_scheduler [None req-7b9a2dc5-dadc-4d07-8167-dab0b2339ac7 6536e182cca748a0b6092dad330042d3 7aeb5f936e9a4de5952c28a6ae9592fa - - default default] No more DHCP agents
2026-05-29 12:36:57.901 10 WARNING neutron.api.rpc.agentnotifiers.dhcp_rpc_agent_api [None req-7b9a2dc5-dadc-4d07-8167-dab0b2339ac7 6536e182cca748a0b6092dad330042d3 7aeb5f936e9a4de5952c28a6ae9592fa - - default default] Unable to schedule network e598f8f9-8548-4f71-96c5-3a2da2ddb1db: no agents available; will retry on subsequent port and subnet creation events.
2026-05-29 12:36:57.934 9 WARNING neutron.scheduler.dhcp_agent_scheduler [None req-72f22232-fd51-4df1-bf6e-9fe624c78e82 6536e182cca748a0b6092dad330042d3 7aeb5f936e9a4de5952c28a6ae9592fa - - default default] No more DHCP agents
2026-05-29 12:36:57.936 9 WARNING neutron.api.rpc.agentnotifiers.dhcp_rpc_agent_api [None req-72f22232-fd51-4df1-bf6e-9fe624c78e82 6536e182cca748a0b6092dad330042d3 7aeb5f936e9a4de5952c28a6ae9592fa - - default default] Unable to schedule network 37854a1d-de52-480b-9c0c-52f3b08020f6: no agents available; will retry on subsequent port and subnet creation events.
2026-05-29 12:36:58.030 10 INFO neutron.db.ovn_revision_numbers_db [None req-0d1dc7a2-a98f-4774-8245-58c05414a894 - - - - - -] Successfully bumped revision number for resource 1329ec06-c64d-4561-a220-4433a29f2f08 (type: router_ports) to 3
2026-05-29 12:36:58.161 10 INFO neutron.db.ovn_revision_numbers_db [None req-7b9a2dc5-dadc-4d07-8167-dab0b2339ac7 6536e182cca748a0b6092dad330042d3 7aeb5f936e9a4de5952c28a6ae9592fa - - default default] Successfully bumped revision number for resource fbf2c5cb-ba27-4447-8a94-936e95e92939 (type: ports) to 1
2026-05-29 12:36:58.256 10 INFO neutron.db.ovn_revision_numbers_db [None req-0d1dc7a2-a98f-4774-8245-58c05414a894 - - - - - -] Successfully bumped revision number for resource 1329ec06-c64d-4561-a220-4433a29f2f08 (type: ports) to 2
2026-05-29 12:36:58.313 9 INFO neutron.db.ovn_revision_numbers_db [None req-72f22232-fd51-4df1-bf6e-9fe624c78e82 6536e182cca748a0b6092dad330042d3 7aeb5f936e9a4de5952c28a6ae9592fa - - default default] Successfully bumped revision number for resource 24143329-4c3c-4e18-9172-64c49a989802 (type: ports) to 1
2026-05-29 12:36:58.567 10 INFO neutron.db.ovn_revision_numbers_db [None req-0d1dc7a2-a98f-4774-8245-58c05414a894 - - - - - -] Successfully bumped revision number for resource 1329ec06-c64d-4561-a220-4433a29f2f08 (type: ports) to 4
2026-05-29 12:36:58.698 10 INFO neutron.db.ovn_revision_numbers_db [None req-7b9a2dc5-dadc-4d07-8167-dab0b2339ac7 6536e182cca748a0b6092dad330042d3 7aeb5f936e9a4de5952c28a6ae9592fa - - default default] Successfully bumped revision number for resource fbf2c5cb-ba27-4447-8a94-936e95e92939 (type: router_ports) to 1
2026-05-29 12:36:58.828 10 INFO neutron.db.ovn_revision_numbers_db [None req-0d1dc7a2-a98f-4774-8245-58c05414a894 - - - - - -] Successfully bumped revision number for resource 1329ec06-c64d-4561-a220-4433a29f2f08 (type: router_ports) to 4
2026-05-29 12:36:58.886 10 INFO neutron.plugins.ml2.drivers.ovn.mech_driver.mech_driver [None req-374daa48-2896-4fee-8cdc-9b0cc76000ad - - - - - -] OVN reports status up for port: 24143329-4c3c-4e18-9172-64c49a989802
2026-05-29 12:36:58.897 9 INFO neutron.plugins.ml2.drivers.ovn.mech_driver.ovsdb.ovsdb_monitor [None req-2deb7ca2-b675-467f-80a9-ac64531b3266 - - - - - -] Router 22beaa23-5139-4433-ab58-645380ffb98e is bound to host instance
2026-05-29 12:36:58.902 10 INFO neutron.db.ovn_revision_numbers_db [None req-7b9a2dc5-dadc-4d07-8167-dab0b2339ac7 6536e182cca748a0b6092dad330042d3 7aeb5f936e9a4de5952c28a6ae9592fa - - default default] Successfully bumped revision number for resource fbf2c5cb-ba27-4447-8a94-936e95e92939 (type: ports) to 1
2026-05-29 12:36:58.904 10 INFO neutron.plugins.ml2.plugin [None req-374daa48-2896-4fee-8cdc-9b0cc76000ad - - - - - -] Attempt 1 to provision port 24143329-4c3c-4e18-9172-64c49a989802
2026-05-29 12:36:58.915 9 INFO neutron.db.ovn_revision_numbers_db [None req-72f22232-fd51-4df1-bf6e-9fe624c78e82 6536e182cca748a0b6092dad330042d3 7aeb5f936e9a4de5952c28a6ae9592fa - - default default] Successfully bumped revision number for resource 24143329-4c3c-4e18-9172-64c49a989802 (type: router_ports) to 1
2026-05-29 12:36:58.988 10 WARNING neutron.scheduler.dhcp_agent_scheduler [None req-7b9a2dc5-dadc-4d07-8167-dab0b2339ac7 6536e182cca748a0b6092dad330042d3 7aeb5f936e9a4de5952c28a6ae9592fa - - default default] No more DHCP agents
2026-05-29 12:36:58.990 10 WARNING neutron.api.rpc.agentnotifiers.dhcp_rpc_agent_api [None req-7b9a2dc5-dadc-4d07-8167-dab0b2339ac7 6536e182cca748a0b6092dad330042d3 7aeb5f936e9a4de5952c28a6ae9592fa - - default default] Unable to schedule network e598f8f9-8548-4f71-96c5-3a2da2ddb1db: no agents available; will retry on subsequent port and subnet creation events.
2026-05-29 12:36:59.022 9 INFO neutron.db.ovn_revision_numbers_db [None req-72f22232-fd51-4df1-bf6e-9fe624c78e82 6536e182cca748a0b6092dad330042d3 7aeb5f936e9a4de5952c28a6ae9592fa - - default default] Successfully bumped revision number for resource 22beaa23-5139-4433-ab58-645380ffb98e (type: routers) to 2
2026-05-29 12:36:59.039 9 INFO neutron.wsgi [None req-72f22232-fd51-4df1-bf6e-9fe624c78e82 6536e182cca748a0b6092dad330042d3 7aeb5f936e9a4de5952c28a6ae9592fa - - default default] 10.0.0.132 "POST /v2.0/routers HTTP/1.1" status: 201 len: 876 time: 1.5792062
2026-05-29 12:36:59.576 9 INFO neutron.db.ovn_revision_numbers_db [None req-2deb7ca2-b675-467f-80a9-ac64531b3266 - - - - - -] Successfully bumped revision number for resource 24143329-4c3c-4e18-9172-64c49a989802 (type: ports) to 1
2026-05-29 12:36:59.612 9 WARNING neutron.scheduler.dhcp_agent_scheduler [None req-7705fcf3-af93-4daf-bb0a-cd20dab814bd 6536e182cca748a0b6092dad330042d3 7aeb5f936e9a4de5952c28a6ae9592fa - - default default] No more DHCP agents
2026-05-29 12:36:59.618 9 WARNING neutron.api.rpc.agentnotifiers.dhcp_rpc_agent_api [None req-7705fcf3-af93-4daf-bb0a-cd20dab814bd 6536e182cca748a0b6092dad330042d3 7aeb5f936e9a4de5952c28a6ae9592fa - - default default] Unable to schedule network 529fd97c-abb3-4481-a014-f3151913495c: no agents available; will retry on subsequent port and subnet creation events.
2026-05-29 12:36:59.691 10 INFO neutron.db.ovn_revision_numbers_db [None req-7b9a2dc5-dadc-4d07-8167-dab0b2339ac7 6536e182cca748a0b6092dad330042d3 7aeb5f936e9a4de5952c28a6ae9592fa - - default default] Successfully bumped revision number for resource fbf2c5cb-ba27-4447-8a94-936e95e92939 (type: router_ports) to 1
2026-05-29 12:36:59.693 10 INFO neutron.wsgi [None req-7b9a2dc5-dadc-4d07-8167-dab0b2339ac7 6536e182cca748a0b6092dad330042d3 7aeb5f936e9a4de5952c28a6ae9592fa - - default default] 10.0.0.132 "PUT /v2.0/routers/87e80253-d8fb-4dab-9e02-0685379daf22/add_router_interface HTTP/1.1" status: 200 len: 503 time: 2.5359733
2026-05-29 12:36:59.854 9 INFO neutron.plugins.ml2.drivers.ovn.mech_driver.mech_driver [None req-712c2656-3222-4b2a-9f45-9bc110d09902 - - - - - -] OVN reports status up for port: fbf2c5cb-ba27-4447-8a94-936e95e92939
2026-05-29 12:36:59.857 9 INFO neutron.db.ovn_revision_numbers_db [None req-7705fcf3-af93-4daf-bb0a-cd20dab814bd 6536e182cca748a0b6092dad330042d3 7aeb5f936e9a4de5952c28a6ae9592fa - - default default] Successfully bumped revision number for resource 3c3d90a6-0c1a-4e8b-9370-34cb7a5c85c9 (type: ports) to 1
2026-05-29 12:36:59.865 9 INFO neutron.plugins.ml2.plugin [None req-712c2656-3222-4b2a-9f45-9bc110d09902 - - - - - -] Attempt 1 to provision port fbf2c5cb-ba27-4447-8a94-936e95e92939
2026-05-29 12:36:59.887 9 INFO neutron.db.ovn_revision_numbers_db [None req-2deb7ca2-b675-467f-80a9-ac64531b3266 - - - - - -] Successfully bumped revision number for resource 24143329-4c3c-4e18-9172-64c49a989802 (type: router_ports) to 3
2026-05-29 12:37:00.400 9 INFO neutron.db.ovn_revision_numbers_db [None req-2deb7ca2-b675-467f-80a9-ac64531b3266 - - - - - -] Successfully bumped revision number for resource 24143329-4c3c-4e18-9172-64c49a989802 (type: ports) to 2
2026-05-29 12:37:00.587 9 INFO neutron.db.ovn_revision_numbers_db [None req-712c2656-3222-4b2a-9f45-9bc110d09902 - - - - - -] Successfully bumped revision number for resource fbf2c5cb-ba27-4447-8a94-936e95e92939 (type: ports) to 2
2026-05-29 12:37:00.763 9 INFO neutron.wsgi [req-a717bfd6-3191-48fc-90c2-a537ddca4878 req-f3164195-4a6b-451a-b30e-e2d7e18a2687 45b4593bec174c7288ca54a0773fd2b2 23680f1974b5487eb43aae0134346062 - - default default] 10.0.0.35 "GET /v2.0/networks?id=e598f8f9-8548-4f71-96c5-3a2da2ddb1db HTTP/1.1" status: 200 len: 877 time: 0.1442239
2026-05-29 12:37:00.805 9 INFO neutron.wsgi [req-a717bfd6-3191-48fc-90c2-a537ddca4878 req-0385dcc7-e7b4-40f2-a2aa-03d483521107 45b4593bec174c7288ca54a0773fd2b2 23680f1974b5487eb43aae0134346062 - - default default] 10.0.0.35 "GET /v2.0/quotas/23680f1974b5487eb43aae0134346062 HTTP/1.1" status: 200 len: 386 time: 0.0312119
2026-05-29 12:37:00.811 9 INFO neutron.db.ovn_revision_numbers_db [None req-712c2656-3222-4b2a-9f45-9bc110d09902 - - - - - -] Successfully bumped revision number for resource fbf2c5cb-ba27-4447-8a94-936e95e92939 (type: router_ports) to 2
2026-05-29 12:37:00.845 9 INFO neutron.db.ovn_revision_numbers_db [None req-7705fcf3-af93-4daf-bb0a-cd20dab814bd 6536e182cca748a0b6092dad330042d3 7aeb5f936e9a4de5952c28a6ae9592fa - - default default] Successfully bumped revision number for resource 3c3d90a6-0c1a-4e8b-9370-34cb7a5c85c9 (type: router_ports) to 1
2026-05-29 12:37:00.976 9 INFO neutron.db.ovn_revision_numbers_db [None req-2deb7ca2-b675-467f-80a9-ac64531b3266 - - - - - -] Successfully bumped revision number for resource 24143329-4c3c-4e18-9172-64c49a989802 (type: ports) to 4
2026-05-29 12:37:00.989 9 INFO neutron.wsgi [req-a717bfd6-3191-48fc-90c2-a537ddca4878 req-73c04751-3699-46a6-a35b-2bc5ca9303fe 45b4593bec174c7288ca54a0773fd2b2 23680f1974b5487eb43aae0134346062 - - default default] 10.0.0.35 "GET /v2.0/ports?tenant_id=23680f1974b5487eb43aae0134346062&fields=id HTTP/1.1" status: 200 len: 302 time: 0.1762879
2026-05-29 12:37:01.151 9 INFO neutron.wsgi [req-a717bfd6-3191-48fc-90c2-a537ddca4878 req-88788907-590e-4209-ad1e-d0c106996039 fa748b7f717e4474a271517bf1d588d2 9a445fbe52a8484e8ac40263374188a5 - - 10135560175449639de1ac7a4564d476 10135560175449639de1ac7a4564d476] 10.0.0.35 "GET /v2.0/networks/e598f8f9-8548-4f71-96c5-3a2da2ddb1db?fields=segments HTTP/1.1" status: 200 len: 212 time: 0.1503201
2026-05-29 12:37:01.198 9 INFO neutron.db.ovn_revision_numbers_db [None req-7705fcf3-af93-4daf-bb0a-cd20dab814bd 6536e182cca748a0b6092dad330042d3 7aeb5f936e9a4de5952c28a6ae9592fa - - default default] Successfully bumped revision number for resource 3c3d90a6-0c1a-4e8b-9370-34cb7a5c85c9 (type: ports) to 1
2026-05-29 12:37:01.258 9 INFO neutron.wsgi [req-a717bfd6-3191-48fc-90c2-a537ddca4878 req-34cc953e-49cb-48bb-bd96-50a4ba277efb fa748b7f717e4474a271517bf1d588d2 9a445fbe52a8484e8ac40263374188a5 - - 10135560175449639de1ac7a4564d476 10135560175449639de1ac7a4564d476] 10.0.0.35 "GET /v2.0/networks/e598f8f9-8548-4f71-96c5-3a2da2ddb1db?fields=provider%3Aphysical_network&fields=provider%3Anetwork_type HTTP/1.1" status: 200 len: 277 time: 0.0966024
2026-05-29 12:37:01.309 9 WARNING neutron.scheduler.dhcp_agent_scheduler [None req-7705fcf3-af93-4daf-bb0a-cd20dab814bd 6536e182cca748a0b6092dad330042d3 7aeb5f936e9a4de5952c28a6ae9592fa - - default default] No more DHCP agents
2026-05-29 12:37:01.312 9 WARNING neutron.api.rpc.agentnotifiers.dhcp_rpc_agent_api [None req-7705fcf3-af93-4daf-bb0a-cd20dab814bd 6536e182cca748a0b6092dad330042d3 7aeb5f936e9a4de5952c28a6ae9592fa - - default default] Unable to schedule network 529fd97c-abb3-4481-a014-f3151913495c: no agents available; will retry on subsequent port and subnet creation events.
2026-05-29 12:37:01.325 9 INFO neutron.db.ovn_revision_numbers_db [None req-2deb7ca2-b675-467f-80a9-ac64531b3266 - - - - - -] Successfully bumped revision number for resource 24143329-4c3c-4e18-9172-64c49a989802 (type: router_ports) to 4
2026-05-29 12:37:01.345 9 INFO neutron.wsgi [-] 10.0.0.202 "GET / HTTP/1.1" status: 200 len: 246 time: 0.0015428
2026-05-29 12:37:01.346 9 INFO neutron.wsgi [-] 10.0.0.202 "GET / HTTP/1.1" status: 200 len: 246 time: 0.0010147
2026-05-29 12:37:01.411 9 INFO neutron.wsgi [req-c2c158b2-7d7d-41e9-8d1f-518c4b887e19 req-9c1c4d39-f28c-4b7e-9357-2c0d0adea53b 45b4593bec174c7288ca54a0773fd2b2 23680f1974b5487eb43aae0134346062 - - default default] 10.0.0.35 "GET /v2.0/ports?device_id=6aac5292-7e85-48d0-9de8-5c02a0f86ba4 HTTP/1.1" status: 200 len: 210 time: 0.0357151
2026-05-29 12:37:01.653 10 INFO neutron.plugins.ml2.drivers.ovn.mech_driver.mech_driver [None req-374daa48-2896-4fee-8cdc-9b0cc76000ad - - - - - -] OVN reports status up for port: 3c3d90a6-0c1a-4e8b-9370-34cb7a5c85c9
2026-05-29 12:37:01.664 10 INFO neutron.plugins.ml2.plugin [None req-374daa48-2896-4fee-8cdc-9b0cc76000ad - - - - - -] Attempt 1 to provision port 3c3d90a6-0c1a-4e8b-9370-34cb7a5c85c9
2026-05-29 12:37:01.688 9 INFO neutron.wsgi [req-c0d94ce3-f7aa-436a-842c-ea6a1e434ec7 req-1c440b9c-1911-4fee-9e86-6c5d18599cfa b14b989d7d7345368a5a105d9374ae5c b5b3a61606ba443ebbdcad2cff8e3bcc - - default default] 10.0.0.35 "GET /v2.0/ports?device_id=f937d5d6-6098-4c1b-9f56-b9201eac3e19 HTTP/1.1" status: 200 len: 1170 time: 0.1180298
2026-05-29 12:37:01.999 9 INFO neutron.wsgi [req-4a876139-f591-4265-a59f-92d4fe1b180f req-3b6744f9-7af5-4f2d-8e90-c9d75beba057 b14b989d7d7345368a5a105d9374ae5c b5b3a61606ba443ebbdcad2cff8e3bcc - - default default] 10.0.0.35 "GET /v2.0/ports/adef64f6-8ff6-4288-a9d8-8eca1bd763f2 HTTP/1.1" status: 200 len: 1167 time: 0.2685590
2026-05-29 12:37:02.001 10 INFO neutron.db.ovn_revision_numbers_db [None req-374daa48-2896-4fee-8cdc-9b0cc76000ad - - - - - -] Successfully bumped revision number for resource 3c3d90a6-0c1a-4e8b-9370-34cb7a5c85c9 (type: ports) to 2
2026-05-29 12:37:02.081 10 INFO neutron.db.ovn_revision_numbers_db [None req-374daa48-2896-4fee-8cdc-9b0cc76000ad - - - - - -] Successfully bumped revision number for resource 3c3d90a6-0c1a-4e8b-9370-34cb7a5c85c9 (type: router_ports) to 2
2026-05-29 12:37:02.214 9 INFO neutron.wsgi [req-a02952e0-2475-4319-ae0c-29ea4cdce9a9 req-224d50ac-a8ac-4352-90da-306783852df8 b14b989d7d7345368a5a105d9374ae5c b5b3a61606ba443ebbdcad2cff8e3bcc - - default default] 199.204.45.35 "GET /v2.0/subnets?network_id=62b6984f-f0a3-40f7-a158-903ce3060d3f HTTP/1.1" status: 200 len: 859 time: 0.0685666
2026-05-29 12:37:02.281 9 INFO neutron.wsgi [req-a02952e0-2475-4319-ae0c-29ea4cdce9a9 req-105a9095-2808-45a4-a2b2-7e9de77beb5d b14b989d7d7345368a5a105d9374ae5c b5b3a61606ba443ebbdcad2cff8e3bcc - - default default] 199.204.45.35 "GET /v2.0/ports?device_id=f937d5d6-6098-4c1b-9f56-b9201eac3e19&device_owner=compute%3Anova&network_id=62b6984f-f0a3-40f7-a158-903ce3060d3f HTTP/1.1" status: 200 len: 1170 time: 0.0631671
2026-05-29 12:37:02.317 10 INFO neutron.wsgi [req-a717bfd6-3191-48fc-90c2-a537ddca4878 req-7949f728-c237-483b-a02e-99f015bb252c 45b4593bec174c7288ca54a0773fd2b2 23680f1974b5487eb43aae0134346062 - - default default] 199.204.45.35 "GET /v2.0/networks?id=e598f8f9-8548-4f71-96c5-3a2da2ddb1db HTTP/1.1" status: 200 len: 877 time: 0.1030920
2026-05-29 12:37:02.326 10 WARNING neutron_lib.context [req-a717bfd6-3191-48fc-90c2-a537ddca4878 req-e6e10e03-bbe4-40e7-8594-ba58e25b166c 45b4593bec174c7288ca54a0773fd2b2 23680f1974b5487eb43aae0134346062 - - default default] Method 'is_advsvc' is deprecated since 2023.2 release (neutron-lib 3.8.0) and will be removed once support for the old RBAC API policies will be removed from Neutron. Please use method 'is_service_role' instead.
2026-05-29 12:37:02.476 9 INFO neutron.wsgi [req-efc2a0b2-079d-4749-9eba-6f6566776871 req-39da3796-8c00-4930-87a0-66f580220194 e3ab6b6d4c97437b9c1329dd9e1dbb43 3eaa06bcd7d44306a447157d396c9239 - - default default] 10.0.0.35 "GET /v2.0/ports?device_id=cb799207-411f-4444-8bcb-d9548fe0bd52 HTTP/1.1" status: 200 len: 1174 time: 0.1565006
2026-05-29 12:37:02.551 9 INFO neutron.wsgi [req-3ad8d279-02aa-4bef-919e-1b3951d4d6b9 req-be8df754-56c1-40ef-ab63-6b40210058ea 45b4593bec174c7288ca54a0773fd2b2 23680f1974b5487eb43aae0134346062 - - default default] 10.0.0.35 "GET /v2.0/ports?device_id=6aac5292-7e85-48d0-9de8-5c02a0f86ba4 HTTP/1.1" status: 200 len: 210 time: 0.0589144
2026-05-29 12:37:02.583 9 INFO neutron.wsgi [req-efc2a0b2-079d-4749-9eba-6f6566776871 req-968d4a45-7f76-42c1-ae92-41dc65e7f83c e3ab6b6d4c97437b9c1329dd9e1dbb43 3eaa06bcd7d44306a447157d396c9239 - - default default] 10.0.0.35 "GET /v2.0/security-groups?id=24b4cc7c-6e93-49f9-99d7-15e05652edd2&fields=id&fields=name HTTP/1.1" status: 200 len: 312 time: 0.0950303
2026-05-29 12:37:02.632 9 INFO neutron.wsgi [None req-7705fcf3-af93-4daf-bb0a-cd20dab814bd 6536e182cca748a0b6092dad330042d3 7aeb5f936e9a4de5952c28a6ae9592fa - - default default] 10.0.0.132 "PUT /v2.0/routers/22beaa23-5139-4433-ab58-645380ffb98e/add_router_interface HTTP/1.1" status: 200 len: 503 time: 3.5856068
2026-05-29 12:37:02.713 10 WARNING neutron.scheduler.dhcp_agent_scheduler [req-a717bfd6-3191-48fc-90c2-a537ddca4878 req-e6e10e03-bbe4-40e7-8594-ba58e25b166c 45b4593bec174c7288ca54a0773fd2b2 23680f1974b5487eb43aae0134346062 - - default default] No more DHCP agents
2026-05-29 12:37:02.718 10 WARNING neutron.api.rpc.agentnotifiers.dhcp_rpc_agent_api [req-a717bfd6-3191-48fc-90c2-a537ddca4878 req-e6e10e03-bbe4-40e7-8594-ba58e25b166c 45b4593bec174c7288ca54a0773fd2b2 23680f1974b5487eb43aae0134346062 - - default default] Unable to schedule network e598f8f9-8548-4f71-96c5-3a2da2ddb1db: no agents available; will retry on subsequent port and subnet creation events.
2026-05-29 12:37:02.721 9 INFO neutron.wsgi [req-0d293663-cd26-4713-ba39-70ba81ad5a7e req-ddbce6c8-9e68-459d-a7e7-25cbd2e606b0 e3ab6b6d4c97437b9c1329dd9e1dbb43 3eaa06bcd7d44306a447157d396c9239 - - default default] 10.0.0.35 "GET /v2.0/ports?device_id=cb799207-411f-4444-8bcb-d9548fe0bd52 HTTP/1.1" status: 200 len: 1174 time: 0.0520308
2026-05-29 12:37:02.783 9 INFO neutron.wsgi [req-0d293663-cd26-4713-ba39-70ba81ad5a7e req-6c7e22bf-637f-4bcf-822a-87f9f053356d e3ab6b6d4c97437b9c1329dd9e1dbb43 3eaa06bcd7d44306a447157d396c9239 - - default default] 10.0.0.35 "GET /v2.0/security-groups?id=24b4cc7c-6e93-49f9-99d7-15e05652edd2&fields=id&fields=name HTTP/1.1" status: 200 len: 312 time: 0.0530360
2026-05-29 12:37:02.895 10 INFO neutron.db.ovn_revision_numbers_db [req-a717bfd6-3191-48fc-90c2-a537ddca4878 req-e6e10e03-bbe4-40e7-8594-ba58e25b166c 45b4593bec174c7288ca54a0773fd2b2 23680f1974b5487eb43aae0134346062 - - default default] Successfully bumped revision number for resource 8fd4eb0b-6f61-4da7-9ac8-0e37ce8ece50 (type: ports) to 1
2026-05-29 12:37:02.923 10 INFO neutron.wsgi [req-a717bfd6-3191-48fc-90c2-a537ddca4878 req-e6e10e03-bbe4-40e7-8594-ba58e25b166c 45b4593bec174c7288ca54a0773fd2b2 23680f1974b5487eb43aae0134346062 - - default default] 199.204.45.35 "POST /v2.0/ports HTTP/1.1" status: 201 len: 1162 time: 0.6017568 /var/lib/openstack/lib/python3.10/site-packages/pycadf/identifier.py:71: UserWarning: Invalid uuid: neutron. To ensure interoperability, identifiers should be a valid uuid. warnings.warn(('Invalid uuid: %s. To ensure interoperability, '
2026-05-29 12:37:02.979 9 INFO neutron.db.ovn_revision_numbers_db [req-a02952e0-2475-4319-ae0c-29ea4cdce9a9 req-68a8ef7e-9427-439e-af41-f874636e09ed b14b989d7d7345368a5a105d9374ae5c b5b3a61606ba443ebbdcad2cff8e3bcc - - default default] Successfully bumped revision number for resource adef64f6-8ff6-4288-a9d8-8eca1bd763f2 (type: ports) to 5
2026-05-29 12:37:02.992 9 INFO neutron.wsgi [req-a02952e0-2475-4319-ae0c-29ea4cdce9a9 req-68a8ef7e-9427-439e-af41-f874636e09ed b14b989d7d7345368a5a105d9374ae5c b5b3a61606ba443ebbdcad2cff8e3bcc - - default default] 199.204.45.35 "PUT /v2.0/ports/adef64f6-8ff6-4288-a9d8-8eca1bd763f2 HTTP/1.1" status: 200 len: 1345 time: 0.7053454 /var/lib/openstack/lib/python3.10/site-packages/pycadf/identifier.py:71: UserWarning: Invalid uuid: neutron. To ensure interoperability, identifiers should be a valid uuid. warnings.warn(('Invalid uuid: %s. To ensure interoperability, '
2026-05-29 12:37:03.026 9 INFO neutron.notifiers.nova [-] Nova event matching ['req-2df3f464-3a84-4d0a-8e2b-7e2e1cf18f76'] response: {'name': 'network-changed', 'server_uuid': 'f937d5d6-6098-4c1b-9f56-b9201eac3e19', 'tag': 'adef64f6-8ff6-4288-a9d8-8eca1bd763f2', 'status': 'completed', 'code': 200}
2026-05-29 12:37:03.052 9 INFO neutron.wsgi [req-a02952e0-2475-4319-ae0c-29ea4cdce9a9 req-8d13d7b1-4be3-4b52-9e32-d526f0a8f844 fa748b7f717e4474a271517bf1d588d2 9a445fbe52a8484e8ac40263374188a5 - - 10135560175449639de1ac7a4564d476 10135560175449639de1ac7a4564d476] 199.204.45.35 "GET /v2.0/ports?tenant_id=b5b3a61606ba443ebbdcad2cff8e3bcc&device_id=f937d5d6-6098-4c1b-9f56-b9201eac3e19 HTTP/1.1" status: 200 len: 1586 time: 0.0401299
2026-05-29 12:37:03.113 9 INFO neutron.wsgi [req-a02952e0-2475-4319-ae0c-29ea4cdce9a9 req-1e2658e8-1ab5-4523-ad28-cf161931ca22 fa748b7f717e4474a271517bf1d588d2 9a445fbe52a8484e8ac40263374188a5 - - 10135560175449639de1ac7a4564d476 10135560175449639de1ac7a4564d476] 199.204.45.35 "GET /v2.0/networks?id=62b6984f-f0a3-40f7-a158-903ce3060d3f HTTP/1.1" status: 200 len: 981 time: 0.0547523
2026-05-29 12:37:03.158 9 WARNING neutron_lib.context [None req-49d08164-9021-4390-a4b0-e069c5c1edfd 24cf63bec0a2490ca30edd1316c82549 d47a65a64e3340fa802e9dc311db209e - - default default] Method 'is_advsvc' is deprecated since 2023.2 release (neutron-lib 3.8.0) and will be removed once support for the old RBAC API policies will be removed from Neutron. Please use method 'is_service_role' instead.
2026-05-29 12:37:03.170 9 INFO neutron.wsgi [req-a02952e0-2475-4319-ae0c-29ea4cdce9a9 req-192bff9c-0c7a-4be3-8336-4ec42c30ce25 fa748b7f717e4474a271517bf1d588d2 9a445fbe52a8484e8ac40263374188a5 - - 10135560175449639de1ac7a4564d476 10135560175449639de1ac7a4564d476] 199.204.45.35 "GET /v2.0/floatingips?fixed_ip_address=10.100.0.6&port_id=adef64f6-8ff6-4288-a9d8-8eca1bd763f2 HTTP/1.1" status: 200 len: 217 time: 0.0469446
2026-05-29 12:37:03.226 9 INFO neutron.wsgi [req-c356fe95-5013-4974-a052-d89292fc9d42 req-72241722-3d20-4896-b2f4-d6f2fa4c0765 e3ab6b6d4c97437b9c1329dd9e1dbb43 3eaa06bcd7d44306a447157d396c9239 - - default default] 10.0.0.35 "GET /v2.0/ports?device_id=cb799207-411f-4444-8bcb-d9548fe0bd52 HTTP/1.1" status: 200 len: 1174 time: 0.1096730
2026-05-29 12:37:03.242 9 INFO neutron.wsgi [req-60e21674-9238-456e-ade7-c8c4a040be04 req-5a5ed3fc-fda2-4559-ac2a-07012a43f531 fa748b7f717e4474a271517bf1d588d2 9a445fbe52a8484e8ac40263374188a5 - - 10135560175449639de1ac7a4564d476 10135560175449639de1ac7a4564d476] 199.204.45.35 "GET /v2.0/ports?tenant_id=3eaa06bcd7d44306a447157d396c9239&device_id=cb799207-411f-4444-8bcb-d9548fe0bd52 HTTP/1.1" status: 200 len: 1413 time: 0.0750589
2026-05-29 12:37:03.297 9 INFO neutron.wsgi [req-a02952e0-2475-4319-ae0c-29ea4cdce9a9 req-6c092e3e-076d-45ee-87c6-437026bbc6fd fa748b7f717e4474a271517bf1d588d2 9a445fbe52a8484e8ac40263374188a5 - - 10135560175449639de1ac7a4564d476 10135560175449639de1ac7a4564d476] 199.204.45.35 "GET /v2.0/floatingips?fixed_ip_address=10.100.0.9&port_id=adef64f6-8ff6-4288-a9d8-8eca1bd763f2 HTTP/1.1" status: 200 len: 1059 time: 0.1158907
2026-05-29 12:37:03.350 9 INFO neutron.wsgi [req-c356fe95-5013-4974-a052-d89292fc9d42 req-d74c58ba-87c3-42cc-a9db-0210fa291188 e3ab6b6d4c97437b9c1329dd9e1dbb43 3eaa06bcd7d44306a447157d396c9239 - - default default] 10.0.0.35 "GET /v2.0/security-groups?id=24b4cc7c-6e93-49f9-99d7-15e05652edd2&fields=id&fields=name HTTP/1.1" status: 200 len: 312 time: 0.1157687
2026-05-29 12:37:03.367 9 INFO neutron.wsgi [req-a02952e0-2475-4319-ae0c-29ea4cdce9a9 req-0fadf669-f7f9-42eb-a082-dbe180e8bb6d fa748b7f717e4474a271517bf1d588d2 9a445fbe52a8484e8ac40263374188a5 - - 10135560175449639de1ac7a4564d476 10135560175449639de1ac7a4564d476] 199.204.45.35 "GET /v2.0/subnets?id=76aa2dbd-e97e-4e0e-be15-e5f7c571a75e HTTP/1.1" status: 200 len: 877 time: 0.0557339
2026-05-29 12:37:03.383 9 INFO neutron.wsgi [req-60e21674-9238-456e-ade7-c8c4a040be04 req-314c530c-1f9e-4c92-be69-41ca8a3ad391 fa748b7f717e4474a271517bf1d588d2 9a445fbe52a8484e8ac40263374188a5 - - 10135560175449639de1ac7a4564d476 10135560175449639de1ac7a4564d476] 199.204.45.35 "GET /v2.0/networks?id=6039bb0f-ea3e-44bc-b554-512f87df19de HTTP/1.1" status: 200 len: 974 time: 0.1307914
2026-05-29 12:37:03.409 9 INFO neutron.wsgi [req-a02952e0-2475-4319-ae0c-29ea4cdce9a9 req-a5bbb023-1b41-4bd7-ab77-bf080342de5f fa748b7f717e4474a271517bf1d588d2 9a445fbe52a8484e8ac40263374188a5 - - 10135560175449639de1ac7a4564d476 10135560175449639de1ac7a4564d476] 199.204.45.35 "GET /v2.0/ports?network_id=62b6984f-f0a3-40f7-a158-903ce3060d3f&device_owner=network%3Adhcp HTTP/1.1" status: 200 len: 210 time: 0.0340390
2026-05-29 12:37:03.478 9 INFO neutron.wsgi [req-60e21674-9238-456e-ade7-c8c4a040be04 req-52925b56-72db-4f30-b8f6-7b6e0a497d89 fa748b7f717e4474a271517bf1d588d2 9a445fbe52a8484e8ac40263374188a5 - - 10135560175449639de1ac7a4564d476 10135560175449639de1ac7a4564d476] 199.204.45.35 "GET /v2.0/floatingips?fixed_ip_address=10.100.0.13&port_id=ae2dfa18-4eb6-4a20-83d9-284a26036920 HTTP/1.1" status: 200 len: 1060 time: 0.0825255
2026-05-29 12:37:03.479 9 INFO neutron.db.ovn_revision_numbers_db [None req-49d08164-9021-4390-a4b0-e069c5c1edfd 24cf63bec0a2490ca30edd1316c82549 d47a65a64e3340fa802e9dc311db209e - - default default] Successfully bumped revision number for resource a2cb6dbc-00f6-4460-baa9-98c2c3767dcc (type: security_groups) to 1
2026-05-29 12:37:03.508 9 INFO neutron.db.ovn_revision_numbers_db [None req-49d08164-9021-4390-a4b0-e069c5c1edfd 24cf63bec0a2490ca30edd1316c82549 d47a65a64e3340fa802e9dc311db209e - - default default] Successfully bumped revision number for resource 0b7cd1a6-6e04-4d71-b077-72d966d552ac (type: security_group_rules) to 0
2026-05-29 12:37:03.524 9 INFO neutron.wsgi [req-a02952e0-2475-4319-ae0c-29ea4cdce9a9 req-fc43e7e8-22b6-45ef-a222-b03313640247 fa748b7f717e4474a271517bf1d588d2 9a445fbe52a8484e8ac40263374188a5 - - 10135560175449639de1ac7a4564d476 10135560175449639de1ac7a4564d476] 199.204.45.35 "GET /v2.0/networks/62b6984f-f0a3-40f7-a158-903ce3060d3f?fields=segments HTTP/1.1" status: 200 len: 212 time: 0.1015179
2026-05-29 12:37:03.532 9 INFO neutron.wsgi [req-60e21674-9238-456e-ade7-c8c4a040be04 req-30b1387e-e10b-48f7-98d6-37f3c8b671d1 fa748b7f717e4474a271517bf1d588d2 9a445fbe52a8484e8ac40263374188a5 - - 10135560175449639de1ac7a4564d476 10135560175449639de1ac7a4564d476] 199.204.45.35 "GET /v2.0/subnets?id=4a53624d-1cf8-4c83-8a07-f9e28febeacc HTTP/1.1" status: 200 len: 869 time: 0.0459437
2026-05-29 12:37:03.539 9 INFO neutron.db.ovn_revision_numbers_db [None req-49d08164-9021-4390-a4b0-e069c5c1edfd 24cf63bec0a2490ca30edd1316c82549 d47a65a64e3340fa802e9dc311db209e - - default default] Successfully bumped revision number for resource a86349f1-5579-49fc-a751-f0dca7a8f1b2 (type: security_group_rules) to 0
2026-05-29 12:37:03.546 10 INFO neutron.db.ovn_revision_numbers_db [req-a717bfd6-3191-48fc-90c2-a537ddca4878 req-75e1d27c-697d-425b-a19b-cc81096f0512 fa748b7f717e4474a271517bf1d588d2 9a445fbe52a8484e8ac40263374188a5 - - 10135560175449639de1ac7a4564d476 10135560175449639de1ac7a4564d476] Successfully bumped revision number for resource 8fd4eb0b-6f61-4da7-9ac8-0e37ce8ece50 (type: ports) to 2
2026-05-29 12:37:03.581 9 INFO neutron.wsgi [req-60e21674-9238-456e-ade7-c8c4a040be04 req-3348ba24-4ac1-4141-85fb-a0473e34d87c fa748b7f717e4474a271517bf1d588d2 9a445fbe52a8484e8ac40263374188a5 - - 10135560175449639de1ac7a4564d476 10135560175449639de1ac7a4564d476] 199.204.45.35 "GET /v2.0/ports?network_id=6039bb0f-ea3e-44bc-b554-512f87df19de&device_owner=network%3Adhcp HTTP/1.1" status: 200 len: 210 time: 0.0424109
2026-05-29 12:37:03.595 9 INFO neutron.wsgi [None req-49d08164-9021-4390-a4b0-e069c5c1edfd 24cf63bec0a2490ca30edd1316c82549 d47a65a64e3340fa802e9dc311db209e - - default default] 10.0.0.132 "POST /v2.0/security-groups HTTP/1.1" status: 201 len: 1796 time: 0.4412291 /var/lib/openstack/lib/python3.10/site-packages/pycadf/identifier.py:71: UserWarning: Invalid uuid: neutron. To ensure interoperability, identifiers should be a valid uuid. warnings.warn(('Invalid uuid: %s. To ensure interoperability, '
2026-05-29 12:37:03.616 10 WARNING neutron_lib.context [None req-1fae65d0-9f99-4d4e-bb4e-a2ca8ac86bdf 24cf63bec0a2490ca30edd1316c82549 d47a65a64e3340fa802e9dc311db209e - - default default] Method 'is_advsvc' is deprecated since 2023.2 release (neutron-lib 3.8.0) and will be removed once support for the old RBAC API policies will be removed from Neutron. Please use method 'is_service_role' instead.
2026-05-29 12:37:03.646 9 INFO neutron.wsgi [req-a02952e0-2475-4319-ae0c-29ea4cdce9a9 req-37418efb-5921-4e7a-adef-506260585a10 fa748b7f717e4474a271517bf1d588d2 9a445fbe52a8484e8ac40263374188a5 - - 10135560175449639de1ac7a4564d476 10135560175449639de1ac7a4564d476] 199.204.45.35 "GET /v2.0/networks/62b6984f-f0a3-40f7-a158-903ce3060d3f?fields=provider%3Aphysical_network&fields=provider%3Anetwork_type HTTP/1.1" status: 200 len: 277 time: 0.1131778
2026-05-29 12:37:03.688 9 INFO neutron.wsgi [req-425f82a2-32dd-416a-b2f4-05547ee9dcd7 req-bf058c3e-4982-4525-a3b0-43b9a804b542 45b4593bec174c7288ca54a0773fd2b2 23680f1974b5487eb43aae0134346062 - - default default] 10.0.0.35 "GET /v2.0/ports?device_id=6aac5292-7e85-48d0-9de8-5c02a0f86ba4 HTTP/1.1" status: 200 len: 1172 time: 0.0411892
2026-05-29 12:37:03.691 9 INFO neutron.wsgi [req-60e21674-9238-456e-ade7-c8c4a040be04 req-6483b7e2-9b70-45c1-b36b-051bfe14e14a fa748b7f717e4474a271517bf1d588d2 9a445fbe52a8484e8ac40263374188a5 - - 10135560175449639de1ac7a4564d476 10135560175449639de1ac7a4564d476] 199.204.45.35 "GET /v2.0/networks/6039bb0f-ea3e-44bc-b554-512f87df19de?fields=segments HTTP/1.1" status: 200 len: 212 time: 0.1019976
2026-05-29 12:37:03.782 10 INFO neutron.db.ovn_revision_numbers_db [req-a717bfd6-3191-48fc-90c2-a537ddca4878 req-75e1d27c-697d-425b-a19b-cc81096f0512 fa748b7f717e4474a271517bf1d588d2 9a445fbe52a8484e8ac40263374188a5 - - 10135560175449639de1ac7a4564d476 10135560175449639de1ac7a4564d476] Successfully bumped revision number for resource 8fd4eb0b-6f61-4da7-9ac8-0e37ce8ece50 (type: ports) to 2
2026-05-29 12:37:03.802 10 INFO neutron.wsgi [req-a717bfd6-3191-48fc-90c2-a537ddca4878 req-75e1d27c-697d-425b-a19b-cc81096f0512 fa748b7f717e4474a271517bf1d588d2 9a445fbe52a8484e8ac40263374188a5 - - 10135560175449639de1ac7a4564d476 10135560175449639de1ac7a4564d476] 199.204.45.35 "PUT /v2.0/ports/8fd4eb0b-6f61-4da7-9ac8-0e37ce8ece50 HTTP/1.1" status: 200 len: 1380 time: 0.8709826
2026-05-29 12:37:03.816 10 INFO neutron.db.ovn_revision_numbers_db [None req-1fae65d0-9f99-4d4e-bb4e-a2ca8ac86bdf 24cf63bec0a2490ca30edd1316c82549 d47a65a64e3340fa802e9dc311db209e - - default default] Successfully bumped revision number for resource f770f729-f3cf-47ce-9468-095b2fdb1bad (type: security_group_rules) to 0
2026-05-29 12:37:03.840 10 INFO neutron.notifiers.nova [-] Nova event matching ['req-49e5eb61-807e-4fde-a7ff-b2338e95df93'] response: {'name': 'network-changed', 'server_uuid': '6aac5292-7e85-48d0-9de8-5c02a0f86ba4', 'tag': '8fd4eb0b-6f61-4da7-9ac8-0e37ce8ece50', 'status': 'completed', 'code': 200}
2026-05-29 12:37:03.847 10 INFO neutron.wsgi [None req-1fae65d0-9f99-4d4e-bb4e-a2ca8ac86bdf 24cf63bec0a2490ca30edd1316c82549 d47a65a64e3340fa802e9dc311db209e - - default default] 10.0.0.132 "POST /v2.0/security-group-rules HTTP/1.1" status: 201 len: 764 time: 0.2378087 /var/lib/openstack/lib/python3.10/site-packages/pycadf/identifier.py:71: UserWarning: Invalid uuid: neutron. To ensure interoperability, identifiers should be a valid uuid. warnings.warn(('Invalid uuid: %s. To ensure interoperability, '
2026-05-29 12:37:03.860 10 WARNING neutron_lib.context [None req-c454bf96-23e8-4270-a45a-4f4a07ed4487 24cf63bec0a2490ca30edd1316c82549 d47a65a64e3340fa802e9dc311db209e - - default default] Method 'is_advsvc' is deprecated since 2023.2 release (neutron-lib 3.8.0) and will be removed once support for the old RBAC API policies will be removed from Neutron. Please use method 'is_service_role' instead.
2026-05-29 12:37:03.887 10 INFO neutron.wsgi [req-a717bfd6-3191-48fc-90c2-a537ddca4878 req-a12aa75d-9f6e-43f1-92c9-d14970f447f7 fa748b7f717e4474a271517bf1d588d2 9a445fbe52a8484e8ac40263374188a5 - - 10135560175449639de1ac7a4564d476 10135560175449639de1ac7a4564d476] 199.204.45.35 "GET /v2.0/ports?tenant_id=23680f1974b5487eb43aae0134346062&device_id=6aac5292-7e85-48d0-9de8-5c02a0f86ba4 HTTP/1.1" status: 200 len: 1411 time: 0.0399594
2026-05-29 12:37:03.917 10 INFO neutron.wsgi [req-a717bfd6-3191-48fc-90c2-a537ddca4878 req-ca83a2c6-bebc-4fe0-9555-b2d8ba7be57d fa748b7f717e4474a271517bf1d588d2 9a445fbe52a8484e8ac40263374188a5 - - 10135560175449639de1ac7a4564d476 10135560175449639de1ac7a4564d476] 199.204.45.35 "GET /v2.0/floatingips?fixed_ip_address=10.100.0.13&port_id=8fd4eb0b-6f61-4da7-9ac8-0e37ce8ece50 HTTP/1.1" status: 200 len: 217 time: 0.0223846
2026-05-29 12:37:03.955 10 INFO neutron.wsgi [req-a717bfd6-3191-48fc-90c2-a537ddca4878 req-a4bf45eb-5615-4e9a-bf66-8391e2e19999 fa748b7f717e4474a271517bf1d588d2 9a445fbe52a8484e8ac40263374188a5 - - 10135560175449639de1ac7a4564d476 10135560175449639de1ac7a4564d476] 199.204.45.35 "GET /v2.0/subnets?id=e407e93e-3600-439a-8726-41cc90d21137 HTTP/1.1" status: 200 len: 871 time: 0.0337822
2026-05-29 12:37:03.968 9 INFO neutron.wsgi [req-547c35dd-922a-4942-aa49-c06643c2ee64 req-9de71666-e3ff-4ffd-9b9e-ad2e65ef56cb fa748b7f717e4474a271517bf1d588d2 9a445fbe52a8484e8ac40263374188a5 - - 10135560175449639de1ac7a4564d476 10135560175449639de1ac7a4564d476] 199.204.45.35 "GET /v2.0/ports?tenant_id=b5b3a61606ba443ebbdcad2cff8e3bcc&device_id=f937d5d6-6098-4c1b-9f56-b9201eac3e19 HTTP/1.1" status: 200 len: 1586 time: 0.2643368
2026-05-29 12:37:03.971 9 INFO neutron.wsgi [req-425f82a2-32dd-416a-b2f4-05547ee9dcd7 req-fdec48d8-13cc-48c3-91db-5102eca9e380 45b4593bec174c7288ca54a0773fd2b2 23680f1974b5487eb43aae0134346062 - - default default] 10.0.0.35 "GET /v2.0/security-groups?id=305de9ea-8a0e-4d7b-b25b-f2cef88d8396&fields=id&fields=name HTTP/1.1" status: 200 len: 286 time: 0.2756069
