2026-05-29 12:37:03.983 10 INFO neutron.wsgi [req-a717bfd6-3191-48fc-90c2-a537ddca4878 req-ea5dc824-000f-4ddf-a0ef-30710dd99d9a fa748b7f717e4474a271517bf1d588d2 9a445fbe52a8484e8ac40263374188a5 - - 10135560175449639de1ac7a4564d476 10135560175449639de1ac7a4564d476] 199.204.45.35 "GET /v2.0/ports?network_id=e598f8f9-8548-4f71-96c5-3a2da2ddb1db&device_owner=network%3Adhcp HTTP/1.1" status: 200 len: 210 time: 0.0201445
2026-05-29 12:37:03.999 9 INFO neutron.wsgi [req-60e21674-9238-456e-ade7-c8c4a040be04 req-d7c347c7-bf67-4430-b53b-289f8099c12a fa748b7f717e4474a271517bf1d588d2 9a445fbe52a8484e8ac40263374188a5 - - 10135560175449639de1ac7a4564d476 10135560175449639de1ac7a4564d476] 199.204.45.35 "GET /v2.0/networks/6039bb0f-ea3e-44bc-b554-512f87df19de?fields=provider%3Aphysical_network&fields=provider%3Anetwork_type HTTP/1.1" status: 200 len: 277 time: 0.2944362
2026-05-29 12:37:04.044 10 INFO neutron.db.ovn_revision_numbers_db [None req-c454bf96-23e8-4270-a45a-4f4a07ed4487 24cf63bec0a2490ca30edd1316c82549 d47a65a64e3340fa802e9dc311db209e - - default default] Successfully bumped revision number for resource 32a5d8f8-73cc-4f97-bb1c-be2daf1c003d (type: security_group_rules) to 0
2026-05-29 12:37:04.050 9 INFO neutron.wsgi [req-547c35dd-922a-4942-aa49-c06643c2ee64 req-dd73c385-71d9-45c6-9d71-f9ab21e20c48 fa748b7f717e4474a271517bf1d588d2 9a445fbe52a8484e8ac40263374188a5 - - 10135560175449639de1ac7a4564d476 10135560175449639de1ac7a4564d476] 199.204.45.35 "GET /v2.0/networks?id=62b6984f-f0a3-40f7-a158-903ce3060d3f HTTP/1.1" status: 200 len: 981 time: 0.0759411
2026-05-29 12:37:04.072 10 INFO neutron.wsgi [req-a717bfd6-3191-48fc-90c2-a537ddca4878 req-ea0fb1c9-b449-4a0b-b102-51dcced90bd4 fa748b7f717e4474a271517bf1d588d2 9a445fbe52a8484e8ac40263374188a5 - - 10135560175449639de1ac7a4564d476 10135560175449639de1ac7a4564d476] 199.204.45.35 "GET /v2.0/networks/e598f8f9-8548-4f71-96c5-3a2da2ddb1db?fields=segments HTTP/1.1" status: 200 len: 212 time: 0.0791864
2026-05-29 12:37:04.079 10 INFO neutron.wsgi [None req-c454bf96-23e8-4270-a45a-4f4a07ed4487 24cf63bec0a2490ca30edd1316c82549 d47a65a64e3340fa802e9dc311db209e - - default default] 10.0.0.132 "POST /v2.0/security-group-rules HTTP/1.1" status: 201 len: 769 time: 0.2237098
2026-05-29 12:37:04.080 9 INFO neutron.wsgi [req-547c35dd-922a-4942-aa49-c06643c2ee64 req-ce0050e9-becd-4eab-843d-66ff6d252c08 fa748b7f717e4474a271517bf1d588d2 9a445fbe52a8484e8ac40263374188a5 - - 10135560175449639de1ac7a4564d476 10135560175449639de1ac7a4564d476] 199.204.45.35 "GET /v2.0/floatingips?fixed_ip_address=10.100.0.6&port_id=adef64f6-8ff6-4288-a9d8-8eca1bd763f2 HTTP/1.1" status: 200 len: 217 time: 0.0252008
2026-05-29 12:37:04.089 9 WARNING neutron_lib.context [None req-ba6fe963-7491-4040-8356-14a6a23dd32b 24cf63bec0a2490ca30edd1316c82549 d47a65a64e3340fa802e9dc311db209e - - default default] Method 'is_advsvc' is deprecated since 2023.2 release (neutron-lib 3.8.0) and will be removed once support for the old RBAC API policies will be removed from Neutron. Please use method 'is_service_role' instead.
2026-05-29 12:37:04.139 9 INFO neutron.wsgi [req-547c35dd-922a-4942-aa49-c06643c2ee64 req-bfd4aa13-952a-4817-9700-c60658754a92 fa748b7f717e4474a271517bf1d588d2 9a445fbe52a8484e8ac40263374188a5 - - 10135560175449639de1ac7a4564d476 10135560175449639de1ac7a4564d476] 199.204.45.35 "GET /v2.0/floatingips?fixed_ip_address=10.100.0.9&port_id=adef64f6-8ff6-4288-a9d8-8eca1bd763f2 HTTP/1.1" status: 200 len: 1059 time: 0.0546632
2026-05-29 12:37:04.177 10 INFO neutron.wsgi [req-a717bfd6-3191-48fc-90c2-a537ddca4878 req-909fe220-eb9c-4d41-82b4-815304a1e63c fa748b7f717e4474a271517bf1d588d2 9a445fbe52a8484e8ac40263374188a5 - - 10135560175449639de1ac7a4564d476 10135560175449639de1ac7a4564d476] 199.204.45.35 "GET /v2.0/networks/e598f8f9-8548-4f71-96c5-3a2da2ddb1db?fields=provider%3Aphysical_network&fields=provider%3Anetwork_type HTTP/1.1" status: 200 len: 277 time: 0.0979927
2026-05-29 12:37:04.192 9 INFO neutron.wsgi [req-547c35dd-922a-4942-aa49-c06643c2ee64 req-ab0d96fa-0432-485e-a449-088a6f7830cc fa748b7f717e4474a271517bf1d588d2 9a445fbe52a8484e8ac40263374188a5 - - 10135560175449639de1ac7a4564d476 10135560175449639de1ac7a4564d476] 199.204.45.35 "GET /v2.0/subnets?id=76aa2dbd-e97e-4e0e-be15-e5f7c571a75e HTTP/1.1" status: 200 len: 877 time: 0.0408034
2026-05-29 12:37:04.238 9 INFO neutron.wsgi [req-547c35dd-922a-4942-aa49-c06643c2ee64 req-d85ec151-24f0-48f8-8d50-8a5a8dfeb4cb fa748b7f717e4474a271517bf1d588d2 9a445fbe52a8484e8ac40263374188a5 - - 10135560175449639de1ac7a4564d476 10135560175449639de1ac7a4564d476] 199.204.45.35 "GET /v2.0/ports?network_id=62b6984f-f0a3-40f7-a158-903ce3060d3f&device_owner=network%3Adhcp HTTP/1.1" status: 200 len: 210 time: 0.0384538
2026-05-29 12:37:04.313 10 INFO neutron.wsgi [req-61e9659a-01e2-4c10-a651-f40ce199333d req-f386f3e6-63ba-46cb-abde-7dd57ad83419 fa748b7f717e4474a271517bf1d588d2 9a445fbe52a8484e8ac40263374188a5 - - 10135560175449639de1ac7a4564d476 10135560175449639de1ac7a4564d476] 199.204.45.35 "GET /v2.0/ports?tenant_id=23680f1974b5487eb43aae0134346062&device_id=6aac5292-7e85-48d0-9de8-5c02a0f86ba4 HTTP/1.1" status: 200 len: 1411 time: 0.0532117
2026-05-29 12:37:04.340 9 INFO neutron.wsgi [req-808ab74c-3d0f-4828-9fb6-9989550034bb req-95c371fa-a4ee-4e08-a031-36207c8537de b14b989d7d7345368a5a105d9374ae5c b5b3a61606ba443ebbdcad2cff8e3bcc - - default default] 10.0.0.35 "GET /v2.0/ports?device_id=f937d5d6-6098-4c1b-9f56-b9201eac3e19 HTTP/1.1" status: 200 len: 1348 time: 0.0640717
2026-05-29 12:37:04.389 9 INFO neutron.wsgi [req-547c35dd-922a-4942-aa49-c06643c2ee64 req-755ea30c-0d04-4487-a9c8-03174c2678d0 fa748b7f717e4474a271517bf1d588d2 9a445fbe52a8484e8ac40263374188a5 - - 10135560175449639de1ac7a4564d476 10135560175449639de1ac7a4564d476] 199.204.45.35 "GET /v2.0/networks/62b6984f-f0a3-40f7-a158-903ce3060d3f?fields=segments HTTP/1.1" status: 200 len: 212 time: 0.1299016
2026-05-29 12:37:04.418 9 INFO neutron.wsgi [req-808ab74c-3d0f-4828-9fb6-9989550034bb req-713a030e-44bf-4031-8798-103c2bd93c2a b14b989d7d7345368a5a105d9374ae5c b5b3a61606ba443ebbdcad2cff8e3bcc - - default default] 10.0.0.35 "GET /v2.0/security-groups?id=2a6bf392-8e91-4c48-b0cd-faac3fa80f6e&fields=id&fields=name HTTP/1.1" status: 200 len: 313 time: 0.0643449
2026-05-29 12:37:04.423 10 INFO neutron.wsgi [req-61e9659a-01e2-4c10-a651-f40ce199333d req-b788d76e-e70d-4ffe-afa7-c0668803062a fa748b7f717e4474a271517bf1d588d2 9a445fbe52a8484e8ac40263374188a5 - - 10135560175449639de1ac7a4564d476 10135560175449639de1ac7a4564d476] 199.204.45.35 "GET /v2.0/networks?id=e598f8f9-8548-4f71-96c5-3a2da2ddb1db HTTP/1.1" status: 200 len: 976 time: 0.1001596
2026-05-29 12:37:04.462 10 INFO neutron.wsgi [req-61e9659a-01e2-4c10-a651-f40ce199333d req-621f9e11-d98b-4117-ac75-494f10bc1da6 fa748b7f717e4474a271517bf1d588d2 9a445fbe52a8484e8ac40263374188a5 - - 10135560175449639de1ac7a4564d476 10135560175449639de1ac7a4564d476] 199.204.45.35 "GET /v2.0/floatingips?fixed_ip_address=10.100.0.13&port_id=8fd4eb0b-6f61-4da7-9ac8-0e37ce8ece50 HTTP/1.1" status: 200 len: 217 time: 0.0339105
2026-05-29 12:37:04.510 9 INFO neutron.wsgi [req-9937f882-f456-4e36-a6e5-bc8fce2c17bb req-5dbcb740-4356-4ece-af42-d0be8befaf0a e3ab6b6d4c97437b9c1329dd9e1dbb43 3eaa06bcd7d44306a447157d396c9239 - - default default] 10.0.0.35 "GET /v2.0/ports?device_id=cb799207-411f-4444-8bcb-d9548fe0bd52 HTTP/1.1" status: 200 len: 1174 time: 0.0879252
2026-05-29 12:37:04.520 9 INFO neutron.wsgi [req-547c35dd-922a-4942-aa49-c06643c2ee64 req-73411338-fd68-49dd-8374-ca2524b034b7 fa748b7f717e4474a271517bf1d588d2 9a445fbe52a8484e8ac40263374188a5 - - 10135560175449639de1ac7a4564d476 10135560175449639de1ac7a4564d476] 199.204.45.35 "GET /v2.0/networks/62b6984f-f0a3-40f7-a158-903ce3060d3f?fields=provider%3Aphysical_network&fields=provider%3Anetwork_type HTTP/1.1" status: 200 len: 277 time: 0.1176221
2026-05-29 12:37:04.523 10 INFO neutron.wsgi [req-61e9659a-01e2-4c10-a651-f40ce199333d req-e1bd7bb9-e531-4a40-8f66-673e2e1a4b30 fa748b7f717e4474a271517bf1d588d2 9a445fbe52a8484e8ac40263374188a5 - - 10135560175449639de1ac7a4564d476 10135560175449639de1ac7a4564d476] 199.204.45.35 "GET /v2.0/subnets?id=e407e93e-3600-439a-8726-41cc90d21137 HTTP/1.1" status: 200 len: 871 time: 0.0509179
2026-05-29 12:37:04.577 10 INFO neutron.wsgi [req-61e9659a-01e2-4c10-a651-f40ce199333d req-6accbd2c-9c69-4b76-9ce4-5e550abad4f8 fa748b7f717e4474a271517bf1d588d2 9a445fbe52a8484e8ac40263374188a5 - - 10135560175449639de1ac7a4564d476 10135560175449639de1ac7a4564d476] 199.204.45.35 "GET /v2.0/ports?network_id=e598f8f9-8548-4f71-96c5-3a2da2ddb1db&device_owner=network%3Adhcp HTTP/1.1" status: 200 len: 210 time: 0.0375853
2026-05-29 12:37:04.585 9 WARNING neutron.scheduler.dhcp_agent_scheduler [None req-ba6fe963-7491-4040-8356-14a6a23dd32b 24cf63bec0a2490ca30edd1316c82549 d47a65a64e3340fa802e9dc311db209e - - default default] No more DHCP agents
2026-05-29 12:37:04.595 9 WARNING neutron.api.rpc.agentnotifiers.dhcp_rpc_agent_api [None req-ba6fe963-7491-4040-8356-14a6a23dd32b 24cf63bec0a2490ca30edd1316c82549 d47a65a64e3340fa802e9dc311db209e - - default default] Unable to schedule network 37854a1d-de52-480b-9c0c-52f3b08020f6: no agents available; will retry on subsequent port and subnet creation events.
2026-05-29 12:37:04.605 9 INFO neutron.wsgi [req-9937f882-f456-4e36-a6e5-bc8fce2c17bb req-1b3d52fc-e112-4445-a8ef-cbcc40623029 e3ab6b6d4c97437b9c1329dd9e1dbb43 3eaa06bcd7d44306a447157d396c9239 - - default default] 10.0.0.35 "GET /v2.0/security-groups?id=24b4cc7c-6e93-49f9-99d7-15e05652edd2&fields=id&fields=name HTTP/1.1" status: 200 len: 312 time: 0.0841820
2026-05-29 12:37:04.621 9 INFO neutron.wsgi [req-3d77e7f8-db9b-4ad4-8969-b2a7252f816f req-bccf2631-e7c9-4324-9717-bab7dc40d3de b14b989d7d7345368a5a105d9374ae5c b5b3a61606ba443ebbdcad2cff8e3bcc - - default default] 199.204.45.35 "GET /v2.0/ports?device_id=f937d5d6-6098-4c1b-9f56-b9201eac3e19&device_owner=compute%3Anova&fixed_ips=ip_address%3D10.100.0.6 HTTP/1.1" status: 200 len: 1348 time: 0.0760808
2026-05-29 12:37:04.682 10 INFO neutron.wsgi [req-61e9659a-01e2-4c10-a651-f40ce199333d req-f8d43ba6-97a2-4af4-8369-09fe3e219b6c fa748b7f717e4474a271517bf1d588d2 9a445fbe52a8484e8ac40263374188a5 - - 10135560175449639de1ac7a4564d476 10135560175449639de1ac7a4564d476] 199.204.45.35 "GET /v2.0/networks/e598f8f9-8548-4f71-96c5-3a2da2ddb1db?fields=segments HTTP/1.1" status: 200 len: 212 time: 0.0775762
2026-05-29 12:37:04.743 10 INFO neutron.wsgi [req-61e9659a-01e2-4c10-a651-f40ce199333d req-f0a5539c-1c06-4fe1-bd64-2ffe49efaa53 fa748b7f717e4474a271517bf1d588d2 9a445fbe52a8484e8ac40263374188a5 - - 10135560175449639de1ac7a4564d476 10135560175449639de1ac7a4564d476] 199.204.45.35 "GET /v2.0/networks/e598f8f9-8548-4f71-96c5-3a2da2ddb1db?fields=provider%3Aphysical_network&fields=provider%3Anetwork_type HTTP/1.1" status: 200 len: 277 time: 0.0525963
2026-05-29 12:37:04.985 9 INFO neutron.db.ovn_revision_numbers_db [None req-ba6fe963-7491-4040-8356-14a6a23dd32b 24cf63bec0a2490ca30edd1316c82549 d47a65a64e3340fa802e9dc311db209e - - default default] Successfully bumped revision number for resource a63061e5-c950-407f-82b5-67d84870140f (type: floatingips) to 0
2026-05-29 12:37:05.008 9 INFO neutron.wsgi [None req-ba6fe963-7491-4040-8356-14a6a23dd32b 24cf63bec0a2490ca30edd1316c82549 d47a65a64e3340fa802e9dc311db209e - - default default] 10.0.0.132 "POST /v2.0/floatingips HTTP/1.1" status: 201 len: 751 time: 0.9233868
2026-05-29 12:37:05.097 9 INFO neutron.wsgi [req-f86141cb-6746-4ea9-8704-86fac263443b req-1c41a02e-fddb-472f-905b-2ec2df39a6a6 45b4593bec174c7288ca54a0773fd2b2 23680f1974b5487eb43aae0134346062 - - default default] 10.0.0.35 "GET /v2.0/ports?device_id=6aac5292-7e85-48d0-9de8-5c02a0f86ba4 HTTP/1.1" status: 200 len: 1172 time: 0.0400765
2026-05-29 12:37:05.173 9 INFO neutron.wsgi [req-f86141cb-6746-4ea9-8704-86fac263443b req-8bc89404-c24d-45f4-a3b5-d4b0495ca8fe 45b4593bec174c7288ca54a0773fd2b2 23680f1974b5487eb43aae0134346062 - - default default] 10.0.0.35 "GET /v2.0/security-groups?id=305de9ea-8a0e-4d7b-b25b-f2cef88d8396&fields=id&fields=name HTTP/1.1" status: 200 len: 286 time: 0.0674772
2026-05-29 12:37:05.251 9 INFO neutron.db.ovn_revision_numbers_db [req-3d77e7f8-db9b-4ad4-8969-b2a7252f816f req-05e5c76d-4c40-4a75-9d7f-92a7b74113fa b14b989d7d7345368a5a105d9374ae5c b5b3a61606ba443ebbdcad2cff8e3bcc - - default default] Successfully bumped revision number for resource adef64f6-8ff6-4288-a9d8-8eca1bd763f2 (type: ports) to 6
2026-05-29 12:37:05.269 9 INFO neutron.wsgi [req-3d77e7f8-db9b-4ad4-8969-b2a7252f816f req-05e5c76d-4c40-4a75-9d7f-92a7b74113fa b14b989d7d7345368a5a105d9374ae5c b5b3a61606ba443ebbdcad2cff8e3bcc - - default default] 199.204.45.35 "PUT /v2.0/ports/adef64f6-8ff6-4288-a9d8-8eca1bd763f2 HTTP/1.1" status: 200 len: 1167 time: 0.6444149 /var/lib/openstack/lib/python3.10/site-packages/pycadf/identifier.py:71: UserWarning: Invalid uuid: neutron. To ensure interoperability, identifiers should be a valid uuid. warnings.warn(('Invalid uuid: %s. To ensure interoperability, '
2026-05-29 12:37:05.321 9 INFO neutron.notifiers.nova [-] Nova event matching ['req-8b14135e-45a8-4d13-a8c0-ffccbc4ee2fb'] response: {'name': 'network-changed', 'server_uuid': 'f937d5d6-6098-4c1b-9f56-b9201eac3e19', 'tag': 'adef64f6-8ff6-4288-a9d8-8eca1bd763f2', 'status': 'completed', 'code': 200}
2026-05-29 12:37:05.334 9 INFO neutron.wsgi [req-3d77e7f8-db9b-4ad4-8969-b2a7252f816f req-f4611914-a15d-4e14-9519-15f4abf1a86a fa748b7f717e4474a271517bf1d588d2 9a445fbe52a8484e8ac40263374188a5 - - 10135560175449639de1ac7a4564d476 10135560175449639de1ac7a4564d476] 199.204.45.35 "GET /v2.0/ports?tenant_id=b5b3a61606ba443ebbdcad2cff8e3bcc&device_id=f937d5d6-6098-4c1b-9f56-b9201eac3e19 HTTP/1.1" status: 200 len: 1409 time: 0.0398877
2026-05-29 12:37:05.416 9 INFO neutron.wsgi [req-3d77e7f8-db9b-4ad4-8969-b2a7252f816f req-0669dd5e-cb18-43d5-b80f-9d48007716f8 fa748b7f717e4474a271517bf1d588d2 9a445fbe52a8484e8ac40263374188a5 - - 10135560175449639de1ac7a4564d476 10135560175449639de1ac7a4564d476] 199.204.45.35 "GET /v2.0/networks?id=62b6984f-f0a3-40f7-a158-903ce3060d3f HTTP/1.1" status: 200 len: 981 time: 0.0763330
2026-05-29 12:37:05.467 9 INFO neutron.wsgi [req-3d77e7f8-db9b-4ad4-8969-b2a7252f816f req-6340bad7-aa38-4dbf-972b-ada4c140f609 fa748b7f717e4474a271517bf1d588d2 9a445fbe52a8484e8ac40263374188a5 - - 10135560175449639de1ac7a4564d476 10135560175449639de1ac7a4564d476] 199.204.45.35 "GET /v2.0/floatingips?fixed_ip_address=10.100.0.9&port_id=adef64f6-8ff6-4288-a9d8-8eca1bd763f2 HTTP/1.1" status: 200 len: 1059 time: 0.0442474
2026-05-29 12:37:05.508 9 INFO neutron.wsgi [req-3d77e7f8-db9b-4ad4-8969-b2a7252f816f req-a421d144-03cd-45fa-b979-d3bbb9f8c7d6 fa748b7f717e4474a271517bf1d588d2 9a445fbe52a8484e8ac40263374188a5 - - 10135560175449639de1ac7a4564d476 10135560175449639de1ac7a4564d476] 199.204.45.35 "GET /v2.0/subnets?id=76aa2dbd-e97e-4e0e-be15-e5f7c571a75e HTTP/1.1" status: 200 len: 877 time: 0.0370247
2026-05-29 12:37:05.537 9 INFO neutron.wsgi [req-3d77e7f8-db9b-4ad4-8969-b2a7252f816f req-9f1601e2-a63a-45f8-8b25-22d8dc87cd30 fa748b7f717e4474a271517bf1d588d2 9a445fbe52a8484e8ac40263374188a5 - - 10135560175449639de1ac7a4564d476 10135560175449639de1ac7a4564d476] 199.204.45.35 "GET /v2.0/ports?network_id=62b6984f-f0a3-40f7-a158-903ce3060d3f&device_owner=network%3Adhcp HTTP/1.1" status: 200 len: 210 time: 0.0215015
2026-05-29 12:37:05.552 9 INFO neutron.wsgi [req-9cf69430-c4fd-4c4b-b94a-bba15b4b2fb4 req-fb802a6b-2b39-4e29-930b-8b1915c4a5ff 24cf63bec0a2490ca30edd1316c82549 d47a65a64e3340fa802e9dc311db209e - - default default] 10.0.0.35 "GET /v2.0/security-groups?name=tempest-securitygroup--1349147422&fields=id&tenant_id=d47a65a64e3340fa802e9dc311db209e HTTP/1.1" status: 200 len: 267 time: 0.0553615
2026-05-29 12:37:05.632 9 INFO neutron.wsgi [req-3d77e7f8-db9b-4ad4-8969-b2a7252f816f req-e44a0c6f-b982-492d-8d00-dec1121e45a7 fa748b7f717e4474a271517bf1d588d2 9a445fbe52a8484e8ac40263374188a5 - - 10135560175449639de1ac7a4564d476 10135560175449639de1ac7a4564d476] 199.204.45.35 "GET /v2.0/networks/62b6984f-f0a3-40f7-a158-903ce3060d3f?fields=segments HTTP/1.1" status: 200 len: 212 time: 0.0879281
2026-05-29 12:37:05.655 9 INFO neutron.wsgi [req-9cf69430-c4fd-4c4b-b94a-bba15b4b2fb4 req-1c4e2d53-f0af-407f-aa12-ecb28795b472 24cf63bec0a2490ca30edd1316c82549 d47a65a64e3340fa802e9dc311db209e - - default default] 10.0.0.35 "GET /v2.0/networks?id=529fd97c-abb3-4481-a014-f3151913495c HTTP/1.1" status: 200 len: 874 time: 0.0955153
2026-05-29 12:37:05.697 9 INFO neutron.wsgi [req-9cf69430-c4fd-4c4b-b94a-bba15b4b2fb4 req-c5934391-6a6c-4e4a-8f20-6c2f0fd2d998 24cf63bec0a2490ca30edd1316c82549 d47a65a64e3340fa802e9dc311db209e - - default default] 10.0.0.35 "GET /v2.0/quotas/d47a65a64e3340fa802e9dc311db209e HTTP/1.1" status: 200 len: 386 time: 0.0284789
2026-05-29 12:37:05.715 9 INFO neutron.wsgi [req-2a896bd9-9a8e-4e00-93b8-1fd6902e7f56 req-d9c5c0aa-e45c-41d3-a34d-893a14183ad0 e3ab6b6d4c97437b9c1329dd9e1dbb43 3eaa06bcd7d44306a447157d396c9239 - - default default] 10.0.0.35 "GET /v2.0/ports?device_id=cb799207-411f-4444-8bcb-d9548fe0bd52 HTTP/1.1" status: 200 len: 1174 time: 0.0535183
2026-05-29 12:37:05.750 9 INFO neutron.wsgi [req-3d77e7f8-db9b-4ad4-8969-b2a7252f816f req-30691d2a-9286-45ca-9556-3877d9c30d6f fa748b7f717e4474a271517bf1d588d2 9a445fbe52a8484e8ac40263374188a5 - - 10135560175449639de1ac7a4564d476 10135560175449639de1ac7a4564d476] 199.204.45.35 "GET /v2.0/networks/62b6984f-f0a3-40f7-a158-903ce3060d3f?fields=provider%3Aphysical_network&fields=provider%3Anetwork_type HTTP/1.1" status: 200 len: 277 time: 0.1086986
2026-05-29 12:37:05.779 9 INFO neutron.wsgi [req-2a896bd9-9a8e-4e00-93b8-1fd6902e7f56 req-c1f62c85-849e-4719-b913-8fbb388e7e49 e3ab6b6d4c97437b9c1329dd9e1dbb43 3eaa06bcd7d44306a447157d396c9239 - - default default] 10.0.0.35 "GET /v2.0/security-groups?id=24b4cc7c-6e93-49f9-99d7-15e05652edd2&fields=id&fields=name HTTP/1.1" status: 200 len: 312 time: 0.0557296
2026-05-29 12:37:05.828 9 INFO neutron.wsgi [req-68f5d852-992d-4747-8ceb-7bfee184cc91 req-0482546a-6881-437f-b30f-5cb6e88d60b5 fa748b7f717e4474a271517bf1d588d2 9a445fbe52a8484e8ac40263374188a5 - - 10135560175449639de1ac7a4564d476 10135560175449639de1ac7a4564d476] 199.204.45.35 "GET /v2.0/ports?tenant_id=b5b3a61606ba443ebbdcad2cff8e3bcc&device_id=f937d5d6-6098-4c1b-9f56-b9201eac3e19 HTTP/1.1" status: 200 len: 1409 time: 0.0348763
2026-05-29 12:37:05.830 9 INFO neutron.wsgi [req-9cf69430-c4fd-4c4b-b94a-bba15b4b2fb4 req-7c84d56f-8f8f-438b-ab87-a5fc517e2bdc 24cf63bec0a2490ca30edd1316c82549 d47a65a64e3340fa802e9dc311db209e - - default default] 10.0.0.35 "GET /v2.0/ports?tenant_id=d47a65a64e3340fa802e9dc311db209e&fields=id HTTP/1.1" status: 200 len: 302 time: 0.1220739
2026-05-29 12:37:05.921 9 INFO neutron.wsgi [req-68f5d852-992d-4747-8ceb-7bfee184cc91 req-0a761486-ef75-4a8a-87fa-0f46d3c79a50 fa748b7f717e4474a271517bf1d588d2 9a445fbe52a8484e8ac40263374188a5 - - 10135560175449639de1ac7a4564d476 10135560175449639de1ac7a4564d476] 199.204.45.35 "GET /v2.0/networks?id=62b6984f-f0a3-40f7-a158-903ce3060d3f HTTP/1.1" status: 200 len: 981 time: 0.0854657
2026-05-29 12:37:05.923 9 INFO neutron.wsgi [req-9cf69430-c4fd-4c4b-b94a-bba15b4b2fb4 req-af08e6c9-426d-4cbf-adf7-3e17a399f3a6 fa748b7f717e4474a271517bf1d588d2 9a445fbe52a8484e8ac40263374188a5 - - 10135560175449639de1ac7a4564d476 10135560175449639de1ac7a4564d476] 10.0.0.35 "GET /v2.0/networks/529fd97c-abb3-4481-a014-f3151913495c?fields=segments HTTP/1.1" status: 200 len: 212 time: 0.0762661
2026-05-29 12:37:05.989 9 INFO neutron.wsgi [req-68f5d852-992d-4747-8ceb-7bfee184cc91 req-84e57e67-6300-46df-8b34-64221243d975 fa748b7f717e4474a271517bf1d588d2 9a445fbe52a8484e8ac40263374188a5 - - 10135560175449639de1ac7a4564d476 10135560175449639de1ac7a4564d476] 199.204.45.35 "GET /v2.0/floatingips?fixed_ip_address=10.100.0.9&port_id=adef64f6-8ff6-4288-a9d8-8eca1bd763f2 HTTP/1.1" status: 200 len: 1059 time: 0.0630567
2026-05-29 12:37:06.011 9 INFO neutron.wsgi [req-9cf69430-c4fd-4c4b-b94a-bba15b4b2fb4 req-4b329a5f-e506-41a6-bba3-fe210e444264 fa748b7f717e4474a271517bf1d588d2 9a445fbe52a8484e8ac40263374188a5 - - 10135560175449639de1ac7a4564d476 10135560175449639de1ac7a4564d476] 10.0.0.35 "GET /v2.0/networks/529fd97c-abb3-4481-a014-f3151913495c?fields=provider%3Aphysical_network&fields=provider%3Anetwork_type HTTP/1.1" status: 200 len: 277 time: 0.0804510
2026-05-29 12:37:06.045 9 INFO neutron.wsgi [req-68f5d852-992d-4747-8ceb-7bfee184cc91 req-a4d41acb-a7ac-4ebe-9298-a1da4306f170 fa748b7f717e4474a271517bf1d588d2 9a445fbe52a8484e8ac40263374188a5 - - 10135560175449639de1ac7a4564d476 10135560175449639de1ac7a4564d476] 199.204.45.35 "GET /v2.0/subnets?id=76aa2dbd-e97e-4e0e-be15-e5f7c571a75e HTTP/1.1" status: 200 len: 877 time: 0.0499699
2026-05-29 12:37:06.078 9 INFO neutron.wsgi [req-68f5d852-992d-4747-8ceb-7bfee184cc91 req-47c0179c-2ef7-485a-8744-c22e12f5784e fa748b7f717e4474a271517bf1d588d2 9a445fbe52a8484e8ac40263374188a5 - - 10135560175449639de1ac7a4564d476 10135560175449639de1ac7a4564d476] 199.204.45.35 "GET /v2.0/ports?network_id=62b6984f-f0a3-40f7-a158-903ce3060d3f&device_owner=network%3Adhcp HTTP/1.1" status: 200 len: 210 time: 0.0232875
2026-05-29 12:37:06.144 9 INFO neutron.wsgi [req-68f5d852-992d-4747-8ceb-7bfee184cc91 req-b4a48dda-064e-4314-b75b-21b922f8908d fa748b7f717e4474a271517bf1d588d2 9a445fbe52a8484e8ac40263374188a5 - - 10135560175449639de1ac7a4564d476 10135560175449639de1ac7a4564d476] 199.204.45.35 "GET /v2.0/networks/62b6984f-f0a3-40f7-a158-903ce3060d3f?fields=segments HTTP/1.1" status: 200 len: 212 time: 0.0594039
2026-05-29 12:37:06.157 9 INFO neutron.wsgi [req-b27537bd-79fa-4ca8-9770-a4040d25490c req-88549703-4a3b-490b-9294-24b07813607f 24cf63bec0a2490ca30edd1316c82549 d47a65a64e3340fa802e9dc311db209e - - default default] 10.0.0.35 "GET /v2.0/ports?device_id=8a2ef64f-5eb7-485d-86c0-047456735c70 HTTP/1.1" status: 200 len: 210 time: 0.0207622
2026-05-29 12:37:06.216 9 INFO neutron.wsgi [req-68f5d852-992d-4747-8ceb-7bfee184cc91 req-7d16fcc3-5a8d-405e-a4c1-ea39b2790313 fa748b7f717e4474a271517bf1d588d2 9a445fbe52a8484e8ac40263374188a5 - - 10135560175449639de1ac7a4564d476 10135560175449639de1ac7a4564d476] 199.204.45.35 "GET /v2.0/networks/62b6984f-f0a3-40f7-a158-903ce3060d3f?fields=provider%3Aphysical_network&fields=provider%3Anetwork_type HTTP/1.1" status: 200 len: 277 time: 0.0620112
2026-05-29 12:37:06.322 9 INFO neutron.wsgi [req-3be9f323-3a6d-4333-838f-905432af5fc0 req-3313bc32-79c7-47f4-8966-ede47e6ae33c 45b4593bec174c7288ca54a0773fd2b2 23680f1974b5487eb43aae0134346062 - - default default] 10.0.0.35 "GET /v2.0/ports?device_id=6aac5292-7e85-48d0-9de8-5c02a0f86ba4 HTTP/1.1" status: 200 len: 1172 time: 0.0723143
2026-05-29 12:37:06.380 9 INFO neutron.wsgi [req-3be9f323-3a6d-4333-838f-905432af5fc0 req-8f37291b-2a32-409c-a884-47446c3e2db8 45b4593bec174c7288ca54a0773fd2b2 23680f1974b5487eb43aae0134346062 - - default default] 10.0.0.35 "GET /v2.0/security-groups?id=305de9ea-8a0e-4d7b-b25b-f2cef88d8396&fields=id&fields=name HTTP/1.1" status: 200 len: 286 time: 0.0501299
2026-05-29 12:37:06.511 9 WARNING neutron.plugins.ml2.drivers.ovn.mech_driver.ovsdb.ovn_client [None req-712c2656-3222-4b2a-9f45-9bc110d09902 - - - - - -] No hosting information found for port fbf2c5cb-ba27-4447-8a94-936e95e92939: RuntimeError: No hosting information found for port fbf2c5cb-ba27-4447-8a94-936e95e92939
2026-05-29 12:37:06.512 9 INFO neutron.plugins.ml2.drivers.ovn.mech_driver.mech_driver [None req-712c2656-3222-4b2a-9f45-9bc110d09902 - - - - - -] OVN reports status up for port: 8fd4eb0b-6f61-4da7-9ac8-0e37ce8ece50
2026-05-29 12:37:06.523 9 INFO neutron.plugins.ml2.plugin [None req-712c2656-3222-4b2a-9f45-9bc110d09902 - - - - - -] Attempt 1 to provision port 8fd4eb0b-6f61-4da7-9ac8-0e37ce8ece50
2026-05-29 12:37:06.889 10 WARNING neutron.plugins.ml2.drivers.ovn.mech_driver.ovsdb.ovn_client [None req-374daa48-2896-4fee-8cdc-9b0cc76000ad - - - - - -] No hosting information found for port 3c3d90a6-0c1a-4e8b-9370-34cb7a5c85c9: RuntimeError: No hosting information found for port 3c3d90a6-0c1a-4e8b-9370-34cb7a5c85c9
2026-05-29 12:37:06.890 10 INFO neutron.plugins.ml2.drivers.ovn.mech_driver.mech_driver [None req-374daa48-2896-4fee-8cdc-9b0cc76000ad - - - - - -] OVN reports status down for port: ae2dfa18-4eb6-4a20-83d9-284a26036920
2026-05-29 12:37:06.918 9 INFO neutron.wsgi [req-55ebe6cd-475a-4284-969a-da4ed07ee4f2 req-19d2ae8d-3502-416f-94ae-06c80ded649c e3ab6b6d4c97437b9c1329dd9e1dbb43 3eaa06bcd7d44306a447157d396c9239 - - default default] 10.0.0.35 "GET /v2.0/ports?device_id=cb799207-411f-4444-8bcb-d9548fe0bd52 HTTP/1.1" status: 200 len: 1174 time: 0.0705132
2026-05-29 12:37:06.930 9 INFO neutron.db.ovn_revision_numbers_db [None req-712c2656-3222-4b2a-9f45-9bc110d09902 - - - - - -] Successfully bumped revision number for resource 8fd4eb0b-6f61-4da7-9ac8-0e37ce8ece50 (type: ports) to 4
2026-05-29 12:37:07.048 9 INFO neutron.wsgi [req-e050dbf5-920c-48f8-b046-f8f6402a6d82 req-b76de731-7b5c-4352-aeab-19b323a153b3 b14b989d7d7345368a5a105d9374ae5c b5b3a61606ba443ebbdcad2cff8e3bcc - - default default] 10.0.0.35 "GET /v2.0/ports?device_id=f937d5d6-6098-4c1b-9f56-b9201eac3e19 HTTP/1.1" status: 200 len: 1170 time: 0.2311559
2026-05-29 12:37:07.059 9 INFO neutron.wsgi [req-55ebe6cd-475a-4284-969a-da4ed07ee4f2 req-d0c142c2-502a-4162-a677-dc883efd95ae e3ab6b6d4c97437b9c1329dd9e1dbb43 3eaa06bcd7d44306a447157d396c9239 - - default default] 10.0.0.35 "GET /v2.0/security-groups?id=24b4cc7c-6e93-49f9-99d7-15e05652edd2&fields=id&fields=name HTTP/1.1" status: 200 len: 312 time: 0.1265178
2026-05-29 12:37:07.106 10 INFO neutron.notifiers.nova [-] Nova event matching ['req-67607ed0-137b-4847-9a24-d2f6c347f98e'] response: {'server_uuid': 'cb799207-411f-4444-8bcb-d9548fe0bd52', 'name': 'network-vif-unplugged', 'status': 'completed', 'tag': 'ae2dfa18-4eb6-4a20-83d9-284a26036920', 'code': 200}
2026-05-29 12:37:07.137 9 INFO neutron.wsgi [req-e050dbf5-920c-48f8-b046-f8f6402a6d82 req-511b83b8-6a57-4301-87a4-93b5bbfa7db9 b14b989d7d7345368a5a105d9374ae5c b5b3a61606ba443ebbdcad2cff8e3bcc - - default default] 10.0.0.35 "GET /v2.0/security-groups?id=2a6bf392-8e91-4c48-b0cd-faac3fa80f6e&fields=id&fields=name HTTP/1.1" status: 200 len: 313 time: 0.0816607
2026-05-29 12:37:07.141 9 INFO neutron.wsgi [req-9cf69430-c4fd-4c4b-b94a-bba15b4b2fb4 req-a2961ab4-2377-4bdb-8bbb-e346235f8c2b 24cf63bec0a2490ca30edd1316c82549 d47a65a64e3340fa802e9dc311db209e - - default default] 199.204.45.35 "GET /v2.0/networks?id=529fd97c-abb3-4481-a014-f3151913495c HTTP/1.1" status: 200 len: 874 time: 0.1503463 /var/lib/openstack/lib/python3.10/site-packages/pycadf/identifier.py:71: UserWarning: Invalid uuid: neutron. To ensure interoperability, identifiers should be a valid uuid. warnings.warn(('Invalid uuid: %s. To ensure interoperability, '
2026-05-29 12:37:07.192 9 INFO neutron.wsgi [req-9cf69430-c4fd-4c4b-b94a-bba15b4b2fb4 req-3d963d87-e606-4080-9419-b721f8cb706b 24cf63bec0a2490ca30edd1316c82549 d47a65a64e3340fa802e9dc311db209e - - default default] 199.204.45.35 "GET /v2.0/security-groups?fields=id&fields=name&tenant_id=d47a65a64e3340fa802e9dc311db209e HTTP/1.1" status: 200 len: 380 time: 0.0466096
2026-05-29 12:37:07.218 9 WARNING neutron_lib.context [req-9cf69430-c4fd-4c4b-b94a-bba15b4b2fb4 req-27d58f5d-bb97-4b15-895e-9fdd74346544 24cf63bec0a2490ca30edd1316c82549 d47a65a64e3340fa802e9dc311db209e - - default default] Method 'is_advsvc' is deprecated since 2023.2 release (neutron-lib 3.8.0) and will be removed once support for the old RBAC API policies will be removed from Neutron. Please use method 'is_service_role' instead.
2026-05-29 12:37:07.320 10 INFO neutron.db.ovn_revision_numbers_db [None req-374daa48-2896-4fee-8cdc-9b0cc76000ad - - - - - -] Successfully bumped revision number for resource ae2dfa18-4eb6-4a20-83d9-284a26036920 (type: ports) to 5
2026-05-29 12:37:07.340 10 WARNING neutron.plugins.ml2.drivers.ovn.mech_driver.ovsdb.ovn_client [None req-374daa48-2896-4fee-8cdc-9b0cc76000ad - - - - - -] Logical_Switch_Port %s host information not removed, the port state is up
2026-05-29 12:37:07.340 10 INFO neutron.plugins.ml2.drivers.ovn.mech_driver.mech_driver [None req-374daa48-2896-4fee-8cdc-9b0cc76000ad - - - - - -] OVN reports status up for port: ae2dfa18-4eb6-4a20-83d9-284a26036920
2026-05-29 12:37:07.368 10 INFO neutron.wsgi [req-ffdfb449-0c89-4eb3-9706-ba1fec26476b req-2c78e33a-b1fa-48a2-84dd-f73bd3012128 b14b989d7d7345368a5a105d9374ae5c b5b3a61606ba443ebbdcad2cff8e3bcc - - default default] 199.204.45.35 "GET /v2.0/ports?device_id=f937d5d6-6098-4c1b-9f56-b9201eac3e19 HTTP/1.1" status: 200 len: 1170 time: 0.1566842
2026-05-29 12:37:07.375 10 INFO neutron.plugins.ml2.plugin [None req-374daa48-2896-4fee-8cdc-9b0cc76000ad - - - - - -] Attempt 1 to provision port ae2dfa18-4eb6-4a20-83d9-284a26036920
2026-05-29 12:37:07.509 9 INFO neutron.wsgi [req-c05fcfef-38ce-4ca7-99ce-fc8c57e3d9a5 req-179ab87f-1959-466d-98e8-5821eae3dd6a 24cf63bec0a2490ca30edd1316c82549 d47a65a64e3340fa802e9dc311db209e - - default default] 10.0.0.35 "GET /v2.0/ports?device_id=8a2ef64f-5eb7-485d-86c0-047456735c70 HTTP/1.1" status: 200 len: 210 time: 0.2659507
2026-05-29 12:37:07.563 9 INFO neutron.notifiers.nova [-] Nova event matching ['req-0c8776ef-9239-4742-9297-9a6e514aad11'] response: {'server_uuid': '6aac5292-7e85-48d0-9de8-5c02a0f86ba4', 'name': 'network-vif-plugged', 'status': 'completed', 'tag': '8fd4eb0b-6f61-4da7-9ac8-0e37ce8ece50', 'code': 200}
2026-05-29 12:37:07.564 9 INFO neutron.notifiers.nova [-] Nova event matching ['req-0c8776ef-9239-4742-9297-9a6e514aad11'] response: {'server_uuid': '6aac5292-7e85-48d0-9de8-5c02a0f86ba4', 'name': 'network-vif-plugged', 'status': 'completed', 'tag': '8fd4eb0b-6f61-4da7-9ac8-0e37ce8ece50', 'code': 200}
2026-05-29 12:37:07.572 9 INFO neutron.wsgi [req-ffb55bd6-8593-4e41-bf00-b523a062dcce req-e5c0b554-be2a-4b11-90d0-ede9a63bd73d 45b4593bec174c7288ca54a0773fd2b2 23680f1974b5487eb43aae0134346062 - - default default] 10.0.0.35 "GET /v2.0/ports?device_id=6aac5292-7e85-48d0-9de8-5c02a0f86ba4 HTTP/1.1" status: 200 len: 1174 time: 0.0689723
2026-05-29 12:37:07.637 9 INFO neutron.wsgi [req-ffb55bd6-8593-4e41-bf00-b523a062dcce req-9cd19f83-fe51-4e82-b061-be36d9fd6519 45b4593bec174c7288ca54a0773fd2b2 23680f1974b5487eb43aae0134346062 - - default default] 10.0.0.35 "GET /v2.0/security-groups?id=305de9ea-8a0e-4d7b-b25b-f2cef88d8396&fields=id&fields=name HTTP/1.1" status: 200 len: 286 time: 0.0549006
2026-05-29 12:37:07.897 10 INFO neutron.db.l3_db [req-ffdfb449-0c89-4eb3-9706-ba1fec26476b req-a1fb0e8e-373c-455d-bbe7-4dfd1333ca8b b14b989d7d7345368a5a105d9374ae5c b5b3a61606ba443ebbdcad2cff8e3bcc - - default default] Floating IP abc8c5bb-0726-4cd2-a7ee-c0f66ad5a810 disassociated. External IP: 10.96.250.205, port: adef64f6-8ff6-4288-a9d8-8eca1bd763f2.
2026-05-29 12:37:07.900 10 INFO neutron.db.ovn_revision_numbers_db [None req-374daa48-2896-4fee-8cdc-9b0cc76000ad - - - - - -] Successfully bumped revision number for resource ae2dfa18-4eb6-4a20-83d9-284a26036920 (type: ports) to 6
2026-05-29 12:37:07.953 9 WARNING neutron.scheduler.dhcp_agent_scheduler [req-9cf69430-c4fd-4c4b-b94a-bba15b4b2fb4 req-27d58f5d-bb97-4b15-895e-9fdd74346544 24cf63bec0a2490ca30edd1316c82549 d47a65a64e3340fa802e9dc311db209e - - default default] No more DHCP agents
2026-05-29 12:37:07.955 9 WARNING neutron.api.rpc.agentnotifiers.dhcp_rpc_agent_api [req-9cf69430-c4fd-4c4b-b94a-bba15b4b2fb4 req-27d58f5d-bb97-4b15-895e-9fdd74346544 24cf63bec0a2490ca30edd1316c82549 d47a65a64e3340fa802e9dc311db209e - - default default] Unable to schedule network 529fd97c-abb3-4481-a014-f3151913495c: no agents available; will retry on subsequent port and subnet creation events.
2026-05-29 12:37:07.975 10 INFO neutron.plugins.ml2.drivers.ovn.mech_driver.mech_driver [None req-374daa48-2896-4fee-8cdc-9b0cc76000ad - - - - - -] OVN reports status down for port: adef64f6-8ff6-4288-a9d8-8eca1bd763f2
2026-05-29 12:37:08.140 10 ERROR ovsdbapp.backend.ovs_idl.command [None req-374daa48-2896-4fee-8cdc-9b0cc76000ad - - - - - -] Error executing command (LspGetUpCommand): ovsdbapp.backend.ovs_idl.idlutils.RowNotFound: Cannot find Logical_Switch_Port with name=adef64f6-8ff6-4288-a9d8-8eca1bd763f2
2026-05-29 12:37:08.140 10 ERROR ovsdbapp.backend.ovs_idl.command
Traceback (most recent call last):
2026-05-29 12:37:08.140 10 ERROR ovsdbapp.backend.ovs_idl.command
File "/var/lib/openstack/lib/python3.10/site-packages/ovsdbapp/backend/ovs_idl/command.py", line 47, in execute
2026-05-29 12:37:08.140 10 ERROR ovsdbapp.backend.ovs_idl.command self.run_idl(None)
2026-05-29 12:37:08.140 10 ERROR ovsdbapp.backend.ovs_idl.command
File "/var/lib/openstack/lib/python3.10/site-packages/ovsdbapp/schema/ovn_northbound/commands.py", line 672, in run_idl
2026-05-29 12:37:08.140 10 ERROR ovsdbapp.backend.ovs_idl.command lsp = self.api.lookup('Logical_Switch_Port', self.port)
2026-05-29 12:37:08.140 10 ERROR ovsdbapp.backend.ovs_idl.command
File "/var/lib/openstack/lib/python3.10/site-packages/ovsdbapp/backend/ovs_idl/__init__.py", line 184, in lookup
2026-05-29 12:37:08.140 10 ERROR ovsdbapp.backend.ovs_idl.command return self._lookup(table, record)
2026-05-29 12:37:08.140 10 ERROR ovsdbapp.backend.ovs_idl.command
File "/var/lib/openstack/lib/python3.10/site-packages/ovsdbapp/backend/ovs_idl/__init__.py", line 235, in _lookup
2026-05-29 12:37:08.140 10 ERROR ovsdbapp.backend.ovs_idl.command row = idlutils.row_by_value(self, rl.table, rl.column, record)
2026-05-29 12:37:08.140 10 ERROR ovsdbapp.backend.ovs_idl.command
File "/var/lib/openstack/lib/python3.10/site-packages/ovsdbapp/backend/ovs_idl/idlutils.py", line 114, in row_by_value
2026-05-29 12:37:08.140 10 ERROR ovsdbapp.backend.ovs_idl.command raise RowNotFound(table=table, col=column, match=match)
2026-05-29 12:37:08.140 10 ERROR ovsdbapp.backend.ovs_idl.command ovsdbapp.backend.ovs_idl.idlutils.RowNotFound: Cannot find Logical_Switch_Port with name=adef64f6-8ff6-4288-a9d8-8eca1bd763f2
2026-05-29 12:37:08.140 10 ERROR ovsdbapp.backend.ovs_idl.command 
2026-05-29 12:37:08.142 10 ERROR ovsdbapp.event [None req-374daa48-2896-4fee-8cdc-9b0cc76000ad - - - - - -] Unexpected exception in notify_loop: ovsdbapp.backend.ovs_idl.idlutils.RowNotFound: Cannot find Logical_Switch_Port with name=adef64f6-8ff6-4288-a9d8-8eca1bd763f2
2026-05-29 12:37:08.142 10 ERROR ovsdbapp.event
Traceback (most recent call last):
2026-05-29 12:37:08.142 10 ERROR ovsdbapp.event
File "/var/lib/openstack/lib/python3.10/site-packages/ovsdbapp/event.py", line 177, in notify_loop
2026-05-29 12:37:08.142 10 ERROR ovsdbapp.event match.run(event, row, updates)
2026-05-29 12:37:08.142 10 ERROR ovsdbapp.event
File "/var/lib/openstack/lib/python3.10/site-packages/neutron/plugins/ml2/drivers/ovn/mech_driver/ovsdb/ovsdb_monitor.py", line 543, in run
2026-05-29 12:37:08.142 10 ERROR ovsdbapp.event self.driver.set_port_status_down(row.name)
2026-05-29 12:37:08.142 10 ERROR ovsdbapp.event
File "/var/lib/openstack/lib/python3.10/site-packages/neutron/plugins/ml2/drivers/ovn/mech_driver/mech_driver.py", line 1241, in set_port_status_down
2026-05-29 12:37:08.142 10 ERROR ovsdbapp.event self._ovn_client.update_lsp_host_info(
2026-05-29 12:37:08.142 10 ERROR ovsdbapp.event
File "/var/lib/openstack/lib/python3.10/site-packages/neutron/plugins/ml2/drivers/ovn/mech_driver/ovsdb/ovn_client.py", line 297, in update_lsp_host_info
2026-05-29 12:37:08.142 10 ERROR ovsdbapp.event port_up = self._nb_idl.lsp_get_up(db_port.id).execute(
2026-05-29 12:37:08.142 10 ERROR ovsdbapp.event
File "/var/lib/openstack/lib/python3.10/site-packages/ovsdbapp/backend/ovs_idl/command.py", line 47, in execute
2026-05-29 12:37:08.142 10 ERROR ovsdbapp.event self.run_idl(None)
2026-05-29 12:37:08.142 10 ERROR ovsdbapp.event
File "/var/lib/openstack/lib/python3.10/site-packages/ovsdbapp/schema/ovn_northbound/commands.py", line 672, in run_idl
2026-05-29 12:37:08.142 10 ERROR ovsdbapp.event lsp = self.api.lookup('Logical_Switch_Port', self.port)
2026-05-29 12:37:08.142 10 ERROR ovsdbapp.event
File "/var/lib/openstack/lib/python3.10/site-packages/ovsdbapp/backend/ovs_idl/__init__.py", line 184, in lookup
2026-05-29 12:37:08.142 10 ERROR ovsdbapp.event return self._lookup(table, record)
2026-05-29 12:37:08.142 10 ERROR ovsdbapp.event
File "/var/lib/openstack/lib/python3.10/site-packages/ovsdbapp/backend/ovs_idl/__init__.py", line 235, in _lookup
2026-05-29 12:37:08.142 10 ERROR ovsdbapp.event row = idlutils.row_by_value(self, rl.table, rl.column, record)
2026-05-29 12:37:08.142 10 ERROR ovsdbapp.event
File "/var/lib/openstack/lib/python3.10/site-packages/ovsdbapp/backend/ovs_idl/idlutils.py", line 114, in row_by_value
2026-05-29 12:37:08.142 10 ERROR ovsdbapp.event raise RowNotFound(table=table, col=column, match=match)
2026-05-29 12:37:08.142 10 ERROR ovsdbapp.event ovsdbapp.backend.ovs_idl.idlutils.RowNotFound: Cannot find Logical_Switch_Port with name=adef64f6-8ff6-4288-a9d8-8eca1bd763f2
2026-05-29 12:37:08.142 10 ERROR ovsdbapp.event 
2026-05-29 12:37:08.163 10 INFO neutron.wsgi [req-ffdfb449-0c89-4eb3-9706-ba1fec26476b req-a1fb0e8e-373c-455d-bbe7-4dfd1333ca8b b14b989d7d7345368a5a105d9374ae5c b5b3a61606ba443ebbdcad2cff8e3bcc - - default default] 199.204.45.35 "DELETE /v2.0/ports/adef64f6-8ff6-4288-a9d8-8eca1bd763f2 HTTP/1.1" status: 204 len: 173 time: 0.7866569
2026-05-29 12:37:08.168 9 INFO neutron.db.ovn_revision_numbers_db [req-9cf69430-c4fd-4c4b-b94a-bba15b4b2fb4 req-27d58f5d-bb97-4b15-895e-9fdd74346544 24cf63bec0a2490ca30edd1316c82549 d47a65a64e3340fa802e9dc311db209e - - default default] Successfully bumped revision number for resource 05583e74-a716-44a3-a04c-f1f2f0a6b7a8 (type: ports) to 1
2026-05-29 12:37:08.198 9 INFO neutron.wsgi [req-9cf69430-c4fd-4c4b-b94a-bba15b4b2fb4 req-27d58f5d-bb97-4b15-895e-9fdd74346544 24cf63bec0a2490ca30edd1316c82549 d47a65a64e3340fa802e9dc311db209e - - default default] 199.204.45.35 "POST /v2.0/ports HTTP/1.1" status: 201 len: 1162 time: 0.9995341 /var/lib/openstack/lib/python3.10/site-packages/pycadf/identifier.py:71: UserWarning: Invalid uuid: neutron. To ensure interoperability, identifiers should be a valid uuid. warnings.warn(('Invalid uuid: %s. To ensure interoperability, '
2026-05-29 12:37:08.240 9 INFO neutron.wsgi [req-2dbc2b45-44ee-4be9-a064-229d0c2dc2be req-d37aa57e-a8f9-4a21-b528-b8b899425743 b14b989d7d7345368a5a105d9374ae5c b5b3a61606ba443ebbdcad2cff8e3bcc - - default default] 10.0.0.35 "GET /v2.0/ports?device_id=f937d5d6-6098-4c1b-9f56-b9201eac3e19 HTTP/1.1" status: 200 len: 210 time: 0.0247364 /var/lib/openstack/lib/python3.10/site-packages/pycadf/identifier.py:71: UserWarning: Invalid uuid: neutron. To ensure interoperability, identifiers should be a valid uuid. warnings.warn(('Invalid uuid: %s. To ensure interoperability, '
2026-05-29 12:37:08.610 9 INFO neutron.wsgi [req-8b22f8b7-9e58-42c0-afd9-b0bbdfb8456e req-95a308d3-cfea-49f5-b7e0-43952f98a01c 24cf63bec0a2490ca30edd1316c82549 d47a65a64e3340fa802e9dc311db209e - - default default] 10.0.0.35 "GET /v2.0/ports?device_id=8a2ef64f-5eb7-485d-86c0-047456735c70 HTTP/1.1" status: 200 len: 1172 time: 0.0412445
2026-05-29 12:37:08.651 9 INFO neutron.db.ovn_revision_numbers_db [req-9cf69430-c4fd-4c4b-b94a-bba15b4b2fb4 req-eb7b35dc-f57f-40a3-8e5c-4f48d78dc156 fa748b7f717e4474a271517bf1d588d2 9a445fbe52a8484e8ac40263374188a5 - - 10135560175449639de1ac7a4564d476 10135560175449639de1ac7a4564d476] Successfully bumped revision number for resource 05583e74-a716-44a3-a04c-f1f2f0a6b7a8 (type: ports) to 2
2026-05-29 12:37:08.659 9 INFO neutron.wsgi [req-8b22f8b7-9e58-42c0-afd9-b0bbdfb8456e req-8bb2bc1f-6402-40a7-ab5b-be2c9c91b0d7 24cf63bec0a2490ca30edd1316c82549 d47a65a64e3340fa802e9dc311db209e - - default default] 10.0.0.35 "GET /v2.0/security-groups?id=a2cb6dbc-00f6-4460-baa9-98c2c3767dcc&fields=id&fields=name HTTP/1.1" status: 200 len: 313 time: 0.0427263
2026-05-29 12:37:08.755 9 INFO neutron.wsgi [req-6bb7acd8-a28c-4160-8f05-4f5ef38df6cd req-0eef77e8-4585-4479-b88e-c0a3660497cf 45b4593bec174c7288ca54a0773fd2b2 23680f1974b5487eb43aae0134346062 - - default default] 10.0.0.35 "GET /v2.0/ports?device_id=6aac5292-7e85-48d0-9de8-5c02a0f86ba4 HTTP/1.1" status: 200 len: 1174 time: 0.0401523
2026-05-29 12:37:08.834 9 INFO neutron.wsgi [req-6bb7acd8-a28c-4160-8f05-4f5ef38df6cd req-b136e1f9-14b7-4eb4-aa5b-98bdb9f492a9 45b4593bec174c7288ca54a0773fd2b2 23680f1974b5487eb43aae0134346062 - - default default] 10.0.0.35 "GET /v2.0/security-groups?id=305de9ea-8a0e-4d7b-b25b-f2cef88d8396&fields=id&fields=name HTTP/1.1" status: 200 len: 286 time: 0.0698333
2026-05-29 12:37:08.916 9 INFO neutron.db.ovn_revision_numbers_db [req-9cf69430-c4fd-4c4b-b94a-bba15b4b2fb4 req-eb7b35dc-f57f-40a3-8e5c-4f48d78dc156 fa748b7f717e4474a271517bf1d588d2 9a445fbe52a8484e8ac40263374188a5 - - 10135560175449639de1ac7a4564d476 10135560175449639de1ac7a4564d476] Successfully bumped revision number for resource 05583e74-a716-44a3-a04c-f1f2f0a6b7a8 (type: ports) to 2
2026-05-29 12:37:08.938 9 INFO neutron.wsgi [req-9cf69430-c4fd-4c4b-b94a-bba15b4b2fb4 req-eb7b35dc-f57f-40a3-8e5c-4f48d78dc156 fa748b7f717e4474a271517bf1d588d2 9a445fbe52a8484e8ac40263374188a5 - - 10135560175449639de1ac7a4564d476 10135560175449639de1ac7a4564d476] 199.204.45.35 "PUT /v2.0/ports/05583e74-a716-44a3-a04c-f1f2f0a6b7a8 HTTP/1.1" status: 200 len: 1380 time: 0.7307615 /var/lib/openstack/lib/python3.10/site-packages/pycadf/identifier.py:71: UserWarning: Invalid uuid: neutron. To ensure interoperability, identifiers should be a valid uuid. warnings.warn(('Invalid uuid: %s. To ensure interoperability, '
2026-05-29 12:37:09.028 9 INFO neutron.wsgi [req-9cf69430-c4fd-4c4b-b94a-bba15b4b2fb4 req-3e5b47f2-98c3-4280-a9df-b8ef1f44d089 fa748b7f717e4474a271517bf1d588d2 9a445fbe52a8484e8ac40263374188a5 - - 10135560175449639de1ac7a4564d476 10135560175449639de1ac7a4564d476] 199.204.45.35 "GET /v2.0/ports?tenant_id=d47a65a64e3340fa802e9dc311db209e&device_id=8a2ef64f-5eb7-485d-86c0-047456735c70 HTTP/1.1" status: 200 len: 1411 time: 0.0475392
2026-05-29 12:37:09.057 9 INFO neutron.wsgi [req-9cf69430-c4fd-4c4b-b94a-bba15b4b2fb4 req-abdce04d-59d9-48ae-b890-0145c109e3d8 fa748b7f717e4474a271517bf1d588d2 9a445fbe52a8484e8ac40263374188a5 - - 10135560175449639de1ac7a4564d476 10135560175449639de1ac7a4564d476] 199.204.45.35 "GET /v2.0/floatingips?fixed_ip_address=10.100.0.14&port_id=05583e74-a716-44a3-a04c-f1f2f0a6b7a8 HTTP/1.1" status: 200 len: 217 time: 0.0219114
2026-05-29 12:37:09.097 9 INFO neutron.wsgi [req-9cf69430-c4fd-4c4b-b94a-bba15b4b2fb4 req-c039eda8-d5d9-450e-bcac-bd2e072d9c0d fa748b7f717e4474a271517bf1d588d2 9a445fbe52a8484e8ac40263374188a5 - - 10135560175449639de1ac7a4564d476 10135560175449639de1ac7a4564d476] 199.204.45.35 "GET /v2.0/subnets?id=3e6b89b7-e50d-482c-aca7-ea33c2979475 HTTP/1.1" status: 200 len: 868 time: 0.0326576
2026-05-29 12:37:09.122 9 INFO neutron.wsgi [req-9cf69430-c4fd-4c4b-b94a-bba15b4b2fb4 req-1950a05e-929a-4e63-9f33-1eb265539a1c fa748b7f717e4474a271517bf1d588d2 9a445fbe52a8484e8ac40263374188a5 - - 10135560175449639de1ac7a4564d476 10135560175449639de1ac7a4564d476] 199.204.45.35 "GET /v2.0/ports?network_id=529fd97c-abb3-4481-a014-f3151913495c&device_owner=network%3Adhcp HTTP/1.1" status: 200 len: 210 time: 0.0201163
2026-05-29 12:37:09.165 10 INFO neutron.notifiers.nova [-] Nova event matching ['req-89202ba9-21ac-414a-8c01-b1be3c4413ad'] response: {'server_uuid': 'cb799207-411f-4444-8bcb-d9548fe0bd52', 'name': 'network-vif-plugged', 'status': 'completed', 'tag': 'ae2dfa18-4eb6-4a20-83d9-284a26036920', 'code': 200}
2026-05-29 12:37:09.165 10 INFO neutron.notifiers.nova [-] Nova event matching ['req-89202ba9-21ac-414a-8c01-b1be3c4413ad'] response: {'server_uuid': 'cb799207-411f-4444-8bcb-d9548fe0bd52', 'name': 'network-vif-plugged', 'status': 'completed', 'tag': 'ae2dfa18-4eb6-4a20-83d9-284a26036920', 'code': 200}
2026-05-29 12:37:09.166 10 INFO neutron.notifiers.nova [-] Nova event matching ['req-89202ba9-21ac-414a-8c01-b1be3c4413ad'] response: {'server_uuid': 'cb799207-411f-4444-8bcb-d9548fe0bd52', 'name': 'network-vif-plugged', 'status': 'completed', 'tag': 'ae2dfa18-4eb6-4a20-83d9-284a26036920', 'code': 200}
2026-05-29 12:37:09.166 10 INFO neutron.notifiers.nova [-] Nova event matching ['req-89202ba9-21ac-414a-8c01-b1be3c4413ad'] response: {'server_uuid': 'f937d5d6-6098-4c1b-9f56-b9201eac3e19', 'name': 'network-vif-plugged', 'status': 'completed', 'tag': 'adef64f6-8ff6-4288-a9d8-8eca1bd763f2', 'code': 200}
2026-05-29 12:37:09.166 10 INFO neutron.notifiers.nova [-] Nova event matching ['req-89202ba9-21ac-414a-8c01-b1be3c4413ad'] response: {'server_uuid': 'f937d5d6-6098-4c1b-9f56-b9201eac3e19', 'name': 'network-vif-deleted', 'tag': 'adef64f6-8ff6-4288-a9d8-8eca1bd763f2', 'status': 'completed', 'code': 200}
2026-05-29 12:37:09.172 9 INFO neutron.plugins.ml2.drivers.ovn.mech_driver.mech_driver [None req-712c2656-3222-4b2a-9f45-9bc110d09902 - - - - - -] OVN reports status down for port: 8fd4eb0b-6f61-4da7-9ac8-0e37ce8ece50
2026-05-29 12:37:09.205 9 INFO neutron.wsgi [req-03595d06-ccee-44c2-ad81-605295c72e73 req-52cdb69a-858f-4222-ba99-6b77d63d2e54 45b4593bec174c7288ca54a0773fd2b2 23680f1974b5487eb43aae0134346062 - - default default] 10.0.0.35 "GET /v2.0/ports?device_id=6aac5292-7e85-48d0-9de8-5c02a0f86ba4 HTTP/1.1" status: 200 len: 1174 time: 0.0778704
2026-05-29 12:37:09.238 9 INFO neutron.wsgi [req-9cf69430-c4fd-4c4b-b94a-bba15b4b2fb4 req-03c66625-e942-4ebd-a815-1d83b132606c fa748b7f717e4474a271517bf1d588d2 9a445fbe52a8484e8ac40263374188a5 - - 10135560175449639de1ac7a4564d476 10135560175449639de1ac7a4564d476] 199.204.45.35 "GET /v2.0/networks/529fd97c-abb3-4481-a014-f3151913495c?fields=segments HTTP/1.1" status: 200 len: 212 time: 0.1025159
2026-05-29 12:37:09.295 9 INFO neutron.wsgi [req-03595d06-ccee-44c2-ad81-605295c72e73 req-6a2c3b59-af9d-4853-8edc-26a25c5f951e 45b4593bec174c7288ca54a0773fd2b2 23680f1974b5487eb43aae0134346062 - - default default] 10.0.0.35 "GET /v2.0/security-groups?id=305de9ea-8a0e-4d7b-b25b-f2cef88d8396&fields=id&fields=name HTTP/1.1" status: 200 len: 286 time: 0.0815065
2026-05-29 12:37:09.337 9 INFO neutron.wsgi [req-9cf69430-c4fd-4c4b-b94a-bba15b4b2fb4 req-56c1b739-c9f4-4ffe-ae90-6ce09851f6ac fa748b7f717e4474a271517bf1d588d2 9a445fbe52a8484e8ac40263374188a5 - - 10135560175449639de1ac7a4564d476 10135560175449639de1ac7a4564d476] 199.204.45.35 "GET /v2.0/networks/529fd97c-abb3-4481-a014-f3151913495c?fields=provider%3Aphysical_network&fields=provider%3Anetwork_type HTTP/1.1" status: 200 len: 277 time: 0.0943992 /var/lib/openstack/lib/python3.10/site-packages/pycadf/identifier.py:71: UserWarning: Invalid uuid: neutron. To ensure interoperability, identifiers should be a valid uuid. warnings.warn(('Invalid uuid: %s. To ensure interoperability, '
2026-05-29 12:37:09.487 10 INFO neutron.wsgi [None req-5032d8f5-02f6-4712-b61a-3c079a091b55 b14b989d7d7345368a5a105d9374ae5c b5b3a61606ba443ebbdcad2cff8e3bcc - - default default] 10.0.0.132 "DELETE /v2.0/security-groups/2a6bf392-8e91-4c48-b0cd-faac3fa80f6e HTTP/1.1" status: 204 len: 168 time: 0.1487548
2026-05-29 12:37:09.500 10 INFO neutron.api.v2.resource [None req-9bb97f51-b6e3-497b-8b3e-adca835fab0c b14b989d7d7345368a5a105d9374ae5c b5b3a61606ba443ebbdcad2cff8e3bcc - - default default] show failed (client error): The resource could not be found.
2026-05-29 12:37:09.502 10 INFO neutron.wsgi [None req-9bb97f51-b6e3-497b-8b3e-adca835fab0c b14b989d7d7345368a5a105d9374ae5c b5b3a61606ba443ebbdcad2cff8e3bcc - - default default] 10.0.0.132 "GET /v2.0/security-groups/2a6bf392-8e91-4c48-b0cd-faac3fa80f6e HTTP/1.1" status: 404 len: 347 time: 0.0108056
2026-05-29 12:37:09.588 9 INFO neutron.wsgi [req-0c53a88d-6abf-473d-8952-d84bb0650374 req-f04e3b04-b5b2-45a0-81dc-548ee2f2a8d0 45b4593bec174c7288ca54a0773fd2b2 23680f1974b5487eb43aae0134346062 - - default default] 199.204.45.35 "GET /v2.0/ports?device_id=6aac5292-7e85-48d0-9de8-5c02a0f86ba4 HTTP/1.1" status: 200 len: 1172 time: 0.0972528
2026-05-29 12:37:09.626 9 INFO neutron.notifiers.nova [-] Nova event matching ['req-7b6d257e-3f25-4e41-9d8f-28606283297e'] response: {'name': 'network-changed', 'server_uuid': '8a2ef64f-5eb7-485d-86c0-047456735c70', 'tag': '05583e74-a716-44a3-a04c-f1f2f0a6b7a8', 'status': 'completed', 'code': 200}
2026-05-29 12:37:09.626 9 INFO neutron.notifiers.nova [-] Nova event matching ['req-7b6d257e-3f25-4e41-9d8f-28606283297e'] response: {'server_uuid': '6aac5292-7e85-48d0-9de8-5c02a0f86ba4', 'name': 'network-vif-unplugged', 'status': 'completed', 'tag': '8fd4eb0b-6f61-4da7-9ac8-0e37ce8ece50', 'code': 200}
2026-05-29 12:37:09.654 9 INFO neutron.db.ovn_revision_numbers_db [None req-712c2656-3222-4b2a-9f45-9bc110d09902 - - - - - -] Successfully bumped revision number for resource 8fd4eb0b-6f61-4da7-9ac8-0e37ce8ece50 (type: ports) to 5
2026-05-29 12:37:09.679 9 INFO neutron.plugins.ml2.drivers.ovn.mech_driver.mech_driver [None req-712c2656-3222-4b2a-9f45-9bc110d09902 - - - - - -] OVN reports status up for port: 05583e74-a716-44a3-a04c-f1f2f0a6b7a8
2026-05-29 12:37:09.698 9 INFO neutron.plugins.ml2.plugin [None req-712c2656-3222-4b2a-9f45-9bc110d09902 - - - - - -] Attempt 1 to provision port 05583e74-a716-44a3-a04c-f1f2f0a6b7a8
2026-05-29 12:37:09.732 10 INFO neutron.wsgi [req-a9c15ca4-2b34-41ca-b70f-b48ceda1aa5c req-2df9be94-4c97-4c7c-9f35-c88286365cf2 fa748b7f717e4474a271517bf1d588d2 9a445fbe52a8484e8ac40263374188a5 - - 10135560175449639de1ac7a4564d476 10135560175449639de1ac7a4564d476] 199.204.45.35 "GET /v2.0/ports?tenant_id=d47a65a64e3340fa802e9dc311db209e&device_id=8a2ef64f-5eb7-485d-86c0-047456735c70 HTTP/1.1" status: 200 len: 1411 time: 0.0866432 /var/lib/openstack/lib/python3.10/site-packages/pycadf/identifier.py:71: UserWarning: Invalid uuid: neutron. To ensure interoperability, identifiers should be a valid uuid. warnings.warn(('Invalid uuid: %s. To ensure interoperability, '
