2026-05-29 12:37:23.241 10 INFO neutron.db.ovn_revision_numbers_db [None req-374daa48-2896-4fee-8cdc-9b0cc76000ad - - - - - -] Successfully bumped revision number for resource ae2dfa18-4eb6-4a20-83d9-284a26036920 (type: ports) to 7 /var/lib/openstack/lib/python3.10/site-packages/pycadf/identifier.py:71: UserWarning: Invalid uuid: neutron. To ensure interoperability, identifiers should be a valid uuid. warnings.warn(('Invalid uuid: %s. To ensure interoperability, '
2026-05-29 12:37:23.359 10 WARNING neutron_lib.context [None req-37fc496a-cb6f-4598-b2ad-ce8723a8db22 9c1c733da18540da8f34613215065a64 aae0c004a3474e87b3b75a02157fd8de - - default default] Method 'is_advsvc' is deprecated since 2023.2 release (neutron-lib 3.8.0) and will be removed once support for the old RBAC API policies will be removed from Neutron. Please use method 'is_service_role' instead.
2026-05-29 12:37:23.475 10 INFO neutron.db.ovn_revision_numbers_db [None req-37fc496a-cb6f-4598-b2ad-ce8723a8db22 9c1c733da18540da8f34613215065a64 aae0c004a3474e87b3b75a02157fd8de - - default default] Successfully bumped revision number for resource 5a0e46e2-7821-467c-8d9d-2d15a4a867f2 (type: security_groups) to 1
2026-05-29 12:37:23.489 10 INFO neutron.db.ovn_revision_numbers_db [None req-37fc496a-cb6f-4598-b2ad-ce8723a8db22 9c1c733da18540da8f34613215065a64 aae0c004a3474e87b3b75a02157fd8de - - default default] Successfully bumped revision number for resource 5e4763b8-e6aa-4dcc-b78c-1636a3d93075 (type: security_group_rules) to 0
2026-05-29 12:37:23.506 10 INFO neutron.db.ovn_revision_numbers_db [None req-37fc496a-cb6f-4598-b2ad-ce8723a8db22 9c1c733da18540da8f34613215065a64 aae0c004a3474e87b3b75a02157fd8de - - default default] Successfully bumped revision number for resource bc171a0e-b985-4a30-bcdc-57d5407da310 (type: security_group_rules) to 0
2026-05-29 12:37:23.528 10 INFO neutron.wsgi [None req-37fc496a-cb6f-4598-b2ad-ce8723a8db22 9c1c733da18540da8f34613215065a64 aae0c004a3474e87b3b75a02157fd8de - - default default] 10.0.0.132 "POST /v2.0/security-groups HTTP/1.1" status: 201 len: 1796 time: 0.1764057
2026-05-29 12:37:23.539 10 WARNING neutron_lib.context [None req-a2c77e7a-061d-4b00-8096-dd0737800cc6 9c1c733da18540da8f34613215065a64 aae0c004a3474e87b3b75a02157fd8de - - default default] Method 'is_advsvc' is deprecated since 2023.2 release (neutron-lib 3.8.0) and will be removed once support for the old RBAC API policies will be removed from Neutron. Please use method 'is_service_role' instead.
2026-05-29 12:37:23.586 9 INFO neutron.db.l3_db [req-737b9db3-0d30-43c0-83fc-69c9cacd5a15 req-0604a9bd-bfab-4be3-b5ac-dec3147a1622 e3ab6b6d4c97437b9c1329dd9e1dbb43 3eaa06bcd7d44306a447157d396c9239 - - default default] Floating IP 122fe0d5-05ec-4672-9767-1879e23ea54d disassociated. External IP: 10.96.250.208, port: ae2dfa18-4eb6-4a20-83d9-284a26036920.
2026-05-29 12:37:23.698 10 INFO neutron.db.ovn_revision_numbers_db [None req-a2c77e7a-061d-4b00-8096-dd0737800cc6 9c1c733da18540da8f34613215065a64 aae0c004a3474e87b3b75a02157fd8de - - default default] Successfully bumped revision number for resource 9f75b7ba-6d6a-41eb-b0e3-e96036445e4e (type: security_group_rules) to 0
2026-05-29 12:37:23.725 10 INFO neutron.wsgi [None req-a2c77e7a-061d-4b00-8096-dd0737800cc6 9c1c733da18540da8f34613215065a64 aae0c004a3474e87b3b75a02157fd8de - - default default] 10.0.0.132 "POST /v2.0/security-group-rules HTTP/1.1" status: 201 len: 764 time: 0.1924901
2026-05-29 12:37:23.737 10 WARNING neutron_lib.context [None req-05d33f03-e021-4466-b15e-74d5f29b11c6 9c1c733da18540da8f34613215065a64 aae0c004a3474e87b3b75a02157fd8de - - default default] Method 'is_advsvc' is deprecated since 2023.2 release (neutron-lib 3.8.0) and will be removed once support for the old RBAC API policies will be removed from Neutron. Please use method 'is_service_role' instead.
2026-05-29 12:37:23.796 9 INFO neutron.wsgi [req-737b9db3-0d30-43c0-83fc-69c9cacd5a15 req-0604a9bd-bfab-4be3-b5ac-dec3147a1622 e3ab6b6d4c97437b9c1329dd9e1dbb43 3eaa06bcd7d44306a447157d396c9239 - - default default] 199.204.45.35 "DELETE /v2.0/ports/ae2dfa18-4eb6-4a20-83d9-284a26036920 HTTP/1.1" status: 204 len: 173 time: 0.5525255
2026-05-29 12:37:23.833 9 INFO neutron.notifiers.nova [-] Nova event matching ['req-bc2481a0-7a73-45be-b40a-ebd70095c244'] response: {'server_uuid': 'cb799207-411f-4444-8bcb-d9548fe0bd52', 'name': 'network-vif-deleted', 'tag': 'ae2dfa18-4eb6-4a20-83d9-284a26036920', 'status': 'completed', 'code': 200}
2026-05-29 12:37:23.875 10 INFO neutron.db.ovn_revision_numbers_db [None req-05d33f03-e021-4466-b15e-74d5f29b11c6 9c1c733da18540da8f34613215065a64 aae0c004a3474e87b3b75a02157fd8de - - default default] Successfully bumped revision number for resource 14a48cab-a758-4dcd-bbe3-7219bb8a9a28 (type: security_group_rules) to 0
2026-05-29 12:37:23.908 10 INFO neutron.wsgi [None req-05d33f03-e021-4466-b15e-74d5f29b11c6 9c1c733da18540da8f34613215065a64 aae0c004a3474e87b3b75a02157fd8de - - default default] 10.0.0.132 "POST /v2.0/security-group-rules HTTP/1.1" status: 201 len: 769 time: 0.1765678
2026-05-29 12:37:23.922 10 WARNING neutron_lib.context [None req-4503b8b6-ba70-44ff-8ef7-e9089b4f4255 9c1c733da18540da8f34613215065a64 aae0c004a3474e87b3b75a02157fd8de - - default default] Method 'is_advsvc' is deprecated since 2023.2 release (neutron-lib 3.8.0) and will be removed once support for the old RBAC API policies will be removed from Neutron. Please use method 'is_service_role' instead.
2026-05-29 12:37:24.087 9 INFO neutron.wsgi [req-2a691301-a3c9-4630-806f-877958f74989 req-83c2647c-7bb3-4729-bb31-c737053e52f9 e3ab6b6d4c97437b9c1329dd9e1dbb43 3eaa06bcd7d44306a447157d396c9239 - - default default] 10.0.0.35 "GET /v2.0/ports?device_id=cb799207-411f-4444-8bcb-d9548fe0bd52 HTTP/1.1" status: 200 len: 210 time: 0.0378199
2026-05-29 12:37:24.234 10 WARNING neutron.scheduler.dhcp_agent_scheduler [None req-4503b8b6-ba70-44ff-8ef7-e9089b4f4255 9c1c733da18540da8f34613215065a64 aae0c004a3474e87b3b75a02157fd8de - - default default] No more DHCP agents
2026-05-29 12:37:24.238 10 WARNING neutron.api.rpc.agentnotifiers.dhcp_rpc_agent_api [None req-4503b8b6-ba70-44ff-8ef7-e9089b4f4255 9c1c733da18540da8f34613215065a64 aae0c004a3474e87b3b75a02157fd8de - - default default] Unable to schedule network 37854a1d-de52-480b-9c0c-52f3b08020f6: no agents available; will retry on subsequent port and subnet creation events.
2026-05-29 12:37:24.622 10 INFO neutron.db.ovn_revision_numbers_db [None req-4503b8b6-ba70-44ff-8ef7-e9089b4f4255 9c1c733da18540da8f34613215065a64 aae0c004a3474e87b3b75a02157fd8de - - default default] Successfully bumped revision number for resource a9df04f6-7af9-49e6-8754-0fa2f3acdebd (type: floatingips) to 0
2026-05-29 12:37:24.638 10 INFO neutron.wsgi [None req-4503b8b6-ba70-44ff-8ef7-e9089b4f4255 9c1c733da18540da8f34613215065a64 aae0c004a3474e87b3b75a02157fd8de - - default default] 10.0.0.132 "POST /v2.0/floatingips HTTP/1.1" status: 201 len: 751 time: 0.7218845
2026-05-29 12:37:25.118 10 INFO neutron.notifiers.nova [-] Nova event matching ['req-bea13190-f27e-4d29-bf88-e84cef5f5f6f'] response: {'server_uuid': 'cb799207-411f-4444-8bcb-d9548fe0bd52', 'name': 'network-vif-plugged', 'status': 'completed', 'tag': 'ae2dfa18-4eb6-4a20-83d9-284a26036920', 'code': 200}
2026-05-29 12:37:25.129 9 INFO neutron.wsgi [req-dc9e3fa3-8994-4051-835b-9c2b245963e9 req-383e6a8e-85ab-47da-9009-5480f70ec93f 9c1c733da18540da8f34613215065a64 aae0c004a3474e87b3b75a02157fd8de - - default default] 10.0.0.35 "GET /v2.0/security-groups?name=tempest-securitygroup--573521007&fields=id&tenant_id=aae0c004a3474e87b3b75a02157fd8de HTTP/1.1" status: 200 len: 267 time: 0.0463831
2026-05-29 12:37:25.200 9 INFO neutron.wsgi [req-dc9e3fa3-8994-4051-835b-9c2b245963e9 req-0dd57d6c-ced7-4d2d-bfe9-2eebf782944e 9c1c733da18540da8f34613215065a64 aae0c004a3474e87b3b75a02157fd8de - - default default] 10.0.0.35 "GET /v2.0/networks?id=7222a3d0-12a8-4a5c-9efe-e6b1e422e18c HTTP/1.1" status: 200 len: 869 time: 0.0615921
2026-05-29 12:37:25.223 9 INFO neutron.wsgi [req-dc9e3fa3-8994-4051-835b-9c2b245963e9 req-bd291bb0-5baa-4adb-a47b-44dae8de5104 9c1c733da18540da8f34613215065a64 aae0c004a3474e87b3b75a02157fd8de - - default default] 10.0.0.35 "GET /v2.0/quotas/aae0c004a3474e87b3b75a02157fd8de HTTP/1.1" status: 200 len: 386 time: 0.0151203
2026-05-29 12:37:25.352 9 INFO neutron.wsgi [req-dc9e3fa3-8994-4051-835b-9c2b245963e9 req-e3bec575-6621-4293-adc1-c194c2dc732b 9c1c733da18540da8f34613215065a64 aae0c004a3474e87b3b75a02157fd8de - - default default] 10.0.0.35 "GET /v2.0/ports?tenant_id=aae0c004a3474e87b3b75a02157fd8de&fields=id HTTP/1.1" status: 200 len: 302 time: 0.1238415
2026-05-29 12:37:25.392 9 INFO neutron.wsgi [None req-750b48a4-a1b7-44b2-8786-77ebeacb6893 e3ab6b6d4c97437b9c1329dd9e1dbb43 3eaa06bcd7d44306a447157d396c9239 - - default default] 10.0.0.132 "DELETE /v2.0/security-groups/24b4cc7c-6e93-49f9-99d7-15e05652edd2 HTTP/1.1" status: 204 len: 168 time: 0.1913173
2026-05-29 12:37:25.411 10 INFO neutron.api.v2.resource [None req-fd5f4cc6-9bac-418d-8b94-1044b90cd48a e3ab6b6d4c97437b9c1329dd9e1dbb43 3eaa06bcd7d44306a447157d396c9239 - - default default] show failed (client error): The resource could not be found.
2026-05-29 12:37:25.412 10 INFO neutron.wsgi [None req-fd5f4cc6-9bac-418d-8b94-1044b90cd48a e3ab6b6d4c97437b9c1329dd9e1dbb43 3eaa06bcd7d44306a447157d396c9239 - - default default] 10.0.0.132 "GET /v2.0/security-groups/24b4cc7c-6e93-49f9-99d7-15e05652edd2 HTTP/1.1" status: 404 len: 347 time: 0.0142710
2026-05-29 12:37:25.425 9 INFO neutron.wsgi [req-dc9e3fa3-8994-4051-835b-9c2b245963e9 req-16f51b77-153f-41ec-9e12-94c128c5a337 fa748b7f717e4474a271517bf1d588d2 9a445fbe52a8484e8ac40263374188a5 - - 10135560175449639de1ac7a4564d476 10135560175449639de1ac7a4564d476] 10.0.0.35 "GET /v2.0/networks/7222a3d0-12a8-4a5c-9efe-e6b1e422e18c?fields=segments HTTP/1.1" status: 200 len: 212 time: 0.0607178
2026-05-29 12:37:25.496 9 INFO neutron.wsgi [req-dc9e3fa3-8994-4051-835b-9c2b245963e9 req-09c16a1a-d12a-4c28-ab38-83780533fcc5 fa748b7f717e4474a271517bf1d588d2 9a445fbe52a8484e8ac40263374188a5 - - 10135560175449639de1ac7a4564d476 10135560175449639de1ac7a4564d476] 10.0.0.35 "GET /v2.0/networks/7222a3d0-12a8-4a5c-9efe-e6b1e422e18c?fields=provider%3Aphysical_network&fields=provider%3Anetwork_type HTTP/1.1" status: 200 len: 277 time: 0.0636141
2026-05-29 12:37:25.699 9 INFO neutron.wsgi [req-77b58a58-6548-40f0-a711-3bcaac266e14 req-618b90be-f351-4443-8016-c28208bf7b4a 9c1c733da18540da8f34613215065a64 aae0c004a3474e87b3b75a02157fd8de - - default default] 10.0.0.35 "GET /v2.0/ports?device_id=32bbd63e-8c17-4259-9e69-7949ac5ff49a HTTP/1.1" status: 200 len: 210 time: 0.0325458
2026-05-29 12:37:25.777 10 INFO neutron.db.ovn_revision_numbers_db [None req-e9df31b1-dec8-4514-be60-f2cbb3ec4792 6536e182cca748a0b6092dad330042d3 7aeb5f936e9a4de5952c28a6ae9592fa - - default default] Successfully bumped revision number for resource 44b25934-cf55-42b5-94a1-78e8317e1ef3 (type: security_groups) to 1
2026-05-29 12:37:25.805 10 INFO neutron.db.ovn_revision_numbers_db [None req-e9df31b1-dec8-4514-be60-f2cbb3ec4792 6536e182cca748a0b6092dad330042d3 7aeb5f936e9a4de5952c28a6ae9592fa - - default default] Successfully bumped revision number for resource 47fb6de0-5e66-474b-94d7-7a39980930cd (type: security_group_rules) to 0
2026-05-29 12:37:25.832 10 INFO neutron.db.ovn_revision_numbers_db [None req-e9df31b1-dec8-4514-be60-f2cbb3ec4792 6536e182cca748a0b6092dad330042d3 7aeb5f936e9a4de5952c28a6ae9592fa - - default default] Successfully bumped revision number for resource 62cb47e0-a210-469d-a16f-cacc62edebc4 (type: security_group_rules) to 0
2026-05-29 12:37:25.849 10 INFO neutron.db.ovn_revision_numbers_db [None req-e9df31b1-dec8-4514-be60-f2cbb3ec4792 6536e182cca748a0b6092dad330042d3 7aeb5f936e9a4de5952c28a6ae9592fa - - default default] Successfully bumped revision number for resource 9d548231-44cb-428b-a10c-d44708218814 (type: security_group_rules) to 0
2026-05-29 12:37:25.858 10 INFO neutron.wsgi [None req-e2c0c639-df49-4dcd-beb4-66de73be0b04 e3ab6b6d4c97437b9c1329dd9e1dbb43 3eaa06bcd7d44306a447157d396c9239 - - default default] 10.0.0.132 "DELETE /v2.0/floatingips/122fe0d5-05ec-4672-9767-1879e23ea54d HTTP/1.1" status: 204 len: 168 time: 0.4389946
2026-05-29 12:37:25.864 10 INFO neutron.db.ovn_revision_numbers_db [None req-e9df31b1-dec8-4514-be60-f2cbb3ec4792 6536e182cca748a0b6092dad330042d3 7aeb5f936e9a4de5952c28a6ae9592fa - - default default] Successfully bumped revision number for resource bf2c07ad-b427-492d-b341-e413839d9fe3 (type: security_group_rules) to 0
2026-05-29 12:37:25.913 10 INFO neutron.wsgi [None req-e9df31b1-dec8-4514-be60-f2cbb3ec4792 6536e182cca748a0b6092dad330042d3 7aeb5f936e9a4de5952c28a6ae9592fa - - default default] 10.0.0.132 "GET /v2.0/security-groups?tenant_id=c3192a93f22d41a9b3e97d123b0c1604&name=default HTTP/1.1" status: 200 len: 2996 time: 0.6209724
2026-05-29 12:37:26.143 9 INFO neutron.wsgi [None req-e4850d8e-1e47-47df-9664-0f4852d2da50 6536e182cca748a0b6092dad330042d3 7aeb5f936e9a4de5952c28a6ae9592fa - - default default] 10.0.0.132 "DELETE /v2.0/security-groups/44b25934-cf55-42b5-94a1-78e8317e1ef3 HTTP/1.1" status: 204 len: 168 time: 0.2234097
2026-05-29 12:37:26.384 9 INFO neutron.wsgi [req-dc9e3fa3-8994-4051-835b-9c2b245963e9 req-c5ffe360-349d-497d-bd42-0bc0352506e3 9c1c733da18540da8f34613215065a64 aae0c004a3474e87b3b75a02157fd8de - - default default] 199.204.45.35 "GET /v2.0/networks?id=7222a3d0-12a8-4a5c-9efe-e6b1e422e18c HTTP/1.1" status: 200 len: 869 time: 0.0763404
2026-05-29 12:37:26.465 9 INFO neutron.wsgi [req-dc9e3fa3-8994-4051-835b-9c2b245963e9 req-983c9045-2dd9-4d33-8d02-42fe1bf5e0c2 9c1c733da18540da8f34613215065a64 aae0c004a3474e87b3b75a02157fd8de - - default default] 199.204.45.35 "GET /v2.0/security-groups?fields=id&fields=name&tenant_id=aae0c004a3474e87b3b75a02157fd8de HTTP/1.1" status: 200 len: 379 time: 0.0753617
2026-05-29 12:37:26.499 9 WARNING neutron_lib.context [req-dc9e3fa3-8994-4051-835b-9c2b245963e9 req-6f626e13-78d2-4967-bfe8-7ab0f7b4f1c8 9c1c733da18540da8f34613215065a64 aae0c004a3474e87b3b75a02157fd8de - - default default] Method 'is_advsvc' is deprecated since 2023.2 release (neutron-lib 3.8.0) and will be removed once support for the old RBAC API policies will be removed from Neutron. Please use method 'is_service_role' instead.
2026-05-29 12:37:26.554 9 INFO neutron.db.ovn_revision_numbers_db [None req-c986969e-2615-4b58-b0a0-2845a6acccac 6536e182cca748a0b6092dad330042d3 7aeb5f936e9a4de5952c28a6ae9592fa - - default default] Successfully bumped revision number for resource 82ed568a-b68e-4e61-976f-2212e19383d3 (type: security_groups) to 1
2026-05-29 12:37:26.573 9 INFO neutron.db.ovn_revision_numbers_db [None req-c986969e-2615-4b58-b0a0-2845a6acccac 6536e182cca748a0b6092dad330042d3 7aeb5f936e9a4de5952c28a6ae9592fa - - default default] Successfully bumped revision number for resource 3148f9d1-2b4e-4c70-87b5-ae3318e099dc (type: security_group_rules) to 0
2026-05-29 12:37:26.599 9 INFO neutron.db.ovn_revision_numbers_db [None req-c986969e-2615-4b58-b0a0-2845a6acccac 6536e182cca748a0b6092dad330042d3 7aeb5f936e9a4de5952c28a6ae9592fa - - default default] Successfully bumped revision number for resource 36a291b7-b81d-42fa-bc34-b41fa859f864 (type: security_group_rules) to 0
2026-05-29 12:37:26.640 9 INFO neutron.db.ovn_revision_numbers_db [None req-c986969e-2615-4b58-b0a0-2845a6acccac 6536e182cca748a0b6092dad330042d3 7aeb5f936e9a4de5952c28a6ae9592fa - - default default] Successfully bumped revision number for resource 76b3cb17-ad32-4568-83f5-5db3f55811ae (type: security_group_rules) to 0
2026-05-29 12:37:26.663 9 INFO neutron.db.ovn_revision_numbers_db [None req-c986969e-2615-4b58-b0a0-2845a6acccac 6536e182cca748a0b6092dad330042d3 7aeb5f936e9a4de5952c28a6ae9592fa - - default default] Successfully bumped revision number for resource 77c618ba-2f69-4490-9f6a-fd1650fdd604 (type: security_group_rules) to 0
2026-05-29 12:37:26.701 9 INFO neutron.wsgi [None req-c986969e-2615-4b58-b0a0-2845a6acccac 6536e182cca748a0b6092dad330042d3 7aeb5f936e9a4de5952c28a6ae9592fa - - default default] 10.0.0.132 "GET /v2.0/security-groups?tenant_id=baa9ebe35c79406f914c257d8a5515a6&name=default HTTP/1.1" status: 200 len: 2996 time: 0.3367481
2026-05-29 12:37:26.798 9 INFO neutron.wsgi [req-0f4e147c-7ba6-489a-b497-37b2f8503e4e req-ec20ee4a-8b18-4599-b5de-dc53a5231340 9c1c733da18540da8f34613215065a64 aae0c004a3474e87b3b75a02157fd8de - - default default] 10.0.0.35 "GET /v2.0/ports?device_id=32bbd63e-8c17-4259-9e69-7949ac5ff49a HTTP/1.1" status: 200 len: 210 time: 0.0251658
2026-05-29 12:37:26.889 9 WARNING neutron.scheduler.dhcp_agent_scheduler [req-dc9e3fa3-8994-4051-835b-9c2b245963e9 req-6f626e13-78d2-4967-bfe8-7ab0f7b4f1c8 9c1c733da18540da8f34613215065a64 aae0c004a3474e87b3b75a02157fd8de - - default default] No more DHCP agents
2026-05-29 12:37:26.894 9 WARNING neutron.api.rpc.agentnotifiers.dhcp_rpc_agent_api [req-dc9e3fa3-8994-4051-835b-9c2b245963e9 req-6f626e13-78d2-4967-bfe8-7ab0f7b4f1c8 9c1c733da18540da8f34613215065a64 aae0c004a3474e87b3b75a02157fd8de - - default default] Unable to schedule network 7222a3d0-12a8-4a5c-9efe-e6b1e422e18c: no agents available; will retry on subsequent port and subnet creation events.
2026-05-29 12:37:26.996 10 INFO neutron.wsgi [None req-5131b359-9b55-4a90-9f7f-f1d65937c949 6536e182cca748a0b6092dad330042d3 7aeb5f936e9a4de5952c28a6ae9592fa - - default default] 10.0.0.132 "PUT /v2.0/routers/0997c096-998d-43af-b8df-54f72554620b/remove_router_interface HTTP/1.1" status: 200 len: 503 time: 1.1330926 /var/lib/openstack/lib/python3.10/site-packages/pycadf/identifier.py:71: UserWarning: Invalid uuid: neutron. To ensure interoperability, identifiers should be a valid uuid. warnings.warn(('Invalid uuid: %s. To ensure interoperability, '
2026-05-29 12:37:27.090 10 INFO neutron.wsgi [None req-0b491bf0-6144-4eea-82b8-a69b5b9f6e3d 6536e182cca748a0b6092dad330042d3 7aeb5f936e9a4de5952c28a6ae9592fa - - default default] 10.0.0.132 "DELETE /v2.0/security-groups/82ed568a-b68e-4e61-976f-2212e19383d3 HTTP/1.1" status: 204 len: 168 time: 0.3828437
2026-05-29 12:37:27.116 9 INFO neutron.db.ovn_revision_numbers_db [req-dc9e3fa3-8994-4051-835b-9c2b245963e9 req-6f626e13-78d2-4967-bfe8-7ab0f7b4f1c8 9c1c733da18540da8f34613215065a64 aae0c004a3474e87b3b75a02157fd8de - - default default] Successfully bumped revision number for resource 561db082-cf83-4d08-a30f-1b4cfe512b13 (type: ports) to 1
2026-05-29 12:37:27.150 9 INFO neutron.wsgi [req-dc9e3fa3-8994-4051-835b-9c2b245963e9 req-6f626e13-78d2-4967-bfe8-7ab0f7b4f1c8 9c1c733da18540da8f34613215065a64 aae0c004a3474e87b3b75a02157fd8de - - default default] 199.204.45.35 "POST /v2.0/ports HTTP/1.1" status: 201 len: 1158 time: 0.6579235 /var/lib/openstack/lib/python3.10/site-packages/pycadf/identifier.py:71: UserWarning: Invalid uuid: neutron. To ensure interoperability, identifiers should be a valid uuid. warnings.warn(('Invalid uuid: %s. To ensure interoperability, '
2026-05-29 12:37:27.400 9 WARNING neutron.plugins.ml2.drivers.ovn.mech_driver.ovsdb.ovn_client [None req-712c2656-3222-4b2a-9f45-9bc110d09902 - - - - - -] No hosting information found for port fea77142-e8aa-42e8-ad24-ab62a58c272f: RuntimeError: No hosting information found for port fea77142-e8aa-42e8-ad24-ab62a58c272f
2026-05-29 12:37:27.648 9 INFO neutron.db.ovn_revision_numbers_db [req-dc9e3fa3-8994-4051-835b-9c2b245963e9 req-fdc27d40-adb8-45dd-aca3-7849e3e80739 fa748b7f717e4474a271517bf1d588d2 9a445fbe52a8484e8ac40263374188a5 - - 10135560175449639de1ac7a4564d476 10135560175449639de1ac7a4564d476] Successfully bumped revision number for resource 561db082-cf83-4d08-a30f-1b4cfe512b13 (type: ports) to 2
2026-05-29 12:37:27.852 9 INFO neutron.db.ovn_revision_numbers_db [req-dc9e3fa3-8994-4051-835b-9c2b245963e9 req-fdc27d40-adb8-45dd-aca3-7849e3e80739 fa748b7f717e4474a271517bf1d588d2 9a445fbe52a8484e8ac40263374188a5 - - 10135560175449639de1ac7a4564d476 10135560175449639de1ac7a4564d476] Successfully bumped revision number for resource 561db082-cf83-4d08-a30f-1b4cfe512b13 (type: ports) to 2 /var/lib/openstack/lib/python3.10/site-packages/pycadf/identifier.py:71: UserWarning: Invalid uuid: neutron. To ensure interoperability, identifiers should be a valid uuid. warnings.warn(('Invalid uuid: %s. To ensure interoperability, '
2026-05-29 12:37:27.914 9 INFO neutron.wsgi [req-dc9e3fa3-8994-4051-835b-9c2b245963e9 req-fdc27d40-adb8-45dd-aca3-7849e3e80739 fa748b7f717e4474a271517bf1d588d2 9a445fbe52a8484e8ac40263374188a5 - - 10135560175449639de1ac7a4564d476 10135560175449639de1ac7a4564d476] 199.204.45.35 "PUT /v2.0/ports/561db082-cf83-4d08-a30f-1b4cfe512b13 HTTP/1.1" status: 200 len: 1376 time: 0.7544177
2026-05-29 12:37:27.938 9 INFO neutron.wsgi [req-be1b5258-e86d-4495-ae1e-d1c455e7cf99 req-0a9c2522-2bcb-4517-92fc-4a6c562d0aa1 9c1c733da18540da8f34613215065a64 aae0c004a3474e87b3b75a02157fd8de - - default default] 10.0.0.35 "GET /v2.0/ports?device_id=32bbd63e-8c17-4259-9e69-7949ac5ff49a HTTP/1.1" status: 200 len: 1168 time: 0.0627000
2026-05-29 12:37:27.953 9 INFO neutron.notifiers.nova [-] Nova event matching ['req-564db497-717a-4afd-b291-4ced253f046f'] response: {'name': 'network-changed', 'server_uuid': '32bbd63e-8c17-4259-9e69-7949ac5ff49a', 'tag': '561db082-cf83-4d08-a30f-1b4cfe512b13', 'status': 'completed', 'code': 200}
2026-05-29 12:37:28.007 9 INFO neutron.wsgi [req-be1b5258-e86d-4495-ae1e-d1c455e7cf99 req-d24ff2ed-7f4f-49cf-9043-790b748522e5 9c1c733da18540da8f34613215065a64 aae0c004a3474e87b3b75a02157fd8de - - default default] 10.0.0.35 "GET /v2.0/security-groups?id=5a0e46e2-7821-467c-8d9d-2d15a4a867f2&fields=id&fields=name HTTP/1.1" status: 200 len: 312 time: 0.0557914
2026-05-29 12:37:28.012 9 INFO neutron.wsgi [req-dc9e3fa3-8994-4051-835b-9c2b245963e9 req-1f2f0ef5-a7a6-497f-b7c7-1cec6b0e4eea fa748b7f717e4474a271517bf1d588d2 9a445fbe52a8484e8ac40263374188a5 - - 10135560175449639de1ac7a4564d476 10135560175449639de1ac7a4564d476] 199.204.45.35 "GET /v2.0/ports?tenant_id=aae0c004a3474e87b3b75a02157fd8de&device_id=32bbd63e-8c17-4259-9e69-7949ac5ff49a HTTP/1.1" status: 200 len: 1407 time: 0.0482054
2026-05-29 12:37:28.048 9 INFO neutron.wsgi [req-dc9e3fa3-8994-4051-835b-9c2b245963e9 req-e56d6463-2556-44ca-8bae-5cc580ad70b1 fa748b7f717e4474a271517bf1d588d2 9a445fbe52a8484e8ac40263374188a5 - - 10135560175449639de1ac7a4564d476 10135560175449639de1ac7a4564d476] 199.204.45.35 "GET /v2.0/floatingips?fixed_ip_address=10.100.0.9&port_id=561db082-cf83-4d08-a30f-1b4cfe512b13 HTTP/1.1" status: 200 len: 217 time: 0.0256445
2026-05-29 12:37:28.091 9 INFO neutron.wsgi [req-dc9e3fa3-8994-4051-835b-9c2b245963e9 req-9b9d7468-27f7-4059-b46c-d25505e32eab fa748b7f717e4474a271517bf1d588d2 9a445fbe52a8484e8ac40263374188a5 - - 10135560175449639de1ac7a4564d476 10135560175449639de1ac7a4564d476] 199.204.45.35 "GET /v2.0/subnets?id=4d566f53-4f7f-406a-b96e-08793cd0d01b HTTP/1.1" status: 200 len: 863 time: 0.0353007
2026-05-29 12:37:28.124 9 INFO neutron.wsgi [req-dc9e3fa3-8994-4051-835b-9c2b245963e9 req-d16ad90a-6061-444f-826c-9a2fbf6bb5eb fa748b7f717e4474a271517bf1d588d2 9a445fbe52a8484e8ac40263374188a5 - - 10135560175449639de1ac7a4564d476 10135560175449639de1ac7a4564d476] 199.204.45.35 "GET /v2.0/ports?network_id=7222a3d0-12a8-4a5c-9efe-e6b1e422e18c&device_owner=network%3Adhcp HTTP/1.1" status: 200 len: 210 time: 0.0250022
2026-05-29 12:37:28.212 9 INFO neutron.wsgi [req-dc9e3fa3-8994-4051-835b-9c2b245963e9 req-7ad34eb2-5b6b-4145-9054-cee82c05b8ac fa748b7f717e4474a271517bf1d588d2 9a445fbe52a8484e8ac40263374188a5 - - 10135560175449639de1ac7a4564d476 10135560175449639de1ac7a4564d476] 199.204.45.35 "GET /v2.0/networks/7222a3d0-12a8-4a5c-9efe-e6b1e422e18c?fields=segments HTTP/1.1" status: 200 len: 212 time: 0.0794754
2026-05-29 12:37:28.223 10 INFO neutron.wsgi [None req-f07032d1-4e30-489f-b566-8462cdf2a387 6536e182cca748a0b6092dad330042d3 7aeb5f936e9a4de5952c28a6ae9592fa - - default default] 10.0.0.132 "DELETE /v2.0/routers/0997c096-998d-43af-b8df-54f72554620b HTTP/1.1" status: 204 len: 168 time: 1.2172637
2026-05-29 12:37:28.227 10 INFO neutron.db.ovn_revision_numbers_db [None req-274d4d2a-ac4c-47c6-932b-d8d4ee81fa94 6536e182cca748a0b6092dad330042d3 7aeb5f936e9a4de5952c28a6ae9592fa - - default default] Successfully bumped revision number for resource 6e9f2547-9f2f-46e6-b16b-0b77dd59480d (type: security_groups) to 1
2026-05-29 12:37:28.261 10 INFO neutron.db.ovn_revision_numbers_db [None req-274d4d2a-ac4c-47c6-932b-d8d4ee81fa94 6536e182cca748a0b6092dad330042d3 7aeb5f936e9a4de5952c28a6ae9592fa - - default default] Successfully bumped revision number for resource 4f3d4c59-8abf-46f9-a4d0-e0341e360a0a (type: security_group_rules) to 0
2026-05-29 12:37:28.281 9 INFO neutron.wsgi [req-dc9e3fa3-8994-4051-835b-9c2b245963e9 req-2f17cf15-da65-4422-9137-5e2527443fad fa748b7f717e4474a271517bf1d588d2 9a445fbe52a8484e8ac40263374188a5 - - 10135560175449639de1ac7a4564d476 10135560175449639de1ac7a4564d476] 199.204.45.35 "GET /v2.0/networks/7222a3d0-12a8-4a5c-9efe-e6b1e422e18c?fields=provider%3Aphysical_network&fields=provider%3Anetwork_type HTTP/1.1" status: 200 len: 277 time: 0.0628712
2026-05-29 12:37:28.285 10 INFO neutron.db.ovn_revision_numbers_db [None req-274d4d2a-ac4c-47c6-932b-d8d4ee81fa94 6536e182cca748a0b6092dad330042d3 7aeb5f936e9a4de5952c28a6ae9592fa - - default default] Successfully bumped revision number for resource 8fd939fb-1d15-4bb2-9566-b4597181c4d2 (type: security_group_rules) to 0
2026-05-29 12:37:28.307 10 INFO neutron.db.ovn_revision_numbers_db [None req-274d4d2a-ac4c-47c6-932b-d8d4ee81fa94 6536e182cca748a0b6092dad330042d3 7aeb5f936e9a4de5952c28a6ae9592fa - - default default] Successfully bumped revision number for resource ce116202-6b63-4ce1-a9ea-c8a67d0f20cb (type: security_group_rules) to 0
2026-05-29 12:37:28.351 10 INFO neutron.db.ovn_revision_numbers_db [None req-274d4d2a-ac4c-47c6-932b-d8d4ee81fa94 6536e182cca748a0b6092dad330042d3 7aeb5f936e9a4de5952c28a6ae9592fa - - default default] Successfully bumped revision number for resource dd62c0cc-6e4c-4ab8-b636-ff5433e4c6fa (type: security_group_rules) to 0
2026-05-29 12:37:28.375 9 INFO neutron.wsgi [req-6fcc2d89-20ad-4c0a-bafd-7af5450e7d72 req-57ac6126-f59c-44a0-a147-3c2425be69b8 fa748b7f717e4474a271517bf1d588d2 9a445fbe52a8484e8ac40263374188a5 - - 10135560175449639de1ac7a4564d476 10135560175449639de1ac7a4564d476] 199.204.45.35 "GET /v2.0/ports?tenant_id=aae0c004a3474e87b3b75a02157fd8de&device_id=32bbd63e-8c17-4259-9e69-7949ac5ff49a HTTP/1.1" status: 200 len: 1407 time: 0.0460901
2026-05-29 12:37:28.389 10 INFO neutron.wsgi [None req-274d4d2a-ac4c-47c6-932b-d8d4ee81fa94 6536e182cca748a0b6092dad330042d3 7aeb5f936e9a4de5952c28a6ae9592fa - - default default] 10.0.0.132 "GET /v2.0/security-groups?tenant_id=1f2a4394baa841b2abba9bfba2816dea&name=default HTTP/1.1" status: 200 len: 2996 time: 0.6860626
2026-05-29 12:37:28.431 9 INFO neutron.wsgi [req-6fcc2d89-20ad-4c0a-bafd-7af5450e7d72 req-837514e4-e6c8-4790-82ba-f8d5b07441ba fa748b7f717e4474a271517bf1d588d2 9a445fbe52a8484e8ac40263374188a5 - - 10135560175449639de1ac7a4564d476 10135560175449639de1ac7a4564d476] 199.204.45.35 "GET /v2.0/networks?id=7222a3d0-12a8-4a5c-9efe-e6b1e422e18c HTTP/1.1" status: 200 len: 968 time: 0.0511186
2026-05-29 12:37:28.473 9 INFO neutron.wsgi [req-6fcc2d89-20ad-4c0a-bafd-7af5450e7d72 req-b78e11c9-0686-4aab-b795-ca433ae514f9 fa748b7f717e4474a271517bf1d588d2 9a445fbe52a8484e8ac40263374188a5 - - 10135560175449639de1ac7a4564d476 10135560175449639de1ac7a4564d476] 199.204.45.35 "GET /v2.0/floatingips?fixed_ip_address=10.100.0.9&port_id=561db082-cf83-4d08-a30f-1b4cfe512b13 HTTP/1.1" status: 200 len: 217 time: 0.0336952
2026-05-29 12:37:28.526 10 INFO neutron.plugins.ml2.drivers.ovn.mech_driver.mech_driver [None req-374daa48-2896-4fee-8cdc-9b0cc76000ad - - - - - -] OVN reports status up for port: 561db082-cf83-4d08-a30f-1b4cfe512b13
2026-05-29 12:37:28.547 10 INFO neutron.plugins.ml2.plugin [None req-374daa48-2896-4fee-8cdc-9b0cc76000ad - - - - - -] Attempt 1 to provision port 561db082-cf83-4d08-a30f-1b4cfe512b13
2026-05-29 12:37:28.548 9 INFO neutron.wsgi [req-6fcc2d89-20ad-4c0a-bafd-7af5450e7d72 req-08729be1-6e04-44ca-b375-cc46087dd9ca fa748b7f717e4474a271517bf1d588d2 9a445fbe52a8484e8ac40263374188a5 - - 10135560175449639de1ac7a4564d476 10135560175449639de1ac7a4564d476] 199.204.45.35 "GET /v2.0/subnets?id=4d566f53-4f7f-406a-b96e-08793cd0d01b HTTP/1.1" status: 200 len: 863 time: 0.0672376
2026-05-29 12:37:28.573 10 INFO neutron.wsgi [None req-e5ccc1fb-d8cb-4bb6-a2d8-b498972fbf08 6536e182cca748a0b6092dad330042d3 7aeb5f936e9a4de5952c28a6ae9592fa - - default default] 10.0.0.132 "DELETE /v2.0/subnets/4a53624d-1cf8-4c83-8a07-f9e28febeacc HTTP/1.1" status: 204 len: 168 time: 0.3429627
2026-05-29 12:37:28.576 9 INFO neutron.wsgi [req-6fcc2d89-20ad-4c0a-bafd-7af5450e7d72 req-a1d63db0-a334-44a4-8fdc-d0f4f8258ae2 fa748b7f717e4474a271517bf1d588d2 9a445fbe52a8484e8ac40263374188a5 - - 10135560175449639de1ac7a4564d476 10135560175449639de1ac7a4564d476] 199.204.45.35 "GET /v2.0/ports?network_id=7222a3d0-12a8-4a5c-9efe-e6b1e422e18c&device_owner=network%3Adhcp HTTP/1.1" status: 200 len: 210 time: 0.0226185
2026-05-29 12:37:28.660 9 INFO neutron.wsgi [req-6fcc2d89-20ad-4c0a-bafd-7af5450e7d72 req-eed6be80-4203-4082-8d13-881bd9af4f83 fa748b7f717e4474a271517bf1d588d2 9a445fbe52a8484e8ac40263374188a5 - - 10135560175449639de1ac7a4564d476 10135560175449639de1ac7a4564d476] 199.204.45.35 "GET /v2.0/networks/7222a3d0-12a8-4a5c-9efe-e6b1e422e18c?fields=segments HTTP/1.1" status: 200 len: 212 time: 0.0743227
2026-05-29 12:37:28.743 10 INFO neutron.notifiers.nova [-] Nova event matching ['req-50e6feb0-74eb-4dd0-8c94-43f53f8e83b5'] response: {'server_uuid': '32bbd63e-8c17-4259-9e69-7949ac5ff49a', 'name': 'network-vif-plugged', 'status': 'completed', 'tag': '561db082-cf83-4d08-a30f-1b4cfe512b13', 'code': 200}
2026-05-29 12:37:28.749 9 INFO neutron.wsgi [req-6fcc2d89-20ad-4c0a-bafd-7af5450e7d72 req-9e5278cb-1096-4de6-b377-8849f64c2fd9 fa748b7f717e4474a271517bf1d588d2 9a445fbe52a8484e8ac40263374188a5 - - 10135560175449639de1ac7a4564d476 10135560175449639de1ac7a4564d476] 199.204.45.35 "GET /v2.0/networks/7222a3d0-12a8-4a5c-9efe-e6b1e422e18c?fields=provider%3Aphysical_network&fields=provider%3Anetwork_type HTTP/1.1" status: 200 len: 277 time: 0.0807850
2026-05-29 12:37:28.806 10 INFO neutron.wsgi [None req-95121aa9-0360-4dc8-a09d-18e67204ecb2 6536e182cca748a0b6092dad330042d3 7aeb5f936e9a4de5952c28a6ae9592fa - - default default] 10.0.0.132 "DELETE /v2.0/security-groups/6e9f2547-9f2f-46e6-b16b-0b77dd59480d HTTP/1.1" status: 204 len: 168 time: 0.4074221
2026-05-29 12:37:29.021 10 INFO neutron.db.ovn_revision_numbers_db [None req-374daa48-2896-4fee-8cdc-9b0cc76000ad - - - - - -] Successfully bumped revision number for resource 561db082-cf83-4d08-a30f-1b4cfe512b13 (type: ports) to 4
2026-05-29 12:37:29.120 10 INFO neutron.services.segments.plugin [-] Segment 785b08a0-5da1-46ca-9064-b2998b910eee resource provider aggregate not found
2026-05-29 12:37:29.127 10 INFO neutron.services.segments.plugin [-] Segment 785b08a0-5da1-46ca-9064-b2998b910eee resource provider aggregate not found
2026-05-29 12:37:29.147 9 INFO neutron.wsgi [req-2d510a03-2f61-4281-a981-cf10f06aa346 req-ea985c62-5261-4ef2-88f6-11cc63bdfcdf 9c1c733da18540da8f34613215065a64 aae0c004a3474e87b3b75a02157fd8de - - default default] 10.0.0.35 "GET /v2.0/ports?device_id=32bbd63e-8c17-4259-9e69-7949ac5ff49a HTTP/1.1" status: 200 len: 1170 time: 0.0557454
2026-05-29 12:37:29.149 10 INFO neutron.services.segments.plugin [-] Segment 785b08a0-5da1-46ca-9064-b2998b910eee resource provider not found; error: Placement Client Error (4xx): {"errors": [{"status": 404, "title": "Not Found", "detail": "The resource could not be found.\n\n No resource provider with uuid 785b08a0-5da1-46ca-9064-b2998b910eee found for delete ", "request_id": "req-af7a59b4-05fe-4569-9be0-8c55d035f442"}]}
2026-05-29 12:37:29.150 10 INFO neutron.services.segments.plugin [-] Segment 785b08a0-5da1-46ca-9064-b2998b910eee resource provider not found; error: Placement Client Error (4xx): {"errors": [{"status": 404, "title": "Not Found", "detail": "The resource could not be found.\n\n No resource provider with uuid 785b08a0-5da1-46ca-9064-b2998b910eee found for delete ", "request_id": "req-06817975-9f18-45be-922f-8315216c16db"}]}
2026-05-29 12:37:29.197 10 INFO neutron.wsgi [None req-7882ae49-31f7-4bff-8e2a-e0a22db5899a 6536e182cca748a0b6092dad330042d3 7aeb5f936e9a4de5952c28a6ae9592fa - - default default] 10.0.0.132 "DELETE /v2.0/networks/6039bb0f-ea3e-44bc-b554-512f87df19de HTTP/1.1" status: 204 len: 168 time: 0.6175044
2026-05-29 12:37:29.212 9 INFO neutron.wsgi [req-2d510a03-2f61-4281-a981-cf10f06aa346 req-4e113713-00e4-470e-84f7-ace10b4f500c 9c1c733da18540da8f34613215065a64 aae0c004a3474e87b3b75a02157fd8de - - default default] 10.0.0.35 "GET /v2.0/security-groups?id=5a0e46e2-7821-467c-8d9d-2d15a4a867f2&fields=id&fields=name HTTP/1.1" status: 200 len: 312 time: 0.0555320
2026-05-29 12:37:29.213 9 INFO neutron.db.ovn_revision_numbers_db [None req-5eceef91-041e-4616-a0bd-602619a317f4 6536e182cca748a0b6092dad330042d3 7aeb5f936e9a4de5952c28a6ae9592fa - - default default] Successfully bumped revision number for resource 8e96d036-17e6-4c5e-bf76-14e4b618b8b4 (type: security_groups) to 1
2026-05-29 12:37:29.232 9 INFO neutron.db.ovn_revision_numbers_db [None req-5eceef91-041e-4616-a0bd-602619a317f4 6536e182cca748a0b6092dad330042d3 7aeb5f936e9a4de5952c28a6ae9592fa - - default default] Successfully bumped revision number for resource 19fa050a-c1b3-4e66-8d45-60e8b4dc56af (type: security_group_rules) to 0
2026-05-29 12:37:29.254 9 INFO neutron.db.ovn_revision_numbers_db [None req-5eceef91-041e-4616-a0bd-602619a317f4 6536e182cca748a0b6092dad330042d3 7aeb5f936e9a4de5952c28a6ae9592fa - - default default] Successfully bumped revision number for resource 1e23ffca-06d0-45f2-b51f-986439dec938 (type: security_group_rules) to 0
2026-05-29 12:37:29.273 9 INFO neutron.db.ovn_revision_numbers_db [None req-5eceef91-041e-4616-a0bd-602619a317f4 6536e182cca748a0b6092dad330042d3 7aeb5f936e9a4de5952c28a6ae9592fa - - default default] Successfully bumped revision number for resource 205e282d-ba4a-412e-90f6-bb07c0b9ac8b (type: security_group_rules) to 0
2026-05-29 12:37:29.293 9 INFO neutron.db.ovn_revision_numbers_db [None req-5eceef91-041e-4616-a0bd-602619a317f4 6536e182cca748a0b6092dad330042d3 7aeb5f936e9a4de5952c28a6ae9592fa - - default default] Successfully bumped revision number for resource 2722520e-96f1-4360-91c5-bd9f5bcbe73c (type: security_group_rules) to 0 /var/lib/openstack/lib/python3.10/site-packages/pycadf/identifier.py:71: UserWarning: Invalid uuid: neutron. To ensure interoperability, identifiers should be a valid uuid. warnings.warn(('Invalid uuid: %s. To ensure interoperability, '
2026-05-29 12:37:29.534 10 INFO neutron.wsgi [None req-0aa7f433-08a0-4a01-8c4a-2fc39a4edab1 6536e182cca748a0b6092dad330042d3 7aeb5f936e9a4de5952c28a6ae9592fa - - default default] 10.0.0.132 "GET /v2.0/security-groups?tenant_id=3eaa06bcd7d44306a447157d396c9239&name=default HTTP/1.1" status: 200 len: 2992 time: 0.0456309
2026-05-29 12:37:29.748 9 INFO neutron.wsgi [None req-5eceef91-041e-4616-a0bd-602619a317f4 6536e182cca748a0b6092dad330042d3 7aeb5f936e9a4de5952c28a6ae9592fa - - default default] 10.0.0.132 "GET /v2.0/security-groups?tenant_id=d4dee089d02843549f5c9115180a9901&name=default HTTP/1.1" status: 200 len: 2996 time: 0.7379525
2026-05-29 12:37:29.867 10 INFO neutron.wsgi [None req-68500ccd-3ba6-454c-8c2d-08394b5a52fa 6536e182cca748a0b6092dad330042d3 7aeb5f936e9a4de5952c28a6ae9592fa - - default default] 10.0.0.132 "DELETE /v2.0/security-groups/d0d7c6dc-2759-4e4f-afa3-c96362d1f7bf HTTP/1.1" status: 204 len: 168 time: 0.3282559
2026-05-29 12:37:30.036 10 INFO neutron.wsgi [None req-312e6a3c-5c71-4342-9214-34a0f9e908f5 6536e182cca748a0b6092dad330042d3 7aeb5f936e9a4de5952c28a6ae9592fa - - default default] 10.0.0.132 "DELETE /v2.0/security-groups/8e96d036-17e6-4c5e-bf76-14e4b618b8b4 HTTP/1.1" status: 204 len: 168 time: 0.2819746
2026-05-29 12:37:30.150 9 INFO neutron.db.ovn_revision_numbers_db [None req-34389d43-9ad4-4082-9cf0-bfa6c89411e9 6536e182cca748a0b6092dad330042d3 7aeb5f936e9a4de5952c28a6ae9592fa - - default default] Successfully bumped revision number for resource e926aa7b-0194-4f93-90c4-75e4ee1e5e7d (type: security_groups) to 1
2026-05-29 12:37:30.171 9 INFO neutron.db.ovn_revision_numbers_db [None req-34389d43-9ad4-4082-9cf0-bfa6c89411e9 6536e182cca748a0b6092dad330042d3 7aeb5f936e9a4de5952c28a6ae9592fa - - default default] Successfully bumped revision number for resource 46b40c11-349e-42b1-9a64-014b1971b23b (type: security_group_rules) to 0
2026-05-29 12:37:30.190 9 INFO neutron.db.ovn_revision_numbers_db [None req-34389d43-9ad4-4082-9cf0-bfa6c89411e9 6536e182cca748a0b6092dad330042d3 7aeb5f936e9a4de5952c28a6ae9592fa - - default default] Successfully bumped revision number for resource a891c7d9-38b3-47c8-be3b-815b96adde1c (type: security_group_rules) to 0
2026-05-29 12:37:30.213 9 INFO neutron.db.ovn_revision_numbers_db [None req-34389d43-9ad4-4082-9cf0-bfa6c89411e9 6536e182cca748a0b6092dad330042d3 7aeb5f936e9a4de5952c28a6ae9592fa - - default default] Successfully bumped revision number for resource ac0335b3-e8c0-45db-98e9-f386e7949bf0 (type: security_group_rules) to 0
2026-05-29 12:37:30.233 9 INFO neutron.db.ovn_revision_numbers_db [None req-34389d43-9ad4-4082-9cf0-bfa6c89411e9 6536e182cca748a0b6092dad330042d3 7aeb5f936e9a4de5952c28a6ae9592fa - - default default] Successfully bumped revision number for resource eba7697b-d8ab-4074-99de-6761ab0268f9 (type: security_group_rules) to 0
2026-05-29 12:37:30.268 9 INFO neutron.wsgi [None req-34389d43-9ad4-4082-9cf0-bfa6c89411e9 6536e182cca748a0b6092dad330042d3 7aeb5f936e9a4de5952c28a6ae9592fa - - default default] 10.0.0.132 "GET /v2.0/security-groups?tenant_id=aff4b6b2a02f41188ec8078c4cfff49a&name=default HTTP/1.1" status: 200 len: 2996 time: 0.5189219
2026-05-29 12:37:30.450 9 INFO neutron.wsgi [req-90cb6abe-42b0-4400-a79b-3e6398a7914c req-c22d4307-5aa1-453f-a8b2-0f482428277a 9c1c733da18540da8f34613215065a64 aae0c004a3474e87b3b75a02157fd8de - - default default] 10.0.0.35 "GET /v2.0/ports?device_id=32bbd63e-8c17-4259-9e69-7949ac5ff49a HTTP/1.1" status: 200 len: 1170 time: 0.1550608
2026-05-29 12:37:30.511 9 INFO neutron.wsgi [req-90cb6abe-42b0-4400-a79b-3e6398a7914c req-a56d9415-05ef-4d49-a0d9-c3b541b3c96f 9c1c733da18540da8f34613215065a64 aae0c004a3474e87b3b75a02157fd8de - - default default] 10.0.0.35 "GET /v2.0/security-groups?id=5a0e46e2-7821-467c-8d9d-2d15a4a867f2&fields=id&fields=name HTTP/1.1" status: 200 len: 312 time: 0.0537121
2026-05-29 12:37:30.594 9 INFO neutron.wsgi [None req-c6826ac8-4c5e-48a3-9449-2945ef9860b1 6536e182cca748a0b6092dad330042d3 7aeb5f936e9a4de5952c28a6ae9592fa - - default default] 10.0.0.132 "DELETE /v2.0/security-groups/e926aa7b-0194-4f93-90c4-75e4ee1e5e7d HTTP/1.1" status: 204 len: 168 time: 0.3196750
2026-05-29 12:37:30.652 9 INFO neutron.wsgi [req-b749f820-8a60-4409-9329-c13eda50d973 req-c2664701-e6c9-4269-8442-152d47e10a47 9c1c733da18540da8f34613215065a64 aae0c004a3474e87b3b75a02157fd8de - - default default] 10.0.0.35 "GET /v2.0/ports?device_id=32bbd63e-8c17-4259-9e69-7949ac5ff49a HTTP/1.1" status: 200 len: 1170 time: 0.0620029
2026-05-29 12:37:30.812 10 INFO neutron.notifiers.nova [-] Nova event matching ['req-5b432087-56d2-49c2-a214-40b0312b8d6a'] response: {'server_uuid': '32bbd63e-8c17-4259-9e69-7949ac5ff49a', 'name': 'network-vif-plugged', 'status': 'completed', 'tag': '561db082-cf83-4d08-a30f-1b4cfe512b13', 'code': 200}
2026-05-29 12:37:30.961 10 INFO neutron.db.l3_db [None req-02ab824d-1917-4e07-8306-f788f0e274a5 9c1c733da18540da8f34613215065a64 aae0c004a3474e87b3b75a02157fd8de - - default default] Floating IP a9df04f6-7af9-49e6-8754-0fa2f3acdebd associated. External IP: 10.96.250.220, port: 561db082-cf83-4d08-a30f-1b4cfe512b13.
2026-05-29 12:37:31.221 10 INFO neutron.db.ovn_revision_numbers_db [None req-02ab824d-1917-4e07-8306-f788f0e274a5 9c1c733da18540da8f34613215065a64 aae0c004a3474e87b3b75a02157fd8de - - default default] Successfully bumped revision number for resource a9df04f6-7af9-49e6-8754-0fa2f3acdebd (type: floatingips) to 1
2026-05-29 12:37:31.331 10 INFO neutron.db.ovn_revision_numbers_db [None req-02ab824d-1917-4e07-8306-f788f0e274a5 9c1c733da18540da8f34613215065a64 aae0c004a3474e87b3b75a02157fd8de - - default default] Successfully bumped revision number for resource a9df04f6-7af9-49e6-8754-0fa2f3acdebd (type: floatingips) to 2
2026-05-29 12:37:31.349 9 INFO neutron.wsgi [-] 10.0.0.202 "GET / HTTP/1.1" status: 200 len: 246 time: 0.0037687
2026-05-29 12:37:31.354 9 INFO neutron.wsgi [-] 10.0.0.202 "GET / HTTP/1.1" status: 200 len: 246 time: 0.0042417
2026-05-29 12:37:31.376 10 INFO neutron.wsgi [None req-02ab824d-1917-4e07-8306-f788f0e274a5 9c1c733da18540da8f34613215065a64 aae0c004a3474e87b3b75a02157fd8de - - default default] 10.0.0.132 "PUT /v2.0/floatingips/a9df04f6-7af9-49e6-8754-0fa2f3acdebd HTTP/1.1" status: 200 len: 1049 time: 0.7058704
2026-05-29 12:37:31.475 9 INFO neutron.wsgi [req-7d8a82dd-9e46-4185-8112-7f8dfa60a2bc req-352de0cc-4bc2-40d6-b7fb-11c2a63e52db 9c1c733da18540da8f34613215065a64 aae0c004a3474e87b3b75a02157fd8de - - default default] 10.0.0.35 "GET /v2.0/ports?device_id=32bbd63e-8c17-4259-9e69-7949ac5ff49a HTTP/1.1" status: 200 len: 1170 time: 0.0513539
2026-05-29 12:37:31.536 9 INFO neutron.wsgi [req-7d8a82dd-9e46-4185-8112-7f8dfa60a2bc req-6f66d254-a797-4c43-95f5-ba525f6c1059 9c1c733da18540da8f34613215065a64 aae0c004a3474e87b3b75a02157fd8de - - default default] 10.0.0.35 "GET /v2.0/security-groups?id=5a0e46e2-7821-467c-8d9d-2d15a4a867f2&fields=id&fields=name HTTP/1.1" status: 200 len: 312 time: 0.0540543
2026-05-29 12:37:31.817 10 INFO neutron.plugins.ml2.drivers.ovn.mech_driver.mech_driver [None req-374daa48-2896-4fee-8cdc-9b0cc76000ad - - - - - -] OVN reports status down for port: 561db082-cf83-4d08-a30f-1b4cfe512b13
2026-05-29 12:37:31.836 9 INFO neutron.wsgi [req-29b06184-070a-4e05-99c1-4a639a887a68 req-278450cc-bb43-42da-ab75-7762ea1721d4 9c1c733da18540da8f34613215065a64 aae0c004a3474e87b3b75a02157fd8de - - default default] 10.0.0.35 "GET /v2.0/ports?device_id=32bbd63e-8c17-4259-9e69-7949ac5ff49a HTTP/1.1" status: 200 len: 1170 time: 0.0478060
2026-05-29 12:37:31.885 9 INFO neutron.wsgi [req-29b06184-070a-4e05-99c1-4a639a887a68 req-b2e6676e-2bb1-4830-83b8-984a9dbfd81b 9c1c733da18540da8f34613215065a64 aae0c004a3474e87b3b75a02157fd8de - - default default] 10.0.0.35 "GET /v2.0/security-groups?id=5a0e46e2-7821-467c-8d9d-2d15a4a867f2&fields=id&fields=name HTTP/1.1" status: 200 len: 312 time: 0.0461814 /var/lib/openstack/lib/python3.10/site-packages/pycadf/identifier.py:71: UserWarning: Invalid uuid: neutron. To ensure interoperability, identifiers should be a valid uuid. warnings.warn(('Invalid uuid: %s. To ensure interoperability, '
2026-05-29 12:37:32.154 10 WARNING neutron_lib.context [None req-8d2ca32c-956c-4fa8-a377-0eb72d2a6093 61edd0360ad34db2bedca2b279010028 4296826abdb24dc0befe26b6e321974e - - default default] Method 'is_advsvc' is deprecated since 2023.2 release (neutron-lib 3.8.0) and will be removed once support for the old RBAC API policies will be removed from Neutron. Please use method 'is_service_role' instead.
2026-05-29 12:37:32.184 9 INFO neutron.wsgi [req-acf921a5-b967-4689-9b04-51ee6d79704f req-d961eec2-c61a-434d-8ef1-746b8b217bbc 9c1c733da18540da8f34613215065a64 aae0c004a3474e87b3b75a02157fd8de - - default default] 199.204.45.35 "GET /v2.0/ports?device_id=32bbd63e-8c17-4259-9e69-7949ac5ff49a HTTP/1.1" status: 200 len: 1168 time: 0.0582790
2026-05-29 12:37:32.238 10 INFO neutron.db.ovn_revision_numbers_db [None req-374daa48-2896-4fee-8cdc-9b0cc76000ad - - - - - -] Successfully bumped revision number for resource 561db082-cf83-4d08-a30f-1b4cfe512b13 (type: ports) to 5
2026-05-29 12:37:32.329 10 INFO neutron.db.ovn_revision_numbers_db [None req-8d2ca32c-956c-4fa8-a377-0eb72d2a6093 61edd0360ad34db2bedca2b279010028 4296826abdb24dc0befe26b6e321974e - - default default] Successfully bumped revision number for resource 93d00cce-33ff-4401-a963-bea579b24818 (type: security_groups) to 1
2026-05-29 12:37:32.342 10 INFO neutron.db.ovn_revision_numbers_db [None req-8d2ca32c-956c-4fa8-a377-0eb72d2a6093 61edd0360ad34db2bedca2b279010028 4296826abdb24dc0befe26b6e321974e - - default default] Successfully bumped revision number for resource 03da46b5-7b41-498c-9675-b0e855dd51de (type: security_group_rules) to 0
2026-05-29 12:37:32.358 10 INFO neutron.db.ovn_revision_numbers_db [None req-8d2ca32c-956c-4fa8-a377-0eb72d2a6093 61edd0360ad34db2bedca2b279010028 4296826abdb24dc0befe26b6e321974e - - default default] Successfully bumped revision number for resource 0d4a095f-4ba6-403a-ab17-b30c353ed6d1 (type: security_group_rules) to 0
2026-05-29 12:37:32.373 10 INFO neutron.db.ovn_revision_numbers_db [None req-8d2ca32c-956c-4fa8-a377-0eb72d2a6093 61edd0360ad34db2bedca2b279010028 4296826abdb24dc0befe26b6e321974e - - default default] Successfully bumped revision number for resource c4b00ab9-71a4-46b0-ad1a-9e6a00ae3fce (type: security_group_rules) to 0
2026-05-29 12:37:32.390 10 INFO neutron.db.ovn_revision_numbers_db [None req-8d2ca32c-956c-4fa8-a377-0eb72d2a6093 61edd0360ad34db2bedca2b279010028 4296826abdb24dc0befe26b6e321974e - - default default] Successfully bumped revision number for resource ec7a5d0f-e43c-47ba-9022-142936135806 (type: security_group_rules) to 0
2026-05-29 12:37:32.456 10 INFO neutron.db.segments_db [None req-8d2ca32c-956c-4fa8-a377-0eb72d2a6093 61edd0360ad34db2bedca2b279010028 4296826abdb24dc0befe26b6e321974e - - default default] Added segment f6af1291-72b5-4514-8653-58c316b5bebc of type geneve for network 6abb7e86-8f67-481e-8c02-27813a97463f
2026-05-29 12:37:32.497 9 INFO neutron.db.l3_db [req-acf921a5-b967-4689-9b04-51ee6d79704f req-29c17de0-85c3-4321-8a19-40f333efbc39 9c1c733da18540da8f34613215065a64 aae0c004a3474e87b3b75a02157fd8de - - default default] Floating IP a9df04f6-7af9-49e6-8754-0fa2f3acdebd disassociated. External IP: 10.96.250.220, port: 561db082-cf83-4d08-a30f-1b4cfe512b13.
2026-05-29 12:37:32.699 10 INFO neutron.db.ovn_revision_numbers_db [None req-8d2ca32c-956c-4fa8-a377-0eb72d2a6093 61edd0360ad34db2bedca2b279010028 4296826abdb24dc0befe26b6e321974e - - default default] Successfully bumped revision number for resource 6abb7e86-8f67-481e-8c02-27813a97463f (type: networks) to 1
2026-05-29 12:37:32.747 9 INFO neutron.wsgi [req-acf921a5-b967-4689-9b04-51ee6d79704f req-29c17de0-85c3-4321-8a19-40f333efbc39 9c1c733da18540da8f34613215065a64 aae0c004a3474e87b3b75a02157fd8de - - default default] 199.204.45.35 "DELETE /v2.0/ports/561db082-cf83-4d08-a30f-1b4cfe512b13 HTTP/1.1" status: 204 len: 173 time: 0.5580969
2026-05-29 12:37:32.784 9 INFO neutron.notifiers.nova [-] Nova event matching ['req-5642b1b7-1405-4a40-af4b-8249f717f29b'] response: {'server_uuid': '32bbd63e-8c17-4259-9e69-7949ac5ff49a', 'name': 'network-vif-deleted', 'tag': '561db082-cf83-4d08-a30f-1b4cfe512b13', 'status': 'completed', 'code': 200}
2026-05-29 12:37:32.815 9 WARNING neutron_lib.context [None req-5a0156bb-f24e-4bd7-91ed-f8725ca14e96 dd00232fea1c4849a62158e8f71dfc3f 34fc8b0e62614f9aa4a41a06bb3825ee - - default default] Method 'is_advsvc' is deprecated since 2023.2 release (neutron-lib 3.8.0) and will be removed once support for the old RBAC API policies will be removed from Neutron. Please use method 'is_service_role' instead.
2026-05-29 12:37:32.871 10 INFO neutron.notifiers.nova [-] Nova event matching ['req-d4589f95-c0b1-4a7c-be32-4770fee0f0d3'] response: {'name': 'network-changed', 'server_uuid': '32bbd63e-8c17-4259-9e69-7949ac5ff49a', 'tag': '561db082-cf83-4d08-a30f-1b4cfe512b13', 'status': 'completed', 'code': 200}
2026-05-29 12:37:32.871 10 INFO neutron.notifiers.nova [-] Nova event matching ['req-d4589f95-c0b1-4a7c-be32-4770fee0f0d3'] response: {'server_uuid': '32bbd63e-8c17-4259-9e69-7949ac5ff49a', 'name': 'network-vif-unplugged', 'status': 'completed', 'tag': '561db082-cf83-4d08-a30f-1b4cfe512b13', 'code': 200}
2026-05-29 12:37:32.871 10 INFO neutron.notifiers.nova [-] Nova event matching ['req-d4589f95-c0b1-4a7c-be32-4770fee0f0d3'] response: {'server_uuid': '32bbd63e-8c17-4259-9e69-7949ac5ff49a', 'name': 'network-vif-plugged', 'status': 'completed', 'tag': '561db082-cf83-4d08-a30f-1b4cfe512b13', 'code': 200}
2026-05-29 12:37:32.929 9 INFO neutron.wsgi [req-4a1fd128-9631-47f0-a7c4-60afd742b908 req-4af33822-3abd-4545-8dfd-882c1ffa00a7 fa748b7f717e4474a271517bf1d588d2 9a445fbe52a8484e8ac40263374188a5 - - 10135560175449639de1ac7a4564d476 10135560175449639de1ac7a4564d476] 199.204.45.35 "GET /v2.0/ports?tenant_id=aae0c004a3474e87b3b75a02157fd8de&device_id=32bbd63e-8c17-4259-9e69-7949ac5ff49a HTTP/1.1" status: 200 len: 210 time: 0.0311928
2026-05-29 12:37:32.946 10 WARNING neutron.scheduler.dhcp_agent_scheduler [None req-8d2ca32c-956c-4fa8-a377-0eb72d2a6093 61edd0360ad34db2bedca2b279010028 4296826abdb24dc0befe26b6e321974e - - default default] No more DHCP agents
2026-05-29 12:37:32.948 10 WARNING neutron.api.rpc.agentnotifiers.dhcp_rpc_agent_api [None req-8d2ca32c-956c-4fa8-a377-0eb72d2a6093 61edd0360ad34db2bedca2b279010028 4296826abdb24dc0befe26b6e321974e - - default default] Unable to schedule network 6abb7e86-8f67-481e-8c02-27813a97463f: no agents available; will retry on subsequent port and subnet creation events.
2026-05-29 12:37:33.009 9 INFO neutron.db.ovn_revision_numbers_db [None req-5a0156bb-f24e-4bd7-91ed-f8725ca14e96 dd00232fea1c4849a62158e8f71dfc3f 34fc8b0e62614f9aa4a41a06bb3825ee - - default default] Successfully bumped revision number for resource 973c367f-9b14-493a-a65d-b167ecd6ab73 (type: security_groups) to 1
