2026-05-29 12:37:09.796 9 INFO neutron.wsgi [req-57208bdc-046e-40bc-b9ce-78db093fae20 req-09023e35-04c8-4340-a021-5a65e34bb969 24cf63bec0a2490ca30edd1316c82549 d47a65a64e3340fa802e9dc311db209e - - default default] 10.0.0.35 "GET /v2.0/ports?device_id=8a2ef64f-5eb7-485d-86c0-047456735c70 HTTP/1.1" status: 200 len: 1172 time: 0.0509670
2026-05-29 12:37:09.891 9 INFO neutron.wsgi [req-57208bdc-046e-40bc-b9ce-78db093fae20 req-01885419-c812-4361-b39a-7ab9f18d76e2 24cf63bec0a2490ca30edd1316c82549 d47a65a64e3340fa802e9dc311db209e - - default default] 10.0.0.35 "GET /v2.0/security-groups?id=a2cb6dbc-00f6-4460-baa9-98c2c3767dcc&fields=id&fields=name HTTP/1.1" status: 200 len: 313 time: 0.0848436
2026-05-29 12:37:09.999 9 INFO neutron.wsgi [req-0c53a88d-6abf-473d-8952-d84bb0650374 req-a5a2a698-7c4f-439a-99ac-22aec693ac79 45b4593bec174c7288ca54a0773fd2b2 23680f1974b5487eb43aae0134346062 - - default default] 199.204.45.35 "DELETE /v2.0/ports/8fd4eb0b-6f61-4da7-9ac8-0e37ce8ece50 HTTP/1.1" status: 204 len: 173 time: 0.4063191
2026-05-29 12:37:10.057 10 INFO neutron.wsgi [req-a9c15ca4-2b34-41ca-b70f-b48ceda1aa5c req-22e23675-2950-4a76-a7d7-5cffa94d8f05 fa748b7f717e4474a271517bf1d588d2 9a445fbe52a8484e8ac40263374188a5 - - 10135560175449639de1ac7a4564d476 10135560175449639de1ac7a4564d476] 199.204.45.35 "GET /v2.0/networks?id=529fd97c-abb3-4481-a014-f3151913495c HTTP/1.1" status: 200 len: 972 time: 0.3156426
2026-05-29 12:37:10.093 10 INFO neutron.wsgi [req-a9c15ca4-2b34-41ca-b70f-b48ceda1aa5c req-20e3cfea-5cc3-4482-82d1-1b48a726879a fa748b7f717e4474a271517bf1d588d2 9a445fbe52a8484e8ac40263374188a5 - - 10135560175449639de1ac7a4564d476 10135560175449639de1ac7a4564d476] 199.204.45.35 "GET /v2.0/floatingips?fixed_ip_address=10.100.0.14&port_id=05583e74-a716-44a3-a04c-f1f2f0a6b7a8 HTTP/1.1" status: 200 len: 217 time: 0.0312111
2026-05-29 12:37:10.133 9 INFO neutron.db.ovn_revision_numbers_db [None req-712c2656-3222-4b2a-9f45-9bc110d09902 - - - - - -] Successfully bumped revision number for resource 05583e74-a716-44a3-a04c-f1f2f0a6b7a8 (type: ports) to 4
2026-05-29 12:37:10.142 10 INFO neutron.wsgi [req-a9c15ca4-2b34-41ca-b70f-b48ceda1aa5c req-69e81009-e6f1-4d27-aa93-056490f90495 fa748b7f717e4474a271517bf1d588d2 9a445fbe52a8484e8ac40263374188a5 - - 10135560175449639de1ac7a4564d476 10135560175449639de1ac7a4564d476] 199.204.45.35 "GET /v2.0/subnets?id=3e6b89b7-e50d-482c-aca7-ea33c2979475 HTTP/1.1" status: 200 len: 868 time: 0.0457461
2026-05-29 12:37:10.181 10 INFO neutron.wsgi [req-a9c15ca4-2b34-41ca-b70f-b48ceda1aa5c req-d014090e-8ecc-4b93-b76e-a4b843af3d81 fa748b7f717e4474a271517bf1d588d2 9a445fbe52a8484e8ac40263374188a5 - - 10135560175449639de1ac7a4564d476 10135560175449639de1ac7a4564d476] 199.204.45.35 "GET /v2.0/ports?network_id=529fd97c-abb3-4481-a014-f3151913495c&device_owner=network%3Adhcp HTTP/1.1" status: 200 len: 210 time: 0.0276742
2026-05-29 12:37:10.267 10 INFO neutron.wsgi [req-a9c15ca4-2b34-41ca-b70f-b48ceda1aa5c req-4e201d60-66a1-448b-a4d9-e42b5f8d2904 fa748b7f717e4474a271517bf1d588d2 9a445fbe52a8484e8ac40263374188a5 - - 10135560175449639de1ac7a4564d476 10135560175449639de1ac7a4564d476] 199.204.45.35 "GET /v2.0/networks/529fd97c-abb3-4481-a014-f3151913495c?fields=segments HTTP/1.1" status: 200 len: 212 time: 0.0794771
2026-05-29 12:37:10.277 10 INFO neutron.wsgi [None req-e800f429-c54c-4267-9628-8e78777ca8f6 b14b989d7d7345368a5a105d9374ae5c b5b3a61606ba443ebbdcad2cff8e3bcc - - default default] 10.0.0.132 "DELETE /v2.0/floatingips/abc8c5bb-0726-4cd2-a7ee-c0f66ad5a810 HTTP/1.1" status: 204 len: 168 time: 0.7636735
2026-05-29 12:37:10.346 10 INFO neutron.wsgi [req-a9c15ca4-2b34-41ca-b70f-b48ceda1aa5c req-ebe92ae5-8ff7-490d-9dde-b744555a7264 fa748b7f717e4474a271517bf1d588d2 9a445fbe52a8484e8ac40263374188a5 - - 10135560175449639de1ac7a4564d476 10135560175449639de1ac7a4564d476] 199.204.45.35 "GET /v2.0/networks/529fd97c-abb3-4481-a014-f3151913495c?fields=provider%3Aphysical_network&fields=provider%3Anetwork_type HTTP/1.1" status: 200 len: 277 time: 0.0677922 /var/lib/openstack/lib/python3.10/site-packages/pycadf/identifier.py:71: UserWarning: Invalid uuid: neutron. To ensure interoperability, identifiers should be a valid uuid. warnings.warn(('Invalid uuid: %s. To ensure interoperability, '
2026-05-29 12:37:10.428 9 INFO neutron.wsgi [req-e9171229-53ce-45e0-ad9a-7d16e6b343c4 req-35f484f4-2bef-4759-932e-72cfa41e08cd 45b4593bec174c7288ca54a0773fd2b2 23680f1974b5487eb43aae0134346062 - - default default] 10.0.0.35 "GET /v2.0/ports?device_id=6aac5292-7e85-48d0-9de8-5c02a0f86ba4 HTTP/1.1" status: 200 len: 210 time: 0.0249653
2026-05-29 12:37:11.049 9 INFO neutron.wsgi [req-fce5b22e-79fb-4adf-b5aa-94ec521c58fb req-3bdd0e09-0f04-4787-b9ef-0677986df765 24cf63bec0a2490ca30edd1316c82549 d47a65a64e3340fa802e9dc311db209e - - default default] 10.0.0.35 "GET /v2.0/ports?device_id=8a2ef64f-5eb7-485d-86c0-047456735c70 HTTP/1.1" status: 200 len: 1174 time: 0.0857084
2026-05-29 12:37:11.100 9 INFO neutron.wsgi [req-fce5b22e-79fb-4adf-b5aa-94ec521c58fb req-cfb01530-1529-47a5-8dfe-568b55c6f17a 24cf63bec0a2490ca30edd1316c82549 d47a65a64e3340fa802e9dc311db209e - - default default] 10.0.0.35 "GET /v2.0/security-groups?id=a2cb6dbc-00f6-4460-baa9-98c2c3767dcc&fields=id&fields=name HTTP/1.1" status: 200 len: 313 time: 0.0430329
2026-05-29 12:37:11.653 10 INFO neutron.wsgi [None req-8e414038-d79d-4aac-ab09-acf2ef516c30 6536e182cca748a0b6092dad330042d3 7aeb5f936e9a4de5952c28a6ae9592fa - - default default] 10.0.0.132 "PUT /v2.0/routers/009bb089-999a-4c46-9e0e-84a7d458db9d/remove_router_interface HTTP/1.1" status: 200 len: 503 time: 1.2681715 /var/lib/openstack/lib/python3.10/site-packages/pycadf/identifier.py:71: UserWarning: Invalid uuid: neutron. To ensure interoperability, identifiers should be a valid uuid. warnings.warn(('Invalid uuid: %s. To ensure interoperability, '
2026-05-29 12:37:11.678 9 INFO neutron.notifiers.nova [-] Nova event matching ['req-ed1a4930-d207-461d-98ae-c90842ed6e34'] response: {'server_uuid': '6aac5292-7e85-48d0-9de8-5c02a0f86ba4', 'name': 'network-vif-plugged', 'status': 'completed', 'tag': '8fd4eb0b-6f61-4da7-9ac8-0e37ce8ece50', 'code': 200}
2026-05-29 12:37:11.679 9 INFO neutron.notifiers.nova [-] Nova event matching ['req-ed1a4930-d207-461d-98ae-c90842ed6e34'] response: {'server_uuid': '8a2ef64f-5eb7-485d-86c0-047456735c70', 'name': 'network-vif-plugged', 'status': 'completed', 'tag': '05583e74-a716-44a3-a04c-f1f2f0a6b7a8', 'code': 200}
2026-05-29 12:37:11.679 9 INFO neutron.notifiers.nova [-] Nova event matching ['req-ed1a4930-d207-461d-98ae-c90842ed6e34'] response: {'server_uuid': '6aac5292-7e85-48d0-9de8-5c02a0f86ba4', 'name': 'network-vif-deleted', 'tag': '8fd4eb0b-6f61-4da7-9ac8-0e37ce8ece50', 'status': 'completed', 'code': 200}
2026-05-29 12:37:11.679 9 INFO neutron.notifiers.nova [-] Nova event matching ['req-ed1a4930-d207-461d-98ae-c90842ed6e34'] response: {'server_uuid': '8a2ef64f-5eb7-485d-86c0-047456735c70', 'name': 'network-vif-plugged', 'status': 'completed', 'tag': '05583e74-a716-44a3-a04c-f1f2f0a6b7a8', 'code': 200}
2026-05-29 12:37:12.253 9 INFO neutron.wsgi [req-0f8082c7-a9a4-4485-9d51-b8422eb4ff9c req-c794df38-a5cc-44d0-883f-03f8f3f84a74 24cf63bec0a2490ca30edd1316c82549 d47a65a64e3340fa802e9dc311db209e - - default default] 10.0.0.35 "GET /v2.0/ports?device_id=8a2ef64f-5eb7-485d-86c0-047456735c70 HTTP/1.1" status: 200 len: 1174 time: 0.0740900
2026-05-29 12:37:12.331 9 INFO neutron.wsgi [req-0f8082c7-a9a4-4485-9d51-b8422eb4ff9c req-b6d43ea6-3989-4c19-a15e-1e3b0202cc1f 24cf63bec0a2490ca30edd1316c82549 d47a65a64e3340fa802e9dc311db209e - - default default] 10.0.0.35 "GET /v2.0/security-groups?id=a2cb6dbc-00f6-4460-baa9-98c2c3767dcc&fields=id&fields=name HTTP/1.1" status: 200 len: 313 time: 0.0601456
2026-05-29 12:37:12.471 9 INFO neutron.wsgi [req-538ec0d5-10b4-4e50-b2fa-cd715c905356 req-eab6c892-8609-4035-a90a-963bbd1d89c2 24cf63bec0a2490ca30edd1316c82549 d47a65a64e3340fa802e9dc311db209e - - default default] 10.0.0.35 "GET /v2.0/ports?device_id=8a2ef64f-5eb7-485d-86c0-047456735c70 HTTP/1.1" status: 200 len: 1174 time: 0.0678427
2026-05-29 12:37:12.579 10 INFO neutron.wsgi [None req-57fc45b6-1bd0-4bc2-a9ef-c944056485aa 6536e182cca748a0b6092dad330042d3 7aeb5f936e9a4de5952c28a6ae9592fa - - default default] 10.0.0.132 "DELETE /v2.0/routers/009bb089-999a-4c46-9e0e-84a7d458db9d HTTP/1.1" status: 204 len: 168 time: 0.9171653
2026-05-29 12:37:12.776 10 INFO neutron.wsgi [None req-fce48f20-cc53-4725-972f-0f215f4b17ef 6536e182cca748a0b6092dad330042d3 7aeb5f936e9a4de5952c28a6ae9592fa - - default default] 10.0.0.132 "DELETE /v2.0/subnets/76aa2dbd-e97e-4e0e-be15-e5f7c571a75e HTTP/1.1" status: 204 len: 168 time: 0.1906333
2026-05-29 12:37:13.090 9 INFO neutron.db.l3_db [None req-bd7b10cd-6b85-49da-a57e-b5b9b3617a92 24cf63bec0a2490ca30edd1316c82549 d47a65a64e3340fa802e9dc311db209e - - default default] Floating IP a63061e5-c950-407f-82b5-67d84870140f associated. External IP: 10.96.250.210, port: 05583e74-a716-44a3-a04c-f1f2f0a6b7a8.
2026-05-29 12:37:13.111 10 INFO neutron.services.segments.plugin [-] Segment 4f15b924-828d-4425-b375-bd518f35951d resource provider aggregate not found
2026-05-29 12:37:13.116 10 INFO neutron.services.segments.plugin [-] Segment 4f15b924-828d-4425-b375-bd518f35951d resource provider aggregate not found
2026-05-29 12:37:13.142 10 INFO neutron.services.segments.plugin [-] Segment 4f15b924-828d-4425-b375-bd518f35951d resource provider not found; error: Placement Client Error (4xx): {"errors": [{"status": 404, "title": "Not Found", "detail": "The resource could not be found.\n\n No resource provider with uuid 4f15b924-828d-4425-b375-bd518f35951d found for delete ", "request_id": "req-ea49be45-5a92-498c-ae09-d6c0b2221fa8"}]}
2026-05-29 12:37:13.146 10 INFO neutron.services.segments.plugin [-] Segment 4f15b924-828d-4425-b375-bd518f35951d resource provider not found; error: Placement Client Error (4xx): {"errors": [{"status": 404, "title": "Not Found", "detail": "The resource could not be found.\n\n No resource provider with uuid 4f15b924-828d-4425-b375-bd518f35951d found for delete ", "request_id": "req-f4434d64-53c2-4a65-9836-e5f76225d61f"}]}
2026-05-29 12:37:13.161 10 INFO neutron.wsgi [None req-27c98bf2-adcc-4d89-812e-428ac34b6278 6536e182cca748a0b6092dad330042d3 7aeb5f936e9a4de5952c28a6ae9592fa - - default default] 10.0.0.132 "DELETE /v2.0/networks/62b6984f-f0a3-40f7-a158-903ce3060d3f HTTP/1.1" status: 204 len: 168 time: 0.3811996
2026-05-29 12:37:13.420 10 INFO neutron.wsgi [None req-5bc93a13-5440-4761-ad6e-ef5582392792 6536e182cca748a0b6092dad330042d3 7aeb5f936e9a4de5952c28a6ae9592fa - - default default] 10.0.0.132 "GET /v2.0/security-groups?tenant_id=b5b3a61606ba443ebbdcad2cff8e3bcc&name=default HTTP/1.1" status: 200 len: 2992 time: 0.0380478
2026-05-29 12:37:13.450 9 INFO neutron.wsgi [None req-e77f783a-b02d-4025-8137-39329ce0afb0 6536e182cca748a0b6092dad330042d3 7aeb5f936e9a4de5952c28a6ae9592fa - - default default] 10.0.0.132 "PUT /v2.0/routers/87e80253-d8fb-4dab-9e02-0685379daf22/remove_router_interface HTTP/1.1" status: 200 len: 503 time: 1.9602332
2026-05-29 12:37:13.502 9 INFO neutron.db.ovn_revision_numbers_db [None req-bd7b10cd-6b85-49da-a57e-b5b9b3617a92 24cf63bec0a2490ca30edd1316c82549 d47a65a64e3340fa802e9dc311db209e - - default default] Successfully bumped revision number for resource a63061e5-c950-407f-82b5-67d84870140f (type: floatingips) to 1
2026-05-29 12:37:13.638 9 INFO neutron.db.ovn_revision_numbers_db [None req-bd7b10cd-6b85-49da-a57e-b5b9b3617a92 24cf63bec0a2490ca30edd1316c82549 d47a65a64e3340fa802e9dc311db209e - - default default] Successfully bumped revision number for resource a63061e5-c950-407f-82b5-67d84870140f (type: floatingips) to 2
2026-05-29 12:37:13.672 9 INFO neutron.wsgi [None req-bd7b10cd-6b85-49da-a57e-b5b9b3617a92 24cf63bec0a2490ca30edd1316c82549 d47a65a64e3340fa802e9dc311db209e - - default default] 10.0.0.132 "PUT /v2.0/floatingips/a63061e5-c950-407f-82b5-67d84870140f HTTP/1.1" status: 200 len: 1050 time: 1.1851599
2026-05-29 12:37:13.731 9 INFO neutron.notifiers.nova [-] Nova event matching ['req-dc9a6e3b-e5e3-4c20-b7c0-95fb35b0a3fd'] response: {'name': 'network-changed', 'server_uuid': '8a2ef64f-5eb7-485d-86c0-047456735c70', 'tag': '05583e74-a716-44a3-a04c-f1f2f0a6b7a8', 'status': 'completed', 'code': 200} /var/lib/openstack/lib/python3.10/site-packages/pycadf/identifier.py:71: UserWarning: Invalid uuid: neutron. To ensure interoperability, identifiers should be a valid uuid. warnings.warn(('Invalid uuid: %s. To ensure interoperability, '
2026-05-29 12:37:13.772 9 INFO neutron.wsgi [req-4adc6190-baa9-40c5-ba2b-8335215cd531 req-bc41516f-d7c4-4937-8a1b-b0d6ff3e6858 24cf63bec0a2490ca30edd1316c82549 d47a65a64e3340fa802e9dc311db209e - - default default] 10.0.0.35 "GET /v2.0/ports?device_id=8a2ef64f-5eb7-485d-86c0-047456735c70 HTTP/1.1" status: 200 len: 1174 time: 0.0460379
2026-05-29 12:37:13.802 10 INFO neutron.wsgi [None req-57e51029-15b8-4679-9fe6-306d7d4c4df7 6536e182cca748a0b6092dad330042d3 7aeb5f936e9a4de5952c28a6ae9592fa - - default default] 10.0.0.132 "DELETE /v2.0/security-groups/b1aa0efb-e4da-4e0a-9e78-bd8e9dcb4e91 HTTP/1.1" status: 204 len: 168 time: 0.3752162
2026-05-29 12:37:13.808 10 INFO neutron.wsgi [req-2d9959ad-278b-4dbf-b9a7-3bff576cef05 req-bf64bb2e-0ca8-415d-ad29-049a244bae63 fa748b7f717e4474a271517bf1d588d2 9a445fbe52a8484e8ac40263374188a5 - - 10135560175449639de1ac7a4564d476 10135560175449639de1ac7a4564d476] 199.204.45.35 "GET /v2.0/ports?tenant_id=d47a65a64e3340fa802e9dc311db209e&device_id=8a2ef64f-5eb7-485d-86c0-047456735c70 HTTP/1.1" status: 200 len: 1413 time: 0.0595894
2026-05-29 12:37:13.820 9 INFO neutron.wsgi [req-4adc6190-baa9-40c5-ba2b-8335215cd531 req-39141a53-b9be-4783-973e-a7e547f2fdec 24cf63bec0a2490ca30edd1316c82549 d47a65a64e3340fa802e9dc311db209e - - default default] 10.0.0.35 "GET /v2.0/security-groups?id=a2cb6dbc-00f6-4460-baa9-98c2c3767dcc&fields=id&fields=name HTTP/1.1" status: 200 len: 313 time: 0.0408297
2026-05-29 12:37:14.125 10 INFO neutron.wsgi [req-2d9959ad-278b-4dbf-b9a7-3bff576cef05 req-2d12bf0a-479f-461c-b06a-4d69e3f5d3b0 fa748b7f717e4474a271517bf1d588d2 9a445fbe52a8484e8ac40263374188a5 - - 10135560175449639de1ac7a4564d476 10135560175449639de1ac7a4564d476] 199.204.45.35 "GET /v2.0/networks?id=529fd97c-abb3-4481-a014-f3151913495c HTTP/1.1" status: 200 len: 972 time: 0.2972572
2026-05-29 12:37:14.197 9 INFO neutron.plugins.ml2.drivers.ovn.mech_driver.mech_driver [None req-712c2656-3222-4b2a-9f45-9bc110d09902 - - - - - -] OVN reports status down for port: 05583e74-a716-44a3-a04c-f1f2f0a6b7a8
2026-05-29 12:37:14.213 10 INFO neutron.wsgi [req-2d9959ad-278b-4dbf-b9a7-3bff576cef05 req-c6848649-ad6e-4823-acd7-864ee7f4c5c8 fa748b7f717e4474a271517bf1d588d2 9a445fbe52a8484e8ac40263374188a5 - - 10135560175449639de1ac7a4564d476 10135560175449639de1ac7a4564d476] 199.204.45.35 "GET /v2.0/floatingips?fixed_ip_address=10.100.0.14&port_id=05583e74-a716-44a3-a04c-f1f2f0a6b7a8 HTTP/1.1" status: 200 len: 1060 time: 0.0824106
2026-05-29 12:37:14.236 9 INFO neutron.wsgi [req-53827ab4-b79f-4285-af8e-9d75d0a0cf3a req-6b8a09c1-dc6c-4c81-b559-f99ae6a372dd 24cf63bec0a2490ca30edd1316c82549 d47a65a64e3340fa802e9dc311db209e - - default default] 10.0.0.35 "GET /v2.0/ports?device_id=8a2ef64f-5eb7-485d-86c0-047456735c70 HTTP/1.1" status: 200 len: 1174 time: 0.0559938
2026-05-29 12:37:14.268 10 INFO neutron.wsgi [req-2d9959ad-278b-4dbf-b9a7-3bff576cef05 req-bc9c3ba4-f21f-4f65-a424-c0822152a2d5 fa748b7f717e4474a271517bf1d588d2 9a445fbe52a8484e8ac40263374188a5 - - 10135560175449639de1ac7a4564d476 10135560175449639de1ac7a4564d476] 199.204.45.35 "GET /v2.0/subnets?id=3e6b89b7-e50d-482c-aca7-ea33c2979475 HTTP/1.1" status: 200 len: 868 time: 0.0451965
2026-05-29 12:37:14.300 9 INFO neutron.wsgi [req-53827ab4-b79f-4285-af8e-9d75d0a0cf3a req-755fb0d7-4140-406f-a3b4-22206ed82ad2 24cf63bec0a2490ca30edd1316c82549 d47a65a64e3340fa802e9dc311db209e - - default default] 10.0.0.35 "GET /v2.0/security-groups?id=a2cb6dbc-00f6-4460-baa9-98c2c3767dcc&fields=id&fields=name HTTP/1.1" status: 200 len: 313 time: 0.0545309
2026-05-29 12:37:14.327 10 INFO neutron.wsgi [req-2d9959ad-278b-4dbf-b9a7-3bff576cef05 req-eeda4e5e-3148-4e4a-89f7-e49cd8faf57f fa748b7f717e4474a271517bf1d588d2 9a445fbe52a8484e8ac40263374188a5 - - 10135560175449639de1ac7a4564d476 10135560175449639de1ac7a4564d476] 199.204.45.35 "GET /v2.0/ports?network_id=529fd97c-abb3-4481-a014-f3151913495c&device_owner=network%3Adhcp HTTP/1.1" status: 200 len: 210 time: 0.0481801
2026-05-29 12:37:14.407 10 INFO neutron.wsgi [req-2d9959ad-278b-4dbf-b9a7-3bff576cef05 req-cf274d11-8d04-456b-9009-2b6070cbec67 fa748b7f717e4474a271517bf1d588d2 9a445fbe52a8484e8ac40263374188a5 - - 10135560175449639de1ac7a4564d476 10135560175449639de1ac7a4564d476] 199.204.45.35 "GET /v2.0/networks/529fd97c-abb3-4481-a014-f3151913495c?fields=segments HTTP/1.1" status: 200 len: 212 time: 0.0744896
2026-05-29 12:37:14.487 10 INFO neutron.wsgi [req-2d9959ad-278b-4dbf-b9a7-3bff576cef05 req-21a04040-5b03-4d91-a036-044027ccb87e fa748b7f717e4474a271517bf1d588d2 9a445fbe52a8484e8ac40263374188a5 - - 10135560175449639de1ac7a4564d476 10135560175449639de1ac7a4564d476] 199.204.45.35 "GET /v2.0/networks/529fd97c-abb3-4481-a014-f3151913495c?fields=provider%3Aphysical_network&fields=provider%3Anetwork_type HTTP/1.1" status: 200 len: 277 time: 0.0745983
2026-05-29 12:37:14.510 9 INFO neutron.wsgi [req-35ead36d-7b54-4eb4-9646-f65f490e3c70 req-04505f6f-647a-4912-aa66-35e9679015da 24cf63bec0a2490ca30edd1316c82549 d47a65a64e3340fa802e9dc311db209e - - default default] 199.204.45.35 "GET /v2.0/ports?device_id=8a2ef64f-5eb7-485d-86c0-047456735c70 HTTP/1.1" status: 200 len: 1172 time: 0.0388803
2026-05-29 12:37:14.565 9 INFO neutron.db.ovn_revision_numbers_db [None req-712c2656-3222-4b2a-9f45-9bc110d09902 - - - - - -] Successfully bumped revision number for resource 05583e74-a716-44a3-a04c-f1f2f0a6b7a8 (type: ports) to 5
2026-05-29 12:37:14.854 10 INFO neutron.wsgi [None req-2f13fd98-8814-4e56-b65d-6daa263157eb 6536e182cca748a0b6092dad330042d3 7aeb5f936e9a4de5952c28a6ae9592fa - - default default] 10.0.0.132 "DELETE /v2.0/routers/87e80253-d8fb-4dab-9e02-0685379daf22 HTTP/1.1" status: 204 len: 168 time: 1.3992851
2026-05-29 12:37:14.869 9 INFO neutron.db.l3_db [req-35ead36d-7b54-4eb4-9646-f65f490e3c70 req-82018cc6-696e-45ab-aedc-516a6d247064 24cf63bec0a2490ca30edd1316c82549 d47a65a64e3340fa802e9dc311db209e - - default default] Floating IP a63061e5-c950-407f-82b5-67d84870140f disassociated. External IP: 10.96.250.210, port: 05583e74-a716-44a3-a04c-f1f2f0a6b7a8.
2026-05-29 12:37:15.067 10 INFO neutron.wsgi [None req-adecbf87-ebfb-4560-8f03-e748ff169435 6536e182cca748a0b6092dad330042d3 7aeb5f936e9a4de5952c28a6ae9592fa - - default default] 10.0.0.132 "DELETE /v2.0/subnets/e407e93e-3600-439a-8726-41cc90d21137 HTTP/1.1" status: 204 len: 168 time: 0.2042246
2026-05-29 12:37:15.121 9 INFO neutron.wsgi [req-35ead36d-7b54-4eb4-9646-f65f490e3c70 req-82018cc6-696e-45ab-aedc-516a6d247064 24cf63bec0a2490ca30edd1316c82549 d47a65a64e3340fa802e9dc311db209e - - default default] 199.204.45.35 "DELETE /v2.0/ports/05583e74-a716-44a3-a04c-f1f2f0a6b7a8 HTTP/1.1" status: 204 len: 173 time: 0.6045206 /var/lib/openstack/lib/python3.10/site-packages/pycadf/identifier.py:71: UserWarning: Invalid uuid: neutron. To ensure interoperability, identifiers should be a valid uuid. warnings.warn(('Invalid uuid: %s. To ensure interoperability, '
2026-05-29 12:37:15.399 10 INFO neutron.services.segments.plugin [-] Segment bd237c9e-a5c4-439f-b33f-73aacaa9bb7e resource provider aggregate not found
2026-05-29 12:37:15.411 10 INFO neutron.services.segments.plugin [-] Segment bd237c9e-a5c4-439f-b33f-73aacaa9bb7e resource provider aggregate not found
2026-05-29 12:37:15.420 9 INFO neutron.wsgi [req-5f89dfda-73b1-4fc8-9340-2db8565edbbb req-ae616f4e-d4e6-4b40-bb8a-096ea7b6bca6 24cf63bec0a2490ca30edd1316c82549 d47a65a64e3340fa802e9dc311db209e - - default default] 10.0.0.35 "GET /v2.0/ports?device_id=8a2ef64f-5eb7-485d-86c0-047456735c70 HTTP/1.1" status: 200 len: 210 time: 0.0261722
2026-05-29 12:37:15.432 10 INFO neutron.services.segments.plugin [-] Segment bd237c9e-a5c4-439f-b33f-73aacaa9bb7e resource provider not found; error: Placement Client Error (4xx): {"errors": [{"status": 404, "title": "Not Found", "detail": "The resource could not be found.\n\n No resource provider with uuid bd237c9e-a5c4-439f-b33f-73aacaa9bb7e found for delete ", "request_id": "req-b452a204-0c22-484a-b3c3-41bc001b422e"}]}
2026-05-29 12:37:15.446 10 INFO neutron.services.segments.plugin [-] Segment bd237c9e-a5c4-439f-b33f-73aacaa9bb7e resource provider not found; error: Placement Client Error (4xx): {"errors": [{"status": 404, "title": "Not Found", "detail": "The resource could not be found.\n\n No resource provider with uuid bd237c9e-a5c4-439f-b33f-73aacaa9bb7e found for delete ", "request_id": "req-0448a5de-2585-4aa7-9c3e-2b2d1ee8625a"}]}
2026-05-29 12:37:15.457 10 INFO neutron.wsgi [None req-0bddb17f-b7d5-43b9-b999-07cfefc70cf5 6536e182cca748a0b6092dad330042d3 7aeb5f936e9a4de5952c28a6ae9592fa - - default default] 10.0.0.132 "DELETE /v2.0/networks/e598f8f9-8548-4f71-96c5-3a2da2ddb1db HTTP/1.1" status: 204 len: 168 time: 0.3844306
2026-05-29 12:37:15.645 9 INFO neutron.wsgi [None req-e82638ed-b8df-4c79-85b6-25b2fea9ad19 6536e182cca748a0b6092dad330042d3 7aeb5f936e9a4de5952c28a6ae9592fa - - default default] 10.0.0.132 "GET /v2.0/security-groups?tenant_id=23680f1974b5487eb43aae0134346062&name=default HTTP/1.1" status: 200 len: 2996 time: 0.0402675
2026-05-29 12:37:15.809 9 INFO neutron.notifiers.nova [-] Nova event matching ['req-92ea6adb-b8f1-4b6c-afb9-3042b63a7a16'] response: {'server_uuid': '8a2ef64f-5eb7-485d-86c0-047456735c70', 'name': 'network-vif-unplugged', 'status': 'completed', 'tag': '05583e74-a716-44a3-a04c-f1f2f0a6b7a8', 'code': 200}
2026-05-29 12:37:15.809 9 INFO neutron.notifiers.nova [-] Nova event matching ['req-92ea6adb-b8f1-4b6c-afb9-3042b63a7a16'] response: {'server_uuid': '8a2ef64f-5eb7-485d-86c0-047456735c70', 'name': 'network-vif-plugged', 'status': 'completed', 'tag': '05583e74-a716-44a3-a04c-f1f2f0a6b7a8', 'code': 200}
2026-05-29 12:37:15.810 9 INFO neutron.notifiers.nova [-] Nova event matching ['req-92ea6adb-b8f1-4b6c-afb9-3042b63a7a16'] response: {'server_uuid': '8a2ef64f-5eb7-485d-86c0-047456735c70', 'name': 'network-vif-deleted', 'tag': '05583e74-a716-44a3-a04c-f1f2f0a6b7a8', 'status': 'completed', 'code': 200}
2026-05-29 12:37:15.911 9 INFO neutron.wsgi [None req-ad0065eb-da6e-4e05-bf2f-5902bf0a85a3 6536e182cca748a0b6092dad330042d3 7aeb5f936e9a4de5952c28a6ae9592fa - - default default] 10.0.0.132 "DELETE /v2.0/security-groups/305de9ea-8a0e-4d7b-b25b-f2cef88d8396 HTTP/1.1" status: 204 len: 168 time: 0.2607327
2026-05-29 12:37:16.052 10 INFO neutron.db.ovn_revision_numbers_db [None req-3849d80f-9851-494c-a04d-66a8e035df87 6536e182cca748a0b6092dad330042d3 7aeb5f936e9a4de5952c28a6ae9592fa - - default default] Successfully bumped revision number for resource 521da1a9-727b-485e-97b8-49e8282be3ef (type: security_groups) to 1
2026-05-29 12:37:16.069 10 INFO neutron.db.ovn_revision_numbers_db [None req-3849d80f-9851-494c-a04d-66a8e035df87 6536e182cca748a0b6092dad330042d3 7aeb5f936e9a4de5952c28a6ae9592fa - - default default] Successfully bumped revision number for resource 69adbdd3-8751-484a-a8ee-ba4c0762c902 (type: security_group_rules) to 0
2026-05-29 12:37:16.083 10 INFO neutron.db.ovn_revision_numbers_db [None req-3849d80f-9851-494c-a04d-66a8e035df87 6536e182cca748a0b6092dad330042d3 7aeb5f936e9a4de5952c28a6ae9592fa - - default default] Successfully bumped revision number for resource d6dbb022-18ff-4910-b0b1-57edeb6b1b5a (type: security_group_rules) to 0
2026-05-29 12:37:16.098 10 INFO neutron.db.ovn_revision_numbers_db [None req-3849d80f-9851-494c-a04d-66a8e035df87 6536e182cca748a0b6092dad330042d3 7aeb5f936e9a4de5952c28a6ae9592fa - - default default] Successfully bumped revision number for resource ecfe2843-bfbd-4705-ae95-609eaed67a8e (type: security_group_rules) to 0
2026-05-29 12:37:16.110 10 INFO neutron.db.ovn_revision_numbers_db [None req-3849d80f-9851-494c-a04d-66a8e035df87 6536e182cca748a0b6092dad330042d3 7aeb5f936e9a4de5952c28a6ae9592fa - - default default] Successfully bumped revision number for resource f88dff1f-2b53-40ab-83e1-f66a64734ef7 (type: security_group_rules) to 0
2026-05-29 12:37:16.158 10 INFO neutron.db.segments_db [None req-3849d80f-9851-494c-a04d-66a8e035df87 6536e182cca748a0b6092dad330042d3 7aeb5f936e9a4de5952c28a6ae9592fa - - default default] Added segment 95092774-268b-49fe-b6b2-d3c62cc9c477 of type geneve for network 7222a3d0-12a8-4a5c-9efe-e6b1e422e18c
2026-05-29 12:37:16.307 10 INFO neutron.db.ovn_revision_numbers_db [None req-3849d80f-9851-494c-a04d-66a8e035df87 6536e182cca748a0b6092dad330042d3 7aeb5f936e9a4de5952c28a6ae9592fa - - default default] Successfully bumped revision number for resource 7222a3d0-12a8-4a5c-9efe-e6b1e422e18c (type: networks) to 1
2026-05-29 12:37:16.346 9 INFO neutron.wsgi [-] 10.0.0.202 "GET / HTTP/1.1" status: 200 len: 246 time: 0.0020454
2026-05-29 12:37:16.349 10 INFO neutron.wsgi [-] 10.0.0.202 "GET / HTTP/1.1" status: 200 len: 246 time: 0.0016596
2026-05-29 12:37:16.492 10 WARNING neutron.scheduler.dhcp_agent_scheduler [None req-3849d80f-9851-494c-a04d-66a8e035df87 6536e182cca748a0b6092dad330042d3 7aeb5f936e9a4de5952c28a6ae9592fa - - default default] No more DHCP agents
2026-05-29 12:37:16.494 10 WARNING neutron.api.rpc.agentnotifiers.dhcp_rpc_agent_api [None req-3849d80f-9851-494c-a04d-66a8e035df87 6536e182cca748a0b6092dad330042d3 7aeb5f936e9a4de5952c28a6ae9592fa - - default default] Unable to schedule network 7222a3d0-12a8-4a5c-9efe-e6b1e422e18c: no agents available; will retry on subsequent port and subnet creation events.
2026-05-29 12:37:16.591 10 INFO neutron.db.ovn_revision_numbers_db [None req-3849d80f-9851-494c-a04d-66a8e035df87 6536e182cca748a0b6092dad330042d3 7aeb5f936e9a4de5952c28a6ae9592fa - - default default] Successfully bumped revision number for resource b0a79a9a-b8ba-41f6-9b38-55ecd8ab58bc (type: ports) to 1
2026-05-29 12:37:16.613 10 INFO neutron.wsgi [None req-3849d80f-9851-494c-a04d-66a8e035df87 6536e182cca748a0b6092dad330042d3 7aeb5f936e9a4de5952c28a6ae9592fa - - default default] 10.0.0.132 "POST /v2.0/networks HTTP/1.1" status: 201 len: 940 time: 0.8886147
2026-05-29 12:37:16.658 9 INFO neutron.wsgi [None req-d8b7d361-1a9d-4042-b9ce-6bfcd5818b69 24cf63bec0a2490ca30edd1316c82549 d47a65a64e3340fa802e9dc311db209e - - default default] 10.0.0.132 "DELETE /v2.0/security-groups/a2cb6dbc-00f6-4460-baa9-98c2c3767dcc HTTP/1.1" status: 204 len: 168 time: 0.1231263
2026-05-29 12:37:16.674 10 INFO neutron.api.v2.resource [None req-332bf55b-2ffe-4c0e-af1a-987f5d869a03 24cf63bec0a2490ca30edd1316c82549 d47a65a64e3340fa802e9dc311db209e - - default default] show failed (client error): The resource could not be found.
2026-05-29 12:37:16.676 10 INFO neutron.wsgi [None req-332bf55b-2ffe-4c0e-af1a-987f5d869a03 24cf63bec0a2490ca30edd1316c82549 d47a65a64e3340fa802e9dc311db209e - - default default] 10.0.0.132 "GET /v2.0/security-groups/a2cb6dbc-00f6-4460-baa9-98c2c3767dcc HTTP/1.1" status: 404 len: 347 time: 0.0118110
2026-05-29 12:37:16.755 9 WARNING neutron.scheduler.dhcp_agent_scheduler [None req-92e994bb-87ee-4b15-9bea-8765aacd2a94 6536e182cca748a0b6092dad330042d3 7aeb5f936e9a4de5952c28a6ae9592fa - - default default] No more DHCP agents
2026-05-29 12:37:16.758 9 WARNING neutron.api.rpc.agentnotifiers.dhcp_rpc_agent_api [None req-92e994bb-87ee-4b15-9bea-8765aacd2a94 6536e182cca748a0b6092dad330042d3 7aeb5f936e9a4de5952c28a6ae9592fa - - default default] Unable to schedule network 7222a3d0-12a8-4a5c-9efe-e6b1e422e18c: no agents available; will retry on subsequent port and subnet creation events.
2026-05-29 12:37:17.044 10 INFO neutron.wsgi [None req-4837a208-caa7-4780-ba26-560bc357af09 24cf63bec0a2490ca30edd1316c82549 d47a65a64e3340fa802e9dc311db209e - - default default] 10.0.0.132 "DELETE /v2.0/floatingips/a63061e5-c950-407f-82b5-67d84870140f HTTP/1.1" status: 204 len: 168 time: 0.3648362
2026-05-29 12:37:17.240 9 INFO neutron.db.ovn_revision_numbers_db [None req-92e994bb-87ee-4b15-9bea-8765aacd2a94 6536e182cca748a0b6092dad330042d3 7aeb5f936e9a4de5952c28a6ae9592fa - - default default] Successfully bumped revision number for resource b0a79a9a-b8ba-41f6-9b38-55ecd8ab58bc (type: ports) to 2
2026-05-29 12:37:17.279 9 INFO neutron.db.ovn_revision_numbers_db [None req-92e994bb-87ee-4b15-9bea-8765aacd2a94 6536e182cca748a0b6092dad330042d3 7aeb5f936e9a4de5952c28a6ae9592fa - - default default] Successfully bumped revision number for resource 4d566f53-4f7f-406a-b96e-08793cd0d01b (type: subnets) to 0
2026-05-29 12:37:17.296 9 INFO neutron.wsgi [None req-92e994bb-87ee-4b15-9bea-8765aacd2a94 6536e182cca748a0b6092dad330042d3 7aeb5f936e9a4de5952c28a6ae9592fa - - default default] 10.0.0.132 "POST /v2.0/subnets HTTP/1.1" status: 201 len: 860 time: 0.6785533
2026-05-29 12:37:17.737 10 INFO neutron.wsgi [req-498f0489-5442-4e72-b229-13af99e81c05 req-c0fcdf77-57ce-410f-9c96-6ba9238f7aa2 fa748b7f717e4474a271517bf1d588d2 9a445fbe52a8484e8ac40263374188a5 - - 10135560175449639de1ac7a4564d476 10135560175449639de1ac7a4564d476] 10.0.0.9 "GET /v2.0/ports?device_id=cb799207-411f-4444-8bcb-d9548fe0bd52 HTTP/1.1" status: 200 len: 1413 time: 0.0419745
2026-05-29 12:37:17.790 10 INFO neutron.wsgi [req-498f0489-5442-4e72-b229-13af99e81c05 req-738d865e-c873-4483-98c5-53cd0c0230d3 fa748b7f717e4474a271517bf1d588d2 9a445fbe52a8484e8ac40263374188a5 - - 10135560175449639de1ac7a4564d476 10135560175449639de1ac7a4564d476] 10.0.0.9 "GET /v2.0/security-groups?id=24b4cc7c-6e93-49f9-99d7-15e05652edd2&fields=id&fields=name HTTP/1.1" status: 200 len: 312 time: 0.0419252
2026-05-29 12:37:18.197 10 INFO neutron.wsgi [None req-6b86597b-e0bc-4c52-9513-b2081a11f9ec 6536e182cca748a0b6092dad330042d3 7aeb5f936e9a4de5952c28a6ae9592fa - - default default] 10.0.0.132 "PUT /v2.0/routers/22beaa23-5139-4433-ab58-645380ffb98e/remove_router_interface HTTP/1.1" status: 200 len: 503 time: 1.1464858 /var/lib/openstack/lib/python3.10/site-packages/pycadf/identifier.py:71: UserWarning: Invalid uuid: neutron. To ensure interoperability, identifiers should be a valid uuid. warnings.warn(('Invalid uuid: %s. To ensure interoperability, '
2026-05-29 12:37:18.221 9 INFO neutron.wsgi [req-703305b7-cee6-4664-a40e-aa504c9f0086 req-2bd8b369-e490-4f3c-9c88-9bc63b6f9005 fa748b7f717e4474a271517bf1d588d2 9a445fbe52a8484e8ac40263374188a5 - - 10135560175449639de1ac7a4564d476 10135560175449639de1ac7a4564d476] 199.204.45.35 "GET /v2.0/ports?device_id=cb799207-411f-4444-8bcb-d9548fe0bd52&fields=binding%3Ahost_id&fields=binding%3Avif_type HTTP/1.1" status: 200 len: 265 time: 0.0794020
2026-05-29 12:37:18.323 9 INFO neutron.wsgi [req-703305b7-cee6-4664-a40e-aa504c9f0086 req-e26fb9ea-f3e7-4055-85ac-e762534e082e fa748b7f717e4474a271517bf1d588d2 9a445fbe52a8484e8ac40263374188a5 - - 10135560175449639de1ac7a4564d476 10135560175449639de1ac7a4564d476] 199.204.45.35 "GET /v2.0/ports?tenant_id=3eaa06bcd7d44306a447157d396c9239&device_id=cb799207-411f-4444-8bcb-d9548fe0bd52 HTTP/1.1" status: 200 len: 1413 time: 0.0542512
2026-05-29 12:37:18.377 9 WARNING neutron.scheduler.dhcp_agent_scheduler [None req-d985d99a-0d84-4192-b8c4-0e129ab64cdb 6536e182cca748a0b6092dad330042d3 7aeb5f936e9a4de5952c28a6ae9592fa - - default default] No more DHCP agents
2026-05-29 12:37:18.380 9 WARNING neutron.api.rpc.agentnotifiers.dhcp_rpc_agent_api [None req-d985d99a-0d84-4192-b8c4-0e129ab64cdb 6536e182cca748a0b6092dad330042d3 7aeb5f936e9a4de5952c28a6ae9592fa - - default default] Unable to schedule network 37854a1d-de52-480b-9c0c-52f3b08020f6: no agents available; will retry on subsequent port and subnet creation events.
2026-05-29 12:37:18.436 9 INFO neutron.wsgi [req-703305b7-cee6-4664-a40e-aa504c9f0086 req-3170cd13-279d-46f4-b160-066cade65dd8 fa748b7f717e4474a271517bf1d588d2 9a445fbe52a8484e8ac40263374188a5 - - 10135560175449639de1ac7a4564d476 10135560175449639de1ac7a4564d476] 199.204.45.35 "GET /v2.0/networks?id=6039bb0f-ea3e-44bc-b554-512f87df19de HTTP/1.1" status: 200 len: 974 time: 0.0940359
2026-05-29 12:37:18.506 9 INFO neutron.wsgi [req-703305b7-cee6-4664-a40e-aa504c9f0086 req-4b33b99f-f32c-4632-bb15-f27e0b13b4bc fa748b7f717e4474a271517bf1d588d2 9a445fbe52a8484e8ac40263374188a5 - - 10135560175449639de1ac7a4564d476 10135560175449639de1ac7a4564d476] 199.204.45.35 "GET /v2.0/floatingips?fixed_ip_address=10.100.0.13&port_id=ae2dfa18-4eb6-4a20-83d9-284a26036920 HTTP/1.1" status: 200 len: 1060 time: 0.0625229
2026-05-29 12:37:18.557 9 INFO neutron.wsgi [req-703305b7-cee6-4664-a40e-aa504c9f0086 req-7b3ea001-d4b8-42ef-9960-5a2a7fdab581 fa748b7f717e4474a271517bf1d588d2 9a445fbe52a8484e8ac40263374188a5 - - 10135560175449639de1ac7a4564d476 10135560175449639de1ac7a4564d476] 199.204.45.35 "GET /v2.0/subnets?id=4a53624d-1cf8-4c83-8a07-f9e28febeacc HTTP/1.1" status: 200 len: 869 time: 0.0442562
2026-05-29 12:37:18.591 9 INFO neutron.wsgi [req-703305b7-cee6-4664-a40e-aa504c9f0086 req-94b6c4c9-1f9f-4b72-8bb6-94a620c4bc4c fa748b7f717e4474a271517bf1d588d2 9a445fbe52a8484e8ac40263374188a5 - - 10135560175449639de1ac7a4564d476 10135560175449639de1ac7a4564d476] 199.204.45.35 "GET /v2.0/ports?network_id=6039bb0f-ea3e-44bc-b554-512f87df19de&device_owner=network%3Adhcp HTTP/1.1" status: 200 len: 210 time: 0.0280337
2026-05-29 12:37:18.604 9 INFO neutron.db.ovn_revision_numbers_db [None req-d985d99a-0d84-4192-b8c4-0e129ab64cdb 6536e182cca748a0b6092dad330042d3 7aeb5f936e9a4de5952c28a6ae9592fa - - default default] Successfully bumped revision number for resource ef6f512d-421e-421c-9b66-268c6973f1a7 (type: ports) to 1
2026-05-29 12:37:18.688 9 INFO neutron.wsgi [req-703305b7-cee6-4664-a40e-aa504c9f0086 req-8db88f06-ffd8-4bdc-99ad-0c7febb9a4b2 fa748b7f717e4474a271517bf1d588d2 9a445fbe52a8484e8ac40263374188a5 - - 10135560175449639de1ac7a4564d476 10135560175449639de1ac7a4564d476] 199.204.45.35 "GET /v2.0/networks/6039bb0f-ea3e-44bc-b554-512f87df19de?fields=segments HTTP/1.1" status: 200 len: 212 time: 0.0906894
2026-05-29 12:37:18.777 9 INFO neutron.wsgi [req-703305b7-cee6-4664-a40e-aa504c9f0086 req-697040aa-5a04-4414-a1e0-9e46e7aba5d2 fa748b7f717e4474a271517bf1d588d2 9a445fbe52a8484e8ac40263374188a5 - - 10135560175449639de1ac7a4564d476 10135560175449639de1ac7a4564d476] 199.204.45.35 "GET /v2.0/networks/6039bb0f-ea3e-44bc-b554-512f87df19de?fields=provider%3Aphysical_network&fields=provider%3Anetwork_type HTTP/1.1" status: 200 len: 277 time: 0.0837111
2026-05-29 12:37:19.232 9 INFO neutron.plugins.ml2.drivers.ovn.mech_driver.mech_driver [None req-712c2656-3222-4b2a-9f45-9bc110d09902 - - - - - -] OVN reports status up for port: ef6f512d-421e-421c-9b66-268c6973f1a7
2026-05-29 12:37:19.258 9 INFO neutron.plugins.ml2.drivers.ovn.mech_driver.ovsdb.ovsdb_monitor [None req-2deb7ca2-b675-467f-80a9-ac64531b3266 - - - - - -] Router d1d9fedd-51d7-4480-8719-80c1acd37b98 is bound to host instance
2026-05-29 12:37:19.261 9 INFO neutron.plugins.ml2.plugin [None req-712c2656-3222-4b2a-9f45-9bc110d09902 - - - - - -] Attempt 1 to provision port ef6f512d-421e-421c-9b66-268c6973f1a7
2026-05-29 12:37:19.301 9 INFO neutron.db.ovn_revision_numbers_db [None req-d985d99a-0d84-4192-b8c4-0e129ab64cdb 6536e182cca748a0b6092dad330042d3 7aeb5f936e9a4de5952c28a6ae9592fa - - default default] Successfully bumped revision number for resource ef6f512d-421e-421c-9b66-268c6973f1a7 (type: router_ports) to 1
2026-05-29 12:37:19.420 9 INFO neutron.db.ovn_revision_numbers_db [None req-d985d99a-0d84-4192-b8c4-0e129ab64cdb 6536e182cca748a0b6092dad330042d3 7aeb5f936e9a4de5952c28a6ae9592fa - - default default] Successfully bumped revision number for resource d1d9fedd-51d7-4480-8719-80c1acd37b98 (type: routers) to 2
2026-05-29 12:37:19.438 9 INFO neutron.wsgi [None req-d985d99a-0d84-4192-b8c4-0e129ab64cdb 6536e182cca748a0b6092dad330042d3 7aeb5f936e9a4de5952c28a6ae9592fa - - default default] 10.0.0.132 "POST /v2.0/routers HTTP/1.1" status: 201 len: 871 time: 2.1357152
2026-05-29 12:37:19.506 10 INFO neutron.wsgi [None req-e4a88426-fc3c-4125-aa0f-a212ccf315d7 6536e182cca748a0b6092dad330042d3 7aeb5f936e9a4de5952c28a6ae9592fa - - default default] 10.0.0.132 "DELETE /v2.0/routers/22beaa23-5139-4433-ab58-645380ffb98e HTTP/1.1" status: 204 len: 168 time: 1.3028221
2026-05-29 12:37:20.119 9 INFO neutron.wsgi [None req-a5eba45d-92af-42b6-a8f7-7153f4ba6ece 6536e182cca748a0b6092dad330042d3 7aeb5f936e9a4de5952c28a6ae9592fa - - default default] 10.0.0.132 "DELETE /v2.0/subnets/3e6b89b7-e50d-482c-aca7-ea33c2979475 HTTP/1.1" status: 204 len: 168 time: 0.6033132
2026-05-29 12:37:20.295 9 INFO neutron.db.ovn_revision_numbers_db [None req-2deb7ca2-b675-467f-80a9-ac64531b3266 - - - - - -] Successfully bumped revision number for resource ef6f512d-421e-421c-9b66-268c6973f1a7 (type: ports) to 1
2026-05-29 12:37:20.336 9 WARNING neutron.scheduler.dhcp_agent_scheduler [None req-1e7fb97c-7305-46d5-a643-98046030397f 6536e182cca748a0b6092dad330042d3 7aeb5f936e9a4de5952c28a6ae9592fa - - default default] No more DHCP agents
2026-05-29 12:37:20.342 9 WARNING neutron.api.rpc.agentnotifiers.dhcp_rpc_agent_api [None req-1e7fb97c-7305-46d5-a643-98046030397f 6536e182cca748a0b6092dad330042d3 7aeb5f936e9a4de5952c28a6ae9592fa - - default default] Unable to schedule network 7222a3d0-12a8-4a5c-9efe-e6b1e422e18c: no agents available; will retry on subsequent port and subnet creation events.
2026-05-29 12:37:20.499 10 INFO neutron.services.segments.plugin [-] Segment 18e4cf3b-3f49-4270-be68-ace7c42bbf60 resource provider aggregate not found
2026-05-29 12:37:20.505 10 INFO neutron.services.segments.plugin [-] Segment 18e4cf3b-3f49-4270-be68-ace7c42bbf60 resource provider aggregate not found
2026-05-29 12:37:20.514 10 INFO neutron.services.segments.plugin [-] Segment 18e4cf3b-3f49-4270-be68-ace7c42bbf60 resource provider not found; error: Placement Client Error (4xx): {"errors": [{"status": 404, "title": "Not Found", "detail": "The resource could not be found.\n\n No resource provider with uuid 18e4cf3b-3f49-4270-be68-ace7c42bbf60 found for delete ", "request_id": "req-4ac94d00-70b0-44d5-b5b1-76465a447b93"}]}
2026-05-29 12:37:20.522 10 INFO neutron.services.segments.plugin [-] Segment 18e4cf3b-3f49-4270-be68-ace7c42bbf60 resource provider not found; error: Placement Client Error (4xx): {"errors": [{"status": 404, "title": "Not Found", "detail": "The resource could not be found.\n\n No resource provider with uuid 18e4cf3b-3f49-4270-be68-ace7c42bbf60 found for delete ", "request_id": "req-473f9cc3-080e-44cd-bb0e-57aa70e343c1"}]}
2026-05-29 12:37:20.542 10 INFO neutron.wsgi [None req-5835e62d-21db-42b0-90af-ba5e8a0435d7 6536e182cca748a0b6092dad330042d3 7aeb5f936e9a4de5952c28a6ae9592fa - - default default] 10.0.0.132 "DELETE /v2.0/networks/529fd97c-abb3-4481-a014-f3151913495c HTTP/1.1" status: 204 len: 168 time: 0.4164143
2026-05-29 12:37:20.686 9 INFO neutron.db.ovn_revision_numbers_db [None req-1e7fb97c-7305-46d5-a643-98046030397f 6536e182cca748a0b6092dad330042d3 7aeb5f936e9a4de5952c28a6ae9592fa - - default default] Successfully bumped revision number for resource fea77142-e8aa-42e8-ad24-ab62a58c272f (type: ports) to 1
2026-05-29 12:37:20.693 9 INFO neutron.db.ovn_revision_numbers_db [None req-2deb7ca2-b675-467f-80a9-ac64531b3266 - - - - - -] Successfully bumped revision number for resource ef6f512d-421e-421c-9b66-268c6973f1a7 (type: router_ports) to 3
2026-05-29 12:37:20.721 10 INFO neutron.wsgi [None req-5491288b-3400-4ae2-878a-a154cd4b31d8 6536e182cca748a0b6092dad330042d3 7aeb5f936e9a4de5952c28a6ae9592fa - - default default] 10.0.0.132 "GET /v2.0/security-groups?tenant_id=d47a65a64e3340fa802e9dc311db209e&name=default HTTP/1.1" status: 200 len: 2996 time: 0.0406282
2026-05-29 12:37:20.775 9 INFO neutron.db.ovn_revision_numbers_db [None req-b6a9bd29-7806-4580-a2ae-748048ae67bb 6536e182cca748a0b6092dad330042d3 7aeb5f936e9a4de5952c28a6ae9592fa - - default default] Successfully bumped revision number for resource 5a7a29a8-999a-4736-a6f6-a34e4612cf57 (type: security_groups) to 1
2026-05-29 12:37:20.812 9 INFO neutron.db.ovn_revision_numbers_db [None req-b6a9bd29-7806-4580-a2ae-748048ae67bb 6536e182cca748a0b6092dad330042d3 7aeb5f936e9a4de5952c28a6ae9592fa - - default default] Successfully bumped revision number for resource 016cea58-933f-449e-a6bd-c4ced3ddf90c (type: security_group_rules) to 0
2026-05-29 12:37:20.841 9 INFO neutron.db.ovn_revision_numbers_db [None req-b6a9bd29-7806-4580-a2ae-748048ae67bb 6536e182cca748a0b6092dad330042d3 7aeb5f936e9a4de5952c28a6ae9592fa - - default default] Successfully bumped revision number for resource 581e94a0-2579-45f9-8736-291ee6e0b2ed (type: security_group_rules) to 0
2026-05-29 12:37:20.883 9 INFO neutron.db.ovn_revision_numbers_db [None req-b6a9bd29-7806-4580-a2ae-748048ae67bb 6536e182cca748a0b6092dad330042d3 7aeb5f936e9a4de5952c28a6ae9592fa - - default default] Successfully bumped revision number for resource b2ae9631-509e-4963-8466-8cf2e98a9ec6 (type: security_group_rules) to 0
2026-05-29 12:37:20.919 9 INFO neutron.db.ovn_revision_numbers_db [None req-b6a9bd29-7806-4580-a2ae-748048ae67bb 6536e182cca748a0b6092dad330042d3 7aeb5f936e9a4de5952c28a6ae9592fa - - default default] Successfully bumped revision number for resource c8d13f2e-a19b-419b-864f-e7a0ee18514b (type: security_group_rules) to 0
2026-05-29 12:37:20.934 10 INFO neutron.wsgi [None req-3c2cd961-2c2d-466d-85bb-19431fcd8c51 6536e182cca748a0b6092dad330042d3 7aeb5f936e9a4de5952c28a6ae9592fa - - default default] 10.0.0.132 "DELETE /v2.0/security-groups/f161ecb1-c026-433a-b73e-7f38c012c35a HTTP/1.1" status: 204 len: 168 time: 0.2063301
2026-05-29 12:37:20.967 9 INFO neutron.wsgi [None req-b6a9bd29-7806-4580-a2ae-748048ae67bb 6536e182cca748a0b6092dad330042d3 7aeb5f936e9a4de5952c28a6ae9592fa - - default default] 10.0.0.132 "GET /v2.0/security-groups?tenant_id=8d9843a1b7414d37b97283681901f1aa&name=default HTTP/1.1" status: 200 len: 2996 time: 0.6457150
2026-05-29 12:37:20.993 9 INFO neutron.db.ovn_revision_numbers_db [None req-2deb7ca2-b675-467f-80a9-ac64531b3266 - - - - - -] Successfully bumped revision number for resource ef6f512d-421e-421c-9b66-268c6973f1a7 (type: ports) to 2
2026-05-29 12:37:21.217 10 INFO neutron.wsgi [None req-8d1df804-b5c0-4223-8beb-aa635a9360bc 6536e182cca748a0b6092dad330042d3 7aeb5f936e9a4de5952c28a6ae9592fa - - default default] 10.0.0.132 "DELETE /v2.0/security-groups/5a7a29a8-999a-4736-a6f6-a34e4612cf57 HTTP/1.1" status: 204 len: 168 time: 0.2449827
2026-05-29 12:37:21.288 9 INFO neutron.db.ovn_revision_numbers_db [None req-1e7fb97c-7305-46d5-a643-98046030397f 6536e182cca748a0b6092dad330042d3 7aeb5f936e9a4de5952c28a6ae9592fa - - default default] Successfully bumped revision number for resource fea77142-e8aa-42e8-ad24-ab62a58c272f (type: router_ports) to 1
2026-05-29 12:37:21.355 9 INFO neutron.db.ovn_revision_numbers_db [None req-2deb7ca2-b675-467f-80a9-ac64531b3266 - - - - - -] Successfully bumped revision number for resource ef6f512d-421e-421c-9b66-268c6973f1a7 (type: ports) to 4
2026-05-29 12:37:21.517 10 INFO neutron.db.ovn_revision_numbers_db [None req-71b95d9b-e8d5-49eb-a8ad-48ff2873529a 6536e182cca748a0b6092dad330042d3 7aeb5f936e9a4de5952c28a6ae9592fa - - default default] Successfully bumped revision number for resource c76b76c9-3894-43b9-a22b-533a744c4a9b (type: security_groups) to 1
2026-05-29 12:37:21.523 9 INFO neutron.db.ovn_revision_numbers_db [None req-1e7fb97c-7305-46d5-a643-98046030397f 6536e182cca748a0b6092dad330042d3 7aeb5f936e9a4de5952c28a6ae9592fa - - default default] Successfully bumped revision number for resource fea77142-e8aa-42e8-ad24-ab62a58c272f (type: ports) to 1
2026-05-29 12:37:21.554 10 INFO neutron.db.ovn_revision_numbers_db [None req-71b95d9b-e8d5-49eb-a8ad-48ff2873529a 6536e182cca748a0b6092dad330042d3 7aeb5f936e9a4de5952c28a6ae9592fa - - default default] Successfully bumped revision number for resource 381ecb30-7a44-4318-b59b-d781808f0e48 (type: security_group_rules) to 0
2026-05-29 12:37:21.572 10 INFO neutron.db.ovn_revision_numbers_db [None req-71b95d9b-e8d5-49eb-a8ad-48ff2873529a 6536e182cca748a0b6092dad330042d3 7aeb5f936e9a4de5952c28a6ae9592fa - - default default] Successfully bumped revision number for resource 4968f2e3-a3bd-4616-baf2-5c71ed6c87dd (type: security_group_rules) to 0
2026-05-29 12:37:21.585 9 INFO neutron.plugins.ml2.drivers.ovn.mech_driver.mech_driver [None req-712c2656-3222-4b2a-9f45-9bc110d09902 - - - - - -] OVN reports status up for port: fea77142-e8aa-42e8-ad24-ab62a58c272f
2026-05-29 12:37:21.591 10 INFO neutron.db.ovn_revision_numbers_db [None req-71b95d9b-e8d5-49eb-a8ad-48ff2873529a 6536e182cca748a0b6092dad330042d3 7aeb5f936e9a4de5952c28a6ae9592fa - - default default] Successfully bumped revision number for resource 9ef208db-0279-4a46-b0fa-b710fb83414d (type: security_group_rules) to 0
2026-05-29 12:37:21.604 9 INFO neutron.plugins.ml2.plugin [None req-712c2656-3222-4b2a-9f45-9bc110d09902 - - - - - -] Attempt 1 to provision port fea77142-e8aa-42e8-ad24-ab62a58c272f
2026-05-29 12:37:21.607 10 INFO neutron.db.ovn_revision_numbers_db [None req-71b95d9b-e8d5-49eb-a8ad-48ff2873529a 6536e182cca748a0b6092dad330042d3 7aeb5f936e9a4de5952c28a6ae9592fa - - default default] Successfully bumped revision number for resource b5b5ad3d-019f-480a-8b5a-6db8421da672 (type: security_group_rules) to 0
2026-05-29 12:37:21.630 9 INFO neutron.db.ovn_revision_numbers_db [None req-2deb7ca2-b675-467f-80a9-ac64531b3266 - - - - - -] Successfully bumped revision number for resource ef6f512d-421e-421c-9b66-268c6973f1a7 (type: router_ports) to 4
2026-05-29 12:37:21.634 10 INFO neutron.wsgi [None req-71b95d9b-e8d5-49eb-a8ad-48ff2873529a 6536e182cca748a0b6092dad330042d3 7aeb5f936e9a4de5952c28a6ae9592fa - - default default] 10.0.0.132 "GET /v2.0/security-groups?tenant_id=13514a581a73448dbc5d49d350231325&name=default HTTP/1.1" status: 200 len: 2996 time: 0.2330163
2026-05-29 12:37:21.639 9 WARNING neutron.scheduler.dhcp_agent_scheduler [None req-1e7fb97c-7305-46d5-a643-98046030397f 6536e182cca748a0b6092dad330042d3 7aeb5f936e9a4de5952c28a6ae9592fa - - default default] No more DHCP agents
2026-05-29 12:37:21.648 9 WARNING neutron.api.rpc.agentnotifiers.dhcp_rpc_agent_api [None req-1e7fb97c-7305-46d5-a643-98046030397f 6536e182cca748a0b6092dad330042d3 7aeb5f936e9a4de5952c28a6ae9592fa - - default default] Unable to schedule network 7222a3d0-12a8-4a5c-9efe-e6b1e422e18c: no agents available; will retry on subsequent port and subnet creation events.
2026-05-29 12:37:21.857 10 INFO neutron.wsgi [None req-3a1ef7e8-2c25-45ab-bfd6-6f015bc4cdb9 6536e182cca748a0b6092dad330042d3 7aeb5f936e9a4de5952c28a6ae9592fa - - default default] 10.0.0.132 "DELETE /v2.0/security-groups/c76b76c9-3894-43b9-a22b-533a744c4a9b HTTP/1.1" status: 204 len: 168 time: 0.2188308
2026-05-29 12:37:22.194 9 INFO neutron.db.ovn_revision_numbers_db [None req-712c2656-3222-4b2a-9f45-9bc110d09902 - - - - - -] Successfully bumped revision number for resource fea77142-e8aa-42e8-ad24-ab62a58c272f (type: ports) to 2
2026-05-29 12:37:22.320 9 INFO neutron.db.ovn_revision_numbers_db [None req-712c2656-3222-4b2a-9f45-9bc110d09902 - - - - - -] Successfully bumped revision number for resource fea77142-e8aa-42e8-ad24-ab62a58c272f (type: router_ports) to 2
2026-05-29 12:37:22.471 9 INFO neutron.wsgi [None req-1e7fb97c-7305-46d5-a643-98046030397f 6536e182cca748a0b6092dad330042d3 7aeb5f936e9a4de5952c28a6ae9592fa - - default default] 10.0.0.132 "PUT /v2.0/routers/d1d9fedd-51d7-4480-8719-80c1acd37b98/add_router_interface HTTP/1.1" status: 200 len: 503 time: 3.0240300
2026-05-29 12:37:22.630 9 INFO neutron.wsgi [req-2c8fb424-4306-4af0-a6f0-d9691feab88b req-a75d7140-d6ff-4cf3-9804-51cc95f677df e3ab6b6d4c97437b9c1329dd9e1dbb43 3eaa06bcd7d44306a447157d396c9239 - - default default] 10.0.0.35 "GET /v2.0/ports?device_id=cb799207-411f-4444-8bcb-d9548fe0bd52 HTTP/1.1" status: 200 len: 1174 time: 0.0884733
2026-05-29 12:37:22.676 9 INFO neutron.wsgi [req-2c8fb424-4306-4af0-a6f0-d9691feab88b req-aa97d9f0-2457-4119-9a44-84785cdc3298 e3ab6b6d4c97437b9c1329dd9e1dbb43 3eaa06bcd7d44306a447157d396c9239 - - default default] 10.0.0.35 "GET /v2.0/security-groups?id=24b4cc7c-6e93-49f9-99d7-15e05652edd2&fields=id&fields=name HTTP/1.1" status: 200 len: 312 time: 0.0370889
2026-05-29 12:37:22.891 9 INFO neutron.wsgi [req-96e3f545-fc16-4965-8906-f7611c2ed83b req-e41766d4-793c-494f-8934-7bdc5541e5d3 e3ab6b6d4c97437b9c1329dd9e1dbb43 3eaa06bcd7d44306a447157d396c9239 - - default default] 10.0.0.35 "GET /v2.0/ports?device_id=cb799207-411f-4444-8bcb-d9548fe0bd52 HTTP/1.1" status: 200 len: 1174 time: 0.0383911
2026-05-29 12:37:22.924 10 INFO neutron.plugins.ml2.drivers.ovn.mech_driver.mech_driver [None req-374daa48-2896-4fee-8cdc-9b0cc76000ad - - - - - -] OVN reports status down for port: ae2dfa18-4eb6-4a20-83d9-284a26036920
2026-05-29 12:37:22.963 9 INFO neutron.wsgi [req-96e3f545-fc16-4965-8906-f7611c2ed83b req-bf629f16-97fb-4350-9bbb-29eb45453b43 e3ab6b6d4c97437b9c1329dd9e1dbb43 3eaa06bcd7d44306a447157d396c9239 - - default default] 10.0.0.35 "GET /v2.0/security-groups?id=24b4cc7c-6e93-49f9-99d7-15e05652edd2&fields=id&fields=name HTTP/1.1" status: 200 len: 312 time: 0.0642316
2026-05-29 12:37:23.073 10 INFO neutron.notifiers.nova [-] Nova event matching ['req-5f07bc16-6b4c-4f9c-9d75-ff1c7547db9f'] response: {'server_uuid': 'cb799207-411f-4444-8bcb-d9548fe0bd52', 'name': 'network-vif-unplugged', 'status': 'completed', 'tag': 'ae2dfa18-4eb6-4a20-83d9-284a26036920', 'code': 200}
2026-05-29 12:37:23.238 9 INFO neutron.wsgi [req-737b9db3-0d30-43c0-83fc-69c9cacd5a15 req-dd52a0de-3b1d-4df4-ba85-68177eed1cfa e3ab6b6d4c97437b9c1329dd9e1dbb43 3eaa06bcd7d44306a447157d396c9239 - - default default] 199.204.45.35 "GET /v2.0/ports?device_id=cb799207-411f-4444-8bcb-d9548fe0bd52 HTTP/1.1" status: 200 len: 1172 time: 0.0404134
