2026-05-29 12:37:43.163 10 WARNING neutron.api.rpc.agentnotifiers.dhcp_rpc_agent_api [None req-2f310c17-21ec-4fb1-96ad-120676d94850 dd00232fea1c4849a62158e8f71dfc3f 34fc8b0e62614f9aa4a41a06bb3825ee - - default default] Unable to schedule network 875b29d3-81d0-4f26-8547-9c597f18dffa: no agents available; will retry on subsequent port and subnet creation events.
2026-05-29 12:37:43.278 10 INFO neutron.db.ovn_revision_numbers_db [None req-2f310c17-21ec-4fb1-96ad-120676d94850 dd00232fea1c4849a62158e8f71dfc3f 34fc8b0e62614f9aa4a41a06bb3825ee - - default default] Successfully bumped revision number for resource 6f63e520-2017-4e23-94bb-3347615c62d3 (type: ports) to 1
2026-05-29 12:37:43.309 10 INFO neutron.wsgi [None req-2f310c17-21ec-4fb1-96ad-120676d94850 dd00232fea1c4849a62158e8f71dfc3f 34fc8b0e62614f9aa4a41a06bb3825ee - - default default] 10.0.0.132 "POST /v2.0/ports HTTP/1.1" status: 201 len: 974 time: 0.4581733 /var/lib/openstack/lib/python3.10/site-packages/pycadf/identifier.py:71: UserWarning: Invalid uuid: neutron. To ensure interoperability, identifiers should be a valid uuid. warnings.warn(('Invalid uuid: %s. To ensure interoperability, '
2026-05-29 12:37:43.592 9 INFO neutron.plugins.ml2.drivers.ovn.mech_driver.mech_driver [None req-712c2656-3222-4b2a-9f45-9bc110d09902 - - - - - -] OVN reports status down for port: 6f63e520-2017-4e23-94bb-3347615c62d3 /var/lib/openstack/lib/python3.10/site-packages/pycadf/identifier.py:71: UserWarning: Invalid uuid: neutron. To ensure interoperability, identifiers should be a valid uuid. warnings.warn(('Invalid uuid: %s. To ensure interoperability, '
2026-05-29 12:37:43.644 10 INFO neutron.db.ovn_revision_numbers_db [None req-4f0b52ac-bbde-4800-9d0d-7e809bfba944 dd00232fea1c4849a62158e8f71dfc3f 34fc8b0e62614f9aa4a41a06bb3825ee - - default default] Successfully bumped revision number for resource 6f63e520-2017-4e23-94bb-3347615c62d3 (type: ports) to 2
2026-05-29 12:37:43.667 10 INFO neutron.wsgi [None req-4f0b52ac-bbde-4800-9d0d-7e809bfba944 dd00232fea1c4849a62158e8f71dfc3f 34fc8b0e62614f9aa4a41a06bb3825ee - - default default] 10.0.0.132 "PUT /v2.0/ports/6f63e520-2017-4e23-94bb-3347615c62d3 HTTP/1.1" status: 200 len: 946 time: 0.3526852
2026-05-29 12:37:43.736 10 INFO neutron.db.ovn_revision_numbers_db [None req-83745e54-f61d-4e30-9b3d-56cfef6065c6 6536e182cca748a0b6092dad330042d3 7aeb5f936e9a4de5952c28a6ae9592fa - - default default] Successfully bumped revision number for resource 9ba451cf-50d3-4fba-9a46-a352afde56eb (type: security_groups) to 1
2026-05-29 12:37:43.753 10 INFO neutron.db.ovn_revision_numbers_db [None req-83745e54-f61d-4e30-9b3d-56cfef6065c6 6536e182cca748a0b6092dad330042d3 7aeb5f936e9a4de5952c28a6ae9592fa - - default default] Successfully bumped revision number for resource 1b29996b-0770-4dd3-8c7a-3f509ed5f540 (type: security_group_rules) to 0
2026-05-29 12:37:43.774 10 INFO neutron.db.ovn_revision_numbers_db [None req-83745e54-f61d-4e30-9b3d-56cfef6065c6 6536e182cca748a0b6092dad330042d3 7aeb5f936e9a4de5952c28a6ae9592fa - - default default] Successfully bumped revision number for resource 2032fdb7-1549-4c28-bb6b-18a734ed1d3b (type: security_group_rules) to 0
2026-05-29 12:37:43.795 10 INFO neutron.db.ovn_revision_numbers_db [None req-83745e54-f61d-4e30-9b3d-56cfef6065c6 6536e182cca748a0b6092dad330042d3 7aeb5f936e9a4de5952c28a6ae9592fa - - default default] Successfully bumped revision number for resource 70cc894c-5427-4997-9821-f651f110e473 (type: security_group_rules) to 0
2026-05-29 12:37:43.817 10 INFO neutron.db.ovn_revision_numbers_db [None req-83745e54-f61d-4e30-9b3d-56cfef6065c6 6536e182cca748a0b6092dad330042d3 7aeb5f936e9a4de5952c28a6ae9592fa - - default default] Successfully bumped revision number for resource 736be4e4-35dd-40dc-884b-0639253118e1 (type: security_group_rules) to 0
2026-05-29 12:37:43.843 9 INFO neutron.db.ovn_revision_numbers_db [None req-16b2ba69-41c1-4971-9d38-3349609fd0dd 6536e182cca748a0b6092dad330042d3 7aeb5f936e9a4de5952c28a6ae9592fa - - default default] Successfully bumped revision number for resource 4ec19a87-781c-40bd-a46c-8c7473a74002 (type: security_groups) to 1
2026-05-29 12:37:43.843 10 INFO neutron.wsgi [None req-83745e54-f61d-4e30-9b3d-56cfef6065c6 6536e182cca748a0b6092dad330042d3 7aeb5f936e9a4de5952c28a6ae9592fa - - default default] 10.0.0.132 "GET /v2.0/security-groups?tenant_id=7b81893ef7b249b2b98b03ce43e846a5&name=default HTTP/1.1" status: 200 len: 2996 time: 0.3723409
2026-05-29 12:37:43.861 9 INFO neutron.db.ovn_revision_numbers_db [None req-16b2ba69-41c1-4971-9d38-3349609fd0dd 6536e182cca748a0b6092dad330042d3 7aeb5f936e9a4de5952c28a6ae9592fa - - default default] Successfully bumped revision number for resource 0750a656-3e1e-480e-bc6b-ab3719a1a6d5 (type: security_group_rules) to 0
2026-05-29 12:37:43.886 9 INFO neutron.db.ovn_revision_numbers_db [None req-16b2ba69-41c1-4971-9d38-3349609fd0dd 6536e182cca748a0b6092dad330042d3 7aeb5f936e9a4de5952c28a6ae9592fa - - default default] Successfully bumped revision number for resource 36b9df1c-b533-47a6-b36e-6bdae4e88d8d (type: security_group_rules) to 0
2026-05-29 12:37:43.904 9 INFO neutron.db.ovn_revision_numbers_db [None req-16b2ba69-41c1-4971-9d38-3349609fd0dd 6536e182cca748a0b6092dad330042d3 7aeb5f936e9a4de5952c28a6ae9592fa - - default default] Successfully bumped revision number for resource 90b675b2-64d2-447a-9df2-4dcbef8d9e2d (type: security_group_rules) to 0
2026-05-29 12:37:43.913 9 INFO neutron.wsgi [None req-e31b4082-4428-4848-9923-3444d22fdc87 dd00232fea1c4849a62158e8f71dfc3f 34fc8b0e62614f9aa4a41a06bb3825ee - - default default] 10.0.0.132 "DELETE /v2.0/ports/6f63e520-2017-4e23-94bb-3347615c62d3 HTTP/1.1" status: 204 len: 168 time: 0.2406189
2026-05-29 12:37:43.925 9 INFO neutron.db.ovn_revision_numbers_db [None req-16b2ba69-41c1-4971-9d38-3349609fd0dd 6536e182cca748a0b6092dad330042d3 7aeb5f936e9a4de5952c28a6ae9592fa - - default default] Successfully bumped revision number for resource ca0a61fb-af28-470a-84fd-2533a6a7756e (type: security_group_rules) to 0
2026-05-29 12:37:43.968 9 INFO neutron.wsgi [None req-16b2ba69-41c1-4971-9d38-3349609fd0dd 6536e182cca748a0b6092dad330042d3 7aeb5f936e9a4de5952c28a6ae9592fa - - default default] 10.0.0.132 "GET /v2.0/security-groups?tenant_id=57abd4e32f994ec18435709d4c344669&name=default HTTP/1.1" status: 200 len: 2996 time: 0.3384228
2026-05-29 12:37:44.017 9 INFO neutron.wsgi [None req-0a853ee1-4d21-44a3-bef5-1cdd73f4b7bf dd00232fea1c4849a62158e8f71dfc3f 34fc8b0e62614f9aa4a41a06bb3825ee - - default default] 10.0.0.132 "GET /v2.0/ports HTTP/1.1" status: 200 len: 1728 time: 0.0981009
2026-05-29 12:37:44.038 9 INFO neutron.pecan_wsgi.hooks.translation [None req-e55c30f3-d089-4a05-b709-b514e467b78d dd00232fea1c4849a62158e8f71dfc3f 34fc8b0e62614f9aa4a41a06bb3825ee - - default default] GET failed (client error): The resource could not be found.
2026-05-29 12:37:44.040 9 INFO neutron.wsgi [None req-e55c30f3-d089-4a05-b709-b514e467b78d dd00232fea1c4849a62158e8f71dfc3f 34fc8b0e62614f9aa4a41a06bb3825ee - - default default] 10.0.0.132 "GET /v2.0/ports/6f63e520-2017-4e23-94bb-3347615c62d3 HTTP/1.1" status: 404 len: 333 time: 0.0167518
2026-05-29 12:37:44.085 9 INFO neutron.wsgi [None req-6fa9a793-0b04-44a6-ae74-eca334de24bf dd00232fea1c4849a62158e8f71dfc3f 34fc8b0e62614f9aa4a41a06bb3825ee - - default default] 10.0.0.132 "GET /v2.0/ports HTTP/1.1" status: 200 len: 1728 time: 0.0371695
2026-05-29 12:37:44.110 10 INFO neutron.wsgi [None req-046c4f92-6f65-485f-bc92-d78da50e4b32 6536e182cca748a0b6092dad330042d3 7aeb5f936e9a4de5952c28a6ae9592fa - - default default] 10.0.0.132 "DELETE /v2.0/security-groups/9ba451cf-50d3-4fba-9a46-a352afde56eb HTTP/1.1" status: 204 len: 168 time: 0.2600155
2026-05-29 12:37:44.129 9 INFO neutron.wsgi [None req-38ef87f2-c597-4e1b-a795-55ad27b9b69a dd00232fea1c4849a62158e8f71dfc3f 34fc8b0e62614f9aa4a41a06bb3825ee - - default default] 10.0.0.132 "GET /v2.0/ports/f59d4c55-5362-4197-8501-569d39ea8308 HTTP/1.1" status: 200 len: 968 time: 0.0376332
2026-05-29 12:37:44.155 9 INFO neutron.pecan_wsgi.hooks.translation [None req-874f004c-5ed8-4356-acc5-57bc3fbc1ede dd00232fea1c4849a62158e8f71dfc3f 34fc8b0e62614f9aa4a41a06bb3825ee - - default default] DELETE failed (client error): The resource could not be found.
2026-05-29 12:37:44.157 9 INFO neutron.wsgi [None req-874f004c-5ed8-4356-acc5-57bc3fbc1ede dd00232fea1c4849a62158e8f71dfc3f 34fc8b0e62614f9aa4a41a06bb3825ee - - default default] 10.0.0.132 "DELETE /v2.0/ports/b18e5905-a96a-43be-afc8-17bd0c2f19ef HTTP/1.1" status: 404 len: 333 time: 0.0207489
2026-05-29 12:37:44.173 10 INFO neutron.wsgi [None req-a84c8878-49f2-4423-b67b-753cfe8e9249 6536e182cca748a0b6092dad330042d3 7aeb5f936e9a4de5952c28a6ae9592fa - - default default] 10.0.0.132 "DELETE /v2.0/security-groups/4ec19a87-781c-40bd-a46c-8c7473a74002 HTTP/1.1" status: 204 len: 168 time: 0.2000082
2026-05-29 12:37:44.177 9 INFO neutron.pecan_wsgi.hooks.translation [None req-75c4c733-d073-4dac-a7b8-e891ef657f97 dd00232fea1c4849a62158e8f71dfc3f 34fc8b0e62614f9aa4a41a06bb3825ee - - default default] DELETE failed (client error): The resource could not be found.
2026-05-29 12:37:44.179 9 INFO neutron.wsgi [None req-75c4c733-d073-4dac-a7b8-e891ef657f97 dd00232fea1c4849a62158e8f71dfc3f 34fc8b0e62614f9aa4a41a06bb3825ee - - default default] 10.0.0.132 "DELETE /v2.0/subnets/71cbdecb-532d-4879-b05c-a640334323d7 HTTP/1.1" status: 404 len: 337 time: 0.0159450
2026-05-29 12:37:44.200 9 INFO neutron.pecan_wsgi.hooks.translation [None req-ad01e050-45bc-4fc4-a42e-c9dc2c06143d dd00232fea1c4849a62158e8f71dfc3f 34fc8b0e62614f9aa4a41a06bb3825ee - - default default] DELETE failed (client error): The resource could not be found.
2026-05-29 12:37:44.202 9 INFO neutron.wsgi [None req-ad01e050-45bc-4fc4-a42e-c9dc2c06143d dd00232fea1c4849a62158e8f71dfc3f 34fc8b0e62614f9aa4a41a06bb3825ee - - default default] 10.0.0.132 "DELETE /v2.0/subnets/991f602e-0ae4-476b-a49c-70fe556fda80 HTTP/1.1" status: 404 len: 337 time: 0.0169716
2026-05-29 12:37:44.439 9 INFO neutron.wsgi [None req-a4e7a768-3e8b-4fd8-815b-a8509d3d204d dd00232fea1c4849a62158e8f71dfc3f 34fc8b0e62614f9aa4a41a06bb3825ee - - default default] 10.0.0.132 "DELETE /v2.0/ports/f59d4c55-5362-4197-8501-569d39ea8308 HTTP/1.1" status: 204 len: 168 time: 0.2311313
2026-05-29 12:37:44.482 10 INFO neutron.db.ovn_revision_numbers_db [None req-731be705-c8a1-400f-ae31-ed86c1e0a8c9 6536e182cca748a0b6092dad330042d3 7aeb5f936e9a4de5952c28a6ae9592fa - - default default] Successfully bumped revision number for resource 64b8d427-44ed-41ea-9cc0-913e0d23c321 (type: security_groups) to 1
2026-05-29 12:37:44.525 10 INFO neutron.db.ovn_revision_numbers_db [None req-731be705-c8a1-400f-ae31-ed86c1e0a8c9 6536e182cca748a0b6092dad330042d3 7aeb5f936e9a4de5952c28a6ae9592fa - - default default] Successfully bumped revision number for resource 34fdb1b5-27e3-4360-83ed-73213ba510cf (type: security_group_rules) to 0
2026-05-29 12:37:44.542 10 INFO neutron.db.ovn_revision_numbers_db [None req-731be705-c8a1-400f-ae31-ed86c1e0a8c9 6536e182cca748a0b6092dad330042d3 7aeb5f936e9a4de5952c28a6ae9592fa - - default default] Successfully bumped revision number for resource 5f2b6f2e-9e97-40ce-9194-b2bd7efd06a9 (type: security_group_rules) to 0
2026-05-29 12:37:44.560 10 INFO neutron.db.ovn_revision_numbers_db [None req-731be705-c8a1-400f-ae31-ed86c1e0a8c9 6536e182cca748a0b6092dad330042d3 7aeb5f936e9a4de5952c28a6ae9592fa - - default default] Successfully bumped revision number for resource 69b0c840-4043-4714-bbe9-e5586f338f12 (type: security_group_rules) to 0
2026-05-29 12:37:44.582 10 INFO neutron.db.ovn_revision_numbers_db [None req-731be705-c8a1-400f-ae31-ed86c1e0a8c9 6536e182cca748a0b6092dad330042d3 7aeb5f936e9a4de5952c28a6ae9592fa - - default default] Successfully bumped revision number for resource 945c568f-91d6-4b47-926c-1da1b4e98b3a (type: security_group_rules) to 0
2026-05-29 12:37:44.611 10 INFO neutron.wsgi [None req-731be705-c8a1-400f-ae31-ed86c1e0a8c9 6536e182cca748a0b6092dad330042d3 7aeb5f936e9a4de5952c28a6ae9592fa - - default default] 10.0.0.132 "GET /v2.0/security-groups?tenant_id=f69301f0b6444b91a70e1f135ebd9635&name=default HTTP/1.1" status: 200 len: 2996 time: 0.2627854
2026-05-29 12:37:44.846 10 INFO neutron.wsgi [None req-887632c7-c3d2-4481-9734-b94afe6a2f23 6536e182cca748a0b6092dad330042d3 7aeb5f936e9a4de5952c28a6ae9592fa - - default default] 10.0.0.132 "DELETE /v2.0/security-groups/64b8d427-44ed-41ea-9cc0-913e0d23c321 HTTP/1.1" status: 204 len: 168 time: 0.2250626
2026-05-29 12:37:44.904 9 INFO neutron.services.segments.plugin [-] Segment b99c6b5a-f34b-4622-8d67-839601753410 resource provider aggregate not found
2026-05-29 12:37:44.912 9 INFO neutron.services.segments.plugin [-] Segment b99c6b5a-f34b-4622-8d67-839601753410 resource provider aggregate not found
2026-05-29 12:37:44.928 9 INFO neutron.services.segments.plugin [-] Segment b99c6b5a-f34b-4622-8d67-839601753410 resource provider not found; error: Placement Client Error (4xx): {"errors": [{"status": 404, "title": "Not Found", "detail": "The resource could not be found.\n\n No resource provider with uuid b99c6b5a-f34b-4622-8d67-839601753410 found for delete ", "request_id": "req-d4a37097-2409-4700-ac62-df6c9841535f"}]}
2026-05-29 12:37:44.929 9 INFO neutron.services.segments.plugin [-] Segment b99c6b5a-f34b-4622-8d67-839601753410 resource provider not found; error: Placement Client Error (4xx): {"errors": [{"status": 404, "title": "Not Found", "detail": "The resource could not be found.\n\n No resource provider with uuid b99c6b5a-f34b-4622-8d67-839601753410 found for delete ", "request_id": "req-f8f671cc-7591-41cf-aa84-faaee8f610b4"}]}
2026-05-29 12:37:44.958 9 INFO neutron.wsgi [None req-5d0b7439-f43f-4080-9cc4-7df5bfed95d9 dd00232fea1c4849a62158e8f71dfc3f 34fc8b0e62614f9aa4a41a06bb3825ee - - default default] 10.0.0.132 "DELETE /v2.0/networks/875b29d3-81d0-4f26-8547-9c597f18dffa HTTP/1.1" status: 204 len: 168 time: 0.5142541
2026-05-29 12:37:45.750 10 INFO neutron.wsgi [None req-ddae8802-c18c-4336-a95e-a42bb8ce79a4 6536e182cca748a0b6092dad330042d3 7aeb5f936e9a4de5952c28a6ae9592fa - - default default] 10.0.0.132 "GET /v2.0/security-groups?tenant_id=34fc8b0e62614f9aa4a41a06bb3825ee&name=default HTTP/1.1" status: 200 len: 2996 time: 0.1797726
2026-05-29 12:37:45.951 10 INFO neutron.wsgi [None req-7f9ee830-8a19-46ea-8f94-369026ed84ad 6536e182cca748a0b6092dad330042d3 7aeb5f936e9a4de5952c28a6ae9592fa - - default default] 10.0.0.132 "DELETE /v2.0/security-groups/973c367f-9b14-493a-a65d-b167ecd6ab73 HTTP/1.1" status: 204 len: 168 time: 0.1964519
2026-05-29 12:37:46.344 10 INFO neutron.wsgi [-] 10.0.0.202 "GET / HTTP/1.1" status: 200 len: 246 time: 0.0017478
2026-05-29 12:37:46.345 9 INFO neutron.wsgi [-] 10.0.0.202 "GET / HTTP/1.1" status: 200 len: 246 time: 0.0019612
2026-05-29 12:37:47.233 10 INFO neutron.db.ovn_revision_numbers_db [None req-a9e701b1-e068-4486-b472-4213ec3b7248 6536e182cca748a0b6092dad330042d3 7aeb5f936e9a4de5952c28a6ae9592fa - - default default] Successfully bumped revision number for resource bd1e0b8b-56ac-416a-a65a-4293edbd1ff0 (type: security_groups) to 1
2026-05-29 12:37:47.247 10 INFO neutron.db.ovn_revision_numbers_db [None req-a9e701b1-e068-4486-b472-4213ec3b7248 6536e182cca748a0b6092dad330042d3 7aeb5f936e9a4de5952c28a6ae9592fa - - default default] Successfully bumped revision number for resource 01a80193-4e9a-47ae-8794-fe537b8e3021 (type: security_group_rules) to 0
2026-05-29 12:37:47.264 10 INFO neutron.db.ovn_revision_numbers_db [None req-a9e701b1-e068-4486-b472-4213ec3b7248 6536e182cca748a0b6092dad330042d3 7aeb5f936e9a4de5952c28a6ae9592fa - - default default] Successfully bumped revision number for resource b19fc681-2936-41a7-ae81-d63e3925428c (type: security_group_rules) to 0
2026-05-29 12:37:47.283 10 INFO neutron.db.ovn_revision_numbers_db [None req-a9e701b1-e068-4486-b472-4213ec3b7248 6536e182cca748a0b6092dad330042d3 7aeb5f936e9a4de5952c28a6ae9592fa - - default default] Successfully bumped revision number for resource b67095db-8138-4498-8673-7efe794b1c84 (type: security_group_rules) to 0
2026-05-29 12:37:47.298 10 INFO neutron.db.ovn_revision_numbers_db [None req-a9e701b1-e068-4486-b472-4213ec3b7248 6536e182cca748a0b6092dad330042d3 7aeb5f936e9a4de5952c28a6ae9592fa - - default default] Successfully bumped revision number for resource e0de1139-c352-4174-855c-84b4d1c1665f (type: security_group_rules) to 0
2026-05-29 12:37:47.328 10 INFO neutron.wsgi [None req-a9e701b1-e068-4486-b472-4213ec3b7248 6536e182cca748a0b6092dad330042d3 7aeb5f936e9a4de5952c28a6ae9592fa - - default default] 10.0.0.132 "GET /v2.0/security-groups?tenant_id=76c3d688784b478eaa52e21532ab75ef&name=default HTTP/1.1" status: 200 len: 2996 time: 0.3787611
2026-05-29 12:37:47.566 10 INFO neutron.wsgi [None req-6eb3f853-3c31-4714-9457-302767b757f2 6536e182cca748a0b6092dad330042d3 7aeb5f936e9a4de5952c28a6ae9592fa - - default default] 10.0.0.132 "DELETE /v2.0/security-groups/bd1e0b8b-56ac-416a-a65a-4293edbd1ff0 HTTP/1.1" status: 204 len: 168 time: 0.2343526
2026-05-29 12:37:47.869 9 INFO neutron.wsgi [-] 10.0.0.132 "GET / HTTP/1.1" status: 200 len: 279 time: 0.0013146
2026-05-29 12:37:47.891 9 INFO neutron.db.ovn_revision_numbers_db [None req-ac124125-a3c1-4e7c-9290-bedf7cab9e76 6536e182cca748a0b6092dad330042d3 7aeb5f936e9a4de5952c28a6ae9592fa - - default default] Successfully bumped revision number for resource 4f43555f-0316-4229-8caa-68132820f7ab (type: security_groups) to 1
2026-05-29 12:37:47.891 10 INFO neutron.db.ovn_revision_numbers_db [None req-3bf20d4f-4d9c-4818-978c-ea13ab2de5da 6536e182cca748a0b6092dad330042d3 7aeb5f936e9a4de5952c28a6ae9592fa - - default default] Successfully bumped revision number for resource e52706ed-0053-40a7-8796-61f206c0c87d (type: security_groups) to 1
2026-05-29 12:37:47.908 10 INFO neutron.db.ovn_revision_numbers_db [None req-3bf20d4f-4d9c-4818-978c-ea13ab2de5da 6536e182cca748a0b6092dad330042d3 7aeb5f936e9a4de5952c28a6ae9592fa - - default default] Successfully bumped revision number for resource 3b3e90c1-9ab8-4c68-b44c-c9aa5b6786ed (type: security_group_rules) to 0
2026-05-29 12:37:47.913 9 INFO neutron.db.ovn_revision_numbers_db [None req-ac124125-a3c1-4e7c-9290-bedf7cab9e76 6536e182cca748a0b6092dad330042d3 7aeb5f936e9a4de5952c28a6ae9592fa - - default default] Successfully bumped revision number for resource 3f17660c-c503-4c78-bea5-6129f1863c77 (type: security_group_rules) to 0
2026-05-29 12:37:47.922 10 INFO neutron.db.ovn_revision_numbers_db [None req-3bf20d4f-4d9c-4818-978c-ea13ab2de5da 6536e182cca748a0b6092dad330042d3 7aeb5f936e9a4de5952c28a6ae9592fa - - default default] Successfully bumped revision number for resource 719c5d6d-0198-414c-869c-6e5fa56396ea (type: security_group_rules) to 0
2026-05-29 12:37:47.931 9 INFO neutron.db.ovn_revision_numbers_db [None req-ac124125-a3c1-4e7c-9290-bedf7cab9e76 6536e182cca748a0b6092dad330042d3 7aeb5f936e9a4de5952c28a6ae9592fa - - default default] Successfully bumped revision number for resource 5bc8fc51-38fa-41af-9595-f46b4dc0194d (type: security_group_rules) to 0
2026-05-29 12:37:47.937 10 INFO neutron.db.ovn_revision_numbers_db [None req-3bf20d4f-4d9c-4818-978c-ea13ab2de5da 6536e182cca748a0b6092dad330042d3 7aeb5f936e9a4de5952c28a6ae9592fa - - default default] Successfully bumped revision number for resource 844824c0-2aeb-422d-9ac3-98620df3bcef (type: security_group_rules) to 0
2026-05-29 12:37:47.956 9 INFO neutron.db.ovn_revision_numbers_db [None req-ac124125-a3c1-4e7c-9290-bedf7cab9e76 6536e182cca748a0b6092dad330042d3 7aeb5f936e9a4de5952c28a6ae9592fa - - default default] Successfully bumped revision number for resource c1b8ab82-65e2-4dcd-88b4-3e184ee54caf (type: security_group_rules) to 0
2026-05-29 12:37:47.965 10 INFO neutron.db.ovn_revision_numbers_db [None req-3bf20d4f-4d9c-4818-978c-ea13ab2de5da 6536e182cca748a0b6092dad330042d3 7aeb5f936e9a4de5952c28a6ae9592fa - - default default] Successfully bumped revision number for resource de388251-9751-49f4-bc93-b7c74e38746e (type: security_group_rules) to 0
2026-05-29 12:37:47.977 9 INFO neutron.db.ovn_revision_numbers_db [None req-ac124125-a3c1-4e7c-9290-bedf7cab9e76 6536e182cca748a0b6092dad330042d3 7aeb5f936e9a4de5952c28a6ae9592fa - - default default] Successfully bumped revision number for resource cf5403e3-3895-4104-8259-8b5792b140eb (type: security_group_rules) to 0
2026-05-29 12:37:47.999 10 INFO neutron.wsgi [None req-3bf20d4f-4d9c-4818-978c-ea13ab2de5da 6536e182cca748a0b6092dad330042d3 7aeb5f936e9a4de5952c28a6ae9592fa - - default default] 10.0.0.132 "GET /v2.0/security-groups?tenant_id=1ba0dbb6563649809d23627a20a58453&name=default HTTP/1.1" status: 200 len: 2996 time: 0.2137978
2026-05-29 12:37:48.004 9 INFO neutron.wsgi [None req-ac124125-a3c1-4e7c-9290-bedf7cab9e76 6536e182cca748a0b6092dad330042d3 7aeb5f936e9a4de5952c28a6ae9592fa - - default default] 10.0.0.132 "GET /v2.0/security-groups?tenant_id=dc15c539eb654c51af67c9cf2afc5cb8&name=default HTTP/1.1" status: 200 len: 2996 time: 0.3931546
2026-05-29 12:37:48.035 9 INFO neutron.wsgi [None req-ebda1a87-ffec-4f9f-abbe-98e8310f4a8f cbc98af3034f4ae19fabfba9d2f6bf26 9aa17505fc524664a61ec86dc7f0088f - - default default] 10.0.0.132 "GET /v2.0/ HTTP/1.1" status: 200 len: 826 time: 0.1546111
2026-05-29 12:37:48.256 9 INFO neutron.wsgi [None req-316b6c8d-0793-4b96-a961-455a86458e6e 6536e182cca748a0b6092dad330042d3 7aeb5f936e9a4de5952c28a6ae9592fa - - default default] 10.0.0.132 "DELETE /v2.0/security-groups/4f43555f-0316-4229-8caa-68132820f7ab HTTP/1.1" status: 204 len: 168 time: 0.2477009
2026-05-29 12:37:48.263 10 INFO neutron.wsgi [None req-55464277-1a89-4988-9819-28ea25131154 6536e182cca748a0b6092dad330042d3 7aeb5f936e9a4de5952c28a6ae9592fa - - default default] 10.0.0.132 "DELETE /v2.0/security-groups/e52706ed-0053-40a7-8796-61f206c0c87d HTTP/1.1" status: 204 len: 168 time: 0.2591023
2026-05-29 12:37:48.951 10 INFO neutron.db.ovn_revision_numbers_db [None req-c90a066a-08e8-4712-b93e-e8177384f7ee 6536e182cca748a0b6092dad330042d3 7aeb5f936e9a4de5952c28a6ae9592fa - - default default] Successfully bumped revision number for resource 63cacc65-f141-4174-a7d9-142745b7b450 (type: security_groups) to 1
2026-05-29 12:37:48.966 10 INFO neutron.db.ovn_revision_numbers_db [None req-c90a066a-08e8-4712-b93e-e8177384f7ee 6536e182cca748a0b6092dad330042d3 7aeb5f936e9a4de5952c28a6ae9592fa - - default default] Successfully bumped revision number for resource 05e12aec-5dc4-4a0a-8d23-478a950d469b (type: security_group_rules) to 0
2026-05-29 12:37:48.979 10 INFO neutron.db.ovn_revision_numbers_db [None req-c90a066a-08e8-4712-b93e-e8177384f7ee 6536e182cca748a0b6092dad330042d3 7aeb5f936e9a4de5952c28a6ae9592fa - - default default] Successfully bumped revision number for resource 0cfbb0d3-e1ee-4c73-b9a1-2e50c7d4b48f (type: security_group_rules) to 0
2026-05-29 12:37:48.992 10 INFO neutron.db.ovn_revision_numbers_db [None req-c90a066a-08e8-4712-b93e-e8177384f7ee 6536e182cca748a0b6092dad330042d3 7aeb5f936e9a4de5952c28a6ae9592fa - - default default] Successfully bumped revision number for resource 3800a7d3-6895-4e1c-aa2f-7532b6b46a83 (type: security_group_rules) to 0
2026-05-29 12:37:49.006 10 INFO neutron.db.ovn_revision_numbers_db [None req-c90a066a-08e8-4712-b93e-e8177384f7ee 6536e182cca748a0b6092dad330042d3 7aeb5f936e9a4de5952c28a6ae9592fa - - default default] Successfully bumped revision number for resource 84725227-be4b-440e-8ce0-3b6fd4c6df15 (type: security_group_rules) to 0
2026-05-29 12:37:49.033 10 INFO neutron.wsgi [None req-c90a066a-08e8-4712-b93e-e8177384f7ee 6536e182cca748a0b6092dad330042d3 7aeb5f936e9a4de5952c28a6ae9592fa - - default default] 10.0.0.132 "GET /v2.0/security-groups?tenant_id=9aa17505fc524664a61ec86dc7f0088f&name=default HTTP/1.1" status: 200 len: 2996 time: 0.3992925
2026-05-29 12:37:49.225 9 INFO neutron.wsgi [None req-9cbf6608-f9e6-4e54-ab97-6fe34c6490b9 6536e182cca748a0b6092dad330042d3 7aeb5f936e9a4de5952c28a6ae9592fa - - default default] 10.0.0.132 "DELETE /v2.0/security-groups/63cacc65-f141-4174-a7d9-142745b7b450 HTTP/1.1" status: 204 len: 168 time: 0.1854537
2026-05-29 12:37:49.526 10 INFO neutron.db.ovn_revision_numbers_db [None req-172870f4-ad75-48bb-91ce-d806d3c84d7d 6536e182cca748a0b6092dad330042d3 7aeb5f936e9a4de5952c28a6ae9592fa - - default default] Successfully bumped revision number for resource c2c0ca12-c2c1-44f4-af13-2158bb9ccf83 (type: security_groups) to 1
2026-05-29 12:37:49.542 10 INFO neutron.db.ovn_revision_numbers_db [None req-172870f4-ad75-48bb-91ce-d806d3c84d7d 6536e182cca748a0b6092dad330042d3 7aeb5f936e9a4de5952c28a6ae9592fa - - default default] Successfully bumped revision number for resource 59fbe323-db6e-448d-8984-5cca6edb5f3d (type: security_group_rules) to 0
2026-05-29 12:37:49.559 10 INFO neutron.db.ovn_revision_numbers_db [None req-172870f4-ad75-48bb-91ce-d806d3c84d7d 6536e182cca748a0b6092dad330042d3 7aeb5f936e9a4de5952c28a6ae9592fa - - default default] Successfully bumped revision number for resource 83a36ca1-5495-4030-80e4-d1fc23b454d4 (type: security_group_rules) to 0
2026-05-29 12:37:49.574 10 INFO neutron.db.ovn_revision_numbers_db [None req-172870f4-ad75-48bb-91ce-d806d3c84d7d 6536e182cca748a0b6092dad330042d3 7aeb5f936e9a4de5952c28a6ae9592fa - - default default] Successfully bumped revision number for resource bd5cb825-b70d-4c4c-9b3e-1a3ed31ae4f4 (type: security_group_rules) to 0
2026-05-29 12:37:49.591 10 INFO neutron.db.ovn_revision_numbers_db [None req-172870f4-ad75-48bb-91ce-d806d3c84d7d 6536e182cca748a0b6092dad330042d3 7aeb5f936e9a4de5952c28a6ae9592fa - - default default] Successfully bumped revision number for resource d553ddd8-c0eb-4532-9be7-933a3909a2f3 (type: security_group_rules) to 0
2026-05-29 12:37:49.620 10 INFO neutron.wsgi [None req-172870f4-ad75-48bb-91ce-d806d3c84d7d 6536e182cca748a0b6092dad330042d3 7aeb5f936e9a4de5952c28a6ae9592fa - - default default] 10.0.0.132 "GET /v2.0/security-groups?tenant_id=9cc4fa238296400f909c51d0c7045e79&name=default HTTP/1.1" status: 200 len: 2996 time: 0.3931694
2026-05-29 12:37:49.839 10 INFO neutron.wsgi [None req-ffbf5c44-7e44-47d1-a175-c13c549e8b5a 6536e182cca748a0b6092dad330042d3 7aeb5f936e9a4de5952c28a6ae9592fa - - default default] 10.0.0.132 "DELETE /v2.0/security-groups/c2c0ca12-c2c1-44f4-af13-2158bb9ccf83 HTTP/1.1" status: 204 len: 168 time: 0.2148113
2026-05-29 12:37:50.138 9 INFO neutron.db.ovn_revision_numbers_db [None req-4b6ae5b8-de0a-446a-9e7a-806a80dc5b08 6536e182cca748a0b6092dad330042d3 7aeb5f936e9a4de5952c28a6ae9592fa - - default default] Successfully bumped revision number for resource e0b82882-0b9c-4dfd-b1d6-2c3ea2f29cd9 (type: security_groups) to 1
2026-05-29 12:37:50.153 9 INFO neutron.db.ovn_revision_numbers_db [None req-4b6ae5b8-de0a-446a-9e7a-806a80dc5b08 6536e182cca748a0b6092dad330042d3 7aeb5f936e9a4de5952c28a6ae9592fa - - default default] Successfully bumped revision number for resource 2e16f4bb-6fe7-448d-92da-4c0e3945b9ed (type: security_group_rules) to 0
2026-05-29 12:37:50.172 9 INFO neutron.db.ovn_revision_numbers_db [None req-4b6ae5b8-de0a-446a-9e7a-806a80dc5b08 6536e182cca748a0b6092dad330042d3 7aeb5f936e9a4de5952c28a6ae9592fa - - default default] Successfully bumped revision number for resource 3da09a8d-796e-4431-abb2-608c04bbdc99 (type: security_group_rules) to 0
2026-05-29 12:37:50.189 9 INFO neutron.db.ovn_revision_numbers_db [None req-4b6ae5b8-de0a-446a-9e7a-806a80dc5b08 6536e182cca748a0b6092dad330042d3 7aeb5f936e9a4de5952c28a6ae9592fa - - default default] Successfully bumped revision number for resource 4d69d386-08ac-4d61-b657-7c2f3882efbf (type: security_group_rules) to 0
2026-05-29 12:37:50.204 9 INFO neutron.db.ovn_revision_numbers_db [None req-4b6ae5b8-de0a-446a-9e7a-806a80dc5b08 6536e182cca748a0b6092dad330042d3 7aeb5f936e9a4de5952c28a6ae9592fa - - default default] Successfully bumped revision number for resource db3057cb-e40e-4a3f-8336-cbeabeaadf80 (type: security_group_rules) to 0
2026-05-29 12:37:50.226 9 INFO neutron.wsgi [None req-4b6ae5b8-de0a-446a-9e7a-806a80dc5b08 6536e182cca748a0b6092dad330042d3 7aeb5f936e9a4de5952c28a6ae9592fa - - default default] 10.0.0.132 "GET /v2.0/security-groups?tenant_id=96529eda0fb244eba3a279edee0f8196&name=default HTTP/1.1" status: 200 len: 2996 time: 0.1971607
2026-05-29 12:37:50.455 9 INFO neutron.wsgi [None req-61c0f24d-2f4b-45d5-be4a-e5a2feebc078 6536e182cca748a0b6092dad330042d3 7aeb5f936e9a4de5952c28a6ae9592fa - - default default] 10.0.0.132 "DELETE /v2.0/security-groups/e0b82882-0b9c-4dfd-b1d6-2c3ea2f29cd9 HTTP/1.1" status: 204 len: 168 time: 0.2245276
2026-05-29 12:37:50.526 9 INFO neutron.db.ovn_revision_numbers_db [None req-20a9d9ab-5d94-483b-8f13-3de6998d9f4e 6536e182cca748a0b6092dad330042d3 7aeb5f936e9a4de5952c28a6ae9592fa - - default default] Successfully bumped revision number for resource f081ef16-a322-4fe6-8684-aeea8ce69732 (type: security_groups) to 1
2026-05-29 12:37:50.541 9 INFO neutron.db.ovn_revision_numbers_db [None req-20a9d9ab-5d94-483b-8f13-3de6998d9f4e 6536e182cca748a0b6092dad330042d3 7aeb5f936e9a4de5952c28a6ae9592fa - - default default] Successfully bumped revision number for resource 2bc8c543-e3dc-415c-b420-fd08a7df0f97 (type: security_group_rules) to 0
2026-05-29 12:37:50.555 9 INFO neutron.db.ovn_revision_numbers_db [None req-20a9d9ab-5d94-483b-8f13-3de6998d9f4e 6536e182cca748a0b6092dad330042d3 7aeb5f936e9a4de5952c28a6ae9592fa - - default default] Successfully bumped revision number for resource 31375f4e-0c32-4b5b-b5df-285bd1c78149 (type: security_group_rules) to 0
2026-05-29 12:37:50.576 9 INFO neutron.db.ovn_revision_numbers_db [None req-20a9d9ab-5d94-483b-8f13-3de6998d9f4e 6536e182cca748a0b6092dad330042d3 7aeb5f936e9a4de5952c28a6ae9592fa - - default default] Successfully bumped revision number for resource 32572f4c-8ef8-463a-b77f-e71e68824557 (type: security_group_rules) to 0
2026-05-29 12:37:50.594 9 INFO neutron.db.ovn_revision_numbers_db [None req-20a9d9ab-5d94-483b-8f13-3de6998d9f4e 6536e182cca748a0b6092dad330042d3 7aeb5f936e9a4de5952c28a6ae9592fa - - default default] Successfully bumped revision number for resource e7700a9c-c39a-43f3-8115-e5e70f7018f0 (type: security_group_rules) to 0
2026-05-29 12:37:50.643 9 INFO neutron.db.segments_db [None req-20a9d9ab-5d94-483b-8f13-3de6998d9f4e 6536e182cca748a0b6092dad330042d3 7aeb5f936e9a4de5952c28a6ae9592fa - - default default] Added segment ef20af2c-de25-4b27-9952-c75ed2178a20 of type geneve for network af1de80a-7008-4870-a32e-e458cd68040e
2026-05-29 12:37:50.784 9 INFO neutron.db.ovn_revision_numbers_db [None req-20a9d9ab-5d94-483b-8f13-3de6998d9f4e 6536e182cca748a0b6092dad330042d3 7aeb5f936e9a4de5952c28a6ae9592fa - - default default] Successfully bumped revision number for resource af1de80a-7008-4870-a32e-e458cd68040e (type: networks) to 1
2026-05-29 12:37:50.965 9 WARNING neutron.scheduler.dhcp_agent_scheduler [None req-20a9d9ab-5d94-483b-8f13-3de6998d9f4e 6536e182cca748a0b6092dad330042d3 7aeb5f936e9a4de5952c28a6ae9592fa - - default default] No more DHCP agents
2026-05-29 12:37:50.967 9 WARNING neutron.api.rpc.agentnotifiers.dhcp_rpc_agent_api [None req-20a9d9ab-5d94-483b-8f13-3de6998d9f4e 6536e182cca748a0b6092dad330042d3 7aeb5f936e9a4de5952c28a6ae9592fa - - default default] Unable to schedule network af1de80a-7008-4870-a32e-e458cd68040e: no agents available; will retry on subsequent port and subnet creation events.
2026-05-29 12:37:51.047 10 INFO neutron.db.ovn_revision_numbers_db [None req-f339752c-ff0e-4f40-b3df-034859b71550 6536e182cca748a0b6092dad330042d3 7aeb5f936e9a4de5952c28a6ae9592fa - - default default] Successfully bumped revision number for resource b0545623-ab76-4dff-b766-539ecb1203df (type: security_groups) to 1
2026-05-29 12:37:51.060 10 INFO neutron.db.ovn_revision_numbers_db [None req-f339752c-ff0e-4f40-b3df-034859b71550 6536e182cca748a0b6092dad330042d3 7aeb5f936e9a4de5952c28a6ae9592fa - - default default] Successfully bumped revision number for resource 7f26b49f-ba1e-44f1-9a13-733105eca1c4 (type: security_group_rules) to 0
2026-05-29 12:37:51.062 9 INFO neutron.db.ovn_revision_numbers_db [None req-20a9d9ab-5d94-483b-8f13-3de6998d9f4e 6536e182cca748a0b6092dad330042d3 7aeb5f936e9a4de5952c28a6ae9592fa - - default default] Successfully bumped revision number for resource cef89af8-61fe-4073-9436-ae38080626a1 (type: ports) to 1
2026-05-29 12:37:51.073 10 INFO neutron.db.ovn_revision_numbers_db [None req-f339752c-ff0e-4f40-b3df-034859b71550 6536e182cca748a0b6092dad330042d3 7aeb5f936e9a4de5952c28a6ae9592fa - - default default] Successfully bumped revision number for resource cec7a108-2750-45dd-b4ff-0950072582a9 (type: security_group_rules) to 0
2026-05-29 12:37:51.086 10 INFO neutron.db.ovn_revision_numbers_db [None req-f339752c-ff0e-4f40-b3df-034859b71550 6536e182cca748a0b6092dad330042d3 7aeb5f936e9a4de5952c28a6ae9592fa - - default default] Successfully bumped revision number for resource e9024857-467e-4776-b1ba-f57e45987964 (type: security_group_rules) to 0
2026-05-29 12:37:51.087 9 INFO neutron.wsgi [None req-20a9d9ab-5d94-483b-8f13-3de6998d9f4e 6536e182cca748a0b6092dad330042d3 7aeb5f936e9a4de5952c28a6ae9592fa - - default default] 10.0.0.132 "POST /v2.0/networks HTTP/1.1" status: 201 len: 943 time: 0.8927457
2026-05-29 12:37:51.108 10 INFO neutron.db.ovn_revision_numbers_db [None req-f339752c-ff0e-4f40-b3df-034859b71550 6536e182cca748a0b6092dad330042d3 7aeb5f936e9a4de5952c28a6ae9592fa - - default default] Successfully bumped revision number for resource f7ceb384-e1ed-4c0e-a1c7-18b63ba987fc (type: security_group_rules) to 0
2026-05-29 12:37:51.133 10 INFO neutron.wsgi [None req-f339752c-ff0e-4f40-b3df-034859b71550 6536e182cca748a0b6092dad330042d3 7aeb5f936e9a4de5952c28a6ae9592fa - - default default] 10.0.0.132 "GET /v2.0/security-groups?tenant_id=f3bcdcffb1e74dcdaa04a65371571f48&name=default HTTP/1.1" status: 200 len: 2996 time: 0.4342089
2026-05-29 12:37:51.261 9 WARNING neutron.scheduler.dhcp_agent_scheduler [None req-609b20ee-ed5d-46fd-bf3f-8d6a583e3692 6536e182cca748a0b6092dad330042d3 7aeb5f936e9a4de5952c28a6ae9592fa - - default default] No more DHCP agents
2026-05-29 12:37:51.264 9 WARNING neutron.api.rpc.agentnotifiers.dhcp_rpc_agent_api [None req-609b20ee-ed5d-46fd-bf3f-8d6a583e3692 6536e182cca748a0b6092dad330042d3 7aeb5f936e9a4de5952c28a6ae9592fa - - default default] Unable to schedule network af1de80a-7008-4870-a32e-e458cd68040e: no agents available; will retry on subsequent port and subnet creation events.
2026-05-29 12:37:51.337 10 INFO neutron.wsgi [None req-3de8b0c0-6c12-46ca-b360-d23046e05300 6536e182cca748a0b6092dad330042d3 7aeb5f936e9a4de5952c28a6ae9592fa - - default default] 10.0.0.132 "DELETE /v2.0/security-groups/b0545623-ab76-4dff-b766-539ecb1203df HTTP/1.1" status: 204 len: 168 time: 0.1967046
2026-05-29 12:37:51.776 9 INFO neutron.db.ovn_revision_numbers_db [None req-609b20ee-ed5d-46fd-bf3f-8d6a583e3692 6536e182cca748a0b6092dad330042d3 7aeb5f936e9a4de5952c28a6ae9592fa - - default default] Successfully bumped revision number for resource cef89af8-61fe-4073-9436-ae38080626a1 (type: ports) to 2
2026-05-29 12:37:51.812 9 INFO neutron.db.ovn_revision_numbers_db [None req-609b20ee-ed5d-46fd-bf3f-8d6a583e3692 6536e182cca748a0b6092dad330042d3 7aeb5f936e9a4de5952c28a6ae9592fa - - default default] Successfully bumped revision number for resource 0be7eec0-b1b4-465b-ad47-9b523d89aa4f (type: subnets) to 0
2026-05-29 12:37:51.830 9 INFO neutron.wsgi [None req-609b20ee-ed5d-46fd-bf3f-8d6a583e3692 6536e182cca748a0b6092dad330042d3 7aeb5f936e9a4de5952c28a6ae9592fa - - default default] 10.0.0.132 "POST /v2.0/subnets HTTP/1.1" status: 201 len: 863 time: 0.7362630
2026-05-29 12:37:52.278 9 WARNING neutron.scheduler.dhcp_agent_scheduler [None req-28113762-a3f6-491c-8f7c-381d53e5da15 6536e182cca748a0b6092dad330042d3 7aeb5f936e9a4de5952c28a6ae9592fa - - default default] No more DHCP agents
2026-05-29 12:37:52.282 9 WARNING neutron.api.rpc.agentnotifiers.dhcp_rpc_agent_api [None req-28113762-a3f6-491c-8f7c-381d53e5da15 6536e182cca748a0b6092dad330042d3 7aeb5f936e9a4de5952c28a6ae9592fa - - default default] Unable to schedule network 37854a1d-de52-480b-9c0c-52f3b08020f6: no agents available; will retry on subsequent port and subnet creation events.
2026-05-29 12:37:52.685 9 INFO neutron.db.ovn_revision_numbers_db [None req-28113762-a3f6-491c-8f7c-381d53e5da15 6536e182cca748a0b6092dad330042d3 7aeb5f936e9a4de5952c28a6ae9592fa - - default default] Successfully bumped revision number for resource 915fcf3a-86fd-4d34-8f32-fab41dceef92 (type: ports) to 1
2026-05-29 12:37:53.318 9 INFO neutron.plugins.ml2.drivers.ovn.mech_driver.mech_driver [None req-712c2656-3222-4b2a-9f45-9bc110d09902 - - - - - -] OVN reports status up for port: 915fcf3a-86fd-4d34-8f32-fab41dceef92
2026-05-29 12:37:53.330 9 INFO neutron.plugins.ml2.drivers.ovn.mech_driver.ovsdb.ovsdb_monitor [None req-2deb7ca2-b675-467f-80a9-ac64531b3266 - - - - - -] Router 0b755a40-2885-487a-b625-beb3158e8d11 is bound to host instance
2026-05-29 12:37:53.342 9 INFO neutron.plugins.ml2.plugin [None req-712c2656-3222-4b2a-9f45-9bc110d09902 - - - - - -] Attempt 1 to provision port 915fcf3a-86fd-4d34-8f32-fab41dceef92
2026-05-29 12:37:53.388 9 INFO neutron.db.ovn_revision_numbers_db [None req-28113762-a3f6-491c-8f7c-381d53e5da15 6536e182cca748a0b6092dad330042d3 7aeb5f936e9a4de5952c28a6ae9592fa - - default default] Successfully bumped revision number for resource 915fcf3a-86fd-4d34-8f32-fab41dceef92 (type: router_ports) to 1
2026-05-29 12:37:53.494 9 INFO neutron.db.ovn_revision_numbers_db [None req-28113762-a3f6-491c-8f7c-381d53e5da15 6536e182cca748a0b6092dad330042d3 7aeb5f936e9a4de5952c28a6ae9592fa - - default default] Successfully bumped revision number for resource 0b755a40-2885-487a-b625-beb3158e8d11 (type: routers) to 2
2026-05-29 12:37:53.510 9 INFO neutron.wsgi [None req-28113762-a3f6-491c-8f7c-381d53e5da15 6536e182cca748a0b6092dad330042d3 7aeb5f936e9a4de5952c28a6ae9592fa - - default default] 10.0.0.132 "POST /v2.0/routers HTTP/1.1" status: 201 len: 874 time: 1.6759479
2026-05-29 12:37:54.031 9 INFO neutron.db.ovn_revision_numbers_db [None req-2deb7ca2-b675-467f-80a9-ac64531b3266 - - - - - -] Successfully bumped revision number for resource 915fcf3a-86fd-4d34-8f32-fab41dceef92 (type: ports) to 1
2026-05-29 12:37:54.079 9 WARNING neutron.scheduler.dhcp_agent_scheduler [None req-a8c701c4-2d2c-41ee-babb-a855ef1553ac 6536e182cca748a0b6092dad330042d3 7aeb5f936e9a4de5952c28a6ae9592fa - - default default] No more DHCP agents
2026-05-29 12:37:54.084 9 WARNING neutron.api.rpc.agentnotifiers.dhcp_rpc_agent_api [None req-a8c701c4-2d2c-41ee-babb-a855ef1553ac 6536e182cca748a0b6092dad330042d3 7aeb5f936e9a4de5952c28a6ae9592fa - - default default] Unable to schedule network af1de80a-7008-4870-a32e-e458cd68040e: no agents available; will retry on subsequent port and subnet creation events.
2026-05-29 12:37:54.145 10 INFO neutron.db.ovn_revision_numbers_db [None req-f1b95b19-7740-4d9e-8c95-d34ba253f1b8 6536e182cca748a0b6092dad330042d3 7aeb5f936e9a4de5952c28a6ae9592fa - - default default] Successfully bumped revision number for resource 4750b3f1-7c94-479b-99e8-04b6c4430950 (type: security_groups) to 1
2026-05-29 12:37:54.164 10 INFO neutron.db.ovn_revision_numbers_db [None req-f1b95b19-7740-4d9e-8c95-d34ba253f1b8 6536e182cca748a0b6092dad330042d3 7aeb5f936e9a4de5952c28a6ae9592fa - - default default] Successfully bumped revision number for resource 0ab3150c-c599-4d7c-9c55-ca5d23dc27c5 (type: security_group_rules) to 0
2026-05-29 12:37:54.182 10 INFO neutron.db.ovn_revision_numbers_db [None req-f1b95b19-7740-4d9e-8c95-d34ba253f1b8 6536e182cca748a0b6092dad330042d3 7aeb5f936e9a4de5952c28a6ae9592fa - - default default] Successfully bumped revision number for resource 4eda83db-0da7-4211-ba33-d5fa7ff2666a (type: security_group_rules) to 0
2026-05-29 12:37:54.198 10 INFO neutron.db.ovn_revision_numbers_db [None req-f1b95b19-7740-4d9e-8c95-d34ba253f1b8 6536e182cca748a0b6092dad330042d3 7aeb5f936e9a4de5952c28a6ae9592fa - - default default] Successfully bumped revision number for resource 78ae33b3-7006-46b6-a36f-599609641c37 (type: security_group_rules) to 0
2026-05-29 12:37:54.211 10 INFO neutron.db.ovn_revision_numbers_db [None req-f1b95b19-7740-4d9e-8c95-d34ba253f1b8 6536e182cca748a0b6092dad330042d3 7aeb5f936e9a4de5952c28a6ae9592fa - - default default] Successfully bumped revision number for resource 9edfa8ec-a91f-4d5b-b5ab-54e67f616f61 (type: security_group_rules) to 0
2026-05-29 12:37:54.238 10 INFO neutron.wsgi [None req-f1b95b19-7740-4d9e-8c95-d34ba253f1b8 6536e182cca748a0b6092dad330042d3 7aeb5f936e9a4de5952c28a6ae9592fa - - default default] 10.0.0.132 "GET /v2.0/security-groups?tenant_id=80ffbf521b504f9eb4670bcb9dd1216e&name=default HTTP/1.1" status: 200 len: 2996 time: 0.4783833
2026-05-29 12:37:54.306 9 INFO neutron.db.ovn_revision_numbers_db [None req-a8c701c4-2d2c-41ee-babb-a855ef1553ac 6536e182cca748a0b6092dad330042d3 7aeb5f936e9a4de5952c28a6ae9592fa - - default default] Successfully bumped revision number for resource dc01a33a-b411-458c-ad0b-8d8221379c51 (type: ports) to 1
2026-05-29 12:37:54.311 9 INFO neutron.db.ovn_revision_numbers_db [None req-2deb7ca2-b675-467f-80a9-ac64531b3266 - - - - - -] Successfully bumped revision number for resource 915fcf3a-86fd-4d34-8f32-fab41dceef92 (type: router_ports) to 3
2026-05-29 12:37:54.456 10 INFO neutron.wsgi [None req-c3c7513a-a05f-46a2-8922-25345a67331e 6536e182cca748a0b6092dad330042d3 7aeb5f936e9a4de5952c28a6ae9592fa - - default default] 10.0.0.132 "DELETE /v2.0/security-groups/4750b3f1-7c94-479b-99e8-04b6c4430950 HTTP/1.1" status: 204 len: 168 time: 0.2131219
2026-05-29 12:37:54.738 9 INFO neutron.db.ovn_revision_numbers_db [None req-2deb7ca2-b675-467f-80a9-ac64531b3266 - - - - - -] Successfully bumped revision number for resource 915fcf3a-86fd-4d34-8f32-fab41dceef92 (type: ports) to 2
2026-05-29 12:37:54.745 10 INFO neutron.db.ovn_revision_numbers_db [None req-ae6b8718-0c81-4bb8-922a-048c91e1752a 6536e182cca748a0b6092dad330042d3 7aeb5f936e9a4de5952c28a6ae9592fa - - default default] Successfully bumped revision number for resource c04309a5-401b-48ba-8169-911775630445 (type: security_groups) to 1
2026-05-29 12:37:54.762 10 INFO neutron.db.ovn_revision_numbers_db [None req-ae6b8718-0c81-4bb8-922a-048c91e1752a 6536e182cca748a0b6092dad330042d3 7aeb5f936e9a4de5952c28a6ae9592fa - - default default] Successfully bumped revision number for resource 6600c49f-9a3d-47a4-8371-59d76fbc5e54 (type: security_group_rules) to 0
2026-05-29 12:37:54.780 10 INFO neutron.db.ovn_revision_numbers_db [None req-ae6b8718-0c81-4bb8-922a-048c91e1752a 6536e182cca748a0b6092dad330042d3 7aeb5f936e9a4de5952c28a6ae9592fa - - default default] Successfully bumped revision number for resource 7d7731dd-39a9-4570-b43c-5ade820ca9bf (type: security_group_rules) to 0
2026-05-29 12:37:54.794 10 INFO neutron.db.ovn_revision_numbers_db [None req-ae6b8718-0c81-4bb8-922a-048c91e1752a 6536e182cca748a0b6092dad330042d3 7aeb5f936e9a4de5952c28a6ae9592fa - - default default] Successfully bumped revision number for resource aa2b04f7-8deb-4f75-8884-4f5fc8a8f864 (type: security_group_rules) to 0
2026-05-29 12:37:54.807 10 INFO neutron.db.ovn_revision_numbers_db [None req-ae6b8718-0c81-4bb8-922a-048c91e1752a 6536e182cca748a0b6092dad330042d3 7aeb5f936e9a4de5952c28a6ae9592fa - - default default] Successfully bumped revision number for resource e91201cf-3c22-4ca8-8e14-612f459de8cc (type: security_group_rules) to 0
2026-05-29 12:37:54.832 10 INFO neutron.wsgi [None req-ae6b8718-0c81-4bb8-922a-048c91e1752a 6536e182cca748a0b6092dad330042d3 7aeb5f936e9a4de5952c28a6ae9592fa - - default default] 10.0.0.132 "GET /v2.0/security-groups?tenant_id=96ed92aa796a46328a6e78198e1cb01c&name=default HTTP/1.1" status: 200 len: 2996 time: 0.2002389
2026-05-29 12:37:55.029 10 INFO neutron.plugins.ml2.drivers.ovn.mech_driver.mech_driver [None req-374daa48-2896-4fee-8cdc-9b0cc76000ad - - - - - -] OVN reports status up for port: dc01a33a-b411-458c-ad0b-8d8221379c51
2026-05-29 12:37:55.039 10 INFO neutron.plugins.ml2.plugin [None req-374daa48-2896-4fee-8cdc-9b0cc76000ad - - - - - -] Attempt 1 to provision port dc01a33a-b411-458c-ad0b-8d8221379c51
2026-05-29 12:37:55.059 10 INFO neutron.wsgi [None req-399ba270-ab9f-41ac-978d-25d98856f35a 6536e182cca748a0b6092dad330042d3 7aeb5f936e9a4de5952c28a6ae9592fa - - default default] 10.0.0.132 "DELETE /v2.0/security-groups/c04309a5-401b-48ba-8169-911775630445 HTTP/1.1" status: 204 len: 168 time: 0.2190602
2026-05-29 12:37:55.068 9 INFO neutron.db.ovn_revision_numbers_db [None req-a8c701c4-2d2c-41ee-babb-a855ef1553ac 6536e182cca748a0b6092dad330042d3 7aeb5f936e9a4de5952c28a6ae9592fa - - default default] Successfully bumped revision number for resource dc01a33a-b411-458c-ad0b-8d8221379c51 (type: router_ports) to 1
2026-05-29 12:37:55.078 9 INFO neutron.db.ovn_revision_numbers_db [None req-2deb7ca2-b675-467f-80a9-ac64531b3266 - - - - - -] Successfully bumped revision number for resource 915fcf3a-86fd-4d34-8f32-fab41dceef92 (type: ports) to 4
2026-05-29 12:37:55.289 9 INFO neutron.db.ovn_revision_numbers_db [None req-a8c701c4-2d2c-41ee-babb-a855ef1553ac 6536e182cca748a0b6092dad330042d3 7aeb5f936e9a4de5952c28a6ae9592fa - - default default] Successfully bumped revision number for resource dc01a33a-b411-458c-ad0b-8d8221379c51 (type: ports) to 1
2026-05-29 12:37:55.299 10 INFO neutron.db.ovn_revision_numbers_db [None req-374daa48-2896-4fee-8cdc-9b0cc76000ad - - - - - -] Successfully bumped revision number for resource dc01a33a-b411-458c-ad0b-8d8221379c51 (type: ports) to 2
2026-05-29 12:37:55.370 10 INFO neutron.db.ovn_revision_numbers_db [None req-374daa48-2896-4fee-8cdc-9b0cc76000ad - - - - - -] Successfully bumped revision number for resource dc01a33a-b411-458c-ad0b-8d8221379c51 (type: router_ports) to 2
2026-05-29 12:37:55.372 9 INFO neutron.db.ovn_revision_numbers_db [None req-2deb7ca2-b675-467f-80a9-ac64531b3266 - - - - - -] Successfully bumped revision number for resource 915fcf3a-86fd-4d34-8f32-fab41dceef92 (type: router_ports) to 4
2026-05-29 12:37:55.389 9 WARNING neutron.scheduler.dhcp_agent_scheduler [None req-a8c701c4-2d2c-41ee-babb-a855ef1553ac 6536e182cca748a0b6092dad330042d3 7aeb5f936e9a4de5952c28a6ae9592fa - - default default] No more DHCP agents
2026-05-29 12:37:55.392 9 WARNING neutron.api.rpc.agentnotifiers.dhcp_rpc_agent_api [None req-a8c701c4-2d2c-41ee-babb-a855ef1553ac 6536e182cca748a0b6092dad330042d3 7aeb5f936e9a4de5952c28a6ae9592fa - - default default] Unable to schedule network af1de80a-7008-4870-a32e-e458cd68040e: no agents available; will retry on subsequent port and subnet creation events.
2026-05-29 12:37:55.862 9 INFO neutron.db.ovn_revision_numbers_db [None req-a8c701c4-2d2c-41ee-babb-a855ef1553ac 6536e182cca748a0b6092dad330042d3 7aeb5f936e9a4de5952c28a6ae9592fa - - default default] Successfully bumped revision number for resource dc01a33a-b411-458c-ad0b-8d8221379c51 (type: router_ports) to 2
2026-05-29 12:37:55.865 9 INFO neutron.wsgi [None req-a8c701c4-2d2c-41ee-babb-a855ef1553ac 6536e182cca748a0b6092dad330042d3 7aeb5f936e9a4de5952c28a6ae9592fa - - default default] 10.0.0.132 "PUT /v2.0/routers/0b755a40-2885-487a-b625-beb3158e8d11/add_router_interface HTTP/1.1" status: 200 len: 503 time: 2.3493457
2026-05-29 12:37:56.435 10 INFO neutron.wsgi [None req-0841e6ae-9602-421a-a296-5277b830bc3e 6536e182cca748a0b6092dad330042d3 7aeb5f936e9a4de5952c28a6ae9592fa - - default default] 10.0.0.113 "GET /v2.0/ports HTTP/1.1" status: 200 len: 8576 time: 0.1791999
2026-05-29 12:37:56.451 10 INFO neutron.db.ovn_revision_numbers_db [None req-fe8df5e9-a1f6-452a-9fb9-e68df20d7b8f 6536e182cca748a0b6092dad330042d3 7aeb5f936e9a4de5952c28a6ae9592fa - - default default] Successfully bumped revision number for resource fa29288b-4664-4fdc-8ef7-19c654d3d2e8 (type: security_groups) to 1
2026-05-29 12:37:56.471 10 INFO neutron.wsgi [None req-00d93f3b-5da6-4fe5-b52d-3cec0b3afcff 6536e182cca748a0b6092dad330042d3 7aeb5f936e9a4de5952c28a6ae9592fa - - default default] 10.0.0.113 "GET /v2.0/floatingips HTTP/1.1" status: 200 len: 193 time: 0.0251274
2026-05-29 12:37:56.483 10 INFO neutron.db.ovn_revision_numbers_db [None req-fe8df5e9-a1f6-452a-9fb9-e68df20d7b8f 6536e182cca748a0b6092dad330042d3 7aeb5f936e9a4de5952c28a6ae9592fa - - default default] Successfully bumped revision number for resource 04b42431-eb47-4975-9ade-2c68e12f7400 (type: security_group_rules) to 0
2026-05-29 12:37:56.507 10 INFO neutron.db.ovn_revision_numbers_db [None req-fe8df5e9-a1f6-452a-9fb9-e68df20d7b8f 6536e182cca748a0b6092dad330042d3 7aeb5f936e9a4de5952c28a6ae9592fa - - default default] Successfully bumped revision number for resource 2b500521-cfba-4d93-9149-a7eaa1cd1556 (type: security_group_rules) to 0
2026-05-29 12:37:56.534 10 INFO neutron.wsgi [None req-b97d3608-8f7d-4bbf-b019-3909ce843dcc 6536e182cca748a0b6092dad330042d3 7aeb5f936e9a4de5952c28a6ae9592fa - - default default] 10.0.0.113 "GET /v2.0/security-groups HTTP/1.1" status: 200 len: 22363 time: 0.0619726
2026-05-29 12:37:56.535 10 INFO neutron.db.ovn_revision_numbers_db [None req-fe8df5e9-a1f6-452a-9fb9-e68df20d7b8f 6536e182cca748a0b6092dad330042d3 7aeb5f936e9a4de5952c28a6ae9592fa - - default default] Successfully bumped revision number for resource 5cde8ffe-438b-4956-a731-6ab63e2a8251 (type: security_group_rules) to 0
2026-05-29 12:37:56.551 10 INFO neutron.db.ovn_revision_numbers_db [None req-fe8df5e9-a1f6-452a-9fb9-e68df20d7b8f 6536e182cca748a0b6092dad330042d3 7aeb5f936e9a4de5952c28a6ae9592fa - - default default] Successfully bumped revision number for resource 92313efd-7812-4afc-9c07-db3c3ca6ae05 (type: security_group_rules) to 0
2026-05-29 12:37:56.581 10 INFO neutron.wsgi [None req-f1acf340-0ec8-469b-abc8-d4e5ef6ddee3 6536e182cca748a0b6092dad330042d3 7aeb5f936e9a4de5952c28a6ae9592fa - - default default] 10.0.0.113 "GET /v2.0/subnets HTTP/1.1" status: 200 len: 2091 time: 0.0394838
