2026-05-29 12:38:45.613 10 INFO neutron.wsgi [None req-3727aaff-0cf6-4300-a68a-78ebfcfafbbe afd8d014e31d4338b3ff95f469cb2621 0d254b7ceff240d28c3be8defbb36fab - - default default] 10.0.0.132 "GET /v2.0/ports?device_id=d83cad34-88b7-4ff1-949a-3ba906c92183 HTTP/1.1" status: 200 len: 205 time: 0.0250258
2026-05-29 12:38:45.653 10 INFO neutron.wsgi [None req-93cd9826-50b7-4ce5-a748-6cfc6b5bd616 023e332ab0a64e99bdb0346b22745e13 b3bfee72ef3c42b7947e31d838756ce4 - - default default] 10.0.0.132 "DELETE /v2.0/networks/6e4d59e8-61f7-4fae-85a3-30dea481abc3 HTTP/1.1" status: 204 len: 168 time: 0.8255947
2026-05-29 12:38:46.044 9 INFO neutron.services.segments.plugin [-] Segment 693d66dd-e912-4fe2-a307-f5906f4780da resource provider aggregate not found
2026-05-29 12:38:46.048 9 INFO neutron.services.segments.plugin [-] Segment 693d66dd-e912-4fe2-a307-f5906f4780da resource provider aggregate not found
2026-05-29 12:38:46.066 9 INFO neutron.services.segments.plugin [-] Segment 693d66dd-e912-4fe2-a307-f5906f4780da resource provider not found; error: Placement Client Error (4xx): {"errors": [{"status": 404, "title": "Not Found", "detail": "The resource could not be found.\n\n No resource provider with uuid 693d66dd-e912-4fe2-a307-f5906f4780da found for delete ", "request_id": "req-8d576f98-c9e9-4549-a277-5826ed34d634"}]}
2026-05-29 12:38:46.067 9 INFO neutron.services.segments.plugin [-] Segment 693d66dd-e912-4fe2-a307-f5906f4780da resource provider not found; error: Placement Client Error (4xx): {"errors": [{"status": 404, "title": "Not Found", "detail": "The resource could not be found.\n\n No resource provider with uuid 693d66dd-e912-4fe2-a307-f5906f4780da found for delete ", "request_id": "req-cc338214-0e23-40d5-98ca-2d0acd28c0db"}]}
2026-05-29 12:38:46.096 9 INFO neutron.wsgi [None req-a678e125-cb9e-42fa-8829-f15dcb1b329d 023e332ab0a64e99bdb0346b22745e13 b3bfee72ef3c42b7947e31d838756ce4 - - default default] 10.0.0.132 "DELETE /v2.0/networks/f8aed3ab-0a36-4648-a6c3-00fd045e32b8 HTTP/1.1" status: 204 len: 168 time: 0.4370332
2026-05-29 12:38:46.123 10 INFO neutron.wsgi [None req-aa87cb8d-d81e-479f-95b0-6392153444be 6536e182cca748a0b6092dad330042d3 7aeb5f936e9a4de5952c28a6ae9592fa - - default default] 10.0.0.132 "DELETE /v2.0/security-groups/bafa9543-a3b4-4f49-8ead-63af9a897fd5 HTTP/1.1" status: 204 len: 168 time: 0.7057147
2026-05-29 12:38:46.159 10 INFO neutron.wsgi [None req-8bbef83d-0803-4aff-add5-e1ef757ef787 afd8d014e31d4338b3ff95f469cb2621 0d254b7ceff240d28c3be8defbb36fab - - default default] 10.0.0.132 "DELETE /v2.0/routers/d83cad34-88b7-4ff1-949a-3ba906c92183 HTTP/1.1" status: 204 len: 168 time: 0.5364506
2026-05-29 12:38:46.344 9 INFO neutron.wsgi [-] 10.0.0.202 "GET / HTTP/1.1" status: 200 len: 246 time: 0.0016174
2026-05-29 12:38:46.346 9 INFO neutron.wsgi [-] 10.0.0.202 "GET / HTTP/1.1" status: 200 len: 246 time: 0.0014079
2026-05-29 12:38:46.394 10 INFO neutron.wsgi [None req-dea75c2b-6b7b-48bf-a98e-5c78e7658d08 afd8d014e31d4338b3ff95f469cb2621 0d254b7ceff240d28c3be8defbb36fab - - default default] 10.0.0.132 "DELETE /v2.0/subnets/dcb9f0b2-f115-4ac4-8cd8-c229727288ba HTTP/1.1" status: 204 len: 168 time: 0.2311347
2026-05-29 12:38:46.506 9 INFO neutron.wsgi [None req-3cf60e45-24da-44e8-a99a-5546c22a8201 023e332ab0a64e99bdb0346b22745e13 b3bfee72ef3c42b7947e31d838756ce4 - - default default] 10.0.0.132 "DELETE /v2.0/networks/083145c3-b29d-4b8f-9066-efd75da4efbb HTTP/1.1" status: 204 len: 168 time: 0.4038906
2026-05-29 12:38:46.808 10 INFO neutron.wsgi [None req-8cfa5a9d-61a6-4957-a655-b952dd6077be afd8d014e31d4338b3ff95f469cb2621 0d254b7ceff240d28c3be8defbb36fab - - default default] 10.0.0.132 "DELETE /v2.0/networks/5f56d273-88db-480f-8bea-a5b074a62e83 HTTP/1.1" status: 204 len: 168 time: 0.4082794
2026-05-29 12:38:46.818 10 WARNING neutron_lib.context [None req-2ac95217-dca5-4f5b-ba80-ba10cd597c85 afd8d014e31d4338b3ff95f469cb2621 0d254b7ceff240d28c3be8defbb36fab - - default default] Method 'is_advsvc' is deprecated since 2023.2 release (neutron-lib 3.8.0) and will be removed once support for the old RBAC API policies will be removed from Neutron. Please use method 'is_service_role' instead.
2026-05-29 12:38:46.875 9 INFO neutron.wsgi [None req-1117ebe5-326d-47e5-b73b-8d96a1528a26 023e332ab0a64e99bdb0346b22745e13 b3bfee72ef3c42b7947e31d838756ce4 - - default default] 10.0.0.132 "DELETE /v2.0/networks/30c1a0e5-d29a-4310-b48d-76272ce43bd5 HTTP/1.1" status: 204 len: 168 time: 0.3627849
2026-05-29 12:38:46.908 9 INFO neutron.db.ovn_revision_numbers_db [None req-509ab424-4349-4c58-b54c-48f0fdce3564 6536e182cca748a0b6092dad330042d3 7aeb5f936e9a4de5952c28a6ae9592fa - - default default] Successfully bumped revision number for resource 427a1675-52b8-460f-a9f6-c602109d8c6c (type: security_groups) to 1
2026-05-29 12:38:46.912 10 INFO neutron.db.segments_db [None req-2ac95217-dca5-4f5b-ba80-ba10cd597c85 afd8d014e31d4338b3ff95f469cb2621 0d254b7ceff240d28c3be8defbb36fab - - default default] Added segment e913f978-651b-4b28-a671-7f1ddcc9d060 of type geneve for network b3ff4c26-3cac-42ca-8525-9459f86febf4
2026-05-29 12:38:46.921 9 INFO neutron.db.ovn_revision_numbers_db [None req-509ab424-4349-4c58-b54c-48f0fdce3564 6536e182cca748a0b6092dad330042d3 7aeb5f936e9a4de5952c28a6ae9592fa - - default default] Successfully bumped revision number for resource 2354c4b8-ed70-4743-91de-cf3cb318f6b2 (type: security_group_rules) to 0
2026-05-29 12:38:46.938 9 INFO neutron.db.ovn_revision_numbers_db [None req-509ab424-4349-4c58-b54c-48f0fdce3564 6536e182cca748a0b6092dad330042d3 7aeb5f936e9a4de5952c28a6ae9592fa - - default default] Successfully bumped revision number for resource 362555ca-cff6-4e1a-ac3e-2eea972c6e56 (type: security_group_rules) to 0
2026-05-29 12:38:46.951 9 INFO neutron.db.ovn_revision_numbers_db [None req-509ab424-4349-4c58-b54c-48f0fdce3564 6536e182cca748a0b6092dad330042d3 7aeb5f936e9a4de5952c28a6ae9592fa - - default default] Successfully bumped revision number for resource c294ce79-47e3-473c-bf49-24330c86e5b7 (type: security_group_rules) to 0
2026-05-29 12:38:46.967 9 INFO neutron.db.ovn_revision_numbers_db [None req-509ab424-4349-4c58-b54c-48f0fdce3564 6536e182cca748a0b6092dad330042d3 7aeb5f936e9a4de5952c28a6ae9592fa - - default default] Successfully bumped revision number for resource f79b0b28-50d1-4085-a0c0-945c8e2fc54d (type: security_group_rules) to 0
2026-05-29 12:38:47.023 9 INFO neutron.db.segments_db [None req-509ab424-4349-4c58-b54c-48f0fdce3564 6536e182cca748a0b6092dad330042d3 7aeb5f936e9a4de5952c28a6ae9592fa - - default default] Added segment 1d5c4374-728e-473d-904d-033bf21c6522 of type geneve for network 9e9568d4-2313-4793-a6f9-afaa4afcd76d
2026-05-29 12:38:47.044 10 INFO neutron.services.segments.plugin [-] Segment 20aba7ae-3d88-4123-8fd5-c5219b7187e9 resource provider aggregate not found
2026-05-29 12:38:47.066 10 INFO neutron.services.segments.plugin [-] Segment 20aba7ae-3d88-4123-8fd5-c5219b7187e9 resource provider not found; error: Placement Client Error (4xx): {"errors": [{"status": 404, "title": "Not Found", "detail": "The resource could not be found.\n\n No resource provider with uuid 20aba7ae-3d88-4123-8fd5-c5219b7187e9 found for delete ", "request_id": "req-86f65b26-6099-4f9a-af66-23296ebb822f"}]}
2026-05-29 12:38:47.092 10 INFO neutron.services.segments.plugin [-] Segment 20aba7ae-3d88-4123-8fd5-c5219b7187e9 resource provider aggregate not found
2026-05-29 12:38:47.104 10 INFO neutron.services.segments.plugin [-] Segment 51ee9558-d915-4036-a535-6fa1895c2b0e resource provider aggregate not found
2026-05-29 12:38:47.112 10 INFO neutron.services.segments.plugin [-] Segment 20aba7ae-3d88-4123-8fd5-c5219b7187e9 resource provider not found; error: Placement Client Error (4xx): {"errors": [{"status": 404, "title": "Not Found", "detail": "The resource could not be found.\n\n No resource provider with uuid 20aba7ae-3d88-4123-8fd5-c5219b7187e9 found for delete ", "request_id": "req-990720c1-a8f4-40c7-98be-1137af25a5a8"}]}
2026-05-29 12:38:47.131 10 INFO neutron.services.segments.plugin [-] Segment 51ee9558-d915-4036-a535-6fa1895c2b0e resource provider not found; error: Placement Client Error (4xx): {"errors": [{"status": 404, "title": "Not Found", "detail": "The resource could not be found.\n\n No resource provider with uuid 51ee9558-d915-4036-a535-6fa1895c2b0e found for delete ", "request_id": "req-bc1323cf-e42f-4480-9eb8-2f2a7a3ad8f5"}]}
2026-05-29 12:38:47.135 10 INFO neutron.services.segments.plugin [-] Segment 51ee9558-d915-4036-a535-6fa1895c2b0e resource provider aggregate not found
2026-05-29 12:38:47.162 10 INFO neutron.services.segments.plugin [-] Segment 51ee9558-d915-4036-a535-6fa1895c2b0e resource provider not found; error: Placement Client Error (4xx): {"errors": [{"status": 404, "title": "Not Found", "detail": "The resource could not be found.\n\n No resource provider with uuid 51ee9558-d915-4036-a535-6fa1895c2b0e found for delete ", "request_id": "req-91fd63be-7a15-41da-b5c0-f8c58924582b"}]}
2026-05-29 12:38:47.189 9 INFO neutron.db.ovn_revision_numbers_db [None req-509ab424-4349-4c58-b54c-48f0fdce3564 6536e182cca748a0b6092dad330042d3 7aeb5f936e9a4de5952c28a6ae9592fa - - default default] Successfully bumped revision number for resource 9e9568d4-2313-4793-a6f9-afaa4afcd76d (type: networks) to 1
2026-05-29 12:38:47.195 10 INFO neutron.db.ovn_revision_numbers_db [None req-2ac95217-dca5-4f5b-ba80-ba10cd597c85 afd8d014e31d4338b3ff95f469cb2621 0d254b7ceff240d28c3be8defbb36fab - - default default] Successfully bumped revision number for resource b3ff4c26-3cac-42ca-8525-9459f86febf4 (type: networks) to 1
2026-05-29 12:38:47.345 9 WARNING neutron.scheduler.dhcp_agent_scheduler [None req-509ab424-4349-4c58-b54c-48f0fdce3564 6536e182cca748a0b6092dad330042d3 7aeb5f936e9a4de5952c28a6ae9592fa - - default default] No more DHCP agents
2026-05-29 12:38:47.346 9 WARNING neutron.api.rpc.agentnotifiers.dhcp_rpc_agent_api [None req-509ab424-4349-4c58-b54c-48f0fdce3564 6536e182cca748a0b6092dad330042d3 7aeb5f936e9a4de5952c28a6ae9592fa - - default default] Unable to schedule network 9e9568d4-2313-4793-a6f9-afaa4afcd76d: no agents available; will retry on subsequent port and subnet creation events.
2026-05-29 12:38:47.420 10 WARNING neutron.scheduler.dhcp_agent_scheduler [None req-2ac95217-dca5-4f5b-ba80-ba10cd597c85 afd8d014e31d4338b3ff95f469cb2621 0d254b7ceff240d28c3be8defbb36fab - - default default] No more DHCP agents
2026-05-29 12:38:47.422 10 WARNING neutron.api.rpc.agentnotifiers.dhcp_rpc_agent_api [None req-2ac95217-dca5-4f5b-ba80-ba10cd597c85 afd8d014e31d4338b3ff95f469cb2621 0d254b7ceff240d28c3be8defbb36fab - - default default] Unable to schedule network b3ff4c26-3cac-42ca-8525-9459f86febf4: no agents available; will retry on subsequent port and subnet creation events.
2026-05-29 12:38:47.426 9 INFO neutron.db.ovn_revision_numbers_db [None req-509ab424-4349-4c58-b54c-48f0fdce3564 6536e182cca748a0b6092dad330042d3 7aeb5f936e9a4de5952c28a6ae9592fa - - default default] Successfully bumped revision number for resource 7e9c8d06-f1af-4e10-8136-5dd0921affdb (type: ports) to 1
2026-05-29 12:38:47.443 9 INFO neutron.wsgi [None req-509ab424-4349-4c58-b54c-48f0fdce3564 6536e182cca748a0b6092dad330042d3 7aeb5f936e9a4de5952c28a6ae9592fa - - default default] 10.0.0.132 "POST /v2.0/networks HTTP/1.1" status: 201 len: 943 time: 0.7060611
2026-05-29 12:38:47.499 10 INFO neutron.wsgi [None req-5323e1eb-af9c-41fd-a42d-c30812fefd5e 023e332ab0a64e99bdb0346b22745e13 b3bfee72ef3c42b7947e31d838756ce4 - - default default] 10.0.0.132 "DELETE /v2.0/networks/63030ac6-69d6-49d1-a571-1643525e06b3 HTTP/1.1" status: 204 len: 168 time: 0.6190662
2026-05-29 12:38:47.525 10 INFO neutron.db.ovn_revision_numbers_db [None req-2ac95217-dca5-4f5b-ba80-ba10cd597c85 afd8d014e31d4338b3ff95f469cb2621 0d254b7ceff240d28c3be8defbb36fab - - default default] Successfully bumped revision number for resource a8742770-dc09-428b-b990-8c460b93e634 (type: ports) to 1
2026-05-29 12:38:47.548 10 INFO neutron.wsgi [None req-2ac95217-dca5-4f5b-ba80-ba10cd597c85 afd8d014e31d4338b3ff95f469cb2621 0d254b7ceff240d28c3be8defbb36fab - - default default] 10.0.0.132 "POST /v2.0/networks HTTP/1.1" status: 201 len: 833 time: 0.7331660
2026-05-29 12:38:47.559 10 WARNING neutron_lib.context [None req-004e8a4f-28fc-432f-a4f0-68f46b91a111 afd8d014e31d4338b3ff95f469cb2621 0d254b7ceff240d28c3be8defbb36fab - - default default] Method 'is_advsvc' is deprecated since 2023.2 release (neutron-lib 3.8.0) and will be removed once support for the old RBAC API policies will be removed from Neutron. Please use method 'is_service_role' instead.
2026-05-29 12:38:47.596 9 WARNING neutron.scheduler.dhcp_agent_scheduler [None req-9ff5964f-dac6-4545-825f-48f691710751 6536e182cca748a0b6092dad330042d3 7aeb5f936e9a4de5952c28a6ae9592fa - - default default] No more DHCP agents
2026-05-29 12:38:47.599 9 WARNING neutron.api.rpc.agentnotifiers.dhcp_rpc_agent_api [None req-9ff5964f-dac6-4545-825f-48f691710751 6536e182cca748a0b6092dad330042d3 7aeb5f936e9a4de5952c28a6ae9592fa - - default default] Unable to schedule network 9e9568d4-2313-4793-a6f9-afaa4afcd76d: no agents available; will retry on subsequent port and subnet creation events.
2026-05-29 12:38:47.782 10 WARNING neutron.scheduler.dhcp_agent_scheduler [None req-004e8a4f-28fc-432f-a4f0-68f46b91a111 afd8d014e31d4338b3ff95f469cb2621 0d254b7ceff240d28c3be8defbb36fab - - default default] No more DHCP agents
2026-05-29 12:38:47.787 10 WARNING neutron.api.rpc.agentnotifiers.dhcp_rpc_agent_api [None req-004e8a4f-28fc-432f-a4f0-68f46b91a111 afd8d014e31d4338b3ff95f469cb2621 0d254b7ceff240d28c3be8defbb36fab - - default default] Unable to schedule network b3ff4c26-3cac-42ca-8525-9459f86febf4: no agents available; will retry on subsequent port and subnet creation events.
2026-05-29 12:38:47.819 10 INFO neutron.db.ovn_revision_numbers_db [None req-004e8a4f-28fc-432f-a4f0-68f46b91a111 afd8d014e31d4338b3ff95f469cb2621 0d254b7ceff240d28c3be8defbb36fab - - default default] Successfully bumped revision number for resource a9aa854f-6617-4b24-a54d-babf598d1958 (type: subnets) to 0
2026-05-29 12:38:47.834 10 INFO neutron.wsgi [None req-004e8a4f-28fc-432f-a4f0-68f46b91a111 afd8d014e31d4338b3ff95f469cb2621 0d254b7ceff240d28c3be8defbb36fab - - default default] 10.0.0.132 "POST /v2.0/subnets HTTP/1.1" status: 201 len: 821 time: 0.2798529
2026-05-29 12:38:47.842 10 WARNING neutron_lib.context [None req-b088fee3-3b12-40b2-ae23-c4755bf9336b afd8d014e31d4338b3ff95f469cb2621 0d254b7ceff240d28c3be8defbb36fab - - default default] Method 'is_advsvc' is deprecated since 2023.2 release (neutron-lib 3.8.0) and will be removed once support for the old RBAC API policies will be removed from Neutron. Please use method 'is_service_role' instead.
2026-05-29 12:38:48.028 10 INFO neutron.db.ovn_revision_numbers_db [None req-b088fee3-3b12-40b2-ae23-c4755bf9336b afd8d014e31d4338b3ff95f469cb2621 0d254b7ceff240d28c3be8defbb36fab - - default default] Successfully bumped revision number for resource d00e9268-5c96-4e0b-93ca-19a250a76a4e (type: routers) to 1
2026-05-29 12:38:48.046 10 INFO neutron.wsgi [None req-b088fee3-3b12-40b2-ae23-c4755bf9336b afd8d014e31d4338b3ff95f469cb2621 0d254b7ceff240d28c3be8defbb36fab - - default default] 10.0.0.132 "POST /v2.0/routers HTTP/1.1" status: 201 len: 689 time: 0.2079039
2026-05-29 12:38:48.091 9 INFO neutron.services.segments.plugin [-] Segment c670f821-75fd-43cd-a213-211a76ac1acd resource provider aggregate not found
2026-05-29 12:38:48.097 9 INFO neutron.services.segments.plugin [-] Segment c670f821-75fd-43cd-a213-211a76ac1acd resource provider aggregate not found
2026-05-29 12:38:48.105 9 INFO neutron.services.segments.plugin [-] Segment c670f821-75fd-43cd-a213-211a76ac1acd resource provider not found; error: Placement Client Error (4xx): {"errors": [{"status": 404, "title": "Not Found", "detail": "The resource could not be found.\n\n No resource provider with uuid c670f821-75fd-43cd-a213-211a76ac1acd found for delete ", "request_id": "req-354e162a-ae6f-48c6-b3ee-5d79b4c3838d"}]}
2026-05-29 12:38:48.119 9 INFO neutron.services.segments.plugin [-] Segment 632009a9-fe80-4575-9900-a94dbea715d5 resource provider aggregate not found
2026-05-29 12:38:48.126 9 INFO neutron.services.segments.plugin [-] Segment c670f821-75fd-43cd-a213-211a76ac1acd resource provider not found; error: Placement Client Error (4xx): {"errors": [{"status": 404, "title": "Not Found", "detail": "The resource could not be found.\n\n No resource provider with uuid c670f821-75fd-43cd-a213-211a76ac1acd found for delete ", "request_id": "req-766eeeff-028f-4ff7-bf6c-a743265bb982"}]}
2026-05-29 12:38:48.137 9 INFO neutron.services.segments.plugin [-] Segment 632009a9-fe80-4575-9900-a94dbea715d5 resource provider not found; error: Placement Client Error (4xx): {"errors": [{"status": 404, "title": "Not Found", "detail": "The resource could not be found.\n\n No resource provider with uuid 632009a9-fe80-4575-9900-a94dbea715d5 found for delete ", "request_id": "req-d39153ef-e2e3-4c17-86a1-64dfbff0ef71"}]}
2026-05-29 12:38:48.143 9 INFO neutron.services.segments.plugin [-] Segment 632009a9-fe80-4575-9900-a94dbea715d5 resource provider aggregate not found
2026-05-29 12:38:48.158 9 INFO neutron.services.segments.plugin [-] Segment 632009a9-fe80-4575-9900-a94dbea715d5 resource provider not found; error: Placement Client Error (4xx): {"errors": [{"status": 404, "title": "Not Found", "detail": "The resource could not be found.\n\n No resource provider with uuid 632009a9-fe80-4575-9900-a94dbea715d5 found for delete ", "request_id": "req-2b030680-63ba-43bb-b0ba-e416808d562a"}]}
2026-05-29 12:38:48.175 9 INFO neutron.db.ovn_revision_numbers_db [None req-9ff5964f-dac6-4545-825f-48f691710751 6536e182cca748a0b6092dad330042d3 7aeb5f936e9a4de5952c28a6ae9592fa - - default default] Successfully bumped revision number for resource 7e9c8d06-f1af-4e10-8136-5dd0921affdb (type: ports) to 2
2026-05-29 12:38:48.195 10 WARNING neutron_lib.context [None req-21c03623-861f-4ca5-80f3-5175b6f4e139 029dc02470e448fb9d1e74959e98b948 5375b13ab12745538c6bf97a084e4efd - - default default] Method 'is_advsvc' is deprecated since 2023.2 release (neutron-lib 3.8.0) and will be removed once support for the old RBAC API policies will be removed from Neutron. Please use method 'is_service_role' instead.
2026-05-29 12:38:48.214 9 INFO neutron.db.ovn_revision_numbers_db [None req-9ff5964f-dac6-4545-825f-48f691710751 6536e182cca748a0b6092dad330042d3 7aeb5f936e9a4de5952c28a6ae9592fa - - default default] Successfully bumped revision number for resource 3a3ebb29-bc15-4fa3-a150-66d63d6c6b64 (type: subnets) to 0
2026-05-29 12:38:48.229 9 INFO neutron.wsgi [None req-9ff5964f-dac6-4545-825f-48f691710751 6536e182cca748a0b6092dad330042d3 7aeb5f936e9a4de5952c28a6ae9592fa - - default default] 10.0.0.132 "POST /v2.0/subnets HTTP/1.1" status: 201 len: 863 time: 0.7815144
2026-05-29 12:38:48.399 10 WARNING neutron.plugins.ml2.drivers.ovn.mech_driver.ovsdb.ovn_client [None req-374daa48-2896-4fee-8cdc-9b0cc76000ad - - - - - -] No port found with ID 4ed81c30-6431-4ac3-85a0-7d44c2fae750: RuntimeError: No port found with ID 4ed81c30-6431-4ac3-85a0-7d44c2fae750
2026-05-29 12:38:48.400 10 INFO neutron.plugins.ml2.drivers.ovn.mech_driver.mech_driver [None req-374daa48-2896-4fee-8cdc-9b0cc76000ad - - - - - -] OVN reports status up for port: 0873a44d-6ac1-4a44-a552-3bc279a2cb31
2026-05-29 12:38:48.420 10 INFO neutron.plugins.ml2.plugin [None req-374daa48-2896-4fee-8cdc-9b0cc76000ad - - - - - -] Attempt 1 to provision port 0873a44d-6ac1-4a44-a552-3bc279a2cb31
2026-05-29 12:38:48.438 10 INFO neutron.db.ovn_revision_numbers_db [None req-21c03623-861f-4ca5-80f3-5175b6f4e139 029dc02470e448fb9d1e74959e98b948 5375b13ab12745538c6bf97a084e4efd - - default default] Successfully bumped revision number for resource 2da2b0cb-994f-438d-bec4-aacbea4389b1 (type: security_groups) to 1
2026-05-29 12:38:48.458 10 INFO neutron.db.ovn_revision_numbers_db [None req-21c03623-861f-4ca5-80f3-5175b6f4e139 029dc02470e448fb9d1e74959e98b948 5375b13ab12745538c6bf97a084e4efd - - default default] Successfully bumped revision number for resource 007b56a4-b134-4da4-b3b5-718b25ae033e (type: security_group_rules) to 0
2026-05-29 12:38:48.482 10 INFO neutron.db.ovn_revision_numbers_db [None req-21c03623-861f-4ca5-80f3-5175b6f4e139 029dc02470e448fb9d1e74959e98b948 5375b13ab12745538c6bf97a084e4efd - - default default] Successfully bumped revision number for resource 5b84bf03-850b-499b-9dce-a0b756c6aa6e (type: security_group_rules) to 0
2026-05-29 12:38:48.522 10 INFO neutron.db.ovn_revision_numbers_db [None req-21c03623-861f-4ca5-80f3-5175b6f4e139 029dc02470e448fb9d1e74959e98b948 5375b13ab12745538c6bf97a084e4efd - - default default] Successfully bumped revision number for resource a1cba575-df0f-4ab6-b847-476459ce9c5f (type: security_group_rules) to 0
2026-05-29 12:38:48.558 10 WARNING neutron.scheduler.dhcp_agent_scheduler [None req-36562dfc-7723-47c2-b9a8-402b68765d64 afd8d014e31d4338b3ff95f469cb2621 0d254b7ceff240d28c3be8defbb36fab - - default default] No more DHCP agents
2026-05-29 12:38:48.563 10 WARNING neutron.api.rpc.agentnotifiers.dhcp_rpc_agent_api [None req-36562dfc-7723-47c2-b9a8-402b68765d64 afd8d014e31d4338b3ff95f469cb2621 0d254b7ceff240d28c3be8defbb36fab - - default default] Unable to schedule network b3ff4c26-3cac-42ca-8525-9459f86febf4: no agents available; will retry on subsequent port and subnet creation events.
2026-05-29 12:38:48.564 10 INFO neutron.db.ovn_revision_numbers_db [None req-21c03623-861f-4ca5-80f3-5175b6f4e139 029dc02470e448fb9d1e74959e98b948 5375b13ab12745538c6bf97a084e4efd - - default default] Successfully bumped revision number for resource d6a139df-8860-4661-81ec-2aa0e7822df0 (type: security_group_rules) to 0
2026-05-29 12:38:48.647 10 INFO neutron.db.segments_db [None req-21c03623-861f-4ca5-80f3-5175b6f4e139 029dc02470e448fb9d1e74959e98b948 5375b13ab12745538c6bf97a084e4efd - - default default] Added segment 670a3e11-b218-429d-a257-f0aa30e8325b of type geneve for network c396d410-5ca9-4b89-91bf-243ed33d041e
2026-05-29 12:38:48.687 9 WARNING neutron.scheduler.dhcp_agent_scheduler [None req-23a690c4-6c73-4d41-926a-fc70bd97aad2 6536e182cca748a0b6092dad330042d3 7aeb5f936e9a4de5952c28a6ae9592fa - - default default] No more DHCP agents
2026-05-29 12:38:48.692 9 WARNING neutron.api.rpc.agentnotifiers.dhcp_rpc_agent_api [None req-23a690c4-6c73-4d41-926a-fc70bd97aad2 6536e182cca748a0b6092dad330042d3 7aeb5f936e9a4de5952c28a6ae9592fa - - default default] Unable to schedule network 37854a1d-de52-480b-9c0c-52f3b08020f6: no agents available; will retry on subsequent port and subnet creation events.
2026-05-29 12:38:48.740 10 INFO neutron.db.ovn_revision_numbers_db [None req-54380a40-7a48-460b-9c81-473130e73dfa 6536e182cca748a0b6092dad330042d3 7aeb5f936e9a4de5952c28a6ae9592fa - - default default] Successfully bumped revision number for resource 4e5223fd-9978-43ed-a29b-038ff7d1219c (type: security_groups) to 1
2026-05-29 12:38:48.766 10 INFO neutron.db.ovn_revision_numbers_db [None req-54380a40-7a48-460b-9c81-473130e73dfa 6536e182cca748a0b6092dad330042d3 7aeb5f936e9a4de5952c28a6ae9592fa - - default default] Successfully bumped revision number for resource 0d27b41b-0883-4ba2-ac9d-94fbba51d158 (type: security_group_rules) to 0
2026-05-29 12:38:48.769 10 INFO neutron.db.ovn_revision_numbers_db [None req-36562dfc-7723-47c2-b9a8-402b68765d64 afd8d014e31d4338b3ff95f469cb2621 0d254b7ceff240d28c3be8defbb36fab - - default default] Successfully bumped revision number for resource eb9aa808-5cab-4cca-8531-2ca999646d84 (type: ports) to 1
2026-05-29 12:38:48.812 10 INFO neutron.db.ovn_revision_numbers_db [None req-54380a40-7a48-460b-9c81-473130e73dfa 6536e182cca748a0b6092dad330042d3 7aeb5f936e9a4de5952c28a6ae9592fa - - default default] Successfully bumped revision number for resource 2ef8625a-029e-400a-acb6-49869bc9ce8d (type: security_group_rules) to 0
2026-05-29 12:38:48.850 10 INFO neutron.db.ovn_revision_numbers_db [None req-54380a40-7a48-460b-9c81-473130e73dfa 6536e182cca748a0b6092dad330042d3 7aeb5f936e9a4de5952c28a6ae9592fa - - default default] Successfully bumped revision number for resource 6b32cc1c-7683-406f-9062-8929c8af1f28 (type: security_group_rules) to 0
2026-05-29 12:38:48.861 10 INFO neutron.db.ovn_revision_numbers_db [None req-21c03623-861f-4ca5-80f3-5175b6f4e139 029dc02470e448fb9d1e74959e98b948 5375b13ab12745538c6bf97a084e4efd - - default default] Successfully bumped revision number for resource c396d410-5ca9-4b89-91bf-243ed33d041e (type: networks) to 1
2026-05-29 12:38:48.864 9 INFO neutron.db.ovn_revision_numbers_db [None req-23a690c4-6c73-4d41-926a-fc70bd97aad2 6536e182cca748a0b6092dad330042d3 7aeb5f936e9a4de5952c28a6ae9592fa - - default default] Successfully bumped revision number for resource d21568a7-8af6-4939-b3df-39e4b52406fb (type: ports) to 1
2026-05-29 12:38:48.874 10 INFO neutron.db.ovn_revision_numbers_db [None req-54380a40-7a48-460b-9c81-473130e73dfa 6536e182cca748a0b6092dad330042d3 7aeb5f936e9a4de5952c28a6ae9592fa - - default default] Successfully bumped revision number for resource b4c1128f-5f22-42c6-b54e-aac149800ca4 (type: security_group_rules) to 0
2026-05-29 12:38:48.910 10 INFO neutron.wsgi [None req-54380a40-7a48-460b-9c81-473130e73dfa 6536e182cca748a0b6092dad330042d3 7aeb5f936e9a4de5952c28a6ae9592fa - - default default] 10.0.0.132 "GET /v2.0/security-groups?tenant_id=ff2adf630211419cb30597932599269d&name=default HTTP/1.1" status: 200 len: 2996 time: 0.5495677
2026-05-29 12:38:49.155 10 INFO neutron.services.segments.plugin [-] Segment 74f019d0-7044-4dfa-b1f4-21aa80308e2a resource provider aggregate not found
2026-05-29 12:38:49.389 10 WARNING neutron.scheduler.dhcp_agent_scheduler [None req-21c03623-861f-4ca5-80f3-5175b6f4e139 029dc02470e448fb9d1e74959e98b948 5375b13ab12745538c6bf97a084e4efd - - default default] No more DHCP agents
2026-05-29 12:38:49.395 10 INFO neutron.services.segments.plugin [-] Segment 74f019d0-7044-4dfa-b1f4-21aa80308e2a resource provider aggregate not found
2026-05-29 12:38:49.399 10 WARNING neutron.api.rpc.agentnotifiers.dhcp_rpc_agent_api [None req-21c03623-861f-4ca5-80f3-5175b6f4e139 029dc02470e448fb9d1e74959e98b948 5375b13ab12745538c6bf97a084e4efd - - default default] Unable to schedule network c396d410-5ca9-4b89-91bf-243ed33d041e: no agents available; will retry on subsequent port and subnet creation events.
2026-05-29 12:38:49.409 10 INFO neutron.services.segments.plugin [-] Segment 74f019d0-7044-4dfa-b1f4-21aa80308e2a resource provider not found; error: Placement Client Error (4xx): {"errors": [{"status": 404, "title": "Not Found", "detail": "The resource could not be found.\n\n No resource provider with uuid 74f019d0-7044-4dfa-b1f4-21aa80308e2a found for delete ", "request_id": "req-e93837c4-3206-4e25-8a64-8e1810c4050c"}]}
2026-05-29 12:38:49.410 10 INFO neutron.services.segments.plugin [-] Segment 74f019d0-7044-4dfa-b1f4-21aa80308e2a resource provider not found; error: Placement Client Error (4xx): {"errors": [{"status": 404, "title": "Not Found", "detail": "The resource could not be found.\n\n No resource provider with uuid 74f019d0-7044-4dfa-b1f4-21aa80308e2a found for delete ", "request_id": "req-b05ddd6b-8858-4071-b2e4-aa1b0c591e62"}]}
2026-05-29 12:38:49.510 10 INFO neutron.db.ovn_revision_numbers_db [None req-21c03623-861f-4ca5-80f3-5175b6f4e139 029dc02470e448fb9d1e74959e98b948 5375b13ab12745538c6bf97a084e4efd - - default default] Successfully bumped revision number for resource 59c6a5b6-e29e-4e7c-8e86-0349e3a5ccb1 (type: ports) to 1
2026-05-29 12:38:49.531 10 INFO neutron.plugins.ml2.drivers.ovn.mech_driver.mech_driver [None req-374daa48-2896-4fee-8cdc-9b0cc76000ad - - - - - -] OVN reports status up for port: eb9aa808-5cab-4cca-8531-2ca999646d84
2026-05-29 12:38:49.542 9 INFO neutron.wsgi [None req-c0524892-9bd4-4e4e-85e2-09987df1c582 6536e182cca748a0b6092dad330042d3 7aeb5f936e9a4de5952c28a6ae9592fa - - default default] 10.0.0.132 "DELETE /v2.0/security-groups/4e5223fd-9978-43ed-a29b-038ff7d1219c HTTP/1.1" status: 204 len: 168 time: 0.6209044
2026-05-29 12:38:49.546 10 INFO neutron.wsgi [None req-21c03623-861f-4ca5-80f3-5175b6f4e139 029dc02470e448fb9d1e74959e98b948 5375b13ab12745538c6bf97a084e4efd - - default default] 10.0.0.132 "POST /v2.0/networks HTTP/1.1" status: 201 len: 848 time: 1.6558397
2026-05-29 12:38:49.549 10 INFO neutron.plugins.ml2.plugin [None req-374daa48-2896-4fee-8cdc-9b0cc76000ad - - - - - -] Attempt 1 to provision port eb9aa808-5cab-4cca-8531-2ca999646d84
2026-05-29 12:38:49.554 9 WARNING neutron_lib.context [None req-57994d82-1cc3-4f62-8941-b730866ba4c6 029dc02470e448fb9d1e74959e98b948 5375b13ab12745538c6bf97a084e4efd - - default default] Method 'is_advsvc' is deprecated since 2023.2 release (neutron-lib 3.8.0) and will be removed once support for the old RBAC API policies will be removed from Neutron. Please use method 'is_service_role' instead.
2026-05-29 12:38:49.569 10 INFO neutron.db.ovn_revision_numbers_db [None req-36562dfc-7723-47c2-b9a8-402b68765d64 afd8d014e31d4338b3ff95f469cb2621 0d254b7ceff240d28c3be8defbb36fab - - default default] Successfully bumped revision number for resource eb9aa808-5cab-4cca-8531-2ca999646d84 (type: router_ports) to 1
2026-05-29 12:38:49.703 10 INFO neutron.db.ovn_revision_numbers_db [None req-36562dfc-7723-47c2-b9a8-402b68765d64 afd8d014e31d4338b3ff95f469cb2621 0d254b7ceff240d28c3be8defbb36fab - - default default] Successfully bumped revision number for resource eb9aa808-5cab-4cca-8531-2ca999646d84 (type: ports) to 1
2026-05-29 12:38:49.827 10 WARNING neutron.scheduler.dhcp_agent_scheduler [None req-36562dfc-7723-47c2-b9a8-402b68765d64 afd8d014e31d4338b3ff95f469cb2621 0d254b7ceff240d28c3be8defbb36fab - - default default] No more DHCP agents
2026-05-29 12:38:49.833 10 WARNING neutron.api.rpc.agentnotifiers.dhcp_rpc_agent_api [None req-36562dfc-7723-47c2-b9a8-402b68765d64 afd8d014e31d4338b3ff95f469cb2621 0d254b7ceff240d28c3be8defbb36fab - - default default] Unable to schedule network b3ff4c26-3cac-42ca-8525-9459f86febf4: no agents available; will retry on subsequent port and subnet creation events.
2026-05-29 12:38:49.867 9 WARNING neutron.scheduler.dhcp_agent_scheduler [None req-57994d82-1cc3-4f62-8941-b730866ba4c6 029dc02470e448fb9d1e74959e98b948 5375b13ab12745538c6bf97a084e4efd - - default default] No more DHCP agents
2026-05-29 12:38:49.871 10 INFO neutron.db.ovn_revision_numbers_db [None req-ea8fe500-47f5-4a4c-9dc7-b21ed5aaf8df 6536e182cca748a0b6092dad330042d3 7aeb5f936e9a4de5952c28a6ae9592fa - - default default] Successfully bumped revision number for resource 5445db70-c874-4ccb-803f-bdb706ca85a2 (type: security_groups) to 1
2026-05-29 12:38:49.883 9 INFO neutron.plugins.ml2.drivers.ovn.mech_driver.ovsdb.ovsdb_monitor [None req-2deb7ca2-b675-467f-80a9-ac64531b3266 - - - - - -] Router c8da5ec6-4006-404e-8773-c9fcc3796246 is bound to host instance
2026-05-29 12:38:49.885 9 WARNING neutron.api.rpc.agentnotifiers.dhcp_rpc_agent_api [None req-57994d82-1cc3-4f62-8941-b730866ba4c6 029dc02470e448fb9d1e74959e98b948 5375b13ab12745538c6bf97a084e4efd - - default default] Unable to schedule network c396d410-5ca9-4b89-91bf-243ed33d041e: no agents available; will retry on subsequent port and subnet creation events.
2026-05-29 12:38:49.920 10 INFO neutron.db.ovn_revision_numbers_db [None req-ea8fe500-47f5-4a4c-9dc7-b21ed5aaf8df 6536e182cca748a0b6092dad330042d3 7aeb5f936e9a4de5952c28a6ae9592fa - - default default] Successfully bumped revision number for resource 268e5dad-a8c6-4fc7-b8b0-7f3b50249bb5 (type: security_group_rules) to 0
2026-05-29 12:38:49.928 9 INFO neutron.db.ovn_revision_numbers_db [None req-23a690c4-6c73-4d41-926a-fc70bd97aad2 6536e182cca748a0b6092dad330042d3 7aeb5f936e9a4de5952c28a6ae9592fa - - default default] Successfully bumped revision number for resource d21568a7-8af6-4939-b3df-39e4b52406fb (type: router_ports) to 1
2026-05-29 12:38:49.970 10 INFO neutron.db.ovn_revision_numbers_db [None req-ea8fe500-47f5-4a4c-9dc7-b21ed5aaf8df 6536e182cca748a0b6092dad330042d3 7aeb5f936e9a4de5952c28a6ae9592fa - - default default] Successfully bumped revision number for resource 85f3db6e-2480-40d6-9479-3d4284ae9926 (type: security_group_rules) to 0
2026-05-29 12:38:50.001 10 INFO neutron.db.ovn_revision_numbers_db [None req-ea8fe500-47f5-4a4c-9dc7-b21ed5aaf8df 6536e182cca748a0b6092dad330042d3 7aeb5f936e9a4de5952c28a6ae9592fa - - default default] Successfully bumped revision number for resource 98749224-18fa-41fd-8b23-01a91e8db17a (type: security_group_rules) to 0
2026-05-29 12:38:50.022 10 INFO neutron.db.ovn_revision_numbers_db [None req-374daa48-2896-4fee-8cdc-9b0cc76000ad - - - - - -] Successfully bumped revision number for resource eb9aa808-5cab-4cca-8531-2ca999646d84 (type: ports) to 2
2026-05-29 12:38:50.026 9 INFO neutron.db.ovn_revision_numbers_db [None req-57994d82-1cc3-4f62-8941-b730866ba4c6 029dc02470e448fb9d1e74959e98b948 5375b13ab12745538c6bf97a084e4efd - - default default] Successfully bumped revision number for resource 0f115f43-4d42-4fe5-84b0-d2c01dae3a3f (type: ports) to 1
2026-05-29 12:38:50.032 10 INFO neutron.db.ovn_revision_numbers_db [None req-ea8fe500-47f5-4a4c-9dc7-b21ed5aaf8df 6536e182cca748a0b6092dad330042d3 7aeb5f936e9a4de5952c28a6ae9592fa - - default default] Successfully bumped revision number for resource dd63f9d0-146c-429d-83b6-2c9787f075a4 (type: security_group_rules) to 0
2026-05-29 12:38:50.085 9 INFO neutron.db.ovn_revision_numbers_db [None req-23a690c4-6c73-4d41-926a-fc70bd97aad2 6536e182cca748a0b6092dad330042d3 7aeb5f936e9a4de5952c28a6ae9592fa - - default default] Successfully bumped revision number for resource c8da5ec6-4006-404e-8773-c9fcc3796246 (type: routers) to 2
2026-05-29 12:38:50.089 9 INFO neutron.wsgi [None req-57994d82-1cc3-4f62-8941-b730866ba4c6 029dc02470e448fb9d1e74959e98b948 5375b13ab12745538c6bf97a084e4efd - - default default] 10.0.0.132 "POST /v2.0/ports HTTP/1.1" status: 201 len: 977 time: 0.5382767 /var/lib/openstack/lib/python3.10/site-packages/pycadf/identifier.py:71: UserWarning: Invalid uuid: neutron. To ensure interoperability, identifiers should be a valid uuid. warnings.warn(('Invalid uuid: %s. To ensure interoperability, '
2026-05-29 12:38:50.102 9 WARNING neutron_lib.context [None req-e0ae0ef2-6741-42ac-8d7e-9e7d7ee295c6 029dc02470e448fb9d1e74959e98b948 5375b13ab12745538c6bf97a084e4efd - - default default] Method 'is_advsvc' is deprecated since 2023.2 release (neutron-lib 3.8.0) and will be removed once support for the old RBAC API policies will be removed from Neutron. Please use method 'is_service_role' instead.
2026-05-29 12:38:50.104 10 INFO neutron.wsgi [None req-ea8fe500-47f5-4a4c-9dc7-b21ed5aaf8df 6536e182cca748a0b6092dad330042d3 7aeb5f936e9a4de5952c28a6ae9592fa - - default default] 10.0.0.132 "GET /v2.0/security-groups?tenant_id=799709bc276648e2b8a4b821230b5918&name=default HTTP/1.1" status: 200 len: 2996 time: 0.4518540
2026-05-29 12:38:50.108 9 INFO neutron.wsgi [None req-23a690c4-6c73-4d41-926a-fc70bd97aad2 6536e182cca748a0b6092dad330042d3 7aeb5f936e9a4de5952c28a6ae9592fa - - default default] 10.0.0.132 "POST /v2.0/routers HTTP/1.1" status: 201 len: 874 time: 1.8743625
2026-05-29 12:38:50.163 10 INFO neutron.db.ovn_revision_numbers_db [None req-36562dfc-7723-47c2-b9a8-402b68765d64 afd8d014e31d4338b3ff95f469cb2621 0d254b7ceff240d28c3be8defbb36fab - - default default] Successfully bumped revision number for resource eb9aa808-5cab-4cca-8531-2ca999646d84 (type: router_ports) to 2
2026-05-29 12:38:50.166 10 INFO neutron.wsgi [None req-36562dfc-7723-47c2-b9a8-402b68765d64 afd8d014e31d4338b3ff95f469cb2621 0d254b7ceff240d28c3be8defbb36fab - - default default] 10.0.0.132 "PUT /v2.0/routers/d00e9268-5c96-4e0b-93ca-19a250a76a4e/add_router_interface HTTP/1.1" status: 200 len: 503 time: 2.1148956
2026-05-29 12:38:50.213 10 INFO neutron.wsgi [None req-4e48c6f2-5ef3-4afd-a407-89fc6df9b8e1 afd8d014e31d4338b3ff95f469cb2621 0d254b7ceff240d28c3be8defbb36fab - - default default] 10.0.0.132 "GET /v2.0/ports/eb9aa808-5cab-4cca-8531-2ca999646d84 HTTP/1.1" status: 200 len: 1141 time: 0.0418563
2026-05-29 12:38:50.256 10 INFO neutron.wsgi [None req-d4a023f7-8e69-4f24-8b45-7d256d50c466 afd8d014e31d4338b3ff95f469cb2621 0d254b7ceff240d28c3be8defbb36fab - - default default] 10.0.0.132 "GET /v2.0/ports/eb9aa808-5cab-4cca-8531-2ca999646d84 HTTP/1.1" status: 200 len: 1141 time: 0.0369766
2026-05-29 12:38:50.284 9 INFO neutron.db.segments_db [None req-e0ae0ef2-6741-42ac-8d7e-9e7d7ee295c6 029dc02470e448fb9d1e74959e98b948 5375b13ab12745538c6bf97a084e4efd - - default default] Added segment 7643c954-6026-49dd-824d-299c4fb3cc0c of type geneve for network b9e5370d-b963-45ff-9c15-94b9e535a30e
2026-05-29 12:38:50.334 9 WARNING neutron.plugins.ml2.drivers.ovn.mech_driver.ovsdb.ovn_client [None req-712c2656-3222-4b2a-9f45-9bc110d09902 - - - - - -] No hosting information found for port f00864e4-1d29-4f50-8c0f-c3086bc99850: RuntimeError: No hosting information found for port f00864e4-1d29-4f50-8c0f-c3086bc99850
2026-05-29 12:38:50.611 9 INFO neutron.db.ovn_revision_numbers_db [None req-e0ae0ef2-6741-42ac-8d7e-9e7d7ee295c6 029dc02470e448fb9d1e74959e98b948 5375b13ab12745538c6bf97a084e4efd - - default default] Successfully bumped revision number for resource b9e5370d-b963-45ff-9c15-94b9e535a30e (type: networks) to 1
2026-05-29 12:38:50.761 9 INFO neutron.wsgi [None req-6cb688b4-5c91-49fc-8267-aaa8f3f68ef9 6536e182cca748a0b6092dad330042d3 7aeb5f936e9a4de5952c28a6ae9592fa - - default default] 10.0.0.132 "DELETE /v2.0/security-groups/5445db70-c874-4ccb-803f-bdb706ca85a2 HTTP/1.1" status: 204 len: 168 time: 0.6502869
2026-05-29 12:38:50.946 10 INFO neutron.wsgi [None req-01232f44-0d97-473e-9396-2777f8f3e3b2 afd8d014e31d4338b3ff95f469cb2621 0d254b7ceff240d28c3be8defbb36fab - - default default] 10.0.0.132 "PUT /v2.0/routers/d00e9268-5c96-4e0b-93ca-19a250a76a4e/remove_router_interface HTTP/1.1" status: 200 len: 503 time: 0.6855679
2026-05-29 12:38:50.947 9 INFO neutron.db.ovn_revision_numbers_db [None req-2deb7ca2-b675-467f-80a9-ac64531b3266 - - - - - -] Successfully bumped revision number for resource d21568a7-8af6-4939-b3df-39e4b52406fb (type: ports) to 1 /var/lib/openstack/lib/python3.10/site-packages/pycadf/identifier.py:71: UserWarning: Invalid uuid: neutron. To ensure interoperability, identifiers should be a valid uuid. warnings.warn(('Invalid uuid: %s. To ensure interoperability, '
2026-05-29 12:38:50.979 10 INFO neutron.wsgi [None req-b3f64bdc-1354-41bd-a50c-345dde35875c afd8d014e31d4338b3ff95f469cb2621 0d254b7ceff240d28c3be8defbb36fab - - default default] 10.0.0.132 "GET /v2.0/ports?device_id=d00e9268-5c96-4e0b-93ca-19a250a76a4e HTTP/1.1" status: 200 len: 205 time: 0.0283120
2026-05-29 12:38:51.232 9 WARNING neutron.scheduler.dhcp_agent_scheduler [None req-e0ae0ef2-6741-42ac-8d7e-9e7d7ee295c6 029dc02470e448fb9d1e74959e98b948 5375b13ab12745538c6bf97a084e4efd - - default default] No more DHCP agents
2026-05-29 12:38:51.238 9 WARNING neutron.api.rpc.agentnotifiers.dhcp_rpc_agent_api [None req-e0ae0ef2-6741-42ac-8d7e-9e7d7ee295c6 029dc02470e448fb9d1e74959e98b948 5375b13ab12745538c6bf97a084e4efd - - default default] Unable to schedule network b9e5370d-b963-45ff-9c15-94b9e535a30e: no agents available; will retry on subsequent port and subnet creation events.
2026-05-29 12:38:51.270 10 INFO neutron.wsgi [None req-edbbfcf7-e2c3-4b04-b02d-c413ad3eaf3a afd8d014e31d4338b3ff95f469cb2621 0d254b7ceff240d28c3be8defbb36fab - - default default] 10.0.0.132 "DELETE /v2.0/routers/d00e9268-5c96-4e0b-93ca-19a250a76a4e HTTP/1.1" status: 204 len: 168 time: 0.2856572
2026-05-29 12:38:51.281 9 INFO neutron.wsgi [None req-a8c152d7-283b-428e-a528-6d9cb41047f3 6536e182cca748a0b6092dad330042d3 7aeb5f936e9a4de5952c28a6ae9592fa - - default default] 10.0.0.132 "GET /v2.0/security-groups?tenant_id=b3bfee72ef3c42b7947e31d838756ce4&name=default HTTP/1.1" status: 200 len: 2996 time: 0.3345158
2026-05-29 12:38:51.397 9 WARNING neutron.scheduler.dhcp_agent_scheduler [None req-d218114c-e2bd-4e3e-9fb5-f05bdc47b631 6536e182cca748a0b6092dad330042d3 7aeb5f936e9a4de5952c28a6ae9592fa - - default default] No more DHCP agents
2026-05-29 12:38:51.403 9 WARNING neutron.api.rpc.agentnotifiers.dhcp_rpc_agent_api [None req-d218114c-e2bd-4e3e-9fb5-f05bdc47b631 6536e182cca748a0b6092dad330042d3 7aeb5f936e9a4de5952c28a6ae9592fa - - default default] Unable to schedule network 9e9568d4-2313-4793-a6f9-afaa4afcd76d: no agents available; will retry on subsequent port and subnet creation events.
2026-05-29 12:38:51.450 10 INFO neutron.wsgi [None req-28850570-f5a6-449d-a024-ccaa65dc2d03 afd8d014e31d4338b3ff95f469cb2621 0d254b7ceff240d28c3be8defbb36fab - - default default] 10.0.0.132 "DELETE /v2.0/subnets/a9aa854f-6617-4b24-a54d-babf598d1958 HTTP/1.1" status: 204 len: 168 time: 0.1737370
2026-05-29 12:38:51.457 9 INFO neutron.db.ovn_revision_numbers_db [None req-e0ae0ef2-6741-42ac-8d7e-9e7d7ee295c6 029dc02470e448fb9d1e74959e98b948 5375b13ab12745538c6bf97a084e4efd - - default default] Successfully bumped revision number for resource 78cc1d11-5f01-4962-b8e7-d040a869c9dd (type: ports) to 1
2026-05-29 12:38:51.539 9 INFO neutron.wsgi [None req-e0ae0ef2-6741-42ac-8d7e-9e7d7ee295c6 029dc02470e448fb9d1e74959e98b948 5375b13ab12745538c6bf97a084e4efd - - default default] 10.0.0.132 "POST /v2.0/networks HTTP/1.1" status: 201 len: 834 time: 1.4425085
2026-05-29 12:38:51.550 10 WARNING neutron_lib.context [None req-9dab9e0f-ddd7-47ed-ada3-c7548a5ca92e 029dc02470e448fb9d1e74959e98b948 5375b13ab12745538c6bf97a084e4efd - - default default] Method 'is_advsvc' is deprecated since 2023.2 release (neutron-lib 3.8.0) and will be removed once support for the old RBAC API policies will be removed from Neutron. Please use method 'is_service_role' instead.
2026-05-29 12:38:51.666 9 INFO neutron.db.ovn_revision_numbers_db [None req-2deb7ca2-b675-467f-80a9-ac64531b3266 - - - - - -] Successfully bumped revision number for resource d21568a7-8af6-4939-b3df-39e4b52406fb (type: router_ports) to 3
2026-05-29 12:38:51.706 9 INFO neutron.db.ovn_revision_numbers_db [None req-d218114c-e2bd-4e3e-9fb5-f05bdc47b631 6536e182cca748a0b6092dad330042d3 7aeb5f936e9a4de5952c28a6ae9592fa - - default default] Successfully bumped revision number for resource fec20313-2b35-461b-b150-8517ca58107c (type: ports) to 1
2026-05-29 12:38:51.747 9 INFO neutron.wsgi [None req-80ad9a5b-0a30-4263-bc14-21ee09ab88eb 6536e182cca748a0b6092dad330042d3 7aeb5f936e9a4de5952c28a6ae9592fa - - default default] 10.0.0.132 "DELETE /v2.0/security-groups/821b5803-8a2c-4a02-8317-255fffaede96 HTTP/1.1" status: 204 len: 168 time: 0.4589741
2026-05-29 12:38:51.885 10 WARNING neutron.scheduler.dhcp_agent_scheduler [None req-9dab9e0f-ddd7-47ed-ada3-c7548a5ca92e 029dc02470e448fb9d1e74959e98b948 5375b13ab12745538c6bf97a084e4efd - - default default] No more DHCP agents
2026-05-29 12:38:51.898 9 INFO neutron.db.ovn_revision_numbers_db [None req-2deb7ca2-b675-467f-80a9-ac64531b3266 - - - - - -] Successfully bumped revision number for resource d21568a7-8af6-4939-b3df-39e4b52406fb (type: ports) to 2
2026-05-29 12:38:51.900 10 WARNING neutron.api.rpc.agentnotifiers.dhcp_rpc_agent_api [None req-9dab9e0f-ddd7-47ed-ada3-c7548a5ca92e 029dc02470e448fb9d1e74959e98b948 5375b13ab12745538c6bf97a084e4efd - - default default] Unable to schedule network b9e5370d-b963-45ff-9c15-94b9e535a30e: no agents available; will retry on subsequent port and subnet creation events.
2026-05-29 12:38:51.917 10 INFO neutron.services.segments.plugin [-] Segment e913f978-651b-4b28-a671-7f1ddcc9d060 resource provider aggregate not found
2026-05-29 12:38:51.921 10 INFO neutron.services.segments.plugin [-] Segment e913f978-651b-4b28-a671-7f1ddcc9d060 resource provider aggregate not found
2026-05-29 12:38:51.940 10 INFO neutron.services.segments.plugin [-] Segment e913f978-651b-4b28-a671-7f1ddcc9d060 resource provider not found; error: Placement Client Error (4xx): {"errors": [{"status": 404, "title": "Not Found", "detail": "The resource could not be found.\n\n No resource provider with uuid e913f978-651b-4b28-a671-7f1ddcc9d060 found for delete ", "request_id": "req-463ebeca-1e4d-4446-8bca-3560389e7f68"}]}
2026-05-29 12:38:51.941 10 INFO neutron.services.segments.plugin [-] Segment e913f978-651b-4b28-a671-7f1ddcc9d060 resource provider not found; error: Placement Client Error (4xx): {"errors": [{"status": 404, "title": "Not Found", "detail": "The resource could not be found.\n\n No resource provider with uuid e913f978-651b-4b28-a671-7f1ddcc9d060 found for delete ", "request_id": "req-425e6732-1e14-48cc-bb32-b5a2260d4b4c"}]}
2026-05-29 12:38:51.960 10 INFO neutron.db.ovn_revision_numbers_db [None req-9dab9e0f-ddd7-47ed-ada3-c7548a5ca92e 029dc02470e448fb9d1e74959e98b948 5375b13ab12745538c6bf97a084e4efd - - default default] Successfully bumped revision number for resource f9f4ff6f-8db9-448a-a7f2-0e1198f49562 (type: subnets) to 0
2026-05-29 12:38:51.969 10 INFO neutron.wsgi [None req-8b021f4d-2aeb-4705-b5d0-242c16f35b9d afd8d014e31d4338b3ff95f469cb2621 0d254b7ceff240d28c3be8defbb36fab - - default default] 10.0.0.132 "DELETE /v2.0/networks/b3ff4c26-3cac-42ca-8525-9459f86febf4 HTTP/1.1" status: 204 len: 168 time: 0.5136838
2026-05-29 12:38:51.985 9 WARNING neutron_lib.context [None req-29854411-621b-4827-ad8f-27baf3bdf20e afd8d014e31d4338b3ff95f469cb2621 0d254b7ceff240d28c3be8defbb36fab - - default default] Method 'is_advsvc' is deprecated since 2023.2 release (neutron-lib 3.8.0) and will be removed once support for the old RBAC API policies will be removed from Neutron. Please use method 'is_service_role' instead.
2026-05-29 12:38:52.001 10 INFO neutron.wsgi [None req-9dab9e0f-ddd7-47ed-ada3-c7548a5ca92e 029dc02470e448fb9d1e74959e98b948 5375b13ab12745538c6bf97a084e4efd - - default default] 10.0.0.132 "POST /v2.0/subnets HTTP/1.1" status: 201 len: 821 time: 0.4569798
2026-05-29 12:38:52.009 10 WARNING neutron_lib.context [None req-7a8b9389-f91a-43d6-bb05-7bac4835cc79 029dc02470e448fb9d1e74959e98b948 5375b13ab12745538c6bf97a084e4efd - - default default] Method 'is_advsvc' is deprecated since 2023.2 release (neutron-lib 3.8.0) and will be removed once support for the old RBAC API policies will be removed from Neutron. Please use method 'is_service_role' instead.
2026-05-29 12:38:52.365 9 INFO neutron.plugins.ml2.drivers.ovn.mech_driver.mech_driver [None req-712c2656-3222-4b2a-9f45-9bc110d09902 - - - - - -] OVN reports status up for port: fec20313-2b35-461b-b150-8517ca58107c
2026-05-29 12:38:52.366 10 WARNING neutron.scheduler.dhcp_agent_scheduler [None req-7a8b9389-f91a-43d6-bb05-7bac4835cc79 029dc02470e448fb9d1e74959e98b948 5375b13ab12745538c6bf97a084e4efd - - default default] No more DHCP agents
2026-05-29 12:38:52.370 10 WARNING neutron.api.rpc.agentnotifiers.dhcp_rpc_agent_api [None req-7a8b9389-f91a-43d6-bb05-7bac4835cc79 029dc02470e448fb9d1e74959e98b948 5375b13ab12745538c6bf97a084e4efd - - default default] Unable to schedule network b9e5370d-b963-45ff-9c15-94b9e535a30e: no agents available; will retry on subsequent port and subnet creation events.
2026-05-29 12:38:52.387 9 INFO neutron.plugins.ml2.plugin [None req-712c2656-3222-4b2a-9f45-9bc110d09902 - - - - - -] Attempt 1 to provision port fec20313-2b35-461b-b150-8517ca58107c
2026-05-29 12:38:52.401 9 INFO neutron.db.ovn_revision_numbers_db [None req-d218114c-e2bd-4e3e-9fb5-f05bdc47b631 6536e182cca748a0b6092dad330042d3 7aeb5f936e9a4de5952c28a6ae9592fa - - default default] Successfully bumped revision number for resource fec20313-2b35-461b-b150-8517ca58107c (type: router_ports) to 1
2026-05-29 12:38:52.403 9 INFO neutron.db.ovn_revision_numbers_db [None req-2deb7ca2-b675-467f-80a9-ac64531b3266 - - - - - -] Successfully bumped revision number for resource d21568a7-8af6-4939-b3df-39e4b52406fb (type: ports) to 4
2026-05-29 12:38:52.744 10 INFO neutron.db.ovn_revision_numbers_db [None req-7a8b9389-f91a-43d6-bb05-7bac4835cc79 029dc02470e448fb9d1e74959e98b948 5375b13ab12745538c6bf97a084e4efd - - default default] Successfully bumped revision number for resource 50136309-3cdb-4789-b417-68e70083be9e (type: ports) to 1
2026-05-29 12:38:52.765 10 INFO neutron.wsgi [None req-7a8b9389-f91a-43d6-bb05-7bac4835cc79 029dc02470e448fb9d1e74959e98b948 5375b13ab12745538c6bf97a084e4efd - - default default] 10.0.0.132 "POST /v2.0/ports HTTP/1.1" status: 201 len: 1164 time: 0.7592981 /var/lib/openstack/lib/python3.10/site-packages/pycadf/identifier.py:71: UserWarning: Invalid uuid: neutron. To ensure interoperability, identifiers should be a valid uuid. warnings.warn(('Invalid uuid: %s. To ensure interoperability, '
2026-05-29 12:38:52.799 9 INFO neutron.db.ovn_revision_numbers_db [None req-d218114c-e2bd-4e3e-9fb5-f05bdc47b631 6536e182cca748a0b6092dad330042d3 7aeb5f936e9a4de5952c28a6ae9592fa - - default default] Successfully bumped revision number for resource fec20313-2b35-461b-b150-8517ca58107c (type: ports) to 1
2026-05-29 12:38:52.857 9 WARNING neutron.scheduler.dhcp_agent_scheduler [None req-29854411-621b-4827-ad8f-27baf3bdf20e afd8d014e31d4338b3ff95f469cb2621 0d254b7ceff240d28c3be8defbb36fab - - default default] No more DHCP agents
2026-05-29 12:38:52.864 9 WARNING neutron.api.rpc.agentnotifiers.dhcp_rpc_agent_api [None req-29854411-621b-4827-ad8f-27baf3bdf20e afd8d014e31d4338b3ff95f469cb2621 0d254b7ceff240d28c3be8defbb36fab - - default default] Unable to schedule network 37854a1d-de52-480b-9c0c-52f3b08020f6: no agents available; will retry on subsequent port and subnet creation events.
2026-05-29 12:38:52.865 9 INFO neutron.db.ovn_revision_numbers_db [None req-2deb7ca2-b675-467f-80a9-ac64531b3266 - - - - - -] Successfully bumped revision number for resource d21568a7-8af6-4939-b3df-39e4b52406fb (type: router_ports) to 4
2026-05-29 12:38:53.031 10 INFO neutron.wsgi [None req-6f60828b-1d62-4ecf-8490-d8740442b4a3 029dc02470e448fb9d1e74959e98b948 5375b13ab12745538c6bf97a084e4efd - - default default] 10.0.0.132 "DELETE /v2.0/ports/50136309-3cdb-4789-b417-68e70083be9e HTTP/1.1" status: 204 len: 168 time: 0.2608669
