2026-05-29 12:36:21.921 10 INFO neutron.db.ovn_revision_numbers_db [None req-8c1cced3-10c3-4bf6-974f-fd27b5721b20 6536e182cca748a0b6092dad330042d3 7aeb5f936e9a4de5952c28a6ae9592fa - - default default] Successfully bumped revision number for resource 58ec208a-ad72-4169-8e30-e369a7a2e05d (type: security_group_rules) to 0
2026-05-29 12:36:21.943 9 INFO neutron.db.ovn_revision_numbers_db [None req-7e83c2c2-3242-4778-9333-699e8e3106bf 6536e182cca748a0b6092dad330042d3 7aeb5f936e9a4de5952c28a6ae9592fa - - default default] Successfully bumped revision number for resource f177855b-5fcc-40eb-8656-7a29440a8a31 (type: security_groups) to 1
2026-05-29 12:36:21.951 10 INFO neutron.db.ovn_revision_numbers_db [None req-8c1cced3-10c3-4bf6-974f-fd27b5721b20 6536e182cca748a0b6092dad330042d3 7aeb5f936e9a4de5952c28a6ae9592fa - - default default] Successfully bumped revision number for resource 63fdd2f5-f44a-4f65-82f6-c1ac4b49989b (type: security_group_rules) to 0
2026-05-29 12:36:21.957 9 INFO neutron.db.ovn_revision_numbers_db [None req-7e83c2c2-3242-4778-9333-699e8e3106bf 6536e182cca748a0b6092dad330042d3 7aeb5f936e9a4de5952c28a6ae9592fa - - default default] Successfully bumped revision number for resource 73955f15-ae12-4aea-a87e-55ded12531dd (type: security_group_rules) to 0
2026-05-29 12:36:21.969 9 INFO neutron.db.ovn_revision_numbers_db [None req-7e83c2c2-3242-4778-9333-699e8e3106bf 6536e182cca748a0b6092dad330042d3 7aeb5f936e9a4de5952c28a6ae9592fa - - default default] Successfully bumped revision number for resource 7e1216b1-d5be-4932-9c30-4106ed509aec (type: security_group_rules) to 0
2026-05-29 12:36:21.974 10 INFO neutron.db.ovn_revision_numbers_db [None req-8c1cced3-10c3-4bf6-974f-fd27b5721b20 6536e182cca748a0b6092dad330042d3 7aeb5f936e9a4de5952c28a6ae9592fa - - default default] Successfully bumped revision number for resource f17a703a-1001-4b87-8d4b-d2719832908c (type: security_group_rules) to 0
2026-05-29 12:36:21.984 9 INFO neutron.db.ovn_revision_numbers_db [None req-7e83c2c2-3242-4778-9333-699e8e3106bf 6536e182cca748a0b6092dad330042d3 7aeb5f936e9a4de5952c28a6ae9592fa - - default default] Successfully bumped revision number for resource 9e933e34-717d-4445-97db-9878d4b516df (type: security_group_rules) to 0
2026-05-29 12:36:21.997 9 INFO neutron.db.ovn_revision_numbers_db [None req-7e83c2c2-3242-4778-9333-699e8e3106bf 6536e182cca748a0b6092dad330042d3 7aeb5f936e9a4de5952c28a6ae9592fa - - default default] Successfully bumped revision number for resource f52a49a1-f313-426e-8971-eaa15dc54971 (type: security_group_rules) to 0
2026-05-29 12:36:22.039 10 INFO neutron.db.segments_db [None req-8c1cced3-10c3-4bf6-974f-fd27b5721b20 6536e182cca748a0b6092dad330042d3 7aeb5f936e9a4de5952c28a6ae9592fa - - default default] Added segment 4f15b924-828d-4425-b375-bd518f35951d of type geneve for network 62b6984f-f0a3-40f7-a158-903ce3060d3f
2026-05-29 12:36:22.054 9 INFO neutron.db.segments_db [None req-7e83c2c2-3242-4778-9333-699e8e3106bf 6536e182cca748a0b6092dad330042d3 7aeb5f936e9a4de5952c28a6ae9592fa - - default default] Added segment 718c1c8e-3a49-4962-b190-02ca2addc6f7 of type geneve for network 395777c2-032e-4e23-8e65-160a0d79f07c
2026-05-29 12:36:22.126 10 INFO neutron.db.ovn_revision_numbers_db [None req-e1d5c399-dc77-498c-b168-88593bc6a788 6536e182cca748a0b6092dad330042d3 7aeb5f936e9a4de5952c28a6ae9592fa - - default default] Successfully bumped revision number for resource 7cd6ee6a-f989-4cb4-bf53-c779bb9cf4fd (type: security_groups) to 1
2026-05-29 12:36:22.151 10 INFO neutron.db.ovn_revision_numbers_db [None req-e1d5c399-dc77-498c-b168-88593bc6a788 6536e182cca748a0b6092dad330042d3 7aeb5f936e9a4de5952c28a6ae9592fa - - default default] Successfully bumped revision number for resource 19fea168-2723-46f3-b7e5-b40a1ffcfd14 (type: security_group_rules) to 0
2026-05-29 12:36:22.193 10 INFO neutron.db.ovn_revision_numbers_db [None req-e1d5c399-dc77-498c-b168-88593bc6a788 6536e182cca748a0b6092dad330042d3 7aeb5f936e9a4de5952c28a6ae9592fa - - default default] Successfully bumped revision number for resource 21746b16-60f3-488c-bbc2-9b95fb23c8cf (type: security_group_rules) to 0
2026-05-29 12:36:22.202 9 INFO neutron.db.ovn_revision_numbers_db [None req-7e83c2c2-3242-4778-9333-699e8e3106bf 6536e182cca748a0b6092dad330042d3 7aeb5f936e9a4de5952c28a6ae9592fa - - default default] Successfully bumped revision number for resource 395777c2-032e-4e23-8e65-160a0d79f07c (type: networks) to 1
2026-05-29 12:36:22.221 10 INFO neutron.db.ovn_revision_numbers_db [None req-e1d5c399-dc77-498c-b168-88593bc6a788 6536e182cca748a0b6092dad330042d3 7aeb5f936e9a4de5952c28a6ae9592fa - - default default] Successfully bumped revision number for resource 9013e843-d60f-44b4-bf67-f1d01c9c6a7c (type: security_group_rules) to 0
2026-05-29 12:36:22.222 10 INFO neutron.db.ovn_revision_numbers_db [None req-8c1cced3-10c3-4bf6-974f-fd27b5721b20 6536e182cca748a0b6092dad330042d3 7aeb5f936e9a4de5952c28a6ae9592fa - - default default] Successfully bumped revision number for resource 62b6984f-f0a3-40f7-a158-903ce3060d3f (type: networks) to 1
2026-05-29 12:36:22.250 10 INFO neutron.db.ovn_revision_numbers_db [None req-e1d5c399-dc77-498c-b168-88593bc6a788 6536e182cca748a0b6092dad330042d3 7aeb5f936e9a4de5952c28a6ae9592fa - - default default] Successfully bumped revision number for resource e9b6d355-c629-40b8-a794-d5f330dc753b (type: security_group_rules) to 0
2026-05-29 12:36:22.303 10 INFO neutron.db.segments_db [None req-e1d5c399-dc77-498c-b168-88593bc6a788 6536e182cca748a0b6092dad330042d3 7aeb5f936e9a4de5952c28a6ae9592fa - - default default] Added segment 0cd095b1-4115-4881-aa17-48d97ec567bf of type geneve for network 699497cc-fdfa-4160-8df1-dd8546d77ded
2026-05-29 12:36:22.362 9 WARNING neutron.scheduler.dhcp_agent_scheduler [None req-7e83c2c2-3242-4778-9333-699e8e3106bf 6536e182cca748a0b6092dad330042d3 7aeb5f936e9a4de5952c28a6ae9592fa - - default default] No more DHCP agents
2026-05-29 12:36:22.364 9 WARNING neutron.api.rpc.agentnotifiers.dhcp_rpc_agent_api [None req-7e83c2c2-3242-4778-9333-699e8e3106bf 6536e182cca748a0b6092dad330042d3 7aeb5f936e9a4de5952c28a6ae9592fa - - default default] Unable to schedule network 395777c2-032e-4e23-8e65-160a0d79f07c: no agents available; will retry on subsequent port and subnet creation events.
2026-05-29 12:36:22.441 10 WARNING neutron.scheduler.dhcp_agent_scheduler [None req-8c1cced3-10c3-4bf6-974f-fd27b5721b20 6536e182cca748a0b6092dad330042d3 7aeb5f936e9a4de5952c28a6ae9592fa - - default default] No more DHCP agents
2026-05-29 12:36:22.442 9 INFO neutron.db.ovn_revision_numbers_db [None req-7e83c2c2-3242-4778-9333-699e8e3106bf 6536e182cca748a0b6092dad330042d3 7aeb5f936e9a4de5952c28a6ae9592fa - - default default] Successfully bumped revision number for resource d1e24031-a414-4700-bb63-4ddf677d6d2f (type: ports) to 1
2026-05-29 12:36:22.446 10 WARNING neutron.api.rpc.agentnotifiers.dhcp_rpc_agent_api [None req-8c1cced3-10c3-4bf6-974f-fd27b5721b20 6536e182cca748a0b6092dad330042d3 7aeb5f936e9a4de5952c28a6ae9592fa - - default default] Unable to schedule network 62b6984f-f0a3-40f7-a158-903ce3060d3f: no agents available; will retry on subsequent port and subnet creation events.
2026-05-29 12:36:22.465 9 INFO neutron.wsgi [None req-7e83c2c2-3242-4778-9333-699e8e3106bf 6536e182cca748a0b6092dad330042d3 7aeb5f936e9a4de5952c28a6ae9592fa - - default default] 10.0.0.132 "POST /v2.0/networks HTTP/1.1" status: 201 len: 948 time: 0.6928833
2026-05-29 12:36:22.582 10 INFO neutron.db.ovn_revision_numbers_db [None req-e1d5c399-dc77-498c-b168-88593bc6a788 6536e182cca748a0b6092dad330042d3 7aeb5f936e9a4de5952c28a6ae9592fa - - default default] Successfully bumped revision number for resource 699497cc-fdfa-4160-8df1-dd8546d77ded (type: networks) to 1
2026-05-29 12:36:22.638 9 WARNING neutron.scheduler.dhcp_agent_scheduler [None req-18a1a14e-997f-42f6-8063-a70d95e8a4c5 6536e182cca748a0b6092dad330042d3 7aeb5f936e9a4de5952c28a6ae9592fa - - default default] No more DHCP agents
2026-05-29 12:36:22.641 9 WARNING neutron.api.rpc.agentnotifiers.dhcp_rpc_agent_api [None req-18a1a14e-997f-42f6-8063-a70d95e8a4c5 6536e182cca748a0b6092dad330042d3 7aeb5f936e9a4de5952c28a6ae9592fa - - default default] Unable to schedule network 395777c2-032e-4e23-8e65-160a0d79f07c: no agents available; will retry on subsequent port and subnet creation events.
2026-05-29 12:36:22.653 10 INFO neutron.db.ovn_revision_numbers_db [None req-8c1cced3-10c3-4bf6-974f-fd27b5721b20 6536e182cca748a0b6092dad330042d3 7aeb5f936e9a4de5952c28a6ae9592fa - - default default] Successfully bumped revision number for resource c28b0c93-fd0b-45f0-879a-0ac6183606df (type: ports) to 1
2026-05-29 12:36:22.681 10 INFO neutron.wsgi [None req-8c1cced3-10c3-4bf6-974f-fd27b5721b20 6536e182cca748a0b6092dad330042d3 7aeb5f936e9a4de5952c28a6ae9592fa - - default default] 10.0.0.132 "POST /v2.0/networks HTTP/1.1" status: 201 len: 953 time: 1.0929866
2026-05-29 12:36:22.743 10 WARNING neutron.scheduler.dhcp_agent_scheduler [None req-e1d5c399-dc77-498c-b168-88593bc6a788 6536e182cca748a0b6092dad330042d3 7aeb5f936e9a4de5952c28a6ae9592fa - - default default] No more DHCP agents
2026-05-29 12:36:22.745 10 WARNING neutron.api.rpc.agentnotifiers.dhcp_rpc_agent_api [None req-e1d5c399-dc77-498c-b168-88593bc6a788 6536e182cca748a0b6092dad330042d3 7aeb5f936e9a4de5952c28a6ae9592fa - - default default] Unable to schedule network 699497cc-fdfa-4160-8df1-dd8546d77ded: no agents available; will retry on subsequent port and subnet creation events.
2026-05-29 12:36:22.825 10 INFO neutron.db.ovn_revision_numbers_db [None req-e1d5c399-dc77-498c-b168-88593bc6a788 6536e182cca748a0b6092dad330042d3 7aeb5f936e9a4de5952c28a6ae9592fa - - default default] Successfully bumped revision number for resource 7fff9d5e-9928-4aec-8e0f-45fe031d6cf9 (type: ports) to 1
2026-05-29 12:36:22.843 10 INFO neutron.wsgi [None req-e1d5c399-dc77-498c-b168-88593bc6a788 6536e182cca748a0b6092dad330042d3 7aeb5f936e9a4de5952c28a6ae9592fa - - default default] 10.0.0.132 "POST /v2.0/networks HTTP/1.1" status: 201 len: 950 time: 0.9547155
2026-05-29 12:36:22.905 9 INFO neutron.db.ovn_revision_numbers_db [None req-5b821297-27f6-4a6f-bd5f-527667556070 6536e182cca748a0b6092dad330042d3 7aeb5f936e9a4de5952c28a6ae9592fa - - default default] Successfully bumped revision number for resource e38bdea0-1936-4511-bb5e-7642cddfdf30 (type: security_groups) to 1
2026-05-29 12:36:22.939 9 INFO neutron.db.ovn_revision_numbers_db [None req-5b821297-27f6-4a6f-bd5f-527667556070 6536e182cca748a0b6092dad330042d3 7aeb5f936e9a4de5952c28a6ae9592fa - - default default] Successfully bumped revision number for resource 1e0893e4-965f-409c-8654-9ef76599a0cb (type: security_group_rules) to 0
2026-05-29 12:36:22.966 9 INFO neutron.db.ovn_revision_numbers_db [None req-5b821297-27f6-4a6f-bd5f-527667556070 6536e182cca748a0b6092dad330042d3 7aeb5f936e9a4de5952c28a6ae9592fa - - default default] Successfully bumped revision number for resource 8710cb9d-a237-4a00-a9f5-b17f600c4c8a (type: security_group_rules) to 0
2026-05-29 12:36:22.991 10 WARNING neutron.scheduler.dhcp_agent_scheduler [None req-e99d79a4-275e-4867-8bea-75709e45f01d 6536e182cca748a0b6092dad330042d3 7aeb5f936e9a4de5952c28a6ae9592fa - - default default] No more DHCP agents
2026-05-29 12:36:22.991 9 INFO neutron.db.ovn_revision_numbers_db [None req-5b821297-27f6-4a6f-bd5f-527667556070 6536e182cca748a0b6092dad330042d3 7aeb5f936e9a4de5952c28a6ae9592fa - - default default] Successfully bumped revision number for resource e126a97c-3124-4ceb-9b17-1a05af38a152 (type: security_group_rules) to 0
2026-05-29 12:36:22.993 10 WARNING neutron.api.rpc.agentnotifiers.dhcp_rpc_agent_api [None req-e99d79a4-275e-4867-8bea-75709e45f01d 6536e182cca748a0b6092dad330042d3 7aeb5f936e9a4de5952c28a6ae9592fa - - default default] Unable to schedule network 699497cc-fdfa-4160-8df1-dd8546d77ded: no agents available; will retry on subsequent port and subnet creation events.
2026-05-29 12:36:22.993 9 WARNING neutron.scheduler.dhcp_agent_scheduler [None req-ee4195a7-0f00-43bd-a7f6-e569ce745195 6536e182cca748a0b6092dad330042d3 7aeb5f936e9a4de5952c28a6ae9592fa - - default default] No more DHCP agents
2026-05-29 12:36:22.997 9 WARNING neutron.api.rpc.agentnotifiers.dhcp_rpc_agent_api [None req-ee4195a7-0f00-43bd-a7f6-e569ce745195 6536e182cca748a0b6092dad330042d3 7aeb5f936e9a4de5952c28a6ae9592fa - - default default] Unable to schedule network 62b6984f-f0a3-40f7-a158-903ce3060d3f: no agents available; will retry on subsequent port and subnet creation events.
2026-05-29 12:36:23.026 9 INFO neutron.db.ovn_revision_numbers_db [None req-5b821297-27f6-4a6f-bd5f-527667556070 6536e182cca748a0b6092dad330042d3 7aeb5f936e9a4de5952c28a6ae9592fa - - default default] Successfully bumped revision number for resource f9b137d5-91c7-462c-8b80-387fa317b5cb (type: security_group_rules) to 0
2026-05-29 12:36:23.064 9 INFO neutron.wsgi [None req-5b821297-27f6-4a6f-bd5f-527667556070 6536e182cca748a0b6092dad330042d3 7aeb5f936e9a4de5952c28a6ae9592fa - - default default] 10.0.0.132 "GET /v2.0/security-groups?tenant_id=954cdb298fe7495381cac4d2e8aa5900&name=default HTTP/1.1" status: 200 len: 2992 time: 0.5486574
2026-05-29 12:36:23.342 9 INFO neutron.db.ovn_revision_numbers_db [None req-18a1a14e-997f-42f6-8063-a70d95e8a4c5 6536e182cca748a0b6092dad330042d3 7aeb5f936e9a4de5952c28a6ae9592fa - - default default] Successfully bumped revision number for resource d1e24031-a414-4700-bb63-4ddf677d6d2f (type: ports) to 2
2026-05-29 12:36:23.357 10 INFO neutron.wsgi [None req-3ea1a284-671f-4b99-aada-dbb1ee94e6cf 6536e182cca748a0b6092dad330042d3 7aeb5f936e9a4de5952c28a6ae9592fa - - default default] 10.0.0.132 "DELETE /v2.0/security-groups/e38bdea0-1936-4511-bb5e-7642cddfdf30 HTTP/1.1" status: 204 len: 168 time: 0.2873778
2026-05-29 12:36:23.402 9 INFO neutron.db.ovn_revision_numbers_db [None req-18a1a14e-997f-42f6-8063-a70d95e8a4c5 6536e182cca748a0b6092dad330042d3 7aeb5f936e9a4de5952c28a6ae9592fa - - default default] Successfully bumped revision number for resource eba6e4d2-3ad5-4847-81b2-5283ab1b32bd (type: subnets) to 0
2026-05-29 12:36:23.425 9 INFO neutron.wsgi [None req-18a1a14e-997f-42f6-8063-a70d95e8a4c5 6536e182cca748a0b6092dad330042d3 7aeb5f936e9a4de5952c28a6ae9592fa - - default default] 10.0.0.132 "POST /v2.0/subnets HTTP/1.1" status: 201 len: 868 time: 0.9541385
2026-05-29 12:36:23.479 10 INFO neutron.db.ovn_revision_numbers_db [None req-e99d79a4-275e-4867-8bea-75709e45f01d 6536e182cca748a0b6092dad330042d3 7aeb5f936e9a4de5952c28a6ae9592fa - - default default] Successfully bumped revision number for resource 7fff9d5e-9928-4aec-8e0f-45fe031d6cf9 (type: ports) to 2
2026-05-29 12:36:23.515 10 INFO neutron.db.ovn_revision_numbers_db [None req-e99d79a4-275e-4867-8bea-75709e45f01d 6536e182cca748a0b6092dad330042d3 7aeb5f936e9a4de5952c28a6ae9592fa - - default default] Successfully bumped revision number for resource 75d8e623-d446-491b-a000-dcae96f973de (type: subnets) to 0
2026-05-29 12:36:23.530 10 INFO neutron.wsgi [None req-e99d79a4-275e-4867-8bea-75709e45f01d 6536e182cca748a0b6092dad330042d3 7aeb5f936e9a4de5952c28a6ae9592fa - - default default] 10.0.0.132 "POST /v2.0/subnets HTTP/1.1" status: 201 len: 870 time: 0.6809165
2026-05-29 12:36:23.697 9 INFO neutron.db.ovn_revision_numbers_db [None req-ee4195a7-0f00-43bd-a7f6-e569ce745195 6536e182cca748a0b6092dad330042d3 7aeb5f936e9a4de5952c28a6ae9592fa - - default default] Successfully bumped revision number for resource c28b0c93-fd0b-45f0-879a-0ac6183606df (type: ports) to 2
2026-05-29 12:36:23.831 9 INFO neutron.db.ovn_revision_numbers_db [None req-ee4195a7-0f00-43bd-a7f6-e569ce745195 6536e182cca748a0b6092dad330042d3 7aeb5f936e9a4de5952c28a6ae9592fa - - default default] Successfully bumped revision number for resource 76aa2dbd-e97e-4e0e-be15-e5f7c571a75e (type: subnets) to 0
2026-05-29 12:36:23.850 9 INFO neutron.wsgi [None req-ee4195a7-0f00-43bd-a7f6-e569ce745195 6536e182cca748a0b6092dad330042d3 7aeb5f936e9a4de5952c28a6ae9592fa - - default default] 10.0.0.132 "POST /v2.0/subnets HTTP/1.1" status: 201 len: 874 time: 1.1642873
2026-05-29 12:36:24.051 9 WARNING neutron.scheduler.dhcp_agent_scheduler [None req-35cf8eaa-79b4-4b4d-a41a-83cf2b7b6321 6536e182cca748a0b6092dad330042d3 7aeb5f936e9a4de5952c28a6ae9592fa - - default default] No more DHCP agents
2026-05-29 12:36:24.053 9 WARNING neutron.api.rpc.agentnotifiers.dhcp_rpc_agent_api [None req-35cf8eaa-79b4-4b4d-a41a-83cf2b7b6321 6536e182cca748a0b6092dad330042d3 7aeb5f936e9a4de5952c28a6ae9592fa - - default default] Unable to schedule network 37854a1d-de52-480b-9c0c-52f3b08020f6: no agents available; will retry on subsequent port and subnet creation events.
2026-05-29 12:36:24.201 9 INFO neutron.db.ovn_revision_numbers_db [None req-35cf8eaa-79b4-4b4d-a41a-83cf2b7b6321 6536e182cca748a0b6092dad330042d3 7aeb5f936e9a4de5952c28a6ae9592fa - - default default] Successfully bumped revision number for resource 839016fb-0acc-4ef0-9cf4-db7ec808ac49 (type: ports) to 1
2026-05-29 12:36:24.263 10 WARNING neutron.scheduler.dhcp_agent_scheduler [None req-daf66acb-c484-44ee-8441-f18df31ddda8 6536e182cca748a0b6092dad330042d3 7aeb5f936e9a4de5952c28a6ae9592fa - - default default] No more DHCP agents
2026-05-29 12:36:24.269 10 WARNING neutron.api.rpc.agentnotifiers.dhcp_rpc_agent_api [None req-daf66acb-c484-44ee-8441-f18df31ddda8 6536e182cca748a0b6092dad330042d3 7aeb5f936e9a4de5952c28a6ae9592fa - - default default] Unable to schedule network 37854a1d-de52-480b-9c0c-52f3b08020f6: no agents available; will retry on subsequent port and subnet creation events.
2026-05-29 12:36:24.446 10 INFO neutron.db.ovn_revision_numbers_db [None req-daf66acb-c484-44ee-8441-f18df31ddda8 6536e182cca748a0b6092dad330042d3 7aeb5f936e9a4de5952c28a6ae9592fa - - default default] Successfully bumped revision number for resource 58aa6331-c2c4-4ba3-b8e3-5c75206a9625 (type: ports) to 1
2026-05-29 12:36:24.456 10 WARNING neutron.scheduler.dhcp_agent_scheduler [None req-80a508e5-7e4c-42b9-87b2-32c0ef2910a4 6536e182cca748a0b6092dad330042d3 7aeb5f936e9a4de5952c28a6ae9592fa - - default default] No more DHCP agents
2026-05-29 12:36:24.458 10 WARNING neutron.api.rpc.agentnotifiers.dhcp_rpc_agent_api [None req-80a508e5-7e4c-42b9-87b2-32c0ef2910a4 6536e182cca748a0b6092dad330042d3 7aeb5f936e9a4de5952c28a6ae9592fa - - default default] Unable to schedule network 37854a1d-de52-480b-9c0c-52f3b08020f6: no agents available; will retry on subsequent port and subnet creation events.
2026-05-29 12:36:24.537 9 INFO neutron.plugins.ml2.drivers.ovn.mech_driver.ovsdb.extensions.qos [None req-35cf8eaa-79b4-4b4d-a41a-83cf2b7b6321 6536e182cca748a0b6092dad330042d3 7aeb5f936e9a4de5952c28a6ae9592fa - - default default] Starting OVNClientQosExtension
2026-05-29 12:36:24.768 10 INFO neutron.db.ovn_revision_numbers_db [None req-80a508e5-7e4c-42b9-87b2-32c0ef2910a4 6536e182cca748a0b6092dad330042d3 7aeb5f936e9a4de5952c28a6ae9592fa - - default default] Successfully bumped revision number for resource 12bce2f8-16f1-4f2c-a2b6-efaa25ca35d2 (type: ports) to 1
2026-05-29 12:36:24.797 9 INFO neutron.plugins.ml2.drivers.ovn.mech_driver.mech_driver [None req-712c2656-3222-4b2a-9f45-9bc110d09902 - - - - - -] OVN reports status up for port: 839016fb-0acc-4ef0-9cf4-db7ec808ac49
2026-05-29 12:36:24.813 9 INFO neutron.plugins.ml2.drivers.ovn.mech_driver.ovsdb.ovsdb_monitor [-] Router 4fff7d83-5d36-4e7d-8fee-cdbd15cb5a0c is bound to host instance
2026-05-29 12:36:24.840 9 INFO neutron.plugins.ml2.plugin [None req-712c2656-3222-4b2a-9f45-9bc110d09902 - - - - - -] Attempt 1 to provision port 839016fb-0acc-4ef0-9cf4-db7ec808ac49
2026-05-29 12:36:24.875 9 INFO neutron.db.ovn_revision_numbers_db [None req-35cf8eaa-79b4-4b4d-a41a-83cf2b7b6321 6536e182cca748a0b6092dad330042d3 7aeb5f936e9a4de5952c28a6ae9592fa - - default default] Successfully bumped revision number for resource 839016fb-0acc-4ef0-9cf4-db7ec808ac49 (type: router_ports) to 1
2026-05-29 12:36:24.949 10 INFO neutron.plugins.ml2.drivers.ovn.mech_driver.ovsdb.extensions.qos [None req-daf66acb-c484-44ee-8441-f18df31ddda8 6536e182cca748a0b6092dad330042d3 7aeb5f936e9a4de5952c28a6ae9592fa - - default default] Starting OVNClientQosExtension
2026-05-29 12:36:25.091 9 INFO neutron.db.ovn_revision_numbers_db [None req-35cf8eaa-79b4-4b4d-a41a-83cf2b7b6321 6536e182cca748a0b6092dad330042d3 7aeb5f936e9a4de5952c28a6ae9592fa - - default default] Successfully bumped revision number for resource 4fff7d83-5d36-4e7d-8fee-cdbd15cb5a0c (type: routers) to 2
2026-05-29 12:36:25.107 9 INFO neutron.wsgi [None req-35cf8eaa-79b4-4b4d-a41a-83cf2b7b6321 6536e182cca748a0b6092dad330042d3 7aeb5f936e9a4de5952c28a6ae9592fa - - default default] 10.0.0.132 "POST /v2.0/routers HTTP/1.1" status: 201 len: 879 time: 1.6757479
2026-05-29 12:36:25.515 10 INFO neutron.db.ovn_revision_numbers_db [None req-daf66acb-c484-44ee-8441-f18df31ddda8 6536e182cca748a0b6092dad330042d3 7aeb5f936e9a4de5952c28a6ae9592fa - - default default] Successfully bumped revision number for resource 58aa6331-c2c4-4ba3-b8e3-5c75206a9625 (type: router_ports) to 1
2026-05-29 12:36:25.568 10 INFO neutron.db.ovn_revision_numbers_db [None req-4becb90e-0a1d-4b77-ad2f-53fc3f97e905 6536e182cca748a0b6092dad330042d3 7aeb5f936e9a4de5952c28a6ae9592fa - - default default] Successfully bumped revision number for resource d0d7c6dc-2759-4e4f-afa3-c96362d1f7bf (type: security_groups) to 1
2026-05-29 12:36:25.591 10 INFO neutron.db.ovn_revision_numbers_db [None req-4becb90e-0a1d-4b77-ad2f-53fc3f97e905 6536e182cca748a0b6092dad330042d3 7aeb5f936e9a4de5952c28a6ae9592fa - - default default] Successfully bumped revision number for resource 0de5ab34-8e48-4de7-a161-548d51b47f42 (type: security_group_rules) to 0
2026-05-29 12:36:25.616 10 INFO neutron.db.ovn_revision_numbers_db [None req-4becb90e-0a1d-4b77-ad2f-53fc3f97e905 6536e182cca748a0b6092dad330042d3 7aeb5f936e9a4de5952c28a6ae9592fa - - default default] Successfully bumped revision number for resource 5d1ab9a3-aa12-4209-b112-8bcfd48767c8 (type: security_group_rules) to 0
2026-05-29 12:36:25.621 10 INFO neutron.db.ovn_revision_numbers_db [None req-daf66acb-c484-44ee-8441-f18df31ddda8 6536e182cca748a0b6092dad330042d3 7aeb5f936e9a4de5952c28a6ae9592fa - - default default] Successfully bumped revision number for resource 86d94070-cd64-420d-adc2-d0e73ba5f350 (type: routers) to 2
2026-05-29 12:36:25.632 9 INFO neutron.db.ovn_revision_numbers_db [None req-2deb7ca2-b675-467f-80a9-ac64531b3266 - - - - - -] Successfully bumped revision number for resource 839016fb-0acc-4ef0-9cf4-db7ec808ac49 (type: ports) to 1
2026-05-29 12:36:25.647 10 INFO neutron.db.ovn_revision_numbers_db [None req-4becb90e-0a1d-4b77-ad2f-53fc3f97e905 6536e182cca748a0b6092dad330042d3 7aeb5f936e9a4de5952c28a6ae9592fa - - default default] Successfully bumped revision number for resource 75fadff1-c9cb-488e-b2ca-86e409438811 (type: security_group_rules) to 0
2026-05-29 12:36:25.653 10 INFO neutron.wsgi [None req-daf66acb-c484-44ee-8441-f18df31ddda8 6536e182cca748a0b6092dad330042d3 7aeb5f936e9a4de5952c28a6ae9592fa - - default default] 10.0.0.132 "POST /v2.0/routers HTTP/1.1" status: 201 len: 881 time: 2.1175504
2026-05-29 12:36:25.690 10 INFO neutron.db.ovn_revision_numbers_db [None req-4becb90e-0a1d-4b77-ad2f-53fc3f97e905 6536e182cca748a0b6092dad330042d3 7aeb5f936e9a4de5952c28a6ae9592fa - - default default] Successfully bumped revision number for resource 89d81a1d-3028-416e-881a-4d804975314d (type: security_group_rules) to 0
2026-05-29 12:36:25.707 9 WARNING neutron.scheduler.dhcp_agent_scheduler [None req-8687df91-cf09-4a57-907a-13cbbcd390b9 6536e182cca748a0b6092dad330042d3 7aeb5f936e9a4de5952c28a6ae9592fa - - default default] No more DHCP agents
2026-05-29 12:36:25.718 9 WARNING neutron.api.rpc.agentnotifiers.dhcp_rpc_agent_api [None req-8687df91-cf09-4a57-907a-13cbbcd390b9 6536e182cca748a0b6092dad330042d3 7aeb5f936e9a4de5952c28a6ae9592fa - - default default] Unable to schedule network 395777c2-032e-4e23-8e65-160a0d79f07c: no agents available; will retry on subsequent port and subnet creation events.
2026-05-29 12:36:25.725 10 INFO neutron.plugins.ml2.drivers.ovn.mech_driver.mech_driver [None req-374daa48-2896-4fee-8cdc-9b0cc76000ad - - - - - -] OVN reports status up for port: 12bce2f8-16f1-4f2c-a2b6-efaa25ca35d2
2026-05-29 12:36:25.766 10 INFO neutron.db.segments_db [None req-4becb90e-0a1d-4b77-ad2f-53fc3f97e905 6536e182cca748a0b6092dad330042d3 7aeb5f936e9a4de5952c28a6ae9592fa - - default default] Added segment 785b08a0-5da1-46ca-9064-b2998b910eee of type geneve for network 6039bb0f-ea3e-44bc-b554-512f87df19de
2026-05-29 12:36:25.773 10 INFO neutron.plugins.ml2.plugin [None req-374daa48-2896-4fee-8cdc-9b0cc76000ad - - - - - -] Attempt 1 to provision port 12bce2f8-16f1-4f2c-a2b6-efaa25ca35d2
2026-05-29 12:36:25.795 10 INFO neutron.db.ovn_revision_numbers_db [None req-80a508e5-7e4c-42b9-87b2-32c0ef2910a4 6536e182cca748a0b6092dad330042d3 7aeb5f936e9a4de5952c28a6ae9592fa - - default default] Successfully bumped revision number for resource 12bce2f8-16f1-4f2c-a2b6-efaa25ca35d2 (type: router_ports) to 1
2026-05-29 12:36:25.952 9 INFO neutron.db.ovn_revision_numbers_db [None req-8687df91-cf09-4a57-907a-13cbbcd390b9 6536e182cca748a0b6092dad330042d3 7aeb5f936e9a4de5952c28a6ae9592fa - - default default] Successfully bumped revision number for resource 8ced24e4-4747-4992-af4c-15d0e6ff7eae (type: ports) to 1
2026-05-29 12:36:25.957 9 INFO neutron.db.ovn_revision_numbers_db [None req-2deb7ca2-b675-467f-80a9-ac64531b3266 - - - - - -] Successfully bumped revision number for resource 839016fb-0acc-4ef0-9cf4-db7ec808ac49 (type: router_ports) to 3
2026-05-29 12:36:25.960 10 INFO neutron.db.ovn_revision_numbers_db [None req-80a508e5-7e4c-42b9-87b2-32c0ef2910a4 6536e182cca748a0b6092dad330042d3 7aeb5f936e9a4de5952c28a6ae9592fa - - default default] Successfully bumped revision number for resource 009bb089-999a-4c46-9e0e-84a7d458db9d (type: routers) to 2
2026-05-29 12:36:25.995 10 INFO neutron.wsgi [None req-80a508e5-7e4c-42b9-87b2-32c0ef2910a4 6536e182cca748a0b6092dad330042d3 7aeb5f936e9a4de5952c28a6ae9592fa - - default default] 10.0.0.132 "POST /v2.0/routers HTTP/1.1" status: 201 len: 885 time: 2.1389687
2026-05-29 12:36:26.061 10 INFO neutron.db.ovn_revision_numbers_db [None req-4becb90e-0a1d-4b77-ad2f-53fc3f97e905 6536e182cca748a0b6092dad330042d3 7aeb5f936e9a4de5952c28a6ae9592fa - - default default] Successfully bumped revision number for resource 6039bb0f-ea3e-44bc-b554-512f87df19de (type: networks) to 1
2026-05-29 12:36:26.284 9 INFO neutron.db.ovn_revision_numbers_db [None req-2deb7ca2-b675-467f-80a9-ac64531b3266 - - - - - -] Successfully bumped revision number for resource 839016fb-0acc-4ef0-9cf4-db7ec808ac49 (type: ports) to 2
2026-05-29 12:36:26.441 10 WARNING neutron.scheduler.dhcp_agent_scheduler [None req-4becb90e-0a1d-4b77-ad2f-53fc3f97e905 6536e182cca748a0b6092dad330042d3 7aeb5f936e9a4de5952c28a6ae9592fa - - default default] No more DHCP agents
2026-05-29 12:36:26.445 10 WARNING neutron.api.rpc.agentnotifiers.dhcp_rpc_agent_api [None req-4becb90e-0a1d-4b77-ad2f-53fc3f97e905 6536e182cca748a0b6092dad330042d3 7aeb5f936e9a4de5952c28a6ae9592fa - - default default] Unable to schedule network 6039bb0f-ea3e-44bc-b554-512f87df19de: no agents available; will retry on subsequent port and subnet creation events.
2026-05-29 12:36:26.532 10 WARNING neutron.scheduler.dhcp_agent_scheduler [None req-b3010eb4-0dad-4537-9f7b-f6e478bb0334 6536e182cca748a0b6092dad330042d3 7aeb5f936e9a4de5952c28a6ae9592fa - - default default] No more DHCP agents
2026-05-29 12:36:26.537 10 WARNING neutron.api.rpc.agentnotifiers.dhcp_rpc_agent_api [None req-b3010eb4-0dad-4537-9f7b-f6e478bb0334 6536e182cca748a0b6092dad330042d3 7aeb5f936e9a4de5952c28a6ae9592fa - - default default] Unable to schedule network 699497cc-fdfa-4160-8df1-dd8546d77ded: no agents available; will retry on subsequent port and subnet creation events.
2026-05-29 12:36:26.603 10 INFO neutron.db.ovn_revision_numbers_db [None req-4becb90e-0a1d-4b77-ad2f-53fc3f97e905 6536e182cca748a0b6092dad330042d3 7aeb5f936e9a4de5952c28a6ae9592fa - - default default] Successfully bumped revision number for resource c0a06d85-ef9d-4e2a-8d75-6dc2b98e11e1 (type: ports) to 1
2026-05-29 12:36:26.632 9 INFO neutron.db.ovn_revision_numbers_db [None req-2deb7ca2-b675-467f-80a9-ac64531b3266 - - - - - -] Successfully bumped revision number for resource 839016fb-0acc-4ef0-9cf4-db7ec808ac49 (type: ports) to 4
2026-05-29 12:36:26.637 10 INFO neutron.wsgi [None req-4becb90e-0a1d-4b77-ad2f-53fc3f97e905 6536e182cca748a0b6092dad330042d3 7aeb5f936e9a4de5952c28a6ae9592fa - - default default] 10.0.0.132 "POST /v2.0/networks HTTP/1.1" status: 201 len: 946 time: 1.6192377
2026-05-29 12:36:26.643 9 INFO neutron.db.ovn_revision_numbers_db [None req-8687df91-cf09-4a57-907a-13cbbcd390b9 6536e182cca748a0b6092dad330042d3 7aeb5f936e9a4de5952c28a6ae9592fa - - default default] Successfully bumped revision number for resource 8ced24e4-4747-4992-af4c-15d0e6ff7eae (type: router_ports) to 1
2026-05-29 12:36:26.744 10 INFO neutron.db.ovn_revision_numbers_db [None req-b3010eb4-0dad-4537-9f7b-f6e478bb0334 6536e182cca748a0b6092dad330042d3 7aeb5f936e9a4de5952c28a6ae9592fa - - default default] Successfully bumped revision number for resource 835efca9-3e19-473b-89a3-eca13b384b6e (type: ports) to 1
2026-05-29 12:36:26.807 10 WARNING neutron.scheduler.dhcp_agent_scheduler [None req-8dd34fc9-a36f-4fbe-9aaa-164fbc450a32 6536e182cca748a0b6092dad330042d3 7aeb5f936e9a4de5952c28a6ae9592fa - - default default] No more DHCP agents
2026-05-29 12:36:26.811 10 WARNING neutron.api.rpc.agentnotifiers.dhcp_rpc_agent_api [None req-8dd34fc9-a36f-4fbe-9aaa-164fbc450a32 6536e182cca748a0b6092dad330042d3 7aeb5f936e9a4de5952c28a6ae9592fa - - default default] Unable to schedule network 62b6984f-f0a3-40f7-a158-903ce3060d3f: no agents available; will retry on subsequent port and subnet creation events.
2026-05-29 12:36:26.984 9 INFO neutron.db.ovn_revision_numbers_db [None req-8687df91-cf09-4a57-907a-13cbbcd390b9 6536e182cca748a0b6092dad330042d3 7aeb5f936e9a4de5952c28a6ae9592fa - - default default] Successfully bumped revision number for resource 8ced24e4-4747-4992-af4c-15d0e6ff7eae (type: ports) to 1
2026-05-29 12:36:26.996 9 WARNING neutron.scheduler.dhcp_agent_scheduler [None req-a401714b-1b27-41fc-8c93-1bcee70cf4d5 6536e182cca748a0b6092dad330042d3 7aeb5f936e9a4de5952c28a6ae9592fa - - default default] No more DHCP agents
2026-05-29 12:36:27.004 9 WARNING neutron.api.rpc.agentnotifiers.dhcp_rpc_agent_api [None req-a401714b-1b27-41fc-8c93-1bcee70cf4d5 6536e182cca748a0b6092dad330042d3 7aeb5f936e9a4de5952c28a6ae9592fa - - default default] Unable to schedule network 6039bb0f-ea3e-44bc-b554-512f87df19de: no agents available; will retry on subsequent port and subnet creation events.
2026-05-29 12:36:27.006 10 INFO neutron.db.ovn_revision_numbers_db [None req-8dd34fc9-a36f-4fbe-9aaa-164fbc450a32 6536e182cca748a0b6092dad330042d3 7aeb5f936e9a4de5952c28a6ae9592fa - - default default] Successfully bumped revision number for resource 867deb96-1c00-4fd9-a1eb-928dc7bb01f7 (type: ports) to 1
2026-05-29 12:36:27.226 9 INFO neutron.db.ovn_revision_numbers_db [None req-2deb7ca2-b675-467f-80a9-ac64531b3266 - - - - - -] Successfully bumped revision number for resource 839016fb-0acc-4ef0-9cf4-db7ec808ac49 (type: router_ports) to 4
2026-05-29 12:36:27.229 9 WARNING neutron.scheduler.dhcp_agent_scheduler [None req-8687df91-cf09-4a57-907a-13cbbcd390b9 6536e182cca748a0b6092dad330042d3 7aeb5f936e9a4de5952c28a6ae9592fa - - default default] No more DHCP agents
2026-05-29 12:36:27.239 9 WARNING neutron.api.rpc.agentnotifiers.dhcp_rpc_agent_api [None req-8687df91-cf09-4a57-907a-13cbbcd390b9 6536e182cca748a0b6092dad330042d3 7aeb5f936e9a4de5952c28a6ae9592fa - - default default] Unable to schedule network 395777c2-032e-4e23-8e65-160a0d79f07c: no agents available; will retry on subsequent port and subnet creation events.
2026-05-29 12:36:27.268 9 INFO neutron.plugins.ml2.drivers.ovn.mech_driver.ovsdb.ovsdb_monitor [None req-2deb7ca2-b675-467f-80a9-ac64531b3266 - - - - - -] Router 86d94070-cd64-420d-adc2-d0e73ba5f350 is bound to host instance
2026-05-29 12:36:27.473 10 INFO neutron.db.ovn_revision_numbers_db [None req-b3010eb4-0dad-4537-9f7b-f6e478bb0334 6536e182cca748a0b6092dad330042d3 7aeb5f936e9a4de5952c28a6ae9592fa - - default default] Successfully bumped revision number for resource 835efca9-3e19-473b-89a3-eca13b384b6e (type: router_ports) to 1
2026-05-29 12:36:27.683 10 INFO neutron.db.ovn_revision_numbers_db [None req-b3010eb4-0dad-4537-9f7b-f6e478bb0334 6536e182cca748a0b6092dad330042d3 7aeb5f936e9a4de5952c28a6ae9592fa - - default default] Successfully bumped revision number for resource 835efca9-3e19-473b-89a3-eca13b384b6e (type: ports) to 1
2026-05-29 12:36:27.685 10 INFO neutron.db.ovn_revision_numbers_db [None req-8dd34fc9-a36f-4fbe-9aaa-164fbc450a32 6536e182cca748a0b6092dad330042d3 7aeb5f936e9a4de5952c28a6ae9592fa - - default default] Successfully bumped revision number for resource 867deb96-1c00-4fd9-a1eb-928dc7bb01f7 (type: router_ports) to 1
2026-05-29 12:36:27.687 9 INFO neutron.plugins.ml2.drivers.ovn.mech_driver.mech_driver [None req-712c2656-3222-4b2a-9f45-9bc110d09902 - - - - - -] OVN reports status up for port: 58aa6331-c2c4-4ba3-b8e3-5c75206a9625
2026-05-29 12:36:27.717 9 INFO neutron.plugins.ml2.plugin [None req-712c2656-3222-4b2a-9f45-9bc110d09902 - - - - - -] Attempt 1 to provision port 58aa6331-c2c4-4ba3-b8e3-5c75206a9625
2026-05-29 12:36:27.769 10 WARNING neutron.scheduler.dhcp_agent_scheduler [None req-b3010eb4-0dad-4537-9f7b-f6e478bb0334 6536e182cca748a0b6092dad330042d3 7aeb5f936e9a4de5952c28a6ae9592fa - - default default] No more DHCP agents
2026-05-29 12:36:27.771 10 WARNING neutron.api.rpc.agentnotifiers.dhcp_rpc_agent_api [None req-b3010eb4-0dad-4537-9f7b-f6e478bb0334 6536e182cca748a0b6092dad330042d3 7aeb5f936e9a4de5952c28a6ae9592fa - - default default] Unable to schedule network 699497cc-fdfa-4160-8df1-dd8546d77ded: no agents available; will retry on subsequent port and subnet creation events.
2026-05-29 12:36:27.860 10 INFO neutron.db.ovn_revision_numbers_db [None req-8dd34fc9-a36f-4fbe-9aaa-164fbc450a32 6536e182cca748a0b6092dad330042d3 7aeb5f936e9a4de5952c28a6ae9592fa - - default default] Successfully bumped revision number for resource 867deb96-1c00-4fd9-a1eb-928dc7bb01f7 (type: ports) to 1
2026-05-29 12:36:27.904 9 INFO neutron.plugins.ml2.drivers.ovn.mech_driver.mech_driver [None req-712c2656-3222-4b2a-9f45-9bc110d09902 - - - - - -] OVN reports status up for port: 8ced24e4-4747-4992-af4c-15d0e6ff7eae
2026-05-29 12:36:27.941 10 WARNING neutron.scheduler.dhcp_agent_scheduler [None req-8dd34fc9-a36f-4fbe-9aaa-164fbc450a32 6536e182cca748a0b6092dad330042d3 7aeb5f936e9a4de5952c28a6ae9592fa - - default default] No more DHCP agents
2026-05-29 12:36:27.942 10 WARNING neutron.api.rpc.agentnotifiers.dhcp_rpc_agent_api [None req-8dd34fc9-a36f-4fbe-9aaa-164fbc450a32 6536e182cca748a0b6092dad330042d3 7aeb5f936e9a4de5952c28a6ae9592fa - - default default] Unable to schedule network 62b6984f-f0a3-40f7-a158-903ce3060d3f: no agents available; will retry on subsequent port and subnet creation events.
2026-05-29 12:36:28.055 9 INFO neutron.plugins.ml2.plugin [None req-712c2656-3222-4b2a-9f45-9bc110d09902 - - - - - -] Attempt 1 to provision port 8ced24e4-4747-4992-af4c-15d0e6ff7eae
2026-05-29 12:36:28.313 9 INFO neutron.db.ovn_revision_numbers_db [None req-a401714b-1b27-41fc-8c93-1bcee70cf4d5 6536e182cca748a0b6092dad330042d3 7aeb5f936e9a4de5952c28a6ae9592fa - - default default] Successfully bumped revision number for resource c0a06d85-ef9d-4e2a-8d75-6dc2b98e11e1 (type: ports) to 2
2026-05-29 12:36:28.400 9 INFO neutron.db.ovn_revision_numbers_db [None req-a401714b-1b27-41fc-8c93-1bcee70cf4d5 6536e182cca748a0b6092dad330042d3 7aeb5f936e9a4de5952c28a6ae9592fa - - default default] Successfully bumped revision number for resource 4a53624d-1cf8-4c83-8a07-f9e28febeacc (type: subnets) to 0
2026-05-29 12:36:28.430 9 INFO neutron.wsgi [None req-a401714b-1b27-41fc-8c93-1bcee70cf4d5 6536e182cca748a0b6092dad330042d3 7aeb5f936e9a4de5952c28a6ae9592fa - - default default] 10.0.0.132 "POST /v2.0/subnets HTTP/1.1" status: 201 len: 866 time: 1.7847431
2026-05-29 12:36:28.438 9 INFO neutron.db.ovn_revision_numbers_db [None req-2deb7ca2-b675-467f-80a9-ac64531b3266 - - - - - -] Successfully bumped revision number for resource 58aa6331-c2c4-4ba3-b8e3-5c75206a9625 (type: ports) to 1
2026-05-29 12:36:28.639 9 INFO neutron.db.ovn_revision_numbers_db [None req-712c2656-3222-4b2a-9f45-9bc110d09902 - - - - - -] Successfully bumped revision number for resource 8ced24e4-4747-4992-af4c-15d0e6ff7eae (type: ports) to 2
2026-05-29 12:36:28.672 9 INFO neutron.db.ovn_revision_numbers_db [None req-8687df91-cf09-4a57-907a-13cbbcd390b9 6536e182cca748a0b6092dad330042d3 7aeb5f936e9a4de5952c28a6ae9592fa - - default default] Successfully bumped revision number for resource 8ced24e4-4747-4992-af4c-15d0e6ff7eae (type: router_ports) to 1
2026-05-29 12:36:28.674 9 INFO neutron.wsgi [None req-8687df91-cf09-4a57-907a-13cbbcd390b9 6536e182cca748a0b6092dad330042d3 7aeb5f936e9a4de5952c28a6ae9592fa - - default default] 10.0.0.132 "PUT /v2.0/routers/4fff7d83-5d36-4e7d-8fee-cdbd15cb5a0c/add_router_interface HTTP/1.1" status: 200 len: 503 time: 3.5610774
2026-05-29 12:36:28.757 9 INFO neutron.db.ovn_revision_numbers_db [None req-712c2656-3222-4b2a-9f45-9bc110d09902 - - - - - -] Successfully bumped revision number for resource 8ced24e4-4747-4992-af4c-15d0e6ff7eae (type: router_ports) to 2
2026-05-29 12:36:28.847 9 INFO neutron.db.ovn_revision_numbers_db [None req-2deb7ca2-b675-467f-80a9-ac64531b3266 - - - - - -] Successfully bumped revision number for resource 58aa6331-c2c4-4ba3-b8e3-5c75206a9625 (type: router_ports) to 3
2026-05-29 12:36:28.953 10 INFO neutron.db.ovn_revision_numbers_db [None req-b3010eb4-0dad-4537-9f7b-f6e478bb0334 6536e182cca748a0b6092dad330042d3 7aeb5f936e9a4de5952c28a6ae9592fa - - default default] Successfully bumped revision number for resource 835efca9-3e19-473b-89a3-eca13b384b6e (type: router_ports) to 1
2026-05-29 12:36:28.955 10 INFO neutron.wsgi [None req-b3010eb4-0dad-4537-9f7b-f6e478bb0334 6536e182cca748a0b6092dad330042d3 7aeb5f936e9a4de5952c28a6ae9592fa - - default default] 10.0.0.132 "PUT /v2.0/routers/86d94070-cd64-420d-adc2-d0e73ba5f350/add_router_interface HTTP/1.1" status: 200 len: 503 time: 3.2938776
2026-05-29 12:36:29.117 9 INFO neutron.db.ovn_revision_numbers_db [None req-2deb7ca2-b675-467f-80a9-ac64531b3266 - - - - - -] Successfully bumped revision number for resource 58aa6331-c2c4-4ba3-b8e3-5c75206a9625 (type: ports) to 2
2026-05-29 12:36:29.217 10 INFO neutron.db.ovn_revision_numbers_db [None req-8dd34fc9-a36f-4fbe-9aaa-164fbc450a32 6536e182cca748a0b6092dad330042d3 7aeb5f936e9a4de5952c28a6ae9592fa - - default default] Successfully bumped revision number for resource 867deb96-1c00-4fd9-a1eb-928dc7bb01f7 (type: router_ports) to 1
2026-05-29 12:36:29.219 10 INFO neutron.wsgi [None req-8dd34fc9-a36f-4fbe-9aaa-164fbc450a32 6536e182cca748a0b6092dad330042d3 7aeb5f936e9a4de5952c28a6ae9592fa - - default default] 10.0.0.132 "PUT /v2.0/routers/009bb089-999a-4c46-9e0e-84a7d458db9d/add_router_interface HTTP/1.1" status: 200 len: 503 time: 3.2190058
2026-05-29 12:36:29.238 10 WARNING neutron.scheduler.dhcp_agent_scheduler [None req-d23a9f48-4f9c-41fa-a9e6-9fa1d7cbe9fe 6536e182cca748a0b6092dad330042d3 7aeb5f936e9a4de5952c28a6ae9592fa - - default default] No more DHCP agents
2026-05-29 12:36:29.242 10 WARNING neutron.api.rpc.agentnotifiers.dhcp_rpc_agent_api [None req-d23a9f48-4f9c-41fa-a9e6-9fa1d7cbe9fe 6536e182cca748a0b6092dad330042d3 7aeb5f936e9a4de5952c28a6ae9592fa - - default default] Unable to schedule network 37854a1d-de52-480b-9c0c-52f3b08020f6: no agents available; will retry on subsequent port and subnet creation events.
2026-05-29 12:36:29.281 10 WARNING neutron_lib.context [None req-be2d4da6-2b01-4a5f-b368-61c11f19c7cd 491807307c734443b3f0976d8e7b9072 e08324e4c9a7416886c7ae766ec25832 - - default default] Method 'is_advsvc' is deprecated since 2023.2 release (neutron-lib 3.8.0) and will be removed once support for the old RBAC API policies will be removed from Neutron. Please use method 'is_service_role' instead.
2026-05-29 12:36:29.415 9 INFO neutron.db.ovn_revision_numbers_db [None req-2deb7ca2-b675-467f-80a9-ac64531b3266 - - - - - -] Successfully bumped revision number for resource 58aa6331-c2c4-4ba3-b8e3-5c75206a9625 (type: ports) to 4
2026-05-29 12:36:29.418 10 INFO neutron.db.ovn_revision_numbers_db [None req-d23a9f48-4f9c-41fa-a9e6-9fa1d7cbe9fe 6536e182cca748a0b6092dad330042d3 7aeb5f936e9a4de5952c28a6ae9592fa - - default default] Successfully bumped revision number for resource 18925070-6de1-4a61-9725-a9c1b4df2dd7 (type: ports) to 1
2026-05-29 12:36:29.457 10 INFO neutron.db.ovn_revision_numbers_db [None req-be2d4da6-2b01-4a5f-b368-61c11f19c7cd 491807307c734443b3f0976d8e7b9072 e08324e4c9a7416886c7ae766ec25832 - - default default] Successfully bumped revision number for resource da1523b0-a2e2-407a-b5d0-d63e2e6131df (type: security_groups) to 1
2026-05-29 12:36:29.492 10 INFO neutron.db.ovn_revision_numbers_db [None req-be2d4da6-2b01-4a5f-b368-61c11f19c7cd 491807307c734443b3f0976d8e7b9072 e08324e4c9a7416886c7ae766ec25832 - - default default] Successfully bumped revision number for resource 20e9941a-d90a-4187-82a0-16cd67577d23 (type: security_group_rules) to 0
2026-05-29 12:36:29.508 10 INFO neutron.db.ovn_revision_numbers_db [None req-be2d4da6-2b01-4a5f-b368-61c11f19c7cd 491807307c734443b3f0976d8e7b9072 e08324e4c9a7416886c7ae766ec25832 - - default default] Successfully bumped revision number for resource 3ae470ac-94f9-4f44-87cb-e2654c6b2b2d (type: security_group_rules) to 0
2026-05-29 12:36:29.561 10 INFO neutron.wsgi [None req-be2d4da6-2b01-4a5f-b368-61c11f19c7cd 491807307c734443b3f0976d8e7b9072 e08324e4c9a7416886c7ae766ec25832 - - default default] 10.0.0.132 "POST /v2.0/security-groups HTTP/1.1" status: 201 len: 1797 time: 0.2847536
2026-05-29 12:36:29.572 9 WARNING neutron_lib.context [None req-3572a408-d957-4792-8e59-aae17349ecda 491807307c734443b3f0976d8e7b9072 e08324e4c9a7416886c7ae766ec25832 - - default default] Method 'is_advsvc' is deprecated since 2023.2 release (neutron-lib 3.8.0) and will be removed once support for the old RBAC API policies will be removed from Neutron. Please use method 'is_service_role' instead.
2026-05-29 12:36:29.662 9 INFO neutron.db.ovn_revision_numbers_db [None req-2deb7ca2-b675-467f-80a9-ac64531b3266 - - - - - -] Successfully bumped revision number for resource 58aa6331-c2c4-4ba3-b8e3-5c75206a9625 (type: router_ports) to 4
2026-05-29 12:36:29.694 9 INFO neutron.plugins.ml2.drivers.ovn.mech_driver.ovsdb.ovsdb_monitor [None req-2deb7ca2-b675-467f-80a9-ac64531b3266 - - - - - -] Router 009bb089-999a-4c46-9e0e-84a7d458db9d is bound to host instance
2026-05-29 12:36:29.786 9 INFO neutron.db.ovn_revision_numbers_db [None req-3572a408-d957-4792-8e59-aae17349ecda 491807307c734443b3f0976d8e7b9072 e08324e4c9a7416886c7ae766ec25832 - - default default] Successfully bumped revision number for resource cba4d72f-9674-435d-956f-cfcfb452ceb7 (type: security_group_rules) to 0
2026-05-29 12:36:29.805 9 WARNING neutron_lib.context [None req-45aac099-78b0-469a-926b-62e126aa44a9 b14b989d7d7345368a5a105d9374ae5c b5b3a61606ba443ebbdcad2cff8e3bcc - - default default] Method 'is_advsvc' is deprecated since 2023.2 release (neutron-lib 3.8.0) and will be removed once support for the old RBAC API policies will be removed from Neutron. Please use method 'is_service_role' instead.
2026-05-29 12:36:29.847 9 INFO neutron.wsgi [None req-3572a408-d957-4792-8e59-aae17349ecda 491807307c734443b3f0976d8e7b9072 e08324e4c9a7416886c7ae766ec25832 - - default default] 10.0.0.132 "POST /v2.0/security-group-rules HTTP/1.1" status: 201 len: 764 time: 0.2792170
2026-05-29 12:36:29.861 10 WARNING neutron_lib.context [None req-a9bb9d31-d1b2-4cf7-9960-af27392e17e5 491807307c734443b3f0976d8e7b9072 e08324e4c9a7416886c7ae766ec25832 - - default default] Method 'is_advsvc' is deprecated since 2023.2 release (neutron-lib 3.8.0) and will be removed once support for the old RBAC API policies will be removed from Neutron. Please use method 'is_service_role' instead.
2026-05-29 12:36:29.872 9 WARNING neutron_lib.context [req-8a7f792e-58a4-4eed-a70f-efea19e92036 req-61991716-4e77-4755-82e0-2abfe6d75994 6d144c95898749bf9ad6a9b41110cbf9 745fd58f6f6b4ae39e38329990730566 - - default default] Method 'is_advsvc' is deprecated since 2023.2 release (neutron-lib 3.8.0) and will be removed once support for the old RBAC API policies will be removed from Neutron. Please use method 'is_service_role' instead.
2026-05-29 12:36:30.045 9 INFO neutron.db.ovn_revision_numbers_db [None req-45aac099-78b0-469a-926b-62e126aa44a9 b14b989d7d7345368a5a105d9374ae5c b5b3a61606ba443ebbdcad2cff8e3bcc - - default default] Successfully bumped revision number for resource 2a6bf392-8e91-4c48-b0cd-faac3fa80f6e (type: security_groups) to 1
2026-05-29 12:36:30.082 10 INFO neutron.db.ovn_revision_numbers_db [None req-a9bb9d31-d1b2-4cf7-9960-af27392e17e5 491807307c734443b3f0976d8e7b9072 e08324e4c9a7416886c7ae766ec25832 - - default default] Successfully bumped revision number for resource 042a75b9-93cb-43fb-924c-625220109bd2 (type: security_group_rules) to 0
2026-05-29 12:36:30.083 9 INFO neutron.db.ovn_revision_numbers_db [req-8a7f792e-58a4-4eed-a70f-efea19e92036 req-61991716-4e77-4755-82e0-2abfe6d75994 6d144c95898749bf9ad6a9b41110cbf9 745fd58f6f6b4ae39e38329990730566 - - default default] Successfully bumped revision number for resource bef300c8-62c4-4304-89e8-30dfe9a84758 (type: security_groups) to 1
2026-05-29 12:36:30.095 9 INFO neutron.db.ovn_revision_numbers_db [None req-45aac099-78b0-469a-926b-62e126aa44a9 b14b989d7d7345368a5a105d9374ae5c b5b3a61606ba443ebbdcad2cff8e3bcc - - default default] Successfully bumped revision number for resource aaaddf60-360d-4a1b-8f6e-14f5baa64717 (type: security_group_rules) to 0
2026-05-29 12:36:30.104 9 INFO neutron.db.ovn_revision_numbers_db [req-8a7f792e-58a4-4eed-a70f-efea19e92036 req-61991716-4e77-4755-82e0-2abfe6d75994 6d144c95898749bf9ad6a9b41110cbf9 745fd58f6f6b4ae39e38329990730566 - - default default] Successfully bumped revision number for resource 39603cc0-d760-411f-b470-a56448275baf (type: security_group_rules) to 0
2026-05-29 12:36:30.113 9 INFO neutron.db.ovn_revision_numbers_db [None req-45aac099-78b0-469a-926b-62e126aa44a9 b14b989d7d7345368a5a105d9374ae5c b5b3a61606ba443ebbdcad2cff8e3bcc - - default default] Successfully bumped revision number for resource fee38a2e-da36-439c-abf4-1a4607d4eee9 (type: security_group_rules) to 0
2026-05-29 12:36:30.115 10 INFO neutron.wsgi [None req-a9bb9d31-d1b2-4cf7-9960-af27392e17e5 491807307c734443b3f0976d8e7b9072 e08324e4c9a7416886c7ae766ec25832 - - default default] 10.0.0.132 "POST /v2.0/security-group-rules HTTP/1.1" status: 201 len: 769 time: 0.2597415
2026-05-29 12:36:30.126 9 INFO neutron.db.ovn_revision_numbers_db [req-8a7f792e-58a4-4eed-a70f-efea19e92036 req-61991716-4e77-4755-82e0-2abfe6d75994 6d144c95898749bf9ad6a9b41110cbf9 745fd58f6f6b4ae39e38329990730566 - - default default] Successfully bumped revision number for resource e53b8d62-4f3a-4852-9df3-a01b2b14974f (type: security_group_rules) to 0
2026-05-29 12:36:30.127 10 WARNING neutron_lib.context [None req-193d7278-044e-4eaa-8c72-a27c1a106479 491807307c734443b3f0976d8e7b9072 e08324e4c9a7416886c7ae766ec25832 - - default default] Method 'is_advsvc' is deprecated since 2023.2 release (neutron-lib 3.8.0) and will be removed once support for the old RBAC API policies will be removed from Neutron. Please use method 'is_service_role' instead.
2026-05-29 12:36:30.136 9 INFO neutron.wsgi [None req-45aac099-78b0-469a-926b-62e126aa44a9 b14b989d7d7345368a5a105d9374ae5c b5b3a61606ba443ebbdcad2cff8e3bcc - - default default] 10.0.0.132 "POST /v2.0/security-groups HTTP/1.1" status: 201 len: 1796 time: 0.3378940
2026-05-29 12:36:30.147 9 WARNING neutron_lib.context [None req-456e5a6c-7dbd-4a0a-9cbb-23a11e6a3b37 b14b989d7d7345368a5a105d9374ae5c b5b3a61606ba443ebbdcad2cff8e3bcc - - default default] Method 'is_advsvc' is deprecated since 2023.2 release (neutron-lib 3.8.0) and will be removed once support for the old RBAC API policies will be removed from Neutron. Please use method 'is_service_role' instead.
2026-05-29 12:36:30.162 9 INFO neutron.wsgi [req-8a7f792e-58a4-4eed-a70f-efea19e92036 req-61991716-4e77-4755-82e0-2abfe6d75994 6d144c95898749bf9ad6a9b41110cbf9 745fd58f6f6b4ae39e38329990730566 - - default default] 10.0.0.35 "POST /v2.0/security-groups HTTP/1.1" status: 201 len: 1827 time: 0.3526442
2026-05-29 12:36:30.274 10 INFO neutron.plugins.ml2.drivers.ovn.mech_driver.ovsdb.ovsdb_monitor [-] Router 0997c096-998d-43af-b8df-54f72554620b is bound to host instance
2026-05-29 12:36:30.329 10 INFO neutron.db.ovn_revision_numbers_db [None req-d23a9f48-4f9c-41fa-a9e6-9fa1d7cbe9fe 6536e182cca748a0b6092dad330042d3 7aeb5f936e9a4de5952c28a6ae9592fa - - default default] Successfully bumped revision number for resource 18925070-6de1-4a61-9725-a9c1b4df2dd7 (type: router_ports) to 1
2026-05-29 12:36:30.341 9 INFO neutron.db.ovn_revision_numbers_db [None req-456e5a6c-7dbd-4a0a-9cbb-23a11e6a3b37 b14b989d7d7345368a5a105d9374ae5c b5b3a61606ba443ebbdcad2cff8e3bcc - - default default] Successfully bumped revision number for resource 8cbad0ea-4260-49d3-a37e-703df2c4fb73 (type: security_group_rules) to 0
2026-05-29 12:36:30.373 9 INFO neutron.wsgi [None req-456e5a6c-7dbd-4a0a-9cbb-23a11e6a3b37 b14b989d7d7345368a5a105d9374ae5c b5b3a61606ba443ebbdcad2cff8e3bcc - - default default] 10.0.0.132 "POST /v2.0/security-group-rules HTTP/1.1" status: 201 len: 764 time: 0.2300117
