2026-05-29 12:38:29.061 10 WARNING neutron.api.rpc.agentnotifiers.dhcp_rpc_agent_api [None req-8e57ad14-c525-4a39-9deb-b2007e10cd84 afd8d014e31d4338b3ff95f469cb2621 0d254b7ceff240d28c3be8defbb36fab - - default default] Unable to schedule network 1b7c495f-8b23-4973-8b55-5c3c339ebb47: no agents available; will retry on subsequent port and subnet creation events.
2026-05-29 12:38:29.185 10 INFO neutron.db.ovn_revision_numbers_db [None req-8e57ad14-c525-4a39-9deb-b2007e10cd84 afd8d014e31d4338b3ff95f469cb2621 0d254b7ceff240d28c3be8defbb36fab - - default default] Successfully bumped revision number for resource eef37456-bbf4-4fcc-93f7-4c86c4d3cb50 (type: ports) to 1
2026-05-29 12:38:29.566 9 INFO neutron.plugins.ml2.drivers.ovn.mech_driver.mech_driver [None req-712c2656-3222-4b2a-9f45-9bc110d09902 - - - - - -] OVN reports status up for port: eef37456-bbf4-4fcc-93f7-4c86c4d3cb50
2026-05-29 12:38:29.575 9 INFO neutron.plugins.ml2.plugin [None req-712c2656-3222-4b2a-9f45-9bc110d09902 - - - - - -] Attempt 1 to provision port eef37456-bbf4-4fcc-93f7-4c86c4d3cb50
2026-05-29 12:38:29.593 10 INFO neutron.db.ovn_revision_numbers_db [None req-8e57ad14-c525-4a39-9deb-b2007e10cd84 afd8d014e31d4338b3ff95f469cb2621 0d254b7ceff240d28c3be8defbb36fab - - default default] Successfully bumped revision number for resource eef37456-bbf4-4fcc-93f7-4c86c4d3cb50 (type: router_ports) to 1
2026-05-29 12:38:29.714 10 INFO neutron.db.ovn_revision_numbers_db [None req-8e57ad14-c525-4a39-9deb-b2007e10cd84 afd8d014e31d4338b3ff95f469cb2621 0d254b7ceff240d28c3be8defbb36fab - - default default] Successfully bumped revision number for resource eef37456-bbf4-4fcc-93f7-4c86c4d3cb50 (type: ports) to 1
2026-05-29 12:38:29.791 10 WARNING neutron.scheduler.dhcp_agent_scheduler [None req-8e57ad14-c525-4a39-9deb-b2007e10cd84 afd8d014e31d4338b3ff95f469cb2621 0d254b7ceff240d28c3be8defbb36fab - - default default] No more DHCP agents
2026-05-29 12:38:29.793 10 WARNING neutron.api.rpc.agentnotifiers.dhcp_rpc_agent_api [None req-8e57ad14-c525-4a39-9deb-b2007e10cd84 afd8d014e31d4338b3ff95f469cb2621 0d254b7ceff240d28c3be8defbb36fab - - default default] Unable to schedule network 1b7c495f-8b23-4973-8b55-5c3c339ebb47: no agents available; will retry on subsequent port and subnet creation events.
2026-05-29 12:38:29.891 9 INFO neutron.db.ovn_revision_numbers_db [None req-712c2656-3222-4b2a-9f45-9bc110d09902 - - - - - -] Successfully bumped revision number for resource eef37456-bbf4-4fcc-93f7-4c86c4d3cb50 (type: ports) to 2
2026-05-29 12:38:29.963 10 INFO neutron.db.ovn_revision_numbers_db [None req-8e57ad14-c525-4a39-9deb-b2007e10cd84 afd8d014e31d4338b3ff95f469cb2621 0d254b7ceff240d28c3be8defbb36fab - - default default] Successfully bumped revision number for resource eef37456-bbf4-4fcc-93f7-4c86c4d3cb50 (type: router_ports) to 2
2026-05-29 12:38:29.966 10 INFO neutron.wsgi [None req-8e57ad14-c525-4a39-9deb-b2007e10cd84 afd8d014e31d4338b3ff95f469cb2621 0d254b7ceff240d28c3be8defbb36fab - - default default] 10.0.0.132 "PUT /v2.0/routers/c8ccd9e9-0462-4728-9ad2-2dc7f6da3485/add_router_interface HTTP/1.1" status: 200 len: 503 time: 1.5030844
2026-05-29 12:38:30.016 10 INFO neutron.wsgi [None req-094d8411-913a-4386-b393-2c429999dc04 afd8d014e31d4338b3ff95f469cb2621 0d254b7ceff240d28c3be8defbb36fab - - default default] 10.0.0.132 "GET /v2.0/ports/eef37456-bbf4-4fcc-93f7-4c86c4d3cb50 HTTP/1.1" status: 200 len: 1141 time: 0.0454404
2026-05-29 12:38:30.516 10 WARNING neutron.scheduler.dhcp_agent_scheduler [None req-2beebc9f-682b-41a5-96d3-bd9e63a3e33b afd8d014e31d4338b3ff95f469cb2621 0d254b7ceff240d28c3be8defbb36fab - - default default] No more DHCP agents
2026-05-29 12:38:30.518 10 WARNING neutron.api.rpc.agentnotifiers.dhcp_rpc_agent_api [None req-2beebc9f-682b-41a5-96d3-bd9e63a3e33b afd8d014e31d4338b3ff95f469cb2621 0d254b7ceff240d28c3be8defbb36fab - - default default] Unable to schedule network d890979d-1d90-4965-9e5c-89773ecae434: no agents available; will retry on subsequent port and subnet creation events.
2026-05-29 12:38:30.589 9 WARNING neutron_lib.context [None req-b789bae2-6a0b-472e-9406-285a9d3110ab d24289479500452397d35a355fe58086 22b060d8a63c4a92acdab92b527fd76d - - default default] Method 'is_advsvc' is deprecated since 2023.2 release (neutron-lib 3.8.0) and will be removed once support for the old RBAC API policies will be removed from Neutron. Please use method 'is_service_role' instead.
2026-05-29 12:38:30.589 9 WARNING neutron_lib.context [None req-b789bae2-6a0b-472e-9406-285a9d3110ab d24289479500452397d35a355fe58086 22b060d8a63c4a92acdab92b527fd76d - - default default] Method 'is_advsvc' is deprecated since 2023.2 release (neutron-lib 3.8.0) and will be removed once support for the old RBAC API policies will be removed from Neutron. Please use method 'is_service_role' instead.
2026-05-29 12:38:30.653 10 INFO neutron.db.ovn_revision_numbers_db [None req-2beebc9f-682b-41a5-96d3-bd9e63a3e33b afd8d014e31d4338b3ff95f469cb2621 0d254b7ceff240d28c3be8defbb36fab - - default default] Successfully bumped revision number for resource f01fba65-e85d-4412-8043-9a3af14747c2 (type: ports) to 1
2026-05-29 12:38:30.718 9 INFO neutron.db.ovn_revision_numbers_db [None req-b789bae2-6a0b-472e-9406-285a9d3110ab d24289479500452397d35a355fe58086 22b060d8a63c4a92acdab92b527fd76d - - default default] Successfully bumped revision number for resource bafa9543-a3b4-4f49-8ead-63af9a897fd5 (type: security_groups) to 1
2026-05-29 12:38:30.730 9 INFO neutron.db.ovn_revision_numbers_db [None req-b789bae2-6a0b-472e-9406-285a9d3110ab d24289479500452397d35a355fe58086 22b060d8a63c4a92acdab92b527fd76d - - default default] Successfully bumped revision number for resource 3a677703-5c12-4094-8c7c-1128a441c130 (type: security_group_rules) to 0
2026-05-29 12:38:30.743 9 INFO neutron.db.ovn_revision_numbers_db [None req-b789bae2-6a0b-472e-9406-285a9d3110ab d24289479500452397d35a355fe58086 22b060d8a63c4a92acdab92b527fd76d - - default default] Successfully bumped revision number for resource 85437dd5-a819-44fb-9be4-6760d2c6a3e2 (type: security_group_rules) to 0
2026-05-29 12:38:30.756 9 INFO neutron.db.ovn_revision_numbers_db [None req-b789bae2-6a0b-472e-9406-285a9d3110ab d24289479500452397d35a355fe58086 22b060d8a63c4a92acdab92b527fd76d - - default default] Successfully bumped revision number for resource dbd9e670-fb2e-4d5a-89d5-ee8afaa1c0a9 (type: security_group_rules) to 0
2026-05-29 12:38:30.771 9 INFO neutron.db.ovn_revision_numbers_db [None req-b789bae2-6a0b-472e-9406-285a9d3110ab d24289479500452397d35a355fe58086 22b060d8a63c4a92acdab92b527fd76d - - default default] Successfully bumped revision number for resource f8b0df5c-ecaa-4ec6-a54d-19575897da7b (type: security_group_rules) to 0
2026-05-29 12:38:30.834 9 INFO neutron.db.segments_db [None req-b789bae2-6a0b-472e-9406-285a9d3110ab d24289479500452397d35a355fe58086 22b060d8a63c4a92acdab92b527fd76d - - default default] Added segment 5c682859-084e-47d9-a64e-bbbc1720a073 of type geneve for network 8e353b9b-3b97-4f55-8754-dd18560b240f
2026-05-29 12:38:30.964 9 INFO neutron.db.segments_db [None req-b789bae2-6a0b-472e-9406-285a9d3110ab d24289479500452397d35a355fe58086 22b060d8a63c4a92acdab92b527fd76d - - default default] Added segment ffee3c06-4959-461c-aece-7ee46e7f3293 of type geneve for network e0d7bb92-2c9f-410f-9144-f18991916e3f
2026-05-29 12:38:31.107 10 INFO neutron.db.ovn_revision_numbers_db [None req-2beebc9f-682b-41a5-96d3-bd9e63a3e33b afd8d014e31d4338b3ff95f469cb2621 0d254b7ceff240d28c3be8defbb36fab - - default default] Successfully bumped revision number for resource f01fba65-e85d-4412-8043-9a3af14747c2 (type: router_ports) to 1
2026-05-29 12:38:31.116 9 INFO neutron.db.ovn_revision_numbers_db [None req-b789bae2-6a0b-472e-9406-285a9d3110ab d24289479500452397d35a355fe58086 22b060d8a63c4a92acdab92b527fd76d - - default default] Successfully bumped revision number for resource 8e353b9b-3b97-4f55-8754-dd18560b240f (type: networks) to 1
2026-05-29 12:38:31.222 10 INFO neutron.db.ovn_revision_numbers_db [None req-2beebc9f-682b-41a5-96d3-bd9e63a3e33b afd8d014e31d4338b3ff95f469cb2621 0d254b7ceff240d28c3be8defbb36fab - - default default] Successfully bumped revision number for resource f01fba65-e85d-4412-8043-9a3af14747c2 (type: ports) to 1
2026-05-29 12:38:31.286 10 WARNING neutron.scheduler.dhcp_agent_scheduler [None req-2beebc9f-682b-41a5-96d3-bd9e63a3e33b afd8d014e31d4338b3ff95f469cb2621 0d254b7ceff240d28c3be8defbb36fab - - default default] No more DHCP agents
2026-05-29 12:38:31.287 10 WARNING neutron.api.rpc.agentnotifiers.dhcp_rpc_agent_api [None req-2beebc9f-682b-41a5-96d3-bd9e63a3e33b afd8d014e31d4338b3ff95f469cb2621 0d254b7ceff240d28c3be8defbb36fab - - default default] Unable to schedule network d890979d-1d90-4965-9e5c-89773ecae434: no agents available; will retry on subsequent port and subnet creation events.
2026-05-29 12:38:31.291 9 WARNING neutron.scheduler.dhcp_agent_scheduler [None req-b789bae2-6a0b-472e-9406-285a9d3110ab d24289479500452397d35a355fe58086 22b060d8a63c4a92acdab92b527fd76d - - default default] No more DHCP agents
2026-05-29 12:38:31.292 9 WARNING neutron.api.rpc.agentnotifiers.dhcp_rpc_agent_api [None req-b789bae2-6a0b-472e-9406-285a9d3110ab d24289479500452397d35a355fe58086 22b060d8a63c4a92acdab92b527fd76d - - default default] Unable to schedule network 8e353b9b-3b97-4f55-8754-dd18560b240f: no agents available; will retry on subsequent port and subnet creation events.
2026-05-29 12:38:31.344 9 INFO neutron.wsgi [-] 10.0.0.202 "GET / HTTP/1.1" status: 200 len: 246 time: 0.0015676
2026-05-29 12:38:31.346 10 INFO neutron.wsgi [-] 10.0.0.202 "GET / HTTP/1.1" status: 200 len: 246 time: 0.0018156
2026-05-29 12:38:31.386 9 INFO neutron.db.ovn_revision_numbers_db [None req-b789bae2-6a0b-472e-9406-285a9d3110ab d24289479500452397d35a355fe58086 22b060d8a63c4a92acdab92b527fd76d - - default default] Successfully bumped revision number for resource a44b4f68-5122-4a6d-b057-033eea5884b5 (type: ports) to 1
2026-05-29 12:38:31.450 10 INFO neutron.db.ovn_revision_numbers_db [None req-2beebc9f-682b-41a5-96d3-bd9e63a3e33b afd8d014e31d4338b3ff95f469cb2621 0d254b7ceff240d28c3be8defbb36fab - - default default] Successfully bumped revision number for resource f01fba65-e85d-4412-8043-9a3af14747c2 (type: router_ports) to 1
2026-05-29 12:38:31.453 10 INFO neutron.wsgi [None req-2beebc9f-682b-41a5-96d3-bd9e63a3e33b afd8d014e31d4338b3ff95f469cb2621 0d254b7ceff240d28c3be8defbb36fab - - default default] 10.0.0.132 "PUT /v2.0/routers/c8ccd9e9-0462-4728-9ad2-2dc7f6da3485/add_router_interface HTTP/1.1" status: 200 len: 503 time: 1.4317987
2026-05-29 12:38:31.457 9 INFO neutron.db.ovn_revision_numbers_db [None req-b789bae2-6a0b-472e-9406-285a9d3110ab d24289479500452397d35a355fe58086 22b060d8a63c4a92acdab92b527fd76d - - default default] Successfully bumped revision number for resource e0d7bb92-2c9f-410f-9144-f18991916e3f (type: networks) to 1
2026-05-29 12:38:31.493 10 INFO neutron.wsgi [None req-8168e4fc-de30-4e27-9b69-dc23715c1de0 afd8d014e31d4338b3ff95f469cb2621 0d254b7ceff240d28c3be8defbb36fab - - default default] 10.0.0.132 "GET /v2.0/ports/f01fba65-e85d-4412-8043-9a3af14747c2 HTTP/1.1" status: 200 len: 1147 time: 0.0342987
2026-05-29 12:38:31.532 10 INFO neutron.wsgi [None req-079f9706-ecc0-4302-8ae1-36d4e13eee60 afd8d014e31d4338b3ff95f469cb2621 0d254b7ceff240d28c3be8defbb36fab - - default default] 10.0.0.132 "GET /v2.0/ports/f01fba65-e85d-4412-8043-9a3af14747c2 HTTP/1.1" status: 200 len: 1147 time: 0.0346317
2026-05-29 12:38:31.633 9 WARNING neutron.scheduler.dhcp_agent_scheduler [None req-b789bae2-6a0b-472e-9406-285a9d3110ab d24289479500452397d35a355fe58086 22b060d8a63c4a92acdab92b527fd76d - - default default] No more DHCP agents
2026-05-29 12:38:31.635 9 WARNING neutron.api.rpc.agentnotifiers.dhcp_rpc_agent_api [None req-b789bae2-6a0b-472e-9406-285a9d3110ab d24289479500452397d35a355fe58086 22b060d8a63c4a92acdab92b527fd76d - - default default] Unable to schedule network e0d7bb92-2c9f-410f-9144-f18991916e3f: no agents available; will retry on subsequent port and subnet creation events.
2026-05-29 12:38:31.683 10 WARNING neutron_lib.context [None req-d62e0245-284a-4e87-b8f0-0f6fe97b2c87 023e332ab0a64e99bdb0346b22745e13 b3bfee72ef3c42b7947e31d838756ce4 - - default default] Method 'is_advsvc' is deprecated since 2023.2 release (neutron-lib 3.8.0) and will be removed once support for the old RBAC API policies will be removed from Neutron. Please use method 'is_service_role' instead.
2026-05-29 12:38:31.716 9 INFO neutron.db.ovn_revision_numbers_db [None req-b789bae2-6a0b-472e-9406-285a9d3110ab d24289479500452397d35a355fe58086 22b060d8a63c4a92acdab92b527fd76d - - default default] Successfully bumped revision number for resource 74d90d6e-5790-48e8-ada7-32e2caf28efb (type: ports) to 1
2026-05-29 12:38:31.739 9 INFO neutron.wsgi [None req-b789bae2-6a0b-472e-9406-285a9d3110ab d24289479500452397d35a355fe58086 22b060d8a63c4a92acdab92b527fd76d - - default default] 10.0.0.132 "POST /v2.0/networks HTTP/1.1" status: 201 len: 1446 time: 1.4688070
2026-05-29 12:38:31.836 10 INFO neutron.db.ovn_revision_numbers_db [None req-d62e0245-284a-4e87-b8f0-0f6fe97b2c87 023e332ab0a64e99bdb0346b22745e13 b3bfee72ef3c42b7947e31d838756ce4 - - default default] Successfully bumped revision number for resource 821b5803-8a2c-4a02-8317-255fffaede96 (type: security_groups) to 1
2026-05-29 12:38:31.847 9 INFO neutron.wsgi [None req-47e7a552-7590-4512-afb6-14aa422fcd96 d24289479500452397d35a355fe58086 22b060d8a63c4a92acdab92b527fd76d - - default default] 10.0.0.132 "GET /v2.0/networks HTTP/1.1" status: 200 len: 2052 time: 0.1025589
2026-05-29 12:38:31.862 10 INFO neutron.db.ovn_revision_numbers_db [None req-d62e0245-284a-4e87-b8f0-0f6fe97b2c87 023e332ab0a64e99bdb0346b22745e13 b3bfee72ef3c42b7947e31d838756ce4 - - default default] Successfully bumped revision number for resource 0050c411-2d45-42df-841b-d5d377950d35 (type: security_group_rules) to 0
2026-05-29 12:38:31.886 10 INFO neutron.db.ovn_revision_numbers_db [None req-d62e0245-284a-4e87-b8f0-0f6fe97b2c87 023e332ab0a64e99bdb0346b22745e13 b3bfee72ef3c42b7947e31d838756ce4 - - default default] Successfully bumped revision number for resource 0d6e5a8b-dc2f-4c5d-91fa-b12ec8a372e4 (type: security_group_rules) to 0
2026-05-29 12:38:31.903 10 INFO neutron.db.ovn_revision_numbers_db [None req-d62e0245-284a-4e87-b8f0-0f6fe97b2c87 023e332ab0a64e99bdb0346b22745e13 b3bfee72ef3c42b7947e31d838756ce4 - - default default] Successfully bumped revision number for resource 9ed845ee-008c-4f90-b9f0-82f7b3745cc1 (type: security_group_rules) to 0
2026-05-29 12:38:31.921 10 INFO neutron.db.ovn_revision_numbers_db [None req-d62e0245-284a-4e87-b8f0-0f6fe97b2c87 023e332ab0a64e99bdb0346b22745e13 b3bfee72ef3c42b7947e31d838756ce4 - - default default] Successfully bumped revision number for resource fd617c45-f8a8-4453-9095-238e8e70fc63 (type: security_group_rules) to 0
2026-05-29 12:38:31.984 10 INFO neutron.db.segments_db [None req-d62e0245-284a-4e87-b8f0-0f6fe97b2c87 023e332ab0a64e99bdb0346b22745e13 b3bfee72ef3c42b7947e31d838756ce4 - - default default] Added segment 20aba7ae-3d88-4123-8fd5-c5219b7187e9 of type geneve for network 6e4d59e8-61f7-4fae-85a3-30dea481abc3
2026-05-29 12:38:32.179 10 INFO neutron.db.ovn_revision_numbers_db [None req-d62e0245-284a-4e87-b8f0-0f6fe97b2c87 023e332ab0a64e99bdb0346b22745e13 b3bfee72ef3c42b7947e31d838756ce4 - - default default] Successfully bumped revision number for resource 6e4d59e8-61f7-4fae-85a3-30dea481abc3 (type: networks) to 1
2026-05-29 12:38:32.304 10 INFO neutron.services.segments.plugin [-] Segment 5c682859-084e-47d9-a64e-bbbc1720a073 resource provider aggregate not found
2026-05-29 12:38:32.317 10 INFO neutron.services.segments.plugin [-] Segment 5c682859-084e-47d9-a64e-bbbc1720a073 resource provider aggregate not found
2026-05-29 12:38:32.335 10 INFO neutron.services.segments.plugin [-] Segment 5c682859-084e-47d9-a64e-bbbc1720a073 resource provider not found; error: Placement Client Error (4xx): {"errors": [{"status": 404, "title": "Not Found", "detail": "The resource could not be found.\n\n No resource provider with uuid 5c682859-084e-47d9-a64e-bbbc1720a073 found for delete ", "request_id": "req-e88ce65a-1d5c-4e14-9efe-a5b65932ed83"}]}
2026-05-29 12:38:32.335 10 INFO neutron.services.segments.plugin [-] Segment 5c682859-084e-47d9-a64e-bbbc1720a073 resource provider not found; error: Placement Client Error (4xx): {"errors": [{"status": 404, "title": "Not Found", "detail": "The resource could not be found.\n\n No resource provider with uuid 5c682859-084e-47d9-a64e-bbbc1720a073 found for delete ", "request_id": "req-8977ff2b-47f9-4772-8769-16dad43b69c6"}]}
2026-05-29 12:38:32.377 10 INFO neutron.wsgi [None req-ebca1c81-5ff2-4828-9303-135ff7efbbd2 d24289479500452397d35a355fe58086 22b060d8a63c4a92acdab92b527fd76d - - default default] 10.0.0.132 "DELETE /v2.0/networks/8e353b9b-3b97-4f55-8754-dd18560b240f HTTP/1.1" status: 204 len: 168 time: 0.5234451
2026-05-29 12:38:32.415 10 WARNING neutron.scheduler.dhcp_agent_scheduler [None req-d62e0245-284a-4e87-b8f0-0f6fe97b2c87 023e332ab0a64e99bdb0346b22745e13 b3bfee72ef3c42b7947e31d838756ce4 - - default default] No more DHCP agents
2026-05-29 12:38:32.419 10 WARNING neutron.api.rpc.agentnotifiers.dhcp_rpc_agent_api [None req-d62e0245-284a-4e87-b8f0-0f6fe97b2c87 023e332ab0a64e99bdb0346b22745e13 b3bfee72ef3c42b7947e31d838756ce4 - - default default] Unable to schedule network 6e4d59e8-61f7-4fae-85a3-30dea481abc3: no agents available; will retry on subsequent port and subnet creation events.
2026-05-29 12:38:32.518 10 INFO neutron.db.ovn_revision_numbers_db [None req-d62e0245-284a-4e87-b8f0-0f6fe97b2c87 023e332ab0a64e99bdb0346b22745e13 b3bfee72ef3c42b7947e31d838756ce4 - - default default] Successfully bumped revision number for resource 9a263ed3-fe14-45a4-ae72-fec30578c5bb (type: ports) to 1
2026-05-29 12:38:32.552 10 INFO neutron.wsgi [None req-d62e0245-284a-4e87-b8f0-0f6fe97b2c87 023e332ab0a64e99bdb0346b22745e13 b3bfee72ef3c42b7947e31d838756ce4 - - default default] 10.0.0.132 "POST /v2.0/networks HTTP/1.1" status: 201 len: 831 time: 1.0260177
2026-05-29 12:38:32.567 9 WARNING neutron_lib.context [None req-c4b782c6-0a49-46ea-945a-a871f38012d6 023e332ab0a64e99bdb0346b22745e13 b3bfee72ef3c42b7947e31d838756ce4 - - default default] Method 'is_advsvc' is deprecated since 2023.2 release (neutron-lib 3.8.0) and will be removed once support for the old RBAC API policies will be removed from Neutron. Please use method 'is_service_role' instead.
2026-05-29 12:38:32.579 10 INFO neutron.wsgi [None req-49d10efe-d304-4373-b538-c7fe01f37293 afd8d014e31d4338b3ff95f469cb2621 0d254b7ceff240d28c3be8defbb36fab - - default default] 10.0.0.132 "GET /v2.0/ports/f01fba65-e85d-4412-8043-9a3af14747c2 HTTP/1.1" status: 200 len: 1147 time: 0.0402126
2026-05-29 12:38:32.891 9 INFO neutron.services.segments.plugin [-] Segment ffee3c06-4959-461c-aece-7ee46e7f3293 resource provider aggregate not found
2026-05-29 12:38:32.896 9 INFO neutron.services.segments.plugin [-] Segment ffee3c06-4959-461c-aece-7ee46e7f3293 resource provider aggregate not found
2026-05-29 12:38:32.914 9 INFO neutron.services.segments.plugin [-] Segment ffee3c06-4959-461c-aece-7ee46e7f3293 resource provider not found; error: Placement Client Error (4xx): {"errors": [{"status": 404, "title": "Not Found", "detail": "The resource could not be found.\n\n No resource provider with uuid ffee3c06-4959-461c-aece-7ee46e7f3293 found for delete ", "request_id": "req-e47054a0-b0cd-4825-b2ed-2e1be8afed63"}]}
2026-05-29 12:38:32.917 9 INFO neutron.services.segments.plugin [-] Segment ffee3c06-4959-461c-aece-7ee46e7f3293 resource provider not found; error: Placement Client Error (4xx): {"errors": [{"status": 404, "title": "Not Found", "detail": "The resource could not be found.\n\n No resource provider with uuid ffee3c06-4959-461c-aece-7ee46e7f3293 found for delete ", "request_id": "req-29191d14-dd06-445f-8540-96a5d4761671"}]}
2026-05-29 12:38:32.942 9 WARNING neutron.scheduler.dhcp_agent_scheduler [None req-c4b782c6-0a49-46ea-945a-a871f38012d6 023e332ab0a64e99bdb0346b22745e13 b3bfee72ef3c42b7947e31d838756ce4 - - default default] No more DHCP agents
2026-05-29 12:38:32.946 9 WARNING neutron.api.rpc.agentnotifiers.dhcp_rpc_agent_api [None req-c4b782c6-0a49-46ea-945a-a871f38012d6 023e332ab0a64e99bdb0346b22745e13 b3bfee72ef3c42b7947e31d838756ce4 - - default default] Unable to schedule network 6e4d59e8-61f7-4fae-85a3-30dea481abc3: no agents available; will retry on subsequent port and subnet creation events.
2026-05-29 12:38:32.957 9 INFO neutron.wsgi [None req-144a839b-72e4-4786-8b19-0fefdcd33a85 d24289479500452397d35a355fe58086 22b060d8a63c4a92acdab92b527fd76d - - default default] 10.0.0.132 "DELETE /v2.0/networks/e0d7bb92-2c9f-410f-9144-f18991916e3f HTTP/1.1" status: 204 len: 168 time: 0.5729315
2026-05-29 12:38:33.235 10 INFO neutron.wsgi [None req-b167eacc-8e21-443a-bfb8-e6a6598b05fa d24289479500452397d35a355fe58086 22b060d8a63c4a92acdab92b527fd76d - - default default] 10.0.0.132 "GET /v2.0/networks HTTP/1.1" status: 200 len: 845 time: 0.2718241
2026-05-29 12:38:33.245 10 WARNING neutron_lib.context [None req-2ba079db-32d4-4f54-8120-b678d635cb72 d24289479500452397d35a355fe58086 22b060d8a63c4a92acdab92b527fd76d - - default default] Method 'is_advsvc' is deprecated since 2023.2 release (neutron-lib 3.8.0) and will be removed once support for the old RBAC API policies will be removed from Neutron. Please use method 'is_service_role' instead.
2026-05-29 12:38:33.325 10 INFO neutron.db.segments_db [None req-2ba079db-32d4-4f54-8120-b678d635cb72 d24289479500452397d35a355fe58086 22b060d8a63c4a92acdab92b527fd76d - - default default] Added segment 1a72c748-b31d-492c-b27d-111222729824 of type geneve for network e99ccad5-b749-41d1-9f62-420ef71f1cca
2026-05-29 12:38:33.458 9 INFO neutron.db.ovn_revision_numbers_db [None req-c4b782c6-0a49-46ea-945a-a871f38012d6 023e332ab0a64e99bdb0346b22745e13 b3bfee72ef3c42b7947e31d838756ce4 - - default default] Successfully bumped revision number for resource 9a263ed3-fe14-45a4-ae72-fec30578c5bb (type: ports) to 2
2026-05-29 12:38:33.475 10 INFO neutron.db.ovn_revision_numbers_db [None req-2ba079db-32d4-4f54-8120-b678d635cb72 d24289479500452397d35a355fe58086 22b060d8a63c4a92acdab92b527fd76d - - default default] Successfully bumped revision number for resource e99ccad5-b749-41d1-9f62-420ef71f1cca (type: networks) to 1
2026-05-29 12:38:33.496 9 INFO neutron.db.ovn_revision_numbers_db [None req-c4b782c6-0a49-46ea-945a-a871f38012d6 023e332ab0a64e99bdb0346b22745e13 b3bfee72ef3c42b7947e31d838756ce4 - - default default] Successfully bumped revision number for resource 09680599-4573-4438-84d3-e3a0b257c94b (type: subnets) to 0
2026-05-29 12:38:33.515 9 INFO neutron.wsgi [None req-c4b782c6-0a49-46ea-945a-a871f38012d6 023e332ab0a64e99bdb0346b22745e13 b3bfee72ef3c42b7947e31d838756ce4 - - default default] 10.0.0.132 "POST /v2.0/subnets HTTP/1.1" status: 201 len: 801 time: 0.9562891
2026-05-29 12:38:33.525 9 WARNING neutron_lib.context [None req-c2e0c31f-9dc8-428b-b5c1-7fdffea1bf9b 023e332ab0a64e99bdb0346b22745e13 b3bfee72ef3c42b7947e31d838756ce4 - - default default] Method 'is_advsvc' is deprecated since 2023.2 release (neutron-lib 3.8.0) and will be removed once support for the old RBAC API policies will be removed from Neutron. Please use method 'is_service_role' instead.
2026-05-29 12:38:33.613 9 INFO neutron.db.segments_db [None req-c2e0c31f-9dc8-428b-b5c1-7fdffea1bf9b 023e332ab0a64e99bdb0346b22745e13 b3bfee72ef3c42b7947e31d838756ce4 - - default default] Added segment 693d66dd-e912-4fe2-a307-f5906f4780da of type geneve for network f8aed3ab-0a36-4648-a6c3-00fd045e32b8
2026-05-29 12:38:33.674 10 WARNING neutron.scheduler.dhcp_agent_scheduler [None req-2ba079db-32d4-4f54-8120-b678d635cb72 d24289479500452397d35a355fe58086 22b060d8a63c4a92acdab92b527fd76d - - default default] No more DHCP agents
2026-05-29 12:38:33.678 10 WARNING neutron.api.rpc.agentnotifiers.dhcp_rpc_agent_api [None req-2ba079db-32d4-4f54-8120-b678d635cb72 d24289479500452397d35a355fe58086 22b060d8a63c4a92acdab92b527fd76d - - default default] Unable to schedule network e99ccad5-b749-41d1-9f62-420ef71f1cca: no agents available; will retry on subsequent port and subnet creation events.
2026-05-29 12:38:33.772 10 INFO neutron.db.ovn_revision_numbers_db [None req-2ba079db-32d4-4f54-8120-b678d635cb72 d24289479500452397d35a355fe58086 22b060d8a63c4a92acdab92b527fd76d - - default default] Successfully bumped revision number for resource 24b0d498-b23a-44be-aedd-e9f69256f50b (type: ports) to 1
2026-05-29 12:38:33.800 10 INFO neutron.wsgi [None req-2ba079db-32d4-4f54-8120-b678d635cb72 d24289479500452397d35a355fe58086 22b060d8a63c4a92acdab92b527fd76d - - default default] 10.0.0.132 "POST /v2.0/networks HTTP/1.1" status: 201 len: 849 time: 0.5590925
2026-05-29 12:38:33.810 10 WARNING neutron_lib.context [None req-30686619-43f8-44a2-b89b-e1b4f3c97346 d24289479500452397d35a355fe58086 22b060d8a63c4a92acdab92b527fd76d - - default default] Method 'is_advsvc' is deprecated since 2023.2 release (neutron-lib 3.8.0) and will be removed once support for the old RBAC API policies will be removed from Neutron. Please use method 'is_service_role' instead.
2026-05-29 12:38:33.891 10 INFO neutron.db.segments_db [None req-30686619-43f8-44a2-b89b-e1b4f3c97346 d24289479500452397d35a355fe58086 22b060d8a63c4a92acdab92b527fd76d - - default default] Added segment c5e0b96c-dba8-4085-96db-052b1be358a9 of type geneve for network e4436550-cb01-454e-b1cc-e534521d35d0
2026-05-29 12:38:33.941 9 INFO neutron.wsgi [None req-08de9952-732d-4386-bf50-0558d3885140 afd8d014e31d4338b3ff95f469cb2621 0d254b7ceff240d28c3be8defbb36fab - - default default] 10.0.0.132 "GET /v2.0/ports/f01fba65-e85d-4412-8043-9a3af14747c2 HTTP/1.1" status: 200 len: 1147 time: 0.3562500
2026-05-29 12:38:34.015 9 INFO neutron.db.ovn_revision_numbers_db [None req-c2e0c31f-9dc8-428b-b5c1-7fdffea1bf9b 023e332ab0a64e99bdb0346b22745e13 b3bfee72ef3c42b7947e31d838756ce4 - - default default] Successfully bumped revision number for resource f8aed3ab-0a36-4648-a6c3-00fd045e32b8 (type: networks) to 1
2026-05-29 12:38:34.058 10 INFO neutron.db.ovn_revision_numbers_db [None req-30686619-43f8-44a2-b89b-e1b4f3c97346 d24289479500452397d35a355fe58086 22b060d8a63c4a92acdab92b527fd76d - - default default] Successfully bumped revision number for resource e4436550-cb01-454e-b1cc-e534521d35d0 (type: networks) to 1
2026-05-29 12:38:34.194 9 WARNING neutron.scheduler.dhcp_agent_scheduler [None req-c2e0c31f-9dc8-428b-b5c1-7fdffea1bf9b 023e332ab0a64e99bdb0346b22745e13 b3bfee72ef3c42b7947e31d838756ce4 - - default default] No more DHCP agents
2026-05-29 12:38:34.196 9 WARNING neutron.api.rpc.agentnotifiers.dhcp_rpc_agent_api [None req-c2e0c31f-9dc8-428b-b5c1-7fdffea1bf9b 023e332ab0a64e99bdb0346b22745e13 b3bfee72ef3c42b7947e31d838756ce4 - - default default] Unable to schedule network f8aed3ab-0a36-4648-a6c3-00fd045e32b8: no agents available; will retry on subsequent port and subnet creation events.
2026-05-29 12:38:34.243 10 WARNING neutron.scheduler.dhcp_agent_scheduler [None req-30686619-43f8-44a2-b89b-e1b4f3c97346 d24289479500452397d35a355fe58086 22b060d8a63c4a92acdab92b527fd76d - - default default] No more DHCP agents
2026-05-29 12:38:34.248 10 WARNING neutron.api.rpc.agentnotifiers.dhcp_rpc_agent_api [None req-30686619-43f8-44a2-b89b-e1b4f3c97346 d24289479500452397d35a355fe58086 22b060d8a63c4a92acdab92b527fd76d - - default default] Unable to schedule network e4436550-cb01-454e-b1cc-e534521d35d0: no agents available; will retry on subsequent port and subnet creation events.
2026-05-29 12:38:34.287 9 INFO neutron.db.ovn_revision_numbers_db [None req-c2e0c31f-9dc8-428b-b5c1-7fdffea1bf9b 023e332ab0a64e99bdb0346b22745e13 b3bfee72ef3c42b7947e31d838756ce4 - - default default] Successfully bumped revision number for resource 189ea773-e55f-44a8-9e27-d6f8763e3944 (type: ports) to 1
2026-05-29 12:38:34.316 9 INFO neutron.wsgi [None req-c2e0c31f-9dc8-428b-b5c1-7fdffea1bf9b 023e332ab0a64e99bdb0346b22745e13 b3bfee72ef3c42b7947e31d838756ce4 - - default default] 10.0.0.132 "POST /v2.0/networks HTTP/1.1" status: 201 len: 830 time: 0.7964187
2026-05-29 12:38:34.326 9 WARNING neutron_lib.context [None req-f479152f-d5ef-4d56-a3ce-236fae7684bc 023e332ab0a64e99bdb0346b22745e13 b3bfee72ef3c42b7947e31d838756ce4 - - default default] Method 'is_advsvc' is deprecated since 2023.2 release (neutron-lib 3.8.0) and will be removed once support for the old RBAC API policies will be removed from Neutron. Please use method 'is_service_role' instead.
2026-05-29 12:38:34.342 10 INFO neutron.db.ovn_revision_numbers_db [None req-30686619-43f8-44a2-b89b-e1b4f3c97346 d24289479500452397d35a355fe58086 22b060d8a63c4a92acdab92b527fd76d - - default default] Successfully bumped revision number for resource 6cde152b-2563-4d94-b745-72a35273779e (type: ports) to 1
2026-05-29 12:38:34.365 10 INFO neutron.wsgi [None req-30686619-43f8-44a2-b89b-e1b4f3c97346 d24289479500452397d35a355fe58086 22b060d8a63c4a92acdab92b527fd76d - - default default] 10.0.0.132 "POST /v2.0/networks HTTP/1.1" status: 201 len: 849 time: 0.5599973
2026-05-29 12:38:34.376 10 WARNING neutron_lib.context [None req-b8cf800f-6e6e-4204-bc77-96145498fa8a d24289479500452397d35a355fe58086 22b060d8a63c4a92acdab92b527fd76d - - default default] Method 'is_advsvc' is deprecated since 2023.2 release (neutron-lib 3.8.0) and will be removed once support for the old RBAC API policies will be removed from Neutron. Please use method 'is_service_role' instead.
2026-05-29 12:38:34.420 10 WARNING neutron_lib.context [None req-b8cf800f-6e6e-4204-bc77-96145498fa8a d24289479500452397d35a355fe58086 22b060d8a63c4a92acdab92b527fd76d - - default default] Method 'is_advsvc' is deprecated since 2023.2 release (neutron-lib 3.8.0) and will be removed once support for the old RBAC API policies will be removed from Neutron. Please use method 'is_service_role' instead.
2026-05-29 12:38:34.561 9 WARNING neutron.scheduler.dhcp_agent_scheduler [None req-f479152f-d5ef-4d56-a3ce-236fae7684bc 023e332ab0a64e99bdb0346b22745e13 b3bfee72ef3c42b7947e31d838756ce4 - - default default] No more DHCP agents
2026-05-29 12:38:34.563 9 WARNING neutron.api.rpc.agentnotifiers.dhcp_rpc_agent_api [None req-f479152f-d5ef-4d56-a3ce-236fae7684bc 023e332ab0a64e99bdb0346b22745e13 b3bfee72ef3c42b7947e31d838756ce4 - - default default] Unable to schedule network f8aed3ab-0a36-4648-a6c3-00fd045e32b8: no agents available; will retry on subsequent port and subnet creation events.
2026-05-29 12:38:34.844 10 WARNING neutron.scheduler.dhcp_agent_scheduler [None req-b8cf800f-6e6e-4204-bc77-96145498fa8a d24289479500452397d35a355fe58086 22b060d8a63c4a92acdab92b527fd76d - - default default] No more DHCP agents
2026-05-29 12:38:34.846 10 WARNING neutron.api.rpc.agentnotifiers.dhcp_rpc_agent_api [None req-b8cf800f-6e6e-4204-bc77-96145498fa8a d24289479500452397d35a355fe58086 22b060d8a63c4a92acdab92b527fd76d - - default default] Unable to schedule network e99ccad5-b749-41d1-9f62-420ef71f1cca: no agents available; will retry on subsequent port and subnet creation events.
2026-05-29 12:38:34.944 10 INFO neutron.db.ovn_revision_numbers_db [None req-b8cf800f-6e6e-4204-bc77-96145498fa8a d24289479500452397d35a355fe58086 22b060d8a63c4a92acdab92b527fd76d - - default default] Successfully bumped revision number for resource 337f391f-cb19-4a42-aa22-d23eb89fecec (type: ports) to 1
2026-05-29 12:38:34.973 10 WARNING neutron.scheduler.dhcp_agent_scheduler [None req-b8cf800f-6e6e-4204-bc77-96145498fa8a d24289479500452397d35a355fe58086 22b060d8a63c4a92acdab92b527fd76d - - default default] No more DHCP agents
2026-05-29 12:38:34.975 10 WARNING neutron.api.rpc.agentnotifiers.dhcp_rpc_agent_api [None req-b8cf800f-6e6e-4204-bc77-96145498fa8a d24289479500452397d35a355fe58086 22b060d8a63c4a92acdab92b527fd76d - - default default] Unable to schedule network e4436550-cb01-454e-b1cc-e534521d35d0: no agents available; will retry on subsequent port and subnet creation events.
2026-05-29 12:38:34.986 9 INFO neutron.wsgi [None req-fe963b04-5f7a-45e5-badb-8a4d7bfcfc39 afd8d014e31d4338b3ff95f469cb2621 0d254b7ceff240d28c3be8defbb36fab - - default default] 10.0.0.132 "GET /v2.0/ports/f01fba65-e85d-4412-8043-9a3af14747c2 HTTP/1.1" status: 200 len: 1147 time: 0.0386958
2026-05-29 12:38:35.065 10 INFO neutron.db.ovn_revision_numbers_db [None req-b8cf800f-6e6e-4204-bc77-96145498fa8a d24289479500452397d35a355fe58086 22b060d8a63c4a92acdab92b527fd76d - - default default] Successfully bumped revision number for resource 207c2bc3-92ef-4159-8569-f38c0b012e74 (type: ports) to 1
2026-05-29 12:38:35.081 9 INFO neutron.db.ovn_revision_numbers_db [None req-f479152f-d5ef-4d56-a3ce-236fae7684bc 023e332ab0a64e99bdb0346b22745e13 b3bfee72ef3c42b7947e31d838756ce4 - - default default] Successfully bumped revision number for resource 189ea773-e55f-44a8-9e27-d6f8763e3944 (type: ports) to 2
2026-05-29 12:38:35.092 10 INFO neutron.wsgi [None req-b8cf800f-6e6e-4204-bc77-96145498fa8a d24289479500452397d35a355fe58086 22b060d8a63c4a92acdab92b527fd76d - - default default] 10.0.0.132 "POST /v2.0/ports HTTP/1.1" status: 201 len: 1705 time: 0.7214015 /var/lib/openstack/lib/python3.10/site-packages/pycadf/identifier.py:71: UserWarning: Invalid uuid: neutron. To ensure interoperability, identifiers should be a valid uuid. warnings.warn(('Invalid uuid: %s. To ensure interoperability, '
2026-05-29 12:38:35.121 9 INFO neutron.db.ovn_revision_numbers_db [None req-f479152f-d5ef-4d56-a3ce-236fae7684bc 023e332ab0a64e99bdb0346b22745e13 b3bfee72ef3c42b7947e31d838756ce4 - - default default] Successfully bumped revision number for resource 2c831e9f-1d71-4496-b7c5-4de8f10ee011 (type: subnets) to 0
2026-05-29 12:38:35.144 9 INFO neutron.wsgi [None req-f479152f-d5ef-4d56-a3ce-236fae7684bc 023e332ab0a64e99bdb0346b22745e13 b3bfee72ef3c42b7947e31d838756ce4 - - default default] 10.0.0.132 "POST /v2.0/subnets HTTP/1.1" status: 201 len: 804 time: 0.8228402
2026-05-29 12:38:35.154 10 WARNING neutron_lib.context [None req-5b0f3aad-e07d-478e-96ae-712bde16f11a 023e332ab0a64e99bdb0346b22745e13 b3bfee72ef3c42b7947e31d838756ce4 - - default default] Method 'is_advsvc' is deprecated since 2023.2 release (neutron-lib 3.8.0) and will be removed once support for the old RBAC API policies will be removed from Neutron. Please use method 'is_service_role' instead.
2026-05-29 12:38:35.155 9 WARNING neutron.plugins.ml2.drivers.ovn.mech_driver.ovsdb.ovn_client [None req-712c2656-3222-4b2a-9f45-9bc110d09902 - - - - - -] No hosting information found for port eef37456-bbf4-4fcc-93f7-4c86c4d3cb50: RuntimeError: No hosting information found for port eef37456-bbf4-4fcc-93f7-4c86c4d3cb50
2026-05-29 12:38:35.156 9 INFO neutron.plugins.ml2.drivers.ovn.mech_driver.mech_driver [None req-712c2656-3222-4b2a-9f45-9bc110d09902 - - - - - -] OVN reports status up for port: f01fba65-e85d-4412-8043-9a3af14747c2
2026-05-29 12:38:35.163 9 INFO neutron.plugins.ml2.plugin [None req-712c2656-3222-4b2a-9f45-9bc110d09902 - - - - - -] Attempt 1 to provision port f01fba65-e85d-4412-8043-9a3af14747c2
2026-05-29 12:38:35.244 10 INFO neutron.wsgi [None req-7b85b237-91a8-4229-b8e4-20f59b962671 d24289479500452397d35a355fe58086 22b060d8a63c4a92acdab92b527fd76d - - default default] 10.0.0.132 "GET /v2.0/ports HTTP/1.1" status: 200 len: 3212 time: 0.1473877
2026-05-29 12:38:35.254 10 INFO neutron.db.segments_db [None req-5b0f3aad-e07d-478e-96ae-712bde16f11a 023e332ab0a64e99bdb0346b22745e13 b3bfee72ef3c42b7947e31d838756ce4 - - default default] Added segment c670f821-75fd-43cd-a213-211a76ac1acd of type geneve for network 083145c3-b29d-4b8f-9066-efd75da4efbb
2026-05-29 12:38:35.424 10 INFO neutron.db.ovn_revision_numbers_db [None req-5b0f3aad-e07d-478e-96ae-712bde16f11a 023e332ab0a64e99bdb0346b22745e13 b3bfee72ef3c42b7947e31d838756ce4 - - default default] Successfully bumped revision number for resource 083145c3-b29d-4b8f-9066-efd75da4efbb (type: networks) to 1
2026-05-29 12:38:35.518 9 INFO neutron.db.ovn_revision_numbers_db [None req-712c2656-3222-4b2a-9f45-9bc110d09902 - - - - - -] Successfully bumped revision number for resource f01fba65-e85d-4412-8043-9a3af14747c2 (type: ports) to 2
2026-05-29 12:38:35.565 9 INFO neutron.wsgi [None req-90a586dc-acce-436d-b373-762f1caa2a72 d24289479500452397d35a355fe58086 22b060d8a63c4a92acdab92b527fd76d - - default default] 10.0.0.132 "DELETE /v2.0/ports/337f391f-cb19-4a42-aa22-d23eb89fecec HTTP/1.1" status: 204 len: 168 time: 0.3152463
2026-05-29 12:38:35.620 9 INFO neutron.db.ovn_revision_numbers_db [None req-712c2656-3222-4b2a-9f45-9bc110d09902 - - - - - -] Successfully bumped revision number for resource f01fba65-e85d-4412-8043-9a3af14747c2 (type: router_ports) to 2
2026-05-29 12:38:35.664 10 WARNING neutron.scheduler.dhcp_agent_scheduler [None req-5b0f3aad-e07d-478e-96ae-712bde16f11a 023e332ab0a64e99bdb0346b22745e13 b3bfee72ef3c42b7947e31d838756ce4 - - default default] No more DHCP agents
2026-05-29 12:38:35.668 10 WARNING neutron.api.rpc.agentnotifiers.dhcp_rpc_agent_api [None req-5b0f3aad-e07d-478e-96ae-712bde16f11a 023e332ab0a64e99bdb0346b22745e13 b3bfee72ef3c42b7947e31d838756ce4 - - default default] Unable to schedule network 083145c3-b29d-4b8f-9066-efd75da4efbb: no agents available; will retry on subsequent port and subnet creation events.
2026-05-29 12:38:35.752 10 INFO neutron.db.ovn_revision_numbers_db [None req-5b0f3aad-e07d-478e-96ae-712bde16f11a 023e332ab0a64e99bdb0346b22745e13 b3bfee72ef3c42b7947e31d838756ce4 - - default default] Successfully bumped revision number for resource 0f9b4a12-10ed-4d71-9fd7-1df031ea45ec (type: ports) to 1
2026-05-29 12:38:35.773 10 INFO neutron.wsgi [None req-5b0f3aad-e07d-478e-96ae-712bde16f11a 023e332ab0a64e99bdb0346b22745e13 b3bfee72ef3c42b7947e31d838756ce4 - - default default] 10.0.0.132 "POST /v2.0/networks HTTP/1.1" status: 201 len: 830 time: 0.6240313
2026-05-29 12:38:35.783 9 WARNING neutron_lib.context [None req-f457a786-251b-4c0f-a070-16069e7dd07a 023e332ab0a64e99bdb0346b22745e13 b3bfee72ef3c42b7947e31d838756ce4 - - default default] Method 'is_advsvc' is deprecated since 2023.2 release (neutron-lib 3.8.0) and will be removed once support for the old RBAC API policies will be removed from Neutron. Please use method 'is_service_role' instead.
2026-05-29 12:38:35.851 9 INFO neutron.wsgi [None req-8fee8a52-768f-4e30-b957-91f1741418cb d24289479500452397d35a355fe58086 22b060d8a63c4a92acdab92b527fd76d - - default default] 10.0.0.132 "DELETE /v2.0/ports/207c2bc3-92ef-4159-8569-f38c0b012e74 HTTP/1.1" status: 204 len: 168 time: 0.2799954
2026-05-29 12:38:36.016 9 INFO neutron.wsgi [None req-fc517120-d65b-4144-a992-dbd7bd145aca d24289479500452397d35a355fe58086 22b060d8a63c4a92acdab92b527fd76d - - default default] 10.0.0.132 "GET /v2.0/ports HTTP/1.1" status: 200 len: 1718 time: 0.1570790
2026-05-29 12:38:36.028 9 WARNING neutron_lib.context [None req-3dc0b1f0-2bea-4bf9-8859-6222941579d5 d24289479500452397d35a355fe58086 22b060d8a63c4a92acdab92b527fd76d - - default default] Method 'is_advsvc' is deprecated since 2023.2 release (neutron-lib 3.8.0) and will be removed once support for the old RBAC API policies will be removed from Neutron. Please use method 'is_service_role' instead.
2026-05-29 12:38:36.089 9 WARNING neutron.scheduler.dhcp_agent_scheduler [None req-f457a786-251b-4c0f-a070-16069e7dd07a 023e332ab0a64e99bdb0346b22745e13 b3bfee72ef3c42b7947e31d838756ce4 - - default default] No more DHCP agents
2026-05-29 12:38:36.093 9 WARNING neutron.api.rpc.agentnotifiers.dhcp_rpc_agent_api [None req-f457a786-251b-4c0f-a070-16069e7dd07a 023e332ab0a64e99bdb0346b22745e13 b3bfee72ef3c42b7947e31d838756ce4 - - default default] Unable to schedule network 083145c3-b29d-4b8f-9066-efd75da4efbb: no agents available; will retry on subsequent port and subnet creation events.
2026-05-29 12:38:36.096 10 INFO neutron.wsgi [None req-d450a7a2-8a04-475f-a8cf-c2cc2c095361 afd8d014e31d4338b3ff95f469cb2621 0d254b7ceff240d28c3be8defbb36fab - - default default] 10.0.0.132 "GET /v2.0/ports/f01fba65-e85d-4412-8043-9a3af14747c2 HTTP/1.1" status: 200 len: 1149 time: 0.0998688
2026-05-29 12:38:36.137 9 INFO neutron.db.segments_db [None req-3dc0b1f0-2bea-4bf9-8859-6222941579d5 d24289479500452397d35a355fe58086 22b060d8a63c4a92acdab92b527fd76d - - default default] Added segment 0e79e69d-3569-4561-bf4d-29ced87bd1c8 of type geneve for network ee7c8b50-c274-4564-a83a-c408209f7005
2026-05-29 12:38:36.206 10 INFO neutron.db.ovn_revision_numbers_db [None req-dcecb2c9-28b5-49d4-bf08-51b4308f4435 6536e182cca748a0b6092dad330042d3 7aeb5f936e9a4de5952c28a6ae9592fa - - default default] Successfully bumped revision number for resource 07394819-717d-48e2-93b4-87dba731c3b7 (type: security_groups) to 1
2026-05-29 12:38:36.225 10 INFO neutron.db.ovn_revision_numbers_db [None req-dcecb2c9-28b5-49d4-bf08-51b4308f4435 6536e182cca748a0b6092dad330042d3 7aeb5f936e9a4de5952c28a6ae9592fa - - default default] Successfully bumped revision number for resource 0b3eee2a-958e-4c59-aadc-f7b422b58208 (type: security_group_rules) to 0
2026-05-29 12:38:36.253 10 INFO neutron.db.ovn_revision_numbers_db [None req-dcecb2c9-28b5-49d4-bf08-51b4308f4435 6536e182cca748a0b6092dad330042d3 7aeb5f936e9a4de5952c28a6ae9592fa - - default default] Successfully bumped revision number for resource 569ca47b-fd9a-4fe7-8540-99a8779c6074 (type: security_group_rules) to 0
2026-05-29 12:38:36.267 10 INFO neutron.db.ovn_revision_numbers_db [None req-dcecb2c9-28b5-49d4-bf08-51b4308f4435 6536e182cca748a0b6092dad330042d3 7aeb5f936e9a4de5952c28a6ae9592fa - - default default] Successfully bumped revision number for resource b501eb07-7f42-4b22-9bca-5791f5cef9ed (type: security_group_rules) to 0
2026-05-29 12:38:36.287 10 INFO neutron.db.ovn_revision_numbers_db [None req-dcecb2c9-28b5-49d4-bf08-51b4308f4435 6536e182cca748a0b6092dad330042d3 7aeb5f936e9a4de5952c28a6ae9592fa - - default default] Successfully bumped revision number for resource d082fe20-b8b3-463c-a701-b0dcd9b26963 (type: security_group_rules) to 0
2026-05-29 12:38:36.318 10 INFO neutron.wsgi [None req-dcecb2c9-28b5-49d4-bf08-51b4308f4435 6536e182cca748a0b6092dad330042d3 7aeb5f936e9a4de5952c28a6ae9592fa - - default default] 10.0.0.132 "GET /v2.0/security-groups?tenant_id=a336f840cdd84790a521f68b7f893366&name=default HTTP/1.1" status: 200 len: 2996 time: 0.3714859
2026-05-29 12:38:36.342 9 INFO neutron.db.ovn_revision_numbers_db [None req-3dc0b1f0-2bea-4bf9-8859-6222941579d5 d24289479500452397d35a355fe58086 22b060d8a63c4a92acdab92b527fd76d - - default default] Successfully bumped revision number for resource ee7c8b50-c274-4564-a83a-c408209f7005 (type: networks) to 1
2026-05-29 12:38:36.600 10 INFO neutron.wsgi [None req-6c921ba4-f87b-42ec-a5e1-5002d03646e9 6536e182cca748a0b6092dad330042d3 7aeb5f936e9a4de5952c28a6ae9592fa - - default default] 10.0.0.132 "DELETE /v2.0/security-groups/07394819-717d-48e2-93b4-87dba731c3b7 HTTP/1.1" status: 204 len: 168 time: 0.2755630
2026-05-29 12:38:36.603 9 WARNING neutron.scheduler.dhcp_agent_scheduler [None req-3dc0b1f0-2bea-4bf9-8859-6222941579d5 d24289479500452397d35a355fe58086 22b060d8a63c4a92acdab92b527fd76d - - default default] No more DHCP agents
2026-05-29 12:38:36.607 9 WARNING neutron.api.rpc.agentnotifiers.dhcp_rpc_agent_api [None req-3dc0b1f0-2bea-4bf9-8859-6222941579d5 d24289479500452397d35a355fe58086 22b060d8a63c4a92acdab92b527fd76d - - default default] Unable to schedule network ee7c8b50-c274-4564-a83a-c408209f7005: no agents available; will retry on subsequent port and subnet creation events.
2026-05-29 12:38:36.717 9 INFO neutron.db.ovn_revision_numbers_db [None req-3dc0b1f0-2bea-4bf9-8859-6222941579d5 d24289479500452397d35a355fe58086 22b060d8a63c4a92acdab92b527fd76d - - default default] Successfully bumped revision number for resource 23f979fc-448c-4f6a-91aa-66ba69a9abb6 (type: ports) to 1
2026-05-29 12:38:36.737 10 INFO neutron.wsgi [None req-e8435374-a1be-43cd-9020-5eac7f6cc48e afd8d014e31d4338b3ff95f469cb2621 0d254b7ceff240d28c3be8defbb36fab - - default default] 10.0.0.132 "PUT /v2.0/routers/c8ccd9e9-0462-4728-9ad2-2dc7f6da3485/remove_router_interface HTTP/1.1" status: 200 len: 503 time: 0.6365097 /var/lib/openstack/lib/python3.10/site-packages/pycadf/identifier.py:71: UserWarning: Invalid uuid: neutron. To ensure interoperability, identifiers should be a valid uuid. warnings.warn(('Invalid uuid: %s. To ensure interoperability, '
2026-05-29 12:38:36.747 9 INFO neutron.wsgi [None req-3dc0b1f0-2bea-4bf9-8859-6222941579d5 d24289479500452397d35a355fe58086 22b060d8a63c4a92acdab92b527fd76d - - default default] 10.0.0.132 "POST /v2.0/networks HTTP/1.1" status: 201 len: 848 time: 0.7230597
2026-05-29 12:38:36.760 9 WARNING neutron_lib.context [None req-aad1ca22-0ba9-480f-8ea2-ba316a5fd338 d24289479500452397d35a355fe58086 22b060d8a63c4a92acdab92b527fd76d - - default default] Method 'is_advsvc' is deprecated since 2023.2 release (neutron-lib 3.8.0) and will be removed once support for the old RBAC API policies will be removed from Neutron. Please use method 'is_service_role' instead.
2026-05-29 12:38:36.801 9 INFO neutron.db.ovn_revision_numbers_db [None req-f457a786-251b-4c0f-a070-16069e7dd07a 023e332ab0a64e99bdb0346b22745e13 b3bfee72ef3c42b7947e31d838756ce4 - - default default] Successfully bumped revision number for resource 0f9b4a12-10ed-4d71-9fd7-1df031ea45ec (type: ports) to 2
2026-05-29 12:38:36.834 9 INFO neutron.db.ovn_revision_numbers_db [None req-f457a786-251b-4c0f-a070-16069e7dd07a 023e332ab0a64e99bdb0346b22745e13 b3bfee72ef3c42b7947e31d838756ce4 - - default default] Successfully bumped revision number for resource 809d2197-08b9-4f0a-9df1-63211f6c7df7 (type: subnets) to 0
2026-05-29 12:38:36.849 9 INFO neutron.wsgi [None req-f457a786-251b-4c0f-a070-16069e7dd07a 023e332ab0a64e99bdb0346b22745e13 b3bfee72ef3c42b7947e31d838756ce4 - - default default] 10.0.0.132 "POST /v2.0/subnets HTTP/1.1" status: 201 len: 804 time: 1.0708895
2026-05-29 12:38:36.851 9 INFO neutron.db.segments_db [None req-aad1ca22-0ba9-480f-8ea2-ba316a5fd338 d24289479500452397d35a355fe58086 22b060d8a63c4a92acdab92b527fd76d - - default default] Added segment b1b4b795-c586-4efb-b68a-99e74ee85ea6 of type geneve for network 98f90460-63c8-42a1-b93e-5773149d7678
2026-05-29 12:38:36.853 10 INFO neutron.wsgi [None req-14813b77-1d01-400c-8557-288dbb7342fd afd8d014e31d4338b3ff95f469cb2621 0d254b7ceff240d28c3be8defbb36fab - - default default] 10.0.0.132 "GET /v2.0/ports/eef37456-bbf4-4fcc-93f7-4c86c4d3cb50 HTTP/1.1" status: 200 len: 1141 time: 0.1102345
2026-05-29 12:38:36.867 9 WARNING neutron_lib.context [None req-a2392e27-0680-46e4-98c1-56d5d323fbfc 023e332ab0a64e99bdb0346b22745e13 b3bfee72ef3c42b7947e31d838756ce4 - - default default] Method 'is_advsvc' is deprecated since 2023.2 release (neutron-lib 3.8.0) and will be removed once support for the old RBAC API policies will be removed from Neutron. Please use method 'is_service_role' instead.
2026-05-29 12:38:36.966 9 INFO neutron.db.segments_db [None req-a2392e27-0680-46e4-98c1-56d5d323fbfc 023e332ab0a64e99bdb0346b22745e13 b3bfee72ef3c42b7947e31d838756ce4 - - default default] Added segment 632009a9-fe80-4575-9900-a94dbea715d5 of type geneve for network 30c1a0e5-d29a-4310-b48d-76272ce43bd5
2026-05-29 12:38:37.031 9 INFO neutron.db.ovn_revision_numbers_db [None req-aad1ca22-0ba9-480f-8ea2-ba316a5fd338 d24289479500452397d35a355fe58086 22b060d8a63c4a92acdab92b527fd76d - - default default] Successfully bumped revision number for resource 98f90460-63c8-42a1-b93e-5773149d7678 (type: networks) to 1
2026-05-29 12:38:37.185 9 INFO neutron.db.ovn_revision_numbers_db [None req-a2392e27-0680-46e4-98c1-56d5d323fbfc 023e332ab0a64e99bdb0346b22745e13 b3bfee72ef3c42b7947e31d838756ce4 - - default default] Successfully bumped revision number for resource 30c1a0e5-d29a-4310-b48d-76272ce43bd5 (type: networks) to 1
2026-05-29 12:38:37.290 9 WARNING neutron.scheduler.dhcp_agent_scheduler [None req-aad1ca22-0ba9-480f-8ea2-ba316a5fd338 d24289479500452397d35a355fe58086 22b060d8a63c4a92acdab92b527fd76d - - default default] No more DHCP agents
2026-05-29 12:38:37.294 9 WARNING neutron.api.rpc.agentnotifiers.dhcp_rpc_agent_api [None req-aad1ca22-0ba9-480f-8ea2-ba316a5fd338 d24289479500452397d35a355fe58086 22b060d8a63c4a92acdab92b527fd76d - - default default] Unable to schedule network 98f90460-63c8-42a1-b93e-5773149d7678: no agents available; will retry on subsequent port and subnet creation events.
2026-05-29 12:38:37.420 9 INFO neutron.db.ovn_revision_numbers_db [None req-aad1ca22-0ba9-480f-8ea2-ba316a5fd338 d24289479500452397d35a355fe58086 22b060d8a63c4a92acdab92b527fd76d - - default default] Successfully bumped revision number for resource 6c8998a2-2a6d-4bca-be98-fa79b6a827aa (type: ports) to 1
2026-05-29 12:38:37.421 9 WARNING neutron.scheduler.dhcp_agent_scheduler [None req-a2392e27-0680-46e4-98c1-56d5d323fbfc 023e332ab0a64e99bdb0346b22745e13 b3bfee72ef3c42b7947e31d838756ce4 - - default default] No more DHCP agents
2026-05-29 12:38:37.423 9 WARNING neutron.api.rpc.agentnotifiers.dhcp_rpc_agent_api [None req-a2392e27-0680-46e4-98c1-56d5d323fbfc 023e332ab0a64e99bdb0346b22745e13 b3bfee72ef3c42b7947e31d838756ce4 - - default default] Unable to schedule network 30c1a0e5-d29a-4310-b48d-76272ce43bd5: no agents available; will retry on subsequent port and subnet creation events.
2026-05-29 12:38:37.468 9 INFO neutron.wsgi [None req-aad1ca22-0ba9-480f-8ea2-ba316a5fd338 d24289479500452397d35a355fe58086 22b060d8a63c4a92acdab92b527fd76d - - default default] 10.0.0.132 "POST /v2.0/networks HTTP/1.1" status: 201 len: 848 time: 0.7126770
2026-05-29 12:38:37.510 9 WARNING neutron_lib.context [None req-9c62ff8d-ab5f-4c75-b201-da605d878967 d24289479500452397d35a355fe58086 22b060d8a63c4a92acdab92b527fd76d - - default default] Method 'is_advsvc' is deprecated since 2023.2 release (neutron-lib 3.8.0) and will be removed once support for the old RBAC API policies will be removed from Neutron. Please use method 'is_service_role' instead.
