2026-05-29 12:39:15.520 9 INFO neutron.db.ovn_revision_numbers_db [None req-712c2656-3222-4b2a-9f45-9bc110d09902 - - - - - -] Successfully bumped revision number for resource 7b619791-e8eb-4464-945a-11b32cfed0e1 (type: router_ports) to 3
2026-05-29 12:39:15.951 9 INFO neutron.db.ovn_revision_numbers_db [None req-8f5fe6ee-ad27-456f-9067-770634fb2dc9 bb7793a897164eeda0d0523b41078d60 d57bd6df955349ba9a626d027e5d3910 - - default default] Successfully bumped revision number for resource 7b619791-e8eb-4464-945a-11b32cfed0e1 (type: ports) to 3
2026-05-29 12:39:16.011 9 WARNING neutron.scheduler.dhcp_agent_scheduler [None req-8f5fe6ee-ad27-456f-9067-770634fb2dc9 bb7793a897164eeda0d0523b41078d60 d57bd6df955349ba9a626d027e5d3910 - - default default] No more DHCP agents
2026-05-29 12:39:16.013 9 WARNING neutron.api.rpc.agentnotifiers.dhcp_rpc_agent_api [None req-8f5fe6ee-ad27-456f-9067-770634fb2dc9 bb7793a897164eeda0d0523b41078d60 d57bd6df955349ba9a626d027e5d3910 - - default default] Unable to schedule network 7e237a59-d1b2-42f1-9cd0-083da0853f12: no agents available; will retry on subsequent port and subnet creation events.
2026-05-29 12:39:16.143 9 INFO neutron.db.ovn_revision_numbers_db [None req-8f5fe6ee-ad27-456f-9067-770634fb2dc9 bb7793a897164eeda0d0523b41078d60 d57bd6df955349ba9a626d027e5d3910 - - default default] Successfully bumped revision number for resource 7b619791-e8eb-4464-945a-11b32cfed0e1 (type: router_ports) to 3
2026-05-29 12:39:16.145 9 INFO neutron.wsgi [None req-8f5fe6ee-ad27-456f-9067-770634fb2dc9 bb7793a897164eeda0d0523b41078d60 d57bd6df955349ba9a626d027e5d3910 - - default default] 10.0.0.132 "PUT /v2.0/routers/9365c62b-82ef-47a2-bbf4-c5df25e5c57c/add_router_interface HTTP/1.1" status: 200 len: 503 time: 1.9425900
2026-05-29 12:39:16.230 10 INFO neutron.wsgi [None req-f89f32e9-1b95-4e2d-8216-2351a6cd7527 bb7793a897164eeda0d0523b41078d60 d57bd6df955349ba9a626d027e5d3910 - - default default] 10.0.0.132 "GET /v2.0/ports/7b619791-e8eb-4464-945a-11b32cfed0e1 HTTP/1.1" status: 200 len: 1205 time: 0.0774574
2026-05-29 12:39:16.347 9 INFO neutron.wsgi [-] 10.0.0.202 "GET / HTTP/1.1" status: 200 len: 246 time: 0.0013926
2026-05-29 12:39:16.364 9 INFO neutron.wsgi [-] 10.0.0.202 "GET / HTTP/1.1" status: 200 len: 246 time: 0.0009916
2026-05-29 12:39:17.285 10 INFO neutron.wsgi [None req-039a2976-0935-46b8-894a-4b211296247b bb7793a897164eeda0d0523b41078d60 d57bd6df955349ba9a626d027e5d3910 - - default default] 10.0.0.132 "PUT /v2.0/routers/9365c62b-82ef-47a2-bbf4-c5df25e5c57c/remove_router_interface HTTP/1.1" status: 200 len: 503 time: 1.0506501 /var/lib/openstack/lib/python3.10/site-packages/pycadf/identifier.py:71: UserWarning: Invalid uuid: neutron. To ensure interoperability, identifiers should be a valid uuid. warnings.warn(('Invalid uuid: %s. To ensure interoperability, '
2026-05-29 12:39:17.379 9 INFO neutron.api.v2.resource [None req-1747e75a-6c9a-4754-abdb-72d5ae59568d bb7793a897164eeda0d0523b41078d60 d57bd6df955349ba9a626d027e5d3910 - - default default] remove_router_interface failed (client error): The resource could not be found.
2026-05-29 12:39:17.381 9 INFO neutron.wsgi [None req-1747e75a-6c9a-4754-abdb-72d5ae59568d bb7793a897164eeda0d0523b41078d60 d57bd6df955349ba9a626d027e5d3910 - - default default] 10.0.0.132 "PUT /v2.0/routers/9365c62b-82ef-47a2-bbf4-c5df25e5c57c/remove_router_interface HTTP/1.1" status: 404 len: 398 time: 0.0895483
2026-05-29 12:39:17.419 9 INFO neutron.wsgi [None req-853bcd5a-ad47-4371-9bbd-35e021929822 bb7793a897164eeda0d0523b41078d60 d57bd6df955349ba9a626d027e5d3910 - - default default] 10.0.0.132 "GET /v2.0/ports?device_id=9365c62b-82ef-47a2-bbf4-c5df25e5c57c HTTP/1.1" status: 200 len: 205 time: 0.0335460 /var/lib/openstack/lib/python3.10/site-packages/pycadf/identifier.py:71: UserWarning: Invalid uuid: neutron. To ensure interoperability, identifiers should be a valid uuid. warnings.warn(('Invalid uuid: %s. To ensure interoperability, '
2026-05-29 12:39:17.725 10 INFO neutron.db.ovn_revision_numbers_db [None req-ea04f0b1-d3e8-43ad-89e6-db27c0aabb6d 6536e182cca748a0b6092dad330042d3 7aeb5f936e9a4de5952c28a6ae9592fa - - default default] Successfully bumped revision number for resource 55064ebd-00b1-47c9-a00b-b72c3e7fa835 (type: security_groups) to 1
2026-05-29 12:39:17.742 10 INFO neutron.db.ovn_revision_numbers_db [None req-ea04f0b1-d3e8-43ad-89e6-db27c0aabb6d 6536e182cca748a0b6092dad330042d3 7aeb5f936e9a4de5952c28a6ae9592fa - - default default] Successfully bumped revision number for resource 3c3cd3bf-5ee7-4c3f-bde9-667bdf3eddf8 (type: security_group_rules) to 0
2026-05-29 12:39:17.763 10 INFO neutron.db.ovn_revision_numbers_db [None req-ea04f0b1-d3e8-43ad-89e6-db27c0aabb6d 6536e182cca748a0b6092dad330042d3 7aeb5f936e9a4de5952c28a6ae9592fa - - default default] Successfully bumped revision number for resource 6311835d-84fc-4606-9fcf-6dbc617c2760 (type: security_group_rules) to 0
2026-05-29 12:39:17.771 9 INFO neutron.wsgi [None req-470f740f-c712-4087-8fb2-4f08c9118eb3 bb7793a897164eeda0d0523b41078d60 d57bd6df955349ba9a626d027e5d3910 - - default default] 10.0.0.132 "DELETE /v2.0/routers/9365c62b-82ef-47a2-bbf4-c5df25e5c57c HTTP/1.1" status: 204 len: 168 time: 0.3473587
2026-05-29 12:39:17.792 10 INFO neutron.db.ovn_revision_numbers_db [None req-ea04f0b1-d3e8-43ad-89e6-db27c0aabb6d 6536e182cca748a0b6092dad330042d3 7aeb5f936e9a4de5952c28a6ae9592fa - - default default] Successfully bumped revision number for resource ca4cdffb-3bd3-481f-9074-e60b343b4d8d (type: security_group_rules) to 0
2026-05-29 12:39:17.810 10 INFO neutron.db.ovn_revision_numbers_db [None req-ea04f0b1-d3e8-43ad-89e6-db27c0aabb6d 6536e182cca748a0b6092dad330042d3 7aeb5f936e9a4de5952c28a6ae9592fa - - default default] Successfully bumped revision number for resource e128eac3-94e9-4337-9749-b88857b89b9a (type: security_group_rules) to 0
2026-05-29 12:39:17.837 10 INFO neutron.wsgi [None req-ea04f0b1-d3e8-43ad-89e6-db27c0aabb6d 6536e182cca748a0b6092dad330042d3 7aeb5f936e9a4de5952c28a6ae9592fa - - default default] 10.0.0.132 "GET /v2.0/security-groups?tenant_id=6a8359ba55c64c3e8ae8909c071c969c&name=default HTTP/1.1" status: 200 len: 2996 time: 0.4885783
2026-05-29 12:39:18.088 9 INFO neutron.wsgi [None req-bd1fa7fa-dbf5-4d7e-b7f4-cc6f8b4f85ba bb7793a897164eeda0d0523b41078d60 d57bd6df955349ba9a626d027e5d3910 - - default default] 10.0.0.132 "DELETE /v2.0/subnets/d6ea70ca-6bfd-4908-bf66-22a564ffb086 HTTP/1.1" status: 204 len: 168 time: 0.3098512
2026-05-29 12:39:18.202 9 INFO neutron.wsgi [None req-a78773d2-bb8a-45bf-8bb3-00d0e00d7c1c 6536e182cca748a0b6092dad330042d3 7aeb5f936e9a4de5952c28a6ae9592fa - - default default] 10.0.0.132 "DELETE /v2.0/security-groups/55064ebd-00b1-47c9-a00b-b72c3e7fa835 HTTP/1.1" status: 204 len: 168 time: 0.3568015
2026-05-29 12:39:18.547 9 WARNING neutron_lib.context [None req-7375c8ac-6e0f-4ee5-9cc3-8b18e0725f47 9d40894e9f49407592cc5232a7c437ed 04b45a2634f544768c4391fedec3f6be - - default default] Method 'is_advsvc' is deprecated since 2023.2 release (neutron-lib 3.8.0) and will be removed once support for the old RBAC API policies will be removed from Neutron. Please use method 'is_service_role' instead.
2026-05-29 12:39:18.550 9 INFO neutron.services.segments.plugin [-] Segment b3454bdb-4ba9-44d3-b0be-fff4591e12b0 resource provider aggregate not found
2026-05-29 12:39:18.556 9 INFO neutron.services.segments.plugin [-] Segment b3454bdb-4ba9-44d3-b0be-fff4591e12b0 resource provider aggregate not found
2026-05-29 12:39:18.572 9 INFO neutron.services.segments.plugin [-] Segment b3454bdb-4ba9-44d3-b0be-fff4591e12b0 resource provider not found; error: Placement Client Error (4xx): {"errors": [{"status": 404, "title": "Not Found", "detail": "The resource could not be found.\n\n No resource provider with uuid b3454bdb-4ba9-44d3-b0be-fff4591e12b0 found for delete ", "request_id": "req-197414ba-d09e-47d6-a288-a3fe3bbc58d9"}]}
2026-05-29 12:39:18.576 9 INFO neutron.services.segments.plugin [-] Segment b3454bdb-4ba9-44d3-b0be-fff4591e12b0 resource provider not found; error: Placement Client Error (4xx): {"errors": [{"status": 404, "title": "Not Found", "detail": "The resource could not be found.\n\n No resource provider with uuid b3454bdb-4ba9-44d3-b0be-fff4591e12b0 found for delete ", "request_id": "req-912dc144-454f-4f1a-9d4b-20690dc616a2"}]}
2026-05-29 12:39:18.602 9 INFO neutron.wsgi [None req-09aba98d-de3b-4936-8a4d-c2caa0651888 bb7793a897164eeda0d0523b41078d60 d57bd6df955349ba9a626d027e5d3910 - - default default] 10.0.0.132 "DELETE /v2.0/networks/7e237a59-d1b2-42f1-9cd0-083da0853f12 HTTP/1.1" status: 204 len: 168 time: 0.5087483
2026-05-29 12:39:18.618 10 WARNING neutron_lib.context [None req-1e14e42f-7f3e-4fe4-87e5-6383f0a09d71 bb7793a897164eeda0d0523b41078d60 d57bd6df955349ba9a626d027e5d3910 - - default default] Method 'is_advsvc' is deprecated since 2023.2 release (neutron-lib 3.8.0) and will be removed once support for the old RBAC API policies will be removed from Neutron. Please use method 'is_service_role' instead.
2026-05-29 12:39:18.693 9 INFO neutron.db.ovn_revision_numbers_db [None req-7375c8ac-6e0f-4ee5-9cc3-8b18e0725f47 9d40894e9f49407592cc5232a7c437ed 04b45a2634f544768c4391fedec3f6be - - default default] Successfully bumped revision number for resource b9507c0b-da9e-41b5-8a6f-d4e1b178847c (type: security_groups) to 1
2026-05-29 12:39:18.705 10 INFO neutron.db.segments_db [None req-1e14e42f-7f3e-4fe4-87e5-6383f0a09d71 bb7793a897164eeda0d0523b41078d60 d57bd6df955349ba9a626d027e5d3910 - - default default] Added segment bd096624-9fbe-4342-a3fc-0c121a1457d2 of type geneve for network 33aa6ddf-95a5-4bbc-b4e3-29b04470038f
2026-05-29 12:39:18.707 9 INFO neutron.db.ovn_revision_numbers_db [None req-7375c8ac-6e0f-4ee5-9cc3-8b18e0725f47 9d40894e9f49407592cc5232a7c437ed 04b45a2634f544768c4391fedec3f6be - - default default] Successfully bumped revision number for resource 39a317bd-a63a-4aa5-bf77-5d2d6f24aadf (type: security_group_rules) to 0
2026-05-29 12:39:18.721 9 INFO neutron.db.ovn_revision_numbers_db [None req-7375c8ac-6e0f-4ee5-9cc3-8b18e0725f47 9d40894e9f49407592cc5232a7c437ed 04b45a2634f544768c4391fedec3f6be - - default default] Successfully bumped revision number for resource a6593f91-e117-487f-8a2f-a1daeceb6af3 (type: security_group_rules) to 0
2026-05-29 12:39:18.738 9 INFO neutron.db.ovn_revision_numbers_db [None req-7375c8ac-6e0f-4ee5-9cc3-8b18e0725f47 9d40894e9f49407592cc5232a7c437ed 04b45a2634f544768c4391fedec3f6be - - default default] Successfully bumped revision number for resource a8fe4224-fc1e-403b-93c3-1d4e64b88586 (type: security_group_rules) to 0
2026-05-29 12:39:18.754 9 INFO neutron.db.ovn_revision_numbers_db [None req-7375c8ac-6e0f-4ee5-9cc3-8b18e0725f47 9d40894e9f49407592cc5232a7c437ed 04b45a2634f544768c4391fedec3f6be - - default default] Successfully bumped revision number for resource e86e8ec8-2253-45aa-9b4f-ed01d1e5e570 (type: security_group_rules) to 0
2026-05-29 12:39:18.817 9 INFO neutron.db.segments_db [None req-7375c8ac-6e0f-4ee5-9cc3-8b18e0725f47 9d40894e9f49407592cc5232a7c437ed 04b45a2634f544768c4391fedec3f6be - - default default] Added segment 6ed8f8e7-099a-457f-92a1-b7a0e02c767b of type geneve for network 225f1291-487a-4eca-a27a-3ef3baeecff6
2026-05-29 12:39:18.855 10 INFO neutron.db.ovn_revision_numbers_db [None req-1e14e42f-7f3e-4fe4-87e5-6383f0a09d71 bb7793a897164eeda0d0523b41078d60 d57bd6df955349ba9a626d027e5d3910 - - default default] Successfully bumped revision number for resource 33aa6ddf-95a5-4bbc-b4e3-29b04470038f (type: networks) to 1
2026-05-29 12:39:18.996 9 INFO neutron.db.ovn_revision_numbers_db [None req-7375c8ac-6e0f-4ee5-9cc3-8b18e0725f47 9d40894e9f49407592cc5232a7c437ed 04b45a2634f544768c4391fedec3f6be - - default default] Successfully bumped revision number for resource 225f1291-487a-4eca-a27a-3ef3baeecff6 (type: networks) to 1
2026-05-29 12:39:19.074 10 WARNING neutron.scheduler.dhcp_agent_scheduler [None req-1e14e42f-7f3e-4fe4-87e5-6383f0a09d71 bb7793a897164eeda0d0523b41078d60 d57bd6df955349ba9a626d027e5d3910 - - default default] No more DHCP agents
2026-05-29 12:39:19.077 10 WARNING neutron.api.rpc.agentnotifiers.dhcp_rpc_agent_api [None req-1e14e42f-7f3e-4fe4-87e5-6383f0a09d71 bb7793a897164eeda0d0523b41078d60 d57bd6df955349ba9a626d027e5d3910 - - default default] Unable to schedule network 33aa6ddf-95a5-4bbc-b4e3-29b04470038f: no agents available; will retry on subsequent port and subnet creation events.
2026-05-29 12:39:19.155 10 INFO neutron.db.ovn_revision_numbers_db [None req-1e14e42f-7f3e-4fe4-87e5-6383f0a09d71 bb7793a897164eeda0d0523b41078d60 d57bd6df955349ba9a626d027e5d3910 - - default default] Successfully bumped revision number for resource c1ff66c8-5179-484a-93da-3e2c572b07cc (type: ports) to 1
2026-05-29 12:39:19.177 10 INFO neutron.wsgi [None req-1e14e42f-7f3e-4fe4-87e5-6383f0a09d71 bb7793a897164eeda0d0523b41078d60 d57bd6df955349ba9a626d027e5d3910 - - default default] 10.0.0.132 "POST /v2.0/networks HTTP/1.1" status: 201 len: 829 time: 0.5656960
2026-05-29 12:39:19.187 10 WARNING neutron_lib.context [None req-4b56f92e-209f-4490-87c3-ffe516bf6863 bb7793a897164eeda0d0523b41078d60 d57bd6df955349ba9a626d027e5d3910 - - default default] Method 'is_advsvc' is deprecated since 2023.2 release (neutron-lib 3.8.0) and will be removed once support for the old RBAC API policies will be removed from Neutron. Please use method 'is_service_role' instead.
2026-05-29 12:39:19.192 9 WARNING neutron.scheduler.dhcp_agent_scheduler [None req-7375c8ac-6e0f-4ee5-9cc3-8b18e0725f47 9d40894e9f49407592cc5232a7c437ed 04b45a2634f544768c4391fedec3f6be - - default default] No more DHCP agents
2026-05-29 12:39:19.195 9 WARNING neutron.api.rpc.agentnotifiers.dhcp_rpc_agent_api [None req-7375c8ac-6e0f-4ee5-9cc3-8b18e0725f47 9d40894e9f49407592cc5232a7c437ed 04b45a2634f544768c4391fedec3f6be - - default default] Unable to schedule network 225f1291-487a-4eca-a27a-3ef3baeecff6: no agents available; will retry on subsequent port and subnet creation events.
2026-05-29 12:39:19.300 9 INFO neutron.db.ovn_revision_numbers_db [None req-7375c8ac-6e0f-4ee5-9cc3-8b18e0725f47 9d40894e9f49407592cc5232a7c437ed 04b45a2634f544768c4391fedec3f6be - - default default] Successfully bumped revision number for resource 1141747b-2e25-42fd-af72-989607040d69 (type: ports) to 1
2026-05-29 12:39:19.334 9 INFO neutron.wsgi [None req-7375c8ac-6e0f-4ee5-9cc3-8b18e0725f47 9d40894e9f49407592cc5232a7c437ed 04b45a2634f544768c4391fedec3f6be - - default default] 10.0.0.132 "POST /v2.0/networks HTTP/1.1" status: 201 len: 830 time: 0.9890177
2026-05-29 12:39:19.346 9 WARNING neutron_lib.context [None req-bfc55cc5-5ef7-476c-8882-5b3e38a5ed60 9d40894e9f49407592cc5232a7c437ed 04b45a2634f544768c4391fedec3f6be - - default default] Method 'is_advsvc' is deprecated since 2023.2 release (neutron-lib 3.8.0) and will be removed once support for the old RBAC API policies will be removed from Neutron. Please use method 'is_service_role' instead.
2026-05-29 12:39:19.438 10 WARNING neutron.scheduler.dhcp_agent_scheduler [None req-4b56f92e-209f-4490-87c3-ffe516bf6863 bb7793a897164eeda0d0523b41078d60 d57bd6df955349ba9a626d027e5d3910 - - default default] No more DHCP agents
2026-05-29 12:39:19.441 10 WARNING neutron.api.rpc.agentnotifiers.dhcp_rpc_agent_api [None req-4b56f92e-209f-4490-87c3-ffe516bf6863 bb7793a897164eeda0d0523b41078d60 d57bd6df955349ba9a626d027e5d3910 - - default default] Unable to schedule network 33aa6ddf-95a5-4bbc-b4e3-29b04470038f: no agents available; will retry on subsequent port and subnet creation events.
2026-05-29 12:39:19.641 9 WARNING neutron.scheduler.dhcp_agent_scheduler [None req-bfc55cc5-5ef7-476c-8882-5b3e38a5ed60 9d40894e9f49407592cc5232a7c437ed 04b45a2634f544768c4391fedec3f6be - - default default] No more DHCP agents
2026-05-29 12:39:19.643 9 WARNING neutron.api.rpc.agentnotifiers.dhcp_rpc_agent_api [None req-bfc55cc5-5ef7-476c-8882-5b3e38a5ed60 9d40894e9f49407592cc5232a7c437ed 04b45a2634f544768c4391fedec3f6be - - default default] Unable to schedule network 225f1291-487a-4eca-a27a-3ef3baeecff6: no agents available; will retry on subsequent port and subnet creation events.
2026-05-29 12:39:19.753 9 INFO neutron.db.ovn_revision_numbers_db [None req-bfc55cc5-5ef7-476c-8882-5b3e38a5ed60 9d40894e9f49407592cc5232a7c437ed 04b45a2634f544768c4391fedec3f6be - - default default] Successfully bumped revision number for resource f41bcae4-5b4b-4ce2-bc62-05ff8f59739f (type: ports) to 1
2026-05-29 12:39:19.778 9 INFO neutron.wsgi [None req-bfc55cc5-5ef7-476c-8882-5b3e38a5ed60 9d40894e9f49407592cc5232a7c437ed 04b45a2634f544768c4391fedec3f6be - - default default] 10.0.0.132 "POST /v2.0/ports HTTP/1.1" status: 201 len: 942 time: 0.4386113
2026-05-29 12:39:19.789 10 WARNING neutron_lib.context [None req-344181b9-08aa-4e11-816b-701828b1b6b4 9d40894e9f49407592cc5232a7c437ed 04b45a2634f544768c4391fedec3f6be - - default default] Method 'is_advsvc' is deprecated since 2023.2 release (neutron-lib 3.8.0) and will be removed once support for the old RBAC API policies will be removed from Neutron. Please use method 'is_service_role' instead.
2026-05-29 12:39:20.040 10 INFO neutron.db.ovn_revision_numbers_db [None req-4b56f92e-209f-4490-87c3-ffe516bf6863 bb7793a897164eeda0d0523b41078d60 d57bd6df955349ba9a626d027e5d3910 - - default default] Successfully bumped revision number for resource c1ff66c8-5179-484a-93da-3e2c572b07cc (type: ports) to 2
2026-05-29 12:39:20.084 10 INFO neutron.wsgi [None req-344181b9-08aa-4e11-816b-701828b1b6b4 9d40894e9f49407592cc5232a7c437ed 04b45a2634f544768c4391fedec3f6be - - default default] 10.0.0.132 "POST /v2.0/trunks HTTP/1.1" status: 201 len: 608 time: 0.3014538
2026-05-29 12:39:20.096 10 INFO neutron.db.ovn_revision_numbers_db [None req-4b56f92e-209f-4490-87c3-ffe516bf6863 bb7793a897164eeda0d0523b41078d60 d57bd6df955349ba9a626d027e5d3910 - - default default] Successfully bumped revision number for resource 338a6b24-ee6c-45fd-a36c-d4791d0cc6f4 (type: subnets) to 0
2026-05-29 12:39:20.116 10 INFO neutron.wsgi [None req-4b56f92e-209f-4490-87c3-ffe516bf6863 bb7793a897164eeda0d0523b41078d60 d57bd6df955349ba9a626d027e5d3910 - - default default] 10.0.0.132 "POST /v2.0/subnets HTTP/1.1" status: 201 len: 801 time: 0.9335241
2026-05-29 12:39:20.127 10 WARNING neutron_lib.context [None req-6905981d-6eb5-469b-9b97-f20d29c2297a bb7793a897164eeda0d0523b41078d60 d57bd6df955349ba9a626d027e5d3910 - - default default] Method 'is_advsvc' is deprecated since 2023.2 release (neutron-lib 3.8.0) and will be removed once support for the old RBAC API policies will be removed from Neutron. Please use method 'is_service_role' instead.
2026-05-29 12:39:20.132 10 INFO neutron.wsgi [None req-11fe34f4-dda7-429e-a60a-d0f11e6f14bd 9d40894e9f49407592cc5232a7c437ed 04b45a2634f544768c4391fedec3f6be - - default default] 10.0.0.132 "PUT /v2.0/trunks/308207a0-0e54-45f2-86d4-1290e5582095/tags HTTP/1.1" status: 200 len: 218 time: 0.0430989
2026-05-29 12:39:20.163 10 INFO neutron.wsgi [None req-d13d9847-6455-4cc5-a093-47d6492b7b6e 9d40894e9f49407592cc5232a7c437ed 04b45a2634f544768c4391fedec3f6be - - default default] 10.0.0.132 "GET /v2.0/trunks/308207a0-0e54-45f2-86d4-1290e5582095/tags HTTP/1.1" status: 200 len: 218 time: 0.0263965 /var/lib/openstack/lib/python3.10/site-packages/pycadf/identifier.py:71: UserWarning: Invalid uuid: neutron. To ensure interoperability, identifiers should be a valid uuid. warnings.warn(('Invalid uuid: %s. To ensure interoperability, '
2026-05-29 12:39:20.203 9 INFO neutron.wsgi [None req-6914be97-3961-4614-8e44-6187eca3245f 9d40894e9f49407592cc5232a7c437ed 04b45a2634f544768c4391fedec3f6be - - default default] 10.0.0.132 "PUT /v2.0/trunks/308207a0-0e54-45f2-86d4-1290e5582095/tags/green HTTP/1.1" status: 201 len: 201 time: 0.0347993
2026-05-29 12:39:20.240 10 INFO neutron.wsgi [None req-a5b31084-7b19-40cf-891e-7ff3156bbfcf 9d40894e9f49407592cc5232a7c437ed 04b45a2634f544768c4391fedec3f6be - - default default] 10.0.0.132 "GET /v2.0/trunks/308207a0-0e54-45f2-86d4-1290e5582095/tags HTTP/1.1" status: 200 len: 227 time: 0.0313728
2026-05-29 12:39:20.274 9 INFO neutron.wsgi [None req-cf1c54e0-79ff-4d94-b49e-43c0fff24665 9d40894e9f49407592cc5232a7c437ed 04b45a2634f544768c4391fedec3f6be - - default default] 10.0.0.132 "PUT /v2.0/trunks/308207a0-0e54-45f2-86d4-1290e5582095/tags/red HTTP/1.1" status: 201 len: 201 time: 0.0286531
2026-05-29 12:39:20.287 10 INFO neutron.db.ovn_revision_numbers_db [None req-6905981d-6eb5-469b-9b97-f20d29c2297a bb7793a897164eeda0d0523b41078d60 d57bd6df955349ba9a626d027e5d3910 - - default default] Successfully bumped revision number for resource 9d4eb4ac-a408-4926-9e92-683a39fb2bab (type: routers) to 1
2026-05-29 12:39:20.302 10 INFO neutron.wsgi [None req-6905981d-6eb5-469b-9b97-f20d29c2297a bb7793a897164eeda0d0523b41078d60 d57bd6df955349ba9a626d027e5d3910 - - default default] 10.0.0.132 "POST /v2.0/routers HTTP/1.1" status: 201 len: 687 time: 0.1796448
2026-05-29 12:39:20.302 9 INFO neutron.wsgi [None req-b2574572-f484-494b-a76b-610681fc9a48 9d40894e9f49407592cc5232a7c437ed 04b45a2634f544768c4391fedec3f6be - - default default] 10.0.0.132 "GET /v2.0/trunks/308207a0-0e54-45f2-86d4-1290e5582095/tags HTTP/1.1" status: 200 len: 227 time: 0.0234666
2026-05-29 12:39:20.349 9 INFO neutron.wsgi [None req-55a67590-b891-4ef6-b9fc-53088c45b49a 9d40894e9f49407592cc5232a7c437ed 04b45a2634f544768c4391fedec3f6be - - default default] 10.0.0.132 "PUT /v2.0/trunks/308207a0-0e54-45f2-86d4-1290e5582095/tags/black.or.white HTTP/1.1" status: 201 len: 201 time: 0.0404418
2026-05-29 12:39:20.379 9 INFO neutron.wsgi [None req-46a0f1e5-088d-46ae-9fc2-e56048dc71c4 9d40894e9f49407592cc5232a7c437ed 04b45a2634f544768c4391fedec3f6be - - default default] 10.0.0.132 "GET /v2.0/trunks/308207a0-0e54-45f2-86d4-1290e5582095/tags HTTP/1.1" status: 200 len: 245 time: 0.0253184
2026-05-29 12:39:20.428 9 INFO neutron.wsgi [None req-89737a69-4163-48bf-9582-1d8326f0d6bb 9d40894e9f49407592cc5232a7c437ed 04b45a2634f544768c4391fedec3f6be - - default default] 10.0.0.132 "PUT /v2.0/trunks/308207a0-0e54-45f2-86d4-1290e5582095/tags HTTP/1.1" status: 200 len: 230 time: 0.0431437
2026-05-29 12:39:20.460 10 INFO neutron.wsgi [None req-fcc535dd-f073-456f-b9b5-04c62e084b64 9d40894e9f49407592cc5232a7c437ed 04b45a2634f544768c4391fedec3f6be - - default default] 10.0.0.132 "GET /v2.0/trunks/308207a0-0e54-45f2-86d4-1290e5582095/tags HTTP/1.1" status: 200 len: 230 time: 0.0269027
2026-05-29 12:39:20.497 9 INFO neutron.wsgi [None req-76d48870-b333-471e-9ba8-41ec671617ce 9d40894e9f49407592cc5232a7c437ed 04b45a2634f544768c4391fedec3f6be - - default default] 10.0.0.132 "GET /v2.0/trunks/308207a0-0e54-45f2-86d4-1290e5582095/tags/red HTTP/1.1" status: 204 len: 168 time: 0.0303578
2026-05-29 12:39:20.522 9 INFO neutron.api.v2.resource [None req-aa08dd73-8dfc-4c38-8ce5-cc2ab1fc4931 9d40894e9f49407592cc5232a7c437ed 04b45a2634f544768c4391fedec3f6be - - default default] show failed (client error): The resource could not be found.
2026-05-29 12:39:20.524 9 INFO neutron.wsgi [None req-aa08dd73-8dfc-4c38-8ce5-cc2ab1fc4931 9d40894e9f49407592cc5232a7c437ed 04b45a2634f544768c4391fedec3f6be - - default default] 10.0.0.132 "GET /v2.0/trunks/308207a0-0e54-45f2-86d4-1290e5582095/tags/green HTTP/1.1" status: 404 len: 299 time: 0.0222032
2026-05-29 12:39:20.561 9 INFO neutron.wsgi [None req-0b357913-2373-447d-bf63-3363ccc8faec 9d40894e9f49407592cc5232a7c437ed 04b45a2634f544768c4391fedec3f6be - - default default] 10.0.0.132 "DELETE /v2.0/trunks/308207a0-0e54-45f2-86d4-1290e5582095/tags/red HTTP/1.1" status: 204 len: 168 time: 0.0329070
2026-05-29 12:39:20.582 9 INFO neutron.wsgi [None req-8638810f-54fc-427d-9cac-2f1a41e7899e 9d40894e9f49407592cc5232a7c437ed 04b45a2634f544768c4391fedec3f6be - - default default] 10.0.0.132 "GET /v2.0/trunks/308207a0-0e54-45f2-86d4-1290e5582095/tags HTTP/1.1" status: 200 len: 223 time: 0.0165563
2026-05-29 12:39:20.607 9 INFO neutron.api.v2.resource [None req-eeeb0b04-b38e-48ea-a665-af573d4e7aa2 9d40894e9f49407592cc5232a7c437ed 04b45a2634f544768c4391fedec3f6be - - default default] delete failed (client error): The resource could not be found.
2026-05-29 12:39:20.608 9 INFO neutron.wsgi [None req-eeeb0b04-b38e-48ea-a665-af573d4e7aa2 9d40894e9f49407592cc5232a7c437ed 04b45a2634f544768c4391fedec3f6be - - default default] 10.0.0.132 "DELETE /v2.0/trunks/308207a0-0e54-45f2-86d4-1290e5582095/tags/green HTTP/1.1" status: 404 len: 299 time: 0.0195882
2026-05-29 12:39:20.642 9 INFO neutron.wsgi [None req-0831852d-51b2-416d-87e7-b2e4f2787e31 9d40894e9f49407592cc5232a7c437ed 04b45a2634f544768c4391fedec3f6be - - default default] 10.0.0.132 "DELETE /v2.0/trunks/308207a0-0e54-45f2-86d4-1290e5582095/tags HTTP/1.1" status: 204 len: 168 time: 0.0284913
2026-05-29 12:39:20.662 9 INFO neutron.wsgi [None req-24fea8f3-342c-4361-b26f-583b4438fae3 9d40894e9f49407592cc5232a7c437ed 04b45a2634f544768c4391fedec3f6be - - default default] 10.0.0.132 "GET /v2.0/trunks/308207a0-0e54-45f2-86d4-1290e5582095/tags HTTP/1.1" status: 200 len: 205 time: 0.0164382
2026-05-29 12:39:20.686 9 INFO neutron.wsgi [None req-e05a0d4a-b0a4-481e-9477-8347b23dd99e 9d40894e9f49407592cc5232a7c437ed 04b45a2634f544768c4391fedec3f6be - - default default] 10.0.0.132 "GET /v2.0/trunks/308207a0-0e54-45f2-86d4-1290e5582095 HTTP/1.1" status: 200 len: 603 time: 0.0146871
2026-05-29 12:39:20.780 10 WARNING neutron.scheduler.dhcp_agent_scheduler [None req-b6e43840-d7ae-4fa6-94af-56566a86ab5c bb7793a897164eeda0d0523b41078d60 d57bd6df955349ba9a626d027e5d3910 - - default default] No more DHCP agents
2026-05-29 12:39:20.781 9 INFO neutron.wsgi [None req-96f521ed-42e4-416d-a80b-ae4d76f39a1d 9d40894e9f49407592cc5232a7c437ed 04b45a2634f544768c4391fedec3f6be - - default default] 10.0.0.132 "GET /v2.0/ports/f41bcae4-5b4b-4ce2-bc62-05ff8f59739f HTTP/1.1" status: 200 len: 1020 time: 0.0904350
2026-05-29 12:39:20.783 10 WARNING neutron.api.rpc.agentnotifiers.dhcp_rpc_agent_api [None req-b6e43840-d7ae-4fa6-94af-56566a86ab5c bb7793a897164eeda0d0523b41078d60 d57bd6df955349ba9a626d027e5d3910 - - default default] Unable to schedule network 33aa6ddf-95a5-4bbc-b4e3-29b04470038f: no agents available; will retry on subsequent port and subnet creation events.
2026-05-29 12:39:20.895 9 INFO neutron.wsgi [None req-1f2b5259-4d48-4e56-8cb0-b754a08cb169 9d40894e9f49407592cc5232a7c437ed 04b45a2634f544768c4391fedec3f6be - - default default] 10.0.0.132 "DELETE /v2.0/trunks/308207a0-0e54-45f2-86d4-1290e5582095 HTTP/1.1" status: 204 len: 168 time: 0.1058164
2026-05-29 12:39:20.986 10 INFO neutron.db.ovn_revision_numbers_db [None req-b6e43840-d7ae-4fa6-94af-56566a86ab5c bb7793a897164eeda0d0523b41078d60 d57bd6df955349ba9a626d027e5d3910 - - default default] Successfully bumped revision number for resource 3e7f611b-428e-4779-a0ca-66246510a471 (type: ports) to 1
2026-05-29 12:39:21.258 9 WARNING neutron.plugins.ml2.drivers.ovn.mech_driver.ovsdb.ovn_client [None req-712c2656-3222-4b2a-9f45-9bc110d09902 - - - - - -] No port found with ID 7b619791-e8eb-4464-945a-11b32cfed0e1: RuntimeError: No port found with ID 7b619791-e8eb-4464-945a-11b32cfed0e1
2026-05-29 12:39:21.287 10 INFO neutron.wsgi [None req-30bb1dc0-d4bc-498a-a057-2e5d5269f3c0 9d40894e9f49407592cc5232a7c437ed 04b45a2634f544768c4391fedec3f6be - - default default] 10.0.0.132 "DELETE /v2.0/ports/f41bcae4-5b4b-4ce2-bc62-05ff8f59739f HTTP/1.1" status: 204 len: 168 time: 0.3873615
2026-05-29 12:39:21.475 9 INFO neutron.plugins.ml2.drivers.ovn.mech_driver.mech_driver [None req-712c2656-3222-4b2a-9f45-9bc110d09902 - - - - - -] OVN reports status up for port: 3e7f611b-428e-4779-a0ca-66246510a471
2026-05-29 12:39:21.489 9 INFO neutron.wsgi [req-ebb76e23-2c60-4433-a280-719b428a20d6 req-e56b536c-6a06-4348-a9db-b4164371ecb1 7ff64c63fafe454f8c310777bb85b0ac a188894cbd7a482197043a4e66c93638 - - default default] 10.0.0.35 "GET /v2.0/ports?device_id=f486efe0-ae8c-4eb5-ac75-f415aaafc2f6 HTTP/1.1" status: 200 len: 1214 time: 0.1569240
2026-05-29 12:39:21.490 9 INFO neutron.plugins.ml2.plugin [None req-712c2656-3222-4b2a-9f45-9bc110d09902 - - - - - -] Attempt 1 to provision port 3e7f611b-428e-4779-a0ca-66246510a471
2026-05-29 12:39:21.512 10 INFO neutron.db.ovn_revision_numbers_db [None req-b6e43840-d7ae-4fa6-94af-56566a86ab5c bb7793a897164eeda0d0523b41078d60 d57bd6df955349ba9a626d027e5d3910 - - default default] Successfully bumped revision number for resource 3e7f611b-428e-4779-a0ca-66246510a471 (type: router_ports) to 1
2026-05-29 12:39:21.571 9 INFO neutron.wsgi [req-ebb76e23-2c60-4433-a280-719b428a20d6 req-2aa57947-c804-4383-9536-21db486edcc0 7ff64c63fafe454f8c310777bb85b0ac a188894cbd7a482197043a4e66c93638 - - default default] 10.0.0.35 "GET /v2.0/security-groups?id=35fb0808-abc5-4949-9ca8-fa7001381b51&id=6570ee7a-f859-4bfc-84e4-fd7a31e96eb2&fields=id&fields=name HTTP/1.1" status: 200 len: 405 time: 0.0670366
2026-05-29 12:39:22.006 10 INFO neutron.db.ovn_revision_numbers_db [None req-b6e43840-d7ae-4fa6-94af-56566a86ab5c bb7793a897164eeda0d0523b41078d60 d57bd6df955349ba9a626d027e5d3910 - - default default] Successfully bumped revision number for resource 3e7f611b-428e-4779-a0ca-66246510a471 (type: ports) to 1
2026-05-29 12:39:22.028 10 INFO neutron.services.segments.plugin [-] Segment 6ed8f8e7-099a-457f-92a1-b7a0e02c767b resource provider aggregate not found
2026-05-29 12:39:22.041 10 INFO neutron.services.segments.plugin [-] Segment 6ed8f8e7-099a-457f-92a1-b7a0e02c767b resource provider aggregate not found
2026-05-29 12:39:22.056 10 INFO neutron.services.segments.plugin [-] Segment 6ed8f8e7-099a-457f-92a1-b7a0e02c767b resource provider not found; error: Placement Client Error (4xx): {"errors": [{"status": 404, "title": "Not Found", "detail": "The resource could not be found.\n\n No resource provider with uuid 6ed8f8e7-099a-457f-92a1-b7a0e02c767b found for delete ", "request_id": "req-e08cb7d8-1c4e-4c7d-bf88-1356574ec011"}]}
2026-05-29 12:39:22.056 10 INFO neutron.services.segments.plugin [-] Segment 6ed8f8e7-099a-457f-92a1-b7a0e02c767b resource provider not found; error: Placement Client Error (4xx): {"errors": [{"status": 404, "title": "Not Found", "detail": "The resource could not be found.\n\n No resource provider with uuid 6ed8f8e7-099a-457f-92a1-b7a0e02c767b found for delete ", "request_id": "req-f30e8aca-823d-4b37-ae7b-3a78db455e7f"}]}
2026-05-29 12:39:22.097 10 INFO neutron.wsgi [None req-e9dbca7c-809c-4e2b-8f71-1626b95eb6e7 9d40894e9f49407592cc5232a7c437ed 04b45a2634f544768c4391fedec3f6be - - default default] 10.0.0.132 "DELETE /v2.0/networks/225f1291-487a-4eca-a27a-3ef3baeecff6 HTTP/1.1" status: 204 len: 168 time: 0.8056948
2026-05-29 12:39:22.116 10 WARNING neutron.scheduler.dhcp_agent_scheduler [None req-b6e43840-d7ae-4fa6-94af-56566a86ab5c bb7793a897164eeda0d0523b41078d60 d57bd6df955349ba9a626d027e5d3910 - - default default] No more DHCP agents
2026-05-29 12:39:22.118 10 WARNING neutron.api.rpc.agentnotifiers.dhcp_rpc_agent_api [None req-b6e43840-d7ae-4fa6-94af-56566a86ab5c bb7793a897164eeda0d0523b41078d60 d57bd6df955349ba9a626d027e5d3910 - - default default] Unable to schedule network 33aa6ddf-95a5-4bbc-b4e3-29b04470038f: no agents available; will retry on subsequent port and subnet creation events.
2026-05-29 12:39:22.185 9 INFO neutron.wsgi [None req-8606bb12-e225-4849-8335-84c7ff3fb611 71bfc025737648b49e369f3b13c750f5 f3de5491fb79438ba0006f3715b53722 - - default default] 10.0.0.132 "GET /v2.0/ports?device_id=f486efe0-ae8c-4eb5-ac75-f415aaafc2f6 HTTP/1.1" status: 200 len: 1447 time: 0.5863380
2026-05-29 12:39:22.191 9 INFO neutron.wsgi [req-5b5d3345-7d83-483d-934a-80b9919cb308 req-65b40b34-5c51-45be-a9ee-5121daa3cb20 fa748b7f717e4474a271517bf1d588d2 9a445fbe52a8484e8ac40263374188a5 - - 10135560175449639de1ac7a4564d476 10135560175449639de1ac7a4564d476] 199.204.45.35 "GET /v2.0/ports?device_id=f486efe0-ae8c-4eb5-ac75-f415aaafc2f6&fields=binding%3Ahost_id&fields=binding%3Avif_type HTTP/1.1" status: 200 len: 265 time: 0.0846796
2026-05-29 12:39:22.282 10 INFO neutron.db.ovn_revision_numbers_db [None req-b6e43840-d7ae-4fa6-94af-56566a86ab5c bb7793a897164eeda0d0523b41078d60 d57bd6df955349ba9a626d027e5d3910 - - default default] Successfully bumped revision number for resource 3e7f611b-428e-4779-a0ca-66246510a471 (type: router_ports) to 2
2026-05-29 12:39:22.285 10 INFO neutron.wsgi [None req-b6e43840-d7ae-4fa6-94af-56566a86ab5c bb7793a897164eeda0d0523b41078d60 d57bd6df955349ba9a626d027e5d3910 - - default default] 10.0.0.132 "PUT /v2.0/routers/9d4eb4ac-a408-4926-9e92-683a39fb2bab/add_router_interface HTTP/1.1" status: 200 len: 503 time: 1.9764190
2026-05-29 12:39:22.299 9 INFO neutron.wsgi [None req-5c763f2c-c16e-4681-bae2-41f2b33f6eaf 7ff64c63fafe454f8c310777bb85b0ac a188894cbd7a482197043a4e66c93638 - - default default] 10.0.0.132 "GET /v2.0/floatingips?floating_network_id=37854a1d-de52-480b-9c0c-52f3b08020f6&port_id=0dfed526-1475-4136-9fdd-446799dfcfc7 HTTP/1.1" status: 200 len: 1055 time: 0.1044226
2026-05-29 12:39:22.317 9 INFO neutron.wsgi [req-5b5d3345-7d83-483d-934a-80b9919cb308 req-349c5be5-af2a-4818-b06d-0834d189285f fa748b7f717e4474a271517bf1d588d2 9a445fbe52a8484e8ac40263374188a5 - - 10135560175449639de1ac7a4564d476 10135560175449639de1ac7a4564d476] 199.204.45.35 "GET /v2.0/ports?tenant_id=a188894cbd7a482197043a4e66c93638&device_id=f486efe0-ae8c-4eb5-ac75-f415aaafc2f6 HTTP/1.1" status: 200 len: 1452 time: 0.0679622
2026-05-29 12:39:22.338 10 INFO neutron.wsgi [None req-ee10b40b-00a1-4e63-a313-2434cb21fcb2 bb7793a897164eeda0d0523b41078d60 d57bd6df955349ba9a626d027e5d3910 - - default default] 10.0.0.132 "GET /v2.0/ports/3e7f611b-428e-4779-a0ca-66246510a471 HTTP/1.1" status: 200 len: 1137 time: 0.0472739
2026-05-29 12:39:22.377 10 INFO neutron.wsgi [None req-ce3cfb14-f203-4e97-900f-569e176aee45 bb7793a897164eeda0d0523b41078d60 d57bd6df955349ba9a626d027e5d3910 - - default default] 10.0.0.132 "GET /v2.0/ports/3e7f611b-428e-4779-a0ca-66246510a471 HTTP/1.1" status: 200 len: 1137 time: 0.0322900
2026-05-29 12:39:22.377 9 INFO neutron.db.ovn_revision_numbers_db [None req-712c2656-3222-4b2a-9f45-9bc110d09902 - - - - - -] Successfully bumped revision number for resource 3e7f611b-428e-4779-a0ca-66246510a471 (type: ports) to 2
2026-05-29 12:39:22.410 9 INFO neutron.wsgi [req-5b5d3345-7d83-483d-934a-80b9919cb308 req-e6cd8da0-22ac-475f-83db-6baad408d2be fa748b7f717e4474a271517bf1d588d2 9a445fbe52a8484e8ac40263374188a5 - - 10135560175449639de1ac7a4564d476 10135560175449639de1ac7a4564d476] 199.204.45.35 "GET /v2.0/networks?id=2d05f2cd-d214-4e47-bcd2-624a1f1d6b2c HTTP/1.1" status: 200 len: 970 time: 0.0732646
2026-05-29 12:39:22.471 9 INFO neutron.wsgi [req-5b5d3345-7d83-483d-934a-80b9919cb308 req-e041f776-38a3-47ba-8660-fe1477d39a6a fa748b7f717e4474a271517bf1d588d2 9a445fbe52a8484e8ac40263374188a5 - - 10135560175449639de1ac7a4564d476 10135560175449639de1ac7a4564d476] 199.204.45.35 "GET /v2.0/floatingips?fixed_ip_address=10.100.0.12&port_id=0dfed526-1475-4136-9fdd-446799dfcfc7 HTTP/1.1" status: 200 len: 1060 time: 0.0555241
2026-05-29 12:39:22.476 9 INFO neutron.db.ovn_revision_numbers_db [None req-712c2656-3222-4b2a-9f45-9bc110d09902 - - - - - -] Successfully bumped revision number for resource 3e7f611b-428e-4779-a0ca-66246510a471 (type: router_ports) to 2
2026-05-29 12:39:22.519 9 INFO neutron.wsgi [req-5b5d3345-7d83-483d-934a-80b9919cb308 req-3bcbcf42-449e-4c51-b3bd-21f8ce9110a2 fa748b7f717e4474a271517bf1d588d2 9a445fbe52a8484e8ac40263374188a5 - - 10135560175449639de1ac7a4564d476 10135560175449639de1ac7a4564d476] 199.204.45.35 "GET /v2.0/subnets?id=1087e226-fa7f-4825-a82b-486b8531150b HTTP/1.1" status: 200 len: 865 time: 0.0344331
2026-05-29 12:39:22.545 9 INFO neutron.wsgi [req-5b5d3345-7d83-483d-934a-80b9919cb308 req-06f11647-23fd-4ccf-8254-0b8f452ded7e fa748b7f717e4474a271517bf1d588d2 9a445fbe52a8484e8ac40263374188a5 - - 10135560175449639de1ac7a4564d476 10135560175449639de1ac7a4564d476] 199.204.45.35 "GET /v2.0/ports?network_id=2d05f2cd-d214-4e47-bcd2-624a1f1d6b2c&device_owner=network%3Adhcp HTTP/1.1" status: 200 len: 210 time: 0.0172181
2026-05-29 12:39:22.561 10 INFO neutron.wsgi [req-5923655e-648b-43c3-ba7b-b18a08847453 req-346e868a-5f1a-459e-9bd4-532f15638871 fa748b7f717e4474a271517bf1d588d2 9a445fbe52a8484e8ac40263374188a5 - - 10135560175449639de1ac7a4564d476 10135560175449639de1ac7a4564d476] 10.0.0.9 "GET /v2.0/ports?device_id=f486efe0-ae8c-4eb5-ac75-f415aaafc2f6 HTTP/1.1" status: 200 len: 1452 time: 0.0510199
2026-05-29 12:39:22.607 9 INFO neutron.wsgi [req-5b5d3345-7d83-483d-934a-80b9919cb308 req-8d661733-3902-4fd8-b30c-c1ce1fce8c67 fa748b7f717e4474a271517bf1d588d2 9a445fbe52a8484e8ac40263374188a5 - - 10135560175449639de1ac7a4564d476 10135560175449639de1ac7a4564d476] 199.204.45.35 "GET /v2.0/networks/2d05f2cd-d214-4e47-bcd2-624a1f1d6b2c?fields=segments HTTP/1.1" status: 200 len: 212 time: 0.0558326
2026-05-29 12:39:22.648 10 INFO neutron.wsgi [req-5923655e-648b-43c3-ba7b-b18a08847453 req-1cd1f403-07ef-4645-bfe0-57136cd005d8 fa748b7f717e4474a271517bf1d588d2 9a445fbe52a8484e8ac40263374188a5 - - 10135560175449639de1ac7a4564d476 10135560175449639de1ac7a4564d476] 10.0.0.9 "GET /v2.0/security-groups?id=6570ee7a-f859-4bfc-84e4-fd7a31e96eb2&id=35fb0808-abc5-4949-9ca8-fa7001381b51&fields=id&fields=name HTTP/1.1" status: 200 len: 405 time: 0.0777473
2026-05-29 12:39:22.675 9 INFO neutron.wsgi [req-5b5d3345-7d83-483d-934a-80b9919cb308 req-65284cb0-0857-4568-b595-66a63e4bc916 fa748b7f717e4474a271517bf1d588d2 9a445fbe52a8484e8ac40263374188a5 - - 10135560175449639de1ac7a4564d476 10135560175449639de1ac7a4564d476] 199.204.45.35 "GET /v2.0/networks/2d05f2cd-d214-4e47-bcd2-624a1f1d6b2c?fields=provider%3Aphysical_network&fields=provider%3Anetwork_type HTTP/1.1" status: 200 len: 277 time: 0.0595803
2026-05-29 12:39:22.805 10 WARNING neutron_lib.context [None req-b9465092-2128-4437-9dea-e62a4f2cc8a7 2a7ab93a23224b99ad5e8bfa09bc28b2 7efa936f570547c58e8703898db85e08 - - default default] Method 'is_advsvc' is deprecated since 2023.2 release (neutron-lib 3.8.0) and will be removed once support for the old RBAC API policies will be removed from Neutron. Please use method 'is_service_role' instead.
2026-05-29 12:39:22.925 9 INFO neutron.wsgi [None req-31312963-9ea1-48bb-ad98-fc773bcee9e5 6536e182cca748a0b6092dad330042d3 7aeb5f936e9a4de5952c28a6ae9592fa - - default default] 10.0.0.132 "GET /v2.0/security-groups?tenant_id=04b45a2634f544768c4391fedec3f6be&name=default HTTP/1.1" status: 200 len: 2996 time: 0.0862563
2026-05-29 12:39:23.033 10 INFO neutron.db.ovn_revision_numbers_db [None req-b9465092-2128-4437-9dea-e62a4f2cc8a7 2a7ab93a23224b99ad5e8bfa09bc28b2 7efa936f570547c58e8703898db85e08 - - default default] Successfully bumped revision number for resource 262f2dbc-0f7e-4646-9b8e-5572aafc7a93 (type: security_groups) to 1
2026-05-29 12:39:23.064 10 INFO neutron.db.ovn_revision_numbers_db [None req-b9465092-2128-4437-9dea-e62a4f2cc8a7 2a7ab93a23224b99ad5e8bfa09bc28b2 7efa936f570547c58e8703898db85e08 - - default default] Successfully bumped revision number for resource 10a1d5a6-efef-481c-8b1c-55f5558185f8 (type: security_group_rules) to 0
2026-05-29 12:39:23.084 10 INFO neutron.db.ovn_revision_numbers_db [None req-b9465092-2128-4437-9dea-e62a4f2cc8a7 2a7ab93a23224b99ad5e8bfa09bc28b2 7efa936f570547c58e8703898db85e08 - - default default] Successfully bumped revision number for resource 205d4393-b548-477c-ade6-3bfc952ea41f (type: security_group_rules) to 0
2026-05-29 12:39:23.117 10 INFO neutron.db.ovn_revision_numbers_db [None req-b9465092-2128-4437-9dea-e62a4f2cc8a7 2a7ab93a23224b99ad5e8bfa09bc28b2 7efa936f570547c58e8703898db85e08 - - default default] Successfully bumped revision number for resource 3cc00e58-0102-485d-9d82-d925bce32df2 (type: security_group_rules) to 0
2026-05-29 12:39:23.145 10 INFO neutron.db.ovn_revision_numbers_db [None req-b9465092-2128-4437-9dea-e62a4f2cc8a7 2a7ab93a23224b99ad5e8bfa09bc28b2 7efa936f570547c58e8703898db85e08 - - default default] Successfully bumped revision number for resource ee85d826-4a73-411e-872c-c2b8fc5c7d7b (type: security_group_rules) to 0
2026-05-29 12:39:23.274 10 INFO neutron.wsgi [None req-99523e6a-3c7a-4b4d-89a1-67dcc02cab67 bb7793a897164eeda0d0523b41078d60 d57bd6df955349ba9a626d027e5d3910 - - default default] 10.0.0.132 "PUT /v2.0/routers/9d4eb4ac-a408-4926-9e92-683a39fb2bab/remove_router_interface HTTP/1.1" status: 200 len: 503 time: 0.8928068
2026-05-29 12:39:23.302 9 INFO neutron.wsgi [None req-c074d9e6-3828-4eec-bd94-bae2e97722c6 bb7793a897164eeda0d0523b41078d60 d57bd6df955349ba9a626d027e5d3910 - - default default] 10.0.0.132 "GET /v2.0/ports?device_id=9d4eb4ac-a408-4926-9e92-683a39fb2bab HTTP/1.1" status: 200 len: 205 time: 0.0237868
2026-05-29 12:39:23.316 10 INFO neutron.db.ovn_revision_numbers_db [None req-b9465092-2128-4437-9dea-e62a4f2cc8a7 2a7ab93a23224b99ad5e8bfa09bc28b2 7efa936f570547c58e8703898db85e08 - - default default] Successfully bumped revision number for resource 97479607-e219-41e4-b37c-1b597a776002 (type: security_groups) to 1
2026-05-29 12:39:23.330 10 INFO neutron.db.ovn_revision_numbers_db [None req-b9465092-2128-4437-9dea-e62a4f2cc8a7 2a7ab93a23224b99ad5e8bfa09bc28b2 7efa936f570547c58e8703898db85e08 - - default default] Successfully bumped revision number for resource 14f0c820-220a-437a-960d-a7583401c026 (type: security_group_rules) to 0
2026-05-29 12:39:23.346 10 INFO neutron.wsgi [None req-2ae3bdef-f273-43fc-8a2e-d5468e3616f3 6536e182cca748a0b6092dad330042d3 7aeb5f936e9a4de5952c28a6ae9592fa - - default default] 10.0.0.132 "DELETE /v2.0/security-groups/b9507c0b-da9e-41b5-8a6f-d4e1b178847c HTTP/1.1" status: 204 len: 168 time: 0.4154975
2026-05-29 12:39:23.348 10 INFO neutron.db.ovn_revision_numbers_db [None req-b9465092-2128-4437-9dea-e62a4f2cc8a7 2a7ab93a23224b99ad5e8bfa09bc28b2 7efa936f570547c58e8703898db85e08 - - default default] Successfully bumped revision number for resource 86c6a679-2d96-49c4-8ff0-4392c899a195 (type: security_group_rules) to 0
2026-05-29 12:39:23.368 10 INFO neutron.wsgi [None req-b9465092-2128-4437-9dea-e62a4f2cc8a7 2a7ab93a23224b99ad5e8bfa09bc28b2 7efa936f570547c58e8703898db85e08 - - default default] 10.0.0.132 "POST /v2.0/security-groups HTTP/1.1" status: 201 len: 1737 time: 0.7885680 /var/lib/openstack/lib/python3.10/site-packages/pycadf/identifier.py:71: UserWarning: Invalid uuid: neutron. To ensure interoperability, identifiers should be a valid uuid. warnings.warn(('Invalid uuid: %s. To ensure interoperability, '
2026-05-29 12:39:23.378 10 WARNING neutron_lib.context [None req-727839b3-5434-4bc2-87cd-5756a5fd8e1c 2a7ab93a23224b99ad5e8bfa09bc28b2 7efa936f570547c58e8703898db85e08 - - default default] Method 'is_advsvc' is deprecated since 2023.2 release (neutron-lib 3.8.0) and will be removed once support for the old RBAC API policies will be removed from Neutron. Please use method 'is_service_role' instead.
2026-05-29 12:39:23.486 10 INFO neutron.db.ovn_revision_numbers_db [None req-727839b3-5434-4bc2-87cd-5756a5fd8e1c 2a7ab93a23224b99ad5e8bfa09bc28b2 7efa936f570547c58e8703898db85e08 - - default default] Successfully bumped revision number for resource bbef1978-4111-433a-b37b-09b5d04ed346 (type: security_groups) to 1
2026-05-29 12:39:23.501 10 INFO neutron.db.ovn_revision_numbers_db [None req-727839b3-5434-4bc2-87cd-5756a5fd8e1c 2a7ab93a23224b99ad5e8bfa09bc28b2 7efa936f570547c58e8703898db85e08 - - default default] Successfully bumped revision number for resource 4f7c4e91-1b8a-415a-b0f6-88e4ad0894c4 (type: security_group_rules) to 0
2026-05-29 12:39:23.517 10 INFO neutron.db.ovn_revision_numbers_db [None req-727839b3-5434-4bc2-87cd-5756a5fd8e1c 2a7ab93a23224b99ad5e8bfa09bc28b2 7efa936f570547c58e8703898db85e08 - - default default] Successfully bumped revision number for resource ff201d22-c82a-43db-9ea9-09ee7ef083ba (type: security_group_rules) to 0
2026-05-29 12:39:23.545 10 INFO neutron.wsgi [None req-727839b3-5434-4bc2-87cd-5756a5fd8e1c 2a7ab93a23224b99ad5e8bfa09bc28b2 7efa936f570547c58e8703898db85e08 - - default default] 10.0.0.132 "POST /v2.0/security-groups HTTP/1.1" status: 201 len: 1737 time: 0.1706891
2026-05-29 12:39:23.552 9 WARNING neutron_lib.context [None req-7af8e37a-09fb-4b0c-8cab-6b47bdc0ea75 2a7ab93a23224b99ad5e8bfa09bc28b2 7efa936f570547c58e8703898db85e08 - - default default] Method 'is_advsvc' is deprecated since 2023.2 release (neutron-lib 3.8.0) and will be removed once support for the old RBAC API policies will be removed from Neutron. Please use method 'is_service_role' instead.
2026-05-29 12:39:23.558 9 INFO neutron.wsgi [None req-93ecb0cc-53a7-43bf-ae3a-8615e427efd9 bb7793a897164eeda0d0523b41078d60 d57bd6df955349ba9a626d027e5d3910 - - default default] 10.0.0.132 "DELETE /v2.0/routers/9d4eb4ac-a408-4926-9e92-683a39fb2bab HTTP/1.1" status: 204 len: 168 time: 0.2514312
2026-05-29 12:39:23.591 10 INFO neutron.db.ovn_revision_numbers_db [None req-090112e4-9c6c-4aa7-acda-182159d45ac5 6536e182cca748a0b6092dad330042d3 7aeb5f936e9a4de5952c28a6ae9592fa - - default default] Successfully bumped revision number for resource 4a483b88-436e-4846-81d5-30f8d261282b (type: security_groups) to 1
2026-05-29 12:39:23.620 10 INFO neutron.db.ovn_revision_numbers_db [None req-090112e4-9c6c-4aa7-acda-182159d45ac5 6536e182cca748a0b6092dad330042d3 7aeb5f936e9a4de5952c28a6ae9592fa - - default default] Successfully bumped revision number for resource 70a7a3ce-ffe0-4d41-bb12-85087f000171 (type: security_group_rules) to 0
2026-05-29 12:39:23.636 10 INFO neutron.db.ovn_revision_numbers_db [None req-090112e4-9c6c-4aa7-acda-182159d45ac5 6536e182cca748a0b6092dad330042d3 7aeb5f936e9a4de5952c28a6ae9592fa - - default default] Successfully bumped revision number for resource 738f52ca-9aba-4341-a94a-2b7037be6180 (type: security_group_rules) to 0
2026-05-29 12:39:23.649 10 INFO neutron.db.ovn_revision_numbers_db [None req-090112e4-9c6c-4aa7-acda-182159d45ac5 6536e182cca748a0b6092dad330042d3 7aeb5f936e9a4de5952c28a6ae9592fa - - default default] Successfully bumped revision number for resource 7f586802-8ed4-46ae-82b3-97dd2e81259e (type: security_group_rules) to 0
2026-05-29 12:39:23.665 10 INFO neutron.db.ovn_revision_numbers_db [None req-090112e4-9c6c-4aa7-acda-182159d45ac5 6536e182cca748a0b6092dad330042d3 7aeb5f936e9a4de5952c28a6ae9592fa - - default default] Successfully bumped revision number for resource fc45accc-20a4-4a81-b6d1-de649de12bcb (type: security_group_rules) to 0
2026-05-29 12:39:23.705 10 INFO neutron.wsgi [None req-090112e4-9c6c-4aa7-acda-182159d45ac5 6536e182cca748a0b6092dad330042d3 7aeb5f936e9a4de5952c28a6ae9592fa - - default default] 10.0.0.132 "GET /v2.0/security-groups?tenant_id=428b34e7a26f479db24af9565fea9d55&name=default HTTP/1.1" status: 200 len: 2996 time: 0.2555473
2026-05-29 12:39:23.729 9 INFO neutron.db.ovn_revision_numbers_db [None req-7af8e37a-09fb-4b0c-8cab-6b47bdc0ea75 2a7ab93a23224b99ad5e8bfa09bc28b2 7efa936f570547c58e8703898db85e08 - - default default] Successfully bumped revision number for resource d6d7efea-bf03-4ebc-98c7-c1734b5ec773 (type: security_groups) to 1
2026-05-29 12:39:23.750 9 INFO neutron.db.ovn_revision_numbers_db [None req-7af8e37a-09fb-4b0c-8cab-6b47bdc0ea75 2a7ab93a23224b99ad5e8bfa09bc28b2 7efa936f570547c58e8703898db85e08 - - default default] Successfully bumped revision number for resource 4e72f8e1-f299-4b18-bcd0-4b5bf117cd1a (type: security_group_rules) to 0
2026-05-29 12:39:23.768 9 INFO neutron.db.ovn_revision_numbers_db [None req-7af8e37a-09fb-4b0c-8cab-6b47bdc0ea75 2a7ab93a23224b99ad5e8bfa09bc28b2 7efa936f570547c58e8703898db85e08 - - default default] Successfully bumped revision number for resource 7dda76b8-8e0e-44a8-8a0d-321c8c09048a (type: security_group_rules) to 0
2026-05-29 12:39:23.790 9 INFO neutron.wsgi [None req-7af8e37a-09fb-4b0c-8cab-6b47bdc0ea75 2a7ab93a23224b99ad5e8bfa09bc28b2 7efa936f570547c58e8703898db85e08 - - default default] 10.0.0.132 "POST /v2.0/security-groups HTTP/1.1" status: 201 len: 1737 time: 0.2409582
2026-05-29 12:39:23.803 10 WARNING neutron_lib.context [None req-14b1d8ce-ca99-47d3-ad5e-6aa690eeaf31 2a7ab93a23224b99ad5e8bfa09bc28b2 7efa936f570547c58e8703898db85e08 - - default default] Method 'is_advsvc' is deprecated since 2023.2 release (neutron-lib 3.8.0) and will be removed once support for the old RBAC API policies will be removed from Neutron. Please use method 'is_service_role' instead.
2026-05-29 12:39:23.811 9 INFO neutron.wsgi [None req-87161f45-15a7-4412-8e02-f3702eb7adca bb7793a897164eeda0d0523b41078d60 d57bd6df955349ba9a626d027e5d3910 - - default default] 10.0.0.132 "DELETE /v2.0/subnets/338a6b24-ee6c-45fd-a36c-d4791d0cc6f4 HTTP/1.1" status: 204 len: 168 time: 0.2438962
2026-05-29 12:39:23.970 10 INFO neutron.db.ovn_revision_numbers_db [None req-14b1d8ce-ca99-47d3-ad5e-6aa690eeaf31 2a7ab93a23224b99ad5e8bfa09bc28b2 7efa936f570547c58e8703898db85e08 - - default default] Successfully bumped revision number for resource fba8ff2f-2e18-4e95-9a44-efe3679cca25 (type: security_groups) to 1
2026-05-29 12:39:23.987 10 INFO neutron.db.ovn_revision_numbers_db [None req-14b1d8ce-ca99-47d3-ad5e-6aa690eeaf31 2a7ab93a23224b99ad5e8bfa09bc28b2 7efa936f570547c58e8703898db85e08 - - default default] Successfully bumped revision number for resource 20503855-5951-415f-bc47-65c2e79e3987 (type: security_group_rules) to 0
2026-05-29 12:39:24.001 10 INFO neutron.wsgi [None req-395ec266-d38e-4e38-a3c7-96dd1adb8987 6536e182cca748a0b6092dad330042d3 7aeb5f936e9a4de5952c28a6ae9592fa - - default default] 10.0.0.132 "DELETE /v2.0/security-groups/4a483b88-436e-4846-81d5-30f8d261282b HTTP/1.1" status: 204 len: 168 time: 0.2916629
2026-05-29 12:39:24.013 10 INFO neutron.db.ovn_revision_numbers_db [None req-14b1d8ce-ca99-47d3-ad5e-6aa690eeaf31 2a7ab93a23224b99ad5e8bfa09bc28b2 7efa936f570547c58e8703898db85e08 - - default default] Successfully bumped revision number for resource b3ae0418-86cd-4dd5-90c9-6ed39467ac6f (type: security_group_rules) to 0
