2026-05-29 12:39:04.939 10 INFO neutron.wsgi [None req-cd439852-67b1-4a92-8c6d-482143847c22 cb1c118b0758444394dd19cc01607f98 bb33ffb9d33a4091804aa559aaee5d2b - - default default] 10.0.0.132 "PUT /v2.0/networks/7c46fca7-289f-4cc8-b8b3-94ac1ea674ac/tags/red HTTP/1.1" status: 201 len: 201 time: 0.0498543
2026-05-29 12:39:05.022 10 INFO neutron.db.ovn_revision_numbers_db [None req-b33b330d-acba-4c43-a08c-28a5a6357e10 bb7793a897164eeda0d0523b41078d60 d57bd6df955349ba9a626d027e5d3910 - - default default] Successfully bumped revision number for resource f79150b0-8bcc-40e7-8448-44b8d410a73d (type: ports) to 1
2026-05-29 12:39:05.031 9 INFO neutron.wsgi [None req-fef28e44-ef06-4eaa-9770-235d0615339c cb1c118b0758444394dd19cc01607f98 bb33ffb9d33a4091804aa559aaee5d2b - - default default] 10.0.0.132 "GET /v2.0/networks/7c46fca7-289f-4cc8-b8b3-94ac1ea674ac/tags HTTP/1.1" status: 200 len: 227 time: 0.0860291
2026-05-29 12:39:05.335 9 INFO neutron.wsgi [None req-0d3eab54-a543-46cb-8945-1947998ab8b5 cb1c118b0758444394dd19cc01607f98 bb33ffb9d33a4091804aa559aaee5d2b - - default default] 10.0.0.132 "PUT /v2.0/networks/7c46fca7-289f-4cc8-b8b3-94ac1ea674ac/tags/black.or.white HTTP/1.1" status: 201 len: 201 time: 0.2941895
2026-05-29 12:39:05.340 9 INFO neutron.db.l3_db [None req-e05b1c32-58f7-4679-a4d8-656355e5e928 7ff64c63fafe454f8c310777bb85b0ac a188894cbd7a482197043a4e66c93638 - - default default] Floating IP 63cb4764-c7ad-4701-89a0-e6a6887b9a46 associated. External IP: 10.96.250.214, port: 0dfed526-1475-4136-9fdd-446799dfcfc7.
2026-05-29 12:39:05.410 10 INFO neutron.wsgi [None req-3d58e98b-76ac-4ff0-995d-ffbae764e640 cb1c118b0758444394dd19cc01607f98 bb33ffb9d33a4091804aa559aaee5d2b - - default default] 10.0.0.132 "GET /v2.0/networks/7c46fca7-289f-4cc8-b8b3-94ac1ea674ac/tags HTTP/1.1" status: 200 len: 245 time: 0.0699091
2026-05-29 12:39:05.418 9 INFO neutron.plugins.ml2.drivers.ovn.mech_driver.mech_driver [None req-712c2656-3222-4b2a-9f45-9bc110d09902 - - - - - -] OVN reports status up for port: f79150b0-8bcc-40e7-8448-44b8d410a73d
2026-05-29 12:39:05.431 9 INFO neutron.plugins.ml2.plugin [None req-712c2656-3222-4b2a-9f45-9bc110d09902 - - - - - -] Attempt 1 to provision port f79150b0-8bcc-40e7-8448-44b8d410a73d
2026-05-29 12:39:05.459 10 INFO neutron.db.ovn_revision_numbers_db [None req-b33b330d-acba-4c43-a08c-28a5a6357e10 bb7793a897164eeda0d0523b41078d60 d57bd6df955349ba9a626d027e5d3910 - - default default] Successfully bumped revision number for resource f79150b0-8bcc-40e7-8448-44b8d410a73d (type: router_ports) to 1
2026-05-29 12:39:05.483 10 INFO neutron.wsgi [None req-658ea147-de39-4302-8b80-007ff856cc88 cb1c118b0758444394dd19cc01607f98 bb33ffb9d33a4091804aa559aaee5d2b - - default default] 10.0.0.132 "PUT /v2.0/networks/7c46fca7-289f-4cc8-b8b3-94ac1ea674ac/tags HTTP/1.1" status: 200 len: 230 time: 0.0672259
2026-05-29 12:39:05.544 10 INFO neutron.wsgi [None req-2a7c9b1c-1bef-417b-9a5d-fecb13551467 cb1c118b0758444394dd19cc01607f98 bb33ffb9d33a4091804aa559aaee5d2b - - default default] 10.0.0.132 "GET /v2.0/networks/7c46fca7-289f-4cc8-b8b3-94ac1ea674ac/tags HTTP/1.1" status: 200 len: 230 time: 0.0564318
2026-05-29 12:39:05.655 9 INFO neutron.db.ovn_revision_numbers_db [None req-e05b1c32-58f7-4679-a4d8-656355e5e928 7ff64c63fafe454f8c310777bb85b0ac a188894cbd7a482197043a4e66c93638 - - default default] Successfully bumped revision number for resource 63cb4764-c7ad-4701-89a0-e6a6887b9a46 (type: floatingips) to 1
2026-05-29 12:39:05.811 9 INFO neutron.db.ovn_revision_numbers_db [None req-e05b1c32-58f7-4679-a4d8-656355e5e928 7ff64c63fafe454f8c310777bb85b0ac a188894cbd7a482197043a4e66c93638 - - default default] Successfully bumped revision number for resource 63cb4764-c7ad-4701-89a0-e6a6887b9a46 (type: floatingips) to 2
2026-05-29 12:39:05.837 9 INFO neutron.wsgi [None req-e05b1c32-58f7-4679-a4d8-656355e5e928 7ff64c63fafe454f8c310777bb85b0ac a188894cbd7a482197043a4e66c93638 - - default default] 10.0.0.132 "PUT /v2.0/floatingips/63cb4764-c7ad-4701-89a0-e6a6887b9a46 HTTP/1.1" status: 200 len: 1050 time: 1.0197093
2026-05-29 12:39:05.844 9 INFO neutron.db.ovn_revision_numbers_db [None req-712c2656-3222-4b2a-9f45-9bc110d09902 - - - - - -] Successfully bumped revision number for resource f79150b0-8bcc-40e7-8448-44b8d410a73d (type: ports) to 2
2026-05-29 12:39:05.915 9 INFO neutron.db.ovn_revision_numbers_db [None req-712c2656-3222-4b2a-9f45-9bc110d09902 - - - - - -] Successfully bumped revision number for resource f79150b0-8bcc-40e7-8448-44b8d410a73d (type: router_ports) to 2
2026-05-29 12:39:05.942 10 INFO neutron.wsgi [None req-dd28dc8d-9346-4acc-8739-3e9aada8287e cb1c118b0758444394dd19cc01607f98 bb33ffb9d33a4091804aa559aaee5d2b - - default default] 10.0.0.132 "GET /v2.0/networks/7c46fca7-289f-4cc8-b8b3-94ac1ea674ac/tags/red HTTP/1.1" status: 204 len: 168 time: 0.3941078 /var/lib/openstack/lib/python3.10/site-packages/pycadf/identifier.py:71: UserWarning: Invalid uuid: neutron. To ensure interoperability, identifiers should be a valid uuid. warnings.warn(('Invalid uuid: %s. To ensure interoperability, '
2026-05-29 12:39:05.989 10 ERROR ovsdbapp.backend.ovs_idl.transaction [None req-b33b330d-acba-4c43-a08c-28a5a6357e10 bb7793a897164eeda0d0523b41078d60 d57bd6df955349ba9a626d027e5d3910 - - default default]
Traceback (most recent call last): File "/var/lib/openstack/lib/python3.10/site-packages/ovsdbapp/backend/ovs_idl/connection.py", line 118, in run txn.results.put(txn.do_commit())
File "/var/lib/openstack/lib/python3.10/site-packages/ovsdbapp/backend/ovs_idl/transaction.py", line 92, in do_commit command.run_idl(txn)
File "/var/lib/openstack/lib/python3.10/site-packages/neutron/plugins/ml2/drivers/ovn/mech_driver/ovsdb/commands.py", line 823, in run_idl raise ovn_exc.RevisionConflict( neutron.common.ovn.exceptions.RevisionConflict: OVN revision number for f79150b0-8bcc-40e7-8448-44b8d410a73d (type: ports) is higher than the given resource. Skipping update 
2026-05-29 12:39:05.989 10 INFO neutron.plugins.ml2.drivers.ovn.mech_driver.ovsdb.impl_idl_ovn [None req-b33b330d-acba-4c43-a08c-28a5a6357e10 bb7793a897164eeda0d0523b41078d60 d57bd6df955349ba9a626d027e5d3910 - - default default] Transaction aborted. Reason: OVN revision number for f79150b0-8bcc-40e7-8448-44b8d410a73d (type: ports) is higher than the given resource. Skipping update
2026-05-29 12:39:05.994 10 INFO neutron.api.v2.resource [None req-f69a77b7-306f-4e4e-bf82-2d50e2fdc3a9 cb1c118b0758444394dd19cc01607f98 bb33ffb9d33a4091804aa559aaee5d2b - - default default] show failed (client error): The resource could not be found.
2026-05-29 12:39:05.995 10 INFO neutron.wsgi [None req-f69a77b7-306f-4e4e-bf82-2d50e2fdc3a9 cb1c118b0758444394dd19cc01607f98 bb33ffb9d33a4091804aa559aaee5d2b - - default default] 10.0.0.132 "GET /v2.0/networks/7c46fca7-289f-4cc8-b8b3-94ac1ea674ac/tags/green HTTP/1.1" status: 404 len: 299 time: 0.0466127
2026-05-29 12:39:06.054 9 INFO neutron.wsgi [None req-98bd3ec6-118f-43ab-ab71-77fe3b6c47df cb1c118b0758444394dd19cc01607f98 bb33ffb9d33a4091804aa559aaee5d2b - - default default] 10.0.0.132 "DELETE /v2.0/networks/7c46fca7-289f-4cc8-b8b3-94ac1ea674ac/tags/red HTTP/1.1" status: 204 len: 168 time: 0.0546670
2026-05-29 12:39:06.077 10 WARNING neutron.scheduler.dhcp_agent_scheduler [None req-b33b330d-acba-4c43-a08c-28a5a6357e10 bb7793a897164eeda0d0523b41078d60 d57bd6df955349ba9a626d027e5d3910 - - default default] No more DHCP agents
2026-05-29 12:39:06.079 10 WARNING neutron.api.rpc.agentnotifiers.dhcp_rpc_agent_api [None req-b33b330d-acba-4c43-a08c-28a5a6357e10 bb7793a897164eeda0d0523b41078d60 d57bd6df955349ba9a626d027e5d3910 - - default default] Unable to schedule network 8fd54e73-161e-4adc-810a-1d5588011e62: no agents available; will retry on subsequent port and subnet creation events.
2026-05-29 12:39:06.107 9 INFO neutron.wsgi [None req-b7792567-578f-4b2f-b8ac-21700c615d7d cb1c118b0758444394dd19cc01607f98 bb33ffb9d33a4091804aa559aaee5d2b - - default default] 10.0.0.132 "GET /v2.0/networks/7c46fca7-289f-4cc8-b8b3-94ac1ea674ac/tags HTTP/1.1" status: 200 len: 223 time: 0.0482984
2026-05-29 12:39:06.134 9 INFO neutron.notifiers.nova [-] Nova event matching ['req-7fa3cd42-f937-4f5a-85f1-bae26d85bbdc'] response: {'name': 'network-changed', 'server_uuid': 'f486efe0-ae8c-4eb5-ac75-f415aaafc2f6', 'tag': '0dfed526-1475-4136-9fdd-446799dfcfc7', 'status': 'completed', 'code': 200}
2026-05-29 12:39:06.174 9 INFO neutron.api.v2.resource [None req-7395d604-2cdf-4f80-a48f-c81c0e60f292 cb1c118b0758444394dd19cc01607f98 bb33ffb9d33a4091804aa559aaee5d2b - - default default] delete failed (client error): The resource could not be found.
2026-05-29 12:39:06.175 9 INFO neutron.wsgi [None req-7395d604-2cdf-4f80-a48f-c81c0e60f292 cb1c118b0758444394dd19cc01607f98 bb33ffb9d33a4091804aa559aaee5d2b - - default default] 10.0.0.132 "DELETE /v2.0/networks/7c46fca7-289f-4cc8-b8b3-94ac1ea674ac/tags/green HTTP/1.1" status: 404 len: 299 time: 0.0639825
2026-05-29 12:39:06.206 9 INFO neutron.wsgi [req-ec3b4aa8-12cb-4a3f-a0f1-89776cfc1bf0 req-8713c3d6-1a31-42e9-b099-5a3f78746642 fa748b7f717e4474a271517bf1d588d2 9a445fbe52a8484e8ac40263374188a5 - - 10135560175449639de1ac7a4564d476 10135560175449639de1ac7a4564d476] 199.204.45.35 "GET /v2.0/ports?tenant_id=a188894cbd7a482197043a4e66c93638&device_id=f486efe0-ae8c-4eb5-ac75-f415aaafc2f6 HTTP/1.1" status: 200 len: 1452 time: 0.0452044
2026-05-29 12:39:06.265 10 INFO neutron.wsgi [None req-a5886572-e198-4301-b2e6-cd9c40b9d779 cb1c118b0758444394dd19cc01607f98 bb33ffb9d33a4091804aa559aaee5d2b - - default default] 10.0.0.132 "DELETE /v2.0/networks/7c46fca7-289f-4cc8-b8b3-94ac1ea674ac/tags HTTP/1.1" status: 204 len: 168 time: 0.0847030
2026-05-29 12:39:06.277 10 INFO neutron.db.ovn_revision_numbers_db [None req-b33b330d-acba-4c43-a08c-28a5a6357e10 bb7793a897164eeda0d0523b41078d60 d57bd6df955349ba9a626d027e5d3910 - - default default] Successfully bumped revision number for resource f79150b0-8bcc-40e7-8448-44b8d410a73d (type: router_ports) to 2
2026-05-29 12:39:06.278 9 INFO neutron.wsgi [req-ec3b4aa8-12cb-4a3f-a0f1-89776cfc1bf0 req-50659a60-ff7f-4992-8bff-bdc9aba5767a fa748b7f717e4474a271517bf1d588d2 9a445fbe52a8484e8ac40263374188a5 - - 10135560175449639de1ac7a4564d476 10135560175449639de1ac7a4564d476] 199.204.45.35 "GET /v2.0/networks?id=2d05f2cd-d214-4e47-bcd2-624a1f1d6b2c HTTP/1.1" status: 200 len: 970 time: 0.0644040
2026-05-29 12:39:06.279 10 INFO neutron.wsgi [None req-b33b330d-acba-4c43-a08c-28a5a6357e10 bb7793a897164eeda0d0523b41078d60 d57bd6df955349ba9a626d027e5d3910 - - default default] 10.0.0.132 "PUT /v2.0/routers/1e4232aa-013d-415f-871d-1e9e437725e9/add_router_interface HTTP/1.1" status: 200 len: 503 time: 1.8394635
2026-05-29 12:39:06.332 10 INFO neutron.wsgi [None req-f3c37af1-d040-4a2f-b453-bd95d2805db6 cb1c118b0758444394dd19cc01607f98 bb33ffb9d33a4091804aa559aaee5d2b - - default default] 10.0.0.132 "GET /v2.0/networks/7c46fca7-289f-4cc8-b8b3-94ac1ea674ac/tags HTTP/1.1" status: 200 len: 205 time: 0.0623291
2026-05-29 12:39:06.337 10 INFO neutron.wsgi [None req-e6303c7d-3210-456c-b5b3-432ec50c6227 bb7793a897164eeda0d0523b41078d60 d57bd6df955349ba9a626d027e5d3910 - - default default] 10.0.0.132 "GET /v2.0/ports/f79150b0-8bcc-40e7-8448-44b8d410a73d HTTP/1.1" status: 200 len: 1137 time: 0.0519085
2026-05-29 12:39:06.337 9 INFO neutron.wsgi [req-ec3b4aa8-12cb-4a3f-a0f1-89776cfc1bf0 req-ecc804f5-325f-4ea1-93ab-a974413fbc21 fa748b7f717e4474a271517bf1d588d2 9a445fbe52a8484e8ac40263374188a5 - - 10135560175449639de1ac7a4564d476 10135560175449639de1ac7a4564d476] 199.204.45.35 "GET /v2.0/floatingips?fixed_ip_address=10.100.0.12&port_id=0dfed526-1475-4136-9fdd-446799dfcfc7 HTTP/1.1" status: 200 len: 1060 time: 0.0528605
2026-05-29 12:39:06.403 9 INFO neutron.wsgi [req-ec3b4aa8-12cb-4a3f-a0f1-89776cfc1bf0 req-cccd7e25-da9d-41aa-b5b9-df69f68976ad fa748b7f717e4474a271517bf1d588d2 9a445fbe52a8484e8ac40263374188a5 - - 10135560175449639de1ac7a4564d476 10135560175449639de1ac7a4564d476] 199.204.45.35 "GET /v2.0/subnets?id=1087e226-fa7f-4825-a82b-486b8531150b HTTP/1.1" status: 200 len: 865 time: 0.0620215
2026-05-29 12:39:06.434 9 INFO neutron.wsgi [req-ec3b4aa8-12cb-4a3f-a0f1-89776cfc1bf0 req-68fa00d2-8fa0-4d58-a9ec-ab49aedd0c27 fa748b7f717e4474a271517bf1d588d2 9a445fbe52a8484e8ac40263374188a5 - - 10135560175449639de1ac7a4564d476 10135560175449639de1ac7a4564d476] 199.204.45.35 "GET /v2.0/ports?network_id=2d05f2cd-d214-4e47-bcd2-624a1f1d6b2c&device_owner=network%3Adhcp HTTP/1.1" status: 200 len: 210 time: 0.0225897
2026-05-29 12:39:06.526 9 INFO neutron.wsgi [req-ec3b4aa8-12cb-4a3f-a0f1-89776cfc1bf0 req-f57e25a1-4589-47ec-9a36-98e2202f23d9 fa748b7f717e4474a271517bf1d588d2 9a445fbe52a8484e8ac40263374188a5 - - 10135560175449639de1ac7a4564d476 10135560175449639de1ac7a4564d476] 199.204.45.35 "GET /v2.0/networks/2d05f2cd-d214-4e47-bcd2-624a1f1d6b2c?fields=segments HTTP/1.1" status: 200 len: 212 time: 0.0743132
2026-05-29 12:39:06.622 9 INFO neutron.wsgi [req-ec3b4aa8-12cb-4a3f-a0f1-89776cfc1bf0 req-913bdc77-2622-4d7d-afee-3c8d59b2c004 fa748b7f717e4474a271517bf1d588d2 9a445fbe52a8484e8ac40263374188a5 - - 10135560175449639de1ac7a4564d476 10135560175449639de1ac7a4564d476] 199.204.45.35 "GET /v2.0/networks/2d05f2cd-d214-4e47-bcd2-624a1f1d6b2c?fields=provider%3Aphysical_network&fields=provider%3Anetwork_type HTTP/1.1" status: 200 len: 277 time: 0.0880289
2026-05-29 12:39:06.721 10 INFO neutron.services.segments.plugin [-] Segment cb120077-4f2d-406b-b1cf-039ca801fc8d resource provider aggregate not found
2026-05-29 12:39:06.726 10 INFO neutron.services.segments.plugin [-] Segment cb120077-4f2d-406b-b1cf-039ca801fc8d resource provider aggregate not found
2026-05-29 12:39:06.744 10 INFO neutron.services.segments.plugin [-] Segment cb120077-4f2d-406b-b1cf-039ca801fc8d resource provider not found; error: Placement Client Error (4xx): {"errors": [{"status": 404, "title": "Not Found", "detail": "The resource could not be found.\n\n No resource provider with uuid cb120077-4f2d-406b-b1cf-039ca801fc8d found for delete ", "request_id": "req-5e4bc7b8-acb0-46cf-bde6-8a0b3c42e934"}]}
2026-05-29 12:39:06.748 10 INFO neutron.services.segments.plugin [-] Segment cb120077-4f2d-406b-b1cf-039ca801fc8d resource provider not found; error: Placement Client Error (4xx): {"errors": [{"status": 404, "title": "Not Found", "detail": "The resource could not be found.\n\n No resource provider with uuid cb120077-4f2d-406b-b1cf-039ca801fc8d found for delete ", "request_id": "req-58399b72-60b1-4bf1-9231-f50f97a947c3"}]}
2026-05-29 12:39:06.760 10 INFO neutron.wsgi [None req-5ea39b60-a5a2-4ad1-87bb-bc85fe5998bb cb1c118b0758444394dd19cc01607f98 bb33ffb9d33a4091804aa559aaee5d2b - - default default] 10.0.0.132 "DELETE /v2.0/networks/7c46fca7-289f-4cc8-b8b3-94ac1ea674ac HTTP/1.1" status: 204 len: 168 time: 0.4219913
2026-05-29 12:39:06.908 9 WARNING neutron.scheduler.dhcp_agent_scheduler [None req-87644172-39d4-43ae-8219-5a260629e4da bb7793a897164eeda0d0523b41078d60 d57bd6df955349ba9a626d027e5d3910 - - default default] No more DHCP agents
2026-05-29 12:39:06.912 9 WARNING neutron.api.rpc.agentnotifiers.dhcp_rpc_agent_api [None req-87644172-39d4-43ae-8219-5a260629e4da bb7793a897164eeda0d0523b41078d60 d57bd6df955349ba9a626d027e5d3910 - - default default] Unable to schedule network 93113325-4fde-4bcb-8666-1013dfb0146b: no agents available; will retry on subsequent port and subnet creation events.
2026-05-29 12:39:07.070 9 INFO neutron.db.ovn_revision_numbers_db [None req-87644172-39d4-43ae-8219-5a260629e4da bb7793a897164eeda0d0523b41078d60 d57bd6df955349ba9a626d027e5d3910 - - default default] Successfully bumped revision number for resource 0b4180a2-6708-4409-85af-9d464b6e36de (type: ports) to 1
2026-05-29 12:39:07.825 10 INFO neutron.plugins.ml2.drivers.ovn.mech_driver.mech_driver [None req-374daa48-2896-4fee-8cdc-9b0cc76000ad - - - - - -] OVN reports status up for port: 0b4180a2-6708-4409-85af-9d464b6e36de
2026-05-29 12:39:07.836 10 INFO neutron.plugins.ml2.plugin [None req-374daa48-2896-4fee-8cdc-9b0cc76000ad - - - - - -] Attempt 1 to provision port 0b4180a2-6708-4409-85af-9d464b6e36de
2026-05-29 12:39:07.848 9 INFO neutron.db.ovn_revision_numbers_db [None req-87644172-39d4-43ae-8219-5a260629e4da bb7793a897164eeda0d0523b41078d60 d57bd6df955349ba9a626d027e5d3910 - - default default] Successfully bumped revision number for resource 0b4180a2-6708-4409-85af-9d464b6e36de (type: router_ports) to 1
2026-05-29 12:39:07.923 10 INFO neutron.db.ovn_revision_numbers_db [None req-eb7f3025-29c8-488a-bc37-237a9f18b0c5 6536e182cca748a0b6092dad330042d3 7aeb5f936e9a4de5952c28a6ae9592fa - - default default] Successfully bumped revision number for resource 88eff39a-a5d4-4168-a6d7-7f5ee96b3964 (type: security_groups) to 1
2026-05-29 12:39:07.945 10 INFO neutron.db.ovn_revision_numbers_db [None req-eb7f3025-29c8-488a-bc37-237a9f18b0c5 6536e182cca748a0b6092dad330042d3 7aeb5f936e9a4de5952c28a6ae9592fa - - default default] Successfully bumped revision number for resource 227b506b-59b9-43cb-9561-076111040d0a (type: security_group_rules) to 0
2026-05-29 12:39:07.974 10 INFO neutron.db.ovn_revision_numbers_db [None req-eb7f3025-29c8-488a-bc37-237a9f18b0c5 6536e182cca748a0b6092dad330042d3 7aeb5f936e9a4de5952c28a6ae9592fa - - default default] Successfully bumped revision number for resource 6c0cf7a2-3000-4668-bd85-3bef2752e410 (type: security_group_rules) to 0
2026-05-29 12:39:08.007 10 INFO neutron.db.ovn_revision_numbers_db [None req-eb7f3025-29c8-488a-bc37-237a9f18b0c5 6536e182cca748a0b6092dad330042d3 7aeb5f936e9a4de5952c28a6ae9592fa - - default default] Successfully bumped revision number for resource 775418de-66f2-4b1a-a706-08bac5a95da0 (type: security_group_rules) to 0
2026-05-29 12:39:08.038 10 INFO neutron.db.ovn_revision_numbers_db [None req-eb7f3025-29c8-488a-bc37-237a9f18b0c5 6536e182cca748a0b6092dad330042d3 7aeb5f936e9a4de5952c28a6ae9592fa - - default default] Successfully bumped revision number for resource 7fca636b-c55a-4656-8781-54af9cb93b11 (type: security_group_rules) to 0
2026-05-29 12:39:08.058 9 INFO neutron.db.ovn_revision_numbers_db [None req-87644172-39d4-43ae-8219-5a260629e4da bb7793a897164eeda0d0523b41078d60 d57bd6df955349ba9a626d027e5d3910 - - default default] Successfully bumped revision number for resource 0b4180a2-6708-4409-85af-9d464b6e36de (type: ports) to 1
2026-05-29 12:39:08.073 10 INFO neutron.wsgi [None req-eb7f3025-29c8-488a-bc37-237a9f18b0c5 6536e182cca748a0b6092dad330042d3 7aeb5f936e9a4de5952c28a6ae9592fa - - default default] 10.0.0.132 "GET /v2.0/security-groups?tenant_id=939fa05574ac4898bb53243762c4cd99&name=default HTTP/1.1" status: 200 len: 2996 time: 0.6032658
2026-05-29 12:39:08.167 9 WARNING neutron.scheduler.dhcp_agent_scheduler [None req-87644172-39d4-43ae-8219-5a260629e4da bb7793a897164eeda0d0523b41078d60 d57bd6df955349ba9a626d027e5d3910 - - default default] No more DHCP agents
2026-05-29 12:39:08.168 9 WARNING neutron.api.rpc.agentnotifiers.dhcp_rpc_agent_api [None req-87644172-39d4-43ae-8219-5a260629e4da bb7793a897164eeda0d0523b41078d60 d57bd6df955349ba9a626d027e5d3910 - - default default] Unable to schedule network 93113325-4fde-4bcb-8666-1013dfb0146b: no agents available; will retry on subsequent port and subnet creation events.
2026-05-29 12:39:08.172 9 INFO neutron.db.ovn_revision_numbers_db [None req-cc4ca780-cc13-4d99-b312-16179d153597 6536e182cca748a0b6092dad330042d3 7aeb5f936e9a4de5952c28a6ae9592fa - - default default] Successfully bumped revision number for resource b168d050-847f-4eca-ae02-1f9ab66973cf (type: security_groups) to 1
2026-05-29 12:39:08.205 10 INFO neutron.db.ovn_revision_numbers_db [None req-374daa48-2896-4fee-8cdc-9b0cc76000ad - - - - - -] Successfully bumped revision number for resource 0b4180a2-6708-4409-85af-9d464b6e36de (type: ports) to 2
2026-05-29 12:39:08.227 9 INFO neutron.db.ovn_revision_numbers_db [None req-cc4ca780-cc13-4d99-b312-16179d153597 6536e182cca748a0b6092dad330042d3 7aeb5f936e9a4de5952c28a6ae9592fa - - default default] Successfully bumped revision number for resource 2e300bea-7e25-4025-b428-2dd0f8a9afe1 (type: security_group_rules) to 0
2026-05-29 12:39:08.245 9 INFO neutron.db.ovn_revision_numbers_db [None req-cc4ca780-cc13-4d99-b312-16179d153597 6536e182cca748a0b6092dad330042d3 7aeb5f936e9a4de5952c28a6ae9592fa - - default default] Successfully bumped revision number for resource 6c56d6b6-0926-41d9-b20f-5d5414973085 (type: security_group_rules) to 0
2026-05-29 12:39:08.284 9 INFO neutron.db.ovn_revision_numbers_db [None req-cc4ca780-cc13-4d99-b312-16179d153597 6536e182cca748a0b6092dad330042d3 7aeb5f936e9a4de5952c28a6ae9592fa - - default default] Successfully bumped revision number for resource 74855f8c-149b-4607-9ae5-236374c1492e (type: security_group_rules) to 0
2026-05-29 12:39:08.311 9 INFO neutron.db.ovn_revision_numbers_db [None req-cc4ca780-cc13-4d99-b312-16179d153597 6536e182cca748a0b6092dad330042d3 7aeb5f936e9a4de5952c28a6ae9592fa - - default default] Successfully bumped revision number for resource e069f8b9-2a3e-4f32-9b09-e333fcd520d5 (type: security_group_rules) to 0
2026-05-29 12:39:08.325 10 INFO neutron.db.ovn_revision_numbers_db [None req-374daa48-2896-4fee-8cdc-9b0cc76000ad - - - - - -] Successfully bumped revision number for resource 0b4180a2-6708-4409-85af-9d464b6e36de (type: router_ports) to 2
2026-05-29 12:39:08.338 9 INFO neutron.wsgi [None req-cc4ca780-cc13-4d99-b312-16179d153597 6536e182cca748a0b6092dad330042d3 7aeb5f936e9a4de5952c28a6ae9592fa - - default default] 10.0.0.132 "GET /v2.0/security-groups?tenant_id=c5a4cdb575b24649916c6c14e3880234&name=default HTTP/1.1" status: 200 len: 2996 time: 0.4523585
2026-05-29 12:39:08.367 9 INFO neutron.db.ovn_revision_numbers_db [None req-87644172-39d4-43ae-8219-5a260629e4da bb7793a897164eeda0d0523b41078d60 d57bd6df955349ba9a626d027e5d3910 - - default default] Successfully bumped revision number for resource 0b4180a2-6708-4409-85af-9d464b6e36de (type: router_ports) to 2
2026-05-29 12:39:08.370 9 INFO neutron.wsgi [None req-87644172-39d4-43ae-8219-5a260629e4da bb7793a897164eeda0d0523b41078d60 d57bd6df955349ba9a626d027e5d3910 - - default default] 10.0.0.132 "PUT /v2.0/routers/1e4232aa-013d-415f-871d-1e9e437725e9/add_router_interface HTTP/1.1" status: 200 len: 503 time: 2.0220339
2026-05-29 12:39:08.417 10 INFO neutron.wsgi [None req-144f9efc-a9f9-4861-94a6-b846fb2d370a 6536e182cca748a0b6092dad330042d3 7aeb5f936e9a4de5952c28a6ae9592fa - - default default] 10.0.0.132 "DELETE /v2.0/security-groups/88eff39a-a5d4-4168-a6d7-7f5ee96b3964 HTTP/1.1" status: 204 len: 168 time: 0.3382120
2026-05-29 12:39:08.487 9 INFO neutron.wsgi [None req-f0efe06c-b688-4147-928b-276714cea779 bb7793a897164eeda0d0523b41078d60 d57bd6df955349ba9a626d027e5d3910 - - default default] 10.0.0.132 "GET /v2.0/ports/0b4180a2-6708-4409-85af-9d464b6e36de HTTP/1.1" status: 200 len: 1137 time: 0.1085982
2026-05-29 12:39:08.582 9 INFO neutron.wsgi [None req-07ab3806-5fde-4633-bf8b-ba995c3ca76b 6536e182cca748a0b6092dad330042d3 7aeb5f936e9a4de5952c28a6ae9592fa - - default default] 10.0.0.132 "GET /v2.0/security-groups?tenant_id=bb33ffb9d33a4091804aa559aaee5d2b&name=default HTTP/1.1" status: 200 len: 2996 time: 0.0409482
2026-05-29 12:39:08.600 10 INFO neutron.wsgi [None req-3ba9bf18-0273-46ff-8ecb-24f99b7b0bd1 bb7793a897164eeda0d0523b41078d60 d57bd6df955349ba9a626d027e5d3910 - - default default] 10.0.0.132 "GET /v2.0/ports/0b4180a2-6708-4409-85af-9d464b6e36de HTTP/1.1" status: 200 len: 1137 time: 0.1066287
2026-05-29 12:39:08.640 10 INFO neutron.wsgi [None req-b9e72ea3-e609-45b2-b428-21e2b95e9cd4 6536e182cca748a0b6092dad330042d3 7aeb5f936e9a4de5952c28a6ae9592fa - - default default] 10.0.0.132 "DELETE /v2.0/security-groups/b168d050-847f-4eca-ae02-1f9ab66973cf HTTP/1.1" status: 204 len: 168 time: 0.2943029
2026-05-29 12:39:08.800 10 INFO neutron.wsgi [None req-cadb9d2d-798f-4311-99f5-a5ce73f6e693 6536e182cca748a0b6092dad330042d3 7aeb5f936e9a4de5952c28a6ae9592fa - - default default] 10.0.0.132 "DELETE /v2.0/security-groups/6cf4c993-ee33-4f48-97ae-7e975d979700 HTTP/1.1" status: 204 len: 168 time: 0.2143202
2026-05-29 12:39:09.423 9 INFO neutron.wsgi [None req-1ded64ee-54e9-4f88-a5c4-42f1ef107802 bb7793a897164eeda0d0523b41078d60 d57bd6df955349ba9a626d027e5d3910 - - default default] 10.0.0.132 "PUT /v2.0/routers/1e4232aa-013d-415f-871d-1e9e437725e9/remove_router_interface HTTP/1.1" status: 200 len: 503 time: 0.8179781
2026-05-29 12:39:09.511 10 INFO neutron.wsgi [None req-47d86911-f453-414f-b6f4-3cda4b403605 bb7793a897164eeda0d0523b41078d60 d57bd6df955349ba9a626d027e5d3910 - - default default] 10.0.0.132 "GET /v2.0/ports/f79150b0-8bcc-40e7-8448-44b8d410a73d HTTP/1.1" status: 200 len: 1137 time: 0.0829899 /var/lib/openstack/lib/python3.10/site-packages/pycadf/identifier.py:71: UserWarning: Invalid uuid: neutron. To ensure interoperability, identifiers should be a valid uuid. warnings.warn(('Invalid uuid: %s. To ensure interoperability, '
2026-05-29 12:39:10.186 9 INFO neutron.wsgi [None req-e525b92d-15f9-47ac-893b-18cdfb61ccd3 bb7793a897164eeda0d0523b41078d60 d57bd6df955349ba9a626d027e5d3910 - - default default] 10.0.0.132 "PUT /v2.0/routers/1e4232aa-013d-415f-871d-1e9e437725e9/remove_router_interface HTTP/1.1" status: 200 len: 503 time: 0.6699636
2026-05-29 12:39:10.226 10 INFO neutron.wsgi [None req-140ebfe9-8416-454f-b75f-c99127a1c578 bb7793a897164eeda0d0523b41078d60 d57bd6df955349ba9a626d027e5d3910 - - default default] 10.0.0.132 "GET /v2.0/ports?device_id=1e4232aa-013d-415f-871d-1e9e437725e9 HTTP/1.1" status: 200 len: 205 time: 0.0333292
2026-05-29 12:39:10.520 10 INFO neutron.wsgi [None req-7d154a7c-7c69-46f5-b7b9-3b5fc256c60f bb7793a897164eeda0d0523b41078d60 d57bd6df955349ba9a626d027e5d3910 - - default default] 10.0.0.132 "DELETE /v2.0/routers/1e4232aa-013d-415f-871d-1e9e437725e9 HTTP/1.1" status: 204 len: 168 time: 0.2875116
2026-05-29 12:39:10.752 10 INFO neutron.wsgi [None req-aee0403a-8e6d-4f37-9816-5e83519ace49 bb7793a897164eeda0d0523b41078d60 d57bd6df955349ba9a626d027e5d3910 - - default default] 10.0.0.132 "DELETE /v2.0/subnets/62688bfb-b3eb-466c-b3b2-e1385e1805fa HTTP/1.1" status: 204 len: 168 time: 0.2270606
2026-05-29 12:39:10.975 9 WARNING neutron.plugins.ml2.drivers.ovn.mech_driver.ovsdb.ovn_client [None req-712c2656-3222-4b2a-9f45-9bc110d09902 - - - - - -] No port found with ID f79150b0-8bcc-40e7-8448-44b8d410a73d: RuntimeError: No port found with ID f79150b0-8bcc-40e7-8448-44b8d410a73d
2026-05-29 12:39:11.012 10 INFO neutron.wsgi [None req-134130ad-ed92-4b08-a696-2a5c6ffaf6f3 bb7793a897164eeda0d0523b41078d60 d57bd6df955349ba9a626d027e5d3910 - - default default] 10.0.0.132 "DELETE /v2.0/subnets/e9573563-e740-41ed-999b-8bd86a13c24c HTTP/1.1" status: 204 len: 168 time: 0.2561698
2026-05-29 12:39:11.405 10 INFO neutron.services.segments.plugin [-] Segment b84743a1-b08d-4260-93b2-629359cb3ce7 resource provider aggregate not found
2026-05-29 12:39:11.410 10 INFO neutron.services.segments.plugin [-] Segment b84743a1-b08d-4260-93b2-629359cb3ce7 resource provider aggregate not found
2026-05-29 12:39:11.426 10 INFO neutron.services.segments.plugin [-] Segment b84743a1-b08d-4260-93b2-629359cb3ce7 resource provider not found; error: Placement Client Error (4xx): {"errors": [{"status": 404, "title": "Not Found", "detail": "The resource could not be found.\n\n No resource provider with uuid b84743a1-b08d-4260-93b2-629359cb3ce7 found for delete ", "request_id": "req-3604308d-9817-4d72-bff5-e33490622d62"}]}
2026-05-29 12:39:11.427 10 INFO neutron.services.segments.plugin [-] Segment b84743a1-b08d-4260-93b2-629359cb3ce7 resource provider not found; error: Placement Client Error (4xx): {"errors": [{"status": 404, "title": "Not Found", "detail": "The resource could not be found.\n\n No resource provider with uuid b84743a1-b08d-4260-93b2-629359cb3ce7 found for delete ", "request_id": "req-39b32daa-400a-4307-9edb-58bfbb916875"}]}
2026-05-29 12:39:11.464 10 INFO neutron.wsgi [None req-be648bec-5156-42ba-bf10-12465e94edfc bb7793a897164eeda0d0523b41078d60 d57bd6df955349ba9a626d027e5d3910 - - default default] 10.0.0.132 "DELETE /v2.0/networks/93113325-4fde-4bcb-8666-1013dfb0146b HTTP/1.1" status: 204 len: 168 time: 0.4470179 /var/lib/openstack/lib/python3.10/site-packages/pycadf/identifier.py:71: UserWarning: Invalid uuid: neutron. To ensure interoperability, identifiers should be a valid uuid. warnings.warn(('Invalid uuid: %s. To ensure interoperability, '
2026-05-29 12:39:11.836 9 INFO neutron.services.segments.plugin [-] Segment b0f1ce80-e009-44bd-8fb1-fe8a70ac525f resource provider aggregate not found
2026-05-29 12:39:11.842 9 INFO neutron.services.segments.plugin [-] Segment b0f1ce80-e009-44bd-8fb1-fe8a70ac525f resource provider aggregate not found
2026-05-29 12:39:11.852 9 INFO neutron.services.segments.plugin [-] Segment b0f1ce80-e009-44bd-8fb1-fe8a70ac525f resource provider not found; error: Placement Client Error (4xx): {"errors": [{"status": 404, "title": "Not Found", "detail": "The resource could not be found.\n\n No resource provider with uuid b0f1ce80-e009-44bd-8fb1-fe8a70ac525f found for delete ", "request_id": "req-dc203fde-2ed2-4f90-a43c-43c203ca8c0b"}]}
2026-05-29 12:39:11.858 9 INFO neutron.services.segments.plugin [-] Segment b0f1ce80-e009-44bd-8fb1-fe8a70ac525f resource provider not found; error: Placement Client Error (4xx): {"errors": [{"status": 404, "title": "Not Found", "detail": "The resource could not be found.\n\n No resource provider with uuid b0f1ce80-e009-44bd-8fb1-fe8a70ac525f found for delete ", "request_id": "req-f0d13a40-1599-41f2-9b45-c118d5de0509"}]}
2026-05-29 12:39:11.881 9 INFO neutron.wsgi [None req-765a4f85-0b48-4a0d-beb9-7109beb22f7b bb7793a897164eeda0d0523b41078d60 d57bd6df955349ba9a626d027e5d3910 - - default default] 10.0.0.132 "DELETE /v2.0/networks/8fd54e73-161e-4adc-810a-1d5588011e62 HTTP/1.1" status: 204 len: 168 time: 0.4094822
2026-05-29 12:39:11.896 10 WARNING neutron_lib.context [None req-91aa72ef-34bb-41d3-81fc-002fafb354ec bb7793a897164eeda0d0523b41078d60 d57bd6df955349ba9a626d027e5d3910 - - default default] Method 'is_advsvc' is deprecated since 2023.2 release (neutron-lib 3.8.0) and will be removed once support for the old RBAC API policies will be removed from Neutron. Please use method 'is_service_role' instead.
2026-05-29 12:39:11.997 10 INFO neutron.db.segments_db [None req-91aa72ef-34bb-41d3-81fc-002fafb354ec bb7793a897164eeda0d0523b41078d60 d57bd6df955349ba9a626d027e5d3910 - - default default] Added segment b3454bdb-4ba9-44d3-b0be-fff4591e12b0 of type geneve for network 7e237a59-d1b2-42f1-9cd0-083da0853f12
2026-05-29 12:39:12.175 10 INFO neutron.db.ovn_revision_numbers_db [None req-91aa72ef-34bb-41d3-81fc-002fafb354ec bb7793a897164eeda0d0523b41078d60 d57bd6df955349ba9a626d027e5d3910 - - default default] Successfully bumped revision number for resource 7e237a59-d1b2-42f1-9cd0-083da0853f12 (type: networks) to 1
2026-05-29 12:39:12.202 9 INFO neutron.wsgi [None req-e792399d-648a-4f49-94ef-5bff52425ec2 dc0e54028463428ab55aae2ccaf2e2b2 6a8359ba55c64c3e8ae8909c071c969c - - default default] 10.0.0.214 "GET /v2.0/extensions HTTP/1.1" status: 200 len: 16980 time: 0.1269140
2026-05-29 12:39:12.251 9 INFO neutron.wsgi [None req-e62b2038-2106-4351-87a9-42c9a8488a4c a0673e875ff64b77b98d42e13b9dba3a f32400b6a078467b8a0ae4136b49fb38 - - default default] 10.0.0.132 "POST /v2.0/qos/policies HTTP/1.1" status: 201 len: 558 time: 0.1765816
2026-05-29 12:39:12.308 9 INFO neutron.wsgi [None req-fc513b38-902f-445e-ac82-71ec1ae06f96 a0673e875ff64b77b98d42e13b9dba3a f32400b6a078467b8a0ae4136b49fb38 - - default default] 10.0.0.132 "PUT /v2.0/policies/f2787eb4-3e95-4f84-8564-d8e07e20598a/tags HTTP/1.1" status: 200 len: 218 time: 0.0510023
2026-05-29 12:39:12.340 9 INFO neutron.wsgi [None req-3823a9d0-ee10-483a-b56e-5f732c9ef576 a0673e875ff64b77b98d42e13b9dba3a f32400b6a078467b8a0ae4136b49fb38 - - default default] 10.0.0.132 "GET /v2.0/policies/f2787eb4-3e95-4f84-8564-d8e07e20598a/tags HTTP/1.1" status: 200 len: 218 time: 0.0272148
2026-05-29 12:39:12.371 10 WARNING neutron.scheduler.dhcp_agent_scheduler [None req-91aa72ef-34bb-41d3-81fc-002fafb354ec bb7793a897164eeda0d0523b41078d60 d57bd6df955349ba9a626d027e5d3910 - - default default] No more DHCP agents
2026-05-29 12:39:12.375 10 WARNING neutron.api.rpc.agentnotifiers.dhcp_rpc_agent_api [None req-91aa72ef-34bb-41d3-81fc-002fafb354ec bb7793a897164eeda0d0523b41078d60 d57bd6df955349ba9a626d027e5d3910 - - default default] Unable to schedule network 7e237a59-d1b2-42f1-9cd0-083da0853f12: no agents available; will retry on subsequent port and subnet creation events.
2026-05-29 12:39:12.380 10 INFO neutron.wsgi [None req-dfb1c5d6-c3b5-4f0e-9a9b-fe648ff22208 dc0e54028463428ab55aae2ccaf2e2b2 6a8359ba55c64c3e8ae8909c071c969c - - default default] 10.0.0.214 "GET /v2.0/quotas/6a8359ba55c64c3e8ae8909c071c969c/details HTTP/1.1" status: 200 len: 756 time: 0.1609421
2026-05-29 12:39:12.380 9 INFO neutron.wsgi [None req-8857f856-993c-4547-b37d-dc8302047f5c a0673e875ff64b77b98d42e13b9dba3a f32400b6a078467b8a0ae4136b49fb38 - - default default] 10.0.0.132 "PUT /v2.0/policies/f2787eb4-3e95-4f84-8564-d8e07e20598a/tags/green HTTP/1.1" status: 201 len: 201 time: 0.0343347
2026-05-29 12:39:12.407 9 INFO neutron.wsgi [None req-1efc14e1-3c6b-4d76-b967-033c14421659 a0673e875ff64b77b98d42e13b9dba3a f32400b6a078467b8a0ae4136b49fb38 - - default default] 10.0.0.132 "GET /v2.0/policies/f2787eb4-3e95-4f84-8564-d8e07e20598a/tags HTTP/1.1" status: 200 len: 227 time: 0.0200055
2026-05-29 12:39:12.445 10 INFO neutron.wsgi [None req-817fd0ee-166e-487e-bbf7-13ca7b3d3f2f a0673e875ff64b77b98d42e13b9dba3a f32400b6a078467b8a0ae4136b49fb38 - - default default] 10.0.0.132 "PUT /v2.0/policies/f2787eb4-3e95-4f84-8564-d8e07e20598a/tags/red HTTP/1.1" status: 201 len: 201 time: 0.0319915
2026-05-29 12:39:12.462 10 INFO neutron.db.ovn_revision_numbers_db [None req-91aa72ef-34bb-41d3-81fc-002fafb354ec bb7793a897164eeda0d0523b41078d60 d57bd6df955349ba9a626d027e5d3910 - - default default] Successfully bumped revision number for resource cb99e740-a3bc-4593-94e9-cc3d04b6d477 (type: ports) to 1
2026-05-29 12:39:12.471 9 INFO neutron.wsgi [None req-d2312b3e-a99d-4476-a1f9-4694e6b9d1ed a0673e875ff64b77b98d42e13b9dba3a f32400b6a078467b8a0ae4136b49fb38 - - default default] 10.0.0.132 "GET /v2.0/policies/f2787eb4-3e95-4f84-8564-d8e07e20598a/tags HTTP/1.1" status: 200 len: 227 time: 0.0217021
2026-05-29 12:39:12.486 10 INFO neutron.wsgi [None req-91aa72ef-34bb-41d3-81fc-002fafb354ec bb7793a897164eeda0d0523b41078d60 d57bd6df955349ba9a626d027e5d3910 - - default default] 10.0.0.132 "POST /v2.0/networks HTTP/1.1" status: 201 len: 828 time: 0.5968745
2026-05-29 12:39:12.496 10 WARNING neutron_lib.context [None req-8749f212-7796-4292-8c51-b963786815c2 bb7793a897164eeda0d0523b41078d60 d57bd6df955349ba9a626d027e5d3910 - - default default] Method 'is_advsvc' is deprecated since 2023.2 release (neutron-lib 3.8.0) and will be removed once support for the old RBAC API policies will be removed from Neutron. Please use method 'is_service_role' instead.
2026-05-29 12:39:12.509 9 INFO neutron.wsgi [None req-a73dd1b2-2858-4dd1-8695-3619f755a480 a0673e875ff64b77b98d42e13b9dba3a f32400b6a078467b8a0ae4136b49fb38 - - default default] 10.0.0.132 "PUT /v2.0/policies/f2787eb4-3e95-4f84-8564-d8e07e20598a/tags/black.or.white HTTP/1.1" status: 201 len: 201 time: 0.0333350
2026-05-29 12:39:12.548 10 INFO neutron.wsgi [None req-ed73548b-1f56-4f1b-b890-d7c00e820d79 a0673e875ff64b77b98d42e13b9dba3a f32400b6a078467b8a0ae4136b49fb38 - - default default] 10.0.0.132 "GET /v2.0/policies/f2787eb4-3e95-4f84-8564-d8e07e20598a/tags HTTP/1.1" status: 200 len: 245 time: 0.0342023
2026-05-29 12:39:12.590 10 INFO neutron.wsgi [None req-7b82bb2f-3d81-4cab-8a3b-e7a62f498a66 a0673e875ff64b77b98d42e13b9dba3a f32400b6a078467b8a0ae4136b49fb38 - - default default] 10.0.0.132 "PUT /v2.0/policies/f2787eb4-3e95-4f84-8564-d8e07e20598a/tags HTTP/1.1" status: 200 len: 230 time: 0.0364454
2026-05-29 12:39:12.622 9 INFO neutron.wsgi [None req-040f4ca5-9869-4b09-8a79-7e404fac6972 a0673e875ff64b77b98d42e13b9dba3a f32400b6a078467b8a0ae4136b49fb38 - - default default] 10.0.0.132 "GET /v2.0/policies/f2787eb4-3e95-4f84-8564-d8e07e20598a/tags HTTP/1.1" status: 200 len: 230 time: 0.0250571
2026-05-29 12:39:12.643 9 INFO neutron.wsgi [None req-660ece6c-2ad6-4013-b6d4-3334b8ab0423 a0673e875ff64b77b98d42e13b9dba3a f32400b6a078467b8a0ae4136b49fb38 - - default default] 10.0.0.132 "GET /v2.0/policies/f2787eb4-3e95-4f84-8564-d8e07e20598a/tags/red HTTP/1.1" status: 204 len: 168 time: 0.0165312
2026-05-29 12:39:12.661 9 INFO neutron.api.v2.resource [None req-f8ef288e-075c-4036-8099-5aba3f7daf53 a0673e875ff64b77b98d42e13b9dba3a f32400b6a078467b8a0ae4136b49fb38 - - default default] show failed (client error): The resource could not be found.
2026-05-29 12:39:12.662 9 INFO neutron.wsgi [None req-f8ef288e-075c-4036-8099-5aba3f7daf53 a0673e875ff64b77b98d42e13b9dba3a f32400b6a078467b8a0ae4136b49fb38 - - default default] 10.0.0.132 "GET /v2.0/policies/f2787eb4-3e95-4f84-8564-d8e07e20598a/tags/green HTTP/1.1" status: 404 len: 299 time: 0.0137351
2026-05-29 12:39:12.691 9 INFO neutron.wsgi [None req-eb6eac09-e681-4abb-a547-56074ba5f178 a0673e875ff64b77b98d42e13b9dba3a f32400b6a078467b8a0ae4136b49fb38 - - default default] 10.0.0.132 "DELETE /v2.0/policies/f2787eb4-3e95-4f84-8564-d8e07e20598a/tags/red HTTP/1.1" status: 204 len: 168 time: 0.0241735
2026-05-29 12:39:12.712 9 INFO neutron.wsgi [None req-5f40f005-1002-4ab3-bf1c-cf21076e06c0 a0673e875ff64b77b98d42e13b9dba3a f32400b6a078467b8a0ae4136b49fb38 - - default default] 10.0.0.132 "GET /v2.0/policies/f2787eb4-3e95-4f84-8564-d8e07e20598a/tags HTTP/1.1" status: 200 len: 223 time: 0.0155108
2026-05-29 12:39:12.741 9 INFO neutron.api.v2.resource [None req-b78c0a82-463d-4798-8726-b6f455967753 a0673e875ff64b77b98d42e13b9dba3a f32400b6a078467b8a0ae4136b49fb38 - - default default] delete failed (client error): The resource could not be found.
2026-05-29 12:39:12.743 9 INFO neutron.wsgi [None req-b78c0a82-463d-4798-8726-b6f455967753 a0673e875ff64b77b98d42e13b9dba3a f32400b6a078467b8a0ae4136b49fb38 - - default default] 10.0.0.132 "DELETE /v2.0/policies/f2787eb4-3e95-4f84-8564-d8e07e20598a/tags/green HTTP/1.1" status: 404 len: 299 time: 0.0251162
2026-05-29 12:39:12.774 10 WARNING neutron.scheduler.dhcp_agent_scheduler [None req-8749f212-7796-4292-8c51-b963786815c2 bb7793a897164eeda0d0523b41078d60 d57bd6df955349ba9a626d027e5d3910 - - default default] No more DHCP agents
2026-05-29 12:39:12.776 10 WARNING neutron.api.rpc.agentnotifiers.dhcp_rpc_agent_api [None req-8749f212-7796-4292-8c51-b963786815c2 bb7793a897164eeda0d0523b41078d60 d57bd6df955349ba9a626d027e5d3910 - - default default] Unable to schedule network 7e237a59-d1b2-42f1-9cd0-083da0853f12: no agents available; will retry on subsequent port and subnet creation events.
2026-05-29 12:39:12.779 9 INFO neutron.wsgi [None req-16cc62a8-bd5d-4343-ae7e-de9bef74a2ef a0673e875ff64b77b98d42e13b9dba3a f32400b6a078467b8a0ae4136b49fb38 - - default default] 10.0.0.132 "DELETE /v2.0/policies/f2787eb4-3e95-4f84-8564-d8e07e20598a/tags HTTP/1.1" status: 204 len: 168 time: 0.0306461
2026-05-29 12:39:12.801 9 INFO neutron.wsgi [None req-f72c0cc8-5627-45a7-9e7c-67e464b43f8c a0673e875ff64b77b98d42e13b9dba3a f32400b6a078467b8a0ae4136b49fb38 - - default default] 10.0.0.132 "GET /v2.0/policies/f2787eb4-3e95-4f84-8564-d8e07e20598a/tags HTTP/1.1" status: 200 len: 205 time: 0.0169303
2026-05-29 12:39:12.863 9 INFO neutron.wsgi [None req-5424ef24-a8fc-4425-b998-1fa714acf7cc a0673e875ff64b77b98d42e13b9dba3a f32400b6a078467b8a0ae4136b49fb38 - - default default] 10.0.0.132 "DELETE /v2.0/qos/policies/f2787eb4-3e95-4f84-8564-d8e07e20598a HTTP/1.1" status: 204 len: 168 time: 0.0560458
2026-05-29 12:39:13.317 10 INFO neutron.db.ovn_revision_numbers_db [None req-8749f212-7796-4292-8c51-b963786815c2 bb7793a897164eeda0d0523b41078d60 d57bd6df955349ba9a626d027e5d3910 - - default default] Successfully bumped revision number for resource cb99e740-a3bc-4593-94e9-cc3d04b6d477 (type: ports) to 2
2026-05-29 12:39:13.355 10 INFO neutron.db.ovn_revision_numbers_db [None req-8749f212-7796-4292-8c51-b963786815c2 bb7793a897164eeda0d0523b41078d60 d57bd6df955349ba9a626d027e5d3910 - - default default] Successfully bumped revision number for resource d6ea70ca-6bfd-4908-bf66-22a564ffb086 (type: subnets) to 0
2026-05-29 12:39:13.375 10 INFO neutron.wsgi [None req-8749f212-7796-4292-8c51-b963786815c2 bb7793a897164eeda0d0523b41078d60 d57bd6df955349ba9a626d027e5d3910 - - default default] 10.0.0.132 "POST /v2.0/subnets HTTP/1.1" status: 201 len: 801 time: 0.8837686
2026-05-29 12:39:13.387 10 WARNING neutron_lib.context [None req-ca7979c7-d9cf-414e-894e-d80608bcca18 bb7793a897164eeda0d0523b41078d60 d57bd6df955349ba9a626d027e5d3910 - - default default] Method 'is_advsvc' is deprecated since 2023.2 release (neutron-lib 3.8.0) and will be removed once support for the old RBAC API policies will be removed from Neutron. Please use method 'is_service_role' instead.
2026-05-29 12:39:13.541 10 INFO neutron.db.ovn_revision_numbers_db [None req-ca7979c7-d9cf-414e-894e-d80608bcca18 bb7793a897164eeda0d0523b41078d60 d57bd6df955349ba9a626d027e5d3910 - - default default] Successfully bumped revision number for resource 9365c62b-82ef-47a2-bbf4-c5df25e5c57c (type: routers) to 1
2026-05-29 12:39:13.558 10 INFO neutron.wsgi [None req-ca7979c7-d9cf-414e-894e-d80608bcca18 bb7793a897164eeda0d0523b41078d60 d57bd6df955349ba9a626d027e5d3910 - - default default] 10.0.0.132 "POST /v2.0/routers HTTP/1.1" status: 201 len: 687 time: 0.1759925
2026-05-29 12:39:13.570 10 WARNING neutron_lib.context [None req-7e4c6acc-b103-463c-87c2-959def931c1a bb7793a897164eeda0d0523b41078d60 d57bd6df955349ba9a626d027e5d3910 - - default default] Method 'is_advsvc' is deprecated since 2023.2 release (neutron-lib 3.8.0) and will be removed once support for the old RBAC API policies will be removed from Neutron. Please use method 'is_service_role' instead.
2026-05-29 12:39:13.798 9 INFO neutron.db.ovn_revision_numbers_db [None req-8fcc7803-0f1b-462d-81c7-7cb34d25e0b1 6536e182cca748a0b6092dad330042d3 7aeb5f936e9a4de5952c28a6ae9592fa - - default default] Successfully bumped revision number for resource 75f62d8a-8e3b-438e-bd24-0de688e2efec (type: security_groups) to 1
2026-05-29 12:39:13.816 9 INFO neutron.db.ovn_revision_numbers_db [None req-8fcc7803-0f1b-462d-81c7-7cb34d25e0b1 6536e182cca748a0b6092dad330042d3 7aeb5f936e9a4de5952c28a6ae9592fa - - default default] Successfully bumped revision number for resource 234b8cc4-5c18-4503-a668-7da4bcbd21e0 (type: security_group_rules) to 0
2026-05-29 12:39:13.830 9 INFO neutron.db.ovn_revision_numbers_db [None req-8fcc7803-0f1b-462d-81c7-7cb34d25e0b1 6536e182cca748a0b6092dad330042d3 7aeb5f936e9a4de5952c28a6ae9592fa - - default default] Successfully bumped revision number for resource 499281e6-bac5-484d-b32e-2889cb8aa6b8 (type: security_group_rules) to 0
2026-05-29 12:39:13.850 9 INFO neutron.db.ovn_revision_numbers_db [None req-8fcc7803-0f1b-462d-81c7-7cb34d25e0b1 6536e182cca748a0b6092dad330042d3 7aeb5f936e9a4de5952c28a6ae9592fa - - default default] Successfully bumped revision number for resource 62fd3390-588b-437c-9f21-6fddf189b2f1 (type: security_group_rules) to 0
2026-05-29 12:39:13.866 9 INFO neutron.db.ovn_revision_numbers_db [None req-8fcc7803-0f1b-462d-81c7-7cb34d25e0b1 6536e182cca748a0b6092dad330042d3 7aeb5f936e9a4de5952c28a6ae9592fa - - default default] Successfully bumped revision number for resource 9f4036d5-6da4-4558-be9f-7f594cb4e3e0 (type: security_group_rules) to 0
2026-05-29 12:39:13.892 9 INFO neutron.wsgi [None req-8fcc7803-0f1b-462d-81c7-7cb34d25e0b1 6536e182cca748a0b6092dad330042d3 7aeb5f936e9a4de5952c28a6ae9592fa - - default default] 10.0.0.132 "GET /v2.0/security-groups?tenant_id=68985598cf7540d6a02012e64e17e526&name=default HTTP/1.1" status: 200 len: 2996 time: 0.3024673
2026-05-29 12:39:13.954 10 WARNING neutron.scheduler.dhcp_agent_scheduler [None req-7e4c6acc-b103-463c-87c2-959def931c1a bb7793a897164eeda0d0523b41078d60 d57bd6df955349ba9a626d027e5d3910 - - default default] No more DHCP agents
2026-05-29 12:39:13.956 10 WARNING neutron.api.rpc.agentnotifiers.dhcp_rpc_agent_api [None req-7e4c6acc-b103-463c-87c2-959def931c1a bb7793a897164eeda0d0523b41078d60 d57bd6df955349ba9a626d027e5d3910 - - default default] Unable to schedule network 7e237a59-d1b2-42f1-9cd0-083da0853f12: no agents available; will retry on subsequent port and subnet creation events.
2026-05-29 12:39:14.136 9 INFO neutron.wsgi [None req-e1d969ef-3cf2-49f9-8857-4bee423dca37 6536e182cca748a0b6092dad330042d3 7aeb5f936e9a4de5952c28a6ae9592fa - - default default] 10.0.0.132 "DELETE /v2.0/security-groups/75f62d8a-8e3b-438e-bd24-0de688e2efec HTTP/1.1" status: 204 len: 168 time: 0.2355893
2026-05-29 12:39:14.166 10 INFO neutron.db.ovn_revision_numbers_db [None req-7e4c6acc-b103-463c-87c2-959def931c1a bb7793a897164eeda0d0523b41078d60 d57bd6df955349ba9a626d027e5d3910 - - default default] Successfully bumped revision number for resource 7b619791-e8eb-4464-945a-11b32cfed0e1 (type: ports) to 1
2026-05-29 12:39:14.197 10 INFO neutron.wsgi [None req-7e4c6acc-b103-463c-87c2-959def931c1a bb7793a897164eeda0d0523b41078d60 d57bd6df955349ba9a626d027e5d3910 - - default default] 10.0.0.132 "POST /v2.0/ports HTTP/1.1" status: 201 len: 1147 time: 0.6327477
2026-05-29 12:39:14.214 10 WARNING neutron.plugins.ml2.drivers.ovn.mech_driver.ovsdb.ovn_client [None req-374daa48-2896-4fee-8cdc-9b0cc76000ad - - - - - -] No port found with ID 0b4180a2-6708-4409-85af-9d464b6e36de: RuntimeError: No port found with ID 0b4180a2-6708-4409-85af-9d464b6e36de
2026-05-29 12:39:14.432 9 INFO neutron.db.ovn_revision_numbers_db [None req-0ebe866d-dd46-405e-8ab7-0536e36561a3 6536e182cca748a0b6092dad330042d3 7aeb5f936e9a4de5952c28a6ae9592fa - - default default] Successfully bumped revision number for resource a5237077-dbc4-4cd1-803c-a62e8f564f93 (type: security_groups) to 1
2026-05-29 12:39:14.462 9 INFO neutron.db.ovn_revision_numbers_db [None req-0ebe866d-dd46-405e-8ab7-0536e36561a3 6536e182cca748a0b6092dad330042d3 7aeb5f936e9a4de5952c28a6ae9592fa - - default default] Successfully bumped revision number for resource 1e64a122-81dd-4dc0-b66e-e6b3a3bedb8f (type: security_group_rules) to 0
2026-05-29 12:39:14.495 9 INFO neutron.db.ovn_revision_numbers_db [None req-0ebe866d-dd46-405e-8ab7-0536e36561a3 6536e182cca748a0b6092dad330042d3 7aeb5f936e9a4de5952c28a6ae9592fa - - default default] Successfully bumped revision number for resource 2caf0e7e-890d-41a4-995f-fc40572774b1 (type: security_group_rules) to 0
2026-05-29 12:39:14.521 9 INFO neutron.db.ovn_revision_numbers_db [None req-0ebe866d-dd46-405e-8ab7-0536e36561a3 6536e182cca748a0b6092dad330042d3 7aeb5f936e9a4de5952c28a6ae9592fa - - default default] Successfully bumped revision number for resource 650a1044-531e-4ed0-8a5c-28cf4038a25c (type: security_group_rules) to 0
2026-05-29 12:39:14.544 9 INFO neutron.db.ovn_revision_numbers_db [None req-0ebe866d-dd46-405e-8ab7-0536e36561a3 6536e182cca748a0b6092dad330042d3 7aeb5f936e9a4de5952c28a6ae9592fa - - default default] Successfully bumped revision number for resource c421669d-af0f-4cb8-b730-1607c7c9e9c1 (type: security_group_rules) to 0
2026-05-29 12:39:14.582 9 INFO neutron.wsgi [None req-0ebe866d-dd46-405e-8ab7-0536e36561a3 6536e182cca748a0b6092dad330042d3 7aeb5f936e9a4de5952c28a6ae9592fa - - default default] 10.0.0.132 "GET /v2.0/security-groups?tenant_id=f32400b6a078467b8a0ae4136b49fb38&name=default HTTP/1.1" status: 200 len: 2996 time: 0.3326015 /var/lib/openstack/lib/python3.10/site-packages/pycadf/identifier.py:71: UserWarning: Invalid uuid: neutron. To ensure interoperability, identifiers should be a valid uuid. warnings.warn(('Invalid uuid: %s. To ensure interoperability, '
2026-05-29 12:39:14.644 9 INFO neutron.plugins.ml2.drivers.ovn.mech_driver.mech_driver [None req-712c2656-3222-4b2a-9f45-9bc110d09902 - - - - - -] OVN reports status up for port: 7b619791-e8eb-4464-945a-11b32cfed0e1
2026-05-29 12:39:14.665 9 INFO neutron.plugins.ml2.plugin [None req-712c2656-3222-4b2a-9f45-9bc110d09902 - - - - - -] Attempt 1 to provision port 7b619791-e8eb-4464-945a-11b32cfed0e1
2026-05-29 12:39:14.680 9 INFO neutron.db.ovn_revision_numbers_db [None req-8f5fe6ee-ad27-456f-9067-770634fb2dc9 bb7793a897164eeda0d0523b41078d60 d57bd6df955349ba9a626d027e5d3910 - - default default] Successfully bumped revision number for resource 7b619791-e8eb-4464-945a-11b32cfed0e1 (type: router_ports) to 2
2026-05-29 12:39:14.803 10 INFO neutron.wsgi [None req-e470f620-fdd9-48c8-a7c8-a50d5a28e9e8 6536e182cca748a0b6092dad330042d3 7aeb5f936e9a4de5952c28a6ae9592fa - - default default] 10.0.0.132 "DELETE /v2.0/security-groups/a5237077-dbc4-4cd1-803c-a62e8f564f93 HTTP/1.1" status: 204 len: 168 time: 0.2124326
2026-05-29 12:39:14.845 10 INFO neutron.wsgi [None req-43537add-1d0b-4126-853a-2d1a127a0931 dc0e54028463428ab55aae2ccaf2e2b2 6a8359ba55c64c3e8ae8909c071c969c - - default default] 10.0.0.214 "GET /v2.0/extensions HTTP/1.1" status: 200 len: 16980 time: 0.0089493
2026-05-29 12:39:14.944 10 INFO neutron.wsgi [None req-90f3135e-18ae-4270-bdfc-94e5bb8b693a dc0e54028463428ab55aae2ccaf2e2b2 6a8359ba55c64c3e8ae8909c071c969c - - default default] 10.0.0.214 "GET /v2.0/quotas/6a8359ba55c64c3e8ae8909c071c969c/details HTTP/1.1" status: 200 len: 756 time: 0.0767007
2026-05-29 12:39:15.275 9 INFO neutron.db.ovn_revision_numbers_db [None req-8f5fe6ee-ad27-456f-9067-770634fb2dc9 bb7793a897164eeda0d0523b41078d60 d57bd6df955349ba9a626d027e5d3910 - - default default] Successfully bumped revision number for resource 7b619791-e8eb-4464-945a-11b32cfed0e1 (type: ports) to 2
2026-05-29 12:39:15.394 9 INFO neutron.db.ovn_revision_numbers_db [None req-712c2656-3222-4b2a-9f45-9bc110d09902 - - - - - -] Successfully bumped revision number for resource 7b619791-e8eb-4464-945a-11b32cfed0e1 (type: ports) to 3
