Mar 27 01:16:34.181643 np0000161115 nova-scheduler[107588]: DEBUG cotyledon.oslo_config_glue [-] workarounds.disable_compute_service_check_for_ffu = False {{(pid=107588) log_opt_values /opt/stack/data/venv/lib/python3.12/site-packages/oslo_config/cfg.py:3006}}
Mar 27 01:16:34.181643 np0000161115 nova-scheduler[107588]: DEBUG cotyledon.oslo_config_glue [-] workarounds.disable_deep_image_inspection = False {{(pid=107588) log_opt_values /opt/stack/data/venv/lib/python3.12/site-packages/oslo_config/cfg.py:3006}}
Mar 27 01:16:34.181643 np0000161115 nova-scheduler[107588]: DEBUG cotyledon.oslo_config_glue [-] workarounds.disable_fallback_pcpu_query = False {{(pid=107588) log_opt_values /opt/stack/data/venv/lib/python3.12/site-packages/oslo_config/cfg.py:3006}}
Mar 27 01:16:34.181858 np0000161115 nova-scheduler[107588]: DEBUG cotyledon.oslo_config_glue [-] workarounds.disable_group_policy_check_upcall = False {{(pid=107588) log_opt_values /opt/stack/data/venv/lib/python3.12/site-packages/oslo_config/cfg.py:3006}}
Mar 27 01:16:34.181858 np0000161115 nova-scheduler[107588]: DEBUG cotyledon.oslo_config_glue [-] workarounds.disable_libvirt_livesnapshot = False {{(pid=107588) log_opt_values /opt/stack/data/venv/lib/python3.12/site-packages/oslo_config/cfg.py:3006}}
Mar 27 01:16:34.181858 np0000161115 nova-scheduler[107588]: DEBUG cotyledon.oslo_config_glue [-] workarounds.disable_rootwrap = False {{(pid=107588) log_opt_values /opt/stack/data/venv/lib/python3.12/site-packages/oslo_config/cfg.py:3006}}
Mar 27 01:16:34.181858 np0000161115 nova-scheduler[107588]: DEBUG cotyledon.oslo_config_glue [-] workarounds.enable_numa_live_migration = False {{(pid=107588) log_opt_values /opt/stack/data/venv/lib/python3.12/site-packages/oslo_config/cfg.py:3006}}
Mar 27 01:16:34.181858 np0000161115 nova-scheduler[107588]: DEBUG cotyledon.oslo_config_glue [-] workarounds.enable_qemu_monitor_announce_self = False {{(pid=107588) log_opt_values /opt/stack/data/venv/lib/python3.12/site-packages/oslo_config/cfg.py:3006}}
Mar 27 01:16:34.181858 np0000161115 nova-scheduler[107588]: DEBUG cotyledon.oslo_config_glue [-] workarounds.ensure_libvirt_rbd_instance_dir_cleanup = False {{(pid=107588) log_opt_values /opt/stack/data/venv/lib/python3.12/site-packages/oslo_config/cfg.py:3006}}
Mar 27 01:16:34.181858 np0000161115 nova-scheduler[107588]: DEBUG cotyledon.oslo_config_glue [-] workarounds.handle_virt_lifecycle_events = True {{(pid=107588) log_opt_values /opt/stack/data/venv/lib/python3.12/site-packages/oslo_config/cfg.py:3006}}
Mar 27 01:16:34.181858 np0000161115 nova-scheduler[107588]: DEBUG cotyledon.oslo_config_glue [-] workarounds.libvirt_disable_apic = False {{(pid=107588) log_opt_values /opt/stack/data/venv/lib/python3.12/site-packages/oslo_config/cfg.py:3006}}
Mar 27 01:16:34.181858 np0000161115 nova-scheduler[107588]: DEBUG cotyledon.oslo_config_glue [-] workarounds.never_download_image_if_on_rbd = False {{(pid=107588) log_opt_values /opt/stack/data/venv/lib/python3.12/site-packages/oslo_config/cfg.py:3006}}
Mar 27 01:16:34.182238 np0000161115 nova-scheduler[107588]: DEBUG cotyledon.oslo_config_glue [-] workarounds.qemu_monitor_announce_self_count = 3 {{(pid=107588) log_opt_values /opt/stack/data/venv/lib/python3.12/site-packages/oslo_config/cfg.py:3006}}
Mar 27 01:16:34.182238 np0000161115 nova-scheduler[107588]: DEBUG cotyledon.oslo_config_glue [-] workarounds.qemu_monitor_announce_self_interval = 1 {{(pid=107588) log_opt_values /opt/stack/data/venv/lib/python3.12/site-packages/oslo_config/cfg.py:3006}}
Mar 27 01:16:34.182294 np0000161115 nova-scheduler[107580]: INFO dbcounter [None req-3dea0576-bec7-47f4-87c6-35226e8a75f3 None None] Registered counter for database nova_cell0
Mar 27 01:16:34.182319 np0000161115 nova-scheduler[107588]: DEBUG cotyledon.oslo_config_glue [-] workarounds.reserve_disk_resource_for_image_cache = False {{(pid=107588) log_opt_values /opt/stack/data/venv/lib/python3.12/site-packages/oslo_config/cfg.py:3006}}
Mar 27 01:16:34.182319 np0000161115 nova-scheduler[107588]: DEBUG cotyledon.oslo_config_glue [-] workarounds.skip_cpu_compare_at_startup = False {{(pid=107588) log_opt_values /opt/stack/data/venv/lib/python3.12/site-packages/oslo_config/cfg.py:3006}}
Mar 27 01:16:34.182319 np0000161115 nova-scheduler[107588]: DEBUG cotyledon.oslo_config_glue [-] workarounds.skip_cpu_compare_on_dest = False {{(pid=107588) log_opt_values /opt/stack/data/venv/lib/python3.12/site-packages/oslo_config/cfg.py:3006}}
Mar 27 01:16:34.182319 np0000161115 nova-scheduler[107588]: DEBUG cotyledon.oslo_config_glue [-] workarounds.skip_hypervisor_version_check_on_lm = False {{(pid=107588) log_opt_values /opt/stack/data/venv/lib/python3.12/site-packages/oslo_config/cfg.py:3006}}
Mar 27 01:16:34.182319 np0000161115 nova-scheduler[107588]: DEBUG cotyledon.oslo_config_glue [-] workarounds.skip_reserve_in_use_ironic_nodes = False {{(pid=107588) log_opt_values /opt/stack/data/venv/lib/python3.12/site-packages/oslo_config/cfg.py:3006}}
Mar 27 01:16:34.182319 np0000161115 nova-scheduler[107588]: DEBUG cotyledon.oslo_config_glue [-] workarounds.unified_limits_count_pcpu_as_vcpu = False {{(pid=107588) log_opt_values /opt/stack/data/venv/lib/python3.12/site-packages/oslo_config/cfg.py:3006}}
Mar 27 01:16:34.182319 np0000161115 nova-scheduler[107588]: DEBUG cotyledon.oslo_config_glue [-] workarounds.wait_for_vif_plugged_event_during_hard_reboot = [] {{(pid=107588) log_opt_values /opt/stack/data/venv/lib/python3.12/site-packages/oslo_config/cfg.py:3006}}
Mar 27 01:16:34.182319 np0000161115 nova-scheduler[107588]: DEBUG cotyledon.oslo_config_glue [-] wsgi.api_paste_config = /etc/nova/api-paste.ini {{(pid=107588) log_opt_values /opt/stack/data/venv/lib/python3.12/site-packages/oslo_config/cfg.py:3006}}
Mar 27 01:16:34.182511 np0000161115 nova-scheduler[107588]: DEBUG cotyledon.oslo_config_glue [-] wsgi.secure_proxy_ssl_header = None {{(pid=107588) log_opt_values /opt/stack/data/venv/lib/python3.12/site-packages/oslo_config/cfg.py:3006}}
Mar 27 01:16:34.182511 np0000161115 nova-scheduler[107588]: DEBUG cotyledon.oslo_config_glue [-] zvm.ca_file = None {{(pid=107588) log_opt_values /opt/stack/data/venv/lib/python3.12/site-packages/oslo_config/cfg.py:3006}}
Mar 27 01:16:34.182511 np0000161115 nova-scheduler[107588]: DEBUG cotyledon.oslo_config_glue [-] zvm.cloud_connector_url = None {{(pid=107588) log_opt_values /opt/stack/data/venv/lib/python3.12/site-packages/oslo_config/cfg.py:3006}}
Mar 27 01:16:34.182511 np0000161115 nova-scheduler[107588]: DEBUG cotyledon.oslo_config_glue [-] zvm.image_tmp_path = /opt/stack/data/nova/images {{(pid=107588) log_opt_values /opt/stack/data/venv/lib/python3.12/site-packages/oslo_config/cfg.py:3006}}
Mar 27 01:16:34.182511 np0000161115 nova-scheduler[107588]: DEBUG cotyledon.oslo_config_glue [-] zvm.reachable_timeout = 300 {{(pid=107588) log_opt_values /opt/stack/data/venv/lib/python3.12/site-packages/oslo_config/cfg.py:3006}}
Mar 27 01:16:34.182511 np0000161115 nova-scheduler[107588]: DEBUG cotyledon.oslo_config_glue [-] oslo_versionedobjects.fatal_exception_format_errors = False {{(pid=107588) log_opt_values /opt/stack/data/venv/lib/python3.12/site-packages/oslo_config/cfg.py:3006}}
Mar 27 01:16:34.182511 np0000161115 nova-scheduler[107588]: DEBUG cotyledon.oslo_config_glue [-] oslo_middleware.http_basic_auth_user_file = /etc/htpasswd {{(pid=107588) log_opt_values /opt/stack/data/venv/lib/python3.12/site-packages/oslo_config/cfg.py:3006}}
Mar 27 01:16:34.182511 np0000161115 nova-scheduler[107588]: DEBUG cotyledon.oslo_config_glue [-] oslo_messaging_metrics.metrics_buffer_size = 1000 {{(pid=107588) log_opt_values /opt/stack/data/venv/lib/python3.12/site-packages/oslo_config/cfg.py:3006}}
Mar 27 01:16:34.182511 np0000161115 nova-scheduler[107588]: DEBUG cotyledon.oslo_config_glue [-] oslo_messaging_metrics.metrics_enabled = False {{(pid=107588) log_opt_values /opt/stack/data/venv/lib/python3.12/site-packages/oslo_config/cfg.py:3006}}
Mar 27 01:16:34.182728 np0000161115 nova-scheduler[107588]: DEBUG cotyledon.oslo_config_glue [-] oslo_messaging_metrics.metrics_process_name = {{(pid=107588) log_opt_values /opt/stack/data/venv/lib/python3.12/site-packages/oslo_config/cfg.py:3006}}
Mar 27 01:16:34.182728 np0000161115 nova-scheduler[107588]: DEBUG cotyledon.oslo_config_glue [-] oslo_messaging_metrics.metrics_socket_file = /var/tmp/metrics_collector.sock {{(pid=107588) log_opt_values /opt/stack/data/venv/lib/python3.12/site-packages/oslo_config/cfg.py:3006}}
Mar 27 01:16:34.182728 np0000161115 nova-scheduler[107588]: DEBUG cotyledon.oslo_config_glue [-] oslo_messaging_metrics.metrics_thread_stop_timeout = 10 {{(pid=107588) log_opt_values /opt/stack/data/venv/lib/python3.12/site-packages/oslo_config/cfg.py:3006}}
Mar 27 01:16:34.182728 np0000161115 nova-scheduler[107588]: DEBUG cotyledon.oslo_config_glue [-] profiler.connection_string = messaging:// {{(pid=107588) log_opt_values /opt/stack/data/venv/lib/python3.12/site-packages/oslo_config/cfg.py:3006}}
Mar 27 01:16:34.182728 np0000161115 nova-scheduler[107588]: DEBUG cotyledon.oslo_config_glue [-] profiler.enabled = False {{(pid=107588) log_opt_values /opt/stack/data/venv/lib/python3.12/site-packages/oslo_config/cfg.py:3006}}
Mar 27 01:16:34.182728 np0000161115 nova-scheduler[107588]: DEBUG cotyledon.oslo_config_glue [-] profiler.es_doc_type = notification {{(pid=107588) log_opt_values /opt/stack/data/venv/lib/python3.12/site-packages/oslo_config/cfg.py:3006}}
Mar 27 01:16:34.182728 np0000161115 nova-scheduler[107588]: DEBUG cotyledon.oslo_config_glue [-] profiler.es_scroll_size = 10000 {{(pid=107588) log_opt_values /opt/stack/data/venv/lib/python3.12/site-packages/oslo_config/cfg.py:3006}}
Mar 27 01:16:34.182728 np0000161115 nova-scheduler[107588]: DEBUG cotyledon.oslo_config_glue [-] profiler.es_scroll_time = 2m {{(pid=107588) log_opt_values /opt/stack/data/venv/lib/python3.12/site-packages/oslo_config/cfg.py:3006}}
Mar 27 01:16:34.182728 np0000161115 nova-scheduler[107588]: DEBUG cotyledon.oslo_config_glue [-] profiler.filter_error_trace = False {{(pid=107588) log_opt_values /opt/stack/data/venv/lib/python3.12/site-packages/oslo_config/cfg.py:3006}}
Mar 27 01:16:34.182942 np0000161115 nova-scheduler[107588]: DEBUG cotyledon.oslo_config_glue [-] profiler.hmac_keys = **** {{(pid=107588) log_opt_values /opt/stack/data/venv/lib/python3.12/site-packages/oslo_config/cfg.py:3006}}
Mar 27 01:16:34.182942 np0000161115 nova-scheduler[107588]: DEBUG cotyledon.oslo_config_glue [-] profiler.sentinel_service_name = mymaster {{(pid=107588) log_opt_values /opt/stack/data/venv/lib/python3.12/site-packages/oslo_config/cfg.py:3006}}
Mar 27 01:16:34.182942 np0000161115 nova-scheduler[107588]: DEBUG cotyledon.oslo_config_glue [-] profiler.socket_timeout = 0.1 {{(pid=107588) log_opt_values /opt/stack/data/venv/lib/python3.12/site-packages/oslo_config/cfg.py:3006}}
Mar 27 01:16:34.182942 np0000161115 nova-scheduler[107588]: DEBUG cotyledon.oslo_config_glue [-] profiler.trace_requests = False {{(pid=107588) log_opt_values /opt/stack/data/venv/lib/python3.12/site-packages/oslo_config/cfg.py:3006}}
Mar 27 01:16:34.182942 np0000161115 nova-scheduler[107588]: DEBUG cotyledon.oslo_config_glue [-] profiler.trace_sqlalchemy = False {{(pid=107588) log_opt_values /opt/stack/data/venv/lib/python3.12/site-packages/oslo_config/cfg.py:3006}}
Mar 27 01:16:34.182942 np0000161115 nova-scheduler[107588]: DEBUG cotyledon.oslo_config_glue [-] profiler_jaeger.process_tags = {} {{(pid=107588) log_opt_values /opt/stack/data/venv/lib/python3.12/site-packages/oslo_config/cfg.py:3006}}
Mar 27 01:16:34.182942 np0000161115 nova-scheduler[107588]: DEBUG cotyledon.oslo_config_glue [-] profiler_jaeger.service_name_prefix = None {{(pid=107588) log_opt_values /opt/stack/data/venv/lib/python3.12/site-packages/oslo_config/cfg.py:3006}}
Mar 27 01:16:34.182942 np0000161115 nova-scheduler[107588]: DEBUG cotyledon.oslo_config_glue [-] profiler_otlp.service_name_prefix = None {{(pid=107588) log_opt_values /opt/stack/data/venv/lib/python3.12/site-packages/oslo_config/cfg.py:3006}}
Mar 27 01:16:34.182942 np0000161115 nova-scheduler[107588]: DEBUG cotyledon.oslo_config_glue [-] oslo_messaging_rabbit.amqp_auto_delete = False {{(pid=107588) log_opt_values /opt/stack/data/venv/lib/python3.12/site-packages/oslo_config/cfg.py:3006}}
Mar 27 01:16:34.183198 np0000161115 nova-scheduler[107588]: DEBUG cotyledon.oslo_config_glue [-] oslo_messaging_rabbit.amqp_durable_queues = False {{(pid=107588) log_opt_values /opt/stack/data/venv/lib/python3.12/site-packages/oslo_config/cfg.py:3006}}
Mar 27 01:16:34.183198 np0000161115 nova-scheduler[107588]: DEBUG cotyledon.oslo_config_glue [-] oslo_messaging_rabbit.conn_pool_min_size = 2 {{(pid=107588) log_opt_values /opt/stack/data/venv/lib/python3.12/site-packages/oslo_config/cfg.py:3006}}
Mar 27 01:16:34.183198 np0000161115 nova-scheduler[107588]: DEBUG cotyledon.oslo_config_glue [-] oslo_messaging_rabbit.conn_pool_ttl = 1200 {{(pid=107588) log_opt_values /opt/stack/data/venv/lib/python3.12/site-packages/oslo_config/cfg.py:3006}}
Mar 27 01:16:34.183198 np0000161115 nova-scheduler[107588]: DEBUG cotyledon.oslo_config_glue [-] oslo_messaging_rabbit.direct_mandatory_flag = True {{(pid=107588) log_opt_values /opt/stack/data/venv/lib/python3.12/site-packages/oslo_config/cfg.py:3006}}
Mar 27 01:16:34.183198 np0000161115 nova-scheduler[107588]: DEBUG cotyledon.oslo_config_glue [-] oslo_messaging_rabbit.enable_cancel_on_failover = False {{(pid=107588) log_opt_values /opt/stack/data/venv/lib/python3.12/site-packages/oslo_config/cfg.py:3006}}
Mar 27 01:16:34.183198 np0000161115 nova-scheduler[107588]: DEBUG cotyledon.oslo_config_glue [-] oslo_messaging_rabbit.heartbeat_in_pthread = False {{(pid=107588) log_opt_values /opt/stack/data/venv/lib/python3.12/site-packages/oslo_config/cfg.py:3006}}
Mar 27 01:16:34.183198 np0000161115 nova-scheduler[107588]: DEBUG cotyledon.oslo_config_glue [-] oslo_messaging_rabbit.heartbeat_rate = 3 {{(pid=107588) log_opt_values /opt/stack/data/venv/lib/python3.12/site-packages/oslo_config/cfg.py:3006}}
Mar 27 01:16:34.183198 np0000161115 nova-scheduler[107588]: DEBUG cotyledon.oslo_config_glue [-] oslo_messaging_rabbit.heartbeat_timeout_threshold = 60 {{(pid=107588) log_opt_values /opt/stack/data/venv/lib/python3.12/site-packages/oslo_config/cfg.py:3006}}
Mar 27 01:16:34.183198 np0000161115 nova-scheduler[107588]: DEBUG cotyledon.oslo_config_glue [-] oslo_messaging_rabbit.hostname = np0000161115 {{(pid=107588) log_opt_values /opt/stack/data/venv/lib/python3.12/site-packages/oslo_config/cfg.py:3006}}
Mar 27 01:16:34.183418 np0000161115 nova-scheduler[107588]: DEBUG cotyledon.oslo_config_glue [-] oslo_messaging_rabbit.kombu_compression = None {{(pid=107588) log_opt_values /opt/stack/data/venv/lib/python3.12/site-packages/oslo_config/cfg.py:3006}}
Mar 27 01:16:34.183418 np0000161115 nova-scheduler[107588]: DEBUG cotyledon.oslo_config_glue [-] oslo_messaging_rabbit.kombu_failover_strategy = round-robin {{(pid=107588) log_opt_values /opt/stack/data/venv/lib/python3.12/site-packages/oslo_config/cfg.py:3006}}
Mar 27 01:16:34.183418 np0000161115 nova-scheduler[107588]: DEBUG cotyledon.oslo_config_glue [-] oslo_messaging_rabbit.kombu_missing_consumer_retry_timeout = 60 {{(pid=107588) log_opt_values /opt/stack/data/venv/lib/python3.12/site-packages/oslo_config/cfg.py:3006}}
Mar 27 01:16:34.183418 np0000161115 nova-scheduler[107588]: DEBUG cotyledon.oslo_config_glue [-] oslo_messaging_rabbit.kombu_reconnect_delay = 1.0 {{(pid=107588) log_opt_values /opt/stack/data/venv/lib/python3.12/site-packages/oslo_config/cfg.py:3006}}
Mar 27 01:16:34.183418 np0000161115 nova-scheduler[107588]: DEBUG cotyledon.oslo_config_glue [-] oslo_messaging_rabbit.kombu_reconnect_splay = 0.0 {{(pid=107588) log_opt_values /opt/stack/data/venv/lib/python3.12/site-packages/oslo_config/cfg.py:3006}}
Mar 27 01:16:34.183418 np0000161115 nova-scheduler[107588]: DEBUG cotyledon.oslo_config_glue [-] oslo_messaging_rabbit.processname = nova-scheduler {{(pid=107588) log_opt_values /opt/stack/data/venv/lib/python3.12/site-packages/oslo_config/cfg.py:3006}}
Mar 27 01:16:34.183418 np0000161115 nova-scheduler[107588]: DEBUG cotyledon.oslo_config_glue [-] oslo_messaging_rabbit.rabbit_ha_queues = False {{(pid=107588) log_opt_values /opt/stack/data/venv/lib/python3.12/site-packages/oslo_config/cfg.py:3006}}
Mar 27 01:16:34.183418 np0000161115 nova-scheduler[107588]: DEBUG cotyledon.oslo_config_glue [-] oslo_messaging_rabbit.rabbit_interval_max = 30 {{(pid=107588) log_opt_values /opt/stack/data/venv/lib/python3.12/site-packages/oslo_config/cfg.py:3006}}
Mar 27 01:16:34.183616 np0000161115 nova-scheduler[107588]: DEBUG cotyledon.oslo_config_glue [-] oslo_messaging_rabbit.rabbit_login_method = AMQPLAIN {{(pid=107588) log_opt_values /opt/stack/data/venv/lib/python3.12/site-packages/oslo_config/cfg.py:3006}}
Mar 27 01:16:34.183616 np0000161115 nova-scheduler[107588]: DEBUG cotyledon.oslo_config_glue [-] oslo_messaging_rabbit.rabbit_qos_prefetch_count = 0 {{(pid=107588) log_opt_values /opt/stack/data/venv/lib/python3.12/site-packages/oslo_config/cfg.py:3006}}
Mar 27 01:16:34.183616 np0000161115 nova-scheduler[107588]: DEBUG cotyledon.oslo_config_glue [-] oslo_messaging_rabbit.rabbit_quorum_delivery_limit = 0 {{(pid=107588) log_opt_values /opt/stack/data/venv/lib/python3.12/site-packages/oslo_config/cfg.py:3006}}
Mar 27 01:16:34.183616 np0000161115 nova-scheduler[107588]: DEBUG cotyledon.oslo_config_glue [-] oslo_messaging_rabbit.rabbit_quorum_max_memory_bytes = 0 {{(pid=107588) log_opt_values /opt/stack/data/venv/lib/python3.12/site-packages/oslo_config/cfg.py:3006}}
Mar 27 01:16:34.183616 np0000161115 nova-scheduler[107588]: DEBUG cotyledon.oslo_config_glue [-] oslo_messaging_rabbit.rabbit_quorum_max_memory_length = 0 {{(pid=107588) log_opt_values /opt/stack/data/venv/lib/python3.12/site-packages/oslo_config/cfg.py:3006}}
Mar 27 01:16:34.183616 np0000161115 nova-scheduler[107588]: DEBUG cotyledon.oslo_config_glue [-] oslo_messaging_rabbit.rabbit_quorum_queue = False {{(pid=107588) log_opt_values /opt/stack/data/venv/lib/python3.12/site-packages/oslo_config/cfg.py:3006}}
Mar 27 01:16:34.183616 np0000161115 nova-scheduler[107588]: DEBUG cotyledon.oslo_config_glue [-] oslo_messaging_rabbit.rabbit_retry_backoff = 2 {{(pid=107588) log_opt_values /opt/stack/data/venv/lib/python3.12/site-packages/oslo_config/cfg.py:3006}}
Mar 27 01:16:34.183616 np0000161115 nova-scheduler[107588]: DEBUG cotyledon.oslo_config_glue [-] oslo_messaging_rabbit.rabbit_retry_interval = 1 {{(pid=107588) log_opt_values /opt/stack/data/venv/lib/python3.12/site-packages/oslo_config/cfg.py:3006}}
Mar 27 01:16:34.183805 np0000161115 nova-scheduler[107588]: DEBUG cotyledon.oslo_config_glue [-] oslo_messaging_rabbit.rabbit_stream_fanout = False {{(pid=107588) log_opt_values /opt/stack/data/venv/lib/python3.12/site-packages/oslo_config/cfg.py:3006}}
Mar 27 01:16:34.183805 np0000161115 nova-scheduler[107588]: DEBUG cotyledon.oslo_config_glue [-] oslo_messaging_rabbit.rabbit_transient_queues_ttl = 1800 {{(pid=107588) log_opt_values /opt/stack/data/venv/lib/python3.12/site-packages/oslo_config/cfg.py:3006}}
Mar 27 01:16:34.183805 np0000161115 nova-scheduler[107588]: DEBUG cotyledon.oslo_config_glue [-] oslo_messaging_rabbit.rabbit_transient_quorum_queue = False {{(pid=107588) log_opt_values /opt/stack/data/venv/lib/python3.12/site-packages/oslo_config/cfg.py:3006}}
Mar 27 01:16:34.183805 np0000161115 nova-scheduler[107588]: DEBUG cotyledon.oslo_config_glue [-] oslo_messaging_rabbit.rpc_conn_pool_size = 30 {{(pid=107588) log_opt_values /opt/stack/data/venv/lib/python3.12/site-packages/oslo_config/cfg.py:3006}}
Mar 27 01:16:34.183805 np0000161115 nova-scheduler[107588]: DEBUG cotyledon.oslo_config_glue [-] oslo_messaging_rabbit.ssl = False {{(pid=107588) log_opt_values /opt/stack/data/venv/lib/python3.12/site-packages/oslo_config/cfg.py:3006}}
Mar 27 01:16:34.183805 np0000161115 nova-scheduler[107588]: DEBUG cotyledon.oslo_config_glue [-] oslo_messaging_rabbit.ssl_ca_file = {{(pid=107588) log_opt_values /opt/stack/data/venv/lib/python3.12/site-packages/oslo_config/cfg.py:3006}}
Mar 27 01:16:34.183805 np0000161115 nova-scheduler[107588]: DEBUG cotyledon.oslo_config_glue [-] oslo_messaging_rabbit.ssl_cert_file = {{(pid=107588) log_opt_values /opt/stack/data/venv/lib/python3.12/site-packages/oslo_config/cfg.py:3006}}
Mar 27 01:16:34.183805 np0000161115 nova-scheduler[107588]: DEBUG cotyledon.oslo_config_glue [-] oslo_messaging_rabbit.ssl_enforce_fips_mode = False {{(pid=107588) log_opt_values /opt/stack/data/venv/lib/python3.12/site-packages/oslo_config/cfg.py:3006}}
Mar 27 01:16:34.183805 np0000161115 nova-scheduler[107588]: DEBUG cotyledon.oslo_config_glue [-] oslo_messaging_rabbit.ssl_key_file = {{(pid=107588) log_opt_values /opt/stack/data/venv/lib/python3.12/site-packages/oslo_config/cfg.py:3006}}
Mar 27 01:16:34.184031 np0000161115 nova-scheduler[107588]: DEBUG cotyledon.oslo_config_glue [-] oslo_messaging_rabbit.ssl_version = {{(pid=107588) log_opt_values /opt/stack/data/venv/lib/python3.12/site-packages/oslo_config/cfg.py:3006}}
Mar 27 01:16:34.184031 np0000161115 nova-scheduler[107588]: DEBUG cotyledon.oslo_config_glue [-] oslo_messaging_rabbit.use_queue_manager = False {{(pid=107588) log_opt_values /opt/stack/data/venv/lib/python3.12/site-packages/oslo_config/cfg.py:3006}}
Mar 27 01:16:34.184031 np0000161115 nova-scheduler[107588]: DEBUG cotyledon.oslo_config_glue [-] oslo_messaging_notifications.driver = ['messagingv2'] {{(pid=107588) log_opt_values /opt/stack/data/venv/lib/python3.12/site-packages/oslo_config/cfg.py:3006}}
Mar 27 01:16:34.184031 np0000161115 nova-scheduler[107588]: DEBUG cotyledon.oslo_config_glue [-] oslo_messaging_notifications.retry = -1 {{(pid=107588) log_opt_values /opt/stack/data/venv/lib/python3.12/site-packages/oslo_config/cfg.py:3006}}
Mar 27 01:16:34.184031 np0000161115 nova-scheduler[107588]: DEBUG cotyledon.oslo_config_glue [-] oslo_messaging_notifications.topics = ['notifications'] {{(pid=107588) log_opt_values /opt/stack/data/venv/lib/python3.12/site-packages/oslo_config/cfg.py:3006}}
Mar 27 01:16:34.184031 np0000161115 nova-scheduler[107588]: DEBUG cotyledon.oslo_config_glue [-] oslo_messaging_notifications.transport_url = **** {{(pid=107588) log_opt_values /opt/stack/data/venv/lib/python3.12/site-packages/oslo_config/cfg.py:3006}}
Mar 27 01:16:34.184031 np0000161115 nova-scheduler[107588]: DEBUG cotyledon.oslo_config_glue [-] oslo_limit.auth_section = None {{(pid=107588) log_opt_values /opt/stack/data/venv/lib/python3.12/site-packages/oslo_config/cfg.py:3006}}
Mar 27 01:16:34.184031 np0000161115 nova-scheduler[107588]: DEBUG cotyledon.oslo_config_glue [-] oslo_limit.auth_type = None {{(pid=107588) log_opt_values /opt/stack/data/venv/lib/python3.12/site-packages/oslo_config/cfg.py:3006}}
Mar 27 01:16:34.184031 np0000161115 nova-scheduler[107588]: DEBUG cotyledon.oslo_config_glue [-] oslo_limit.cafile = None {{(pid=107588) log_opt_values /opt/stack/data/venv/lib/python3.12/site-packages/oslo_config/cfg.py:3006}}
Mar 27 01:16:34.184251 np0000161115 nova-scheduler[107588]: DEBUG cotyledon.oslo_config_glue [-] oslo_limit.certfile = None {{(pid=107588) log_opt_values /opt/stack/data/venv/lib/python3.12/site-packages/oslo_config/cfg.py:3006}}
Mar 27 01:16:34.184251 np0000161115 nova-scheduler[107588]: DEBUG cotyledon.oslo_config_glue [-] oslo_limit.collect_timing = False {{(pid=107588) log_opt_values /opt/stack/data/venv/lib/python3.12/site-packages/oslo_config/cfg.py:3006}}
Mar 27 01:16:34.184251 np0000161115 nova-scheduler[107588]: DEBUG cotyledon.oslo_config_glue [-] oslo_limit.connect_retries = None {{(pid=107588) log_opt_values /opt/stack/data/venv/lib/python3.12/site-packages/oslo_config/cfg.py:3006}}
Mar 27 01:16:34.184251 np0000161115 nova-scheduler[107588]: DEBUG cotyledon.oslo_config_glue [-] oslo_limit.connect_retry_delay = None {{(pid=107588) log_opt_values /opt/stack/data/venv/lib/python3.12/site-packages/oslo_config/cfg.py:3006}}
Mar 27 01:16:34.184251 np0000161115 nova-scheduler[107588]: DEBUG cotyledon.oslo_config_glue [-] oslo_limit.endpoint_id = None {{(pid=107588) log_opt_values /opt/stack/data/venv/lib/python3.12/site-packages/oslo_config/cfg.py:3006}}
Mar 27 01:16:34.184251 np0000161115 nova-scheduler[107588]: DEBUG cotyledon.oslo_config_glue [-] oslo_limit.endpoint_interface = public {{(pid=107588) log_opt_values /opt/stack/data/venv/lib/python3.12/site-packages/oslo_config/cfg.py:3006}}
Mar 27 01:16:34.184251 np0000161115 nova-scheduler[107588]: DEBUG cotyledon.oslo_config_glue [-] oslo_limit.endpoint_override = None {{(pid=107588) log_opt_values /opt/stack/data/venv/lib/python3.12/site-packages/oslo_config/cfg.py:3006}}
Mar 27 01:16:34.184251 np0000161115 nova-scheduler[107588]: DEBUG cotyledon.oslo_config_glue [-] oslo_limit.endpoint_region_name = None {{(pid=107588) log_opt_values /opt/stack/data/venv/lib/python3.12/site-packages/oslo_config/cfg.py:3006}}
Mar 27 01:16:34.184251 np0000161115 nova-scheduler[107588]: DEBUG cotyledon.oslo_config_glue [-] oslo_limit.endpoint_service_name = None {{(pid=107588) log_opt_values /opt/stack/data/venv/lib/python3.12/site-packages/oslo_config/cfg.py:3006}}
Mar 27 01:16:34.184468 np0000161115 nova-scheduler[107588]: DEBUG cotyledon.oslo_config_glue [-] oslo_limit.endpoint_service_type = None {{(pid=107588) log_opt_values /opt/stack/data/venv/lib/python3.12/site-packages/oslo_config/cfg.py:3006}}
Mar 27 01:16:34.184468 np0000161115 nova-scheduler[107588]: DEBUG cotyledon.oslo_config_glue [-] oslo_limit.insecure = False {{(pid=107588) log_opt_values /opt/stack/data/venv/lib/python3.12/site-packages/oslo_config/cfg.py:3006}}
Mar 27 01:16:34.184522 np0000161115 nova-scheduler[107570]: DEBUG dbcounter [-] [107570] Writer thread running {{(pid=107570) stat_writer /opt/stack/data/venv/lib/python3.12/site-packages/dbcounter.py:102}}
Mar 27 01:16:34.184551 np0000161115 nova-scheduler[107588]: DEBUG cotyledon.oslo_config_glue [-] oslo_limit.keyfile = None {{(pid=107588) log_opt_values /opt/stack/data/venv/lib/python3.12/site-packages/oslo_config/cfg.py:3006}}
Mar 27 01:16:34.184551 np0000161115 nova-scheduler[107588]: DEBUG cotyledon.oslo_config_glue [-] oslo_limit.max_version = None {{(pid=107588) log_opt_values /opt/stack/data/venv/lib/python3.12/site-packages/oslo_config/cfg.py:3006}}
Mar 27 01:16:34.184551 np0000161115 nova-scheduler[107588]: DEBUG cotyledon.oslo_config_glue [-] oslo_limit.min_version = None {{(pid=107588) log_opt_values /opt/stack/data/venv/lib/python3.12/site-packages/oslo_config/cfg.py:3006}}
Mar 27 01:16:34.184551 np0000161115 nova-scheduler[107588]: DEBUG cotyledon.oslo_config_glue [-] oslo_limit.region_name = None {{(pid=107588) log_opt_values /opt/stack/data/venv/lib/python3.12/site-packages/oslo_config/cfg.py:3006}}
Mar 27 01:16:34.184551 np0000161115 nova-scheduler[107588]: DEBUG cotyledon.oslo_config_glue [-] oslo_limit.retriable_status_codes = None {{(pid=107588) log_opt_values /opt/stack/data/venv/lib/python3.12/site-packages/oslo_config/cfg.py:3006}}
Mar 27 01:16:34.184551 np0000161115 nova-scheduler[107588]: DEBUG cotyledon.oslo_config_glue [-] oslo_limit.service_name = None {{(pid=107588) log_opt_values /opt/stack/data/venv/lib/python3.12/site-packages/oslo_config/cfg.py:3006}}
Mar 27 01:16:34.184551 np0000161115 nova-scheduler[107588]: DEBUG cotyledon.oslo_config_glue [-] oslo_limit.service_type = None {{(pid=107588) log_opt_values /opt/stack/data/venv/lib/python3.12/site-packages/oslo_config/cfg.py:3006}}
Mar 27 01:16:34.184551 np0000161115 nova-scheduler[107588]: DEBUG cotyledon.oslo_config_glue [-] oslo_limit.split_loggers = False {{(pid=107588) log_opt_values /opt/stack/data/venv/lib/python3.12/site-packages/oslo_config/cfg.py:3006}}
Mar 27 01:16:34.184551 np0000161115 nova-scheduler[107588]: DEBUG cotyledon.oslo_config_glue [-] oslo_limit.status_code_retries = None {{(pid=107588) log_opt_values /opt/stack/data/venv/lib/python3.12/site-packages/oslo_config/cfg.py:3006}}
Mar 27 01:16:34.184772 np0000161115 nova-scheduler[107588]: DEBUG cotyledon.oslo_config_glue [-] oslo_limit.status_code_retry_delay = None {{(pid=107588) log_opt_values /opt/stack/data/venv/lib/python3.12/site-packages/oslo_config/cfg.py:3006}}
Mar 27 01:16:34.184772 np0000161115 nova-scheduler[107588]: DEBUG cotyledon.oslo_config_glue [-] oslo_limit.timeout = None {{(pid=107588) log_opt_values /opt/stack/data/venv/lib/python3.12/site-packages/oslo_config/cfg.py:3006}}
Mar 27 01:16:34.184772 np0000161115 nova-scheduler[107588]: DEBUG cotyledon.oslo_config_glue [-] oslo_limit.valid_interfaces = None {{(pid=107588) log_opt_values /opt/stack/data/venv/lib/python3.12/site-packages/oslo_config/cfg.py:3006}}
Mar 27 01:16:34.184772 np0000161115 nova-scheduler[107588]: DEBUG cotyledon.oslo_config_glue [-] oslo_limit.version = None {{(pid=107588) log_opt_values /opt/stack/data/venv/lib/python3.12/site-packages/oslo_config/cfg.py:3006}}
Mar 27 01:16:34.184772 np0000161115 nova-scheduler[107588]: DEBUG cotyledon.oslo_config_glue [-] oslo_reports.file_event_handler = None {{(pid=107588) log_opt_values /opt/stack/data/venv/lib/python3.12/site-packages/oslo_config/cfg.py:3006}}
Mar 27 01:16:34.184772 np0000161115 nova-scheduler[107588]: DEBUG cotyledon.oslo_config_glue [-] oslo_reports.file_event_handler_interval = 1 {{(pid=107588) log_opt_values /opt/stack/data/venv/lib/python3.12/site-packages/oslo_config/cfg.py:3006}}
Mar 27 01:16:34.184772 np0000161115 nova-scheduler[107588]: DEBUG cotyledon.oslo_config_glue [-] oslo_reports.log_dir = None {{(pid=107588) log_opt_values /opt/stack/data/venv/lib/python3.12/site-packages/oslo_config/cfg.py:3006}}
Mar 27 01:16:34.184772 np0000161115 nova-scheduler[107588]: DEBUG cotyledon.oslo_config_glue [-] ******************************************************************************** {{(pid=107588) log_opt_values /opt/stack/data/venv/lib/python3.12/site-packages/oslo_config/cfg.py:3013}}
Mar 27 01:16:34.184772 np0000161115 nova-scheduler[107588]: DEBUG cotyledon._service_worker [-] Run service ServiceWrapper(3) [107588] {{(pid=107588) wait_forever /opt/stack/data/venv/lib/python3.12/site-packages/cotyledon/_service_worker.py:218}}
Mar 27 01:16:34.184992 np0000161115 nova-scheduler[107588]: INFO nova.service [-] Starting scheduler node (version 33.1.0)
Mar 27 01:16:34.185030 np0000161115 nova-scheduler[107580]: DEBUG oslo_db.sqlalchemy.engines [None req-3dea0576-bec7-47f4-87c6-35226e8a75f3 None None] MySQL server mode set to STRICT_TRANS_TABLES,STRICT_ALL_TABLES,NO_ZERO_IN_DATE,NO_ZERO_DATE,ERROR_FOR_DIVISION_BY_ZERO,TRADITIONAL,NO_ENGINE_SUBSTITUTION {{(pid=107580) _check_effective_sql_mode /opt/stack/data/venv/lib/python3.12/site-packages/oslo_db/sqlalchemy/engines.py:325}}
Mar 27 01:16:34.185058 np0000161115 nova-scheduler[107588]: INFO dbcounter [None req-f3e668e8-eb8e-4d26-a8b3-86ed311775a3 None None] Registered counter for database nova_cell0
Mar 27 01:16:34.185091 np0000161115 nova-scheduler[107563]: DEBUG nova.service [None req-c8c8d416-4f64-4227-b389-93de434c08e3 None None] Creating RPC server for service: nova-scheduler on topic: scheduler {{(pid=107563) start /opt/stack/nova/nova/service.py:195}}
Mar 27 01:16:34.185121 np0000161115 nova-scheduler[107588]: DEBUG oslo_db.sqlalchemy.engines [None req-f3e668e8-eb8e-4d26-a8b3-86ed311775a3 None None] MySQL server mode set to STRICT_TRANS_TABLES,STRICT_ALL_TABLES,NO_ZERO_IN_DATE,NO_ZERO_DATE,ERROR_FOR_DIVISION_BY_ZERO,TRADITIONAL,NO_ENGINE_SUBSTITUTION {{(pid=107588) _check_effective_sql_mode /opt/stack/data/venv/lib/python3.12/site-packages/oslo_db/sqlalchemy/engines.py:325}}
Mar 27 01:16:34.186242 np0000161115 nova-scheduler[107580]: DEBUG dbcounter [-] [107580] Writer thread running {{(pid=107580) stat_writer /opt/stack/data/venv/lib/python3.12/site-packages/dbcounter.py:102}}
Mar 27 01:16:34.186387 np0000161115 nova-scheduler[107570]: DEBUG nova.service [None req-37ae2bdf-9bdd-41ef-ba7f-299e07687ef2 None None] Creating RPC server for service: nova-scheduler on topic: scheduler {{(pid=107570) start /opt/stack/nova/nova/service.py:195}}
Mar 27 01:16:34.189128 np0000161115 nova-scheduler[107580]: DEBUG nova.service [None req-3dea0576-bec7-47f4-87c6-35226e8a75f3 None None] Creating RPC server for service: nova-scheduler on topic: scheduler {{(pid=107580) start /opt/stack/nova/nova/service.py:195}}
Mar 27 01:16:34.192280 np0000161115 nova-scheduler[107588]: DEBUG dbcounter [-] [107588] Writer thread running {{(pid=107588) stat_writer /opt/stack/data/venv/lib/python3.12/site-packages/dbcounter.py:102}}
Mar 27 01:16:34.195361 np0000161115 nova-scheduler[107588]: DEBUG nova.service [None req-f3e668e8-eb8e-4d26-a8b3-86ed311775a3 None None] Creating RPC server for service: nova-scheduler on topic: scheduler {{(pid=107588) start /opt/stack/nova/nova/service.py:195}}
Mar 27 01:16:34.211215 np0000161115 nova-scheduler[107563]: DEBUG nova.service [None req-c8c8d416-4f64-4227-b389-93de434c08e3 None None] Join ServiceGroup membership for this service scheduler {{(pid=107563) start /opt/stack/nova/nova/service.py:221}}
Mar 27 01:16:34.211913 np0000161115 nova-scheduler[107580]: DEBUG nova.service [None req-3dea0576-bec7-47f4-87c6-35226e8a75f3 None None] Join ServiceGroup membership for this service scheduler {{(pid=107580) start /opt/stack/nova/nova/service.py:221}}
Mar 27 01:16:34.212137 np0000161115 nova-scheduler[107580]: DEBUG nova.servicegroup.drivers.db [None req-3dea0576-bec7-47f4-87c6-35226e8a75f3 None None] DB_Driver: join new ServiceGroup member np0000161115 to the scheduler group, service = {{(pid=107580) join /opt/stack/nova/nova/servicegroup/drivers/db.py:44}}
Mar 27 01:16:34.214138 np0000161115 nova-scheduler[107563]: DEBUG nova.servicegroup.drivers.db [None req-c8c8d416-4f64-4227-b389-93de434c08e3 None None] DB_Driver: join new ServiceGroup member np0000161115 to the scheduler group, service = {{(pid=107563) join /opt/stack/nova/nova/servicegroup/drivers/db.py:44}}
Mar 27 01:16:34.214430 np0000161115 nova-scheduler[107588]: DEBUG nova.service [None req-f3e668e8-eb8e-4d26-a8b3-86ed311775a3 None None] Join ServiceGroup membership for this service scheduler {{(pid=107588) start /opt/stack/nova/nova/service.py:221}}
Mar 27 01:16:34.214680 np0000161115 nova-scheduler[107588]: DEBUG nova.servicegroup.drivers.db [None req-f3e668e8-eb8e-4d26-a8b3-86ed311775a3 None None] DB_Driver: join new ServiceGroup member np0000161115 to the scheduler group, service = {{(pid=107588) join /opt/stack/nova/nova/servicegroup/drivers/db.py:44}}
Mar 27 01:16:34.219152 np0000161115 nova-scheduler[107570]: DEBUG nova.service [None req-37ae2bdf-9bdd-41ef-ba7f-299e07687ef2 None None] Join ServiceGroup membership for this service scheduler {{(pid=107570) start /opt/stack/nova/nova/service.py:221}}
Mar 27 01:16:34.219346 np0000161115 nova-scheduler[107570]: DEBUG nova.servicegroup.drivers.db [None req-37ae2bdf-9bdd-41ef-ba7f-299e07687ef2 None None] DB_Driver: join new ServiceGroup member np0000161115 to the scheduler group, service = {{(pid=107570) join /opt/stack/nova/nova/servicegroup/drivers/db.py:44}}
Mar 27 01:16:39.234332 np0000161115 nova-scheduler[107563]: DEBUG oslo.service.backend._threading.loopingcall [-] Fixed interval looping call 'nova.servicegroup.drivers.db.DbDriver._report_state' sleeping for 119.98 seconds {{(pid=107563) _run_loop /opt/stack/data/venv/lib/python3.12/site-packages/oslo_service/backend/_threading/loopingcall.py:125}}
Mar 27 01:16:39.235029 np0000161115 nova-scheduler[107588]: DEBUG oslo.service.backend._threading.loopingcall [-] Fixed interval looping call 'nova.servicegroup.drivers.db.DbDriver._report_state' sleeping for 119.98 seconds {{(pid=107588) _run_loop /opt/stack/data/venv/lib/python3.12/site-packages/oslo_service/backend/_threading/loopingcall.py:125}}
Mar 27 01:16:39.236673 np0000161115 nova-scheduler[107580]: DEBUG oslo.service.backend._threading.loopingcall [-] Fixed interval looping call 'nova.servicegroup.drivers.db.DbDriver._report_state' sleeping for 119.98 seconds {{(pid=107580) _run_loop /opt/stack/data/venv/lib/python3.12/site-packages/oslo_service/backend/_threading/loopingcall.py:125}}
Mar 27 01:16:39.237093 np0000161115 nova-scheduler[107570]: DEBUG oslo.service.backend._threading.loopingcall [-] Fixed interval looping call 'nova.servicegroup.drivers.db.DbDriver._report_state' sleeping for 119.98 seconds {{(pid=107570) _run_loop /opt/stack/data/venv/lib/python3.12/site-packages/oslo_service/backend/_threading/loopingcall.py:125}}
Mar 27 01:16:42.819486 np0000161115 nova-scheduler[106840]: DEBUG dbcounter [-] [106840] Writing DB stats nova_api:SELECT=3 {{(pid=106840) stat_writer /opt/stack/data/venv/lib/python3.12/site-packages/dbcounter.py:115}}
Mar 27 01:16:42.929530 np0000161115 nova-scheduler[106840]: DEBUG dbcounter [-] [106840] Writing DB stats nova_cell0:SELECT=1 {{(pid=106840) stat_writer /opt/stack/data/venv/lib/python3.12/site-packages/dbcounter.py:115}}
Mar 27 01:16:42.935957 np0000161115 nova-scheduler[106840]: DEBUG dbcounter [-] [106840] Writing DB stats nova_cell1:SELECT=1 {{(pid=106840) stat_writer /opt/stack/data/venv/lib/python3.12/site-packages/dbcounter.py:115}}
Mar 27 01:16:49.221435 np0000161115 nova-scheduler[107570]: DEBUG oslo.service.backend._threading.loopingcall [None req-b8b3e1f7-40e8-4451-9905-f06a04219086 None None] Dynamic interval looping call 'nova.service.Service.periodic_tasks' sleeping for 60.00 seconds {{(pid=107570) _run_loop /opt/stack/data/venv/lib/python3.12/site-packages/oslo_service/backend/_threading/loopingcall.py:125}}
Mar 27 01:16:49.227544 np0000161115 nova-scheduler[107563]: DEBUG dbcounter [-] [107563] Writing DB stats nova_cell0:SELECT=4,nova_cell0:INSERT=1,nova_cell0:UPDATE=1 {{(pid=107563) stat_writer /opt/stack/data/venv/lib/python3.12/site-packages/dbcounter.py:115}}
Mar 27 01:16:49.229685 np0000161115 nova-scheduler[107588]: DEBUG dbcounter [-] [107588] Writing DB stats nova_cell0:SELECT=3,nova_cell0:UPDATE=1 {{(pid=107588) stat_writer /opt/stack/data/venv/lib/python3.12/site-packages/dbcounter.py:115}}
Mar 27 01:16:49.230192 np0000161115 nova-scheduler[107580]: DEBUG dbcounter [-] [107580] Writing DB stats nova_cell0:SELECT=3,nova_cell0:UPDATE=1 {{(pid=107580) stat_writer /opt/stack/data/venv/lib/python3.12/site-packages/dbcounter.py:115}}
Mar 27 01:16:49.231265 np0000161115 nova-scheduler[107570]: DEBUG dbcounter [-] [107570] Writing DB stats nova_cell0:SELECT=5,nova_cell0:INSERT=1,nova_cell0:UPDATE=1 {{(pid=107570) stat_writer /opt/stack/data/venv/lib/python3.12/site-packages/dbcounter.py:115}}
Mar 27 01:17:07.215943 np0000161115 nova-scheduler[107580]: DEBUG oslo.service.backend._threading.loopingcall [None req-625a7780-48cb-4633-bc9e-fa072894d89a None None] Dynamic interval looping call 'nova.service.Service.periodic_tasks' sleeping for 60.00 seconds {{(pid=107580) _run_loop /opt/stack/data/venv/lib/python3.12/site-packages/oslo_service/backend/_threading/loopingcall.py:125}}
Mar 27 01:17:15.217502 np0000161115 nova-scheduler[107563]: DEBUG oslo.service.backend._threading.loopingcall [None req-ee6972f4-48eb-4e5d-8284-b1bc74c52ae5 None None] Dynamic interval looping call 'nova.service.Service.periodic_tasks' sleeping for 60.00 seconds {{(pid=107563) _run_loop /opt/stack/data/venv/lib/python3.12/site-packages/oslo_service/backend/_threading/loopingcall.py:125}}
Mar 27 01:17:34.217101 np0000161115 nova-scheduler[107588]: DEBUG oslo.service.backend._threading.loopingcall [None req-fbbd2f64-abc7-4a4f-8ed8-40d9498d6bf1 None None] Dynamic interval looping call 'nova.service.Service.periodic_tasks' sleeping for 60.00 seconds {{(pid=107588) _run_loop /opt/stack/data/venv/lib/python3.12/site-packages/oslo_service/backend/_threading/loopingcall.py:125}}
Mar 27 01:17:49.221934 np0000161115 nova-scheduler[107570]: DEBUG oslo.service.backend._threading.loopingcall [None req-b8b3e1f7-40e8-4451-9905-f06a04219086 None None] Dynamic interval looping call 'nova.service.Service.periodic_tasks' sleeping for 60.00 seconds {{(pid=107570) _run_loop /opt/stack/data/venv/lib/python3.12/site-packages/oslo_service/backend/_threading/loopingcall.py:125}}
Mar 27 01:18:07.216503 np0000161115 nova-scheduler[107580]: DEBUG oslo.service.backend._threading.loopingcall [None req-625a7780-48cb-4633-bc9e-fa072894d89a None None] Dynamic interval looping call 'nova.service.Service.periodic_tasks' sleeping for 60.00 seconds {{(pid=107580) _run_loop /opt/stack/data/venv/lib/python3.12/site-packages/oslo_service/backend/_threading/loopingcall.py:125}}
Mar 27 01:18:15.218246 np0000161115 nova-scheduler[107563]: DEBUG oslo.service.backend._threading.loopingcall [None req-ee6972f4-48eb-4e5d-8284-b1bc74c52ae5 None None] Dynamic interval looping call 'nova.service.Service.periodic_tasks' sleeping for 60.00 seconds {{(pid=107563) _run_loop /opt/stack/data/venv/lib/python3.12/site-packages/oslo_service/backend/_threading/loopingcall.py:125}}
Mar 27 01:18:34.217826 np0000161115 nova-scheduler[107588]: DEBUG oslo.service.backend._threading.loopingcall [None req-fbbd2f64-abc7-4a4f-8ed8-40d9498d6bf1 None None] Dynamic interval looping call 'nova.service.Service.periodic_tasks' sleeping for 60.00 seconds {{(pid=107588) _run_loop /opt/stack/data/venv/lib/python3.12/site-packages/oslo_service/backend/_threading/loopingcall.py:125}}
Mar 27 01:18:39.282906 np0000161115 nova-scheduler[107563]: DEBUG oslo.service.backend._threading.loopingcall [-] Fixed interval looping call 'nova.servicegroup.drivers.db.DbDriver._report_state' sleeping for 119.93 seconds {{(pid=107563) _run_loop /opt/stack/data/venv/lib/python3.12/site-packages/oslo_service/backend/_threading/loopingcall.py:125}}
Mar 27 01:18:39.283694 np0000161115 nova-scheduler[107588]: DEBUG oslo.service.backend._threading.loopingcall [-] Fixed interval looping call 'nova.servicegroup.drivers.db.DbDriver._report_state' sleeping for 119.93 seconds {{(pid=107588) _run_loop /opt/stack/data/venv/lib/python3.12/site-packages/oslo_service/backend/_threading/loopingcall.py:125}}
Mar 27 01:18:39.285952 np0000161115 nova-scheduler[107580]: DEBUG oslo.service.backend._threading.loopingcall [-] Fixed interval looping call 'nova.servicegroup.drivers.db.DbDriver._report_state' sleeping for 119.93 seconds {{(pid=107580) _run_loop /opt/stack/data/venv/lib/python3.12/site-packages/oslo_service/backend/_threading/loopingcall.py:125}}
Mar 27 01:18:39.286445 np0000161115 nova-scheduler[107570]: DEBUG oslo.service.backend._threading.loopingcall [-] Fixed interval looping call 'nova.servicegroup.drivers.db.DbDriver._report_state' sleeping for 119.93 seconds {{(pid=107570) _run_loop /opt/stack/data/venv/lib/python3.12/site-packages/oslo_service/backend/_threading/loopingcall.py:125}}
Mar 27 01:18:49.219768 np0000161115 nova-scheduler[107563]: DEBUG dbcounter [-] [107563] Writing DB stats nova_cell0:SELECT=1,nova_cell0:UPDATE=1 {{(pid=107563) stat_writer /opt/stack/data/venv/lib/python3.12/site-packages/dbcounter.py:115}}
Mar 27 01:18:49.220635 np0000161115 nova-scheduler[107588]: DEBUG dbcounter [-] [107588] Writing DB stats nova_cell0:SELECT=1,nova_cell0:UPDATE=1 {{(pid=107588) stat_writer /opt/stack/data/venv/lib/python3.12/site-packages/dbcounter.py:115}}
Mar 27 01:18:49.221174 np0000161115 nova-scheduler[107580]: DEBUG dbcounter [-] [107580] Writing DB stats nova_cell0:SELECT=1,nova_cell0:UPDATE=1 {{(pid=107580) stat_writer /opt/stack/data/venv/lib/python3.12/site-packages/dbcounter.py:115}}
Mar 27 01:18:49.221843 np0000161115 nova-scheduler[107570]: DEBUG dbcounter [-] [107570] Writing DB stats nova_cell0:SELECT=1,nova_cell0:UPDATE=1 {{(pid=107570) stat_writer /opt/stack/data/venv/lib/python3.12/site-packages/dbcounter.py:115}}
Mar 27 01:18:49.223091 np0000161115 nova-scheduler[107570]: DEBUG oslo.service.backend._threading.loopingcall [None req-b8b3e1f7-40e8-4451-9905-f06a04219086 None None] Dynamic interval looping call 'nova.service.Service.periodic_tasks' sleeping for 60.00 seconds {{(pid=107570) _run_loop /opt/stack/data/venv/lib/python3.12/site-packages/oslo_service/backend/_threading/loopingcall.py:125}}
Mar 27 01:19:07.217051 np0000161115 nova-scheduler[107580]: DEBUG oslo.service.backend._threading.loopingcall [None req-625a7780-48cb-4633-bc9e-fa072894d89a None None] Dynamic interval looping call 'nova.service.Service.periodic_tasks' sleeping for 60.00 seconds {{(pid=107580) _run_loop /opt/stack/data/venv/lib/python3.12/site-packages/oslo_service/backend/_threading/loopingcall.py:125}}
Mar 27 01:19:15.218833 np0000161115 nova-scheduler[107563]: DEBUG oslo.service.backend._threading.loopingcall [None req-ee6972f4-48eb-4e5d-8284-b1bc74c52ae5 None None] Dynamic interval looping call 'nova.service.Service.periodic_tasks' sleeping for 60.00 seconds {{(pid=107563) _run_loop /opt/stack/data/venv/lib/python3.12/site-packages/oslo_service/backend/_threading/loopingcall.py:125}}
Mar 27 01:19:34.218614 np0000161115 nova-scheduler[107588]: DEBUG oslo.service.backend._threading.loopingcall [None req-fbbd2f64-abc7-4a4f-8ed8-40d9498d6bf1 None None] Dynamic interval looping call 'nova.service.Service.periodic_tasks' sleeping for 60.00 seconds {{(pid=107588) _run_loop /opt/stack/data/venv/lib/python3.12/site-packages/oslo_service/backend/_threading/loopingcall.py:125}}
Mar 27 01:19:49.223835 np0000161115 nova-scheduler[107570]: DEBUG oslo.service.backend._threading.loopingcall [None req-b8b3e1f7-40e8-4451-9905-f06a04219086 None None] Dynamic interval looping call 'nova.service.Service.periodic_tasks' sleeping for 60.00 seconds {{(pid=107570) _run_loop /opt/stack/data/venv/lib/python3.12/site-packages/oslo_service/backend/_threading/loopingcall.py:125}}
Mar 27 01:20:07.217739 np0000161115 nova-scheduler[107580]: DEBUG oslo.service.backend._threading.loopingcall [None req-625a7780-48cb-4633-bc9e-fa072894d89a None None] Dynamic interval looping call 'nova.service.Service.periodic_tasks' sleeping for 60.00 seconds {{(pid=107580) _run_loop /opt/stack/data/venv/lib/python3.12/site-packages/oslo_service/backend/_threading/loopingcall.py:125}}
Mar 27 01:20:15.219751 np0000161115 nova-scheduler[107563]: DEBUG oslo.service.backend._threading.loopingcall [None req-ee6972f4-48eb-4e5d-8284-b1bc74c52ae5 None None] Dynamic interval looping call 'nova.service.Service.periodic_tasks' sleeping for 60.00 seconds {{(pid=107563) _run_loop /opt/stack/data/venv/lib/python3.12/site-packages/oslo_service/backend/_threading/loopingcall.py:125}}
Mar 27 01:20:34.219279 np0000161115 nova-scheduler[107588]: DEBUG oslo.service.backend._threading.loopingcall [None req-fbbd2f64-abc7-4a4f-8ed8-40d9498d6bf1 None None] Dynamic interval looping call 'nova.service.Service.periodic_tasks' sleeping for 60.00 seconds {{(pid=107588) _run_loop /opt/stack/data/venv/lib/python3.12/site-packages/oslo_service/backend/_threading/loopingcall.py:125}}
Mar 27 01:20:39.225641 np0000161115 nova-scheduler[107588]: DEBUG oslo.service.backend._threading.loopingcall [-] Fixed interval looping call 'nova.servicegroup.drivers.db.DbDriver._report_state' sleeping for 119.99 seconds {{(pid=107588) _run_loop /opt/stack/data/venv/lib/python3.12/site-packages/oslo_service/backend/_threading/loopingcall.py:125}}
Mar 27 01:20:39.226544 np0000161115 nova-scheduler[107563]: DEBUG oslo.service.backend._threading.loopingcall [-] Fixed interval looping call 'nova.servicegroup.drivers.db.DbDriver._report_state' sleeping for 119.99 seconds {{(pid=107563) _run_loop /opt/stack/data/venv/lib/python3.12/site-packages/oslo_service/backend/_threading/loopingcall.py:125}}
Mar 27 01:20:39.227076 np0000161115 nova-scheduler[107580]: DEBUG oslo.service.backend._threading.loopingcall [-] Fixed interval looping call 'nova.servicegroup.drivers.db.DbDriver._report_state' sleeping for 119.99 seconds {{(pid=107580) _run_loop /opt/stack/data/venv/lib/python3.12/site-packages/oslo_service/backend/_threading/loopingcall.py:125}}
Mar 27 01:20:39.227937 np0000161115 nova-scheduler[107570]: DEBUG oslo.service.backend._threading.loopingcall [-] Fixed interval looping call 'nova.servicegroup.drivers.db.DbDriver._report_state' sleeping for 119.99 seconds {{(pid=107570) _run_loop /opt/stack/data/venv/lib/python3.12/site-packages/oslo_service/backend/_threading/loopingcall.py:125}}
Mar 27 01:20:49.219137 np0000161115 nova-scheduler[107588]: DEBUG dbcounter [-] [107588] Writing DB stats nova_cell0:SELECT=1,nova_cell0:UPDATE=1 {{(pid=107588) stat_writer /opt/stack/data/venv/lib/python3.12/site-packages/dbcounter.py:115}}
Mar 27 01:20:49.220873 np0000161115 nova-scheduler[107580]: DEBUG dbcounter [-] [107580] Writing DB stats nova_cell0:SELECT=1,nova_cell0:UPDATE=1 {{(pid=107580) stat_writer /opt/stack/data/venv/lib/python3.12/site-packages/dbcounter.py:115}}
Mar 27 01:20:49.222542 np0000161115 nova-scheduler[107570]: DEBUG dbcounter [-] [107570] Writing DB stats nova_cell0:SELECT=1,nova_cell0:UPDATE=1 {{(pid=107570) stat_writer /opt/stack/data/venv/lib/python3.12/site-packages/dbcounter.py:115}}
Mar 27 01:20:49.222890 np0000161115 nova-scheduler[107563]: DEBUG dbcounter [-] [107563] Writing DB stats nova_cell0:SELECT=1,nova_cell0:UPDATE=1 {{(pid=107563) stat_writer /opt/stack/data/venv/lib/python3.12/site-packages/dbcounter.py:115}}
Mar 27 01:20:49.224855 np0000161115 nova-scheduler[107570]: DEBUG oslo.service.backend._threading.loopingcall [None req-b8b3e1f7-40e8-4451-9905-f06a04219086 None None] Dynamic interval looping call 'nova.service.Service.periodic_tasks' sleeping for 60.00 seconds {{(pid=107570) _run_loop /opt/stack/data/venv/lib/python3.12/site-packages/oslo_service/backend/_threading/loopingcall.py:125}}
Mar 27 01:20:52.059947 np0000161115 nova-scheduler[107563]: DEBUG nova.scheduler.manager [None req-f1fbe02c-a363-4a26-895a-48a1c5f54d6e demo demo] Starting to schedule for instances: ['005f6d13-1738-46a9-8ee4-bc1abf67230e'] {{(pid=107563) select_destinations /opt/stack/nova/nova/scheduler/manager.py:210}}
