Mar 27 01:19:41.925130 np0000161115 devstack@neutron-api.service[102366]: DEBUG neutron.pecan_wsgi.hooks.policy_enforcement [None req-2f22624f-59d2-445f-8d94-21f7b6acfb96 admin admin] Attributes excluded by policy engine: ['standard_attr_id'] {{(pid=102366) _exclude_attributes_by_policy /opt/stack/neutron/neutron/pecan_wsgi/hooks/policy_enforcement.py:258}}
Mar 27 01:19:41.928775 np0000161115 devstack@neutron-api.service[102366]: DEBUG neutron.pecan_wsgi.hooks.policy_enforcement [None req-2f22624f-59d2-445f-8d94-21f7b6acfb96 admin admin] Attributes excluded by policy engine: ['standard_attr_id'] {{(pid=102366) _exclude_attributes_by_policy /opt/stack/neutron/neutron/pecan_wsgi/hooks/policy_enforcement.py:258}}
Mar 27 01:19:41.929681 np0000161115 devstack@neutron-api.service[102366]: [pid: 102366|app: 0|req: 24/90] 199.204.45.70 () {64 vars in 1371 bytes} [Fri Mar 27 01:19:41 2026] GET /networking/v2.0/ports?device_owner=network%3Adistributed => generated 1650 bytes in 115 msecs (HTTP/1.1 200) 4 headers in 158 bytes (1 switches on core 0)
Mar 27 01:19:42.854753 np0000161115 devstack@neutron-api.service[102366]: DEBUG neutron.common.ovn.hash_ring_manager [None req-dd8458a5-55d5-48ae-9097-0ad81439f9fe None None] Hash Ring loaded. 4 active nodes. 0 offline nodes {{(pid=102366) _load_hash_ring /opt/stack/neutron/neutron/common/ovn/hash_ring_manager.py:102}}
Mar 27 01:19:42.855524 np0000161115 devstack@neutron-api.service[102366]: DEBUG neutron.plugins.ml2.drivers.ovn.mech_driver.ovsdb.ovsdb_monitor [None req-dd8458a5-55d5-48ae-9097-0ad81439f9fe None None] Hash Ring: Node 25f104a3182456918ed4638d53c1a060 (host: np0000161115) handling event "update" for row ab19978b-8d88-4212-93a0-1d86d40dc3fe (table: Connection) {{(pid=102366) notify /opt/stack/neutron/neutron/plugins/ml2/drivers/ovn/mech_driver/ovsdb/ovsdb_monitor.py:912}}
Mar 27 01:19:42.856847 np0000161115 devstack@neutron-api.service[102367]: DEBUG neutron.common.ovn.hash_ring_manager [None req-211680d7-8019-4fe0-b460-a5461ece09c4 None None] Hash Ring loaded. 4 active nodes. 0 offline nodes {{(pid=102367) _load_hash_ring /opt/stack/neutron/neutron/common/ovn/hash_ring_manager.py:102}}
Mar 27 01:19:42.858416 np0000161115 devstack@neutron-api.service[102368]: DEBUG neutron.common.ovn.hash_ring_manager [None req-d66fdf1c-80c3-4afb-9ad8-c92766e1de97 None None] Hash Ring loaded. 4 active nodes. 0 offline nodes {{(pid=102368) _load_hash_ring /opt/stack/neutron/neutron/common/ovn/hash_ring_manager.py:102}}
Mar 27 01:19:42.861856 np0000161115 devstack@neutron-api.service[102369]: DEBUG neutron.common.ovn.hash_ring_manager [None req-2d2ec853-2399-40ee-aa35-5b7adc2fb153 None None] Hash Ring loaded. 4 active nodes. 0 offline nodes {{(pid=102369) _load_hash_ring /opt/stack/neutron/neutron/common/ovn/hash_ring_manager.py:102}}
Mar 27 01:19:45.388358 np0000161115 devstack@neutron-api.service[102366]: DEBUG neutron.plugins.ml2.drivers.ovn.mech_driver.ovsdb.ovsdb_monitor [None req-dd8458a5-55d5-48ae-9097-0ad81439f9fe None None] Hash Ring: Node 25f104a3182456918ed4638d53c1a060 (host: np0000161115) handling event "update" for row ab19978b-8d88-4212-93a0-1d86d40dc3fe (table: Connection) {{(pid=102366) notify /opt/stack/neutron/neutron/plugins/ml2/drivers/ovn/mech_driver/ovsdb/ovsdb_monitor.py:912}}
Mar 27 01:19:45.671417 np0000161115 devstack@neutron-api.service[102366]: DEBUG futurist.periodics [-] Submitting periodic callback 'neutron.plugins.ml2.drivers.ovn.mech_driver.ovsdb.maintenance.HashRingHealthCheckPeriodics.touch_hash_ring_node' {{(pid=102366) _process_scheduled /opt/stack/data/venv/lib/python3.12/site-packages/futurist/periodics.py:638}}
Mar 27 01:19:45.672443 np0000161115 devstack@neutron-api.service[102366]: DEBUG neutron.plugins.ml2.drivers.ovn.mech_driver.ovsdb.maintenance [-] Touching Hash Ring node "25f104a3182456918ed4638d53c1a060" from periodic health check thread {{(pid=102366) touch_hash_ring_node /opt/stack/neutron/neutron/plugins/ml2/drivers/ovn/mech_driver/ovsdb/maintenance.py:1232}}
Mar 27 01:19:46.315142 np0000161115 devstack@neutron-api.service[102368]: DEBUG futurist.periodics [-] Submitting periodic callback 'neutron.plugins.ml2.drivers.ovn.mech_driver.ovsdb.maintenance.HashRingHealthCheckPeriodics.touch_hash_ring_node' {{(pid=102368) _process_scheduled /opt/stack/data/venv/lib/python3.12/site-packages/futurist/periodics.py:638}}
Mar 27 01:19:46.316941 np0000161115 devstack@neutron-api.service[102368]: DEBUG neutron.plugins.ml2.drivers.ovn.mech_driver.ovsdb.maintenance [-] Touching Hash Ring node "c81a53f9d2295709aa31d6ec5782063e" from periodic health check thread {{(pid=102368) touch_hash_ring_node /opt/stack/neutron/neutron/plugins/ml2/drivers/ovn/mech_driver/ovsdb/maintenance.py:1232}}
Mar 27 01:19:46.361883 np0000161115 devstack@neutron-api.service[102369]: DEBUG futurist.periodics [-] Submitting periodic callback 'neutron.plugins.ml2.drivers.ovn.mech_driver.ovsdb.maintenance.HashRingHealthCheckPeriodics.touch_hash_ring_node' {{(pid=102369) _process_scheduled /opt/stack/data/venv/lib/python3.12/site-packages/futurist/periodics.py:638}}
Mar 27 01:19:46.363178 np0000161115 devstack@neutron-api.service[102369]: DEBUG neutron.plugins.ml2.drivers.ovn.mech_driver.ovsdb.maintenance [-] Touching Hash Ring node "34ea3fd7d0b95e34a6fee299c1653983" from periodic health check thread {{(pid=102369) touch_hash_ring_node /opt/stack/neutron/neutron/plugins/ml2/drivers/ovn/mech_driver/ovsdb/maintenance.py:1232}}
Mar 27 01:19:46.463928 np0000161115 devstack@neutron-api.service[102367]: DEBUG futurist.periodics [-] Submitting periodic callback 'neutron.plugins.ml2.drivers.ovn.mech_driver.ovsdb.maintenance.HashRingHealthCheckPeriodics.touch_hash_ring_node' {{(pid=102367) _process_scheduled /opt/stack/data/venv/lib/python3.12/site-packages/futurist/periodics.py:638}}
Mar 27 01:19:46.465307 np0000161115 devstack@neutron-api.service[102367]: DEBUG neutron.plugins.ml2.drivers.ovn.mech_driver.ovsdb.maintenance [-] Touching Hash Ring node "c1eeddd51ac75cfbba55892425ed43ef" from periodic health check thread {{(pid=102367) touch_hash_ring_node /opt/stack/neutron/neutron/plugins/ml2/drivers/ovn/mech_driver/ovsdb/maintenance.py:1232}}
Mar 27 01:19:53.423861 np0000161115 devstack@neutron-api.service[102367]: INFO neutron.pecan_wsgi.hooks.translation [None req-fd0a898f-8cd7-4ff9-9bc4-c876ce5c3979 admin admin] GET failed (client error): The resource could not be found.
Mar 27 01:19:53.424625 np0000161115 devstack@neutron-api.service[102367]: [pid: 102367|app: 0|req: 23/91] 199.204.45.70 () {64 vars in 1327 bytes} [Fri Mar 27 01:19:53 2026] GET /networking/v2.0/networks/admin_net => generated 111 bytes in 9 msecs (HTTP/1.1 404) 4 headers in 164 bytes (1 switches on core 0)
Mar 27 01:19:53.457356 np0000161115 devstack@neutron-api.service[102368]: [pid: 102368|app: 0|req: 23/92] 199.204.45.70 () {64 vars in 1339 bytes} [Fri Mar 27 01:19:53 2026] GET /networking/v2.0/networks?name=admin_net => generated 15 bytes in 20 msecs (HTTP/1.1 200) 4 headers in 156 bytes (1 switches on core 0)
Mar 27 01:19:53.690350 np0000161115 devstack@neutron-api.service[102369]: DEBUG neutron.api.v2.base [None req-93df7376-e53e-462a-b9e7-098cd68124d7 admin admin] Request body: {'network': {'name': 'admin_net', 'project_id': '6e76617a654645aeb6fd5dc7bf0e96f3', 'admin_state_up': True}} {{(pid=102369) prepare_request_body /opt/stack/neutron/neutron/api/v2/base.py:729}}
Mar 27 01:19:53.709799 np0000161115 devstack@neutron-api.service[102369]: DEBUG neutron.pecan_wsgi.hooks.quota_enforcement [None req-93df7376-e53e-462a-b9e7-098cd68124d7 admin admin] Made reservation on behalf of 6e76617a654645aeb6fd5dc7bf0e96f3 for: {'network': 1} {{(pid=102369) before /opt/stack/neutron/neutron/pecan_wsgi/hooks/quota_enforcement.py:66}}
Mar 27 01:19:53.713242 np0000161115 devstack@neutron-api.service[102369]: DEBUG neutron_lib.callbacks.manager [None req-93df7376-e53e-462a-b9e7-098cd68124d7 admin admin] Publish callbacks ['neutron.plugins.ml2.plugin.SecurityGroupDbMixin._ensure_default_security_group_handler-232309'] for network (None), before_create {{(pid=102369) _notify_loop /opt/stack/data/venv/lib/python3.12/site-packages/neutron_lib/callbacks/manager.py:184}}
Mar 27 01:19:53.718111 np0000161115 devstack@neutron-api.service[102369]: DEBUG neutron_lib.callbacks.manager [None req-93df7376-e53e-462a-b9e7-098cd68124d7 admin admin] Publish callbacks [] for security_group (None), before_create {{(pid=102369) _notify_loop /opt/stack/data/venv/lib/python3.12/site-packages/neutron_lib/callbacks/manager.py:184}}
Mar 27 01:19:53.771555 np0000161115 devstack@neutron-api.service[102369]: DEBUG neutron_lib.callbacks.manager [None req-93df7376-e53e-462a-b9e7-098cd68124d7 admin admin] Publish callbacks ['neutron.plugins.ml2.drivers.ovn.mech_driver.mech_driver.OVNMechanismDriver._create_security_group_precommit-320848'] for security_group (042f972f-6e76-49e6-aba2-6cd7fa57ae47), precommit_create {{(pid=102369) _notify_loop /opt/stack/data/venv/lib/python3.12/site-packages/neutron_lib/callbacks/manager.py:184}}
Mar 27 01:19:53.771754 np0000161115 devstack@neutron-api.service[102369]: DEBUG neutron.db.ovn_revision_numbers_db [None req-93df7376-e53e-462a-b9e7-098cd68124d7 admin admin] create_initial_revision uuid=042f972f-6e76-49e6-aba2-6cd7fa57ae47, type=security_groups, rev=-1 {{(pid=102369) create_initial_revision /opt/stack/neutron/neutron/db/ovn_revision_numbers_db.py:98}}
Mar 27 01:19:53.772608 np0000161115 devstack@neutron-api.service[102369]: DEBUG neutron.db.ovn_revision_numbers_db [None req-93df7376-e53e-462a-b9e7-098cd68124d7 admin admin] create_initial_revision uuid=0b52e0d4-711f-4c50-9049-a011fc3541cb, type=security_group_rules, rev=-1 {{(pid=102369) create_initial_revision /opt/stack/neutron/neutron/db/ovn_revision_numbers_db.py:98}}
Mar 27 01:19:53.773398 np0000161115 devstack@neutron-api.service[102369]: DEBUG neutron.db.ovn_revision_numbers_db [None req-93df7376-e53e-462a-b9e7-098cd68124d7 admin admin] create_initial_revision uuid=3ec007a7-47f4-4504-a0ca-a111bfb41668, type=security_group_rules, rev=-1 {{(pid=102369) create_initial_revision /opt/stack/neutron/neutron/db/ovn_revision_numbers_db.py:98}}
Mar 27 01:19:53.774218 np0000161115 devstack@neutron-api.service[102369]: DEBUG neutron.db.ovn_revision_numbers_db [None req-93df7376-e53e-462a-b9e7-098cd68124d7 admin admin] create_initial_revision uuid=7de0d3e8-5d3f-4025-9ee1-51c97ed7db93, type=security_group_rules, rev=-1 {{(pid=102369) create_initial_revision /opt/stack/neutron/neutron/db/ovn_revision_numbers_db.py:98}}
Mar 27 01:19:53.775001 np0000161115 devstack@neutron-api.service[102369]: DEBUG neutron.db.ovn_revision_numbers_db [None req-93df7376-e53e-462a-b9e7-098cd68124d7 admin admin] create_initial_revision uuid=88354bb6-749e-4881-81b5-0f729081a9be, type=security_group_rules, rev=-1 {{(pid=102369) create_initial_revision /opt/stack/neutron/neutron/db/ovn_revision_numbers_db.py:98}}
Mar 27 01:19:53.782366 np0000161115 devstack@neutron-api.service[102369]: DEBUG neutron_lib.callbacks.manager [None req-93df7376-e53e-462a-b9e7-098cd68124d7 admin admin] Publish callbacks ['neutron.plugins.ml2.drivers.ovn.mech_driver.mech_driver.OVNMechanismDriver._create_security_group-320862', 'neutron.plugins.ml2.ovo_rpc._ObjectChangeHandler.handle_event-15090156'] for security_group (042f972f-6e76-49e6-aba2-6cd7fa57ae47), after_create {{(pid=102369) _notify_loop /opt/stack/data/venv/lib/python3.12/site-packages/neutron_lib/callbacks/manager.py:184}}
Mar 27 01:19:53.783324 np0000161115 devstack@neutron-api.service[102369]: DEBUG ovsdbapp.backend.ovs_idl.transaction [None req-2d2ec853-2399-40ee-aa35-5b7adc2fb153 None None] Running txn n=1 command(idx=0): PgAddCommand(_result=None, name=pg_042f972f_6e76_49e6_aba2_6cd7fa57ae47, may_exist=False, columns={'acls': [], 'external_ids': {'neutron:security_group_id': '042f972f-6e76-49e6-aba2-6cd7fa57ae47'}}) {{(pid=102369) do_commit /opt/stack/data/venv/lib/python3.12/site-packages/ovsdbapp/backend/ovs_idl/transaction.py:89}}
Mar 27 01:19:53.783934 np0000161115 devstack@neutron-api.service[102369]: DEBUG ovsdbapp.backend.ovs_idl.transaction [None req-2d2ec853-2399-40ee-aa35-5b7adc2fb153 None None] Running txn n=1 command(idx=1): PgAclAddCommand(_result=None, entity=pg_042f972f_6e76_49e6_aba2_6cd7fa57ae47, direction=to-lport, priority=1002, match=outport == @pg_042f972f_6e76_49e6_aba2_6cd7fa57ae47 && ip6 && ip6.src == $pg_042f972f_6e76_49e6_aba2_6cd7fa57ae47_ip6, action=allow-related, log=False, may_exist=True, severity=[], name=[], meter=[], external_ids={'neutron:security_group_rule_id': '0b52e0d4-711f-4c50-9049-a011fc3541cb'}) {{(pid=102369) do_commit /opt/stack/data/venv/lib/python3.12/site-packages/ovsdbapp/backend/ovs_idl/transaction.py:89}}
Mar 27 01:19:53.784768 np0000161115 devstack@neutron-api.service[102369]: DEBUG ovsdbapp.backend.ovs_idl.transaction [None req-2d2ec853-2399-40ee-aa35-5b7adc2fb153 None None] Running txn n=1 command(idx=2): PgAclAddCommand(_result=None, entity=pg_042f972f_6e76_49e6_aba2_6cd7fa57ae47, direction=from-lport, priority=1002, match=inport == @pg_042f972f_6e76_49e6_aba2_6cd7fa57ae47 && ip4, action=allow-related, log=False, may_exist=True, severity=[], name=[], meter=[], external_ids={'neutron:security_group_rule_id': '3ec007a7-47f4-4504-a0ca-a111bfb41668'}) {{(pid=102369) do_commit /opt/stack/data/venv/lib/python3.12/site-packages/ovsdbapp/backend/ovs_idl/transaction.py:89}}
Mar 27 01:19:53.785393 np0000161115 devstack@neutron-api.service[102369]: DEBUG ovsdbapp.backend.ovs_idl.transaction [None req-2d2ec853-2399-40ee-aa35-5b7adc2fb153 None None] Running txn n=1 command(idx=3): PgAclAddCommand(_result=None, entity=pg_042f972f_6e76_49e6_aba2_6cd7fa57ae47, direction=to-lport, priority=1002, match=outport == @pg_042f972f_6e76_49e6_aba2_6cd7fa57ae47 && ip4 && ip4.src == $pg_042f972f_6e76_49e6_aba2_6cd7fa57ae47_ip4, action=allow-related, log=False, may_exist=True, severity=[], name=[], meter=[], external_ids={'neutron:security_group_rule_id': '7de0d3e8-5d3f-4025-9ee1-51c97ed7db93'}) {{(pid=102369) do_commit /opt/stack/data/venv/lib/python3.12/site-packages/ovsdbapp/backend/ovs_idl/transaction.py:89}}
Mar 27 01:19:53.785876 np0000161115 devstack@neutron-api.service[102369]: DEBUG ovsdbapp.backend.ovs_idl.transaction [None req-2d2ec853-2399-40ee-aa35-5b7adc2fb153 None None] Running txn n=1 command(idx=4): PgAclAddCommand(_result=None, entity=pg_042f972f_6e76_49e6_aba2_6cd7fa57ae47, direction=from-lport, priority=1002, match=inport == @pg_042f972f_6e76_49e6_aba2_6cd7fa57ae47 && ip6, action=allow-related, log=False, may_exist=True, severity=[], name=[], meter=[], external_ids={'neutron:security_group_rule_id': '88354bb6-749e-4881-81b5-0f729081a9be'}) {{(pid=102369) do_commit /opt/stack/data/venv/lib/python3.12/site-packages/ovsdbapp/backend/ovs_idl/transaction.py:89}}
Mar 27 01:19:53.797314 np0000161115 devstack@neutron-api.service[102367]: DEBUG neutron.plugins.ml2.drivers.ovn.mech_driver.ovsdb.ovsdb_monitor [None req-211680d7-8019-4fe0-b460-a5461ece09c4 None None] Touching Hash Ring node "c1eeddd51ac75cfbba55892425ed43ef" from IDL notify handler {{(pid=102367) notify /opt/stack/neutron/neutron/plugins/ml2/drivers/ovn/mech_driver/ovsdb/ovsdb_monitor.py:904}}
Mar 27 01:19:53.797603 np0000161115 devstack@neutron-api.service[102368]: DEBUG neutron.plugins.ml2.drivers.ovn.mech_driver.ovsdb.ovsdb_monitor [None req-d66fdf1c-80c3-4afb-9ad8-c92766e1de97 None None] Touching Hash Ring node "c81a53f9d2295709aa31d6ec5782063e" from IDL notify handler {{(pid=102368) notify /opt/stack/neutron/neutron/plugins/ml2/drivers/ovn/mech_driver/ovsdb/ovsdb_monitor.py:904}}
Mar 27 01:19:53.798620 np0000161115 devstack@neutron-api.service[102366]: DEBUG neutron.plugins.ml2.drivers.ovn.mech_driver.ovsdb.ovsdb_monitor [None req-dd8458a5-55d5-48ae-9097-0ad81439f9fe None None] Touching Hash Ring node "25f104a3182456918ed4638d53c1a060" from IDL notify handler {{(pid=102366) notify /opt/stack/neutron/neutron/plugins/ml2/drivers/ovn/mech_driver/ovsdb/ovsdb_monitor.py:904}}
Mar 27 01:19:53.806415 np0000161115 devstack@neutron-api.service[102367]: DEBUG neutron.plugins.ml2.drivers.ovn.mech_driver.ovsdb.ovsdb_monitor [None req-211680d7-8019-4fe0-b460-a5461ece09c4 None None] Hash Ring: Node c1eeddd51ac75cfbba55892425ed43ef (host: np0000161115) handling event "create" for row 3db38dde-681b-47f9-990e-e1ca3a416e92 (table: ACL) {{(pid=102367) notify /opt/stack/neutron/neutron/plugins/ml2/drivers/ovn/mech_driver/ovsdb/ovsdb_monitor.py:912}}
Mar 27 01:19:53.807370 np0000161115 devstack@neutron-api.service[102367]: DEBUG neutron.plugins.ml2.drivers.ovn.mech_driver.ovsdb.ovsdb_monitor [None req-211680d7-8019-4fe0-b460-a5461ece09c4 None None] Touching Hash Ring node "c1eeddd51ac75cfbba55892425ed43ef" from IDL notify handler {{(pid=102367) notify /opt/stack/neutron/neutron/plugins/ml2/drivers/ovn/mech_driver/ovsdb/ovsdb_monitor.py:904}}
Mar 27 01:19:53.809073 np0000161115 devstack@neutron-api.service[102366]: DEBUG neutron.plugins.ml2.drivers.ovn.mech_driver.ovsdb.ovsdb_monitor [None req-dd8458a5-55d5-48ae-9097-0ad81439f9fe None None] Hash Ring: Node 25f104a3182456918ed4638d53c1a060 (host: np0000161115) handling event "create" for row c83f3c8a-3b68-4443-9001-1dd6f2293ebc (table: ACL) {{(pid=102366) notify /opt/stack/neutron/neutron/plugins/ml2/drivers/ovn/mech_driver/ovsdb/ovsdb_monitor.py:912}}
Mar 27 01:19:53.809203 np0000161115 devstack@neutron-api.service[102368]: DEBUG neutron.plugins.ml2.drivers.ovn.mech_driver.ovsdb.ovsdb_monitor [None req-d66fdf1c-80c3-4afb-9ad8-c92766e1de97 None None] Hash Ring: Node c81a53f9d2295709aa31d6ec5782063e (host: np0000161115) handling event "create" for row ee2e0560-3e24-49a7-8c16-04166131b534 (table: ACL) {{(pid=102368) notify /opt/stack/neutron/neutron/plugins/ml2/drivers/ovn/mech_driver/ovsdb/ovsdb_monitor.py:912}}
Mar 27 01:19:53.810261 np0000161115 devstack@neutron-api.service[102366]: DEBUG neutron.plugins.ml2.drivers.ovn.mech_driver.ovsdb.ovsdb_monitor [None req-dd8458a5-55d5-48ae-9097-0ad81439f9fe None None] Touching Hash Ring node "25f104a3182456918ed4638d53c1a060" from IDL notify handler {{(pid=102366) notify /opt/stack/neutron/neutron/plugins/ml2/drivers/ovn/mech_driver/ovsdb/ovsdb_monitor.py:904}}
Mar 27 01:19:53.810724 np0000161115 devstack@neutron-api.service[102367]: DEBUG neutron.plugins.ml2.drivers.ovn.mech_driver.ovsdb.ovsdb_monitor [None req-211680d7-8019-4fe0-b460-a5461ece09c4 None None] Hash Ring: Node c1eeddd51ac75cfbba55892425ed43ef (host: np0000161115) handling event "create" for row 4b269c0a-7cdc-4c0f-870f-41726cbf6a6f (table: ACL) {{(pid=102367) notify /opt/stack/neutron/neutron/plugins/ml2/drivers/ovn/mech_driver/ovsdb/ovsdb_monitor.py:912}}
Mar 27 01:19:53.812609 np0000161115 devstack@neutron-api.service[102366]: DEBUG neutron.plugins.ml2.drivers.ovn.mech_driver.ovsdb.ovsdb_monitor [None req-dd8458a5-55d5-48ae-9097-0ad81439f9fe None None] Hash Ring: Node 25f104a3182456918ed4638d53c1a060 (host: np0000161115) handling event "create" for row 6f42c4ee-0981-41da-8975-4624543de0c5 (table: Port_Group) {{(pid=102366) notify /opt/stack/neutron/neutron/plugins/ml2/drivers/ovn/mech_driver/ovsdb/ovsdb_monitor.py:912}}
Mar 27 01:19:53.813534 np0000161115 devstack@neutron-api.service[102369]: INFO neutron.db.ovn_revision_numbers_db [None req-93df7376-e53e-462a-b9e7-098cd68124d7 admin admin] Successfully bumped revision number for resource 042f972f-6e76-49e6-aba2-6cd7fa57ae47 (type: security_groups) to 1
Mar 27 01:19:53.832627 np0000161115 devstack@neutron-api.service[102369]: INFO neutron.db.ovn_revision_numbers_db [None req-93df7376-e53e-462a-b9e7-098cd68124d7 admin admin] Successfully bumped revision number for resource 0b52e0d4-711f-4c50-9049-a011fc3541cb (type: security_group_rules) to 0
Mar 27 01:19:53.848399 np0000161115 devstack@neutron-api.service[102369]: INFO neutron.db.ovn_revision_numbers_db [None req-93df7376-e53e-462a-b9e7-098cd68124d7 admin admin] Successfully bumped revision number for resource 3ec007a7-47f4-4504-a0ca-a111bfb41668 (type: security_group_rules) to 0
Mar 27 01:19:53.860840 np0000161115 devstack@neutron-api.service[102369]: INFO neutron.db.ovn_revision_numbers_db [None req-93df7376-e53e-462a-b9e7-098cd68124d7 admin admin] Successfully bumped revision number for resource 7de0d3e8-5d3f-4025-9ee1-51c97ed7db93 (type: security_group_rules) to 0
Mar 27 01:19:53.874741 np0000161115 devstack@neutron-api.service[102369]: INFO neutron.db.ovn_revision_numbers_db [None req-93df7376-e53e-462a-b9e7-098cd68124d7 admin admin] Successfully bumped revision number for resource 88354bb6-749e-4881-81b5-0f729081a9be (type: security_group_rules) to 0
Mar 27 01:19:53.900876 np0000161115 devstack@neutron-api.service[102369]: DEBUG neutron.api.rpc.handlers.resources_rpc [None req-93df7376-e53e-462a-b9e7-098cd68124d7 admin admin] Pushing event updated for resources: {'SecurityGroup': ['ID=042f972f-6e76-49e6-aba2-6cd7fa57ae47,revision_number=1']} {{(pid=102369) push /opt/stack/neutron/neutron/api/rpc/handlers/resources_rpc.py:237}}
Mar 27 01:19:53.906699 np0000161115 devstack@neutron-api.service[102369]: DEBUG ovsdbapp.backend.ovs_idl.transaction [None req-2d2ec853-2399-40ee-aa35-5b7adc2fb153 None None] Running txn n=1 command(idx=0): CheckLivenessCommand(_result=None) {{(pid=102369) do_commit /opt/stack/data/venv/lib/python3.12/site-packages/ovsdbapp/backend/ovs_idl/transaction.py:89}}
Mar 27 01:19:53.912212 np0000161115 devstack@neutron-api.service[102369]: DEBUG neutron.api.rpc.callbacks.version_manager [None req-93df7376-e53e-462a-b9e7-098cd68124d7 admin admin] Tracked resource versions report:
Mar 27 01:19:53.912212 np0000161115 devstack@neutron-api.service[102369]: pushed versions:
Mar 27 01:19:53.912212 np0000161115 devstack@neutron-api.service[102369]: { 'AddressGroup': {'1.2'},
Mar 27 01:19:53.912212 np0000161115 devstack@neutron-api.service[102369]: 'Agent': {'1.1'},
Mar 27 01:19:53.912212 np0000161115 devstack@neutron-api.service[102369]: 'ConntrackHelper': {'1.0'},
Mar 27 01:19:53.912212 np0000161115 devstack@neutron-api.service[102369]: 'LocalIPAssociation': {'1.0'},
Mar 27 01:19:53.912212 np0000161115 devstack@neutron-api.service[102369]: 'Log': {'1.0'},
Mar 27 01:19:53.912212 np0000161115 devstack@neutron-api.service[102369]: 'NDPProxy': {'1.0'},
Mar 27 01:19:53.912212 np0000161115 devstack@neutron-api.service[102369]: 'Network': {'1.2'},
Mar 27 01:19:53.912212 np0000161115 devstack@neutron-api.service[102369]: 'Port': {'1.10'},
Mar 27 01:19:53.912212 np0000161115 devstack@neutron-api.service[102369]: 'PortForwarding': {'1.3'},
Mar 27 01:19:53.912212 np0000161115 devstack@neutron-api.service[102369]: 'QosPolicy': {'1.10'},
Mar 27 01:19:53.912212 np0000161115 devstack@neutron-api.service[102369]: 'SecurityGroup': {'1.6'},
Mar 27 01:19:53.912212 np0000161115 devstack@neutron-api.service[102369]: 'SecurityGroupRule': {'1.3'},
Mar 27 01:19:53.912212 np0000161115 devstack@neutron-api.service[102369]: 'SubPort': {'1.0'},
Mar 27 01:19:53.912212 np0000161115 devstack@neutron-api.service[102369]: 'Subnet': {'1.2'},
Mar 27 01:19:53.912212 np0000161115 devstack@neutron-api.service[102369]: 'Trunk': {'1.1'}}
Mar 27 01:19:53.912212 np0000161115 devstack@neutron-api.service[102369]: consumer versions:
Mar 27 01:19:53.912212 np0000161115 devstack@neutron-api.service[102369]: { OVN Neutron agent@np0000161115: {},
Mar 27 01:19:53.912212 np0000161115 devstack@neutron-api.service[102369]: OVN Controller Gateway agent@np0000161115: {}}
Mar 27 01:19:53.912212 np0000161115 devstack@neutron-api.service[102369]: {{(pid=102369) report /opt/stack/neutron/neutron/api/rpc/callbacks/version_manager.py:183}}
Mar 27 01:19:53.915056 np0000161115 devstack@neutron-api.service[102368]: DEBUG neutron.plugins.ml2.drivers.ovn.mech_driver.ovsdb.ovsdb_monitor [None req-d66fdf1c-80c3-4afb-9ad8-c92766e1de97 None None] Touching Hash Ring node "c81a53f9d2295709aa31d6ec5782063e" from IDL notify handler {{(pid=102368) notify /opt/stack/neutron/neutron/plugins/ml2/drivers/ovn/mech_driver/ovsdb/ovsdb_monitor.py:904}}
Mar 27 01:19:53.916180 np0000161115 devstack@neutron-api.service[102366]: DEBUG neutron.plugins.ml2.drivers.ovn.mech_driver.ovsdb.ovsdb_monitor [None req-b64d8d7c-9e22-4db0-bd03-866ba4607634 None None] ChassisAgentWriteEvent : Matched Chassis_Private, update, None None {{(pid=102366) matches /opt/stack/neutron/neutron/plugins/ml2/drivers/ovn/mech_driver/ovsdb/ovsdb_monitor.py:64}}
Mar 27 01:19:53.916624 np0000161115 devstack@neutron-api.service[102367]: DEBUG neutron.plugins.ml2.drivers.ovn.mech_driver.ovsdb.ovsdb_monitor [None req-d192734a-b8ce-47ef-9b25-a71624a398d4 None None] ChassisAgentWriteEvent : Matched Chassis_Private, update, None None {{(pid=102367) matches /opt/stack/neutron/neutron/plugins/ml2/drivers/ovn/mech_driver/ovsdb/ovsdb_monitor.py:64}}
Mar 27 01:19:53.916726 np0000161115 devstack@neutron-api.service[102368]: DEBUG neutron.plugins.ml2.drivers.ovn.mech_driver.ovsdb.ovsdb_monitor [None req-b731b1ea-5f69-40c0-8c81-e424ec759823 None None] ChassisAgentWriteEvent : Matched Chassis_Private, update, None None {{(pid=102368) matches /opt/stack/neutron/neutron/plugins/ml2/drivers/ovn/mech_driver/ovsdb/ovsdb_monitor.py:64}}
Mar 27 01:19:53.919733 np0000161115 devstack@neutron-api.service[102369]: DEBUG neutron.plugins.ml2.drivers.ovn.mech_driver.ovsdb.ovsdb_monitor [None req-3bbf554b-f498-46d8-9c9d-cf9cb89f1a3d None None] ChassisAgentWriteEvent : Matched Chassis_Private, update, None None {{(pid=102369) matches /opt/stack/neutron/neutron/plugins/ml2/drivers/ovn/mech_driver/ovsdb/ovsdb_monitor.py:64}}
Mar 27 01:19:53.923610 np0000161115 devstack@neutron-api.service[102366]: DEBUG neutron.common.ovn.hash_ring_manager [None req-b64d8d7c-9e22-4db0-bd03-866ba4607634 None None] Hash Ring loaded. 4 active nodes. 0 offline nodes {{(pid=102366) _load_hash_ring /opt/stack/neutron/neutron/common/ovn/hash_ring_manager.py:102}}
Mar 27 01:19:53.924792 np0000161115 devstack@neutron-api.service[102368]: DEBUG neutron.plugins.ml2.drivers.ovn.mech_driver.ovsdb.ovsdb_monitor [None req-d66fdf1c-80c3-4afb-9ad8-c92766e1de97 None None] Hash Ring: Node c81a53f9d2295709aa31d6ec5782063e (host: np0000161115) handling event "update" for row 5c6f5159-081d-479b-99f1-a197864e5474 (table: NB_Global) {{(pid=102368) notify /opt/stack/neutron/neutron/plugins/ml2/drivers/ovn/mech_driver/ovsdb/ovsdb_monitor.py:912}}
Mar 27 01:19:53.927805 np0000161115 devstack@neutron-api.service[102367]: DEBUG neutron.common.ovn.hash_ring_manager [None req-d192734a-b8ce-47ef-9b25-a71624a398d4 None None] Hash Ring loaded. 4 active nodes. 0 offline nodes {{(pid=102367) _load_hash_ring /opt/stack/neutron/neutron/common/ovn/hash_ring_manager.py:102}}
Mar 27 01:19:53.928865 np0000161115 devstack@neutron-api.service[102368]: DEBUG neutron.plugins.ml2.drivers.ovn.mech_driver.ovsdb.ovsdb_monitor [None req-d66fdf1c-80c3-4afb-9ad8-c92766e1de97 None None] Touching Hash Ring node "c81a53f9d2295709aa31d6ec5782063e" from IDL notify handler {{(pid=102368) notify /opt/stack/neutron/neutron/plugins/ml2/drivers/ovn/mech_driver/ovsdb/ovsdb_monitor.py:904}}
Mar 27 01:19:53.932136 np0000161115 devstack@neutron-api.service[102368]: DEBUG neutron.common.ovn.hash_ring_manager [None req-b731b1ea-5f69-40c0-8c81-e424ec759823 None None] Hash Ring loaded. 4 active nodes. 0 offline nodes {{(pid=102368) _load_hash_ring /opt/stack/neutron/neutron/common/ovn/hash_ring_manager.py:102}}
Mar 27 01:19:53.932865 np0000161115 devstack@neutron-api.service[102368]: DEBUG neutron.plugins.ml2.drivers.ovn.mech_driver.ovsdb.ovsdb_monitor [None req-b731b1ea-5f69-40c0-8c81-e424ec759823 None None] Hash Ring: Node c81a53f9d2295709aa31d6ec5782063e (host: np0000161115) handling event "update" for row 3bee6b05-07c7-4ebf-84e6-01e9449cbe14 (table: Chassis_Private) {{(pid=102368) notify /opt/stack/neutron/neutron/plugins/ml2/drivers/ovn/mech_driver/ovsdb/ovsdb_monitor.py:912}}
Mar 27 01:19:53.933180 np0000161115 devstack@neutron-api.service[102369]: DEBUG neutron.common.ovn.hash_ring_manager [None req-3bbf554b-f498-46d8-9c9d-cf9cb89f1a3d None None] Hash Ring loaded. 4 active nodes. 0 offline nodes {{(pid=102369) _load_hash_ring /opt/stack/neutron/neutron/common/ovn/hash_ring_manager.py:102}}
Mar 27 01:19:53.934179 np0000161115 devstack@neutron-api.service[102368]: DEBUG neutron.plugins.ml2.drivers.ovn.mech_driver.ovsdb.ovsdb_monitor [None req-d66fdf1c-80c3-4afb-9ad8-c92766e1de97 None None] Hash Ring: Node c81a53f9d2295709aa31d6ec5782063e (host: np0000161115) handling event "update" for row 5c6f5159-081d-479b-99f1-a197864e5474 (table: NB_Global) {{(pid=102368) notify /opt/stack/neutron/neutron/plugins/ml2/drivers/ovn/mech_driver/ovsdb/ovsdb_monitor.py:912}}
Mar 27 01:19:53.936513 np0000161115 devstack@neutron-api.service[102368]: DEBUG neutron.plugins.ml2.drivers.ovn.mech_driver.ovsdb.ovsdb_monitor [None req-d66fdf1c-80c3-4afb-9ad8-c92766e1de97 None None] Touching Hash Ring node "c81a53f9d2295709aa31d6ec5782063e" from IDL notify handler {{(pid=102368) notify /opt/stack/neutron/neutron/plugins/ml2/drivers/ovn/mech_driver/ovsdb/ovsdb_monitor.py:904}}
Mar 27 01:19:53.939684 np0000161115 devstack@neutron-api.service[102368]: DEBUG neutron.plugins.ml2.drivers.ovn.mech_driver.ovsdb.ovsdb_monitor [None req-d66fdf1c-80c3-4afb-9ad8-c92766e1de97 None None] Hash Ring: Node c81a53f9d2295709aa31d6ec5782063e (host: np0000161115) handling event "update" for row 5c6f5159-081d-479b-99f1-a197864e5474 (table: NB_Global) {{(pid=102368) notify /opt/stack/neutron/neutron/plugins/ml2/drivers/ovn/mech_driver/ovsdb/ovsdb_monitor.py:912}}
Mar 27 01:19:53.941086 np0000161115 devstack@neutron-api.service[102368]: DEBUG neutron.plugins.ml2.drivers.ovn.mech_driver.ovsdb.ovsdb_monitor [None req-d66fdf1c-80c3-4afb-9ad8-c92766e1de97 None None] Touching Hash Ring node "c81a53f9d2295709aa31d6ec5782063e" from IDL notify handler {{(pid=102368) notify /opt/stack/neutron/neutron/plugins/ml2/drivers/ovn/mech_driver/ovsdb/ovsdb_monitor.py:904}}
Mar 27 01:19:53.943385 np0000161115 devstack@neutron-api.service[102368]: DEBUG neutron.plugins.ml2.drivers.ovn.mech_driver.ovsdb.ovsdb_monitor [None req-d66fdf1c-80c3-4afb-9ad8-c92766e1de97 None None] Hash Ring: Node c81a53f9d2295709aa31d6ec5782063e (host: np0000161115) handling event "update" for row 5c6f5159-081d-479b-99f1-a197864e5474 (table: NB_Global) {{(pid=102368) notify /opt/stack/neutron/neutron/plugins/ml2/drivers/ovn/mech_driver/ovsdb/ovsdb_monitor.py:912}}
Mar 27 01:19:53.960102 np0000161115 devstack@neutron-api.service[102369]: DEBUG neutron.plugins.ml2.drivers.helpers [None req-93df7376-e53e-462a-b9e7-098cd68124d7 admin admin] geneve segment allocate from pool success with {'geneve_vni': 8897} {{(pid=102369) allocate_partially_specified_segment /opt/stack/neutron/neutron/plugins/ml2/drivers/helpers.py:142}}
Mar 27 01:19:53.968995 np0000161115 devstack@neutron-api.service[102369]: DEBUG neutron_lib.callbacks.manager [None req-93df7376-e53e-462a-b9e7-098cd68124d7 admin admin] Publish callbacks ['neutron.services.segments.db._add_segment_host_mapping_for_segment-8760619364292', 'neutron.plugins.ml2.plugin.Ml2Plugin._handle_segment_change-1032943'] for segment (8494c8d0-0dbe-4a26-9ae4-fbfad3276912), precommit_create {{(pid=102369) _notify_loop /opt/stack/data/venv/lib/python3.12/site-packages/neutron_lib/callbacks/manager.py:184}}
Mar 27 01:19:53.969186 np0000161115 devstack@neutron-api.service[102369]: INFO neutron.db.segments_db [None req-93df7376-e53e-462a-b9e7-098cd68124d7 admin admin] Added segment 8494c8d0-0dbe-4a26-9ae4-fbfad3276912 of type geneve for network d1d8e814-53a2-4515-a134-8bdd92c749da
Mar 27 01:19:53.983304 np0000161115 devstack@neutron-api.service[102369]: DEBUG neutron_lib.callbacks.manager [None req-93df7376-e53e-462a-b9e7-098cd68124d7 admin admin] Publish callbacks ['neutron.services.auto_allocate.db._ensure_external_network_default_value_callback-8760617536526'] for network (d1d8e814-53a2-4515-a134-8bdd92c749da), precommit_create {{(pid=102369) _notify_loop /opt/stack/data/venv/lib/python3.12/site-packages/neutron_lib/callbacks/manager.py:184}}
Mar 27 01:19:53.995009 np0000161115 devstack@neutron-api.service[102369]: DEBUG neutron.plugins.ml2.drivers.ovn.mech_driver.mech_driver [None req-93df7376-e53e-462a-b9e7-098cd68124d7 admin admin] Validating network segment with type geneve, segmentation ID 8897, physical network None {{(pid=102369) _validate_network_segments /opt/stack/neutron/neutron/plugins/ml2/drivers/ovn/mech_driver/mech_driver.py:631}}
Mar 27 01:19:53.995158 np0000161115 devstack@neutron-api.service[102369]: DEBUG neutron.db.ovn_revision_numbers_db [None req-93df7376-e53e-462a-b9e7-098cd68124d7 admin admin] create_initial_revision uuid=d1d8e814-53a2-4515-a134-8bdd92c749da, type=networks, rev=-1 {{(pid=102369) create_initial_revision /opt/stack/neutron/neutron/db/ovn_revision_numbers_db.py:98}}
Mar 27 01:19:54.004945 np0000161115 devstack@neutron-api.service[102369]: DEBUG neutron_lib.callbacks.manager [None req-93df7376-e53e-462a-b9e7-098cd68124d7 admin admin] Publish callbacks ['neutron.plugins.ml2.ovo_rpc._ObjectChangeHandler.handle_event-15089695'] for network (d1d8e814-53a2-4515-a134-8bdd92c749da), after_create {{(pid=102369) _notify_loop /opt/stack/data/venv/lib/python3.12/site-packages/neutron_lib/callbacks/manager.py:184}}
Mar 27 01:19:54.021555 np0000161115 devstack@neutron-api.service[102369]: DEBUG neutron.api.rpc.handlers.resources_rpc [None req-93df7376-e53e-462a-b9e7-098cd68124d7 admin admin] Pushing event updated for resources: {'Network': ['ID=d1d8e814-53a2-4515-a134-8bdd92c749da,revision_number=1']} {{(pid=102369) push /opt/stack/neutron/neutron/api/rpc/handlers/resources_rpc.py:237}}
Mar 27 01:19:54.028886 np0000161115 devstack@neutron-api.service[102369]: DEBUG ovsdbapp.backend.ovs_idl.transaction [None req-2d2ec853-2399-40ee-aa35-5b7adc2fb153 None None] Running txn n=1 command(idx=0): AddNetworkCommand(_result=None, network_uuid=d1d8e814-53a2-4515-a134-8bdd92c749da, may_exist=True, columns={'external_ids': {'neutron:network_name': 'admin_net', 'neutron:mtu': '1372', 'neutron:revision_number': '1', 'neutron:availability_zone_hints': '', 'neutron:provnet-network-type': 'geneve'}, 'other_config': {'mcast_snoop': 'false', 'mcast_flood_unregistered': 'false', 'vlan-passthru': 'false'}}) {{(pid=102369) do_commit /opt/stack/data/venv/lib/python3.12/site-packages/ovsdbapp/backend/ovs_idl/transaction.py:89}}
Mar 27 01:19:54.056831 np0000161115 devstack@neutron-api.service[102369]: DEBUG neutron.plugins.ml2.drivers.ovn.mech_driver.ovsdb.ovsdb_monitor [None req-2d2ec853-2399-40ee-aa35-5b7adc2fb153 None None] Touching Hash Ring node "34ea3fd7d0b95e34a6fee299c1653983" from IDL notify handler {{(pid=102369) notify /opt/stack/neutron/neutron/plugins/ml2/drivers/ovn/mech_driver/ovsdb/ovsdb_monitor.py:904}}
Mar 27 01:19:54.058922 np0000161115 devstack@neutron-api.service[102367]: DEBUG neutron.plugins.ml2.drivers.ovn.mech_driver.ovsdb.ovsdb_monitor [None req-d192734a-b8ce-47ef-9b25-a71624a398d4 None None] Hash Ring: Node c1eeddd51ac75cfbba55892425ed43ef (host: np0000161115) handling event "create" for row 632e3e35-5b30-4759-856a-a2ed4e4e4257 (table: Datapath_Binding) {{(pid=102367) notify /opt/stack/neutron/neutron/plugins/ml2/drivers/ovn/mech_driver/ovsdb/ovsdb_monitor.py:912}}
Mar 27 01:19:54.065352 np0000161115 devstack@neutron-api.service[102369]: DEBUG neutron.plugins.ml2.drivers.ovn.mech_driver.ovsdb.ovsdb_monitor [None req-2d2ec853-2399-40ee-aa35-5b7adc2fb153 None None] Hash Ring: Node 34ea3fd7d0b95e34a6fee299c1653983 (host: np0000161115) handling event "create" for row d1d8e814-53a2-4515-a134-8bdd92c749da (table: Logical_Switch) {{(pid=102369) notify /opt/stack/neutron/neutron/plugins/ml2/drivers/ovn/mech_driver/ovsdb/ovsdb_monitor.py:912}}
Mar 27 01:19:54.088396 np0000161115 devstack@neutron-api.service[102369]: INFO neutron.db.ovn_revision_numbers_db [None req-93df7376-e53e-462a-b9e7-098cd68124d7 admin admin] Successfully bumped revision number for resource d1d8e814-53a2-4515-a134-8bdd92c749da (type: networks) to 1
Mar 27 01:19:54.101562 np0000161115 devstack@neutron-api.service[102369]: DEBUG neutron_lib.callbacks.manager [None req-93df7376-e53e-462a-b9e7-098cd68124d7 admin admin] Publish callbacks ['neutron.plugins.ml2.plugin.SecurityGroupDbMixin._ensure_default_security_group_handler-232309'] for port (None), before_create {{(pid=102369) _notify_loop /opt/stack/data/venv/lib/python3.12/site-packages/neutron_lib/callbacks/manager.py:184}}
Mar 27 01:19:54.159453 np0000161115 devstack@neutron-api.service[102369]: DEBUG neutron_lib.callbacks.manager [None req-93df7376-e53e-462a-b9e7-098cd68124d7 admin admin] Publish callbacks ['neutron.plugins.ml2.drivers.ovn.mech_driver.mech_driver.OVNMechanismDriver._validate_allowed_address_pairs-320968'] for allowed_address_pair (c3ba04c2-ffd9-46de-8684-475f9afba49f), before_create {{(pid=102369) _notify_loop /opt/stack/data/venv/lib/python3.12/site-packages/neutron_lib/callbacks/manager.py:184}}
Mar 27 01:19:54.159728 np0000161115 devstack@neutron-api.service[102369]: DEBUG neutron_lib.callbacks.manager [None req-93df7376-e53e-462a-b9e7-098cd68124d7 admin admin] Publish callbacks [] for port (c3ba04c2-ffd9-46de-8684-475f9afba49f), precommit_create {{(pid=102369) _notify_loop /opt/stack/data/venv/lib/python3.12/site-packages/neutron_lib/callbacks/manager.py:184}}
Mar 27 01:19:54.159914 np0000161115 devstack@neutron-api.service[102369]: DEBUG neutron.plugins.ml2.drivers.ovn.mech_driver.mech_driver [None req-93df7376-e53e-462a-b9e7-098cd68124d7 admin admin] No provisioning block for port c3ba04c2-ffd9-46de-8684-475f9afba49f since it does not have a host {{(pid=102369) _is_port_provisioning_required /opt/stack/neutron/neutron/plugins/ml2/drivers/ovn/mech_driver/mech_driver.py:884}}
Mar 27 01:19:54.160055 np0000161115 devstack@neutron-api.service[102369]: DEBUG neutron.db.ovn_revision_numbers_db [None req-93df7376-e53e-462a-b9e7-098cd68124d7 admin admin] create_initial_revision uuid=c3ba04c2-ffd9-46de-8684-475f9afba49f, type=ports, rev=-1 {{(pid=102369) create_initial_revision /opt/stack/neutron/neutron/db/ovn_revision_numbers_db.py:98}}
Mar 27 01:19:54.195740 np0000161115 devstack@neutron-api.service[102369]: DEBUG neutron_lib.callbacks.manager [None req-93df7376-e53e-462a-b9e7-098cd68124d7 admin admin] Publish callbacks ['neutron.plugins.ml2.ovo_rpc._ObjectChangeHandler.handle_event-241737'] for port (c3ba04c2-ffd9-46de-8684-475f9afba49f), after_create {{(pid=102369) _notify_loop /opt/stack/data/venv/lib/python3.12/site-packages/neutron_lib/callbacks/manager.py:184}}
Mar 27 01:19:54.225629 np0000161115 devstack@neutron-api.service[102369]: DEBUG neutron.api.rpc.handlers.resources_rpc [None req-93df7376-e53e-462a-b9e7-098cd68124d7 admin admin] Pushing event updated for resources: {'Port': ['ID=c3ba04c2-ffd9-46de-8684-475f9afba49f,revision_number=1']} {{(pid=102369) push /opt/stack/neutron/neutron/api/rpc/handlers/resources_rpc.py:237}}
Mar 27 01:19:54.231384 np0000161115 devstack@neutron-api.service[102369]: DEBUG ovsdbapp.backend.ovs_idl.transaction [None req-2d2ec853-2399-40ee-aa35-5b7adc2fb153 None None] Running txn n=1 command(idx=0): AddLSwitchPortCommand(_result=None, lport=c3ba04c2-ffd9-46de-8684-475f9afba49f, lswitch=neutron-d1d8e814-53a2-4515-a134-8bdd92c749da, may_exist=True, network_uuid=d1d8e814-53a2-4515-a134-8bdd92c749da, columns={'addresses': ['fa:16:3e:6f:97:d3'], 'external_ids': {'neutron:port_name': '', 'neutron:device_id': 'ovnmeta-d1d8e814-53a2-4515-a134-8bdd92c749da', 'neutron:project_id': '6e76617a654645aeb6fd5dc7bf0e96f3', 'neutron:cidrs': '', 'neutron:device_owner': 'network:distributed', 'neutron:subnet_pool_addr_scope4': '', 'neutron:subnet_pool_addr_scope6': '', 'neutron:network_name': 'neutron-d1d8e814-53a2-4515-a134-8bdd92c749da', 'neutron:security_group_ids': '', 'neutron:revision_number': '1', 'neutron:vnic_type': 'normal', 'neutron:port_capabilities': '', 'neutron:mtu': ''}, 'parent_name': [], 'tag': [], 'enabled': True, 'options': {}, 'type': 'localport', 'port_security': [], 'dhcpv4_options': [], 'dhcpv6_options': []}) {{(pid=102369) do_commit /opt/stack/data/venv/lib/python3.12/site-packages/ovsdbapp/backend/ovs_idl/transaction.py:89}}
Mar 27 01:19:54.232031 np0000161115 devstack@neutron-api.service[102369]: DEBUG ovsdbapp.backend.ovs_idl.transaction [None req-2d2ec853-2399-40ee-aa35-5b7adc2fb153 None None] Running txn n=1 command(idx=1): QoSDelCommand(_result=None, switch=neutron-d1d8e814-53a2-4515-a134-8bdd92c749da, conditions=[('direction', '=', 'to-lport'), ('priority', '=', 2002), ('match', '=', 'outport == "c3ba04c2-ffd9-46de-8684-475f9afba49f"')], if_exists=True) {{(pid=102369) do_commit /opt/stack/data/venv/lib/python3.12/site-packages/ovsdbapp/backend/ovs_idl/transaction.py:89}}
Mar 27 01:19:54.232253 np0000161115 devstack@neutron-api.service[102369]: DEBUG ovsdbapp.backend.ovs_idl.transaction [None req-2d2ec853-2399-40ee-aa35-5b7adc2fb153 None None] Running txn n=1 command(idx=2): QoSDelCommand(_result=None, switch=neutron-d1d8e814-53a2-4515-a134-8bdd92c749da, conditions=[('direction', '=', 'from-lport'), ('priority', '=', 2002), ('match', '=', 'inport == "c3ba04c2-ffd9-46de-8684-475f9afba49f"')], if_exists=True) {{(pid=102369) do_commit /opt/stack/data/venv/lib/python3.12/site-packages/ovsdbapp/backend/ovs_idl/transaction.py:89}}
Mar 27 01:19:54.237158 np0000161115 devstack@neutron-api.service[102369]: DEBUG neutron.plugins.ml2.drivers.ovn.mech_driver.ovsdb.ovsdb_monitor [None req-2d2ec853-2399-40ee-aa35-5b7adc2fb153 None None] Touching Hash Ring node "34ea3fd7d0b95e34a6fee299c1653983" from IDL notify handler {{(pid=102369) notify /opt/stack/neutron/neutron/plugins/ml2/drivers/ovn/mech_driver/ovsdb/ovsdb_monitor.py:904}}
Mar 27 01:19:54.241339 np0000161115 devstack@neutron-api.service[102369]: DEBUG neutron.plugins.ml2.drivers.ovn.mech_driver.ovsdb.ovsdb_monitor [None req-2d2ec853-2399-40ee-aa35-5b7adc2fb153 None None] Hash Ring: Node 34ea3fd7d0b95e34a6fee299c1653983 (host: np0000161115) handling event "update" for row d1d8e814-53a2-4515-a134-8bdd92c749da (table: Logical_Switch) {{(pid=102369) notify /opt/stack/neutron/neutron/plugins/ml2/drivers/ovn/mech_driver/ovsdb/ovsdb_monitor.py:912}}
Mar 27 01:19:54.242727 np0000161115 devstack@neutron-api.service[102368]: DEBUG neutron.plugins.ml2.drivers.ovn.mech_driver.ovsdb.ovsdb_monitor [None req-d66fdf1c-80c3-4afb-9ad8-c92766e1de97 None None] Touching Hash Ring node "c81a53f9d2295709aa31d6ec5782063e" from IDL notify handler {{(pid=102368) notify /opt/stack/neutron/neutron/plugins/ml2/drivers/ovn/mech_driver/ovsdb/ovsdb_monitor.py:904}}
Mar 27 01:19:54.247590 np0000161115 devstack@neutron-api.service[102368]: DEBUG neutron.plugins.ml2.drivers.ovn.mech_driver.ovsdb.ovsdb_monitor [None req-b731b1ea-5f69-40c0-8c81-e424ec759823 None None] Hash Ring: Node c81a53f9d2295709aa31d6ec5782063e (host: np0000161115) handling event "create" for row 4d463009-6205-4223-940c-b74459d535db (table: Port_Binding) {{(pid=102368) notify /opt/stack/neutron/neutron/plugins/ml2/drivers/ovn/mech_driver/ovsdb/ovsdb_monitor.py:912}}
Mar 27 01:19:54.248409 np0000161115 devstack@neutron-api.service[102368]: DEBUG neutron.plugins.ml2.drivers.ovn.mech_driver.ovsdb.ovsdb_monitor [None req-d66fdf1c-80c3-4afb-9ad8-c92766e1de97 None None] Hash Ring: Node c81a53f9d2295709aa31d6ec5782063e (host: np0000161115) handling event "create" for row 70feb92a-c859-44ea-807b-9cf04ab3be81 (table: Logical_Switch_Port) {{(pid=102368) notify /opt/stack/neutron/neutron/plugins/ml2/drivers/ovn/mech_driver/ovsdb/ovsdb_monitor.py:912}}
Mar 27 01:19:54.249650 np0000161115 devstack@neutron-api.service[102368]: DEBUG ovsdbapp.backend.ovs_idl.event [None req-d66fdf1c-80c3-4afb-9ad8-c92766e1de97 None None] Matched CREATE: LogicalSwitchPortCreateEvent(events=('create',), table='Logical_Switch_Port', conditions=[], old_conditions=None), priority=20 to row=Logical_Switch_Port(uuid=70feb92a-c859-44ea-807b-9cf04ab3be81, addresses=['fa:16:3e:6f:97:d3'], dhcpv4_options=[], dhcpv6_options=[], dynamic_addresses=[], enabled=True, external_ids={'neutron:cidrs': '', 'neutron:device_id': 'ovnmeta-d1d8e814-53a2-4515-a134-8bdd92c749da', 'neutron:device_owner': 'network:distributed', 'neutron:mtu': '', 'neutron:network_name': 'neutron-d1d8e814-53a2-4515-a134-8bdd92c749da', 'neutron:port_capabilities': '', 'neutron:port_name': '', 'neutron:project_id': '6e76617a654645aeb6fd5dc7bf0e96f3', 'neutron:revision_number': '1', 'neutron:security_group_ids': '', 'neutron:subnet_pool_addr_scope4': '', 'neutron:subnet_pool_addr_scope6': '', 'neutron:vnic_type': 'normal'}, ha_chassis_group=[], mirror_rules=[], name='c3ba04c2-ffd9-46de-8684-475f9afba49f', options={}, parent_name=[], port_security=[], tag=[], tag_request=[], type='localport', up=[]) old= {{(pid=102368) matches /opt/stack/data/venv/lib/python3.12/site-packages/ovsdbapp/backend/ovs_idl/event.py:55}}
Mar 27 01:19:54.250668 np0000161115 devstack@neutron-api.service[102368]: INFO neutron.plugins.ml2.drivers.ovn.mech_driver.mech_driver [None req-267a6056-acc3-4dac-a637-7e5f2716720b None None] OVN reports status down for port: c3ba04c2-ffd9-46de-8684-475f9afba49f
Mar 27 01:19:54.252087 np0000161115 devstack@neutron-api.service[102368]: DEBUG neutron.plugins.ml2.drivers.ovn.mech_driver.ovsdb.ovsdb_monitor [None req-d66fdf1c-80c3-4afb-9ad8-c92766e1de97 None None] Touching Hash Ring node "c81a53f9d2295709aa31d6ec5782063e" from IDL notify handler {{(pid=102368) notify /opt/stack/neutron/neutron/plugins/ml2/drivers/ovn/mech_driver/ovsdb/ovsdb_monitor.py:904}}
Mar 27 01:19:54.254442 np0000161115 devstack@neutron-api.service[102368]: DEBUG neutron.plugins.ml2.drivers.ovn.mech_driver.ovsdb.ovsdb_monitor [None req-d66fdf1c-80c3-4afb-9ad8-c92766e1de97 None None] Hash Ring: Node c81a53f9d2295709aa31d6ec5782063e (host: np0000161115) handling event "update" for row 70feb92a-c859-44ea-807b-9cf04ab3be81 (table: Logical_Switch_Port) {{(pid=102368) notify /opt/stack/neutron/neutron/plugins/ml2/drivers/ovn/mech_driver/ovsdb/ovsdb_monitor.py:912}}
Mar 27 01:19:54.275993 np0000161115 devstack@neutron-api.service[102369]: INFO neutron.db.ovn_revision_numbers_db [None req-93df7376-e53e-462a-b9e7-098cd68124d7 admin admin] Successfully bumped revision number for resource c3ba04c2-ffd9-46de-8684-475f9afba49f (type: ports) to 1
Mar 27 01:19:54.280702 np0000161115 devstack@neutron-api.service[102368]: DEBUG neutron.db.provisioning_blocks [None req-267a6056-acc3-4dac-a637-7e5f2716720b None None] Transition to ACTIVE for port object c3ba04c2-ffd9-46de-8684-475f9afba49f will not be triggered until provisioned by entity L2. {{(pid=102368) add_provisioning_component /opt/stack/neutron/neutron/db/provisioning_blocks.py:74}}
Mar 27 01:19:54.283419 np0000161115 devstack@neutron-api.service[102369]: DEBUG neutron.pecan_wsgi.hooks.policy_enforcement [None req-93df7376-e53e-462a-b9e7-098cd68124d7 admin admin] Attributes excluded by policy engine: ['standard_attr_id'] {{(pid=102369) _exclude_attributes_by_policy /opt/stack/neutron/neutron/pecan_wsgi/hooks/policy_enforcement.py:258}}
Mar 27 01:19:54.283761 np0000161115 devstack@neutron-api.service[102369]: DEBUG neutron_lib.callbacks.manager [None req-93df7376-e53e-462a-b9e7-098cd68124d7 admin admin] Publish callbacks [] for network (None), before_response {{(pid=102369) _notify_loop /opt/stack/data/venv/lib/python3.12/site-packages/neutron_lib/callbacks/manager.py:184}}
Mar 27 01:19:54.298354 np0000161115 devstack@neutron-api.service[102369]: [pid: 102369|app: 0|req: 23/93] 199.204.45.70 () {68 vars in 1351 bytes} [Fri Mar 27 01:19:53 2026] POST /networking/v2.0/networks => generated 682 bytes in 614 msecs (HTTP/1.1 201) 4 headers in 162 bytes (1 switches on core 0)
Mar 27 01:19:54.307284 np0000161115 devstack@neutron-api.service[102368]: DEBUG neutron.plugins.ml2.plugin [None req-267a6056-acc3-4dac-a637-7e5f2716720b None None] Current status of the port c3ba04c2-ffd9-46de-8684-475f9afba49f is: DOWN; New status is: DOWN {{(pid=102368) _update_individual_port_db_status /opt/stack/neutron/neutron/plugins/ml2/plugin.py:2466}}
Mar 27 01:19:54.308677 np0000161115 devstack@neutron-api.service[102368]: DEBUG ovsdbapp.backend.ovs_idl.transaction [None req-d66fdf1c-80c3-4afb-9ad8-c92766e1de97 None None] Running txn n=1 command(idx=0): DbRemoveCommand(_result=None, table=Logical_Switch_Port, record=c3ba04c2-ffd9-46de-8684-475f9afba49f, column=external_ids, values=('neutron:host_id',), keyvalues={}, if_exists=True) {{(pid=102368) do_commit /opt/stack/data/venv/lib/python3.12/site-packages/ovsdbapp/backend/ovs_idl/transaction.py:89}}
Mar 27 01:19:54.498644 np0000161115 devstack@neutron-api.service[102366]: INFO neutron.pecan_wsgi.hooks.translation [None req-fa8de380-bb46-4a89-b8f6-1dfe47dc380d admin admin] GET failed (client error): The resource could not be found.
Mar 27 01:19:54.499186 np0000161115 devstack@neutron-api.service[102366]: [pid: 102366|app: 0|req: 25/94] 199.204.45.70 () {64 vars in 1327 bytes} [Fri Mar 27 01:19:54 2026] GET /networking/v2.0/networks/admin_net => generated 111 bytes in 9 msecs (HTTP/1.1 404) 4 headers in 164 bytes (1 switches on core 0)
Mar 27 01:19:54.548158 np0000161115 devstack@neutron-api.service[102367]: DEBUG neutron.pecan_wsgi.hooks.policy_enforcement [None req-a81dbbf5-ebe6-4ff7-8374-7ab78b6f2a2e admin admin] Attributes excluded by policy engine: ['standard_attr_id'] {{(pid=102367) _exclude_attributes_by_policy /opt/stack/neutron/neutron/pecan_wsgi/hooks/policy_enforcement.py:258}}
Mar 27 01:19:54.548793 np0000161115 devstack@neutron-api.service[102367]: [pid: 102367|app: 0|req: 24/95] 199.204.45.70 () {64 vars in 1339 bytes} [Fri Mar 27 01:19:54 2026] GET /networking/v2.0/networks?name=admin_net => generated 666 bytes in 37 msecs (HTTP/1.1 200) 4 headers in 157 bytes (1 switches on core 0)
