2026-04-02 17:56:16.323 9 INFO neutron.wsgi [None req-c23b8faf-10e0-466d-a4b1-87caffa687b4 cd586f28199c4d38ba163c18f30088e3 0970504bdbfe461ea9167b164046cebb - - default default] 10.0.0.157 "GET /v2.0/ports?device_id=3283ebbb-cba2-48d3-a30c-11e69eb4fb80 HTTP/1.1" status: 200 len: 205 time: 0.0195129
2026-04-02 17:56:16.355 9 INFO neutron.api.v2.resource [None req-29208811-aae8-4590-9b21-b3d8406a2f44 cd586f28199c4d38ba163c18f30088e3 0970504bdbfe461ea9167b164046cebb - - default default] delete failed (client error): The resource could not be found.
2026-04-02 17:56:16.356 9 INFO neutron.wsgi [None req-29208811-aae8-4590-9b21-b3d8406a2f44 cd586f28199c4d38ba163c18f30088e3 0970504bdbfe461ea9167b164046cebb - - default default] 10.0.0.157 "DELETE /v2.0/routers/3283ebbb-cba2-48d3-a30c-11e69eb4fb80 HTTP/1.1" status: 404 len: 336 time: 0.0277569
2026-04-02 17:56:16.378 9 INFO neutron.pecan_wsgi.hooks.translation [None req-03c287a7-a9ef-4db1-a1f2-a5b56606ea09 cd586f28199c4d38ba163c18f30088e3 0970504bdbfe461ea9167b164046cebb - - default default] DELETE failed (client error): The resource could not be found.
2026-04-02 17:56:16.380 9 INFO neutron.wsgi [None req-03c287a7-a9ef-4db1-a1f2-a5b56606ea09 cd586f28199c4d38ba163c18f30088e3 0970504bdbfe461ea9167b164046cebb - - default default] 10.0.0.157 "DELETE /v2.0/subnets/b96b03d5-5ed8-402a-abfd-1dcff67ca080 HTTP/1.1" status: 404 len: 337 time: 0.0196936
2026-04-02 17:56:16.402 9 INFO neutron.wsgi [None req-317dabb9-7fe7-48db-8022-0175510724eb cd586f28199c4d38ba163c18f30088e3 0970504bdbfe461ea9167b164046cebb - - default default] 10.0.0.157 "GET /v2.0/ports?device_id=552d69d5-5400-46d6-b161-0fe681e8879d HTTP/1.1" status: 200 len: 205 time: 0.0179944
2026-04-02 17:56:16.428 9 INFO neutron.api.v2.resource [None req-385dc15f-3255-4b59-a835-cfbd3584cd4e cd586f28199c4d38ba163c18f30088e3 0970504bdbfe461ea9167b164046cebb - - default default] delete failed (client error): The resource could not be found.
2026-04-02 17:56:16.429 9 INFO neutron.wsgi [None req-385dc15f-3255-4b59-a835-cfbd3584cd4e cd586f28199c4d38ba163c18f30088e3 0970504bdbfe461ea9167b164046cebb - - default default] 10.0.0.157 "DELETE /v2.0/routers/552d69d5-5400-46d6-b161-0fe681e8879d HTTP/1.1" status: 404 len: 336 time: 0.0231543
2026-04-02 17:56:16.448 9 INFO neutron.pecan_wsgi.hooks.translation [None req-4a465809-6022-4339-892f-d56f84145b10 cd586f28199c4d38ba163c18f30088e3 0970504bdbfe461ea9167b164046cebb - - default default] DELETE failed (client error): The resource could not be found.
2026-04-02 17:56:16.450 9 INFO neutron.wsgi [None req-4a465809-6022-4339-892f-d56f84145b10 cd586f28199c4d38ba163c18f30088e3 0970504bdbfe461ea9167b164046cebb - - default default] 10.0.0.157 "DELETE /v2.0/subnets/d7f90720-2a9e-4782-8c18-68fe1730b309 HTTP/1.1" status: 404 len: 337 time: 0.0165987
2026-04-02 17:56:16.473 9 INFO neutron.pecan_wsgi.hooks.translation [None req-40526f36-4a98-4b5a-9a0d-b1b87c184f69 cd586f28199c4d38ba163c18f30088e3 0970504bdbfe461ea9167b164046cebb - - default default] DELETE failed (client error): The resource could not be found.
2026-04-02 17:56:16.476 9 INFO neutron.wsgi [None req-40526f36-4a98-4b5a-9a0d-b1b87c184f69 cd586f28199c4d38ba163c18f30088e3 0970504bdbfe461ea9167b164046cebb - - default default] 10.0.0.157 "DELETE /v2.0/subnets/19b970cc-3cc5-47d2-8265-af1e58ba1dc9 HTTP/1.1" status: 404 len: 337 time: 0.0217748
2026-04-02 17:56:16.587 10 WARNING neutron.scheduler.dhcp_agent_scheduler [None req-a01f77d2-ffc6-4cbb-bcb5-d376dfc982ef 624cdc91ee6d473da732685720d502ca 94229dfd2e1647d8b46443c10a1ede15 - - default default] No more DHCP agents
2026-04-02 17:56:16.590 10 WARNING neutron.api.rpc.agentnotifiers.dhcp_rpc_agent_api [None req-a01f77d2-ffc6-4cbb-bcb5-d376dfc982ef 624cdc91ee6d473da732685720d502ca 94229dfd2e1647d8b46443c10a1ede15 - - default default] Unable to schedule network e5b9ce7b-b79e-4fbd-82ec-90fee271619b: no agents available; will retry on subsequent port and subnet creation events.
2026-04-02 17:56:16.716 10 INFO neutron.db.ovn_revision_numbers_db [None req-a01f77d2-ffc6-4cbb-bcb5-d376dfc982ef 624cdc91ee6d473da732685720d502ca 94229dfd2e1647d8b46443c10a1ede15 - - default default] Successfully bumped revision number for resource c735d087-5c65-42e6-b209-23965e4ed09b (type: ports) to 1
2026-04-02 17:56:17.033 10 INFO neutron.wsgi [None req-83830d8e-a2a1-4e20-ad61-35a313ad914a e5920096478448dbb6eba624f5643ed6 04efb0ac35034d1aaab6abe3211d5b92 - - default default] 10.0.0.157 "GET /v2.0/security-groups?tenant_id=0970504bdbfe461ea9167b164046cebb&name=default HTTP/1.1" status: 200 len: 3120 time: 0.1631613
2026-04-02 17:56:17.151 9 INFO neutron.wsgi [-] 10.0.0.149 "GET / HTTP/1.1" status: 200 len: 247 time: 0.0018375
2026-04-02 17:56:17.154 9 INFO neutron.wsgi [-] 10.0.0.149 "GET / HTTP/1.1" status: 200 len: 247 time: 0.0025780
2026-04-02 17:56:17.331 10 INFO neutron.wsgi [None req-cfb2d126-8bce-4696-8ff6-562c2437da21 e5920096478448dbb6eba624f5643ed6 04efb0ac35034d1aaab6abe3211d5b92 - - default default] 10.0.0.199 "GET /v2.0/agents HTTP/1.1" status: 200 len: 1390 time: 0.2876916
2026-04-02 17:56:17.374 10 INFO neutron.wsgi [None req-e40e5d97-bf42-4ce3-941a-e0ac35dafd4c e5920096478448dbb6eba624f5643ed6 04efb0ac35034d1aaab6abe3211d5b92 - - default default] 10.0.0.199 "GET /v2.0/floatingips HTTP/1.1" status: 200 len: 193 time: 0.0414338
2026-04-02 17:56:17.443 10 INFO neutron.wsgi [None req-378164e8-ee21-402f-bed4-31d3da78c125 e5920096478448dbb6eba624f5643ed6 04efb0ac35034d1aaab6abe3211d5b92 - - default default] 10.0.0.199 "GET /v2.0/subnets HTTP/1.1" status: 200 len: 1437 time: 0.0666931
2026-04-02 17:56:17.463 10 INFO neutron.wsgi [None req-902c152e-b7ad-46fe-8b92-53aca4cfd0a9 e5920096478448dbb6eba624f5643ed6 04efb0ac35034d1aaab6abe3211d5b92 - - default default] 10.0.0.199 "GET /v2.0/subnetpools HTTP/1.1" status: 200 len: 193 time: 0.0176830
2026-04-02 17:56:17.576 10 INFO neutron.wsgi [None req-a74e9502-9a97-43ac-9049-9e6ed1892ab8 e5920096478448dbb6eba624f5643ed6 04efb0ac35034d1aaab6abe3211d5b92 - - default default] 10.0.0.199 "GET /v2.0/networks HTTP/1.1" status: 200 len: 3058 time: 0.1105528
2026-04-02 17:56:17.606 9 WARNING neutron_lib.context [None req-1c9e597b-e674-41b2-8f61-a94a08956c34 ebe2c9a515b14642b2471cc5c3627181 297ffe6746fb456fb59cd545a4cb5923 - - default default] Method 'is_advsvc' is deprecated since 2023.2 release (neutron-lib 3.8.0) and will be removed once support for the old RBAC API policies will be removed from Neutron. Please use method 'is_service_role' instead.
2026-04-02 17:56:17.735 10 INFO neutron.wsgi [None req-4b40425f-3f34-4a34-9239-cf54086294cf e5920096478448dbb6eba624f5643ed6 04efb0ac35034d1aaab6abe3211d5b92 - - default default] 10.0.0.199 "GET /v2.0/routers HTTP/1.1" status: 200 len: 1144 time: 0.1502025
2026-04-02 17:56:17.742 9 INFO neutron.db.ovn_revision_numbers_db [None req-1c9e597b-e674-41b2-8f61-a94a08956c34 ebe2c9a515b14642b2471cc5c3627181 297ffe6746fb456fb59cd545a4cb5923 - - default default] Successfully bumped revision number for resource 3885bd17-6cf6-4646-9604-3d8643510c92 (type: security_groups) to 1
2026-04-02 17:56:17.757 9 INFO neutron.db.ovn_revision_numbers_db [None req-1c9e597b-e674-41b2-8f61-a94a08956c34 ebe2c9a515b14642b2471cc5c3627181 297ffe6746fb456fb59cd545a4cb5923 - - default default] Successfully bumped revision number for resource 10278028-ba5a-40de-a891-ae849238910a (type: security_group_rules) to 0
2026-04-02 17:56:17.761 10 INFO neutron.wsgi [None req-279443dd-6f3e-4e19-af25-804c096fa585 e5920096478448dbb6eba624f5643ed6 04efb0ac35034d1aaab6abe3211d5b92 - - default default] 10.0.0.199 "GET /v2.0/agents?binary=ovn-controller HTTP/1.1" status: 200 len: 591 time: 0.0242591
2026-04-02 17:56:17.772 9 INFO neutron.db.ovn_revision_numbers_db [None req-1c9e597b-e674-41b2-8f61-a94a08956c34 ebe2c9a515b14642b2471cc5c3627181 297ffe6746fb456fb59cd545a4cb5923 - - default default] Successfully bumped revision number for resource 10668989-3363-4950-9e4e-b3be68e3ed1c (type: security_group_rules) to 0
2026-04-02 17:56:17.780 10 INFO neutron.wsgi [None req-69b74863-33fe-4bf1-bf27-1b9bcb5cbd56 e5920096478448dbb6eba624f5643ed6 04efb0ac35034d1aaab6abe3211d5b92 - - default default] 10.0.0.199 "GET /v2.0/network-ip-availabilities HTTP/1.1" status: 200 len: 1549 time: 0.0178928
2026-04-02 17:56:17.786 9 INFO neutron.db.ovn_revision_numbers_db [None req-1c9e597b-e674-41b2-8f61-a94a08956c34 ebe2c9a515b14642b2471cc5c3627181 297ffe6746fb456fb59cd545a4cb5923 - - default default] Successfully bumped revision number for resource a11f683d-0128-4062-9a53-f57c9b925683 (type: security_group_rules) to 0
2026-04-02 17:56:17.803 9 INFO neutron.db.ovn_revision_numbers_db [None req-1c9e597b-e674-41b2-8f61-a94a08956c34 ebe2c9a515b14642b2471cc5c3627181 297ffe6746fb456fb59cd545a4cb5923 - - default default] Successfully bumped revision number for resource f0027935-f8b6-4497-95a9-56516859eeb8 (type: security_group_rules) to 0
2026-04-02 17:56:17.826 10 INFO neutron.wsgi [None req-a6cc26a2-38c1-42ee-a159-fd2285645621 e5920096478448dbb6eba624f5643ed6 04efb0ac35034d1aaab6abe3211d5b92 - - default default] 10.0.0.157 "DELETE /v2.0/security-groups/efa99d88-71c1-483a-ad82-c77cb2cd2004 HTTP/1.1" status: 204 len: 168 time: 0.7873209
2026-04-02 17:56:17.850 9 INFO neutron.db.segments_db [None req-1c9e597b-e674-41b2-8f61-a94a08956c34 ebe2c9a515b14642b2471cc5c3627181 297ffe6746fb456fb59cd545a4cb5923 - - default default] Added segment de69a77e-d18d-4074-9031-a42a53babfa3 of type geneve for network 744d9687-7125-4178-99e9-e6dd11c7ae72
2026-04-02 17:56:17.861 10 INFO neutron.wsgi [None req-01efa286-50a8-4dd1-a842-f177266a583c e5920096478448dbb6eba624f5643ed6 04efb0ac35034d1aaab6abe3211d5b92 - - default default] 10.0.0.199 "GET /v2.0/security-groups HTTP/1.1" status: 200 len: 23386 time: 0.0782039
2026-04-02 17:56:17.886 10 INFO neutron.plugins.ml2.drivers.ovn.mech_driver.ovsdb.commands [None req-9c5d3a2a-826b-432d-b40f-5c7057dfb494 - - - - - -] Schedule LRP lrp-c735d087-5c65-42e6-b209-23965e4ed09b on gateway e63cc583-2cc1-44ed-bddc-dea82e3a56e8 with priority 1
2026-04-02 17:56:17.917 9 INFO neutron.plugins.ml2.drivers.ovn.mech_driver.ovsdb.ovsdb_monitor [None req-f376f54e-c779-437d-a13a-002091d9385c - - - - - -] Router bf966bca-a0e6-401f-aa16-b1b83a4d05e7 is bound to host instance
2026-04-02 17:56:17.951 10 INFO neutron.wsgi [None req-30de3d7d-affa-4e28-86c3-e51daeb1549f e5920096478448dbb6eba624f5643ed6 04efb0ac35034d1aaab6abe3211d5b92 - - default default] 10.0.0.199 "GET /v2.0/subnets HTTP/1.1" status: 200 len: 1437 time: 0.0787456
2026-04-02 17:56:17.997 10 INFO neutron.db.ovn_revision_numbers_db [None req-a01f77d2-ffc6-4cbb-bcb5-d376dfc982ef 624cdc91ee6d473da732685720d502ca 94229dfd2e1647d8b46443c10a1ede15 - - default default] Successfully bumped revision number for resource c735d087-5c65-42e6-b209-23965e4ed09b (type: router_ports) to 1
2026-04-02 17:56:18.020 10 INFO neutron.wsgi [None req-f4f50ad0-ff5d-487d-b9b1-5b09c0738d0e e5920096478448dbb6eba624f5643ed6 04efb0ac35034d1aaab6abe3211d5b92 - - default default] 10.0.0.199 "GET /v2.0/ports HTTP/1.1" status: 200 len: 7226 time: 0.0668964
2026-04-02 17:56:18.076 9 INFO neutron.db.ovn_revision_numbers_db [None req-1c9e597b-e674-41b2-8f61-a94a08956c34 ebe2c9a515b14642b2471cc5c3627181 297ffe6746fb456fb59cd545a4cb5923 - - default default] Successfully bumped revision number for resource 744d9687-7125-4178-99e9-e6dd11c7ae72 (type: networks) to 1
2026-04-02 17:56:18.094 10 INFO neutron.db.ovn_revision_numbers_db [None req-a01f77d2-ffc6-4cbb-bcb5-d376dfc982ef 624cdc91ee6d473da732685720d502ca 94229dfd2e1647d8b46443c10a1ede15 - - default default] Successfully bumped revision number for resource bf966bca-a0e6-401f-aa16-b1b83a4d05e7 (type: routers) to 2
2026-04-02 17:56:18.112 10 INFO neutron.wsgi [None req-a01f77d2-ffc6-4cbb-bcb5-d376dfc982ef 624cdc91ee6d473da732685720d502ca 94229dfd2e1647d8b46443c10a1ede15 - - default default] 10.0.0.157 "POST /v2.0/routers HTTP/1.1" status: 201 len: 1153 time: 2.0759244
2026-04-02 17:56:18.523 10 INFO neutron.wsgi [None req-584efa60-cd0e-4866-8b62-9223678834cf 5659e0d6858d4784a5fc688eda85a290 71f53ef854fd4f6693ffe0357f9e79cc - - default default] 10.0.0.157 "GET /v2.0/subnets?project_id=94229dfd2e1647d8b46443c10a1ede15&cidr=10.100.0.0%2F28 HTTP/1.1" status: 200 len: 207 time: 0.4040213
2026-04-02 17:56:18.525 9 WARNING neutron.scheduler.dhcp_agent_scheduler [None req-1c9e597b-e674-41b2-8f61-a94a08956c34 ebe2c9a515b14642b2471cc5c3627181 297ffe6746fb456fb59cd545a4cb5923 - - default default] No more DHCP agents
2026-04-02 17:56:18.528 9 WARNING neutron.api.rpc.agentnotifiers.dhcp_rpc_agent_api [None req-1c9e597b-e674-41b2-8f61-a94a08956c34 ebe2c9a515b14642b2471cc5c3627181 297ffe6746fb456fb59cd545a4cb5923 - - default default] Unable to schedule network 744d9687-7125-4178-99e9-e6dd11c7ae72: no agents available; will retry on subsequent port and subnet creation events.
2026-04-02 17:56:18.589 10 WARNING neutron.plugins.ml2.drivers.ovn.mech_driver.ovsdb.ovn_client [None req-8d2cf2ee-c82e-474d-8c94-215c72e4d0c3 - - - - - -] No port found with ID f08d4b81-0fb5-45e3-9b6d-ef4a2fe2e430: RuntimeError: No port found with ID f08d4b81-0fb5-45e3-9b6d-ef4a2fe2e430
2026-04-02 17:56:18.589 10 INFO neutron.plugins.ml2.drivers.ovn.mech_driver.mech_driver [None req-8d2cf2ee-c82e-474d-8c94-215c72e4d0c3 - - - - - -] OVN reports status up for port: c735d087-5c65-42e6-b209-23965e4ed09b
2026-04-02 17:56:18.620 10 INFO neutron.wsgi [None req-466e8bef-d981-476f-b943-aadfa07bad09 5659e0d6858d4784a5fc688eda85a290 71f53ef854fd4f6693ffe0357f9e79cc - - default default] 10.0.0.157 "GET /v2.0/networks?router%3Aexternal=True HTTP/1.1" status: 200 len: 947 time: 0.0937331
2026-04-02 17:56:18.647 9 INFO neutron.db.ovn_revision_numbers_db [None req-1c9e597b-e674-41b2-8f61-a94a08956c34 ebe2c9a515b14642b2471cc5c3627181 297ffe6746fb456fb59cd545a4cb5923 - - default default] Successfully bumped revision number for resource c7d7dba9-f01a-42f9-90f3-7ca8be973129 (type: ports) to 1
2026-04-02 17:56:18.650 10 INFO neutron.plugins.ml2.plugin [None req-8d2cf2ee-c82e-474d-8c94-215c72e4d0c3 - - - - - -] Attempt 1 to provision port c735d087-5c65-42e6-b209-23965e4ed09b
2026-04-02 17:56:18.661 10 INFO neutron.wsgi [None req-929f606f-c542-4e11-96ea-fdecfed9b4e2 5659e0d6858d4784a5fc688eda85a290 71f53ef854fd4f6693ffe0357f9e79cc - - default default] 10.0.0.157 "GET /v2.0/subnets?network_id=e5b9ce7b-b79e-4fbd-82ec-90fee271619b&cidr=10.100.0.0%2F28 HTTP/1.1" status: 200 len: 207 time: 0.0357809
2026-04-02 17:56:18.671 10 WARNING neutron_lib.context [None req-4c9ff142-6af1-4b6e-9fd8-ac49b3673f37 624cdc91ee6d473da732685720d502ca 94229dfd2e1647d8b46443c10a1ede15 - - default default] Method 'is_advsvc' is deprecated since 2023.2 release (neutron-lib 3.8.0) and will be removed once support for the old RBAC API policies will be removed from Neutron. Please use method 'is_service_role' instead.
2026-04-02 17:56:18.674 9 INFO neutron.wsgi [None req-1c9e597b-e674-41b2-8f61-a94a08956c34 ebe2c9a515b14642b2471cc5c3627181 297ffe6746fb456fb59cd545a4cb5923 - - default default] 10.0.0.157 "POST /v2.0/networks HTTP/1.1" status: 201 len: 847 time: 1.2393079
2026-04-02 17:56:18.687 9 WARNING neutron_lib.context [None req-5c04614d-4ab1-46a4-8f35-1fd6c202604b ebe2c9a515b14642b2471cc5c3627181 297ffe6746fb456fb59cd545a4cb5923 - - default default] Method 'is_advsvc' is deprecated since 2023.2 release (neutron-lib 3.8.0) and will be removed once support for the old RBAC API policies will be removed from Neutron. Please use method 'is_service_role' instead.
2026-04-02 17:56:18.951 10 WARNING neutron.scheduler.dhcp_agent_scheduler [None req-4c9ff142-6af1-4b6e-9fd8-ac49b3673f37 624cdc91ee6d473da732685720d502ca 94229dfd2e1647d8b46443c10a1ede15 - - default default] No more DHCP agents
2026-04-02 17:56:18.955 10 WARNING neutron.api.rpc.agentnotifiers.dhcp_rpc_agent_api [None req-4c9ff142-6af1-4b6e-9fd8-ac49b3673f37 624cdc91ee6d473da732685720d502ca 94229dfd2e1647d8b46443c10a1ede15 - - default default] Unable to schedule network eacb2dad-313e-493d-96e7-ba471dabc3f9: no agents available; will retry on subsequent port and subnet creation events.
2026-04-02 17:56:19.118 9 WARNING neutron.scheduler.dhcp_agent_scheduler [None req-5c04614d-4ab1-46a4-8f35-1fd6c202604b ebe2c9a515b14642b2471cc5c3627181 297ffe6746fb456fb59cd545a4cb5923 - - default default] No more DHCP agents
2026-04-02 17:56:19.124 9 WARNING neutron.api.rpc.agentnotifiers.dhcp_rpc_agent_api [None req-5c04614d-4ab1-46a4-8f35-1fd6c202604b ebe2c9a515b14642b2471cc5c3627181 297ffe6746fb456fb59cd545a4cb5923 - - default default] Unable to schedule network 744d9687-7125-4178-99e9-e6dd11c7ae72: no agents available; will retry on subsequent port and subnet creation events.
2026-04-02 17:56:19.192 9 INFO neutron.db.ovn_revision_numbers_db [None req-f376f54e-c779-437d-a13a-002091d9385c - - - - - -] Successfully bumped revision number for resource c735d087-5c65-42e6-b209-23965e4ed09b (type: ports) to 1
2026-04-02 17:56:19.248 9 INFO neutron.db.ovn_revision_numbers_db [None req-5c04614d-4ab1-46a4-8f35-1fd6c202604b ebe2c9a515b14642b2471cc5c3627181 297ffe6746fb456fb59cd545a4cb5923 - - default default] Successfully bumped revision number for resource 368ddcf0-84a1-4fb2-aeee-d5962d25d3e5 (type: ports) to 1
2026-04-02 17:56:19.286 9 INFO neutron.wsgi [None req-5c04614d-4ab1-46a4-8f35-1fd6c202604b ebe2c9a515b14642b2471cc5c3627181 297ffe6746fb456fb59cd545a4cb5923 - - default default] 10.0.0.157 "POST /v2.0/ports HTTP/1.1" status: 201 len: 978 time: 0.6056583 /var/lib/openstack/lib/python3.10/site-packages/pycadf/identifier.py:71: UserWarning: Invalid uuid: neutron. To ensure interoperability, identifiers should be a valid uuid. warnings.warn(('Invalid uuid: %s. To ensure interoperability, '
2026-04-02 17:56:19.296 9 WARNING neutron_lib.context [None req-b8962c02-ffd3-4341-8b67-1537686b9d0d ebe2c9a515b14642b2471cc5c3627181 297ffe6746fb456fb59cd545a4cb5923 - - default default] Method 'is_advsvc' is deprecated since 2023.2 release (neutron-lib 3.8.0) and will be removed once support for the old RBAC API policies will be removed from Neutron. Please use method 'is_service_role' instead.
2026-04-02 17:56:19.430 9 INFO neutron.db.segments_db [None req-b8962c02-ffd3-4341-8b67-1537686b9d0d ebe2c9a515b14642b2471cc5c3627181 297ffe6746fb456fb59cd545a4cb5923 - - default default] Added segment 6b0cd5e7-cdb6-49f2-949b-d0d66d76317e of type geneve for network 8bd0124a-219a-409c-bf0c-f1a58b45f1f4
2026-04-02 17:56:19.518 10 INFO neutron.db.ovn_revision_numbers_db [None req-4c9ff142-6af1-4b6e-9fd8-ac49b3673f37 624cdc91ee6d473da732685720d502ca 94229dfd2e1647d8b46443c10a1ede15 - - default default] Successfully bumped revision number for resource 6f47f8b2-1e08-423c-ab47-56400f74292b (type: ports) to 2
2026-04-02 17:56:19.550 10 INFO neutron.db.ovn_revision_numbers_db [None req-4c9ff142-6af1-4b6e-9fd8-ac49b3673f37 624cdc91ee6d473da732685720d502ca 94229dfd2e1647d8b46443c10a1ede15 - - default default] Successfully bumped revision number for resource d399fe86-e7f9-4a72-8a93-8fba16135ff3 (type: subnets) to 0
2026-04-02 17:56:19.574 10 INFO neutron.wsgi [None req-4c9ff142-6af1-4b6e-9fd8-ac49b3673f37 624cdc91ee6d473da732685720d502ca 94229dfd2e1647d8b46443c10a1ede15 - - default default] 10.0.0.157 "POST /v2.0/subnets HTTP/1.1" status: 201 len: 831 time: 0.9070513
2026-04-02 17:56:19.622 9 INFO neutron.db.ovn_revision_numbers_db [None req-b8962c02-ffd3-4341-8b67-1537686b9d0d ebe2c9a515b14642b2471cc5c3627181 297ffe6746fb456fb59cd545a4cb5923 - - default default] Successfully bumped revision number for resource 8bd0124a-219a-409c-bf0c-f1a58b45f1f4 (type: networks) to 1
2026-04-02 17:56:19.656 9 INFO neutron.db.ovn_revision_numbers_db [None req-f376f54e-c779-437d-a13a-002091d9385c - - - - - -] Successfully bumped revision number for resource c735d087-5c65-42e6-b209-23965e4ed09b (type: router_ports) to 3
2026-04-02 17:56:19.831 9 WARNING neutron.scheduler.dhcp_agent_scheduler [None req-b8962c02-ffd3-4341-8b67-1537686b9d0d ebe2c9a515b14642b2471cc5c3627181 297ffe6746fb456fb59cd545a4cb5923 - - default default] No more DHCP agents
2026-04-02 17:56:19.835 9 WARNING neutron.api.rpc.agentnotifiers.dhcp_rpc_agent_api [None req-b8962c02-ffd3-4341-8b67-1537686b9d0d ebe2c9a515b14642b2471cc5c3627181 297ffe6746fb456fb59cd545a4cb5923 - - default default] Unable to schedule network 8bd0124a-219a-409c-bf0c-f1a58b45f1f4: no agents available; will retry on subsequent port and subnet creation events.
2026-04-02 17:56:19.940 9 INFO neutron.db.ovn_revision_numbers_db [None req-b8962c02-ffd3-4341-8b67-1537686b9d0d ebe2c9a515b14642b2471cc5c3627181 297ffe6746fb456fb59cd545a4cb5923 - - default default] Successfully bumped revision number for resource 503dcd10-1956-4765-a3db-302e3e0cdf69 (type: ports) to 1
2026-04-02 17:56:19.944 10 WARNING neutron_lib.context [None req-44cd5ef8-bb02-4586-b639-b3c33de95180 673686718c054fe1acaf82ff927dca0c cb6e52b70aac458f9925b2b3c57c12b1 - - default default] Method 'is_advsvc' is deprecated since 2023.2 release (neutron-lib 3.8.0) and will be removed once support for the old RBAC API policies will be removed from Neutron. Please use method 'is_service_role' instead.
2026-04-02 17:56:19.948 9 INFO neutron.db.ovn_revision_numbers_db [None req-f376f54e-c779-437d-a13a-002091d9385c - - - - - -] Successfully bumped revision number for resource c735d087-5c65-42e6-b209-23965e4ed09b (type: ports) to 2
2026-04-02 17:56:19.961 9 INFO neutron.wsgi [None req-b8962c02-ffd3-4341-8b67-1537686b9d0d ebe2c9a515b14642b2471cc5c3627181 297ffe6746fb456fb59cd545a4cb5923 - - default default] 10.0.0.157 "POST /v2.0/networks HTTP/1.1" status: 201 len: 835 time: 0.6696410
2026-04-02 17:56:19.980 10 WARNING neutron_lib.context [None req-f9053733-ecee-45dd-a4d6-5a67710ec50f ebe2c9a515b14642b2471cc5c3627181 297ffe6746fb456fb59cd545a4cb5923 - - default default] Method 'is_advsvc' is deprecated since 2023.2 release (neutron-lib 3.8.0) and will be removed once support for the old RBAC API policies will be removed from Neutron. Please use method 'is_service_role' instead.
2026-04-02 17:56:20.289 9 INFO neutron.db.ovn_revision_numbers_db [None req-f376f54e-c779-437d-a13a-002091d9385c - - - - - -] Successfully bumped revision number for resource c735d087-5c65-42e6-b209-23965e4ed09b (type: ports) to 4
2026-04-02 17:56:20.635 10 INFO neutron.db.ovn_revision_numbers_db [None req-44cd5ef8-bb02-4586-b639-b3c33de95180 673686718c054fe1acaf82ff927dca0c cb6e52b70aac458f9925b2b3c57c12b1 - - default default] Successfully bumped revision number for resource 348e35c3-5c28-4191-b360-bd4cab7b49c7 (type: security_groups) to 1
2026-04-02 17:56:20.647 10 INFO neutron.db.ovn_revision_numbers_db [None req-61a8e358-8fcf-40a2-83b8-6bba5fb6c4e0 b18ea61d7e3c463f90515b683279f1c3 9cf8b69dd1214192a80540da3d116fda - - default default] Successfully bumped revision number for resource 648ff833-d127-4c06-9020-1d192939482b (type: security_groups) to 1
2026-04-02 17:56:20.700 9 INFO neutron.db.ovn_revision_numbers_db [None req-f376f54e-c779-437d-a13a-002091d9385c - - - - - -] Successfully bumped revision number for resource c735d087-5c65-42e6-b209-23965e4ed09b (type: router_ports) to 4
2026-04-02 17:56:20.707 10 INFO neutron.db.ovn_revision_numbers_db [None req-44cd5ef8-bb02-4586-b639-b3c33de95180 673686718c054fe1acaf82ff927dca0c cb6e52b70aac458f9925b2b3c57c12b1 - - default default] Successfully bumped revision number for resource 248e2c5b-63c0-41e6-8628-feae5e848ebc (type: security_group_rules) to 0
2026-04-02 17:56:20.711 10 INFO neutron.db.ovn_revision_numbers_db [None req-61a8e358-8fcf-40a2-83b8-6bba5fb6c4e0 b18ea61d7e3c463f90515b683279f1c3 9cf8b69dd1214192a80540da3d116fda - - default default] Successfully bumped revision number for resource 78e4e749-da3f-4411-bb65-0a61be45e05b (type: security_group_rules) to 0
2026-04-02 17:56:20.743 10 INFO neutron.db.ovn_revision_numbers_db [None req-61a8e358-8fcf-40a2-83b8-6bba5fb6c4e0 b18ea61d7e3c463f90515b683279f1c3 9cf8b69dd1214192a80540da3d116fda - - default default] Successfully bumped revision number for resource 8d258723-8cee-4b1f-9442-6d13f90b7fec (type: security_group_rules) to 0
2026-04-02 17:56:20.746 10 INFO neutron.db.ovn_revision_numbers_db [None req-44cd5ef8-bb02-4586-b639-b3c33de95180 673686718c054fe1acaf82ff927dca0c cb6e52b70aac458f9925b2b3c57c12b1 - - default default] Successfully bumped revision number for resource 92a07a01-1cba-44ad-bab9-4c335a94274a (type: security_group_rules) to 0
2026-04-02 17:56:20.782 10 INFO neutron.db.ovn_revision_numbers_db [None req-61a8e358-8fcf-40a2-83b8-6bba5fb6c4e0 b18ea61d7e3c463f90515b683279f1c3 9cf8b69dd1214192a80540da3d116fda - - default default] Successfully bumped revision number for resource bb1c2aa3-b6b8-4c14-ade8-2301f59818ef (type: security_group_rules) to 0
2026-04-02 17:56:20.790 10 INFO neutron.db.ovn_revision_numbers_db [None req-44cd5ef8-bb02-4586-b639-b3c33de95180 673686718c054fe1acaf82ff927dca0c cb6e52b70aac458f9925b2b3c57c12b1 - - default default] Successfully bumped revision number for resource cc5856e8-6ad9-4d7e-b962-16b83389c3fb (type: security_group_rules) to 0
2026-04-02 17:56:20.796 10 WARNING neutron.scheduler.dhcp_agent_scheduler [None req-f9053733-ecee-45dd-a4d6-5a67710ec50f ebe2c9a515b14642b2471cc5c3627181 297ffe6746fb456fb59cd545a4cb5923 - - default default] No more DHCP agents
2026-04-02 17:56:20.803 10 WARNING neutron.api.rpc.agentnotifiers.dhcp_rpc_agent_api [None req-f9053733-ecee-45dd-a4d6-5a67710ec50f ebe2c9a515b14642b2471cc5c3627181 297ffe6746fb456fb59cd545a4cb5923 - - default default] Unable to schedule network 8bd0124a-219a-409c-bf0c-f1a58b45f1f4: no agents available; will retry on subsequent port and subnet creation events.
2026-04-02 17:56:20.810 10 WARNING neutron.scheduler.dhcp_agent_scheduler [None req-30194040-a754-43a3-a3a9-66f9c2f7aee9 624cdc91ee6d473da732685720d502ca 94229dfd2e1647d8b46443c10a1ede15 - - default default] No more DHCP agents
2026-04-02 17:56:20.814 10 WARNING neutron.api.rpc.agentnotifiers.dhcp_rpc_agent_api [None req-30194040-a754-43a3-a3a9-66f9c2f7aee9 624cdc91ee6d473da732685720d502ca 94229dfd2e1647d8b46443c10a1ede15 - - default default] Unable to schedule network eacb2dad-313e-493d-96e7-ba471dabc3f9: no agents available; will retry on subsequent port and subnet creation events.
2026-04-02 17:56:20.828 10 INFO neutron.db.ovn_revision_numbers_db [None req-61a8e358-8fcf-40a2-83b8-6bba5fb6c4e0 b18ea61d7e3c463f90515b683279f1c3 9cf8b69dd1214192a80540da3d116fda - - default default] Successfully bumped revision number for resource c0a95ad4-50b0-457f-b818-97720ea2b303 (type: security_group_rules) to 0
2026-04-02 17:56:20.837 10 INFO neutron.db.ovn_revision_numbers_db [None req-44cd5ef8-bb02-4586-b639-b3c33de95180 673686718c054fe1acaf82ff927dca0c cb6e52b70aac458f9925b2b3c57c12b1 - - default default] Successfully bumped revision number for resource dd566932-2274-49b0-98aa-3e983e650bec (type: security_group_rules) to 0
2026-04-02 17:56:20.888 10 INFO neutron.db.ovn_revision_numbers_db [None req-f9053733-ecee-45dd-a4d6-5a67710ec50f ebe2c9a515b14642b2471cc5c3627181 297ffe6746fb456fb59cd545a4cb5923 - - default default] Successfully bumped revision number for resource 618520ce-bf6a-47e8-b4f5-de9465ea6cc6 (type: subnets) to 0
2026-04-02 17:56:20.918 10 INFO neutron.db.segments_db [None req-61a8e358-8fcf-40a2-83b8-6bba5fb6c4e0 b18ea61d7e3c463f90515b683279f1c3 9cf8b69dd1214192a80540da3d116fda - - default default] Added segment c5e8a8b3-cdea-4d09-b21b-c24a758e1867 of type geneve for network 4c2b7d06-67c7-4c94-9af1-79ef419864a8
2026-04-02 17:56:20.937 10 INFO neutron.wsgi [None req-f9053733-ecee-45dd-a4d6-5a67710ec50f ebe2c9a515b14642b2471cc5c3627181 297ffe6746fb456fb59cd545a4cb5923 - - default default] 10.0.0.157 "POST /v2.0/subnets HTTP/1.1" status: 201 len: 821 time: 0.9666164
2026-04-02 17:56:20.949 9 WARNING neutron_lib.context [None req-19102101-9725-4c3a-8f4a-36fffd28f449 ebe2c9a515b14642b2471cc5c3627181 297ffe6746fb456fb59cd545a4cb5923 - - default default] Method 'is_advsvc' is deprecated since 2023.2 release (neutron-lib 3.8.0) and will be removed once support for the old RBAC API policies will be removed from Neutron. Please use method 'is_service_role' instead.
2026-04-02 17:56:21.112 10 INFO neutron.db.ovn_revision_numbers_db [None req-44cd5ef8-bb02-4586-b639-b3c33de95180 673686718c054fe1acaf82ff927dca0c cb6e52b70aac458f9925b2b3c57c12b1 - - default default] Successfully bumped revision number for resource a4c15b13-ecd1-4a54-96e4-87858b9e14ae (type: security_groups) to 1
2026-04-02 17:56:21.161 10 INFO neutron.db.ovn_revision_numbers_db [None req-44cd5ef8-bb02-4586-b639-b3c33de95180 673686718c054fe1acaf82ff927dca0c cb6e52b70aac458f9925b2b3c57c12b1 - - default default] Successfully bumped revision number for resource 1aae4388-067d-4298-8213-58b0f607b6ea (type: security_group_rules) to 0
2026-04-02 17:56:21.212 10 INFO neutron.db.ovn_revision_numbers_db [None req-44cd5ef8-bb02-4586-b639-b3c33de95180 673686718c054fe1acaf82ff927dca0c cb6e52b70aac458f9925b2b3c57c12b1 - - default default] Successfully bumped revision number for resource 36e18412-e037-44ee-84a2-8c5be84c76c1 (type: security_group_rules) to 0
2026-04-02 17:56:21.228 10 INFO neutron.db.ovn_revision_numbers_db [None req-61a8e358-8fcf-40a2-83b8-6bba5fb6c4e0 b18ea61d7e3c463f90515b683279f1c3 9cf8b69dd1214192a80540da3d116fda - - default default] Successfully bumped revision number for resource 4c2b7d06-67c7-4c94-9af1-79ef419864a8 (type: networks) to 1
2026-04-02 17:56:21.250 10 INFO neutron.wsgi [None req-44cd5ef8-bb02-4586-b639-b3c33de95180 673686718c054fe1acaf82ff927dca0c cb6e52b70aac458f9925b2b3c57c12b1 - - default default] 10.0.0.157 "POST /v2.0/security-groups HTTP/1.1" status: 201 len: 1825 time: 1.4463515
2026-04-02 17:56:21.256 10 INFO neutron.db.ovn_revision_numbers_db [None req-30194040-a754-43a3-a3a9-66f9c2f7aee9 624cdc91ee6d473da732685720d502ca 94229dfd2e1647d8b46443c10a1ede15 - - default default] Successfully bumped revision number for resource 2535edb2-4389-4466-886f-032a19e6deaa (type: ports) to 1
2026-04-02 17:56:21.308 9 INFO neutron.wsgi [None req-0db08db2-c16e-4cfc-a5f6-1ef6749f74f5 673686718c054fe1acaf82ff927dca0c cb6e52b70aac458f9925b2b3c57c12b1 - - default default] 10.0.0.157 "GET /v2.0/security-groups HTTP/1.1" status: 200 len: 4725 time: 0.0531669
2026-04-02 17:56:21.325 9 WARNING neutron.scheduler.dhcp_agent_scheduler [None req-19102101-9725-4c3a-8f4a-36fffd28f449 ebe2c9a515b14642b2471cc5c3627181 297ffe6746fb456fb59cd545a4cb5923 - - default default] No more DHCP agents
2026-04-02 17:56:21.326 9 WARNING neutron.api.rpc.agentnotifiers.dhcp_rpc_agent_api [None req-19102101-9725-4c3a-8f4a-36fffd28f449 ebe2c9a515b14642b2471cc5c3627181 297ffe6746fb456fb59cd545a4cb5923 - - default default] Unable to schedule network 8bd0124a-219a-409c-bf0c-f1a58b45f1f4: no agents available; will retry on subsequent port and subnet creation events.
2026-04-02 17:56:21.437 9 INFO neutron.db.ovn_revision_numbers_db [None req-19102101-9725-4c3a-8f4a-36fffd28f449 ebe2c9a515b14642b2471cc5c3627181 297ffe6746fb456fb59cd545a4cb5923 - - default default] Successfully bumped revision number for resource 4dabad0d-6af3-4b35-985f-d0837fd8d14e (type: ports) to 1
2026-04-02 17:56:21.463 9 INFO neutron.wsgi [None req-19102101-9725-4c3a-8f4a-36fffd28f449 ebe2c9a515b14642b2471cc5c3627181 297ffe6746fb456fb59cd545a4cb5923 - - default default] 10.0.0.157 "POST /v2.0/ports HTTP/1.1" status: 201 len: 1160 time: 0.5208642 /var/lib/openstack/lib/python3.10/site-packages/pycadf/identifier.py:71: UserWarning: Invalid uuid: neutron. To ensure interoperability, identifiers should be a valid uuid. warnings.warn(('Invalid uuid: %s. To ensure interoperability, '
2026-04-02 17:56:21.523 10 INFO neutron.db.ovn_revision_numbers_db [None req-dea2acd8-7a09-4eb7-a637-fd9b7f7d3035 673686718c054fe1acaf82ff927dca0c cb6e52b70aac458f9925b2b3c57c12b1 - - default default] Successfully bumped revision number for resource a4c15b13-ecd1-4a54-96e4-87858b9e14ae (type: security_groups) to 2
2026-04-02 17:56:21.527 10 INFO neutron.wsgi [None req-dea2acd8-7a09-4eb7-a637-fd9b7f7d3035 673686718c054fe1acaf82ff927dca0c cb6e52b70aac458f9925b2b3c57c12b1 - - default default] 10.0.0.157 "PUT /v2.0/security-groups/a4c15b13-ecd1-4a54-96e4-87858b9e14ae HTTP/1.1" status: 200 len: 1858 time: 0.2114537
2026-04-02 17:56:21.561 9 INFO neutron.wsgi [None req-91ea8589-447c-4e9b-889a-0287ed38038e 673686718c054fe1acaf82ff927dca0c cb6e52b70aac458f9925b2b3c57c12b1 - - default default] 10.0.0.157 "GET /v2.0/security-groups/a4c15b13-ecd1-4a54-96e4-87858b9e14ae HTTP/1.1" status: 200 len: 1858 time: 0.0296628
2026-04-02 17:56:21.712 9 INFO neutron.wsgi [None req-28ba6d50-6e55-4331-9a4d-e318507b675d 673686718c054fe1acaf82ff927dca0c cb6e52b70aac458f9925b2b3c57c12b1 - - default default] 10.0.0.157 "DELETE /v2.0/security-groups/a4c15b13-ecd1-4a54-96e4-87858b9e14ae HTTP/1.1" status: 204 len: 168 time: 0.1426604
2026-04-02 17:56:21.757 10 WARNING neutron.scheduler.dhcp_agent_scheduler [None req-61a8e358-8fcf-40a2-83b8-6bba5fb6c4e0 b18ea61d7e3c463f90515b683279f1c3 9cf8b69dd1214192a80540da3d116fda - - default default] No more DHCP agents
2026-04-02 17:56:21.763 10 WARNING neutron.api.rpc.agentnotifiers.dhcp_rpc_agent_api [None req-61a8e358-8fcf-40a2-83b8-6bba5fb6c4e0 b18ea61d7e3c463f90515b683279f1c3 9cf8b69dd1214192a80540da3d116fda - - default default] Unable to schedule network 4c2b7d06-67c7-4c94-9af1-79ef419864a8: no agents available; will retry on subsequent port and subnet creation events.
2026-04-02 17:56:21.764 9 INFO neutron.wsgi [None req-c5ea5940-2952-4ed8-9be7-5ff3965ebe3d 673686718c054fe1acaf82ff927dca0c cb6e52b70aac458f9925b2b3c57c12b1 - - default default] 10.0.0.157 "GET /v2.0/security-groups HTTP/1.1" status: 200 len: 3120 time: 0.0476508
2026-04-02 17:56:21.778 9 INFO neutron.api.v2.resource [None req-31ecc44e-95ff-4dbf-a129-662db69f4f60 673686718c054fe1acaf82ff927dca0c cb6e52b70aac458f9925b2b3c57c12b1 - - default default] delete failed (client error): The resource could not be found.
2026-04-02 17:56:21.779 9 INFO neutron.wsgi [None req-31ecc44e-95ff-4dbf-a129-662db69f4f60 673686718c054fe1acaf82ff927dca0c cb6e52b70aac458f9925b2b3c57c12b1 - - default default] 10.0.0.157 "DELETE /v2.0/security-groups/a4c15b13-ecd1-4a54-96e4-87858b9e14ae HTTP/1.1" status: 404 len: 347 time: 0.0095499
2026-04-02 17:56:21.793 9 WARNING neutron_lib.context [None req-f970360f-6de6-47bc-8c61-d8803213479b 673686718c054fe1acaf82ff927dca0c cb6e52b70aac458f9925b2b3c57c12b1 - - default default] Method 'is_advsvc' is deprecated since 2023.2 release (neutron-lib 3.8.0) and will be removed once support for the old RBAC API policies will be removed from Neutron. Please use method 'is_service_role' instead.
2026-04-02 17:56:21.867 9 INFO neutron.wsgi [None req-2daee6d1-5a4d-4e2d-b247-f5d1994990a5 ebe2c9a515b14642b2471cc5c3627181 297ffe6746fb456fb59cd545a4cb5923 - - default default] 10.0.0.157 "DELETE /v2.0/ports/4dabad0d-6af3-4b35-985f-d0837fd8d14e HTTP/1.1" status: 204 len: 168 time: 0.3981922
2026-04-02 17:56:21.890 10 INFO neutron.pecan_wsgi.hooks.translation [None req-81f8e6fe-cde8-4e32-8d96-cfa73557693a ebe2c9a515b14642b2471cc5c3627181 297ffe6746fb456fb59cd545a4cb5923 - - default default] DELETE failed (client error): The resource could not be found.
2026-04-02 17:56:21.893 10 INFO neutron.wsgi [None req-81f8e6fe-cde8-4e32-8d96-cfa73557693a ebe2c9a515b14642b2471cc5c3627181 297ffe6746fb456fb59cd545a4cb5923 - - default default] 10.0.0.157 "DELETE /v2.0/ports/4dabad0d-6af3-4b35-985f-d0837fd8d14e HTTP/1.1" status: 404 len: 333 time: 0.0210633
2026-04-02 17:56:21.894 10 INFO neutron.db.ovn_revision_numbers_db [None req-61a8e358-8fcf-40a2-83b8-6bba5fb6c4e0 b18ea61d7e3c463f90515b683279f1c3 9cf8b69dd1214192a80540da3d116fda - - default default] Successfully bumped revision number for resource 4a370d55-c177-4d96-9730-f2a4599eb7fd (type: ports) to 1
2026-04-02 17:56:21.917 9 INFO neutron.pecan_wsgi.hooks.translation [None req-a23bc4f3-b0d1-4ac4-8780-7790c48d59dd ebe2c9a515b14642b2471cc5c3627181 297ffe6746fb456fb59cd545a4cb5923 - - default default] GET failed (client error): The resource could not be found.
2026-04-02 17:56:21.919 9 INFO neutron.wsgi [None req-a23bc4f3-b0d1-4ac4-8780-7790c48d59dd ebe2c9a515b14642b2471cc5c3627181 297ffe6746fb456fb59cd545a4cb5923 - - default default] 10.0.0.157 "GET /v2.0/ports/4dabad0d-6af3-4b35-985f-d0837fd8d14e HTTP/1.1" status: 404 len: 333 time: 0.0218253
2026-04-02 17:56:21.934 10 INFO neutron.wsgi [None req-61a8e358-8fcf-40a2-83b8-6bba5fb6c4e0 b18ea61d7e3c463f90515b683279f1c3 9cf8b69dd1214192a80540da3d116fda - - default default] 10.0.0.157 "POST /v2.0/networks HTTP/1.1" status: 201 len: 928 time: 2.0716717
2026-04-02 17:56:21.950 9 INFO neutron.db.ovn_revision_numbers_db [None req-f970360f-6de6-47bc-8c61-d8803213479b 673686718c054fe1acaf82ff927dca0c cb6e52b70aac458f9925b2b3c57c12b1 - - default default] Successfully bumped revision number for resource 5bf29286-19f7-4814-90a6-d9b36ebb5769 (type: security_groups) to 1
2026-04-02 17:56:21.971 9 INFO neutron.db.ovn_revision_numbers_db [None req-f970360f-6de6-47bc-8c61-d8803213479b 673686718c054fe1acaf82ff927dca0c cb6e52b70aac458f9925b2b3c57c12b1 - - default default] Successfully bumped revision number for resource 7eac8f36-5d15-4f96-bff3-45c502fcaf94 (type: security_group_rules) to 0
2026-04-02 17:56:22.020 9 INFO neutron.db.ovn_revision_numbers_db [None req-f970360f-6de6-47bc-8c61-d8803213479b 673686718c054fe1acaf82ff927dca0c cb6e52b70aac458f9925b2b3c57c12b1 - - default default] Successfully bumped revision number for resource eadc1d0c-5e40-477f-b604-ebe1ae8eec99 (type: security_group_rules) to 0
2026-04-02 17:56:22.048 9 INFO neutron.wsgi [None req-f970360f-6de6-47bc-8c61-d8803213479b 673686718c054fe1acaf82ff927dca0c cb6e52b70aac458f9925b2b3c57c12b1 - - default default] 10.0.0.157 "POST /v2.0/security-groups HTTP/1.1" status: 201 len: 1825 time: 0.2594275
2026-04-02 17:56:22.062 10 WARNING neutron_lib.context [None req-1fb96b52-3dd9-45b9-ba2d-a28b074e7e2d 673686718c054fe1acaf82ff927dca0c cb6e52b70aac458f9925b2b3c57c12b1 - - default default] Method 'is_advsvc' is deprecated since 2023.2 release (neutron-lib 3.8.0) and will be removed once support for the old RBAC API policies will be removed from Neutron. Please use method 'is_service_role' instead.
2026-04-02 17:56:22.157 9 WARNING neutron.scheduler.dhcp_agent_scheduler [None req-4a54fd84-cafe-4f63-b929-7085b1d42c12 b18ea61d7e3c463f90515b683279f1c3 9cf8b69dd1214192a80540da3d116fda - - default default] No more DHCP agents
2026-04-02 17:56:22.161 9 WARNING neutron.api.rpc.agentnotifiers.dhcp_rpc_agent_api [None req-4a54fd84-cafe-4f63-b929-7085b1d42c12 b18ea61d7e3c463f90515b683279f1c3 9cf8b69dd1214192a80540da3d116fda - - default default] Unable to schedule network 4c2b7d06-67c7-4c94-9af1-79ef419864a8: no agents available; will retry on subsequent port and subnet creation events.
2026-04-02 17:56:22.177 9 INFO neutron.wsgi [None req-7aacebca-f3bd-4afe-a3fb-75299e0a4309 ebe2c9a515b14642b2471cc5c3627181 297ffe6746fb456fb59cd545a4cb5923 - - default default] 10.0.0.157 "DELETE /v2.0/subnets/618520ce-bf6a-47e8-b4f5-de9465ea6cc6 HTTP/1.1" status: 204 len: 168 time: 0.2537889
2026-04-02 17:56:22.294 10 ERROR ovsdbapp.backend.ovs_idl.command [None req-30194040-a754-43a3-a3a9-66f9c2f7aee9 624cdc91ee6d473da732685720d502ca 94229dfd2e1647d8b46443c10a1ede15 - - default default] Error executing command (DbGetCommand): ovsdbapp.backend.ovs_idl.idlutils.RowNotFound: Cannot find Logical_Router_Port with name=lrp-2535edb2-4389-4466-886f-032a19e6deaa
2026-04-02 17:56:22.294 10 ERROR ovsdbapp.backend.ovs_idl.command
Traceback (most recent call last):
2026-04-02 17:56:22.294 10 ERROR ovsdbapp.backend.ovs_idl.command
File "/var/lib/openstack/lib/python3.10/site-packages/ovsdbapp/backend/ovs_idl/command.py", line 47, in execute
2026-04-02 17:56:22.294 10 ERROR ovsdbapp.backend.ovs_idl.command self.run_idl(None)
2026-04-02 17:56:22.294 10 ERROR ovsdbapp.backend.ovs_idl.command
File "/var/lib/openstack/lib/python3.10/site-packages/ovsdbapp/backend/ovs_idl/command.py", line 235, in run_idl
2026-04-02 17:56:22.294 10 ERROR ovsdbapp.backend.ovs_idl.command record = self.api.lookup(self.table, self.record)
2026-04-02 17:56:22.294 10 ERROR ovsdbapp.backend.ovs_idl.command
File "/var/lib/openstack/lib/python3.10/site-packages/ovsdbapp/backend/ovs_idl/__init__.py", line 184, in lookup
2026-04-02 17:56:22.294 10 ERROR ovsdbapp.backend.ovs_idl.command return self._lookup(table, record)
2026-04-02 17:56:22.294 10 ERROR ovsdbapp.backend.ovs_idl.command
File "/var/lib/openstack/lib/python3.10/site-packages/ovsdbapp/backend/ovs_idl/__init__.py", line 235, in _lookup
2026-04-02 17:56:22.294 10 ERROR ovsdbapp.backend.ovs_idl.command row = idlutils.row_by_value(self, rl.table, rl.column, record)
2026-04-02 17:56:22.294 10 ERROR ovsdbapp.backend.ovs_idl.command
File "/var/lib/openstack/lib/python3.10/site-packages/ovsdbapp/backend/ovs_idl/idlutils.py", line 114, in row_by_value
2026-04-02 17:56:22.294 10 ERROR ovsdbapp.backend.ovs_idl.command raise RowNotFound(table=table, col=column, match=match)
2026-04-02 17:56:22.294 10 ERROR ovsdbapp.backend.ovs_idl.command ovsdbapp.backend.ovs_idl.idlutils.RowNotFound: Cannot find Logical_Router_Port with name=lrp-2535edb2-4389-4466-886f-032a19e6deaa
2026-04-02 17:56:22.294 10 ERROR ovsdbapp.backend.ovs_idl.command 
2026-04-02 17:56:22.295 10 ERROR neutron_lib.callbacks.manager [None req-30194040-a754-43a3-a3a9-66f9c2f7aee9 624cdc91ee6d473da732685720d502ca 94229dfd2e1647d8b46443c10a1ede15 - - default default] Error during notification for neutron.services.ovn_l3.plugin.OVNL3RouterPlugin._port_update-8761650290406 port, after_update: ovsdbapp.backend.ovs_idl.idlutils.RowNotFound: Cannot find Logical_Router_Port with name=lrp-2535edb2-4389-4466-886f-032a19e6deaa
2026-04-02 17:56:22.295 10 ERROR neutron_lib.callbacks.manager
Traceback (most recent call last):
2026-04-02 17:56:22.295 10 ERROR neutron_lib.callbacks.manager
File "/var/lib/openstack/lib/python3.10/site-packages/neutron_lib/callbacks/manager.py", line 189, in _notify_loop
2026-04-02 17:56:22.295 10 ERROR neutron_lib.callbacks.manager callback.method(resource, event, trigger, payload=payload)
2026-04-02 17:56:22.295 10 ERROR neutron_lib.callbacks.manager
File "/var/lib/openstack/lib/python3.10/site-packages/neutron/services/ovn_l3/plugin.py", line 391, in _port_update
2026-04-02 17:56:22.295 10 ERROR neutron_lib.callbacks.manager l3plugin._ovn_client.update_router_port(context,
2026-04-02 17:56:22.295 10 ERROR neutron_lib.callbacks.manager
File "/var/lib/openstack/lib/python3.10/site-packages/neutron/plugins/ml2/drivers/ovn/mech_driver/ovsdb/ovn_client.py", line 1878, in update_router_port
2026-04-02 17:56:22.295 10 ERROR neutron_lib.callbacks.manager self._update_lrouter_port(context, port, if_exists=if_exists,
2026-04-02 17:56:22.295 10 ERROR neutron_lib.callbacks.manager
File "/var/lib/openstack/lib/python3.10/site-packages/neutron/plugins/ml2/drivers/ovn/mech_driver/ovsdb/ovn_client.py", line 1855, in _update_lrouter_port
2026-04-02 17:56:22.295 10 ERROR neutron_lib.callbacks.manager external_ids = self._nb_idl.db_get(
2026-04-02 17:56:22.295 10 ERROR neutron_lib.callbacks.manager
File "/var/lib/openstack/lib/python3.10/site-packages/ovsdbapp/backend/ovs_idl/command.py", line 47, in execute
2026-04-02 17:56:22.295 10 ERROR neutron_lib.callbacks.manager self.run_idl(None)
2026-04-02 17:56:22.295 10 ERROR neutron_lib.callbacks.manager
File "/var/lib/openstack/lib/python3.10/site-packages/ovsdbapp/backend/ovs_idl/command.py", line 235, in run_idl
2026-04-02 17:56:22.295 10 ERROR neutron_lib.callbacks.manager record = self.api.lookup(self.table, self.record)
2026-04-02 17:56:22.295 10 ERROR neutron_lib.callbacks.manager
File "/var/lib/openstack/lib/python3.10/site-packages/ovsdbapp/backend/ovs_idl/__init__.py", line 184, in lookup
2026-04-02 17:56:22.295 10 ERROR neutron_lib.callbacks.manager return self._lookup(table, record)
2026-04-02 17:56:22.295 10 ERROR neutron_lib.callbacks.manager
File "/var/lib/openstack/lib/python3.10/site-packages/ovsdbapp/backend/ovs_idl/__init__.py", line 235, in _lookup
2026-04-02 17:56:22.295 10 ERROR neutron_lib.callbacks.manager row = idlutils.row_by_value(self, rl.table, rl.column, record)
2026-04-02 17:56:22.295 10 ERROR neutron_lib.callbacks.manager
File "/var/lib/openstack/lib/python3.10/site-packages/ovsdbapp/backend/ovs_idl/idlutils.py", line 114, in row_by_value
2026-04-02 17:56:22.295 10 ERROR neutron_lib.callbacks.manager raise RowNotFound(table=table, col=column, match=match)
2026-04-02 17:56:22.295 10 ERROR neutron_lib.callbacks.manager ovsdbapp.backend.ovs_idl.idlutils.RowNotFound: Cannot find Logical_Router_Port with name=lrp-2535edb2-4389-4466-886f-032a19e6deaa
2026-04-02 17:56:22.295 10 ERROR neutron_lib.callbacks.manager 
2026-04-02 17:56:22.319 10 INFO neutron.db.ovn_revision_numbers_db [None req-1fb96b52-3dd9-45b9-ba2d-a28b074e7e2d 673686718c054fe1acaf82ff927dca0c cb6e52b70aac458f9925b2b3c57c12b1 - - default default] Successfully bumped revision number for resource 48fa0926-d027-40e5-abdb-f56004406e91 (type: security_group_rules) to 0
2026-04-02 17:56:22.353 10 INFO neutron.wsgi [None req-1fb96b52-3dd9-45b9-ba2d-a28b074e7e2d 673686718c054fe1acaf82ff927dca0c cb6e52b70aac458f9925b2b3c57c12b1 - - default default] 10.0.0.157 "POST /v2.0/security-group-rules HTTP/1.1" status: 201 len: 800 time: 0.2978735
2026-04-02 17:56:22.382 10 INFO neutron.wsgi [None req-30280119-7037-4677-9177-7c47a49a2478 673686718c054fe1acaf82ff927dca0c cb6e52b70aac458f9925b2b3c57c12b1 - - default default] 10.0.0.157 "GET /v2.0/security-group-rules/48fa0926-d027-40e5-abdb-f56004406e91 HTTP/1.1" status: 200 len: 795 time: 0.0246274
2026-04-02 17:56:22.512 10 INFO neutron.wsgi [None req-9f43542e-e5c4-4152-a609-5adf53b61ac5 673686718c054fe1acaf82ff927dca0c cb6e52b70aac458f9925b2b3c57c12b1 - - default default] 10.0.0.157 "GET /v2.0/security-group-rules HTTP/1.1" status: 200 len: 4333 time: 0.1254742
2026-04-02 17:56:22.572 9 INFO neutron.plugins.ml2.drivers.ovn.mech_driver.mech_driver [None req-31a44c0b-f4e7-4680-a320-06d4f79cb80f - - - - - -] OVN reports status up for port: 2535edb2-4389-4466-886f-032a19e6deaa
2026-04-02 17:56:22.581 10 INFO neutron.db.ovn_revision_numbers_db [None req-30194040-a754-43a3-a3a9-66f9c2f7aee9 624cdc91ee6d473da732685720d502ca 94229dfd2e1647d8b46443c10a1ede15 - - default default] Successfully bumped revision number for resource 2535edb2-4389-4466-886f-032a19e6deaa (type: ports) to 1
2026-04-02 17:56:22.595 9 INFO neutron.plugins.ml2.plugin [None req-31a44c0b-f4e7-4680-a320-06d4f79cb80f - - - - - -] Attempt 1 to provision port 2535edb2-4389-4466-886f-032a19e6deaa
2026-04-02 17:56:22.657 10 WARNING neutron.scheduler.dhcp_agent_scheduler [None req-30194040-a754-43a3-a3a9-66f9c2f7aee9 624cdc91ee6d473da732685720d502ca 94229dfd2e1647d8b46443c10a1ede15 - - default default] No more DHCP agents
2026-04-02 17:56:22.659 10 WARNING neutron.api.rpc.agentnotifiers.dhcp_rpc_agent_api [None req-30194040-a754-43a3-a3a9-66f9c2f7aee9 624cdc91ee6d473da732685720d502ca 94229dfd2e1647d8b46443c10a1ede15 - - default default] Unable to schedule network eacb2dad-313e-493d-96e7-ba471dabc3f9: no agents available; will retry on subsequent port and subnet creation events.
2026-04-02 17:56:22.682 10 INFO neutron.wsgi [None req-5d82778a-d48e-4b9f-96a1-10d226a927b6 673686718c054fe1acaf82ff927dca0c cb6e52b70aac458f9925b2b3c57c12b1 - - default default] 10.0.0.157 "DELETE /v2.0/security-group-rules/48fa0926-d027-40e5-abdb-f56004406e91 HTTP/1.1" status: 204 len: 168 time: 0.1635532
2026-04-02 17:56:22.702 9 INFO neutron.services.segments.plugin [-] Segment 6b0cd5e7-cdb6-49f2-949b-d0d66d76317e resource provider aggregate not found
2026-04-02 17:56:22.706 9 INFO neutron.services.segments.plugin [-] Segment 6b0cd5e7-cdb6-49f2-949b-d0d66d76317e resource provider aggregate not found
2026-04-02 17:56:22.723 9 INFO neutron.services.segments.plugin [-] Segment 6b0cd5e7-cdb6-49f2-949b-d0d66d76317e resource provider not found; error: Placement Client Error (4xx): {"errors": [{"status": 404, "title": "Not Found", "detail": "The resource could not be found.\n\n No resource provider with uuid 6b0cd5e7-cdb6-49f2-949b-d0d66d76317e found for delete ", "request_id": "req-a04e2c18-2387-48f0-bb07-a4124ea141a6"}]}
2026-04-02 17:56:22.726 9 INFO neutron.services.segments.plugin [-] Segment 6b0cd5e7-cdb6-49f2-949b-d0d66d76317e resource provider not found; error: Placement Client Error (4xx): {"errors": [{"status": 404, "title": "Not Found", "detail": "The resource could not be found.\n\n No resource provider with uuid 6b0cd5e7-cdb6-49f2-949b-d0d66d76317e found for delete ", "request_id": "req-ecbafbf6-1b20-4bfb-a17d-143f9d749bd0"}]}
2026-04-02 17:56:22.804 9 INFO neutron.wsgi [None req-3b8dd070-c1cd-471b-9a0a-2e634000a726 ebe2c9a515b14642b2471cc5c3627181 297ffe6746fb456fb59cd545a4cb5923 - - default default] 10.0.0.157 "DELETE /v2.0/networks/8bd0124a-219a-409c-bf0c-f1a58b45f1f4 HTTP/1.1" status: 204 len: 168 time: 0.6189885
2026-04-02 17:56:22.819 10 WARNING neutron_lib.context [None req-ad0ba00c-5956-4841-bc79-0cd74912691f ebe2c9a515b14642b2471cc5c3627181 297ffe6746fb456fb59cd545a4cb5923 - - default default] Method 'is_advsvc' is deprecated since 2023.2 release (neutron-lib 3.8.0) and will be removed once support for the old RBAC API policies will be removed from Neutron. Please use method 'is_service_role' instead.
2026-04-02 17:56:22.892 9 INFO neutron.wsgi [None req-8b205029-1020-4a19-a892-25d00b210c6a 673686718c054fe1acaf82ff927dca0c cb6e52b70aac458f9925b2b3c57c12b1 - - default default] 10.0.0.157 "GET /v2.0/security-group-rules HTTP/1.1" status: 200 len: 3755 time: 0.2062528
