2026-04-02 17:34:50.997 10 INFO neutron.api.v2.resource [None req-a55218d9-0f16-486f-be0d-6e388428e245 e5920096478448dbb6eba624f5643ed6 04efb0ac35034d1aaab6abe3211d5b92 - - default default] show failed (client error): The resource could not be found.
2026-04-02 17:34:50.998 10 INFO neutron.wsgi [None req-a55218d9-0f16-486f-be0d-6e388428e245 e5920096478448dbb6eba624f5643ed6 04efb0ac35034d1aaab6abe3211d5b92 - - default default] 199.204.45.53,10.0.0.149 "GET /v2.0/security-groups/manila-service-security-group?project_id=1186d73df1754cc2a0a3df526e988b35 HTTP/1.1" status: 404 len: 321 time: 0.1282930
2026-04-02 17:34:51.122 10 INFO neutron.db.ovn_revision_numbers_db [None req-6cf40425-34e6-46d3-b2c0-eec620c60a11 e5920096478448dbb6eba624f5643ed6 04efb0ac35034d1aaab6abe3211d5b92 - - default default] Successfully bumped revision number for resource 2c5e7c7e-2261-4e8e-859e-7656aad2c2eb (type: security_groups) to 1
2026-04-02 17:34:51.134 10 INFO neutron.db.ovn_revision_numbers_db [None req-6cf40425-34e6-46d3-b2c0-eec620c60a11 e5920096478448dbb6eba624f5643ed6 04efb0ac35034d1aaab6abe3211d5b92 - - default default] Successfully bumped revision number for resource 223e0710-faec-401d-9c05-23798fb13fbd (type: security_group_rules) to 0
2026-04-02 17:34:51.146 10 INFO neutron.db.ovn_revision_numbers_db [None req-6cf40425-34e6-46d3-b2c0-eec620c60a11 e5920096478448dbb6eba624f5643ed6 04efb0ac35034d1aaab6abe3211d5b92 - - default default] Successfully bumped revision number for resource 31e8eb16-e726-474d-9cf8-b4b20790dab5 (type: security_group_rules) to 0
2026-04-02 17:34:51.159 10 INFO neutron.db.ovn_revision_numbers_db [None req-6cf40425-34e6-46d3-b2c0-eec620c60a11 e5920096478448dbb6eba624f5643ed6 04efb0ac35034d1aaab6abe3211d5b92 - - default default] Successfully bumped revision number for resource 84372e72-f101-42dc-a873-94e6335ec9af (type: security_group_rules) to 0
2026-04-02 17:34:51.171 10 INFO neutron.db.ovn_revision_numbers_db [None req-6cf40425-34e6-46d3-b2c0-eec620c60a11 e5920096478448dbb6eba624f5643ed6 04efb0ac35034d1aaab6abe3211d5b92 - - default default] Successfully bumped revision number for resource db96cf57-e847-4d62-9e3a-6f03639d986e (type: security_group_rules) to 0
2026-04-02 17:34:51.183 10 INFO neutron.wsgi [None req-6cf40425-34e6-46d3-b2c0-eec620c60a11 e5920096478448dbb6eba624f5643ed6 04efb0ac35034d1aaab6abe3211d5b92 - - default default] 199.204.45.53,10.0.0.149 "GET /v2.0/security-groups?name=manila-service-security-group&project_id=1186d73df1754cc2a0a3df526e988b35 HTTP/1.1" status: 200 len: 197 time: 0.1825440
2026-04-02 17:34:51.356 10 INFO neutron.db.ovn_revision_numbers_db [None req-dc99575d-1ae4-47f6-a37b-0dddc43b4912 e5920096478448dbb6eba624f5643ed6 04efb0ac35034d1aaab6abe3211d5b92 - - default default] Successfully bumped revision number for resource d01dd24c-b41a-457c-8a41-b8d9583b2ad2 (type: security_groups) to 1
2026-04-02 17:34:51.368 10 INFO neutron.db.ovn_revision_numbers_db [None req-dc99575d-1ae4-47f6-a37b-0dddc43b4912 e5920096478448dbb6eba624f5643ed6 04efb0ac35034d1aaab6abe3211d5b92 - - default default] Successfully bumped revision number for resource 077f37b9-73f3-4a27-9050-6d28a68fdcd4 (type: security_group_rules) to 0
2026-04-02 17:34:51.382 10 INFO neutron.db.ovn_revision_numbers_db [None req-dc99575d-1ae4-47f6-a37b-0dddc43b4912 e5920096478448dbb6eba624f5643ed6 04efb0ac35034d1aaab6abe3211d5b92 - - default default] Successfully bumped revision number for resource 1e1cbe83-bc76-44f3-a512-878fc3ac5066 (type: security_group_rules) to 0
2026-04-02 17:34:51.400 10 INFO neutron.wsgi [None req-dc99575d-1ae4-47f6-a37b-0dddc43b4912 e5920096478448dbb6eba624f5643ed6 04efb0ac35034d1aaab6abe3211d5b92 - - default default] 199.204.45.53,10.0.0.149 "POST /v2.0/security-groups HTTP/1.1" status: 201 len: 1805 time: 0.1564012
2026-04-02 17:34:52.353 10 INFO neutron.wsgi [None req-422d5ac4-8bf7-434f-acec-c5fa10f73354 e5920096478448dbb6eba624f5643ed6 04efb0ac35034d1aaab6abe3211d5b92 - - default default] 199.204.45.53,10.0.0.149 "GET /v2.0/security-groups/d01dd24c-b41a-457c-8a41-b8d9583b2ad2?project_id=1186d73df1754cc2a0a3df526e988b35 HTTP/1.1" status: 200 len: 1800 time: 0.0514603
2026-04-02 17:34:52.385 10 INFO neutron.wsgi [None req-c11ea0f5-e8fa-45e4-b74a-34cb005b8307 e5920096478448dbb6eba624f5643ed6 04efb0ac35034d1aaab6abe3211d5b92 - - default default] 199.204.45.53,10.0.0.149 "GET /v2.0/security-groups/d01dd24c-b41a-457c-8a41-b8d9583b2ad2 HTTP/1.1" status: 200 len: 1800 time: 0.0236285
2026-04-02 17:34:52.494 10 INFO neutron.wsgi [None req-1ee36dc6-1d17-4e68-a42c-0d5e4661d430 e5920096478448dbb6eba624f5643ed6 04efb0ac35034d1aaab6abe3211d5b92 - - default default] 199.204.45.53,10.0.0.149 "GET /v2.0/security-groups/d01dd24c-b41a-457c-8a41-b8d9583b2ad2?project_id=1186d73df1754cc2a0a3df526e988b35 HTTP/1.1" status: 200 len: 1800 time: 0.0256948
2026-04-02 17:34:52.611 10 INFO neutron.db.ovn_revision_numbers_db [None req-e5606234-a429-4ca4-8ad1-1a68cc2ff369 e5920096478448dbb6eba624f5643ed6 04efb0ac35034d1aaab6abe3211d5b92 - - default default] Successfully bumped revision number for resource 13e4908f-d877-4d49-84e7-64610d8ccdee (type: security_group_rules) to 0
2026-04-02 17:34:52.700 10 INFO neutron.wsgi [None req-e5606234-a429-4ca4-8ad1-1a68cc2ff369 e5920096478448dbb6eba624f5643ed6 04efb0ac35034d1aaab6abe3211d5b92 - - default default] 199.204.45.53,10.0.0.149 "POST /v2.0/security-group-rules HTTP/1.1" status: 201 len: 777 time: 0.2002184
2026-04-02 17:34:53.654 10 INFO neutron.wsgi [None req-b8704a8f-f0d0-4acf-8caa-4f50e01c6e04 e5920096478448dbb6eba624f5643ed6 04efb0ac35034d1aaab6abe3211d5b92 - - default default] 199.204.45.53,10.0.0.149 "GET /v2.0/security-groups/d01dd24c-b41a-457c-8a41-b8d9583b2ad2?project_id=1186d73df1754cc2a0a3df526e988b35 HTTP/1.1" status: 200 len: 2410 time: 0.0515223
2026-04-02 17:34:53.684 10 INFO neutron.wsgi [None req-39a23f6a-76e1-4881-806b-c4a72ee61176 e5920096478448dbb6eba624f5643ed6 04efb0ac35034d1aaab6abe3211d5b92 - - default default] 199.204.45.53,10.0.0.149 "GET /v2.0/security-groups/d01dd24c-b41a-457c-8a41-b8d9583b2ad2 HTTP/1.1" status: 200 len: 2410 time: 0.0218816
2026-04-02 17:34:53.775 10 INFO neutron.wsgi [None req-5525dc65-fbf0-429d-bb12-baf7624e54fa e5920096478448dbb6eba624f5643ed6 04efb0ac35034d1aaab6abe3211d5b92 - - default default] 199.204.45.53,10.0.0.149 "GET /v2.0/security-groups/d01dd24c-b41a-457c-8a41-b8d9583b2ad2?project_id=1186d73df1754cc2a0a3df526e988b35 HTTP/1.1" status: 200 len: 2410 time: 0.0221632
2026-04-02 17:34:53.881 10 INFO neutron.db.ovn_revision_numbers_db [None req-e19aeb8b-ef63-459f-832b-f874aea9f02f e5920096478448dbb6eba624f5643ed6 04efb0ac35034d1aaab6abe3211d5b92 - - default default] Successfully bumped revision number for resource 077e5725-c8de-4aff-ba08-474bb50f8bde (type: security_group_rules) to 0
2026-04-02 17:34:53.905 10 INFO neutron.wsgi [None req-e19aeb8b-ef63-459f-832b-f874aea9f02f e5920096478448dbb6eba624f5643ed6 04efb0ac35034d1aaab6abe3211d5b92 - - default default] 199.204.45.53,10.0.0.149 "POST /v2.0/security-group-rules HTTP/1.1" status: 201 len: 779 time: 0.1222937
2026-04-02 17:34:54.820 10 INFO neutron.wsgi [None req-faa396be-359d-4aff-8d12-24b74ada5e03 e5920096478448dbb6eba624f5643ed6 04efb0ac35034d1aaab6abe3211d5b92 - - default default] 199.204.45.53,10.0.0.149 "GET /v2.0/security-groups/d01dd24c-b41a-457c-8a41-b8d9583b2ad2?project_id=1186d73df1754cc2a0a3df526e988b35 HTTP/1.1" status: 200 len: 3022 time: 0.0573742
2026-04-02 17:34:54.884 10 INFO neutron.wsgi [None req-46a7948d-d6a9-44d1-ba9f-95c0a21d1be8 e5920096478448dbb6eba624f5643ed6 04efb0ac35034d1aaab6abe3211d5b92 - - default default] 199.204.45.53,10.0.0.149 "GET /v2.0/security-groups/d01dd24c-b41a-457c-8a41-b8d9583b2ad2 HTTP/1.1" status: 200 len: 3022 time: 0.0572851
2026-04-02 17:34:54.990 10 INFO neutron.wsgi [None req-d1dbf229-88c0-40cd-88f7-17e80265918a e5920096478448dbb6eba624f5643ed6 04efb0ac35034d1aaab6abe3211d5b92 - - default default] 199.204.45.53,10.0.0.149 "GET /v2.0/security-groups/d01dd24c-b41a-457c-8a41-b8d9583b2ad2?project_id=1186d73df1754cc2a0a3df526e988b35 HTTP/1.1" status: 200 len: 3022 time: 0.0291402
2026-04-02 17:34:55.116 10 INFO neutron.db.ovn_revision_numbers_db [None req-ed1b3dad-0f7d-4fce-bda5-c469d676a5c8 e5920096478448dbb6eba624f5643ed6 04efb0ac35034d1aaab6abe3211d5b92 - - default default] Successfully bumped revision number for resource 03316e4a-d2fa-4f93-b75c-d5ad97fc35c3 (type: security_group_rules) to 0
2026-04-02 17:34:55.140 10 INFO neutron.wsgi [None req-ed1b3dad-0f7d-4fce-bda5-c469d676a5c8 e5920096478448dbb6eba624f5643ed6 04efb0ac35034d1aaab6abe3211d5b92 - - default default] 199.204.45.53,10.0.0.149 "POST /v2.0/security-group-rules HTTP/1.1" status: 201 len: 781 time: 0.1429086
2026-04-02 17:34:56.142 10 INFO neutron.wsgi [None req-15332bd2-aa0f-4f8e-85d4-320067e4ce59 e5920096478448dbb6eba624f5643ed6 04efb0ac35034d1aaab6abe3211d5b92 - - default default] 199.204.45.53,10.0.0.149 "GET /v2.0/security-groups/d01dd24c-b41a-457c-8a41-b8d9583b2ad2?project_id=1186d73df1754cc2a0a3df526e988b35 HTTP/1.1" status: 200 len: 3636 time: 0.0653417
2026-04-02 17:34:56.186 10 INFO neutron.wsgi [None req-723a07a8-39a6-454e-9a32-944f9bd1ea9c e5920096478448dbb6eba624f5643ed6 04efb0ac35034d1aaab6abe3211d5b92 - - default default] 199.204.45.53,10.0.0.149 "GET /v2.0/security-groups/d01dd24c-b41a-457c-8a41-b8d9583b2ad2 HTTP/1.1" status: 200 len: 3636 time: 0.0339708
2026-04-02 17:34:56.274 10 INFO neutron.wsgi [None req-862278c5-f34b-424c-88f4-afcb615929c6 e5920096478448dbb6eba624f5643ed6 04efb0ac35034d1aaab6abe3211d5b92 - - default default] 199.204.45.53,10.0.0.149 "GET /v2.0/security-groups/d01dd24c-b41a-457c-8a41-b8d9583b2ad2?project_id=1186d73df1754cc2a0a3df526e988b35 HTTP/1.1" status: 200 len: 3636 time: 0.0332260
2026-04-02 17:34:56.425 10 INFO neutron.db.ovn_revision_numbers_db [None req-f9be5ba8-a8ea-42d8-83d3-92885ba3b530 e5920096478448dbb6eba624f5643ed6 04efb0ac35034d1aaab6abe3211d5b92 - - default default] Successfully bumped revision number for resource 7ffd50c0-ea3b-43cb-8eb1-0797060bacf8 (type: security_group_rules) to 0
2026-04-02 17:34:56.454 10 INFO neutron.wsgi [None req-f9be5ba8-a8ea-42d8-83d3-92885ba3b530 e5920096478448dbb6eba624f5643ed6 04efb0ac35034d1aaab6abe3211d5b92 - - default default] 199.204.45.53,10.0.0.149 "POST /v2.0/security-group-rules HTTP/1.1" status: 201 len: 782 time: 0.1749325
2026-04-02 17:35:02.152 10 INFO neutron.wsgi [-] 10.0.0.149 "GET / HTTP/1.1" status: 200 len: 247 time: 0.0020506
2026-04-02 17:35:02.156 10 INFO neutron.wsgi [-] 10.0.0.149 "GET / HTTP/1.1" status: 200 len: 247 time: 0.0023654
2026-04-02 17:35:17.151 9 INFO neutron.wsgi [-] 10.0.0.149 "GET / HTTP/1.1" status: 200 len: 247 time: 0.0016346
2026-04-02 17:35:17.152 10 INFO neutron.wsgi [-] 10.0.0.149 "GET / HTTP/1.1" status: 200 len: 247 time: 0.0018768
2026-04-02 17:35:32.152 9 INFO neutron.wsgi [-] 10.0.0.149 "GET / HTTP/1.1" status: 200 len: 247 time: 0.0029781
2026-04-02 17:35:32.153 10 INFO neutron.wsgi [-] 10.0.0.149 "GET / HTTP/1.1" status: 200 len: 247 time: 0.0034480
2026-04-02 17:35:47.152 10 INFO neutron.wsgi [-] 10.0.0.149 "GET / HTTP/1.1" status: 200 len: 247 time: 0.0020461
2026-04-02 17:35:47.154 10 INFO neutron.wsgi [-] 10.0.0.149 "GET / HTTP/1.1" status: 200 len: 247 time: 0.0015323
2026-04-02 17:36:02.151 10 INFO neutron.wsgi [-] 10.0.0.149 "GET / HTTP/1.1" status: 200 len: 247 time: 0.0023081
2026-04-02 17:36:02.155 9 INFO neutron.wsgi [-] 10.0.0.149 "GET / HTTP/1.1" status: 200 len: 247 time: 0.0056510
2026-04-02 17:36:12.391 15 INFO neutron.db.ovn_revision_numbers_db [None req-15353801-873b-4a1a-8709-bcaab9254452 - - - - - -] Successfully bumped revision number for resource d01dd24c-b41a-457c-8a41-b8d9583b2ad2 (type: security_groups) to 5
2026-04-02 17:36:12.391 15 INFO neutron.plugins.ml2.drivers.ovn.mech_driver.ovsdb.maintenance [None req-15353801-873b-4a1a-8709-bcaab9254452 - - - - - -] Maintenance task: Synchronization completed (took 0.35 seconds)
2026-04-02 17:36:17.151 10 INFO neutron.wsgi [-] 10.0.0.149 "GET / HTTP/1.1" status: 200 len: 247 time: 0.0022962
2026-04-02 17:36:17.153 10 INFO neutron.wsgi [-] 10.0.0.149 "GET / HTTP/1.1" status: 200 len: 247 time: 0.0012343
2026-04-02 17:36:32.151 10 INFO neutron.wsgi [-] 10.0.0.149 "GET / HTTP/1.1" status: 200 len: 247 time: 0.0026712
2026-04-02 17:36:32.152 9 INFO neutron.wsgi [-] 10.0.0.149 "GET / HTTP/1.1" status: 200 len: 247 time: 0.0032096
2026-04-02 17:36:47.152 9 INFO neutron.wsgi [-] 10.0.0.149 "GET / HTTP/1.1" status: 200 len: 247 time: 0.0033231
2026-04-02 17:36:47.156 9 INFO neutron.wsgi [-] 10.0.0.149 "GET / HTTP/1.1" status: 200 len: 247 time: 0.0019710
2026-04-02 17:37:02.151 10 INFO neutron.wsgi [-] 10.0.0.149 "GET / HTTP/1.1" status: 200 len: 247 time: 0.0026934
2026-04-02 17:37:02.153 9 INFO neutron.wsgi [-] 10.0.0.149 "GET / HTTP/1.1" status: 200 len: 247 time: 0.0028179
2026-04-02 17:37:17.152 10 INFO neutron.wsgi [-] 10.0.0.149 "GET / HTTP/1.1" status: 200 len: 247 time: 0.0024462
2026-04-02 17:37:17.153 9 INFO neutron.wsgi [-] 10.0.0.149 "GET / HTTP/1.1" status: 200 len: 247 time: 0.0029399
2026-04-02 17:37:32.151 9 INFO neutron.wsgi [-] 10.0.0.149 "GET / HTTP/1.1" status: 200 len: 247 time: 0.0021679
2026-04-02 17:37:32.153 10 INFO neutron.wsgi [-] 10.0.0.149 "GET / HTTP/1.1" status: 200 len: 247 time: 0.0033906
2026-04-02 17:37:47.152 9 INFO neutron.wsgi [-] 10.0.0.149 "GET / HTTP/1.1" status: 200 len: 247 time: 0.0029850
2026-04-02 17:37:47.153 9 INFO neutron.wsgi [-] 10.0.0.149 "GET / HTTP/1.1" status: 200 len: 247 time: 0.0008938 /var/lib/openstack/lib/python3.10/site-packages/pycadf/identifier.py:71: UserWarning: Invalid uuid: neutron. To ensure interoperability, identifiers should be a valid uuid. warnings.warn(('Invalid uuid: %s. To ensure interoperability, '
2026-04-02 17:38:02.133 9 INFO neutron.wsgi [None req-53c0d5ef-060a-4b74-9635-390fb689a2d2 9269473040ed4a8da7ba15b4a301c1f8 1186d73df1754cc2a0a3df526e988b35 - - 9c52bcdd4eeb4dd48f39771804555193 9c52bcdd4eeb4dd48f39771804555193] 199.204.45.53 "GET /v2.0/networks?tenant_id=1186d73df1754cc2a0a3df526e988b35&shared=False HTTP/1.1" status: 200 len: 213 time: 0.1547866
2026-04-02 17:38:02.155 10 INFO neutron.wsgi [-] 10.0.0.149 "GET / HTTP/1.1" status: 200 len: 247 time: 0.0032153
2026-04-02 17:38:02.157 10 INFO neutron.wsgi [-] 10.0.0.149 "GET / HTTP/1.1" status: 200 len: 247 time: 0.0017948
2026-04-02 17:38:02.259 9 INFO neutron.db.segments_db [None req-1a6018d1-bef8-4354-a188-0ee22ec4edd8 9269473040ed4a8da7ba15b4a301c1f8 1186d73df1754cc2a0a3df526e988b35 - - 9c52bcdd4eeb4dd48f39771804555193 9c52bcdd4eeb4dd48f39771804555193] Added segment 74ec0514-b0fd-43d0-8e3c-698097f57bb0 of type geneve for network c0fae96c-ee27-45e5-a6ed-a6a3d5f00568
2026-04-02 17:38:02.444 9 INFO neutron.db.ovn_revision_numbers_db [None req-1a6018d1-bef8-4354-a188-0ee22ec4edd8 9269473040ed4a8da7ba15b4a301c1f8 1186d73df1754cc2a0a3df526e988b35 - - 9c52bcdd4eeb4dd48f39771804555193 9c52bcdd4eeb4dd48f39771804555193] Successfully bumped revision number for resource c0fae96c-ee27-45e5-a6ed-a6a3d5f00568 (type: networks) to 1
2026-04-02 17:38:02.634 9 WARNING neutron.scheduler.dhcp_agent_scheduler [None req-1a6018d1-bef8-4354-a188-0ee22ec4edd8 9269473040ed4a8da7ba15b4a301c1f8 1186d73df1754cc2a0a3df526e988b35 - - 9c52bcdd4eeb4dd48f39771804555193 9c52bcdd4eeb4dd48f39771804555193] No more DHCP agents
2026-04-02 17:38:02.637 9 WARNING neutron.api.rpc.agentnotifiers.dhcp_rpc_agent_api [None req-1a6018d1-bef8-4354-a188-0ee22ec4edd8 9269473040ed4a8da7ba15b4a301c1f8 1186d73df1754cc2a0a3df526e988b35 - - 9c52bcdd4eeb4dd48f39771804555193 9c52bcdd4eeb4dd48f39771804555193] Unable to schedule network c0fae96c-ee27-45e5-a6ed-a6a3d5f00568: no agents available; will retry on subsequent port and subnet creation events.
2026-04-02 17:38:02.726 9 INFO neutron.db.ovn_revision_numbers_db [None req-1a6018d1-bef8-4354-a188-0ee22ec4edd8 9269473040ed4a8da7ba15b4a301c1f8 1186d73df1754cc2a0a3df526e988b35 - - 9c52bcdd4eeb4dd48f39771804555193 9c52bcdd4eeb4dd48f39771804555193] Successfully bumped revision number for resource bc3c297c-8c3b-4f54-ab27-49c5d21ab2ad (type: ports) to 1
2026-04-02 17:38:02.749 9 INFO neutron.wsgi [None req-1a6018d1-bef8-4354-a188-0ee22ec4edd8 9269473040ed4a8da7ba15b4a301c1f8 1186d73df1754cc2a0a3df526e988b35 - - 9c52bcdd4eeb4dd48f39771804555193 9c52bcdd4eeb4dd48f39771804555193] 199.204.45.53 "POST /v2.0/networks HTTP/1.1" status: 201 len: 925 time: 0.6107323
2026-04-02 17:38:02.785 9 INFO neutron.wsgi [None req-0f899a69-ef18-4d98-9fbe-6cd7dd6327bc 9269473040ed4a8da7ba15b4a301c1f8 1186d73df1754cc2a0a3df526e988b35 - - 9c52bcdd4eeb4dd48f39771804555193 9c52bcdd4eeb4dd48f39771804555193] 199.204.45.53 "GET /v2.0/ports?device_id=manila-share&binding%3Ahost_id=instance HTTP/1.1" status: 200 len: 210 time: 0.0304050
2026-04-02 17:38:02.796 9 INFO neutron.wsgi [None req-13c23086-6236-4ae0-83a2-dad970e0ac15 9269473040ed4a8da7ba15b4a301c1f8 1186d73df1754cc2a0a3df526e988b35 - - 9c52bcdd4eeb4dd48f39771804555193 9c52bcdd4eeb4dd48f39771804555193] 199.204.45.53 "GET /v2.0/extensions HTTP/1.1" status: 200 len: 18683 time: 0.0054204
2026-04-02 17:38:02.995 9 WARNING neutron.scheduler.dhcp_agent_scheduler [None req-14a34e31-6106-45fc-a963-a9fd9401e2ae 9269473040ed4a8da7ba15b4a301c1f8 1186d73df1754cc2a0a3df526e988b35 - - 9c52bcdd4eeb4dd48f39771804555193 9c52bcdd4eeb4dd48f39771804555193] No more DHCP agents
2026-04-02 17:38:02.997 9 WARNING neutron.api.rpc.agentnotifiers.dhcp_rpc_agent_api [None req-14a34e31-6106-45fc-a963-a9fd9401e2ae 9269473040ed4a8da7ba15b4a301c1f8 1186d73df1754cc2a0a3df526e988b35 - - 9c52bcdd4eeb4dd48f39771804555193 9c52bcdd4eeb4dd48f39771804555193] Unable to schedule network c0fae96c-ee27-45e5-a6ed-a6a3d5f00568: no agents available; will retry on subsequent port and subnet creation events.
2026-04-02 17:38:03.083 9 INFO neutron.db.ovn_revision_numbers_db [None req-14a34e31-6106-45fc-a963-a9fd9401e2ae 9269473040ed4a8da7ba15b4a301c1f8 1186d73df1754cc2a0a3df526e988b35 - - 9c52bcdd4eeb4dd48f39771804555193 9c52bcdd4eeb4dd48f39771804555193] Successfully bumped revision number for resource 4cef3332-5e68-4424-9ca1-8a97f3fd6481 (type: ports) to 1
2026-04-02 17:38:03.261 9 INFO neutron.db.ovn_revision_numbers_db [None req-14a34e31-6106-45fc-a963-a9fd9401e2ae 9269473040ed4a8da7ba15b4a301c1f8 1186d73df1754cc2a0a3df526e988b35 - - 9c52bcdd4eeb4dd48f39771804555193 9c52bcdd4eeb4dd48f39771804555193] Successfully bumped revision number for resource 4cef3332-5e68-4424-9ca1-8a97f3fd6481 (type: ports) to 1
2026-04-02 17:38:03.307 9 INFO neutron.wsgi [None req-14a34e31-6106-45fc-a963-a9fd9401e2ae 9269473040ed4a8da7ba15b4a301c1f8 1186d73df1754cc2a0a3df526e988b35 - - 9c52bcdd4eeb4dd48f39771804555193 9c52bcdd4eeb4dd48f39771804555193] 199.204.45.53 "POST /v2.0/ports HTTP/1.1" status: 201 len: 1144 time: 0.5058398
2026-04-02 17:38:03.358 9 INFO neutron.wsgi [None req-68a41abf-db75-4590-9f79-8eb17b8349f7 9269473040ed4a8da7ba15b4a301c1f8 1186d73df1754cc2a0a3df526e988b35 - - 9c52bcdd4eeb4dd48f39771804555193 9c52bcdd4eeb4dd48f39771804555193] 199.204.45.53 "GET /v2.0/networks/c0fae96c-ee27-45e5-a6ed-a6a3d5f00568 HTTP/1.1" status: 200 len: 907 time: 0.0453789
2026-04-02 17:38:03.905 10 INFO neutron.plugins.ml2.drivers.ovn.mech_driver.mech_driver [-] OVN reports status up for port: 4cef3332-5e68-4424-9ca1-8a97f3fd6481
2026-04-02 17:38:03.929 10 INFO neutron.plugins.ml2.plugin [None req-8d2cf2ee-c82e-474d-8c94-215c72e4d0c3 - - - - - -] Attempt 1 to provision port 4cef3332-5e68-4424-9ca1-8a97f3fd6481
2026-04-02 17:38:04.223 10 INFO neutron.db.ovn_revision_numbers_db [None req-8d2cf2ee-c82e-474d-8c94-215c72e4d0c3 - - - - - -] Successfully bumped revision number for resource 4cef3332-5e68-4424-9ca1-8a97f3fd6481 (type: ports) to 3
2026-04-02 17:38:04.983 9 INFO neutron.wsgi [None req-e8d1c7f1-d785-4f10-acbc-5ace971a7e08 9269473040ed4a8da7ba15b4a301c1f8 1186d73df1754cc2a0a3df526e988b35 - - 9c52bcdd4eeb4dd48f39771804555193 9c52bcdd4eeb4dd48f39771804555193] 199.204.45.53 "GET /v2.0/ports?device_id=manila-share&binding%3Ahost_id=instance HTTP/1.1" status: 200 len: 1172 time: 0.0491893
2026-04-02 17:38:05.036 9 INFO neutron.wsgi [None req-09b44710-5916-4b7b-ba66-cf05fc083fdc 9269473040ed4a8da7ba15b4a301c1f8 1186d73df1754cc2a0a3df526e988b35 - - 9c52bcdd4eeb4dd48f39771804555193 9c52bcdd4eeb4dd48f39771804555193] 199.204.45.53 "GET /v2.0/networks/c0fae96c-ee27-45e5-a6ed-a6a3d5f00568 HTTP/1.1" status: 200 len: 907 time: 0.0447423
2026-04-02 17:38:16.486 10 INFO neutron.wsgi [None req-118c207c-73ac-45b7-9934-8136a371cb5f e5920096478448dbb6eba624f5643ed6 04efb0ac35034d1aaab6abe3211d5b92 - - default default] 199.204.45.53,10.0.0.149 "GET /v2.0/quotas/1186d73df1754cc2a0a3df526e988b35 HTTP/1.1" status: 200 len: 467 time: 0.0161932 /var/lib/openstack/lib/python3.10/site-packages/neutron/extensions/quotasv2.py:139: UserWarning: Neutron quota engine will require "--force" parameter to set a quota limit without checking the resource usage. warnings.warn('Neutron quota engine will require "--force" '
2026-04-02 17:38:17.004 10 INFO neutron.wsgi [None req-0d913128-56e0-4eb1-ab36-ea6b6fb15d4a e5920096478448dbb6eba624f5643ed6 04efb0ac35034d1aaab6abe3211d5b92 - - default default] 199.204.45.53,10.0.0.149 "PUT /v2.0/quotas/1186d73df1754cc2a0a3df526e988b35 HTTP/1.1" status: 200 len: 466 time: 0.0345767
2026-04-02 17:38:17.153 9 INFO neutron.wsgi [-] 10.0.0.149 "GET / HTTP/1.1" status: 200 len: 247 time: 0.0028496
2026-04-02 17:38:17.160 9 INFO neutron.wsgi [-] 10.0.0.149 "GET / HTTP/1.1" status: 200 len: 247 time: 0.0060537
2026-04-02 17:38:32.151 10 INFO neutron.wsgi [-] 10.0.0.149 "GET / HTTP/1.1" status: 200 len: 247 time: 0.0017202
2026-04-02 17:38:32.154 10 INFO neutron.wsgi [-] 10.0.0.149 "GET / HTTP/1.1" status: 200 len: 247 time: 0.0021152
2026-04-02 17:38:47.151 9 INFO neutron.wsgi [-] 10.0.0.149 "GET / HTTP/1.1" status: 200 len: 247 time: 0.0024238
2026-04-02 17:38:47.153 10 INFO neutron.wsgi [-] 10.0.0.149 "GET / HTTP/1.1" status: 200 len: 247 time: 0.0033062
2026-04-02 17:39:02.152 10 INFO neutron.wsgi [-] 10.0.0.149 "GET / HTTP/1.1" status: 200 len: 247 time: 0.0027177
2026-04-02 17:39:02.152 9 INFO neutron.wsgi [-] 10.0.0.149 "GET / HTTP/1.1" status: 200 len: 247 time: 0.0028133
2026-04-02 17:39:17.152 10 INFO neutron.wsgi [-] 10.0.0.149 "GET / HTTP/1.1" status: 200 len: 247 time: 0.0023909
2026-04-02 17:39:17.152 9 INFO neutron.wsgi [-] 10.0.0.149 "GET / HTTP/1.1" status: 200 len: 247 time: 0.0027165
2026-04-02 17:39:32.152 10 INFO neutron.wsgi [-] 10.0.0.149 "GET / HTTP/1.1" status: 200 len: 247 time: 0.0027277
2026-04-02 17:39:32.153 9 INFO neutron.wsgi [-] 10.0.0.149 "GET / HTTP/1.1" status: 200 len: 247 time: 0.0030596
2026-04-02 17:39:47.151 10 INFO neutron.wsgi [-] 10.0.0.149 "GET / HTTP/1.1" status: 200 len: 247 time: 0.0024590
2026-04-02 17:39:47.152 9 INFO neutron.wsgi [-] 10.0.0.149 "GET / HTTP/1.1" status: 200 len: 247 time: 0.0027580
2026-04-02 17:40:02.151 10 INFO neutron.wsgi [-] 10.0.0.149 "GET / HTTP/1.1" status: 200 len: 247 time: 0.0018806
2026-04-02 17:40:02.153 10 INFO neutron.wsgi [-] 10.0.0.149 "GET / HTTP/1.1" status: 200 len: 247 time: 0.0012739
2026-04-02 17:40:17.152 9 INFO neutron.wsgi [-] 10.0.0.149 "GET / HTTP/1.1" status: 200 len: 247 time: 0.0025735
2026-04-02 17:40:17.152 10 INFO neutron.wsgi [-] 10.0.0.149 "GET / HTTP/1.1" status: 200 len: 247 time: 0.0031230
2026-04-02 17:40:32.155 9 INFO neutron.wsgi [-] 10.0.0.149 "GET / HTTP/1.1" status: 200 len: 247 time: 0.0028937
2026-04-02 17:40:32.161 9 INFO neutron.wsgi [-] 10.0.0.149 "GET / HTTP/1.1" status: 200 len: 247 time: 0.0011644
2026-04-02 17:40:47.152 10 INFO neutron.wsgi [-] 10.0.0.149 "GET / HTTP/1.1" status: 200 len: 247 time: 0.0030560
2026-04-02 17:40:47.152 9 INFO neutron.wsgi [-] 10.0.0.149 "GET / HTTP/1.1" status: 200 len: 247 time: 0.0027432
2026-04-02 17:41:02.152 10 INFO neutron.wsgi [-] 10.0.0.149 "GET / HTTP/1.1" status: 200 len: 247 time: 0.0026703
2026-04-02 17:41:02.153 9 INFO neutron.wsgi [-] 10.0.0.149 "GET / HTTP/1.1" status: 200 len: 247 time: 0.0038271
2026-04-02 17:41:17.075 10 INFO neutron.wsgi [None req-a2d26918-0d44-47e9-88f0-ca22cf5a7c23 e5920096478448dbb6eba624f5643ed6 04efb0ac35034d1aaab6abe3211d5b92 - - default default] 10.0.0.199 "GET /v2.0/floatingips HTTP/1.1" status: 200 len: 193 time: 0.0901878
2026-04-02 17:41:17.151 10 INFO neutron.wsgi [-] 10.0.0.149 "GET / HTTP/1.1" status: 200 len: 247 time: 0.0014195
2026-04-02 17:41:17.152 9 INFO neutron.wsgi [-] 10.0.0.149 "GET / HTTP/1.1" status: 200 len: 247 time: 0.0017135
2026-04-02 17:41:17.166 10 INFO neutron.wsgi [None req-ff999751-719c-4ead-80f9-d348f5ae62f3 e5920096478448dbb6eba624f5643ed6 04efb0ac35034d1aaab6abe3211d5b92 - - default default] 10.0.0.199 "GET /v2.0/networks HTTP/1.1" status: 200 len: 2350 time: 0.0900366
2026-04-02 17:41:17.250 10 INFO neutron.wsgi [None req-c0f77588-e2cc-4b13-a15d-3c87116efd72 e5920096478448dbb6eba624f5643ed6 04efb0ac35034d1aaab6abe3211d5b92 - - default default] 10.0.0.199 "GET /v2.0/agents HTTP/1.1" status: 200 len: 1390 time: 0.0749586
2026-04-02 17:41:17.267 10 INFO neutron.wsgi [None req-6b2ec424-571c-4460-806b-2f82924a1deb e5920096478448dbb6eba624f5643ed6 04efb0ac35034d1aaab6abe3211d5b92 - - default default] 10.0.0.199 "GET /v2.0/network-ip-availabilities HTTP/1.1" status: 200 len: 1280 time: 0.0156252
2026-04-02 17:41:17.312 10 INFO neutron.wsgi [None req-d92c15ce-d4b0-45a7-a7b5-f8b40bbb3873 e5920096478448dbb6eba624f5643ed6 04efb0ac35034d1aaab6abe3211d5b92 - - default default] 10.0.0.199 "GET /v2.0/subnets HTTP/1.1" status: 200 len: 1437 time: 0.0432520
2026-04-02 17:41:17.347 10 INFO neutron.wsgi [None req-901b1c72-e868-49b1-be58-f99277ca87c5 e5920096478448dbb6eba624f5643ed6 04efb0ac35034d1aaab6abe3211d5b92 - - default default] 10.0.0.199 "GET /v2.0/routers HTTP/1.1" status: 200 len: 189 time: 0.0341291
2026-04-02 17:41:17.359 10 INFO neutron.wsgi [None req-4eccf933-1d27-4863-99bc-3e4b5aee072d e5920096478448dbb6eba624f5643ed6 04efb0ac35034d1aaab6abe3211d5b92 - - default default] 10.0.0.199 "GET /v2.0/agents?binary=ovn-controller HTTP/1.1" status: 200 len: 591 time: 0.0104332
2026-04-02 17:41:17.407 10 INFO neutron.wsgi [None req-cbd55233-29ef-41cf-a88c-4a773ee2e516 e5920096478448dbb6eba624f5643ed6 04efb0ac35034d1aaab6abe3211d5b92 - - default default] 10.0.0.199 "GET /v2.0/subnets HTTP/1.1" status: 200 len: 1437 time: 0.0434186
2026-04-02 17:41:17.429 10 INFO neutron.wsgi [None req-29c32ccc-1780-4465-b12f-e169e8050696 e5920096478448dbb6eba624f5643ed6 04efb0ac35034d1aaab6abe3211d5b92 - - default default] 10.0.0.199 "GET /v2.0/subnetpools HTTP/1.1" status: 200 len: 193 time: 0.0198884
2026-04-02 17:41:17.477 10 INFO neutron.wsgi [None req-e95b3092-7b20-41bd-95b3-73d1cc34632d e5920096478448dbb6eba624f5643ed6 04efb0ac35034d1aaab6abe3211d5b92 - - default default] 10.0.0.199 "GET /v2.0/security-groups HTTP/1.1" status: 200 len: 17578 time: 0.0464234
2026-04-02 17:41:17.541 10 INFO neutron.wsgi [None req-c5445194-0595-4f61-98ba-e37294d0af04 e5920096478448dbb6eba624f5643ed6 04efb0ac35034d1aaab6abe3211d5b92 - - default default] 10.0.0.199 "GET /v2.0/ports HTTP/1.1" status: 200 len: 5351 time: 0.0578716
2026-04-02 17:41:32.152 9 INFO neutron.wsgi [-] 10.0.0.149 "GET / HTTP/1.1" status: 200 len: 247 time: 0.0024848
2026-04-02 17:41:32.152 10 INFO neutron.wsgi [-] 10.0.0.149 "GET / HTTP/1.1" status: 200 len: 247 time: 0.0023508
2026-04-02 17:41:47.152 10 INFO neutron.wsgi [-] 10.0.0.149 "GET / HTTP/1.1" status: 200 len: 247 time: 0.0028369
2026-04-02 17:41:47.161 10 INFO neutron.wsgi [-] 10.0.0.149 "GET / HTTP/1.1" status: 200 len: 247 time: 0.0019634
2026-04-02 17:42:02.150 10 INFO neutron.wsgi [-] 10.0.0.149 "GET / HTTP/1.1" status: 200 len: 247 time: 0.0016031
2026-04-02 17:42:02.152 9 INFO neutron.wsgi [-] 10.0.0.149 "GET / HTTP/1.1" status: 200 len: 247 time: 0.0025516
2026-04-02 17:42:17.133 10 INFO neutron.wsgi [None req-4e0104a6-dc4b-481d-b612-6a39313bf6ed e5920096478448dbb6eba624f5643ed6 04efb0ac35034d1aaab6abe3211d5b92 - - default default] 10.0.0.199 "GET /v2.0/routers HTTP/1.1" status: 200 len: 189 time: 0.0720346
2026-04-02 17:42:17.152 10 INFO neutron.wsgi [-] 10.0.0.149 "GET / HTTP/1.1" status: 200 len: 247 time: 0.0018752
2026-04-02 17:42:17.154 10 INFO neutron.wsgi [-] 10.0.0.149 "GET / HTTP/1.1" status: 200 len: 247 time: 0.0011744
2026-04-02 17:42:17.191 10 INFO neutron.wsgi [None req-4fe6fbdd-f876-462d-9387-7d4120a140f6 e5920096478448dbb6eba624f5643ed6 04efb0ac35034d1aaab6abe3211d5b92 - - default default] 10.0.0.199 "GET /v2.0/agents?binary=ovn-controller HTTP/1.1" status: 200 len: 591 time: 0.0558710
2026-04-02 17:42:17.202 10 INFO neutron.wsgi [None req-06a012eb-da95-4e62-b67d-119eb62fd0af e5920096478448dbb6eba624f5643ed6 04efb0ac35034d1aaab6abe3211d5b92 - - default default] 10.0.0.199 "GET /v2.0/network-ip-availabilities HTTP/1.1" status: 200 len: 1280 time: 0.0100431
2026-04-02 17:42:17.275 10 INFO neutron.wsgi [None req-51b40a5a-f7fb-41c5-9b31-408a8b9e92cb e5920096478448dbb6eba624f5643ed6 04efb0ac35034d1aaab6abe3211d5b92 - - default default] 10.0.0.199 "GET /v2.0/security-groups HTTP/1.1" status: 200 len: 17578 time: 0.0717094
2026-04-02 17:42:17.359 10 INFO neutron.wsgi [None req-6537f3f3-faa4-49f9-a2b9-9e97c08dfd35 e5920096478448dbb6eba624f5643ed6 04efb0ac35034d1aaab6abe3211d5b92 - - default default] 10.0.0.199 "GET /v2.0/networks HTTP/1.1" status: 200 len: 2350 time: 0.0772846
2026-04-02 17:42:17.412 10 INFO neutron.wsgi [None req-c06c91b4-a78a-4aa7-b6c6-7f1e4b16bb98 e5920096478448dbb6eba624f5643ed6 04efb0ac35034d1aaab6abe3211d5b92 - - default default] 10.0.0.199 "GET /v2.0/ports HTTP/1.1" status: 200 len: 5351 time: 0.0495026
2026-04-02 17:42:17.517 10 INFO neutron.wsgi [None req-aa5bf79f-5c07-46d8-a542-b28b71d72d20 e5920096478448dbb6eba624f5643ed6 04efb0ac35034d1aaab6abe3211d5b92 - - default default] 10.0.0.199 "GET /v2.0/floatingips HTTP/1.1" status: 200 len: 193 time: 0.1017170
2026-04-02 17:42:17.552 10 INFO neutron.wsgi [None req-3367c6cc-2b69-4362-90d9-55e271599560 e5920096478448dbb6eba624f5643ed6 04efb0ac35034d1aaab6abe3211d5b92 - - default default] 10.0.0.199 "GET /v2.0/subnets HTTP/1.1" status: 200 len: 1437 time: 0.0347154
2026-04-02 17:42:17.569 10 INFO neutron.wsgi [None req-066449aa-a0c8-4545-9ca4-69c5234b80d8 e5920096478448dbb6eba624f5643ed6 04efb0ac35034d1aaab6abe3211d5b92 - - default default] 10.0.0.199 "GET /v2.0/agents HTTP/1.1" status: 200 len: 1390 time: 0.0148993
2026-04-02 17:42:17.608 10 INFO neutron.wsgi [None req-47256d7c-4a61-4adc-96b0-5b8456e157b5 e5920096478448dbb6eba624f5643ed6 04efb0ac35034d1aaab6abe3211d5b92 - - default default] 10.0.0.199 "GET /v2.0/subnets HTTP/1.1" status: 200 len: 1437 time: 0.0376346
2026-04-02 17:42:17.618 10 INFO neutron.wsgi [None req-b9117bcf-0dc0-40df-991f-d66e0c424aee e5920096478448dbb6eba624f5643ed6 04efb0ac35034d1aaab6abe3211d5b92 - - default default] 10.0.0.199 "GET /v2.0/subnetpools HTTP/1.1" status: 200 len: 193 time: 0.0092754
2026-04-02 17:42:32.151 9 INFO neutron.wsgi [-] 10.0.0.149 "GET / HTTP/1.1" status: 200 len: 247 time: 0.0018556
2026-04-02 17:42:32.152 10 INFO neutron.wsgi [-] 10.0.0.149 "GET / HTTP/1.1" status: 200 len: 247 time: 0.0025463
2026-04-02 17:42:47.153 10 INFO neutron.wsgi [-] 10.0.0.149 "GET / HTTP/1.1" status: 200 len: 247 time: 0.0033364
2026-04-02 17:42:47.153 9 INFO neutron.wsgi [-] 10.0.0.149 "GET / HTTP/1.1" status: 200 len: 247 time: 0.0033693
2026-04-02 17:43:02.151 9 INFO neutron.wsgi [-] 10.0.0.149 "GET / HTTP/1.1" status: 200 len: 247 time: 0.0022244
2026-04-02 17:43:02.152 10 INFO neutron.wsgi [-] 10.0.0.149 "GET / HTTP/1.1" status: 200 len: 247 time: 0.0025880
2026-04-02 17:43:17.092 10 INFO neutron.wsgi [None req-2c1f4fa0-382a-4731-85bc-f1bbeda3750e e5920096478448dbb6eba624f5643ed6 04efb0ac35034d1aaab6abe3211d5b92 - - default default] 10.0.0.199 "GET /v2.0/floatingips HTTP/1.1" status: 200 len: 193 time: 0.0631881
2026-04-02 17:43:17.151 9 INFO neutron.wsgi [-] 10.0.0.149 "GET / HTTP/1.1" status: 200 len: 247 time: 0.0023959
2026-04-02 17:43:17.153 9 INFO neutron.wsgi [-] 10.0.0.149 "GET / HTTP/1.1" status: 200 len: 247 time: 0.0008824
2026-04-02 17:43:17.155 10 INFO neutron.wsgi [None req-ed3f8acc-88d6-447e-9f6c-501283825b3f e5920096478448dbb6eba624f5643ed6 04efb0ac35034d1aaab6abe3211d5b92 - - default default] 10.0.0.199 "GET /v2.0/networks HTTP/1.1" status: 200 len: 2350 time: 0.0622451
2026-04-02 17:43:17.215 10 INFO neutron.wsgi [None req-52a8a2b2-e567-486d-ba12-3c19a06751af e5920096478448dbb6eba624f5643ed6 04efb0ac35034d1aaab6abe3211d5b92 - - default default] 10.0.0.199 "GET /v2.0/ports HTTP/1.1" status: 200 len: 5351 time: 0.0561948
2026-04-02 17:43:17.264 10 INFO neutron.wsgi [None req-75dbb510-d0ec-4ecb-b64d-4f7d2495dc67 e5920096478448dbb6eba624f5643ed6 04efb0ac35034d1aaab6abe3211d5b92 - - default default] 10.0.0.199 "GET /v2.0/agents HTTP/1.1" status: 200 len: 1390 time: 0.0444982
2026-04-02 17:43:17.277 10 INFO neutron.wsgi [None req-477b4eb7-5eca-44ea-aa7e-8739711f2576 e5920096478448dbb6eba624f5643ed6 04efb0ac35034d1aaab6abe3211d5b92 - - default default] 10.0.0.199 "GET /v2.0/network-ip-availabilities HTTP/1.1" status: 200 len: 1280 time: 0.0112457
2026-04-02 17:43:17.314 10 INFO neutron.wsgi [None req-73d3bb1f-c83a-47ac-9245-8d0249b936de e5920096478448dbb6eba624f5643ed6 04efb0ac35034d1aaab6abe3211d5b92 - - default default] 10.0.0.199 "GET /v2.0/security-groups HTTP/1.1" status: 200 len: 17578 time: 0.0366626
2026-04-02 17:43:17.356 10 INFO neutron.wsgi [None req-d8ec2a02-6d82-4e42-923a-99cde43be4de e5920096478448dbb6eba624f5643ed6 04efb0ac35034d1aaab6abe3211d5b92 - - default default] 10.0.0.199 "GET /v2.0/subnets HTTP/1.1" status: 200 len: 1437 time: 0.0376391
2026-04-02 17:43:17.381 10 INFO neutron.wsgi [None req-c96d5ab4-0ed3-48ec-95e6-1eda44c2c89b e5920096478448dbb6eba624f5643ed6 04efb0ac35034d1aaab6abe3211d5b92 - - default default] 10.0.0.199 "GET /v2.0/routers HTTP/1.1" status: 200 len: 189 time: 0.0235965
2026-04-02 17:43:17.391 10 INFO neutron.wsgi [None req-6f8a35a5-c1c9-46d4-91e2-fd836d45ea89 e5920096478448dbb6eba624f5643ed6 04efb0ac35034d1aaab6abe3211d5b92 - - default default] 10.0.0.199 "GET /v2.0/agents?binary=ovn-controller HTTP/1.1" status: 200 len: 591 time: 0.0095360
2026-04-02 17:43:17.423 10 INFO neutron.wsgi [None req-02fc5bb9-ba10-4b4a-9b97-2a5659d8e5b1 e5920096478448dbb6eba624f5643ed6 04efb0ac35034d1aaab6abe3211d5b92 - - default default] 10.0.0.199 "GET /v2.0/subnets HTTP/1.1" status: 200 len: 1437 time: 0.0305440
2026-04-02 17:43:17.432 10 INFO neutron.wsgi [None req-62df0c39-cc2e-494b-a0e2-6a7e32aa18f9 e5920096478448dbb6eba624f5643ed6 04efb0ac35034d1aaab6abe3211d5b92 - - default default] 10.0.0.199 "GET /v2.0/subnetpools HTTP/1.1" status: 200 len: 193 time: 0.0081029
2026-04-02 17:43:32.151 10 INFO neutron.wsgi [-] 10.0.0.149 "GET / HTTP/1.1" status: 200 len: 247 time: 0.0017529
2026-04-02 17:43:32.153 9 INFO neutron.wsgi [-] 10.0.0.149 "GET / HTTP/1.1" status: 200 len: 247 time: 0.0028036
2026-04-02 17:43:47.150 9 INFO neutron.wsgi [-] 10.0.0.149 "GET / HTTP/1.1" status: 200 len: 247 time: 0.0017695
2026-04-02 17:43:47.152 9 INFO neutron.wsgi [-] 10.0.0.149 "GET / HTTP/1.1" status: 200 len: 247 time: 0.0009165
2026-04-02 17:44:02.152 9 INFO neutron.wsgi [-] 10.0.0.149 "GET / HTTP/1.1" status: 200 len: 247 time: 0.0024943
2026-04-02 17:44:02.155 9 INFO neutron.wsgi [-] 10.0.0.149 "GET / HTTP/1.1" status: 200 len: 247 time: 0.0019240
2026-04-02 17:44:17.105 10 INFO neutron.wsgi [None req-07f7020f-148b-4512-a56b-7beeb84e2abb e5920096478448dbb6eba624f5643ed6 04efb0ac35034d1aaab6abe3211d5b92 - - default default] 10.0.0.199 "GET /v2.0/networks HTTP/1.1" status: 200 len: 2350 time: 0.1164083
2026-04-02 17:44:17.154 9 INFO neutron.wsgi [-] 10.0.0.149 "GET / HTTP/1.1" status: 200 len: 247 time: 0.0043807
2026-04-02 17:44:17.157 9 INFO neutron.wsgi [-] 10.0.0.149 "GET / HTTP/1.1" status: 200 len: 247 time: 0.0022383
2026-04-02 17:44:17.166 10 INFO neutron.wsgi [None req-5064299a-954e-44e5-bcc8-ded5c9eed198 e5920096478448dbb6eba624f5643ed6 04efb0ac35034d1aaab6abe3211d5b92 - - default default] 10.0.0.199 "GET /v2.0/security-groups HTTP/1.1" status: 200 len: 17578 time: 0.0590928
2026-04-02 17:44:17.212 10 INFO neutron.wsgi [None req-33ee4b64-af7c-4cbb-8f1c-a12f436db7a6 e5920096478448dbb6eba624f5643ed6 04efb0ac35034d1aaab6abe3211d5b92 - - default default] 10.0.0.199 "GET /v2.0/agents HTTP/1.1" status: 200 len: 1390 time: 0.0423973
2026-04-02 17:44:17.226 10 INFO neutron.wsgi [None req-d77986d7-b5af-47fc-82b2-06cb77d3bb6d e5920096478448dbb6eba624f5643ed6 04efb0ac35034d1aaab6abe3211d5b92 - - default default] 10.0.0.199 "GET /v2.0/network-ip-availabilities HTTP/1.1" status: 200 len: 1280 time: 0.0123463
2026-04-02 17:44:17.259 10 INFO neutron.wsgi [None req-22d6ac44-605d-4220-a3f1-de8f86b71784 e5920096478448dbb6eba624f5643ed6 04efb0ac35034d1aaab6abe3211d5b92 - - default default] 10.0.0.199 "GET /v2.0/subnets HTTP/1.1" status: 200 len: 1437 time: 0.0307574
2026-04-02 17:44:17.296 10 INFO neutron.wsgi [None req-64b478c0-e270-4bbf-9d1a-ae731736e240 e5920096478448dbb6eba624f5643ed6 04efb0ac35034d1aaab6abe3211d5b92 - - default default] 10.0.0.199 "GET /v2.0/routers HTTP/1.1" status: 200 len: 189 time: 0.0355341
2026-04-02 17:44:17.311 10 INFO neutron.wsgi [None req-08f04ca1-c226-4798-b7f0-c86882ba073c e5920096478448dbb6eba624f5643ed6 04efb0ac35034d1aaab6abe3211d5b92 - - default default] 10.0.0.199 "GET /v2.0/agents?binary=ovn-controller HTTP/1.1" status: 200 len: 591 time: 0.0141137
2026-04-02 17:44:17.332 10 INFO neutron.wsgi [None req-98db573c-ebc3-42bb-a5b1-b990d945c675 e5920096478448dbb6eba624f5643ed6 04efb0ac35034d1aaab6abe3211d5b92 - - default default] 10.0.0.199 "GET /v2.0/floatingips HTTP/1.1" status: 200 len: 193 time: 0.0202987
2026-04-02 17:44:17.375 10 INFO neutron.wsgi [None req-e8742bc2-62c2-4ae5-b9f4-c4bbd70a0567 e5920096478448dbb6eba624f5643ed6 04efb0ac35034d1aaab6abe3211d5b92 - - default default] 10.0.0.199 "GET /v2.0/ports HTTP/1.1" status: 200 len: 5351 time: 0.0429556
2026-04-02 17:44:17.408 10 INFO neutron.wsgi [None req-87c25957-d9cb-4ce1-9bd4-64b6b7ef8512 e5920096478448dbb6eba624f5643ed6 04efb0ac35034d1aaab6abe3211d5b92 - - default default] 10.0.0.199 "GET /v2.0/subnets HTTP/1.1" status: 200 len: 1437 time: 0.0284693
2026-04-02 17:44:17.417 10 INFO neutron.wsgi [None req-599d0ce4-3ddb-4106-acfa-da9149d60bf2 e5920096478448dbb6eba624f5643ed6 04efb0ac35034d1aaab6abe3211d5b92 - - default default] 10.0.0.199 "GET /v2.0/subnetpools HTTP/1.1" status: 200 len: 193 time: 0.0078871
2026-04-02 17:44:32.152 9 INFO neutron.wsgi [-] 10.0.0.149 "GET / HTTP/1.1" status: 200 len: 247 time: 0.0025809
2026-04-02 17:44:32.153 10 INFO neutron.wsgi [-] 10.0.0.149 "GET / HTTP/1.1" status: 200 len: 247 time: 0.0029368
2026-04-02 17:44:47.151 9 INFO neutron.wsgi [-] 10.0.0.149 "GET / HTTP/1.1" status: 200 len: 247 time: 0.0016053
2026-04-02 17:44:47.153 9 INFO neutron.wsgi [-] 10.0.0.149 "GET / HTTP/1.1" status: 200 len: 247 time: 0.0011978
2026-04-02 17:45:02.153 10 INFO neutron.wsgi [-] 10.0.0.149 "GET / HTTP/1.1" status: 200 len: 247 time: 0.0041668
2026-04-02 17:45:02.156 10 INFO neutron.wsgi [-] 10.0.0.149 "GET / HTTP/1.1" status: 200 len: 247 time: 0.0013113
2026-04-02 17:45:17.152 9 INFO neutron.wsgi [-] 10.0.0.149 "GET / HTTP/1.1" status: 200 len: 247 time: 0.0026059
2026-04-02 17:45:17.155 9 INFO neutron.wsgi [-] 10.0.0.149 "GET / HTTP/1.1" status: 200 len: 247 time: 0.0018814
2026-04-02 17:45:17.169 10 INFO neutron.wsgi [None req-c8a2aa2d-b2f7-4e05-9423-3639787eb11b e5920096478448dbb6eba624f5643ed6 04efb0ac35034d1aaab6abe3211d5b92 - - default default] 10.0.0.199 "GET /v2.0/ports HTTP/1.1" status: 200 len: 5351 time: 0.1651466
2026-04-02 17:45:17.205 10 INFO neutron.wsgi [None req-860d52a6-ef19-4304-94b7-70bfc3477355 e5920096478448dbb6eba624f5643ed6 04efb0ac35034d1aaab6abe3211d5b92 - - default default] 10.0.0.199 "GET /v2.0/subnets HTTP/1.1" status: 200 len: 1437 time: 0.0329061
2026-04-02 17:45:17.220 10 INFO neutron.wsgi [None req-e223eb5a-e0be-446a-b650-eca907935266 e5920096478448dbb6eba624f5643ed6 04efb0ac35034d1aaab6abe3211d5b92 - - default default] 10.0.0.199 "GET /v2.0/subnetpools HTTP/1.1" status: 200 len: 193 time: 0.0133491
2026-04-02 17:45:17.283 10 INFO neutron.wsgi [None req-0bf30666-062e-466d-b461-ea9b3760edc0 e5920096478448dbb6eba624f5643ed6 04efb0ac35034d1aaab6abe3211d5b92 - - default default] 10.0.0.199 "GET /v2.0/networks HTTP/1.1" status: 200 len: 2350 time: 0.0628021
2026-04-02 17:45:17.308 10 INFO neutron.wsgi [None req-3842887c-ceef-4a25-bee9-f6d7aae3977f e5920096478448dbb6eba624f5643ed6 04efb0ac35034d1aaab6abe3211d5b92 - - default default] 10.0.0.199 "GET /v2.0/routers HTTP/1.1" status: 200 len: 189 time: 0.0211380
2026-04-02 17:45:17.359 10 INFO neutron.wsgi [None req-b8a4684b-57f2-4836-bc29-8d17a241b0d1 e5920096478448dbb6eba624f5643ed6 04efb0ac35034d1aaab6abe3211d5b92 - - default default] 10.0.0.199 "GET /v2.0/agents?binary=ovn-controller HTTP/1.1" status: 200 len: 591 time: 0.0500185
2026-04-02 17:45:17.386 10 INFO neutron.wsgi [None req-c70d203b-3bd8-4343-a9a2-f94be6c196f0 e5920096478448dbb6eba624f5643ed6 04efb0ac35034d1aaab6abe3211d5b92 - - default default] 10.0.0.199 "GET /v2.0/subnets HTTP/1.1" status: 200 len: 1437 time: 0.0259936
2026-04-02 17:45:17.398 10 INFO neutron.wsgi [None req-bfca4b98-cda7-43db-97a0-0fbe77a5eafe e5920096478448dbb6eba624f5643ed6 04efb0ac35034d1aaab6abe3211d5b92 - - default default] 10.0.0.199 "GET /v2.0/agents HTTP/1.1" status: 200 len: 1390 time: 0.0109212
2026-04-02 17:45:17.410 10 INFO neutron.wsgi [None req-cf55892f-42ac-4418-b9e2-8b15d1053ab0 e5920096478448dbb6eba624f5643ed6 04efb0ac35034d1aaab6abe3211d5b92 - - default default] 10.0.0.199 "GET /v2.0/network-ip-availabilities HTTP/1.1" status: 200 len: 1280 time: 0.0105729
2026-04-02 17:45:17.429 10 INFO neutron.wsgi [None req-d76c3c32-f34a-4075-8605-a3600a2b390f e5920096478448dbb6eba624f5643ed6 04efb0ac35034d1aaab6abe3211d5b92 - - default default] 10.0.0.199 "GET /v2.0/floatingips HTTP/1.1" status: 200 len: 193 time: 0.0193319
2026-04-02 17:45:17.478 10 INFO neutron.wsgi [None req-62e6c3e0-5100-4e96-8298-ebd62b2f8d7e e5920096478448dbb6eba624f5643ed6 04efb0ac35034d1aaab6abe3211d5b92 - - default default] 10.0.0.199 "GET /v2.0/security-groups HTTP/1.1" status: 200 len: 17578 time: 0.0482421
2026-04-02 17:45:32.151 9 INFO neutron.wsgi [-] 10.0.0.149 "GET / HTTP/1.1" status: 200 len: 247 time: 0.0024107
2026-04-02 17:45:32.152 10 INFO neutron.wsgi [-] 10.0.0.149 "GET / HTTP/1.1" status: 200 len: 247 time: 0.0026090
2026-04-02 17:45:47.151 10 INFO neutron.wsgi [-] 10.0.0.149 "GET / HTTP/1.1" status: 200 len: 247 time: 0.0022094
2026-04-02 17:45:47.151 9 INFO neutron.wsgi [-] 10.0.0.149 "GET / HTTP/1.1" status: 200 len: 247 time: 0.0025740
2026-04-02 17:46:02.151 10 INFO neutron.wsgi [-] 10.0.0.149 "GET / HTTP/1.1" status: 200 len: 247 time: 0.0024021
2026-04-02 17:46:02.152 9 INFO neutron.wsgi [-] 10.0.0.149 "GET / HTTP/1.1" status: 200 len: 247 time: 0.0030539
2026-04-02 17:46:17.093 10 INFO neutron.wsgi [None req-06d465bb-4f7c-46ed-9a65-5b1eae42954c e5920096478448dbb6eba624f5643ed6 04efb0ac35034d1aaab6abe3211d5b92 - - default default] 10.0.0.199 "GET /v2.0/agents HTTP/1.1" status: 200 len: 1390 time: 0.0917141
2026-04-02 17:46:17.152 10 INFO neutron.wsgi [None req-4b995494-ed5f-44de-bdff-fa0922a6f35d e5920096478448dbb6eba624f5643ed6 04efb0ac35034d1aaab6abe3211d5b92 - - default default] 10.0.0.199 "GET /v2.0/ports HTTP/1.1" status: 200 len: 5351 time: 0.0571012
2026-04-02 17:46:17.152 9 INFO neutron.wsgi [-] 10.0.0.149 "GET / HTTP/1.1" status: 200 len: 247 time: 0.0013528
2026-04-02 17:46:17.153 9 INFO neutron.wsgi [-] 10.0.0.149 "GET / HTTP/1.1" status: 200 len: 247 time: 0.0009031
2026-04-02 17:46:17.186 10 INFO neutron.wsgi [None req-7280fa81-8719-4e20-99f2-444f66f53a13 e5920096478448dbb6eba624f5643ed6 04efb0ac35034d1aaab6abe3211d5b92 - - default default] 10.0.0.199 "GET /v2.0/subnets HTTP/1.1" status: 200 len: 1437 time: 0.0316105
2026-04-02 17:46:17.197 10 INFO neutron.wsgi [None req-f4b6a529-a66d-457b-a400-73ddfad3e9bd e5920096478448dbb6eba624f5643ed6 04efb0ac35034d1aaab6abe3211d5b92 - - default default] 10.0.0.199 "GET /v2.0/subnetpools HTTP/1.1" status: 200 len: 193 time: 0.0095525
2026-04-02 17:46:17.220 10 INFO neutron.wsgi [None req-faea228e-941a-4ce0-938b-e32e1dfb7aa1 e5920096478448dbb6eba624f5643ed6 04efb0ac35034d1aaab6abe3211d5b92 - - default default] 10.0.0.199 "GET /v2.0/floatingips HTTP/1.1" status: 200 len: 193 time: 0.0221910
2026-04-02 17:46:17.271 10 INFO neutron.wsgi [None req-2e7dbc0f-8dab-4c73-99a6-50241ea0a024 e5920096478448dbb6eba624f5643ed6 04efb0ac35034d1aaab6abe3211d5b92 - - default default] 10.0.0.199 "GET /v2.0/networks HTTP/1.1" status: 200 len: 2350 time: 0.0505767
2026-04-02 17:46:17.321 10 INFO neutron.wsgi [None req-05319db1-5a65-41a4-8e53-ccc82bca6bcc e5920096478448dbb6eba624f5643ed6 04efb0ac35034d1aaab6abe3211d5b92 - - default default] 10.0.0.199 "GET /v2.0/security-groups HTTP/1.1" status: 200 len: 17578 time: 0.0486867
2026-04-02 17:46:17.350 10 INFO neutron.wsgi [None req-81dd1bd5-fe38-4c74-b5fc-284c7ed67815 e5920096478448dbb6eba624f5643ed6 04efb0ac35034d1aaab6abe3211d5b92 - - default default] 10.0.0.199 "GET /v2.0/subnets HTTP/1.1" status: 200 len: 1437 time: 0.0257878
2026-04-02 17:46:17.369 10 INFO neutron.wsgi [None req-2032b3c8-d246-4583-89c6-026d35bbca3f e5920096478448dbb6eba624f5643ed6 04efb0ac35034d1aaab6abe3211d5b92 - - default default] 10.0.0.199 "GET /v2.0/network-ip-availabilities HTTP/1.1" status: 200 len: 1280 time: 0.0179262
2026-04-02 17:46:17.393 10 INFO neutron.wsgi [None req-c3909a88-bb7c-450d-9483-89cb39e9b080 e5920096478448dbb6eba624f5643ed6 04efb0ac35034d1aaab6abe3211d5b92 - - default default] 10.0.0.199 "GET /v2.0/routers HTTP/1.1" status: 200 len: 189 time: 0.0230663
2026-04-02 17:46:17.403 10 INFO neutron.wsgi [None req-e68520a3-70bb-4876-ae47-f51e32ed01f3 e5920096478448dbb6eba624f5643ed6 04efb0ac35034d1aaab6abe3211d5b92 - - default default] 10.0.0.199 "GET /v2.0/agents?binary=ovn-controller HTTP/1.1" status: 200 len: 591 time: 0.0090587
2026-04-02 17:46:32.152 9 INFO neutron.wsgi [-] 10.0.0.149 "GET / HTTP/1.1" status: 200 len: 247 time: 0.0029519
2026-04-02 17:46:32.154 10 INFO neutron.wsgi [-] 10.0.0.149 "GET / HTTP/1.1" status: 200 len: 247 time: 0.0036988
2026-04-02 17:46:47.150 10 INFO neutron.wsgi [-] 10.0.0.149 "GET / HTTP/1.1" status: 200 len: 247 time: 0.0013618
2026-04-02 17:46:47.152 10 INFO neutron.wsgi [-] 10.0.0.149 "GET / HTTP/1.1" status: 200 len: 247 time: 0.0014858
2026-04-02 17:47:02.151 9 INFO neutron.wsgi [-] 10.0.0.149 "GET / HTTP/1.1" status: 200 len: 247 time: 0.0016463
2026-04-02 17:47:02.153 9 INFO neutron.wsgi [-] 10.0.0.149 "GET / HTTP/1.1" status: 200 len: 247 time: 0.0013142
2026-04-02 17:47:17.081 10 INFO neutron.wsgi [None req-19142a80-c76f-4ea0-b3a8-7f77c7a3fd30 e5920096478448dbb6eba624f5643ed6 04efb0ac35034d1aaab6abe3211d5b92 - - default default] 10.0.0.199 "GET /v2.0/security-groups HTTP/1.1" status: 200 len: 17578 time: 0.0866394
2026-04-02 17:47:17.135 10 INFO neutron.wsgi [None req-1220d812-9d2e-4768-9380-ce854091a8f9 e5920096478448dbb6eba624f5643ed6 04efb0ac35034d1aaab6abe3211d5b92 - - default default] 10.0.0.199 "GET /v2.0/ports HTTP/1.1" status: 200 len: 5351 time: 0.0475836
2026-04-02 17:47:17.150 10 INFO neutron.wsgi [-] 10.0.0.149 "GET / HTTP/1.1" status: 200 len: 247 time: 0.0014069
2026-04-02 17:47:17.152 10 INFO neutron.wsgi [-] 10.0.0.149 "GET / HTTP/1.1" status: 200 len: 247 time: 0.0014956
2026-04-02 17:47:17.158 10 INFO neutron.wsgi [None req-77745906-5e9f-48cb-ab98-6449ad6db28a e5920096478448dbb6eba624f5643ed6 04efb0ac35034d1aaab6abe3211d5b92 - - default default] 10.0.0.199 "GET /v2.0/network-ip-availabilities HTTP/1.1" status: 200 len: 1280 time: 0.0195911
2026-04-02 17:47:17.182 10 INFO neutron.wsgi [None req-6ef527ed-095d-477d-83f5-4143c4710abe e5920096478448dbb6eba624f5643ed6 04efb0ac35034d1aaab6abe3211d5b92 - - default default] 10.0.0.199 "GET /v2.0/floatingips HTTP/1.1" status: 200 len: 193 time: 0.0223155
2026-04-02 17:47:17.210 10 INFO neutron.wsgi [None req-57fb9b6e-c616-4fd4-95d6-a1e00e5964be e5920096478448dbb6eba624f5643ed6 04efb0ac35034d1aaab6abe3211d5b92 - - default default] 10.0.0.199 "GET /v2.0/subnets HTTP/1.1" status: 200 len: 1437 time: 0.0277100
2026-04-02 17:47:17.226 10 INFO neutron.wsgi [None req-9d128b92-8440-4c72-b688-6f9cf0f3d657 e5920096478448dbb6eba624f5643ed6 04efb0ac35034d1aaab6abe3211d5b92 - - default default] 10.0.0.199 "GET /v2.0/subnetpools HTTP/1.1" status: 200 len: 193 time: 0.0147963
2026-04-02 17:47:17.258 10 INFO neutron.wsgi [None req-40ca9f37-f04c-42fd-bbe5-b2223edee39f e5920096478448dbb6eba624f5643ed6 04efb0ac35034d1aaab6abe3211d5b92 - - default default] 10.0.0.199 "GET /v2.0/subnets HTTP/1.1" status: 200 len: 1437 time: 0.0305958
2026-04-02 17:47:17.279 10 INFO neutron.wsgi [None req-cf7a0982-c1ba-498f-a312-90ee4f87e227 e5920096478448dbb6eba624f5643ed6 04efb0ac35034d1aaab6abe3211d5b92 - - default default] 10.0.0.199 "GET /v2.0/routers HTTP/1.1" status: 200 len: 189 time: 0.0204420
2026-04-02 17:47:17.321 10 INFO neutron.wsgi [None req-2d956270-21be-4a5f-be86-b8697e769fb1 e5920096478448dbb6eba624f5643ed6 04efb0ac35034d1aaab6abe3211d5b92 - - default default] 10.0.0.199 "GET /v2.0/agents?binary=ovn-controller HTTP/1.1" status: 200 len: 591 time: 0.0417452
2026-04-02 17:47:17.332 10 INFO neutron.wsgi [None req-4a1ea267-c9ce-4b14-b9e6-ef2763a3f00b e5920096478448dbb6eba624f5643ed6 04efb0ac35034d1aaab6abe3211d5b92 - - default default] 10.0.0.199 "GET /v2.0/agents HTTP/1.1" status: 200 len: 1390 time: 0.0097482
2026-04-02 17:47:17.391 10 INFO neutron.wsgi [None req-33daf02b-037c-4a72-b6ef-6df1dfb74a0b e5920096478448dbb6eba624f5643ed6 04efb0ac35034d1aaab6abe3211d5b92 - - default default] 10.0.0.199 "GET /v2.0/networks HTTP/1.1" status: 200 len: 2350 time: 0.0587158
2026-04-02 17:47:32.151 9 INFO neutron.wsgi [-] 10.0.0.149 "GET / HTTP/1.1" status: 200 len: 247 time: 0.0017309
