2026-04-02 17:54:16.632 10 WARNING neutron.api.rpc.agentnotifiers.dhcp_rpc_agent_api [None req-75907ca1-201c-47d3-b4b6-a75aacca6d96 e5920096478448dbb6eba624f5643ed6 04efb0ac35034d1aaab6abe3211d5b92 - - default default] Unable to schedule network 692c4705-394f-42d2-b59c-dc4d4982ca5e: no agents available; will retry on subsequent port and subnet creation events.
2026-04-02 17:54:16.633 9 INFO neutron.notifiers.nova [-] Nova event matching ['req-4890f7f5-5171-46fb-bcf7-d60083cf340f'] response: {'name': 'network-changed', 'server_uuid': 'c091d0ef-04a4-4d3f-84d3-97ac1a0e3854', 'tag': 'a812c0a5-c54c-4be6-a2b6-3982b74e2a95', 'status': 'completed', 'code': 200}
2026-04-02 17:54:16.734 9 INFO neutron.wsgi [req-6143dfe3-2cde-4a0c-b6dc-7894c06d9e88 req-1a3861ee-c236-4e1a-bffc-757d32f979a5 6b2eb44c78ef40fe81841ada4497ec78 1186d73df1754cc2a0a3df526e988b35 - - 9c52bcdd4eeb4dd48f39771804555193 9c52bcdd4eeb4dd48f39771804555193] 199.204.45.53 "GET /v2.0/ports?tenant_id=f73a91e194e449269c5fb544acb156a2&device_id=c091d0ef-04a4-4d3f-84d3-97ac1a0e3854 HTTP/1.1" status: 200 len: 1413 time: 0.0708098
2026-04-02 17:54:16.791 9 INFO neutron.wsgi [req-c11565c0-b883-47d0-ae54-9529f08076c9 req-40b5ab66-1965-4f84-9c14-08f936de31f1 6ec2bc25c16b4082a449e441deb053c9 f73a91e194e449269c5fb544acb156a2 - - default default] 10.0.0.89 "GET /v2.0/ports?device_id=c091d0ef-04a4-4d3f-84d3-97ac1a0e3854 HTTP/1.1" status: 200 len: 1174 time: 0.1530290
2026-04-02 17:54:16.846 9 INFO neutron.wsgi [req-e87c8c50-2c6f-49df-b754-34e1dd20a2cb req-203a15f6-5eaa-40e1-a3eb-9398a2b194da 58248a7e859a433ba684a2334938bb89 5d7116c3089c4fc08e3f81d0ed34e1d8 - - default default] 10.0.0.89 "GET /v2.0/ports?device_id=a9f07fb4-594e-4aaf-8417-a03e23b8c5b8 HTTP/1.1" status: 200 len: 1172 time: 0.1749189
2026-04-02 17:54:16.854 9 INFO neutron.wsgi [req-6143dfe3-2cde-4a0c-b6dc-7894c06d9e88 req-fcb464ab-4a16-43ad-a3de-5dd407ba73ee 6b2eb44c78ef40fe81841ada4497ec78 1186d73df1754cc2a0a3df526e988b35 - - 9c52bcdd4eeb4dd48f39771804555193 9c52bcdd4eeb4dd48f39771804555193] 199.204.45.53 "GET /v2.0/networks?id=5f4f9904-6616-49c8-9148-9697c148d17f HTTP/1.1" status: 200 len: 968 time: 0.1120291
2026-04-02 17:54:16.876 9 INFO neutron.wsgi [req-c11565c0-b883-47d0-ae54-9529f08076c9 req-8ff62d7f-1429-459d-bb8b-4f7925c3923c 6ec2bc25c16b4082a449e441deb053c9 f73a91e194e449269c5fb544acb156a2 - - default default] 10.0.0.89 "GET /v2.0/security-groups?id=db35dc60-4998-4b58-898c-50da2d0fca11&fields=id&fields=name HTTP/1.1" status: 200 len: 313 time: 0.0751126
2026-04-02 17:54:16.932 9 INFO neutron.wsgi [req-e87c8c50-2c6f-49df-b754-34e1dd20a2cb req-5de25955-5f3a-49e9-8641-98438bf2bb6c 58248a7e859a433ba684a2334938bb89 5d7116c3089c4fc08e3f81d0ed34e1d8 - - default default] 10.0.0.89 "GET /v2.0/security-groups?id=5c4f453b-bb0d-47c6-bfcf-4df80b48c465&fields=id&fields=name HTTP/1.1" status: 200 len: 312 time: 0.0755539
2026-04-02 17:54:16.939 9 INFO neutron.wsgi [req-6143dfe3-2cde-4a0c-b6dc-7894c06d9e88 req-1453e098-8d7c-48c8-b597-343f3e79e552 6b2eb44c78ef40fe81841ada4497ec78 1186d73df1754cc2a0a3df526e988b35 - - 9c52bcdd4eeb4dd48f39771804555193 9c52bcdd4eeb4dd48f39771804555193] 199.204.45.53 "GET /v2.0/floatingips?fixed_ip_address=10.100.0.10&port_id=a812c0a5-c54c-4be6-a2b6-3982b74e2a95 HTTP/1.1" status: 200 len: 1060 time: 0.0751786
2026-04-02 17:54:17.017 9 INFO neutron.wsgi [req-6143dfe3-2cde-4a0c-b6dc-7894c06d9e88 req-4deb4410-73f7-4124-91cb-0a3e184595af 6b2eb44c78ef40fe81841ada4497ec78 1186d73df1754cc2a0a3df526e988b35 - - 9c52bcdd4eeb4dd48f39771804555193 9c52bcdd4eeb4dd48f39771804555193] 199.204.45.53 "GET /v2.0/subnets?id=19bc93e7-a7a2-4fce-be55-d690c6e5676d HTTP/1.1" status: 200 len: 863 time: 0.0705459
2026-04-02 17:54:17.063 9 INFO neutron.wsgi [req-6143dfe3-2cde-4a0c-b6dc-7894c06d9e88 req-7ad83c24-61e7-4c31-ba7e-6384418b0a24 6b2eb44c78ef40fe81841ada4497ec78 1186d73df1754cc2a0a3df526e988b35 - - 9c52bcdd4eeb4dd48f39771804555193 9c52bcdd4eeb4dd48f39771804555193] 199.204.45.53 "GET /v2.0/ports?network_id=5f4f9904-6616-49c8-9148-9697c148d17f&device_owner=network%3Adhcp HTTP/1.1" status: 200 len: 210 time: 0.0389471
2026-04-02 17:54:17.092 10 INFO neutron.wsgi [None req-35745365-e24d-49b3-9df6-e83bc9d64145 e5920096478448dbb6eba624f5643ed6 04efb0ac35034d1aaab6abe3211d5b92 - - default default] 10.0.0.199 "GET /v2.0/network-ip-availabilities HTTP/1.1" status: 200 len: 3184 time: 0.0842052
2026-04-02 17:54:17.149 9 INFO neutron.wsgi [req-6143dfe3-2cde-4a0c-b6dc-7894c06d9e88 req-2409b409-4e92-4dc0-a15d-58864bf0d13c 6b2eb44c78ef40fe81841ada4497ec78 1186d73df1754cc2a0a3df526e988b35 - - 9c52bcdd4eeb4dd48f39771804555193 9c52bcdd4eeb4dd48f39771804555193] 199.204.45.53 "GET /v2.0/networks/5f4f9904-6616-49c8-9148-9697c148d17f?fields=segments HTTP/1.1" status: 200 len: 212 time: 0.0810144
2026-04-02 17:54:17.151 9 INFO neutron.wsgi [-] 10.0.0.149 "GET / HTTP/1.1" status: 200 len: 247 time: 0.0010815
2026-04-02 17:54:17.153 9 INFO neutron.wsgi [-] 10.0.0.149 "GET / HTTP/1.1" status: 200 len: 247 time: 0.0009089
2026-04-02 17:54:17.158 10 INFO neutron.wsgi [None req-73e05388-6c03-41f3-b84c-fa838738a082 e5920096478448dbb6eba624f5643ed6 04efb0ac35034d1aaab6abe3211d5b92 - - default default] 10.0.0.199 "GET /v2.0/security-groups HTTP/1.1" status: 200 len: 37777 time: 0.0584352
2026-04-02 17:54:17.161 9 INFO neutron.wsgi [req-0b6a312b-7d01-4ec9-99c8-298b1cf3e27e req-d0ac4814-bc85-42f9-b800-c6f63a116812 a3e1daa5bf3f49708bf35674bb6b1d0b 1fe1eedfa1ea4d7b9ff24b8ea05b4b9b - - default default] 199.204.45.53 "GET /v2.0/networks?id=1f94abf9-f21e-495b-bbda-f9d027faa614 HTTP/1.1" status: 200 len: 878 time: 0.0935841
2026-04-02 17:54:17.217 10 INFO neutron.wsgi [None req-7245945e-d1d5-43c6-8b02-5a4148b43d3a e5920096478448dbb6eba624f5643ed6 04efb0ac35034d1aaab6abe3211d5b92 - - default default] 10.0.0.199 "GET /v2.0/subnets HTTP/1.1" status: 200 len: 4061 time: 0.0486603
2026-04-02 17:54:17.225 10 INFO neutron.db.ovn_revision_numbers_db [None req-75907ca1-201c-47d3-b4b6-a75aacca6d96 e5920096478448dbb6eba624f5643ed6 04efb0ac35034d1aaab6abe3211d5b92 - - default default] Successfully bumped revision number for resource 16b3f872-4a8f-4274-be31-934da42b6c78 (type: ports) to 2
2026-04-02 17:54:17.229 9 INFO neutron.wsgi [req-6143dfe3-2cde-4a0c-b6dc-7894c06d9e88 req-28f6ec98-f426-4617-8bd5-84f0518ab282 6b2eb44c78ef40fe81841ada4497ec78 1186d73df1754cc2a0a3df526e988b35 - - 9c52bcdd4eeb4dd48f39771804555193 9c52bcdd4eeb4dd48f39771804555193] 199.204.45.53 "GET /v2.0/networks/5f4f9904-6616-49c8-9148-9697c148d17f?fields=provider%3Aphysical_network&fields=provider%3Anetwork_type HTTP/1.1" status: 200 len: 277 time: 0.0740359
2026-04-02 17:54:17.241 9 INFO neutron.wsgi [req-0b6a312b-7d01-4ec9-99c8-298b1cf3e27e req-6060e91a-b2b7-4f6b-830f-e034b6092645 a3e1daa5bf3f49708bf35674bb6b1d0b 1fe1eedfa1ea4d7b9ff24b8ea05b4b9b - - default default] 199.204.45.53 "GET /v2.0/security-groups?fields=id&fields=name&tenant_id=1fe1eedfa1ea4d7b9ff24b8ea05b4b9b HTTP/1.1" status: 200 len: 380 time: 0.0494225
2026-04-02 17:54:17.249 9 WARNING neutron_lib.context [req-0b6a312b-7d01-4ec9-99c8-298b1cf3e27e req-147dea03-dca2-46b1-8746-ce25d7ff1666 a3e1daa5bf3f49708bf35674bb6b1d0b 1fe1eedfa1ea4d7b9ff24b8ea05b4b9b - - default default] Method 'is_advsvc' is deprecated since 2023.2 release (neutron-lib 3.8.0) and will be removed once support for the old RBAC API policies will be removed from Neutron. Please use method 'is_service_role' instead.
2026-04-02 17:54:17.319 10 INFO neutron.wsgi [None req-8f197ec4-9ab4-4738-8b26-78964e181932 e5920096478448dbb6eba624f5643ed6 04efb0ac35034d1aaab6abe3211d5b92 - - default default] 10.0.0.199 "GET /v2.0/ports HTTP/1.1" status: 200 len: 21462 time: 0.0992680
2026-04-02 17:54:17.323 9 INFO neutron.wsgi [req-60ed28c0-49a6-4ca3-9f86-d7a3dc4046b6 req-2531ad12-df52-4952-8002-aa836b13a6e3 6ec2bc25c16b4082a449e441deb053c9 f73a91e194e449269c5fb544acb156a2 - - default default] 10.0.0.89 "GET /v2.0/ports?device_id=c091d0ef-04a4-4d3f-84d3-97ac1a0e3854 HTTP/1.1" status: 200 len: 1174 time: 0.0434034
2026-04-02 17:54:17.339 10 INFO neutron.plugins.ml2.drivers.ovn.mech_driver.mech_driver [None req-8d2cf2ee-c82e-474d-8c94-215c72e4d0c3 - - - - - -] OVN reports status down for port: a812c0a5-c54c-4be6-a2b6-3982b74e2a95
2026-04-02 17:54:17.346 10 INFO neutron.db.ovn_revision_numbers_db [None req-75907ca1-201c-47d3-b4b6-a75aacca6d96 e5920096478448dbb6eba624f5643ed6 04efb0ac35034d1aaab6abe3211d5b92 - - default default] Successfully bumped revision number for resource 2ce5960b-2f08-45b4-8459-4569a7131128 (type: subnets) to 0
2026-04-02 17:54:17.372 10 INFO neutron.wsgi [None req-53e4e7f5-8bb5-42ee-88d0-7478e35f7e27 e5920096478448dbb6eba624f5643ed6 04efb0ac35034d1aaab6abe3211d5b92 - - default default] 10.0.0.199 "GET /v2.0/agents HTTP/1.1" status: 200 len: 1390 time: 0.0347459
2026-04-02 17:54:17.380 10 INFO neutron.wsgi [None req-75907ca1-201c-47d3-b4b6-a75aacca6d96 e5920096478448dbb6eba624f5643ed6 04efb0ac35034d1aaab6abe3211d5b92 - - default default] 10.0.0.157 "POST /v2.0/subnets HTTP/1.1" status: 201 len: 866 time: 0.8951433
2026-04-02 17:54:17.406 9 INFO neutron.wsgi [req-60ed28c0-49a6-4ca3-9f86-d7a3dc4046b6 req-60590424-10ed-4343-909f-aa54b74894d1 6ec2bc25c16b4082a449e441deb053c9 f73a91e194e449269c5fb544acb156a2 - - default default] 10.0.0.89 "GET /v2.0/security-groups?id=db35dc60-4998-4b58-898c-50da2d0fca11&fields=id&fields=name HTTP/1.1" status: 200 len: 313 time: 0.0713689
2026-04-02 17:54:17.426 10 INFO neutron.wsgi [None req-84e0e83d-18b7-47b0-a906-1bf3d7ae72d8 e5920096478448dbb6eba624f5643ed6 04efb0ac35034d1aaab6abe3211d5b92 - - default default] 10.0.0.199 "GET /v2.0/floatingips HTTP/1.1" status: 200 len: 2113 time: 0.0525892
2026-04-02 17:54:17.513 9 INFO neutron.wsgi [req-0ec17e50-cac8-46d6-8d12-1be4f5436188 req-be83b2c1-ce86-4cad-8873-e9fd0a90bc38 a3e1daa5bf3f49708bf35674bb6b1d0b 1fe1eedfa1ea4d7b9ff24b8ea05b4b9b - - default default] 10.0.0.89 "GET /v2.0/ports?device_id=26ee3689-2289-4168-b109-56731c2eb536 HTTP/1.1" status: 200 len: 210 time: 0.0314026
2026-04-02 17:54:17.721 9 INFO neutron.wsgi [req-c0c21298-2e1e-4a85-be99-fdfe1a290668 req-4905f83c-3450-4282-b132-28bea81006e5 6ec2bc25c16b4082a449e441deb053c9 f73a91e194e449269c5fb544acb156a2 - - default default] 199.204.45.53 "GET /v2.0/ports?device_id=c091d0ef-04a4-4d3f-84d3-97ac1a0e3854 HTTP/1.1" status: 200 len: 1174 time: 0.0906141
2026-04-02 17:54:17.734 10 INFO neutron.wsgi [None req-93992012-e9ff-4e91-93c3-87427ed30820 e5920096478448dbb6eba624f5643ed6 04efb0ac35034d1aaab6abe3211d5b92 - - default default] 10.0.0.199 "GET /v2.0/routers HTTP/1.1" status: 200 len: 3080 time: 0.3050878
2026-04-02 17:54:17.747 10 INFO neutron.wsgi [None req-7af0d2bc-6c0c-4b53-a073-a63b52207233 e5920096478448dbb6eba624f5643ed6 04efb0ac35034d1aaab6abe3211d5b92 - - default default] 10.0.0.199 "GET /v2.0/agents?binary=ovn-controller HTTP/1.1" status: 200 len: 591 time: 0.0118816
2026-04-02 17:54:17.756 10 INFO neutron.notifiers.nova [-] Nova event matching ['req-e0785cc5-6bf2-4296-8133-98bf739db0ff'] response: {'server_uuid': 'c091d0ef-04a4-4d3f-84d3-97ac1a0e3854', 'name': 'network-vif-unplugged', 'status': 'completed', 'tag': 'a812c0a5-c54c-4be6-a2b6-3982b74e2a95', 'code': 200}
2026-04-02 17:54:17.798 10 INFO neutron.wsgi [None req-0879edd1-ae92-476e-9e89-74a35d465532 e5920096478448dbb6eba624f5643ed6 04efb0ac35034d1aaab6abe3211d5b92 - - default default] 10.0.0.199 "GET /v2.0/subnets HTTP/1.1" status: 200 len: 4061 time: 0.0494614
2026-04-02 17:54:17.810 10 INFO neutron.wsgi [None req-23ef844f-893d-4ae5-baa8-ed2c623a90cd e5920096478448dbb6eba624f5643ed6 04efb0ac35034d1aaab6abe3211d5b92 - - default default] 10.0.0.199 "GET /v2.0/subnetpools HTTP/1.1" status: 200 len: 193 time: 0.0104005
2026-04-02 17:54:17.903 10 INFO neutron.wsgi [None req-c8cfd6aa-30f9-4682-8cfd-081f1f3ea79f e5920096478448dbb6eba624f5643ed6 04efb0ac35034d1aaab6abe3211d5b92 - - default default] 10.0.0.199 "GET /v2.0/networks HTTP/1.1" status: 200 len: 5390 time: 0.0916469
2026-04-02 17:54:17.904 9 WARNING neutron.scheduler.dhcp_agent_scheduler [req-0b6a312b-7d01-4ec9-99c8-298b1cf3e27e req-147dea03-dca2-46b1-8746-ce25d7ff1666 a3e1daa5bf3f49708bf35674bb6b1d0b 1fe1eedfa1ea4d7b9ff24b8ea05b4b9b - - default default] No more DHCP agents
2026-04-02 17:54:17.908 9 WARNING neutron.api.rpc.agentnotifiers.dhcp_rpc_agent_api [req-0b6a312b-7d01-4ec9-99c8-298b1cf3e27e req-147dea03-dca2-46b1-8746-ce25d7ff1666 a3e1daa5bf3f49708bf35674bb6b1d0b 1fe1eedfa1ea4d7b9ff24b8ea05b4b9b - - default default] Unable to schedule network 1f94abf9-f21e-495b-bbda-f9d027faa614: no agents available; will retry on subsequent port and subnet creation events.
2026-04-02 17:54:17.956 10 INFO neutron.db.ovn_revision_numbers_db [None req-8d2cf2ee-c82e-474d-8c94-215c72e4d0c3 - - - - - -] Successfully bumped revision number for resource a812c0a5-c54c-4be6-a2b6-3982b74e2a95 (type: ports) to 5 /var/lib/openstack/lib/python3.10/site-packages/pycadf/identifier.py:71: UserWarning: Invalid uuid: neutron. To ensure interoperability, identifiers should be a valid uuid. warnings.warn(('Invalid uuid: %s. To ensure interoperability, '
2026-04-02 17:54:18.261 9 INFO neutron.wsgi [req-382a0d2a-6296-433d-a3a7-0d43e253f48f req-4990006a-27dd-4f9c-bae6-823bbd60cd0b 58248a7e859a433ba684a2334938bb89 5d7116c3089c4fc08e3f81d0ed34e1d8 - - default default] 10.0.0.89 "GET /v2.0/ports?device_id=a9f07fb4-594e-4aaf-8417-a03e23b8c5b8 HTTP/1.1" status: 200 len: 1172 time: 0.0726705
2026-04-02 17:54:18.416 9 INFO neutron.wsgi [req-382a0d2a-6296-433d-a3a7-0d43e253f48f req-b3c7a4be-b191-4680-8ab9-72e6bd5696a5 58248a7e859a433ba684a2334938bb89 5d7116c3089c4fc08e3f81d0ed34e1d8 - - default default] 10.0.0.89 "GET /v2.0/security-groups?id=5c4f453b-bb0d-47c6-bfcf-4df80b48c465&fields=id&fields=name HTTP/1.1" status: 200 len: 312 time: 0.1446042
2026-04-02 17:54:18.527 9 INFO neutron.wsgi [req-4b5da1fa-a455-404e-a948-54751f71f581 req-61a24083-abab-48f6-97b8-e0d2106bd939 6ec2bc25c16b4082a449e441deb053c9 f73a91e194e449269c5fb544acb156a2 - - default default] 10.0.0.89 "GET /v2.0/ports?device_id=c091d0ef-04a4-4d3f-84d3-97ac1a0e3854 HTTP/1.1" status: 200 len: 1172 time: 0.0569949
2026-04-02 17:54:18.562 9 INFO neutron.db.ovn_revision_numbers_db [req-0b6a312b-7d01-4ec9-99c8-298b1cf3e27e req-147dea03-dca2-46b1-8746-ce25d7ff1666 a3e1daa5bf3f49708bf35674bb6b1d0b 1fe1eedfa1ea4d7b9ff24b8ea05b4b9b - - default default] Successfully bumped revision number for resource b87935e3-1b26-49b5-82a6-775ea46a9e27 (type: ports) to 1
2026-04-02 17:54:18.637 9 INFO neutron.wsgi [req-0b6a312b-7d01-4ec9-99c8-298b1cf3e27e req-147dea03-dca2-46b1-8746-ce25d7ff1666 a3e1daa5bf3f49708bf35674bb6b1d0b 1fe1eedfa1ea4d7b9ff24b8ea05b4b9b - - default default] 199.204.45.53 "POST /v2.0/ports HTTP/1.1" status: 201 len: 1162 time: 1.3931713
2026-04-02 17:54:18.648 9 INFO neutron.wsgi [req-83e4ed65-22ce-44eb-926a-c4f5e6a9f4b4 req-43789738-449c-4173-bcd7-c86d7c0c355d a3e1daa5bf3f49708bf35674bb6b1d0b 1fe1eedfa1ea4d7b9ff24b8ea05b4b9b - - default default] 10.0.0.89 "GET /v2.0/ports?device_id=26ee3689-2289-4168-b109-56731c2eb536 HTTP/1.1" status: 200 len: 1160 time: 0.0708725
2026-04-02 17:54:18.684 9 WARNING neutron.scheduler.dhcp_agent_scheduler [None req-9818eb7f-adba-4f53-80ff-25a580e77f92 e5920096478448dbb6eba624f5643ed6 04efb0ac35034d1aaab6abe3211d5b92 - - default default] No more DHCP agents
2026-04-02 17:54:18.691 9 INFO neutron.wsgi [req-4b5da1fa-a455-404e-a948-54751f71f581 req-eb840e94-b594-4d91-a866-3388002a3221 6ec2bc25c16b4082a449e441deb053c9 f73a91e194e449269c5fb544acb156a2 - - default default] 10.0.0.89 "GET /v2.0/security-groups?id=db35dc60-4998-4b58-898c-50da2d0fca11&fields=id&fields=name HTTP/1.1" status: 200 len: 313 time: 0.1384377
2026-04-02 17:54:18.695 9 WARNING neutron.api.rpc.agentnotifiers.dhcp_rpc_agent_api [None req-9818eb7f-adba-4f53-80ff-25a580e77f92 e5920096478448dbb6eba624f5643ed6 04efb0ac35034d1aaab6abe3211d5b92 - - default default] Unable to schedule network e5b9ce7b-b79e-4fbd-82ec-90fee271619b: no agents available; will retry on subsequent port and subnet creation events.
2026-04-02 17:54:18.777 9 INFO neutron.wsgi [req-83e4ed65-22ce-44eb-926a-c4f5e6a9f4b4 req-046158fc-740f-4903-8a17-d2bebdd484a3 a3e1daa5bf3f49708bf35674bb6b1d0b 1fe1eedfa1ea4d7b9ff24b8ea05b4b9b - - default default] 10.0.0.89 "GET /v2.0/security-groups?id=32ef1676-814c-4534-b23b-2c9318e4e3fe&fields=id&fields=name HTTP/1.1" status: 200 len: 313 time: 0.1150613
2026-04-02 17:54:18.777 9 INFO neutron.db.l3_db [req-c0c21298-2e1e-4a85-be99-fdfe1a290668 req-753948b3-85e6-497f-8852-e53219339998 6ec2bc25c16b4082a449e441deb053c9 f73a91e194e449269c5fb544acb156a2 - - default default] Floating IP 677fc35b-ce07-432f-bdc1-3866c085a33c disassociated. External IP: 10.96.250.204, port: a812c0a5-c54c-4be6-a2b6-3982b74e2a95.
2026-04-02 17:54:19.041 9 INFO neutron.wsgi [req-c0c21298-2e1e-4a85-be99-fdfe1a290668 req-753948b3-85e6-497f-8852-e53219339998 6ec2bc25c16b4082a449e441deb053c9 f73a91e194e449269c5fb544acb156a2 - - default default] 199.204.45.53 "DELETE /v2.0/ports/a812c0a5-c54c-4be6-a2b6-3982b74e2a95 HTTP/1.1" status: 204 len: 173 time: 1.3132312
2026-04-02 17:54:19.047 9 INFO neutron.db.ovn_revision_numbers_db [None req-9818eb7f-adba-4f53-80ff-25a580e77f92 e5920096478448dbb6eba624f5643ed6 04efb0ac35034d1aaab6abe3211d5b92 - - default default] Successfully bumped revision number for resource cbf43387-98f0-4ae1-a7b7-ebda11a21883 (type: ports) to 1
2026-04-02 17:54:19.091 9 INFO neutron.notifiers.nova [-] Nova event matching ['req-288e2a25-b2f3-458e-9d61-fa866bd71c14'] response: {'server_uuid': 'c091d0ef-04a4-4d3f-84d3-97ac1a0e3854', 'name': 'network-vif-deleted', 'tag': 'a812c0a5-c54c-4be6-a2b6-3982b74e2a95', 'status': 'completed', 'code': 200} /var/lib/openstack/lib/python3.10/site-packages/pycadf/identifier.py:71: UserWarning: Invalid uuid: neutron. To ensure interoperability, identifiers should be a valid uuid. warnings.warn(('Invalid uuid: %s. To ensure interoperability, '
2026-04-02 17:54:19.631 9 WARNING neutron.plugins.ml2.drivers.ovn.mech_driver.ovsdb.ovn_client [None req-31a44c0b-f4e7-4680-a320-06d4f79cb80f - - - - - -] No hosting information found for port c19614bd-56bd-4d90-896e-588a06b2d5e9: RuntimeError: No hosting information found for port c19614bd-56bd-4d90-896e-588a06b2d5e9
2026-04-02 17:54:19.632 9 INFO neutron.plugins.ml2.drivers.ovn.mech_driver.mech_driver [None req-31a44c0b-f4e7-4680-a320-06d4f79cb80f - - - - - -] OVN reports status up for port: 66bf8dd4-1ba1-492b-add1-02268d025e5b
2026-04-02 17:54:19.639 9 INFO neutron.db.ovn_revision_numbers_db [req-0b6a312b-7d01-4ec9-99c8-298b1cf3e27e req-ae3a7860-1ee0-44b2-a92b-9a3206e7afce 6b2eb44c78ef40fe81841ada4497ec78 1186d73df1754cc2a0a3df526e988b35 - - 9c52bcdd4eeb4dd48f39771804555193 9c52bcdd4eeb4dd48f39771804555193] Successfully bumped revision number for resource b87935e3-1b26-49b5-82a6-775ea46a9e27 (type: ports) to 2
2026-04-02 17:54:19.649 9 INFO neutron.wsgi [req-b24ad10c-8413-4a7d-80dd-609527bdda66 req-f98498b3-4fd8-4f06-a2bd-7ff809b330dc 58248a7e859a433ba684a2334938bb89 5d7116c3089c4fc08e3f81d0ed34e1d8 - - default default] 10.0.0.89 "GET /v2.0/ports?device_id=a9f07fb4-594e-4aaf-8417-a03e23b8c5b8 HTTP/1.1" status: 200 len: 1172 time: 0.0722029
2026-04-02 17:54:19.682 9 INFO neutron.plugins.ml2.plugin [None req-31a44c0b-f4e7-4680-a320-06d4f79cb80f - - - - - -] Attempt 1 to provision port 66bf8dd4-1ba1-492b-add1-02268d025e5b
2026-04-02 17:54:19.767 9 INFO neutron.wsgi [req-b24ad10c-8413-4a7d-80dd-609527bdda66 req-83380378-9403-4157-9cf0-dc567ea25440 58248a7e859a433ba684a2334938bb89 5d7116c3089c4fc08e3f81d0ed34e1d8 - - default default] 10.0.0.89 "GET /v2.0/security-groups?id=5c4f453b-bb0d-47c6-bfcf-4df80b48c465&fields=id&fields=name HTTP/1.1" status: 200 len: 312 time: 0.1029198
2026-04-02 17:54:19.793 10 INFO neutron.notifiers.nova [-] Nova event matching ['req-f99c7033-a5a7-4e0b-8fc1-214e7ca14bf6'] response: {'server_uuid': 'c091d0ef-04a4-4d3f-84d3-97ac1a0e3854', 'name': 'network-vif-unplugged', 'status': 'completed', 'tag': 'a812c0a5-c54c-4be6-a2b6-3982b74e2a95', 'code': 200}
2026-04-02 17:54:19.945 9 INFO neutron.wsgi [req-f694db9b-2bde-490d-8c5f-0ca091470785 req-14c32cfb-e15f-4b7d-9086-5b78d57903a3 a3e1daa5bf3f49708bf35674bb6b1d0b 1fe1eedfa1ea4d7b9ff24b8ea05b4b9b - - default default] 10.0.0.89 "GET /v2.0/ports?device_id=26ee3689-2289-4168-b109-56731c2eb536 HTTP/1.1" status: 200 len: 1172 time: 0.1037855
2026-04-02 17:54:20.097 9 INFO neutron.wsgi [req-f694db9b-2bde-490d-8c5f-0ca091470785 req-b00d8b55-d674-4a0c-b12b-df971bffc76f a3e1daa5bf3f49708bf35674bb6b1d0b 1fe1eedfa1ea4d7b9ff24b8ea05b4b9b - - default default] 10.0.0.89 "GET /v2.0/security-groups?id=32ef1676-814c-4534-b23b-2c9318e4e3fe&fields=id&fields=name HTTP/1.1" status: 200 len: 313 time: 0.1423104
2026-04-02 17:54:20.188 9 INFO neutron.wsgi [None req-cf47bfe1-badc-4420-85bb-f46c3ff14066 6ec2bc25c16b4082a449e441deb053c9 f73a91e194e449269c5fb544acb156a2 - - default default] 10.0.0.157 "DELETE /v2.0/security-groups/db35dc60-4998-4b58-898c-50da2d0fca11 HTTP/1.1" status: 204 len: 168 time: 0.4229746 /var/lib/openstack/lib/python3.10/site-packages/pycadf/identifier.py:71: UserWarning: Invalid uuid: neutron. To ensure interoperability, identifiers should be a valid uuid. warnings.warn(('Invalid uuid: %s. To ensure interoperability, '
2026-04-02 17:54:20.210 10 INFO neutron.api.v2.resource [None req-10d6eed0-1e15-427b-8f0d-067d9ca6857d 6ec2bc25c16b4082a449e441deb053c9 f73a91e194e449269c5fb544acb156a2 - - default default] show failed (client error): The resource could not be found.
2026-04-02 17:54:20.212 10 INFO neutron.wsgi [None req-10d6eed0-1e15-427b-8f0d-067d9ca6857d 6ec2bc25c16b4082a449e441deb053c9 f73a91e194e449269c5fb544acb156a2 - - default default] 10.0.0.157 "GET /v2.0/security-groups/db35dc60-4998-4b58-898c-50da2d0fca11 HTTP/1.1" status: 404 len: 347 time: 0.0169806
2026-04-02 17:54:20.226 9 INFO neutron.db.ovn_revision_numbers_db [req-0b6a312b-7d01-4ec9-99c8-298b1cf3e27e req-ae3a7860-1ee0-44b2-a92b-9a3206e7afce 6b2eb44c78ef40fe81841ada4497ec78 1186d73df1754cc2a0a3df526e988b35 - - 9c52bcdd4eeb4dd48f39771804555193 9c52bcdd4eeb4dd48f39771804555193] Successfully bumped revision number for resource b87935e3-1b26-49b5-82a6-775ea46a9e27 (type: ports) to 2
2026-04-02 17:54:20.270 9 INFO neutron.wsgi [req-0b6a312b-7d01-4ec9-99c8-298b1cf3e27e req-ae3a7860-1ee0-44b2-a92b-9a3206e7afce 6b2eb44c78ef40fe81841ada4497ec78 1186d73df1754cc2a0a3df526e988b35 - - 9c52bcdd4eeb4dd48f39771804555193 9c52bcdd4eeb4dd48f39771804555193] 199.204.45.53 "PUT /v2.0/ports/b87935e3-1b26-49b5-82a6-775ea46a9e27 HTTP/1.1" status: 200 len: 1380 time: 1.6206057
2026-04-02 17:54:20.309 9 INFO neutron.db.ovn_revision_numbers_db [None req-31a44c0b-f4e7-4680-a320-06d4f79cb80f - - - - - -] Successfully bumped revision number for resource 66bf8dd4-1ba1-492b-add1-02268d025e5b (type: ports) to 4 /var/lib/openstack/lib/python3.10/site-packages/pycadf/identifier.py:71: UserWarning: Invalid uuid: neutron. To ensure interoperability, identifiers should be a valid uuid. warnings.warn(('Invalid uuid: %s. To ensure interoperability, '
2026-04-02 17:54:20.379 9 INFO neutron.wsgi [req-0b6a312b-7d01-4ec9-99c8-298b1cf3e27e req-77507c3a-268f-4a5a-8d99-1ffbe69630be 6b2eb44c78ef40fe81841ada4497ec78 1186d73df1754cc2a0a3df526e988b35 - - 9c52bcdd4eeb4dd48f39771804555193 9c52bcdd4eeb4dd48f39771804555193] 199.204.45.53 "GET /v2.0/ports?tenant_id=1fe1eedfa1ea4d7b9ff24b8ea05b4b9b&device_id=26ee3689-2289-4168-b109-56731c2eb536 HTTP/1.1" status: 200 len: 1411 time: 0.0701120
2026-04-02 17:54:20.412 9 INFO neutron.wsgi [req-0b6a312b-7d01-4ec9-99c8-298b1cf3e27e req-4133987f-ea71-4435-b3b3-df2e48999345 6b2eb44c78ef40fe81841ada4497ec78 1186d73df1754cc2a0a3df526e988b35 - - 9c52bcdd4eeb4dd48f39771804555193 9c52bcdd4eeb4dd48f39771804555193] 199.204.45.53 "GET /v2.0/floatingips?fixed_ip_address=10.100.0.14&port_id=b87935e3-1b26-49b5-82a6-775ea46a9e27 HTTP/1.1" status: 200 len: 217 time: 0.0257924 /var/lib/openstack/lib/python3.10/site-packages/pycadf/identifier.py:71: UserWarning: Invalid uuid: neutron. To ensure interoperability, identifiers should be a valid uuid. warnings.warn(('Invalid uuid: %s. To ensure interoperability, '
2026-04-02 17:54:20.441 9 INFO neutron.plugins.ml2.drivers.ovn.mech_driver.ovsdb.commands [None req-095df9b0-e543-4bb4-b929-1ba912274843 - - - - - -] Schedule LRP lrp-cbf43387-98f0-4ae1-a7b7-ebda11a21883 on gateway e63cc583-2cc1-44ed-bddc-dea82e3a56e8 with priority 1
2026-04-02 17:54:20.463 9 INFO neutron.plugins.ml2.drivers.ovn.mech_driver.mech_driver [None req-31a44c0b-f4e7-4680-a320-06d4f79cb80f - - - - - -] OVN reports status up for port: cbf43387-98f0-4ae1-a7b7-ebda11a21883
2026-04-02 17:54:20.472 9 INFO neutron.plugins.ml2.drivers.ovn.mech_driver.ovsdb.ovsdb_monitor [-] Router bd16bd4b-5ac7-4cb4-8cd7-ae18276a1472 is bound to host instance
2026-04-02 17:54:20.488 9 INFO neutron.wsgi [req-0b6a312b-7d01-4ec9-99c8-298b1cf3e27e req-57de75fa-bf1a-4b2e-8880-7b701ffac3ca 6b2eb44c78ef40fe81841ada4497ec78 1186d73df1754cc2a0a3df526e988b35 - - 9c52bcdd4eeb4dd48f39771804555193 9c52bcdd4eeb4dd48f39771804555193] 199.204.45.53 "GET /v2.0/subnets?id=ca2c2569-1e28-4725-a96f-5de23ce748b5 HTTP/1.1" status: 200 len: 872 time: 0.0684080
2026-04-02 17:54:20.497 9 INFO neutron.plugins.ml2.plugin [None req-31a44c0b-f4e7-4680-a320-06d4f79cb80f - - - - - -] Attempt 1 to provision port cbf43387-98f0-4ae1-a7b7-ebda11a21883
2026-04-02 17:54:20.532 9 INFO neutron.db.ovn_revision_numbers_db [None req-9818eb7f-adba-4f53-80ff-25a580e77f92 e5920096478448dbb6eba624f5643ed6 04efb0ac35034d1aaab6abe3211d5b92 - - default default] Successfully bumped revision number for resource cbf43387-98f0-4ae1-a7b7-ebda11a21883 (type: router_ports) to 1
2026-04-02 17:54:20.536 9 INFO neutron.wsgi [req-0b6a312b-7d01-4ec9-99c8-298b1cf3e27e req-76c33ed3-faaa-4c6d-9378-270967fdb83a 6b2eb44c78ef40fe81841ada4497ec78 1186d73df1754cc2a0a3df526e988b35 - - 9c52bcdd4eeb4dd48f39771804555193 9c52bcdd4eeb4dd48f39771804555193] 199.204.45.53 "GET /v2.0/ports?network_id=1f94abf9-f21e-495b-bbda-f9d027faa614&device_owner=network%3Adhcp HTTP/1.1" status: 200 len: 210 time: 0.0371711
2026-04-02 17:54:20.549 10 INFO neutron.wsgi [None req-1aa8a1b4-3a65-4433-99ca-d3ffa965e422 6ec2bc25c16b4082a449e441deb053c9 f73a91e194e449269c5fb544acb156a2 - - default default] 10.0.0.157 "DELETE /v2.0/floatingips/677fc35b-ce07-432f-bdc1-3866c085a33c HTTP/1.1" status: 204 len: 168 time: 0.3312984
2026-04-02 17:54:20.651 9 INFO neutron.wsgi [req-0b6a312b-7d01-4ec9-99c8-298b1cf3e27e req-44126845-04d3-464d-a4b8-23577e716bc9 6b2eb44c78ef40fe81841ada4497ec78 1186d73df1754cc2a0a3df526e988b35 - - 9c52bcdd4eeb4dd48f39771804555193 9c52bcdd4eeb4dd48f39771804555193] 199.204.45.53 "GET /v2.0/networks/1f94abf9-f21e-495b-bbda-f9d027faa614?fields=segments HTTP/1.1" status: 200 len: 212 time: 0.0988491
2026-04-02 17:54:20.707 9 INFO neutron.db.ovn_revision_numbers_db [None req-9818eb7f-adba-4f53-80ff-25a580e77f92 e5920096478448dbb6eba624f5643ed6 04efb0ac35034d1aaab6abe3211d5b92 - - default default] Successfully bumped revision number for resource bd16bd4b-5ac7-4cb4-8cd7-ae18276a1472 (type: routers) to 2
2026-04-02 17:54:20.750 9 INFO neutron.wsgi [None req-9818eb7f-adba-4f53-80ff-25a580e77f92 e5920096478448dbb6eba624f5643ed6 04efb0ac35034d1aaab6abe3211d5b92 - - default default] 10.0.0.157 "POST /v2.0/routers HTTP/1.1" status: 201 len: 1168 time: 3.3628230
2026-04-02 17:54:20.788 9 INFO neutron.wsgi [req-0b6a312b-7d01-4ec9-99c8-298b1cf3e27e req-99276d61-753f-4bb9-868b-76c71f19d443 6b2eb44c78ef40fe81841ada4497ec78 1186d73df1754cc2a0a3df526e988b35 - - 9c52bcdd4eeb4dd48f39771804555193 9c52bcdd4eeb4dd48f39771804555193] 199.204.45.53 "GET /v2.0/networks/1f94abf9-f21e-495b-bbda-f9d027faa614?fields=provider%3Aphysical_network&fields=provider%3Anetwork_type HTTP/1.1" status: 200 len: 277 time: 0.1299682
2026-04-02 17:54:21.002 10 INFO neutron.plugins.ml2.drivers.ovn.mech_driver.mech_driver [None req-8d2cf2ee-c82e-474d-8c94-215c72e4d0c3 - - - - - -] OVN reports status up for port: b87935e3-1b26-49b5-82a6-775ea46a9e27
2026-04-02 17:54:21.020 10 INFO neutron.plugins.ml2.plugin [None req-8d2cf2ee-c82e-474d-8c94-215c72e4d0c3 - - - - - -] Attempt 1 to provision port b87935e3-1b26-49b5-82a6-775ea46a9e27
2026-04-02 17:54:21.145 9 INFO neutron.wsgi [req-fe043a87-997b-498f-b2b6-49fbd4e88316 req-226315f8-3ab3-47da-adc9-f49f249cafa0 58248a7e859a433ba684a2334938bb89 5d7116c3089c4fc08e3f81d0ed34e1d8 - - default default] 10.0.0.89 "GET /v2.0/ports?device_id=a9f07fb4-594e-4aaf-8417-a03e23b8c5b8 HTTP/1.1" status: 200 len: 1174 time: 0.3125961
2026-04-02 17:54:21.149 9 INFO neutron.notifiers.nova [-] Nova event matching ['req-6a8b9dd3-fc1d-40d9-b67f-4790663601e0'] response: {'server_uuid': 'a9f07fb4-594e-4aaf-8417-a03e23b8c5b8', 'name': 'network-vif-plugged', 'status': 'completed', 'tag': '66bf8dd4-1ba1-492b-add1-02268d025e5b', 'code': 200}
2026-04-02 17:54:21.150 9 INFO neutron.notifiers.nova [-] Nova event matching ['req-6a8b9dd3-fc1d-40d9-b67f-4790663601e0'] response: {'name': 'network-changed', 'server_uuid': '26ee3689-2289-4168-b109-56731c2eb536', 'tag': 'b87935e3-1b26-49b5-82a6-775ea46a9e27', 'status': 'completed', 'code': 200}
2026-04-02 17:54:21.150 9 INFO neutron.notifiers.nova [-] Nova event matching ['req-6a8b9dd3-fc1d-40d9-b67f-4790663601e0'] response: {'server_uuid': 'a9f07fb4-594e-4aaf-8417-a03e23b8c5b8', 'name': 'network-vif-plugged', 'status': 'completed', 'tag': '66bf8dd4-1ba1-492b-add1-02268d025e5b', 'code': 200}
2026-04-02 17:54:21.283 9 INFO neutron.wsgi [req-38608921-96fc-4bae-851e-0d85421df625 req-a8e2efe3-00cd-4f7f-be0a-2be52de09df3 6b2eb44c78ef40fe81841ada4497ec78 1186d73df1754cc2a0a3df526e988b35 - - 9c52bcdd4eeb4dd48f39771804555193 9c52bcdd4eeb4dd48f39771804555193] 199.204.45.53 "GET /v2.0/ports?tenant_id=1fe1eedfa1ea4d7b9ff24b8ea05b4b9b&device_id=26ee3689-2289-4168-b109-56731c2eb536 HTTP/1.1" status: 200 len: 1413 time: 0.1030834
2026-04-02 17:54:21.290 9 INFO neutron.wsgi [req-fe043a87-997b-498f-b2b6-49fbd4e88316 req-4dd2a3eb-bde3-4fe4-8fc2-bd4e49103a6d 58248a7e859a433ba684a2334938bb89 5d7116c3089c4fc08e3f81d0ed34e1d8 - - default default] 10.0.0.89 "GET /v2.0/security-groups?id=5c4f453b-bb0d-47c6-bfcf-4df80b48c465&fields=id&fields=name HTTP/1.1" status: 200 len: 312 time: 0.1338961
2026-04-02 17:54:21.446 10 INFO neutron.db.ovn_revision_numbers_db [None req-8d2cf2ee-c82e-474d-8c94-215c72e4d0c3 - - - - - -] Successfully bumped revision number for resource b87935e3-1b26-49b5-82a6-775ea46a9e27 (type: ports) to 4
2026-04-02 17:54:21.450 9 INFO neutron.wsgi [req-205aa257-e4ba-4444-86b7-7c2176ec071f req-d84f7ebf-c4cd-48e2-b73d-20aae67c0b53 a3e1daa5bf3f49708bf35674bb6b1d0b 1fe1eedfa1ea4d7b9ff24b8ea05b4b9b - - default default] 10.0.0.89 "GET /v2.0/ports?device_id=26ee3689-2289-4168-b109-56731c2eb536 HTTP/1.1" status: 200 len: 1174 time: 0.2462296
2026-04-02 17:54:21.468 9 INFO neutron.wsgi [req-38608921-96fc-4bae-851e-0d85421df625 req-723bfa9a-ac69-4ae5-b59b-8387a554b8a7 6b2eb44c78ef40fe81841ada4497ec78 1186d73df1754cc2a0a3df526e988b35 - - 9c52bcdd4eeb4dd48f39771804555193 9c52bcdd4eeb4dd48f39771804555193] 199.204.45.53 "GET /v2.0/networks?id=1f94abf9-f21e-495b-bbda-f9d027faa614 HTTP/1.1" status: 200 len: 977 time: 0.1748674
2026-04-02 17:54:21.520 9 INFO neutron.wsgi [req-38608921-96fc-4bae-851e-0d85421df625 req-8d1ebe6d-2186-4de9-8493-d5be8556eb79 6b2eb44c78ef40fe81841ada4497ec78 1186d73df1754cc2a0a3df526e988b35 - - 9c52bcdd4eeb4dd48f39771804555193 9c52bcdd4eeb4dd48f39771804555193] 199.204.45.53 "GET /v2.0/floatingips?fixed_ip_address=10.100.0.14&port_id=b87935e3-1b26-49b5-82a6-775ea46a9e27 HTTP/1.1" status: 200 len: 217 time: 0.0349917
2026-04-02 17:54:21.568 9 INFO neutron.wsgi [req-205aa257-e4ba-4444-86b7-7c2176ec071f req-9e27a9c4-470a-48aa-85c2-cfc012abab7a a3e1daa5bf3f49708bf35674bb6b1d0b 1fe1eedfa1ea4d7b9ff24b8ea05b4b9b - - default default] 10.0.0.89 "GET /v2.0/security-groups?id=32ef1676-814c-4534-b23b-2c9318e4e3fe&fields=id&fields=name HTTP/1.1" status: 200 len: 313 time: 0.1114087
2026-04-02 17:54:21.590 9 INFO neutron.wsgi [req-38608921-96fc-4bae-851e-0d85421df625 req-19894924-05b3-47a9-8531-ad59ad23d03f 6b2eb44c78ef40fe81841ada4497ec78 1186d73df1754cc2a0a3df526e988b35 - - 9c52bcdd4eeb4dd48f39771804555193 9c52bcdd4eeb4dd48f39771804555193] 199.204.45.53 "GET /v2.0/subnets?id=ca2c2569-1e28-4725-a96f-5de23ce748b5 HTTP/1.1" status: 200 len: 872 time: 0.0630486
2026-04-02 17:54:21.638 9 INFO neutron.wsgi [req-38608921-96fc-4bae-851e-0d85421df625 req-ecf61fc2-185c-46ea-bf2f-aedb5a650bee 6b2eb44c78ef40fe81841ada4497ec78 1186d73df1754cc2a0a3df526e988b35 - - 9c52bcdd4eeb4dd48f39771804555193 9c52bcdd4eeb4dd48f39771804555193] 199.204.45.53 "GET /v2.0/ports?network_id=1f94abf9-f21e-495b-bbda-f9d027faa614&device_owner=network%3Adhcp HTTP/1.1" status: 200 len: 210 time: 0.0355556
2026-04-02 17:54:21.749 9 INFO neutron.wsgi [req-38608921-96fc-4bae-851e-0d85421df625 req-c1408cfb-8b0e-4321-8522-1fa412c5c47e 6b2eb44c78ef40fe81841ada4497ec78 1186d73df1754cc2a0a3df526e988b35 - - 9c52bcdd4eeb4dd48f39771804555193 9c52bcdd4eeb4dd48f39771804555193] 199.204.45.53 "GET /v2.0/networks/1f94abf9-f21e-495b-bbda-f9d027faa614?fields=segments HTTP/1.1" status: 200 len: 212 time: 0.0987637
2026-04-02 17:54:21.826 10 INFO neutron.notifiers.nova [-] Nova event matching ['req-c0accb04-96ac-4a71-b458-230f0952fc24'] response: {'server_uuid': '26ee3689-2289-4168-b109-56731c2eb536', 'name': 'network-vif-plugged', 'status': 'completed', 'tag': 'b87935e3-1b26-49b5-82a6-775ea46a9e27', 'code': 200}
2026-04-02 17:54:21.826 10 INFO neutron.notifiers.nova [-] Nova event matching ['req-c0accb04-96ac-4a71-b458-230f0952fc24'] response: {'server_uuid': '26ee3689-2289-4168-b109-56731c2eb536', 'name': 'network-vif-plugged', 'status': 'completed', 'tag': 'b87935e3-1b26-49b5-82a6-775ea46a9e27', 'code': 200}
2026-04-02 17:54:21.846 9 INFO neutron.wsgi [req-38608921-96fc-4bae-851e-0d85421df625 req-32c3b7ef-f6fc-41c9-affc-6f74fae56154 6b2eb44c78ef40fe81841ada4497ec78 1186d73df1754cc2a0a3df526e988b35 - - 9c52bcdd4eeb4dd48f39771804555193 9c52bcdd4eeb4dd48f39771804555193] 199.204.45.53 "GET /v2.0/networks/1f94abf9-f21e-495b-bbda-f9d027faa614?fields=provider%3Aphysical_network&fields=provider%3Anetwork_type HTTP/1.1" status: 200 len: 277 time: 0.0889676
2026-04-02 17:54:22.024 9 WARNING neutron.scheduler.dhcp_agent_scheduler [None req-3f4ee8fd-0f5a-49f4-a3aa-201277d214bd e5920096478448dbb6eba624f5643ed6 04efb0ac35034d1aaab6abe3211d5b92 - - default default] No more DHCP agents
2026-04-02 17:54:22.029 9 WARNING neutron.api.rpc.agentnotifiers.dhcp_rpc_agent_api [None req-3f4ee8fd-0f5a-49f4-a3aa-201277d214bd e5920096478448dbb6eba624f5643ed6 04efb0ac35034d1aaab6abe3211d5b92 - - default default] Unable to schedule network 692c4705-394f-42d2-b59c-dc4d4982ca5e: no agents available; will retry on subsequent port and subnet creation events.
2026-04-02 17:54:22.082 9 INFO neutron.db.ovn_revision_numbers_db [None req-f376f54e-c779-437d-a13a-002091d9385c - - - - - -] Successfully bumped revision number for resource cbf43387-98f0-4ae1-a7b7-ebda11a21883 (type: ports) to 1
2026-04-02 17:54:22.192 10 INFO neutron.wsgi [None req-2d963c90-5141-4ec0-b5f3-16eafb508759 e5920096478448dbb6eba624f5643ed6 04efb0ac35034d1aaab6abe3211d5b92 - - default default] 10.0.0.157 "PUT /v2.0/routers/f5293fbd-2757-4da7-8aa2-607131d19aa6/remove_router_interface HTTP/1.1" status: 200 len: 503 time: 1.6384773
2026-04-02 17:54:22.299 9 INFO neutron.db.ovn_revision_numbers_db [None req-3f4ee8fd-0f5a-49f4-a3aa-201277d214bd e5920096478448dbb6eba624f5643ed6 04efb0ac35034d1aaab6abe3211d5b92 - - default default] Successfully bumped revision number for resource 215ffcce-71f8-4599-8967-605928ed12ed (type: ports) to 1
2026-04-02 17:54:22.713 9 INFO neutron.wsgi [req-2e79773a-d4d5-418c-a5b4-338dbc3307d2 req-8feeae2b-6b51-4b80-a699-0cd75947e285 a3e1daa5bf3f49708bf35674bb6b1d0b 1fe1eedfa1ea4d7b9ff24b8ea05b4b9b - - default default] 10.0.0.89 "GET /v2.0/ports?device_id=26ee3689-2289-4168-b109-56731c2eb536 HTTP/1.1" status: 200 len: 1174 time: 0.0838823
2026-04-02 17:54:22.794 9 INFO neutron.wsgi [req-e485d495-1c26-40e5-bdc6-d32079547665 req-fcbe02a4-7c18-47da-a3e7-54602e46099d 58248a7e859a433ba684a2334938bb89 5d7116c3089c4fc08e3f81d0ed34e1d8 - - default default] 10.0.0.89 "GET /v2.0/ports?device_id=a9f07fb4-594e-4aaf-8417-a03e23b8c5b8 HTTP/1.1" status: 200 len: 1174 time: 0.4330637
2026-04-02 17:54:22.869 9 INFO neutron.wsgi [req-2e79773a-d4d5-418c-a5b4-338dbc3307d2 req-2bce4d87-53e6-44dd-91e4-28a7d07c243f a3e1daa5bf3f49708bf35674bb6b1d0b 1fe1eedfa1ea4d7b9ff24b8ea05b4b9b - - default default] 10.0.0.89 "GET /v2.0/security-groups?id=32ef1676-814c-4534-b23b-2c9318e4e3fe&fields=id&fields=name HTTP/1.1" status: 200 len: 313 time: 0.1457984
2026-04-02 17:54:22.944 9 INFO neutron.wsgi [req-e485d495-1c26-40e5-bdc6-d32079547665 req-50b40eff-28d9-4df6-86a6-54df0e6d6c48 58248a7e859a433ba684a2334938bb89 5d7116c3089c4fc08e3f81d0ed34e1d8 - - default default] 10.0.0.89 "GET /v2.0/security-groups?id=5c4f453b-bb0d-47c6-bfcf-4df80b48c465&fields=id&fields=name HTTP/1.1" status: 200 len: 312 time: 0.1352549
2026-04-02 17:54:23.022 9 INFO neutron.wsgi [req-458a490f-a084-4dae-96cb-4dfc54f236f3 req-4de17a8a-430d-449d-bd13-06bb10a18624 a3e1daa5bf3f49708bf35674bb6b1d0b 1fe1eedfa1ea4d7b9ff24b8ea05b4b9b - - default default] 10.0.0.89 "GET /v2.0/ports?device_id=26ee3689-2289-4168-b109-56731c2eb536 HTTP/1.1" status: 200 len: 1174 time: 0.0634203 /var/lib/openstack/lib/python3.10/site-packages/pycadf/identifier.py:71: UserWarning: Invalid uuid: neutron. To ensure interoperability, identifiers should be a valid uuid. warnings.warn(('Invalid uuid: %s. To ensure interoperability, '
2026-04-02 17:54:23.077 9 INFO neutron.wsgi [req-e727c691-af7f-4a57-9346-134cde7d199e req-70174955-49e7-4ea7-b937-0362438db1fe 58248a7e859a433ba684a2334938bb89 5d7116c3089c4fc08e3f81d0ed34e1d8 - - default default] 10.0.0.89 "GET /v2.0/ports?device_id=a9f07fb4-594e-4aaf-8417-a03e23b8c5b8 HTTP/1.1" status: 200 len: 1174 time: 0.0708551
2026-04-02 17:54:23.170 9 INFO neutron.db.ovn_revision_numbers_db [None req-f376f54e-c779-437d-a13a-002091d9385c - - - - - -] Successfully bumped revision number for resource cbf43387-98f0-4ae1-a7b7-ebda11a21883 (type: router_ports) to 3
2026-04-02 17:54:23.819 10 INFO neutron.db.ovn_revision_numbers_db [None req-4a6acf14-0171-4b92-b878-65da56795593 a3e1daa5bf3f49708bf35674bb6b1d0b 1fe1eedfa1ea4d7b9ff24b8ea05b4b9b - - default default] Successfully bumped revision number for resource ea55c5e6-e0d2-4d33-9fb0-d1124aecf0bc (type: floatingips) to 1
2026-04-02 17:54:23.953 10 INFO neutron.db.ovn_revision_numbers_db [None req-4a6acf14-0171-4b92-b878-65da56795593 a3e1daa5bf3f49708bf35674bb6b1d0b 1fe1eedfa1ea4d7b9ff24b8ea05b4b9b - - default default] Successfully bumped revision number for resource ea55c5e6-e0d2-4d33-9fb0-d1124aecf0bc (type: floatingips) to 2
2026-04-02 17:54:23.953 10 INFO neutron.db.l3_db [None req-4a6acf14-0171-4b92-b878-65da56795593 a3e1daa5bf3f49708bf35674bb6b1d0b 1fe1eedfa1ea4d7b9ff24b8ea05b4b9b - - default default] Floating IP ea55c5e6-e0d2-4d33-9fb0-d1124aecf0bc associated. External IP: 10.96.250.217, port: b87935e3-1b26-49b5-82a6-775ea46a9e27.
2026-04-02 17:54:23.959 9 ERROR ovsdbapp.backend.ovs_idl.command [None req-3f4ee8fd-0f5a-49f4-a3aa-201277d214bd e5920096478448dbb6eba624f5643ed6 04efb0ac35034d1aaab6abe3211d5b92 - - default default] Error executing command (DbGetCommand): ovsdbapp.backend.ovs_idl.idlutils.RowNotFound: Cannot find Logical_Router_Port with name=lrp-215ffcce-71f8-4599-8967-605928ed12ed
2026-04-02 17:54:23.959 9 ERROR ovsdbapp.backend.ovs_idl.command
Traceback (most recent call last):
2026-04-02 17:54:23.959 9 ERROR ovsdbapp.backend.ovs_idl.command
File "/var/lib/openstack/lib/python3.10/site-packages/ovsdbapp/backend/ovs_idl/command.py", line 47, in execute
2026-04-02 17:54:23.959 9 ERROR ovsdbapp.backend.ovs_idl.command self.run_idl(None)
2026-04-02 17:54:23.959 9 ERROR ovsdbapp.backend.ovs_idl.command
File "/var/lib/openstack/lib/python3.10/site-packages/ovsdbapp/backend/ovs_idl/command.py", line 235, in run_idl
2026-04-02 17:54:23.959 9 ERROR ovsdbapp.backend.ovs_idl.command record = self.api.lookup(self.table, self.record)
2026-04-02 17:54:23.959 9 ERROR ovsdbapp.backend.ovs_idl.command
File "/var/lib/openstack/lib/python3.10/site-packages/ovsdbapp/backend/ovs_idl/__init__.py", line 184, in lookup
2026-04-02 17:54:23.959 9 ERROR ovsdbapp.backend.ovs_idl.command return self._lookup(table, record)
2026-04-02 17:54:23.959 9 ERROR ovsdbapp.backend.ovs_idl.command
File "/var/lib/openstack/lib/python3.10/site-packages/ovsdbapp/backend/ovs_idl/__init__.py", line 235, in _lookup
2026-04-02 17:54:23.959 9 ERROR ovsdbapp.backend.ovs_idl.command row = idlutils.row_by_value(self, rl.table, rl.column, record)
2026-04-02 17:54:23.959 9 ERROR ovsdbapp.backend.ovs_idl.command
File "/var/lib/openstack/lib/python3.10/site-packages/ovsdbapp/backend/ovs_idl/idlutils.py", line 114, in row_by_value
2026-04-02 17:54:23.959 9 ERROR ovsdbapp.backend.ovs_idl.command raise RowNotFound(table=table, col=column, match=match)
2026-04-02 17:54:23.959 9 ERROR ovsdbapp.backend.ovs_idl.command ovsdbapp.backend.ovs_idl.idlutils.RowNotFound: Cannot find Logical_Router_Port with name=lrp-215ffcce-71f8-4599-8967-605928ed12ed
2026-04-02 17:54:23.959 9 ERROR ovsdbapp.backend.ovs_idl.command 
2026-04-02 17:54:23.959 9 ERROR neutron_lib.callbacks.manager [None req-3f4ee8fd-0f5a-49f4-a3aa-201277d214bd e5920096478448dbb6eba624f5643ed6 04efb0ac35034d1aaab6abe3211d5b92 - - default default] Error during notification for neutron.services.ovn_l3.plugin.OVNL3RouterPlugin._port_update-8761650290406 port, after_update: ovsdbapp.backend.ovs_idl.idlutils.RowNotFound: Cannot find Logical_Router_Port with name=lrp-215ffcce-71f8-4599-8967-605928ed12ed
2026-04-02 17:54:23.959 9 ERROR neutron_lib.callbacks.manager
Traceback (most recent call last):
2026-04-02 17:54:23.959 9 ERROR neutron_lib.callbacks.manager
File "/var/lib/openstack/lib/python3.10/site-packages/neutron_lib/callbacks/manager.py", line 189, in _notify_loop
2026-04-02 17:54:23.959 9 ERROR neutron_lib.callbacks.manager callback.method(resource, event, trigger, payload=payload)
2026-04-02 17:54:23.959 9 ERROR neutron_lib.callbacks.manager
File "/var/lib/openstack/lib/python3.10/site-packages/neutron/services/ovn_l3/plugin.py", line 391, in _port_update
2026-04-02 17:54:23.959 9 ERROR neutron_lib.callbacks.manager l3plugin._ovn_client.update_router_port(context,
2026-04-02 17:54:23.959 9 ERROR neutron_lib.callbacks.manager
File "/var/lib/openstack/lib/python3.10/site-packages/neutron/plugins/ml2/drivers/ovn/mech_driver/ovsdb/ovn_client.py", line 1878, in update_router_port
2026-04-02 17:54:23.959 9 ERROR neutron_lib.callbacks.manager self._update_lrouter_port(context, port, if_exists=if_exists,
2026-04-02 17:54:23.959 9 ERROR neutron_lib.callbacks.manager
File "/var/lib/openstack/lib/python3.10/site-packages/neutron/plugins/ml2/drivers/ovn/mech_driver/ovsdb/ovn_client.py", line 1855, in _update_lrouter_port
2026-04-02 17:54:23.959 9 ERROR neutron_lib.callbacks.manager external_ids = self._nb_idl.db_get(
2026-04-02 17:54:23.959 9 ERROR neutron_lib.callbacks.manager
File "/var/lib/openstack/lib/python3.10/site-packages/ovsdbapp/backend/ovs_idl/command.py", line 47, in execute
2026-04-02 17:54:23.959 9 ERROR neutron_lib.callbacks.manager self.run_idl(None)
2026-04-02 17:54:23.959 9 ERROR neutron_lib.callbacks.manager
File "/var/lib/openstack/lib/python3.10/site-packages/ovsdbapp/backend/ovs_idl/command.py", line 235, in run_idl
2026-04-02 17:54:23.959 9 ERROR neutron_lib.callbacks.manager record = self.api.lookup(self.table, self.record)
2026-04-02 17:54:23.959 9 ERROR neutron_lib.callbacks.manager
File "/var/lib/openstack/lib/python3.10/site-packages/ovsdbapp/backend/ovs_idl/__init__.py", line 184, in lookup
2026-04-02 17:54:23.959 9 ERROR neutron_lib.callbacks.manager return self._lookup(table, record)
2026-04-02 17:54:23.959 9 ERROR neutron_lib.callbacks.manager
File "/var/lib/openstack/lib/python3.10/site-packages/ovsdbapp/backend/ovs_idl/__init__.py", line 235, in _lookup
2026-04-02 17:54:23.959 9 ERROR neutron_lib.callbacks.manager row = idlutils.row_by_value(self, rl.table, rl.column, record)
2026-04-02 17:54:23.959 9 ERROR neutron_lib.callbacks.manager
File "/var/lib/openstack/lib/python3.10/site-packages/ovsdbapp/backend/ovs_idl/idlutils.py", line 114, in row_by_value
2026-04-02 17:54:23.959 9 ERROR neutron_lib.callbacks.manager raise RowNotFound(table=table, col=column, match=match)
2026-04-02 17:54:23.959 9 ERROR neutron_lib.callbacks.manager ovsdbapp.backend.ovs_idl.idlutils.RowNotFound: Cannot find Logical_Router_Port with name=lrp-215ffcce-71f8-4599-8967-605928ed12ed
2026-04-02 17:54:23.959 9 ERROR neutron_lib.callbacks.manager 
2026-04-02 17:54:23.985 10 INFO neutron.wsgi [None req-4a6acf14-0171-4b92-b878-65da56795593 a3e1daa5bf3f49708bf35674bb6b1d0b 1fe1eedfa1ea4d7b9ff24b8ea05b4b9b - - default default] 10.0.0.157 "PUT /v2.0/floatingips/ea55c5e6-e0d2-4d33-9fb0-d1124aecf0bc HTTP/1.1" status: 200 len: 1050 time: 0.9494228
2026-04-02 17:54:23.991 9 INFO neutron.db.ovn_revision_numbers_db [None req-f376f54e-c779-437d-a13a-002091d9385c - - - - - -] Successfully bumped revision number for resource cbf43387-98f0-4ae1-a7b7-ebda11a21883 (type: ports) to 2
2026-04-02 17:54:24.036 10 INFO neutron.notifiers.nova [-] Nova event matching ['req-47c7c97f-e324-4b85-a828-170fe8a621e7'] response: {'name': 'network-changed', 'server_uuid': '26ee3689-2289-4168-b109-56731c2eb536', 'tag': 'b87935e3-1b26-49b5-82a6-775ea46a9e27', 'status': 'completed', 'code': 200}
2026-04-02 17:54:24.148 9 INFO neutron.wsgi [req-2d62242a-fe1a-4899-ac39-d830a402cb06 req-4c34d0ce-66cd-4898-9ce8-567352e6b0da a3e1daa5bf3f49708bf35674bb6b1d0b 1fe1eedfa1ea4d7b9ff24b8ea05b4b9b - - default default] 10.0.0.89 "GET /v2.0/ports?device_id=26ee3689-2289-4168-b109-56731c2eb536 HTTP/1.1" status: 200 len: 1174 time: 0.1175015
2026-04-02 17:54:24.179 9 INFO neutron.wsgi [req-5afa5b17-5c6a-4fa8-a564-d5571c712535 req-5ad9bbde-c745-4bac-810b-35ffaef96159 6b2eb44c78ef40fe81841ada4497ec78 1186d73df1754cc2a0a3df526e988b35 - - 9c52bcdd4eeb4dd48f39771804555193 9c52bcdd4eeb4dd48f39771804555193] 199.204.45.53 "GET /v2.0/ports?tenant_id=1fe1eedfa1ea4d7b9ff24b8ea05b4b9b&device_id=26ee3689-2289-4168-b109-56731c2eb536 HTTP/1.1" status: 200 len: 1413 time: 0.1006026
2026-04-02 17:54:24.373 9 INFO neutron.wsgi [req-2d62242a-fe1a-4899-ac39-d830a402cb06 req-18e477d0-b0a6-41f7-9d08-9399ac474a4e a3e1daa5bf3f49708bf35674bb6b1d0b 1fe1eedfa1ea4d7b9ff24b8ea05b4b9b - - default default] 10.0.0.89 "GET /v2.0/security-groups?id=32ef1676-814c-4534-b23b-2c9318e4e3fe&fields=id&fields=name HTTP/1.1" status: 200 len: 313 time: 0.2083766
2026-04-02 17:54:24.436 9 INFO neutron.wsgi [req-5afa5b17-5c6a-4fa8-a564-d5571c712535 req-28781c02-debd-4132-97f4-40291c50dfd4 6b2eb44c78ef40fe81841ada4497ec78 1186d73df1754cc2a0a3df526e988b35 - - 9c52bcdd4eeb4dd48f39771804555193 9c52bcdd4eeb4dd48f39771804555193] 199.204.45.53 "GET /v2.0/networks?id=1f94abf9-f21e-495b-bbda-f9d027faa614 HTTP/1.1" status: 200 len: 977 time: 0.2227380
2026-04-02 17:54:24.785 9 INFO neutron.wsgi [req-5afa5b17-5c6a-4fa8-a564-d5571c712535 req-3dde881b-4d0f-4a23-b9a3-3fe6e3e64c2c 6b2eb44c78ef40fe81841ada4497ec78 1186d73df1754cc2a0a3df526e988b35 - - 9c52bcdd4eeb4dd48f39771804555193 9c52bcdd4eeb4dd48f39771804555193] 199.204.45.53 "GET /v2.0/floatingips?fixed_ip_address=10.100.0.14&port_id=b87935e3-1b26-49b5-82a6-775ea46a9e27 HTTP/1.1" status: 200 len: 1060 time: 0.3303838
2026-04-02 17:54:24.793 10 INFO neutron.plugins.ml2.drivers.ovn.mech_driver.mech_driver [None req-8d2cf2ee-c82e-474d-8c94-215c72e4d0c3 - - - - - -] OVN reports status down for port: b87935e3-1b26-49b5-82a6-775ea46a9e27
2026-04-02 17:54:24.820 9 INFO neutron.wsgi [req-29893e72-cc1e-4639-a2ae-3ed984fc1e6f req-75a33a72-7f8f-490a-9594-7b6603f951f4 a3e1daa5bf3f49708bf35674bb6b1d0b 1fe1eedfa1ea4d7b9ff24b8ea05b4b9b - - default default] 10.0.0.89 "GET /v2.0/ports?device_id=26ee3689-2289-4168-b109-56731c2eb536 HTTP/1.1" status: 200 len: 1174 time: 0.0905261
2026-04-02 17:54:24.852 9 INFO neutron.wsgi [req-5afa5b17-5c6a-4fa8-a564-d5571c712535 req-30fbffd1-c562-4e3f-8c75-6915b6ab7d3e 6b2eb44c78ef40fe81841ada4497ec78 1186d73df1754cc2a0a3df526e988b35 - - 9c52bcdd4eeb4dd48f39771804555193 9c52bcdd4eeb4dd48f39771804555193] 199.204.45.53 "GET /v2.0/subnets?id=ca2c2569-1e28-4725-a96f-5de23ce748b5 HTTP/1.1" status: 200 len: 872 time: 0.0581875
2026-04-02 17:54:24.901 9 INFO neutron.wsgi [req-5afa5b17-5c6a-4fa8-a564-d5571c712535 req-6b7ec567-04b9-457b-9748-589ebc5df693 6b2eb44c78ef40fe81841ada4497ec78 1186d73df1754cc2a0a3df526e988b35 - - 9c52bcdd4eeb4dd48f39771804555193 9c52bcdd4eeb4dd48f39771804555193] 199.204.45.53 "GET /v2.0/ports?network_id=1f94abf9-f21e-495b-bbda-f9d027faa614&device_owner=network%3Adhcp HTTP/1.1" status: 200 len: 210 time: 0.0404527
2026-04-02 17:54:24.954 9 INFO neutron.wsgi [req-29893e72-cc1e-4639-a2ae-3ed984fc1e6f req-e48071a1-2090-48db-8ad5-01d04a5693a2 a3e1daa5bf3f49708bf35674bb6b1d0b 1fe1eedfa1ea4d7b9ff24b8ea05b4b9b - - default default] 10.0.0.89 "GET /v2.0/security-groups?id=32ef1676-814c-4534-b23b-2c9318e4e3fe&fields=id&fields=name HTTP/1.1" status: 200 len: 313 time: 0.1237335
2026-04-02 17:54:24.975 9 INFO neutron.wsgi [None req-04c00c69-5898-4be5-840a-db76437eb41f e5920096478448dbb6eba624f5643ed6 04efb0ac35034d1aaab6abe3211d5b92 - - default default] 10.0.0.157 "DELETE /v2.0/routers/f5293fbd-2757-4da7-8aa2-607131d19aa6 HTTP/1.1" status: 204 len: 168 time: 2.7761812
2026-04-02 17:54:24.987 9 INFO neutron.db.ovn_revision_numbers_db [None req-dc83d03f-660a-4f7e-8465-f3b664993c67 58248a7e859a433ba684a2334938bb89 5d7116c3089c4fc08e3f81d0ed34e1d8 - - default default] Successfully bumped revision number for resource 18dada23-7e00-475d-aece-32805120a6df (type: floatingips) to 1
