2026-04-02 17:56:28.284 9 INFO neutron.wsgi [req-ec7cbe3a-c8e9-420b-ba46-07170ed7133c req-b37e0482-28af-4e94-92ae-2eb6200058d4 624cdc91ee6d473da732685720d502ca 94229dfd2e1647d8b46443c10a1ede15 - - default default] 199.204.45.53 "POST /v2.0/ports HTTP/1.1" status: 201 len: 1158 time: 0.6338935
2026-04-02 17:56:28.358 9 INFO neutron.wsgi [None req-ae7ecd3a-b27f-4b61-88df-c50808e7676a ff85382bd4294cc6981c545836e33b90 541e5762eb5b4204b0c5cb5fd1c828c1 - - default default] 10.0.0.157 "PUT /v2.0/subnetpools/1ec98ed1-3c4f-421b-a278-e983b704be55 HTTP/1.1" status: 200 len: 695 time: 0.1205592
2026-04-02 17:56:28.443 10 INFO neutron.wsgi [None req-4e265eaa-44b8-488a-8867-3c21c1c57704 b18ea61d7e3c463f90515b683279f1c3 9cf8b69dd1214192a80540da3d116fda - - default default] 10.0.0.157 "POST /v2.0/rbac-policies HTTP/1.1" status: 201 len: 523 time: 0.3346641
2026-04-02 17:56:28.448 10 INFO neutron.wsgi [None req-a116a5ab-d463-474a-90cb-ae624e9db25a ff85382bd4294cc6981c545836e33b90 541e5762eb5b4204b0c5cb5fd1c828c1 - - default default] 10.0.0.157 "DELETE /v2.0/subnetpools/1ec98ed1-3c4f-421b-a278-e983b704be55 HTTP/1.1" status: 204 len: 168 time: 0.0771813
2026-04-02 17:56:28.463 10 INFO neutron.api.v2.resource [None req-38f73df4-82cf-4897-8ef1-2ae62316c06a ff85382bd4294cc6981c545836e33b90 541e5762eb5b4204b0c5cb5fd1c828c1 - - default default] show failed (client error): The resource could not be found.
2026-04-02 17:56:28.464 10 INFO neutron.wsgi [None req-38f73df4-82cf-4897-8ef1-2ae62316c06a ff85382bd4294cc6981c545836e33b90 541e5762eb5b4204b0c5cb5fd1c828c1 - - default default] 10.0.0.157 "GET /v2.0/subnetpools/1ec98ed1-3c4f-421b-a278-e983b704be55 HTTP/1.1" status: 404 len: 346 time: 0.0115566
2026-04-02 17:56:28.486 9 INFO neutron.api.v2.resource [None req-eb831efa-2645-44ac-91b8-bdcc2e3c087b ff85382bd4294cc6981c545836e33b90 541e5762eb5b4204b0c5cb5fd1c828c1 - - default default] delete failed (client error): The resource could not be found.
2026-04-02 17:56:28.487 9 INFO neutron.wsgi [None req-eb831efa-2645-44ac-91b8-bdcc2e3c087b ff85382bd4294cc6981c545836e33b90 541e5762eb5b4204b0c5cb5fd1c828c1 - - default default] 10.0.0.157 "DELETE /v2.0/subnetpools/1ec98ed1-3c4f-421b-a278-e983b704be55 HTTP/1.1" status: 404 len: 346 time: 0.0178151
2026-04-02 17:56:28.682 9 INFO neutron.wsgi [None req-836b76fc-9ecc-4257-99d2-0373f8ea25ba ebe2c9a515b14642b2471cc5c3627181 297ffe6746fb456fb59cd545a4cb5923 - - default default] 10.0.0.157 "DELETE /v2.0/networks/744d9687-7125-4178-99e9-e6dd11c7ae72 HTTP/1.1" status: 204 len: 168 time: 0.6329703
2026-04-02 17:56:28.800 9 INFO neutron.db.ovn_revision_numbers_db [req-ec7cbe3a-c8e9-420b-ba46-07170ed7133c req-251699d8-b91c-4ad3-aedb-28c99071f4ef 6b2eb44c78ef40fe81841ada4497ec78 1186d73df1754cc2a0a3df526e988b35 - - 9c52bcdd4eeb4dd48f39771804555193 9c52bcdd4eeb4dd48f39771804555193] Successfully bumped revision number for resource 529ebbe2-008f-4630-be7c-3b269b353290 (type: ports) to 2
2026-04-02 17:56:28.824 9 INFO neutron.services.segments.plugin [-] Segment de69a77e-d18d-4074-9031-a42a53babfa3 resource provider aggregate not found
2026-04-02 17:56:28.830 9 INFO neutron.services.segments.plugin [-] Segment de69a77e-d18d-4074-9031-a42a53babfa3 resource provider aggregate not found
2026-04-02 17:56:28.838 9 INFO neutron.services.segments.plugin [-] Segment de69a77e-d18d-4074-9031-a42a53babfa3 resource provider not found; error: Placement Client Error (4xx): {"errors": [{"status": 404, "title": "Not Found", "detail": "The resource could not be found.\n\n No resource provider with uuid de69a77e-d18d-4074-9031-a42a53babfa3 found for delete ", "request_id": "req-97645cea-c04a-4142-a733-e509c93b6e9a"}]}
2026-04-02 17:56:28.842 9 INFO neutron.services.segments.plugin [-] Segment de69a77e-d18d-4074-9031-a42a53babfa3 resource provider not found; error: Placement Client Error (4xx): {"errors": [{"status": 404, "title": "Not Found", "detail": "The resource could not be found.\n\n No resource provider with uuid de69a77e-d18d-4074-9031-a42a53babfa3 found for delete ", "request_id": "req-7be3d3a7-ec23-4983-b023-d9a29b63b170"}]} /var/lib/openstack/lib/python3.10/site-packages/pycadf/identifier.py:71: UserWarning: Invalid uuid: neutron. To ensure interoperability, identifiers should be a valid uuid. warnings.warn(('Invalid uuid: %s. To ensure interoperability, '
2026-04-02 17:56:29.056 9 INFO neutron.db.ovn_revision_numbers_db [req-ec7cbe3a-c8e9-420b-ba46-07170ed7133c req-251699d8-b91c-4ad3-aedb-28c99071f4ef 6b2eb44c78ef40fe81841ada4497ec78 1186d73df1754cc2a0a3df526e988b35 - - 9c52bcdd4eeb4dd48f39771804555193 9c52bcdd4eeb4dd48f39771804555193] Successfully bumped revision number for resource 529ebbe2-008f-4630-be7c-3b269b353290 (type: ports) to 2
2026-04-02 17:56:29.065 9 WARNING neutron.plugins.ml2.drivers.ovn.mech_driver.ovsdb.ovn_client [None req-31a44c0b-f4e7-4680-a320-06d4f79cb80f - - - - - -] No hosting information found for port 2535edb2-4389-4466-886f-032a19e6deaa: RuntimeError: No hosting information found for port 2535edb2-4389-4466-886f-032a19e6deaa
2026-04-02 17:56:29.070 9 INFO neutron.wsgi [req-7a7b7cc7-8f81-4a7f-9369-6a7d056c0bd8 req-d2b8dec1-e14d-45f2-8787-ecf5ddd1e92d 624cdc91ee6d473da732685720d502ca 94229dfd2e1647d8b46443c10a1ede15 - - default default] 10.0.0.89 "GET /v2.0/ports?device_id=10d76164-b8be-4f0b-8dcb-cd20d6ad351d HTTP/1.1" status: 200 len: 1168 time: 0.0425842
2026-04-02 17:56:29.083 9 INFO neutron.wsgi [req-ec7cbe3a-c8e9-420b-ba46-07170ed7133c req-251699d8-b91c-4ad3-aedb-28c99071f4ef 6b2eb44c78ef40fe81841ada4497ec78 1186d73df1754cc2a0a3df526e988b35 - - 9c52bcdd4eeb4dd48f39771804555193 9c52bcdd4eeb4dd48f39771804555193] 199.204.45.53 "PUT /v2.0/ports/529ebbe2-008f-4630-be7c-3b269b353290 HTTP/1.1" status: 200 len: 1376 time: 0.7934301
2026-04-02 17:56:29.146 9 INFO neutron.notifiers.nova [-] Nova event matching ['req-067ad676-d995-495d-87a1-e023a5c3b0e0'] response: {'name': 'network-changed', 'server_uuid': '10d76164-b8be-4f0b-8dcb-cd20d6ad351d', 'tag': '529ebbe2-008f-4630-be7c-3b269b353290', 'status': 'completed', 'code': 200}
2026-04-02 17:56:29.151 9 INFO neutron.wsgi [req-7a7b7cc7-8f81-4a7f-9369-6a7d056c0bd8 req-f7203942-f468-49bd-9ec2-2075070079ab 624cdc91ee6d473da732685720d502ca 94229dfd2e1647d8b46443c10a1ede15 - - default default] 10.0.0.89 "GET /v2.0/security-groups?id=32cf1c1a-afd8-458f-833d-b16593fcf99f&fields=id&fields=name HTTP/1.1" status: 200 len: 313 time: 0.0635860
2026-04-02 17:56:29.185 9 INFO neutron.wsgi [req-ec7cbe3a-c8e9-420b-ba46-07170ed7133c req-354d1098-8f4d-4725-9255-b541136f4813 6b2eb44c78ef40fe81841ada4497ec78 1186d73df1754cc2a0a3df526e988b35 - - 9c52bcdd4eeb4dd48f39771804555193 9c52bcdd4eeb4dd48f39771804555193] 199.204.45.53 "GET /v2.0/ports?tenant_id=94229dfd2e1647d8b46443c10a1ede15&device_id=10d76164-b8be-4f0b-8dcb-cd20d6ad351d HTTP/1.1" status: 200 len: 1407 time: 0.0594361
2026-04-02 17:56:29.226 9 INFO neutron.wsgi [req-ec7cbe3a-c8e9-420b-ba46-07170ed7133c req-a522c39a-c76b-4a30-aa90-dbb43c144f58 6b2eb44c78ef40fe81841ada4497ec78 1186d73df1754cc2a0a3df526e988b35 - - 9c52bcdd4eeb4dd48f39771804555193 9c52bcdd4eeb4dd48f39771804555193] 199.204.45.53 "GET /v2.0/floatingips?fixed_ip_address=10.100.0.4&port_id=529ebbe2-008f-4630-be7c-3b269b353290 HTTP/1.1" status: 200 len: 217 time: 0.0325425
2026-04-02 17:56:29.279 9 INFO neutron.wsgi [req-ec7cbe3a-c8e9-420b-ba46-07170ed7133c req-f26576f5-f52b-4d5c-913c-f80b25632a4a 6b2eb44c78ef40fe81841ada4497ec78 1186d73df1754cc2a0a3df526e988b35 - - 9c52bcdd4eeb4dd48f39771804555193 9c52bcdd4eeb4dd48f39771804555193] 199.204.45.53 "GET /v2.0/subnets?id=d399fe86-e7f9-4a72-8a93-8fba16135ff3 HTTP/1.1" status: 200 len: 852 time: 0.0443006
2026-04-02 17:56:29.283 9 INFO neutron.wsgi [None req-a76b0c4c-02db-4451-abcd-f7b1521a5279 e5920096478448dbb6eba624f5643ed6 04efb0ac35034d1aaab6abe3211d5b92 - - default default] 10.0.0.157 "GET /v2.0/security-groups?tenant_id=297ffe6746fb456fb59cd545a4cb5923&name=default HTTP/1.1" status: 200 len: 3120 time: 0.1462846
2026-04-02 17:56:29.291 10 INFO neutron.wsgi [None req-1a0bcf32-5ce7-428f-9a5c-d8a26e4f2687 06aec58d005045fe93b5f46e9527425e ccffa2cfd56d424dbabfa394c1fb308d - - default default] 10.0.0.157 "GET /v2.0/networks/957e1b80-dc40-4282-9601-26bad2bcbfb1 HTTP/1.1" status: 200 len: 849 time: 0.4640942
2026-04-02 17:56:29.314 9 INFO neutron.wsgi [req-ec7cbe3a-c8e9-420b-ba46-07170ed7133c req-c93234ad-0e43-42dd-9521-aad62d000a8d 6b2eb44c78ef40fe81841ada4497ec78 1186d73df1754cc2a0a3df526e988b35 - - 9c52bcdd4eeb4dd48f39771804555193 9c52bcdd4eeb4dd48f39771804555193] 199.204.45.53 "GET /v2.0/ports?network_id=eacb2dad-313e-493d-96e7-ba471dabc3f9&device_owner=network%3Adhcp HTTP/1.1" status: 200 len: 210 time: 0.0265996
2026-04-02 17:56:29.397 9 INFO neutron.db.ovn_revision_numbers_db [None req-399941f7-1d01-4e08-bac6-45d269421982 e5920096478448dbb6eba624f5643ed6 04efb0ac35034d1aaab6abe3211d5b92 - - default default] Successfully bumped revision number for resource 39bafb92-d75b-4940-aba7-a6df25326417 (type: security_groups) to 1
2026-04-02 17:56:29.403 9 INFO neutron.wsgi [req-ec7cbe3a-c8e9-420b-ba46-07170ed7133c req-d0cca268-f6df-4f93-905c-fab7c25e00ca 6b2eb44c78ef40fe81841ada4497ec78 1186d73df1754cc2a0a3df526e988b35 - - 9c52bcdd4eeb4dd48f39771804555193 9c52bcdd4eeb4dd48f39771804555193] 199.204.45.53 "GET /v2.0/networks/eacb2dad-313e-493d-96e7-ba471dabc3f9?fields=segments HTTP/1.1" status: 200 len: 212 time: 0.0819769
2026-04-02 17:56:29.432 9 INFO neutron.db.ovn_revision_numbers_db [None req-399941f7-1d01-4e08-bac6-45d269421982 e5920096478448dbb6eba624f5643ed6 04efb0ac35034d1aaab6abe3211d5b92 - - default default] Successfully bumped revision number for resource 43429c77-63c8-4ceb-89f5-e33809007a24 (type: security_group_rules) to 0
2026-04-02 17:56:29.465 9 INFO neutron.db.ovn_revision_numbers_db [None req-399941f7-1d01-4e08-bac6-45d269421982 e5920096478448dbb6eba624f5643ed6 04efb0ac35034d1aaab6abe3211d5b92 - - default default] Successfully bumped revision number for resource 499951bb-bf79-488c-9c7e-ae113673f098 (type: security_group_rules) to 0
2026-04-02 17:56:29.493 9 INFO neutron.db.ovn_revision_numbers_db [None req-399941f7-1d01-4e08-bac6-45d269421982 e5920096478448dbb6eba624f5643ed6 04efb0ac35034d1aaab6abe3211d5b92 - - default default] Successfully bumped revision number for resource 5936fa33-edec-44cd-8915-90105729295c (type: security_group_rules) to 0
2026-04-02 17:56:29.498 9 INFO neutron.wsgi [req-ec7cbe3a-c8e9-420b-ba46-07170ed7133c req-ed07a4fe-951f-49c6-bd64-c1ebc0e07522 6b2eb44c78ef40fe81841ada4497ec78 1186d73df1754cc2a0a3df526e988b35 - - 9c52bcdd4eeb4dd48f39771804555193 9c52bcdd4eeb4dd48f39771804555193] 199.204.45.53 "GET /v2.0/networks/eacb2dad-313e-493d-96e7-ba471dabc3f9?fields=provider%3Aphysical_network&fields=provider%3Anetwork_type HTTP/1.1" status: 200 len: 277 time: 0.0863140
2026-04-02 17:56:29.508 9 INFO neutron.db.ovn_revision_numbers_db [None req-399941f7-1d01-4e08-bac6-45d269421982 e5920096478448dbb6eba624f5643ed6 04efb0ac35034d1aaab6abe3211d5b92 - - default default] Successfully bumped revision number for resource e39fc178-0476-4ca3-8b6a-b0cadc8923de (type: security_group_rules) to 0
2026-04-02 17:56:29.530 9 INFO neutron.wsgi [None req-399941f7-1d01-4e08-bac6-45d269421982 e5920096478448dbb6eba624f5643ed6 04efb0ac35034d1aaab6abe3211d5b92 - - default default] 10.0.0.157 "GET /v2.0/security-groups?tenant_id=541e5762eb5b4204b0c5cb5fd1c828c1&name=default HTTP/1.1" status: 200 len: 3120 time: 0.5032897
2026-04-02 17:56:29.600 9 INFO neutron.wsgi [req-f31946cd-ad52-4047-8363-81030e2b63f5 req-b6af60c7-82ee-4831-8dde-aac49decc74f 6b2eb44c78ef40fe81841ada4497ec78 1186d73df1754cc2a0a3df526e988b35 - - 9c52bcdd4eeb4dd48f39771804555193 9c52bcdd4eeb4dd48f39771804555193] 199.204.45.53 "GET /v2.0/ports?tenant_id=94229dfd2e1647d8b46443c10a1ede15&device_id=10d76164-b8be-4f0b-8dcb-cd20d6ad351d HTTP/1.1" status: 200 len: 1407 time: 0.0618222
2026-04-02 17:56:29.690 9 INFO neutron.wsgi [None req-c276bbf1-df84-4539-9e8d-7d6a19b1443a e5920096478448dbb6eba624f5643ed6 04efb0ac35034d1aaab6abe3211d5b92 - - default default] 10.0.0.157 "DELETE /v2.0/security-groups/3885bd17-6cf6-4646-9604-3d8643510c92 HTTP/1.1" status: 204 len: 168 time: 0.4019442
2026-04-02 17:56:29.700 9 INFO neutron.plugins.ml2.drivers.ovn.mech_driver.mech_driver [None req-31a44c0b-f4e7-4680-a320-06d4f79cb80f - - - - - -] OVN reports status up for port: 529ebbe2-008f-4630-be7c-3b269b353290
2026-04-02 17:56:29.706 9 INFO neutron.wsgi [req-f31946cd-ad52-4047-8363-81030e2b63f5 req-79be306b-7a46-4e28-8d78-a8b6e67efa43 6b2eb44c78ef40fe81841ada4497ec78 1186d73df1754cc2a0a3df526e988b35 - - 9c52bcdd4eeb4dd48f39771804555193 9c52bcdd4eeb4dd48f39771804555193] 199.204.45.53 "GET /v2.0/networks?id=eacb2dad-313e-493d-96e7-ba471dabc3f9 HTTP/1.1" status: 200 len: 959 time: 0.1002431
2026-04-02 17:56:29.705 10 INFO neutron.pecan_wsgi.hooks.translation [None req-a0d32362-dd3e-47f9-ace1-e241cf38bf32 25f33a56703a4cffb741b84c985ae115 7620ae4a513944e9aab8624a28d31bbc - - default default] GET failed (client error): The resource could not be found.
2026-04-02 17:56:29.708 10 INFO neutron.wsgi [None req-a0d32362-dd3e-47f9-ace1-e241cf38bf32 25f33a56703a4cffb741b84c985ae115 7620ae4a513944e9aab8624a28d31bbc - - default default] 10.0.0.157 "GET /v2.0/networks/957e1b80-dc40-4282-9601-26bad2bcbfb1 HTTP/1.1" status: 404 len: 339 time: 0.0746148
2026-04-02 17:56:29.731 9 INFO neutron.plugins.ml2.plugin [None req-31a44c0b-f4e7-4680-a320-06d4f79cb80f - - - - - -] Attempt 1 to provision port 529ebbe2-008f-4630-be7c-3b269b353290
2026-04-02 17:56:29.733 9 INFO neutron.wsgi [req-f31946cd-ad52-4047-8363-81030e2b63f5 req-5159f514-5919-4b8e-85e7-66fc9332d0f1 6b2eb44c78ef40fe81841ada4497ec78 1186d73df1754cc2a0a3df526e988b35 - - 9c52bcdd4eeb4dd48f39771804555193 9c52bcdd4eeb4dd48f39771804555193] 199.204.45.53 "GET /v2.0/floatingips?fixed_ip_address=10.100.0.4&port_id=529ebbe2-008f-4630-be7c-3b269b353290 HTTP/1.1" status: 200 len: 217 time: 0.0223105
2026-04-02 17:56:29.802 9 INFO neutron.wsgi [req-f31946cd-ad52-4047-8363-81030e2b63f5 req-15b32526-eec9-487b-97bd-8d9ea4e8148d 6b2eb44c78ef40fe81841ada4497ec78 1186d73df1754cc2a0a3df526e988b35 - - 9c52bcdd4eeb4dd48f39771804555193 9c52bcdd4eeb4dd48f39771804555193] 199.204.45.53 "GET /v2.0/subnets?id=d399fe86-e7f9-4a72-8a93-8fba16135ff3 HTTP/1.1" status: 200 len: 852 time: 0.0573077
2026-04-02 17:56:29.840 9 INFO neutron.wsgi [req-f31946cd-ad52-4047-8363-81030e2b63f5 req-c9b53f15-9e91-4082-b42f-d6be1df93370 6b2eb44c78ef40fe81841ada4497ec78 1186d73df1754cc2a0a3df526e988b35 - - 9c52bcdd4eeb4dd48f39771804555193 9c52bcdd4eeb4dd48f39771804555193] 199.204.45.53 "GET /v2.0/ports?network_id=eacb2dad-313e-493d-96e7-ba471dabc3f9&device_owner=network%3Adhcp HTTP/1.1" status: 200 len: 210 time: 0.0335054
2026-04-02 17:56:29.935 9 INFO neutron.wsgi [req-f31946cd-ad52-4047-8363-81030e2b63f5 req-4b8db6a5-c99a-4a79-94b1-9c2b72b3314e 6b2eb44c78ef40fe81841ada4497ec78 1186d73df1754cc2a0a3df526e988b35 - - 9c52bcdd4eeb4dd48f39771804555193 9c52bcdd4eeb4dd48f39771804555193] 199.204.45.53 "GET /v2.0/networks/eacb2dad-313e-493d-96e7-ba471dabc3f9?fields=segments HTTP/1.1" status: 200 len: 212 time: 0.0870097
2026-04-02 17:56:29.970 9 INFO neutron.wsgi [None req-16a826e0-a9df-4746-ba98-82c91abe1c67 e5920096478448dbb6eba624f5643ed6 04efb0ac35034d1aaab6abe3211d5b92 - - default default] 10.0.0.157 "DELETE /v2.0/security-groups/39bafb92-d75b-4940-aba7-a6df25326417 HTTP/1.1" status: 204 len: 168 time: 0.4325335
2026-04-02 17:56:30.017 9 INFO neutron.wsgi [req-f31946cd-ad52-4047-8363-81030e2b63f5 req-3dd0a006-40de-4e8e-8c6c-cd05e69452d4 6b2eb44c78ef40fe81841ada4497ec78 1186d73df1754cc2a0a3df526e988b35 - - 9c52bcdd4eeb4dd48f39771804555193 9c52bcdd4eeb4dd48f39771804555193] 199.204.45.53 "GET /v2.0/networks/eacb2dad-313e-493d-96e7-ba471dabc3f9?fields=provider%3Aphysical_network&fields=provider%3Anetwork_type HTTP/1.1" status: 200 len: 277 time: 0.0755579
2026-04-02 17:56:30.148 9 INFO neutron.db.ovn_revision_numbers_db [None req-31a44c0b-f4e7-4680-a320-06d4f79cb80f - - - - - -] Successfully bumped revision number for resource 529ebbe2-008f-4630-be7c-3b269b353290 (type: ports) to 4
2026-04-02 17:56:30.274 10 INFO neutron.services.segments.plugin [-] Segment 12a2abe4-36e9-4135-a652-f79c33605f3e resource provider aggregate not found
2026-04-02 17:56:30.284 10 INFO neutron.services.segments.plugin [-] Segment 12a2abe4-36e9-4135-a652-f79c33605f3e resource provider aggregate not found
2026-04-02 17:56:30.288 10 INFO neutron.services.segments.plugin [-] Segment 12a2abe4-36e9-4135-a652-f79c33605f3e resource provider not found; error: Placement Client Error (4xx): {"errors": [{"status": 404, "title": "Not Found", "detail": "The resource could not be found.\n\n No resource provider with uuid 12a2abe4-36e9-4135-a652-f79c33605f3e found for delete ", "request_id": "req-43bdebd3-23a8-4875-aee7-64bb5dfa305b"}]}
2026-04-02 17:56:30.298 10 INFO neutron.services.segments.plugin [-] Segment 12a2abe4-36e9-4135-a652-f79c33605f3e resource provider not found; error: Placement Client Error (4xx): {"errors": [{"status": 404, "title": "Not Found", "detail": "The resource could not be found.\n\n No resource provider with uuid 12a2abe4-36e9-4135-a652-f79c33605f3e found for delete ", "request_id": "req-a6bf63fe-251f-456d-9457-1f0d76c230ee"}]}
2026-04-02 17:56:30.317 10 INFO neutron.wsgi [None req-87fabaeb-59ee-446c-95ea-37a5e001698c b18ea61d7e3c463f90515b683279f1c3 9cf8b69dd1214192a80540da3d116fda - - default default] 10.0.0.157 "DELETE /v2.0/networks/957e1b80-dc40-4282-9601-26bad2bcbfb1 HTTP/1.1" status: 204 len: 168 time: 0.6048880
2026-04-02 17:56:30.340 10 INFO neutron.pecan_wsgi.hooks.translation [None req-a475968d-2767-4f05-bfe7-438e1965f689 b18ea61d7e3c463f90515b683279f1c3 9cf8b69dd1214192a80540da3d116fda - - default default] DELETE failed (client error): The resource could not be found.
2026-04-02 17:56:30.343 10 INFO neutron.wsgi [None req-a475968d-2767-4f05-bfe7-438e1965f689 b18ea61d7e3c463f90515b683279f1c3 9cf8b69dd1214192a80540da3d116fda - - default default] 10.0.0.157 "DELETE /v2.0/subnets/93aa2239-a806-4842-9251-1ff15b23ae92 HTTP/1.1" status: 404 len: 337 time: 0.0185115
2026-04-02 17:56:30.375 10 INFO neutron.pecan_wsgi.hooks.translation [None req-a3d72632-f044-476d-9a42-deee47bc73a7 b18ea61d7e3c463f90515b683279f1c3 9cf8b69dd1214192a80540da3d116fda - - default default] DELETE failed (client error): The resource could not be found.
2026-04-02 17:56:30.378 10 INFO neutron.wsgi [None req-a3d72632-f044-476d-9a42-deee47bc73a7 b18ea61d7e3c463f90515b683279f1c3 9cf8b69dd1214192a80540da3d116fda - - default default] 10.0.0.157 "DELETE /v2.0/subnets/4f3a6702-3201-494a-8d2c-66570eb09248 HTTP/1.1" status: 404 len: 337 time: 0.0216777
2026-04-02 17:56:30.397 10 INFO neutron.pecan_wsgi.hooks.translation [None req-46cde74a-30b2-42a5-bcb4-980e2e50a8ee b18ea61d7e3c463f90515b683279f1c3 9cf8b69dd1214192a80540da3d116fda - - default default] DELETE failed (client error): The resource could not be found.
2026-04-02 17:56:30.399 10 INFO neutron.wsgi [None req-46cde74a-30b2-42a5-bcb4-980e2e50a8ee b18ea61d7e3c463f90515b683279f1c3 9cf8b69dd1214192a80540da3d116fda - - default default] 10.0.0.157 "DELETE /v2.0/subnets/3d0c954c-2ac0-4c2b-bbb2-3f466982945e HTTP/1.1" status: 404 len: 337 time: 0.0162735
2026-04-02 17:56:30.471 9 INFO neutron.wsgi [req-cfcac995-103c-446f-8abb-2c796ef15da9 req-e73663b5-f0a5-4a4b-84d2-ecb0f5ad4a93 624cdc91ee6d473da732685720d502ca 94229dfd2e1647d8b46443c10a1ede15 - - default default] 10.0.0.89 "GET /v2.0/ports?device_id=10d76164-b8be-4f0b-8dcb-cd20d6ad351d HTTP/1.1" status: 200 len: 1170 time: 0.0434420 /var/lib/openstack/lib/python3.10/site-packages/pycadf/identifier.py:71: UserWarning: Invalid uuid: neutron. To ensure interoperability, identifiers should be a valid uuid. warnings.warn(('Invalid uuid: %s. To ensure interoperability, '
2026-04-02 17:56:30.520 9 INFO neutron.wsgi [req-cfcac995-103c-446f-8abb-2c796ef15da9 req-33a3ab96-8f2e-400d-bba3-d0f475259c83 624cdc91ee6d473da732685720d502ca 94229dfd2e1647d8b46443c10a1ede15 - - default default] 10.0.0.89 "GET /v2.0/security-groups?id=32cf1c1a-afd8-458f-833d-b16593fcf99f&fields=id&fields=name HTTP/1.1" status: 200 len: 313 time: 0.0411980
2026-04-02 17:56:31.182 9 INFO neutron.notifiers.nova [-] Nova event matching ['req-6801008d-8ab7-4eb3-88e6-f0b15058852b'] response: {'server_uuid': '10d76164-b8be-4f0b-8dcb-cd20d6ad351d', 'name': 'network-vif-plugged', 'status': 'completed', 'tag': '529ebbe2-008f-4630-be7c-3b269b353290', 'code': 200}
2026-04-02 17:56:31.183 9 INFO neutron.notifiers.nova [-] Nova event matching ['req-6801008d-8ab7-4eb3-88e6-f0b15058852b'] response: {'server_uuid': '10d76164-b8be-4f0b-8dcb-cd20d6ad351d', 'name': 'network-vif-plugged', 'status': 'completed', 'tag': '529ebbe2-008f-4630-be7c-3b269b353290', 'code': 200}
2026-04-02 17:56:31.393 9 INFO neutron.db.ovn_revision_numbers_db [None req-c4d46e5c-d2c0-4dd8-a288-899d7c71fe2c e5920096478448dbb6eba624f5643ed6 04efb0ac35034d1aaab6abe3211d5b92 - - default default] Successfully bumped revision number for resource d11f6700-55e5-4976-9a51-79e9ceb4b2e3 (type: security_groups) to 1
2026-04-02 17:56:31.414 9 INFO neutron.db.ovn_revision_numbers_db [None req-c4d46e5c-d2c0-4dd8-a288-899d7c71fe2c e5920096478448dbb6eba624f5643ed6 04efb0ac35034d1aaab6abe3211d5b92 - - default default] Successfully bumped revision number for resource 015cea7f-bb66-4e3f-9894-abf72f0f66a6 (type: security_group_rules) to 0
2026-04-02 17:56:31.436 9 INFO neutron.db.ovn_revision_numbers_db [None req-c4d46e5c-d2c0-4dd8-a288-899d7c71fe2c e5920096478448dbb6eba624f5643ed6 04efb0ac35034d1aaab6abe3211d5b92 - - default default] Successfully bumped revision number for resource 4e804907-f5b7-472d-99c5-5a2ee9553dfe (type: security_group_rules) to 0
2026-04-02 17:56:31.459 9 INFO neutron.db.ovn_revision_numbers_db [None req-c4d46e5c-d2c0-4dd8-a288-899d7c71fe2c e5920096478448dbb6eba624f5643ed6 04efb0ac35034d1aaab6abe3211d5b92 - - default default] Successfully bumped revision number for resource 9dfb2b00-9bac-4a61-a1a3-d71a2e4a1f50 (type: security_group_rules) to 0
2026-04-02 17:56:31.475 9 INFO neutron.db.ovn_revision_numbers_db [None req-c4d46e5c-d2c0-4dd8-a288-899d7c71fe2c e5920096478448dbb6eba624f5643ed6 04efb0ac35034d1aaab6abe3211d5b92 - - default default] Successfully bumped revision number for resource ffd8c287-5c2b-4528-baae-c711d5c14544 (type: security_group_rules) to 0
2026-04-02 17:56:31.498 9 INFO neutron.wsgi [None req-c4d46e5c-d2c0-4dd8-a288-899d7c71fe2c e5920096478448dbb6eba624f5643ed6 04efb0ac35034d1aaab6abe3211d5b92 - - default default] 10.0.0.157 "GET /v2.0/security-groups?tenant_id=ccffa2cfd56d424dbabfa394c1fb308d&name=default HTTP/1.1" status: 200 len: 3120 time: 0.3845823
2026-04-02 17:56:31.697 9 INFO neutron.wsgi [req-1da7f2c0-75a0-425c-b6e7-a1b3a456fefd req-9680a5a5-88c4-4260-b8b6-3dadf1a98158 624cdc91ee6d473da732685720d502ca 94229dfd2e1647d8b46443c10a1ede15 - - default default] 10.0.0.89 "GET /v2.0/ports?device_id=10d76164-b8be-4f0b-8dcb-cd20d6ad351d HTTP/1.1" status: 200 len: 1170 time: 0.1063082
2026-04-02 17:56:31.738 10 INFO neutron.wsgi [None req-41c94242-66a2-474b-8294-2287ea065be2 e5920096478448dbb6eba624f5643ed6 04efb0ac35034d1aaab6abe3211d5b92 - - default default] 10.0.0.157 "DELETE /v2.0/security-groups/d11f6700-55e5-4976-9a51-79e9ceb4b2e3 HTTP/1.1" status: 204 len: 168 time: 0.2305863
2026-04-02 17:56:31.750 9 INFO neutron.wsgi [req-1da7f2c0-75a0-425c-b6e7-a1b3a456fefd req-9f154c16-d594-41c3-99a2-79c181392750 624cdc91ee6d473da732685720d502ca 94229dfd2e1647d8b46443c10a1ede15 - - default default] 10.0.0.89 "GET /v2.0/security-groups?id=32cf1c1a-afd8-458f-833d-b16593fcf99f&fields=id&fields=name HTTP/1.1" status: 200 len: 313 time: 0.0469828
2026-04-02 17:56:31.856 9 INFO neutron.wsgi [req-98e00d66-932c-4a1c-ad0e-60d030f3492c req-b1c8f3a9-0d21-4b7e-8b94-8ba95536f5b6 624cdc91ee6d473da732685720d502ca 94229dfd2e1647d8b46443c10a1ede15 - - default default] 10.0.0.89 "GET /v2.0/ports?device_id=10d76164-b8be-4f0b-8dcb-cd20d6ad351d HTTP/1.1" status: 200 len: 1170 time: 0.0464568
2026-04-02 17:56:31.924 9 INFO neutron.wsgi [req-98e00d66-932c-4a1c-ad0e-60d030f3492c req-a3246f7f-3d52-410f-91ff-00a98b592e03 624cdc91ee6d473da732685720d502ca 94229dfd2e1647d8b46443c10a1ede15 - - default default] 10.0.0.89 "GET /v2.0/security-groups?id=32cf1c1a-afd8-458f-833d-b16593fcf99f&fields=id&fields=name HTTP/1.1" status: 200 len: 313 time: 0.0618889
2026-04-02 17:56:31.965 10 INFO neutron.wsgi [-] 10.0.0.157 "GET / HTTP/1.1" status: 200 len: 279 time: 0.0020247
2026-04-02 17:56:31.996 10 WARNING neutron_lib.context [None req-335b0957-5d3c-466d-bec7-9f5b9de949ce a2d2db5817c046528c656eb76638da4c 7de705e06c5a48909696004018ba4c37 - - default default] Method 'is_advsvc' is deprecated since 2023.2 release (neutron-lib 3.8.0) and will be removed once support for the old RBAC API policies will be removed from Neutron. Please use method 'is_service_role' instead.
2026-04-02 17:56:32.007 10 INFO neutron.wsgi [None req-6e8a534b-c2d6-4ef5-8396-09b4d3f5ead5 487cc34803fa431db09687b9817dbb76 be4c4d8a601a4e7ca22d88174dad0c8d - - default default] 10.0.0.157 "GET /v2.0/ HTTP/1.1" status: 200 len: 826 time: 0.0379379
2026-04-02 17:56:32.051 9 INFO neutron.wsgi [None req-d6dfcf02-76b7-4752-acc9-e3a53eb61142 5659e0d6858d4784a5fc688eda85a290 71f53ef854fd4f6693ffe0357f9e79cc - - default default] 10.0.0.157 "GET /v2.0/ports?device_id=10d76164-b8be-4f0b-8dcb-cd20d6ad351d HTTP/1.1" status: 200 len: 1404 time: 0.0892911
2026-04-02 17:56:32.063 10 WARNING neutron_lib.context [None req-62152d3c-0def-4214-9f4e-d5c260384ddd 624cdc91ee6d473da732685720d502ca 94229dfd2e1647d8b46443c10a1ede15 - - default default] Method 'is_advsvc' is deprecated since 2023.2 release (neutron-lib 3.8.0) and will be removed once support for the old RBAC API policies will be removed from Neutron. Please use method 'is_service_role' instead.
2026-04-02 17:56:32.100 9 INFO neutron.db.ovn_revision_numbers_db [None req-2fd1c6bd-c712-4f48-91ad-e72447dfb1e7 e5920096478448dbb6eba624f5643ed6 04efb0ac35034d1aaab6abe3211d5b92 - - default default] Successfully bumped revision number for resource a72bd35b-e715-4f62-86eb-39bc47f310b4 (type: security_groups) to 1
2026-04-02 17:56:32.115 9 INFO neutron.db.ovn_revision_numbers_db [None req-2fd1c6bd-c712-4f48-91ad-e72447dfb1e7 e5920096478448dbb6eba624f5643ed6 04efb0ac35034d1aaab6abe3211d5b92 - - default default] Successfully bumped revision number for resource 7a04bb67-10f4-471e-84a8-1d34f7fe5e11 (type: security_group_rules) to 0
2026-04-02 17:56:32.130 9 INFO neutron.db.ovn_revision_numbers_db [None req-2fd1c6bd-c712-4f48-91ad-e72447dfb1e7 e5920096478448dbb6eba624f5643ed6 04efb0ac35034d1aaab6abe3211d5b92 - - default default] Successfully bumped revision number for resource c006a5b9-2be8-49fb-bc9a-7b98b1fec5d0 (type: security_group_rules) to 0
2026-04-02 17:56:32.144 9 INFO neutron.db.ovn_revision_numbers_db [None req-2fd1c6bd-c712-4f48-91ad-e72447dfb1e7 e5920096478448dbb6eba624f5643ed6 04efb0ac35034d1aaab6abe3211d5b92 - - default default] Successfully bumped revision number for resource e591e427-2a99-4abe-907e-b55f896f6005 (type: security_group_rules) to 0
2026-04-02 17:56:32.152 10 INFO neutron.wsgi [-] 10.0.0.149 "GET / HTTP/1.1" status: 200 len: 247 time: 0.0017226
2026-04-02 17:56:32.154 10 INFO neutron.wsgi [-] 10.0.0.149 "GET / HTTP/1.1" status: 200 len: 247 time: 0.0011482
2026-04-02 17:56:32.167 9 INFO neutron.db.ovn_revision_numbers_db [None req-2fd1c6bd-c712-4f48-91ad-e72447dfb1e7 e5920096478448dbb6eba624f5643ed6 04efb0ac35034d1aaab6abe3211d5b92 - - default default] Successfully bumped revision number for resource fb86cab7-7585-4d6d-99be-b7b62b1765a6 (type: security_group_rules) to 0
2026-04-02 17:56:32.183 10 INFO neutron.db.ovn_revision_numbers_db [None req-335b0957-5d3c-466d-bec7-9f5b9de949ce a2d2db5817c046528c656eb76638da4c 7de705e06c5a48909696004018ba4c37 - - default default] Successfully bumped revision number for resource 0275a671-c3d3-4011-84be-26cd4e212c78 (type: security_groups) to 1
2026-04-02 17:56:32.200 9 INFO neutron.wsgi [None req-2fd1c6bd-c712-4f48-91ad-e72447dfb1e7 e5920096478448dbb6eba624f5643ed6 04efb0ac35034d1aaab6abe3211d5b92 - - default default] 10.0.0.157 "GET /v2.0/security-groups?tenant_id=7620ae4a513944e9aab8624a28d31bbc&name=default HTTP/1.1" status: 200 len: 3120 time: 0.3136437
2026-04-02 17:56:32.216 10 INFO neutron.db.ovn_revision_numbers_db [None req-335b0957-5d3c-466d-bec7-9f5b9de949ce a2d2db5817c046528c656eb76638da4c 7de705e06c5a48909696004018ba4c37 - - default default] Successfully bumped revision number for resource 6313dc43-893d-4dfb-9e86-dde6b4024078 (type: security_group_rules) to 0
2026-04-02 17:56:32.245 10 INFO neutron.db.ovn_revision_numbers_db [None req-335b0957-5d3c-466d-bec7-9f5b9de949ce a2d2db5817c046528c656eb76638da4c 7de705e06c5a48909696004018ba4c37 - - default default] Successfully bumped revision number for resource 8629d347-0bc0-4f96-8029-b0d3795a64a5 (type: security_group_rules) to 0
2026-04-02 17:56:32.274 10 INFO neutron.db.ovn_revision_numbers_db [None req-335b0957-5d3c-466d-bec7-9f5b9de949ce a2d2db5817c046528c656eb76638da4c 7de705e06c5a48909696004018ba4c37 - - default default] Successfully bumped revision number for resource ba008848-fb6f-4737-900b-f807ad45117d (type: security_group_rules) to 0
2026-04-02 17:56:32.306 10 INFO neutron.db.ovn_revision_numbers_db [None req-335b0957-5d3c-466d-bec7-9f5b9de949ce a2d2db5817c046528c656eb76638da4c 7de705e06c5a48909696004018ba4c37 - - default default] Successfully bumped revision number for resource bd226da4-6c8e-4ac2-a4f3-734e580cb5bb (type: security_group_rules) to 0
2026-04-02 17:56:32.428 10 WARNING neutron.scheduler.dhcp_agent_scheduler [None req-62152d3c-0def-4214-9f4e-d5c260384ddd 624cdc91ee6d473da732685720d502ca 94229dfd2e1647d8b46443c10a1ede15 - - default default] No more DHCP agents
2026-04-02 17:56:32.432 10 WARNING neutron.api.rpc.agentnotifiers.dhcp_rpc_agent_api [None req-62152d3c-0def-4214-9f4e-d5c260384ddd 624cdc91ee6d473da732685720d502ca 94229dfd2e1647d8b46443c10a1ede15 - - default default] Unable to schedule network e5b9ce7b-b79e-4fbd-82ec-90fee271619b: no agents available; will retry on subsequent port and subnet creation events.
2026-04-02 17:56:32.482 10 INFO neutron.db.ovn_revision_numbers_db [None req-335b0957-5d3c-466d-bec7-9f5b9de949ce a2d2db5817c046528c656eb76638da4c 7de705e06c5a48909696004018ba4c37 - - default default] Successfully bumped revision number for resource 8d444ad2-a12f-412d-a5c2-4f63f1027644 (type: security_groups) to 1
2026-04-02 17:56:32.507 10 INFO neutron.db.ovn_revision_numbers_db [None req-335b0957-5d3c-466d-bec7-9f5b9de949ce a2d2db5817c046528c656eb76638da4c 7de705e06c5a48909696004018ba4c37 - - default default] Successfully bumped revision number for resource 037582bb-588f-4616-bf2f-f2cbebaadb89 (type: security_group_rules) to 0
2026-04-02 17:56:32.537 10 INFO neutron.db.ovn_revision_numbers_db [None req-335b0957-5d3c-466d-bec7-9f5b9de949ce a2d2db5817c046528c656eb76638da4c 7de705e06c5a48909696004018ba4c37 - - default default] Successfully bumped revision number for resource 8228122d-ddfc-48d8-85a9-0129a703338c (type: security_group_rules) to 0
2026-04-02 17:56:32.578 10 INFO neutron.wsgi [None req-335b0957-5d3c-466d-bec7-9f5b9de949ce a2d2db5817c046528c656eb76638da4c 7de705e06c5a48909696004018ba4c37 - - default default] 10.0.0.157 "POST /v2.0/security-groups HTTP/1.1" status: 201 len: 1825 time: 0.8368900
2026-04-02 17:56:32.675 9 INFO neutron.wsgi [None req-f936c2f2-c74d-4cbf-8ffe-7ce866f3af0d a2d2db5817c046528c656eb76638da4c 7de705e06c5a48909696004018ba4c37 - - default default] 10.0.0.157 "GET /v2.0/security-groups HTTP/1.1" status: 200 len: 4725 time: 0.0902827
2026-04-02 17:56:32.688 10 INFO neutron.wsgi [None req-e7ba4ced-0aba-4ef5-8b57-766c1353ef94 e5920096478448dbb6eba624f5643ed6 04efb0ac35034d1aaab6abe3211d5b92 - - default default] 10.0.0.157 "DELETE /v2.0/security-groups/a72bd35b-e715-4f62-86eb-39bc47f310b4 HTTP/1.1" status: 204 len: 168 time: 0.4800539
2026-04-02 17:56:32.808 9 INFO neutron.db.ovn_revision_numbers_db [None req-b7d26372-d5b8-4d9f-8c87-e0a05b8eb42d a2d2db5817c046528c656eb76638da4c 7de705e06c5a48909696004018ba4c37 - - default default] Successfully bumped revision number for resource 8d444ad2-a12f-412d-a5c2-4f63f1027644 (type: security_groups) to 2
2026-04-02 17:56:32.811 9 INFO neutron.wsgi [None req-b7d26372-d5b8-4d9f-8c87-e0a05b8eb42d a2d2db5817c046528c656eb76638da4c 7de705e06c5a48909696004018ba4c37 - - default default] 10.0.0.157 "PUT /v2.0/security-groups/8d444ad2-a12f-412d-a5c2-4f63f1027644 HTTP/1.1" status: 200 len: 1859 time: 0.1318169
2026-04-02 17:56:32.856 9 INFO neutron.db.ovn_revision_numbers_db [None req-bfe9ffbb-e72a-49b8-be59-c8e157b05120 e5920096478448dbb6eba624f5643ed6 04efb0ac35034d1aaab6abe3211d5b92 - - default default] Successfully bumped revision number for resource 98b07213-d676-4a4a-82e2-c94120a671aa (type: security_groups) to 1
2026-04-02 17:56:32.864 9 INFO neutron.wsgi [None req-9228dd7c-ee04-468c-8470-642b063fe8ce a2d2db5817c046528c656eb76638da4c 7de705e06c5a48909696004018ba4c37 - - default default] 10.0.0.157 "GET /v2.0/security-groups/8d444ad2-a12f-412d-a5c2-4f63f1027644 HTTP/1.1" status: 200 len: 1859 time: 0.0466349
2026-04-02 17:56:32.885 9 INFO neutron.db.ovn_revision_numbers_db [None req-bfe9ffbb-e72a-49b8-be59-c8e157b05120 e5920096478448dbb6eba624f5643ed6 04efb0ac35034d1aaab6abe3211d5b92 - - default default] Successfully bumped revision number for resource 493f63ad-7b7f-4fd4-8e21-8a400dd31335 (type: security_group_rules) to 0
2026-04-02 17:56:32.899 9 INFO neutron.wsgi [None req-4d8f5fa5-b73b-4520-bb4a-56f8c3039ba2 e5920096478448dbb6eba624f5643ed6 04efb0ac35034d1aaab6abe3211d5b92 - - default default] 10.0.0.157 "GET /v2.0/security-groups?tenant_id=9cf8b69dd1214192a80540da3d116fda&name=default HTTP/1.1" status: 200 len: 3120 time: 0.0747154
2026-04-02 17:56:32.905 9 INFO neutron.db.ovn_revision_numbers_db [None req-bfe9ffbb-e72a-49b8-be59-c8e157b05120 e5920096478448dbb6eba624f5643ed6 04efb0ac35034d1aaab6abe3211d5b92 - - default default] Successfully bumped revision number for resource 952d7e36-3072-466a-abc6-cdc9a59c4e70 (type: security_group_rules) to 0
2026-04-02 17:56:32.921 9 INFO neutron.db.ovn_revision_numbers_db [None req-bfe9ffbb-e72a-49b8-be59-c8e157b05120 e5920096478448dbb6eba624f5643ed6 04efb0ac35034d1aaab6abe3211d5b92 - - default default] Successfully bumped revision number for resource ece0aaeb-d57c-4cf3-a2b1-e51ec98cd775 (type: security_group_rules) to 0
2026-04-02 17:56:32.938 9 INFO neutron.db.ovn_revision_numbers_db [None req-bfe9ffbb-e72a-49b8-be59-c8e157b05120 e5920096478448dbb6eba624f5643ed6 04efb0ac35034d1aaab6abe3211d5b92 - - default default] Successfully bumped revision number for resource fddb1123-7826-4e7f-9641-61271e1a62b6 (type: security_group_rules) to 0
2026-04-02 17:56:32.968 9 INFO neutron.wsgi [None req-bfe9ffbb-e72a-49b8-be59-c8e157b05120 e5920096478448dbb6eba624f5643ed6 04efb0ac35034d1aaab6abe3211d5b92 - - default default] 10.0.0.157 "GET /v2.0/security-groups?tenant_id=be4c4d8a601a4e7ca22d88174dad0c8d&name=default HTTP/1.1" status: 200 len: 3120 time: 0.4454858
2026-04-02 17:56:33.020 9 INFO neutron.wsgi [None req-4944818d-9b63-4d6d-897e-79c23e975730 a2d2db5817c046528c656eb76638da4c 7de705e06c5a48909696004018ba4c37 - - default default] 10.0.0.157 "DELETE /v2.0/security-groups/8d444ad2-a12f-412d-a5c2-4f63f1027644 HTTP/1.1" status: 204 len: 168 time: 0.1516080
2026-04-02 17:56:33.075 9 INFO neutron.wsgi [None req-a587e58e-4176-41b3-9c1b-91a6466f7fee a2d2db5817c046528c656eb76638da4c 7de705e06c5a48909696004018ba4c37 - - default default] 10.0.0.157 "GET /v2.0/security-groups HTTP/1.1" status: 200 len: 3120 time: 0.0510261
2026-04-02 17:56:33.097 9 INFO neutron.api.v2.resource [None req-2211a251-06a9-4365-a07e-69eead50639e a2d2db5817c046528c656eb76638da4c 7de705e06c5a48909696004018ba4c37 - - default default] delete failed (client error): The resource could not be found.
2026-04-02 17:56:33.098 9 INFO neutron.wsgi [None req-2211a251-06a9-4365-a07e-69eead50639e a2d2db5817c046528c656eb76638da4c 7de705e06c5a48909696004018ba4c37 - - default default] 10.0.0.157 "DELETE /v2.0/security-groups/8d444ad2-a12f-412d-a5c2-4f63f1027644 HTTP/1.1" status: 404 len: 347 time: 0.0155225
2026-04-02 17:56:33.114 10 WARNING neutron_lib.context [None req-e1efdbfe-0128-4560-946e-ca3fc065f08b a2d2db5817c046528c656eb76638da4c 7de705e06c5a48909696004018ba4c37 - - default default] Method 'is_advsvc' is deprecated since 2023.2 release (neutron-lib 3.8.0) and will be removed once support for the old RBAC API policies will be removed from Neutron. Please use method 'is_service_role' instead.
2026-04-02 17:56:33.214 9 INFO neutron.wsgi [None req-21ca78fb-7b36-466f-bd0c-6c9340d1eb49 e5920096478448dbb6eba624f5643ed6 04efb0ac35034d1aaab6abe3211d5b92 - - default default] 10.0.0.157 "DELETE /v2.0/security-groups/98b07213-d676-4a4a-82e2-c94120a671aa HTTP/1.1" status: 204 len: 168 time: 0.2394965
2026-04-02 17:56:33.322 10 INFO neutron.wsgi [None req-61ff38c9-bc23-4617-b881-2b9a5f0604d1 e5920096478448dbb6eba624f5643ed6 04efb0ac35034d1aaab6abe3211d5b92 - - default default] 10.0.0.157 "DELETE /v2.0/security-groups/648ff833-d127-4c06-9020-1d192939482b HTTP/1.1" status: 204 len: 168 time: 0.4179480
2026-04-02 17:56:33.368 10 INFO neutron.db.ovn_revision_numbers_db [None req-e1efdbfe-0128-4560-946e-ca3fc065f08b a2d2db5817c046528c656eb76638da4c 7de705e06c5a48909696004018ba4c37 - - default default] Successfully bumped revision number for resource 2d4d8277-11f8-4693-9868-fe937352b538 (type: security_groups) to 1
2026-04-02 17:56:33.395 10 INFO neutron.db.ovn_revision_numbers_db [None req-e1efdbfe-0128-4560-946e-ca3fc065f08b a2d2db5817c046528c656eb76638da4c 7de705e06c5a48909696004018ba4c37 - - default default] Successfully bumped revision number for resource 08d471a9-1af6-4542-96b7-4445e747891a (type: security_group_rules) to 0
2026-04-02 17:56:33.412 10 INFO neutron.db.ovn_revision_numbers_db [None req-e1efdbfe-0128-4560-946e-ca3fc065f08b a2d2db5817c046528c656eb76638da4c 7de705e06c5a48909696004018ba4c37 - - default default] Successfully bumped revision number for resource 909478fd-b769-43ce-8bb5-14e1c50357f0 (type: security_group_rules) to 0
2026-04-02 17:56:33.454 10 INFO neutron.wsgi [None req-e1efdbfe-0128-4560-946e-ca3fc065f08b a2d2db5817c046528c656eb76638da4c 7de705e06c5a48909696004018ba4c37 - - default default] 10.0.0.157 "POST /v2.0/security-groups HTTP/1.1" status: 201 len: 1824 time: 0.3467968
2026-04-02 17:56:33.463 10 WARNING neutron_lib.context [None req-a780daa1-b6b7-44bd-b3ee-1830664c316a a2d2db5817c046528c656eb76638da4c 7de705e06c5a48909696004018ba4c37 - - default default] Method 'is_advsvc' is deprecated since 2023.2 release (neutron-lib 3.8.0) and will be removed once support for the old RBAC API policies will be removed from Neutron. Please use method 'is_service_role' instead.
2026-04-02 17:56:33.574 10 INFO neutron.db.ovn_revision_numbers_db [None req-62152d3c-0def-4214-9f4e-d5c260384ddd 624cdc91ee6d473da732685720d502ca 94229dfd2e1647d8b46443c10a1ede15 - - default default] Successfully bumped revision number for resource cc2feaef-d8d3-403c-92ca-c12ef1e1b7c9 (type: floatingips) to -1
2026-04-02 17:56:33.702 10 INFO neutron.db.ovn_revision_numbers_db [None req-a780daa1-b6b7-44bd-b3ee-1830664c316a a2d2db5817c046528c656eb76638da4c 7de705e06c5a48909696004018ba4c37 - - default default] Successfully bumped revision number for resource 75894da2-f284-4222-b62b-5628f2298577 (type: security_group_rules) to 0
2026-04-02 17:56:33.714 10 INFO neutron.db.ovn_revision_numbers_db [None req-62152d3c-0def-4214-9f4e-d5c260384ddd 624cdc91ee6d473da732685720d502ca 94229dfd2e1647d8b46443c10a1ede15 - - default default] Successfully bumped revision number for resource cc2feaef-d8d3-403c-92ca-c12ef1e1b7c9 (type: floatingips) to 1
2026-04-02 17:56:33.714 10 INFO neutron.db.l3_db [None req-62152d3c-0def-4214-9f4e-d5c260384ddd 624cdc91ee6d473da732685720d502ca 94229dfd2e1647d8b46443c10a1ede15 - - default default] Floating IP cc2feaef-d8d3-403c-92ca-c12ef1e1b7c9 associated. External IP: 10.96.250.214, port: 529ebbe2-008f-4630-be7c-3b269b353290.
2026-04-02 17:56:33.733 10 INFO neutron.wsgi [None req-a780daa1-b6b7-44bd-b3ee-1830664c316a a2d2db5817c046528c656eb76638da4c 7de705e06c5a48909696004018ba4c37 - - default default] 10.0.0.157 "POST /v2.0/security-group-rules HTTP/1.1" status: 201 len: 800 time: 0.2745183
2026-04-02 17:56:33.761 10 INFO neutron.wsgi [None req-62152d3c-0def-4214-9f4e-d5c260384ddd 624cdc91ee6d473da732685720d502ca 94229dfd2e1647d8b46443c10a1ede15 - - default default] 10.0.0.157 "POST /v2.0/floatingips HTTP/1.1" status: 201 len: 1054 time: 1.7057164
2026-04-02 17:56:33.786 9 INFO neutron.wsgi [None req-fb7fa1ea-b91c-47b9-8c76-6dedc274fd55 a2d2db5817c046528c656eb76638da4c 7de705e06c5a48909696004018ba4c37 - - default default] 10.0.0.157 "GET /v2.0/security-group-rules/75894da2-f284-4222-b62b-5628f2298577 HTTP/1.1" status: 200 len: 795 time: 0.0471046 /var/lib/openstack/lib/python3.10/site-packages/pycadf/identifier.py:71: UserWarning: Invalid uuid: neutron. To ensure interoperability, identifiers should be a valid uuid. warnings.warn(('Invalid uuid: %s. To ensure interoperability, '
2026-04-02 17:56:33.806 10 INFO neutron.notifiers.nova [-] Nova event matching ['req-051bd353-e378-4054-ba32-1408e528474c'] response: {'name': 'network-changed', 'server_uuid': '10d76164-b8be-4f0b-8dcb-cd20d6ad351d', 'tag': '529ebbe2-008f-4630-be7c-3b269b353290', 'status': 'completed', 'code': 200}
2026-04-02 17:56:33.844 9 INFO neutron.wsgi [None req-255be4e5-c27d-4db9-a927-56abf6222d5a 624cdc91ee6d473da732685720d502ca 94229dfd2e1647d8b46443c10a1ede15 - - default default] 10.0.0.157 "GET /v2.0/floatingips/cc2feaef-d8d3-403c-92ca-c12ef1e1b7c9 HTTP/1.1" status: 200 len: 1051 time: 0.0776088
2026-04-02 17:56:33.869 9 INFO neutron.wsgi [req-45793f90-4a04-4e50-89a5-c6b4f5e4605f req-4344a179-6614-422f-957f-f6662e856694 6b2eb44c78ef40fe81841ada4497ec78 1186d73df1754cc2a0a3df526e988b35 - - 9c52bcdd4eeb4dd48f39771804555193 9c52bcdd4eeb4dd48f39771804555193] 199.204.45.53 "GET /v2.0/ports?tenant_id=94229dfd2e1647d8b46443c10a1ede15&device_id=10d76164-b8be-4f0b-8dcb-cd20d6ad351d HTTP/1.1" status: 200 len: 1409 time: 0.0392673
2026-04-02 17:56:33.884 10 INFO neutron.wsgi [None req-a876027a-1e95-4106-bc32-d199c92d20d4 a2d2db5817c046528c656eb76638da4c 7de705e06c5a48909696004018ba4c37 - - default default] 10.0.0.157 "GET /v2.0/security-group-rules HTTP/1.1" status: 200 len: 4333 time: 0.0930905
2026-04-02 17:56:33.941 9 INFO neutron.wsgi [req-45793f90-4a04-4e50-89a5-c6b4f5e4605f req-1fb1e9de-dfd2-42e6-9f76-44f9b8b87906 6b2eb44c78ef40fe81841ada4497ec78 1186d73df1754cc2a0a3df526e988b35 - - 9c52bcdd4eeb4dd48f39771804555193 9c52bcdd4eeb4dd48f39771804555193] 199.204.45.53 "GET /v2.0/networks?id=eacb2dad-313e-493d-96e7-ba471dabc3f9 HTTP/1.1" status: 200 len: 959 time: 0.0655277
2026-04-02 17:56:34.008 9 INFO neutron.wsgi [req-45793f90-4a04-4e50-89a5-c6b4f5e4605f req-efa28b69-4c1d-429e-9a7f-71566c024141 6b2eb44c78ef40fe81841ada4497ec78 1186d73df1754cc2a0a3df526e988b35 - - 9c52bcdd4eeb4dd48f39771804555193 9c52bcdd4eeb4dd48f39771804555193] 199.204.45.53 "GET /v2.0/floatingips?fixed_ip_address=10.100.0.4&port_id=529ebbe2-008f-4630-be7c-3b269b353290 HTTP/1.1" status: 200 len: 1059 time: 0.0585992
2026-04-02 17:56:34.018 10 INFO neutron.wsgi [None req-7df4b9d8-7e13-4f6e-8f31-04b9bf4049a7 a2d2db5817c046528c656eb76638da4c 7de705e06c5a48909696004018ba4c37 - - default default] 10.0.0.157 "DELETE /v2.0/security-group-rules/75894da2-f284-4222-b62b-5628f2298577 HTTP/1.1" status: 204 len: 168 time: 0.1289268
2026-04-02 17:56:34.049 9 INFO neutron.wsgi [req-45793f90-4a04-4e50-89a5-c6b4f5e4605f req-334684b5-572c-47c0-9074-e5bdfffce697 6b2eb44c78ef40fe81841ada4497ec78 1186d73df1754cc2a0a3df526e988b35 - - 9c52bcdd4eeb4dd48f39771804555193 9c52bcdd4eeb4dd48f39771804555193] 199.204.45.53 "GET /v2.0/subnets?id=d399fe86-e7f9-4a72-8a93-8fba16135ff3 HTTP/1.1" status: 200 len: 852 time: 0.0354154
2026-04-02 17:56:34.092 9 INFO neutron.wsgi [req-45793f90-4a04-4e50-89a5-c6b4f5e4605f req-31ed6516-a5a4-4fcd-9fca-55f622051ae6 6b2eb44c78ef40fe81841ada4497ec78 1186d73df1754cc2a0a3df526e988b35 - - 9c52bcdd4eeb4dd48f39771804555193 9c52bcdd4eeb4dd48f39771804555193] 199.204.45.53 "GET /v2.0/ports?network_id=eacb2dad-313e-493d-96e7-ba471dabc3f9&device_owner=network%3Adhcp HTTP/1.1" status: 200 len: 210 time: 0.0285769
2026-04-02 17:56:34.101 10 INFO neutron.wsgi [None req-02241000-ec44-402a-8ae0-2a8281908d09 a2d2db5817c046528c656eb76638da4c 7de705e06c5a48909696004018ba4c37 - - default default] 10.0.0.157 "GET /v2.0/security-group-rules HTTP/1.1" status: 200 len: 3755 time: 0.0674074
2026-04-02 17:56:34.111 10 WARNING neutron_lib.context [None req-24f141c8-93c9-4608-8926-81690c004730 a2d2db5817c046528c656eb76638da4c 7de705e06c5a48909696004018ba4c37 - - default default] Method 'is_advsvc' is deprecated since 2023.2 release (neutron-lib 3.8.0) and will be removed once support for the old RBAC API policies will be removed from Neutron. Please use method 'is_service_role' instead.
2026-04-02 17:56:34.171 9 INFO neutron.wsgi [req-45793f90-4a04-4e50-89a5-c6b4f5e4605f req-dd42a183-5715-4e65-9cdb-8e5fe28f8b64 6b2eb44c78ef40fe81841ada4497ec78 1186d73df1754cc2a0a3df526e988b35 - - 9c52bcdd4eeb4dd48f39771804555193 9c52bcdd4eeb4dd48f39771804555193] 199.204.45.53 "GET /v2.0/networks/eacb2dad-313e-493d-96e7-ba471dabc3f9?fields=segments HTTP/1.1" status: 200 len: 212 time: 0.0708642
2026-04-02 17:56:34.247 9 INFO neutron.wsgi [req-45793f90-4a04-4e50-89a5-c6b4f5e4605f req-c26f1b6e-6faa-4a63-973f-4ede1da6d342 6b2eb44c78ef40fe81841ada4497ec78 1186d73df1754cc2a0a3df526e988b35 - - 9c52bcdd4eeb4dd48f39771804555193 9c52bcdd4eeb4dd48f39771804555193] 199.204.45.53 "GET /v2.0/networks/eacb2dad-313e-493d-96e7-ba471dabc3f9?fields=provider%3Aphysical_network&fields=provider%3Anetwork_type HTTP/1.1" status: 200 len: 277 time: 0.0699804
2026-04-02 17:56:34.261 10 INFO neutron.db.ovn_revision_numbers_db [None req-24f141c8-93c9-4608-8926-81690c004730 a2d2db5817c046528c656eb76638da4c 7de705e06c5a48909696004018ba4c37 - - default default] Successfully bumped revision number for resource 2e0989be-bfeb-4b68-85b6-479baec53053 (type: security_group_rules) to 0
2026-04-02 17:56:34.293 10 INFO neutron.wsgi [None req-24f141c8-93c9-4608-8926-81690c004730 a2d2db5817c046528c656eb76638da4c 7de705e06c5a48909696004018ba4c37 - - default default] 10.0.0.157 "POST /v2.0/security-group-rules HTTP/1.1" status: 201 len: 800 time: 0.1866121
2026-04-02 17:56:34.317 10 INFO neutron.wsgi [None req-f65b6060-6ef1-469f-8596-a3b21efaa484 a2d2db5817c046528c656eb76638da4c 7de705e06c5a48909696004018ba4c37 - - default default] 10.0.0.157 "GET /v2.0/security-group-rules/2e0989be-bfeb-4b68-85b6-479baec53053 HTTP/1.1" status: 200 len: 795 time: 0.0198076
2026-04-02 17:56:34.385 10 INFO neutron.wsgi [None req-0e5ee478-3fba-45b7-be9a-4a8b88003eeb a2d2db5817c046528c656eb76638da4c 7de705e06c5a48909696004018ba4c37 - - default default] 10.0.0.157 "GET /v2.0/security-group-rules HTTP/1.1" status: 200 len: 4333 time: 0.0637233
2026-04-02 17:56:34.503 10 INFO neutron.wsgi [None req-0246ee3d-c273-4c0c-bae8-023cff7fbb7d a2d2db5817c046528c656eb76638da4c 7de705e06c5a48909696004018ba4c37 - - default default] 10.0.0.157 "DELETE /v2.0/security-group-rules/2e0989be-bfeb-4b68-85b6-479baec53053 HTTP/1.1" status: 204 len: 168 time: 0.1147132
2026-04-02 17:56:34.592 9 INFO neutron.wsgi [None req-a730665b-1a8d-4da3-935c-67c1d211b585 a2d2db5817c046528c656eb76638da4c 7de705e06c5a48909696004018ba4c37 - - default default] 10.0.0.157 "GET /v2.0/security-group-rules HTTP/1.1" status: 200 len: 3755 time: 0.0845621
2026-04-02 17:56:34.607 9 WARNING neutron_lib.context [None req-e9ff60e9-98f4-4d99-b65d-46bdbc9e7204 a2d2db5817c046528c656eb76638da4c 7de705e06c5a48909696004018ba4c37 - - default default] Method 'is_advsvc' is deprecated since 2023.2 release (neutron-lib 3.8.0) and will be removed once support for the old RBAC API policies will be removed from Neutron. Please use method 'is_service_role' instead.
2026-04-02 17:56:34.669 9 INFO neutron.db.securitygroups_db [None req-e9ff60e9-98f4-4d99-b65d-46bdbc9e7204 a2d2db5817c046528c656eb76638da4c 7de705e06c5a48909696004018ba4c37 - - default default] Project 7de705e06c5a48909696004018ba4c37 added a security group rule with legacy IPv6 ICMP protocol name icmp, ipv6-icmp should be used instead. It was automatically converted.
2026-04-02 17:56:34.768 9 INFO neutron.db.ovn_revision_numbers_db [None req-e9ff60e9-98f4-4d99-b65d-46bdbc9e7204 a2d2db5817c046528c656eb76638da4c 7de705e06c5a48909696004018ba4c37 - - default default] Successfully bumped revision number for resource 9dce9774-65ec-4f5e-a394-fb9390e24b0f (type: security_group_rules) to 0
2026-04-02 17:56:34.798 9 INFO neutron.wsgi [None req-e9ff60e9-98f4-4d99-b65d-46bdbc9e7204 a2d2db5817c046528c656eb76638da4c 7de705e06c5a48909696004018ba4c37 - - default default] 10.0.0.157 "POST /v2.0/security-group-rules HTTP/1.1" status: 201 len: 806 time: 0.1967065
2026-04-02 17:56:34.818 9 INFO neutron.wsgi [None req-b99972c3-1fbf-43e2-9256-8916de059dad a2d2db5817c046528c656eb76638da4c 7de705e06c5a48909696004018ba4c37 - - default default] 10.0.0.157 "GET /v2.0/security-group-rules/9dce9774-65ec-4f5e-a394-fb9390e24b0f HTTP/1.1" status: 200 len: 801 time: 0.0151606
2026-04-02 17:56:34.899 9 INFO neutron.wsgi [None req-b0daed42-7040-4110-82b2-cc531448a94a a2d2db5817c046528c656eb76638da4c 7de705e06c5a48909696004018ba4c37 - - default default] 10.0.0.157 "GET /v2.0/security-group-rules HTTP/1.1" status: 200 len: 4339 time: 0.0760181
2026-04-02 17:56:35.014 9 INFO neutron.wsgi [None req-f2dfe7f7-d848-4736-ad13-b762d1fd5812 a2d2db5817c046528c656eb76638da4c 7de705e06c5a48909696004018ba4c37 - - default default] 10.0.0.157 "DELETE /v2.0/security-group-rules/9dce9774-65ec-4f5e-a394-fb9390e24b0f HTTP/1.1" status: 204 len: 168 time: 0.1059234
