2026-04-02 17:57:19.309 9 INFO neutron.wsgi [None req-d378098d-b41c-4e53-ba67-c1e64846ec74 83c908287d844dc690951324507a814c 1538618b79134faa9a5006b0ea140570 - - default default] 10.0.0.157 "GET /v2.0/floatingips/267ce0a8-694c-4a26-a090-23ff28fe6a40/tags HTTP/1.1" status: 200 len: 205 time: 0.0431862
2026-04-02 17:57:19.425 9 INFO neutron.db.ovn_revision_numbers_db [None req-3867b3ff-0c9d-4238-b07e-1c097b3046f2 b96cb8d6a60f4b0aafe7939923348191 94eb9356b6f742c0901df9dd930f6c6c - - default default] Successfully bumped revision number for resource 2ad453fd-054b-4346-8c85-af02f22e2f1b (type: ports) to 1
2026-04-02 17:57:19.454 9 INFO neutron.wsgi [None req-3867b3ff-0c9d-4238-b07e-1c097b3046f2 b96cb8d6a60f4b0aafe7939923348191 94eb9356b6f742c0901df9dd930f6c6c - - default default] 10.0.0.157 "POST /v2.0/networks HTTP/1.1" status: 201 len: 830 time: 1.4684968
2026-04-02 17:57:19.464 9 WARNING neutron_lib.context [None req-6fa337a0-e9da-4290-8fb5-1207a8b5e5df b96cb8d6a60f4b0aafe7939923348191 94eb9356b6f742c0901df9dd930f6c6c - - default default] Method 'is_advsvc' is deprecated since 2023.2 release (neutron-lib 3.8.0) and will be removed once support for the old RBAC API policies will be removed from Neutron. Please use method 'is_service_role' instead.
2026-04-02 17:57:19.509 10 INFO neutron.db.ovn_revision_numbers_db [None req-dfba1a25-6821-45e9-8fb5-5840b7173485 e5920096478448dbb6eba624f5643ed6 04efb0ac35034d1aaab6abe3211d5b92 - - default default] Successfully bumped revision number for resource f622443b-1ca6-44b9-9c61-261411af9430 (type: routers) to 2
2026-04-02 17:57:19.527 10 INFO neutron.wsgi [None req-dfba1a25-6821-45e9-8fb5-5840b7173485 e5920096478448dbb6eba624f5643ed6 04efb0ac35034d1aaab6abe3211d5b92 - - default default] 10.0.0.157 "POST /v2.0/routers HTTP/1.1" status: 201 len: 1165 time: 2.5293870
2026-04-02 17:57:19.929 9 WARNING neutron.scheduler.dhcp_agent_scheduler [None req-6fa337a0-e9da-4290-8fb5-1207a8b5e5df b96cb8d6a60f4b0aafe7939923348191 94eb9356b6f742c0901df9dd930f6c6c - - default default] No more DHCP agents
2026-04-02 17:57:19.935 9 WARNING neutron.api.rpc.agentnotifiers.dhcp_rpc_agent_api [None req-6fa337a0-e9da-4290-8fb5-1207a8b5e5df b96cb8d6a60f4b0aafe7939923348191 94eb9356b6f742c0901df9dd930f6c6c - - default default] Unable to schedule network 018625e0-6d45-496f-9dcd-7a9d00f12407: no agents available; will retry on subsequent port and subnet creation events.
2026-04-02 17:57:19.951 9 INFO neutron.wsgi [None req-c305b43d-f53e-41e7-b3d8-b485c01bd188 83c908287d844dc690951324507a814c 1538618b79134faa9a5006b0ea140570 - - default default] 10.0.0.157 "DELETE /v2.0/floatingips/267ce0a8-694c-4a26-a090-23ff28fe6a40 HTTP/1.1" status: 204 len: 168 time: 0.6177008
2026-04-02 17:57:20.070 9 INFO neutron.db.ovn_revision_numbers_db [None req-6fa337a0-e9da-4290-8fb5-1207a8b5e5df b96cb8d6a60f4b0aafe7939923348191 94eb9356b6f742c0901df9dd930f6c6c - - default default] Successfully bumped revision number for resource d517983e-b8f6-4fd5-9f50-e2a88b08cb9d (type: ports) to 1
2026-04-02 17:57:20.099 9 INFO neutron.wsgi [None req-6fa337a0-e9da-4290-8fb5-1207a8b5e5df b96cb8d6a60f4b0aafe7939923348191 94eb9356b6f742c0901df9dd930f6c6c - - default default] 10.0.0.157 "POST /v2.0/ports HTTP/1.1" status: 201 len: 942 time: 0.6392283 /var/lib/openstack/lib/python3.10/site-packages/pycadf/identifier.py:71: UserWarning: Invalid uuid: neutron. To ensure interoperability, identifiers should be a valid uuid. warnings.warn(('Invalid uuid: %s. To ensure interoperability, '
2026-04-02 17:57:20.111 9 WARNING neutron_lib.context [None req-4e57ba52-07f9-4e10-9122-68eaaa4b5d2b b96cb8d6a60f4b0aafe7939923348191 94eb9356b6f742c0901df9dd930f6c6c - - default default] Method 'is_advsvc' is deprecated since 2023.2 release (neutron-lib 3.8.0) and will be removed once support for the old RBAC API policies will be removed from Neutron. Please use method 'is_service_role' instead.
2026-04-02 17:57:20.217 10 INFO neutron.db.ovn_revision_numbers_db [None req-56e170c6-5d54-4558-a1fa-b33dd5bdfa35 - - - - - -] Successfully bumped revision number for resource 2b4ec852-6ea0-4e2e-bb06-6b8998dbdc45 (type: ports) to 1
2026-04-02 17:57:20.607 9 WARNING neutron.scheduler.dhcp_agent_scheduler [None req-3c0d0e5e-8591-4f7c-8334-ffdf540bd67c e5920096478448dbb6eba624f5643ed6 04efb0ac35034d1aaab6abe3211d5b92 - - default default] No more DHCP agents
2026-04-02 17:57:20.610 9 WARNING neutron.api.rpc.agentnotifiers.dhcp_rpc_agent_api [None req-3c0d0e5e-8591-4f7c-8334-ffdf540bd67c e5920096478448dbb6eba624f5643ed6 04efb0ac35034d1aaab6abe3211d5b92 - - default default] Unable to schedule network 6835b695-412f-4a5d-a800-e616fcaa7382: no agents available; will retry on subsequent port and subnet creation events.
2026-04-02 17:57:20.658 9 INFO neutron.wsgi [None req-4e57ba52-07f9-4e10-9122-68eaaa4b5d2b b96cb8d6a60f4b0aafe7939923348191 94eb9356b6f742c0901df9dd930f6c6c - - default default] 10.0.0.157 "POST /v2.0/trunks HTTP/1.1" status: 201 len: 608 time: 0.5519865
2026-04-02 17:57:20.692 10 INFO neutron.db.ovn_revision_numbers_db [None req-56e170c6-5d54-4558-a1fa-b33dd5bdfa35 - - - - - -] Successfully bumped revision number for resource 2b4ec852-6ea0-4e2e-bb06-6b8998dbdc45 (type: router_ports) to 3
2026-04-02 17:57:20.702 9 INFO neutron.wsgi [None req-de956c19-359a-479d-b802-145ab8f964b1 b96cb8d6a60f4b0aafe7939923348191 94eb9356b6f742c0901df9dd930f6c6c - - default default] 10.0.0.157 "PUT /v2.0/trunks/7685f9dc-5979-4d8b-bba2-2c00497da05f/tags HTTP/1.1" status: 200 len: 218 time: 0.0351462
2026-04-02 17:57:20.737 10 INFO neutron.wsgi [None req-b08c9f17-0900-4231-b3f7-9e4b711fb930 b96cb8d6a60f4b0aafe7939923348191 94eb9356b6f742c0901df9dd930f6c6c - - default default] 10.0.0.157 "GET /v2.0/trunks/7685f9dc-5979-4d8b-bba2-2c00497da05f/tags HTTP/1.1" status: 200 len: 218 time: 0.0283194
2026-04-02 17:57:20.776 9 INFO neutron.db.ovn_revision_numbers_db [None req-3c0d0e5e-8591-4f7c-8334-ffdf540bd67c e5920096478448dbb6eba624f5643ed6 04efb0ac35034d1aaab6abe3211d5b92 - - default default] Successfully bumped revision number for resource cc390d2e-da8e-4e47-b79d-1e2a1dd73584 (type: ports) to 1
2026-04-02 17:57:20.788 10 INFO neutron.wsgi [None req-0cde1292-0e32-427c-86a6-0df8c9918a81 b96cb8d6a60f4b0aafe7939923348191 94eb9356b6f742c0901df9dd930f6c6c - - default default] 10.0.0.157 "PUT /v2.0/trunks/7685f9dc-5979-4d8b-bba2-2c00497da05f/tags/green HTTP/1.1" status: 201 len: 201 time: 0.0453548
2026-04-02 17:57:20.826 9 INFO neutron.wsgi [None req-d0fc5387-eb24-417f-919d-cfe7fbfba55a b96cb8d6a60f4b0aafe7939923348191 94eb9356b6f742c0901df9dd930f6c6c - - default default] 10.0.0.157 "GET /v2.0/trunks/7685f9dc-5979-4d8b-bba2-2c00497da05f/tags HTTP/1.1" status: 200 len: 227 time: 0.0276594
2026-04-02 17:57:20.884 9 INFO neutron.wsgi [None req-3ab70fa5-8f15-4168-9ea6-10ae2ae7eefc b96cb8d6a60f4b0aafe7939923348191 94eb9356b6f742c0901df9dd930f6c6c - - default default] 10.0.0.157 "PUT /v2.0/trunks/7685f9dc-5979-4d8b-bba2-2c00497da05f/tags/red HTTP/1.1" status: 201 len: 201 time: 0.0504220
2026-04-02 17:57:20.914 10 INFO neutron.wsgi [None req-fb53fa08-48b4-4c09-be8d-36aee17ecca7 b96cb8d6a60f4b0aafe7939923348191 94eb9356b6f742c0901df9dd930f6c6c - - default default] 10.0.0.157 "GET /v2.0/trunks/7685f9dc-5979-4d8b-bba2-2c00497da05f/tags HTTP/1.1" status: 200 len: 227 time: 0.0255604
2026-04-02 17:57:20.927 9 INFO neutron.wsgi [None req-7d9f2982-7d6d-4851-81ad-be71249d67ae b8b6b4b770514fc6aaaaaa0f7a533784 f27de409b91c4bd49efe8f17f470df7f - - default default] 10.0.0.222 "GET /v2.0/extensions HTTP/1.1" status: 200 len: 18683 time: 0.0381854
2026-04-02 17:57:20.938 10 INFO neutron.db.ovn_revision_numbers_db [None req-56e170c6-5d54-4558-a1fa-b33dd5bdfa35 - - - - - -] Successfully bumped revision number for resource 2b4ec852-6ea0-4e2e-bb06-6b8998dbdc45 (type: ports) to 2
2026-04-02 17:57:20.992 9 INFO neutron.wsgi [None req-9c97350e-84c2-4abc-b23f-ac821ab87a36 b96cb8d6a60f4b0aafe7939923348191 94eb9356b6f742c0901df9dd930f6c6c - - default default] 10.0.0.157 "PUT /v2.0/trunks/7685f9dc-5979-4d8b-bba2-2c00497da05f/tags/black.or.white HTTP/1.1" status: 201 len: 201 time: 0.0698175
2026-04-02 17:57:21.022 9 INFO neutron.db.ovn_revision_numbers_db [None req-ba5458ba-fcba-482c-863c-21b5e8c83ef3 e5920096478448dbb6eba624f5643ed6 04efb0ac35034d1aaab6abe3211d5b92 - - default default] Successfully bumped revision number for resource 840d0a37-5dee-419b-a697-64ebb913db5a (type: security_groups) to 1
2026-04-02 17:57:21.028 10 INFO neutron.wsgi [None req-14c14a14-b476-4dff-97d7-b8e915f12bd0 b96cb8d6a60f4b0aafe7939923348191 94eb9356b6f742c0901df9dd930f6c6c - - default default] 10.0.0.157 "GET /v2.0/trunks/7685f9dc-5979-4d8b-bba2-2c00497da05f/tags HTTP/1.1" status: 200 len: 245 time: 0.0299096
2026-04-02 17:57:21.046 9 INFO neutron.db.ovn_revision_numbers_db [None req-ba5458ba-fcba-482c-863c-21b5e8c83ef3 e5920096478448dbb6eba624f5643ed6 04efb0ac35034d1aaab6abe3211d5b92 - - default default] Successfully bumped revision number for resource 034bf194-a623-4474-9c42-089a7e403104 (type: security_group_rules) to 0
2026-04-02 17:57:21.067 9 INFO neutron.db.ovn_revision_numbers_db [None req-ba5458ba-fcba-482c-863c-21b5e8c83ef3 e5920096478448dbb6eba624f5643ed6 04efb0ac35034d1aaab6abe3211d5b92 - - default default] Successfully bumped revision number for resource 91fd0a26-a343-473b-8a6f-6f2f3ce84007 (type: security_group_rules) to 0
2026-04-02 17:57:21.089 9 INFO neutron.wsgi [None req-4734fbd2-8d28-4654-a63d-d36dcc3e7b5e b96cb8d6a60f4b0aafe7939923348191 94eb9356b6f742c0901df9dd930f6c6c - - default default] 10.0.0.157 "PUT /v2.0/trunks/7685f9dc-5979-4d8b-bba2-2c00497da05f/tags HTTP/1.1" status: 200 len: 230 time: 0.0511444
2026-04-02 17:57:21.091 9 INFO neutron.db.ovn_revision_numbers_db [None req-ba5458ba-fcba-482c-863c-21b5e8c83ef3 e5920096478448dbb6eba624f5643ed6 04efb0ac35034d1aaab6abe3211d5b92 - - default default] Successfully bumped revision number for resource c06b3600-a8cc-4e97-8113-07ca04eaa790 (type: security_group_rules) to 0
2026-04-02 17:57:21.106 9 INFO neutron.db.ovn_revision_numbers_db [None req-ba5458ba-fcba-482c-863c-21b5e8c83ef3 e5920096478448dbb6eba624f5643ed6 04efb0ac35034d1aaab6abe3211d5b92 - - default default] Successfully bumped revision number for resource d771e277-164d-4ab8-abd1-969343257981 (type: security_group_rules) to 0
2026-04-02 17:57:21.136 9 INFO neutron.wsgi [None req-ba5458ba-fcba-482c-863c-21b5e8c83ef3 e5920096478448dbb6eba624f5643ed6 04efb0ac35034d1aaab6abe3211d5b92 - - default default] 10.0.0.157 "GET /v2.0/security-groups?tenant_id=1538618b79134faa9a5006b0ea140570&name=default HTTP/1.1" status: 200 len: 3120 time: 0.4756434
2026-04-02 17:57:21.137 10 INFO neutron.wsgi [None req-b8fef414-250b-4080-ab15-0e3676394425 b96cb8d6a60f4b0aafe7939923348191 94eb9356b6f742c0901df9dd930f6c6c - - default default] 10.0.0.157 "GET /v2.0/trunks/7685f9dc-5979-4d8b-bba2-2c00497da05f/tags HTTP/1.1" status: 200 len: 230 time: 0.0418489
2026-04-02 17:57:21.138 10 INFO neutron.wsgi [None req-d2bccc6d-f17d-442a-b6cc-0dbfb2461acb b8b6b4b770514fc6aaaaaa0f7a533784 f27de409b91c4bd49efe8f17f470df7f - - default default] 10.0.0.222 "GET /v2.0/quotas/f27de409b91c4bd49efe8f17f470df7f/details HTTP/1.1" status: 200 len: 1046 time: 0.1890287
2026-04-02 17:57:21.180 9 INFO neutron.wsgi [None req-b0fa906c-5797-4050-bf61-085f2dc5396c b96cb8d6a60f4b0aafe7939923348191 94eb9356b6f742c0901df9dd930f6c6c - - default default] 10.0.0.157 "GET /v2.0/trunks/7685f9dc-5979-4d8b-bba2-2c00497da05f/tags/red HTTP/1.1" status: 204 len: 168 time: 0.0359807
2026-04-02 17:57:21.208 9 INFO neutron.api.v2.resource [None req-74463ed8-4b69-4791-9dfc-fc585582dcdb b96cb8d6a60f4b0aafe7939923348191 94eb9356b6f742c0901df9dd930f6c6c - - default default] show failed (client error): The resource could not be found.
2026-04-02 17:57:21.209 9 INFO neutron.wsgi [None req-74463ed8-4b69-4791-9dfc-fc585582dcdb b96cb8d6a60f4b0aafe7939923348191 94eb9356b6f742c0901df9dd930f6c6c - - default default] 10.0.0.157 "GET /v2.0/trunks/7685f9dc-5979-4d8b-bba2-2c00497da05f/tags/green HTTP/1.1" status: 404 len: 299 time: 0.0232003
2026-04-02 17:57:21.273 9 INFO neutron.wsgi [None req-f0d7e584-f4c8-4bb4-82c3-9569c0b79299 b96cb8d6a60f4b0aafe7939923348191 94eb9356b6f742c0901df9dd930f6c6c - - default default] 10.0.0.157 "DELETE /v2.0/trunks/7685f9dc-5979-4d8b-bba2-2c00497da05f/tags/red HTTP/1.1" status: 204 len: 168 time: 0.0540376
2026-04-02 17:57:21.307 9 INFO neutron.wsgi [None req-6e7a48f0-23e2-4346-a1d9-2bcfa84c950a b96cb8d6a60f4b0aafe7939923348191 94eb9356b6f742c0901df9dd930f6c6c - - default default] 10.0.0.157 "GET /v2.0/trunks/7685f9dc-5979-4d8b-bba2-2c00497da05f/tags HTTP/1.1" status: 200 len: 223 time: 0.0284960
2026-04-02 17:57:21.392 9 INFO neutron.api.v2.resource [None req-6526383f-97c9-46e0-b11d-96d73545c58d b96cb8d6a60f4b0aafe7939923348191 94eb9356b6f742c0901df9dd930f6c6c - - default default] delete failed (client error): The resource could not be found.
2026-04-02 17:57:21.393 9 INFO neutron.wsgi [None req-6526383f-97c9-46e0-b11d-96d73545c58d b96cb8d6a60f4b0aafe7939923348191 94eb9356b6f742c0901df9dd930f6c6c - - default default] 10.0.0.157 "DELETE /v2.0/trunks/7685f9dc-5979-4d8b-bba2-2c00497da05f/tags/green HTTP/1.1" status: 404 len: 299 time: 0.0785031
2026-04-02 17:57:21.444 9 INFO neutron.wsgi [None req-bfdd495f-fc86-41dc-ab9e-166cfaa6b237 b96cb8d6a60f4b0aafe7939923348191 94eb9356b6f742c0901df9dd930f6c6c - - default default] 10.0.0.157 "DELETE /v2.0/trunks/7685f9dc-5979-4d8b-bba2-2c00497da05f/tags HTTP/1.1" status: 204 len: 168 time: 0.0430689
2026-04-02 17:57:21.446 9 ERROR ovsdbapp.backend.ovs_idl.command [None req-3c0d0e5e-8591-4f7c-8334-ffdf540bd67c e5920096478448dbb6eba624f5643ed6 04efb0ac35034d1aaab6abe3211d5b92 - - default default] Error executing command (DbGetCommand): ovsdbapp.backend.ovs_idl.idlutils.RowNotFound: Cannot find Logical_Router_Port with name=lrp-cc390d2e-da8e-4e47-b79d-1e2a1dd73584
2026-04-02 17:57:21.446 9 ERROR ovsdbapp.backend.ovs_idl.command
Traceback (most recent call last):
2026-04-02 17:57:21.446 9 ERROR ovsdbapp.backend.ovs_idl.command
File "/var/lib/openstack/lib/python3.10/site-packages/ovsdbapp/backend/ovs_idl/command.py", line 47, in execute
2026-04-02 17:57:21.446 9 ERROR ovsdbapp.backend.ovs_idl.command self.run_idl(None)
2026-04-02 17:57:21.446 9 ERROR ovsdbapp.backend.ovs_idl.command
File "/var/lib/openstack/lib/python3.10/site-packages/ovsdbapp/backend/ovs_idl/command.py", line 235, in run_idl
2026-04-02 17:57:21.446 9 ERROR ovsdbapp.backend.ovs_idl.command record = self.api.lookup(self.table, self.record)
2026-04-02 17:57:21.446 9 ERROR ovsdbapp.backend.ovs_idl.command
File "/var/lib/openstack/lib/python3.10/site-packages/ovsdbapp/backend/ovs_idl/__init__.py", line 184, in lookup
2026-04-02 17:57:21.446 9 ERROR ovsdbapp.backend.ovs_idl.command return self._lookup(table, record)
2026-04-02 17:57:21.446 9 ERROR ovsdbapp.backend.ovs_idl.command
File "/var/lib/openstack/lib/python3.10/site-packages/ovsdbapp/backend/ovs_idl/__init__.py", line 235, in _lookup
2026-04-02 17:57:21.446 9 ERROR ovsdbapp.backend.ovs_idl.command row = idlutils.row_by_value(self, rl.table, rl.column, record)
2026-04-02 17:57:21.446 9 ERROR ovsdbapp.backend.ovs_idl.command
File "/var/lib/openstack/lib/python3.10/site-packages/ovsdbapp/backend/ovs_idl/idlutils.py", line 114, in row_by_value
2026-04-02 17:57:21.446 9 ERROR ovsdbapp.backend.ovs_idl.command raise RowNotFound(table=table, col=column, match=match)
2026-04-02 17:57:21.446 9 ERROR ovsdbapp.backend.ovs_idl.command ovsdbapp.backend.ovs_idl.idlutils.RowNotFound: Cannot find Logical_Router_Port with name=lrp-cc390d2e-da8e-4e47-b79d-1e2a1dd73584
2026-04-02 17:57:21.446 9 ERROR ovsdbapp.backend.ovs_idl.command 
2026-04-02 17:57:21.446 9 ERROR neutron_lib.callbacks.manager [None req-3c0d0e5e-8591-4f7c-8334-ffdf540bd67c e5920096478448dbb6eba624f5643ed6 04efb0ac35034d1aaab6abe3211d5b92 - - default default] Error during notification for neutron.services.ovn_l3.plugin.OVNL3RouterPlugin._port_update-8761650290406 port, after_update: ovsdbapp.backend.ovs_idl.idlutils.RowNotFound: Cannot find Logical_Router_Port with name=lrp-cc390d2e-da8e-4e47-b79d-1e2a1dd73584
2026-04-02 17:57:21.446 9 ERROR neutron_lib.callbacks.manager
Traceback (most recent call last):
2026-04-02 17:57:21.446 9 ERROR neutron_lib.callbacks.manager
File "/var/lib/openstack/lib/python3.10/site-packages/neutron_lib/callbacks/manager.py", line 189, in _notify_loop
2026-04-02 17:57:21.446 9 ERROR neutron_lib.callbacks.manager callback.method(resource, event, trigger, payload=payload)
2026-04-02 17:57:21.446 9 ERROR neutron_lib.callbacks.manager
File "/var/lib/openstack/lib/python3.10/site-packages/neutron/services/ovn_l3/plugin.py", line 391, in _port_update
2026-04-02 17:57:21.446 9 ERROR neutron_lib.callbacks.manager l3plugin._ovn_client.update_router_port(context,
2026-04-02 17:57:21.446 9 ERROR neutron_lib.callbacks.manager
File "/var/lib/openstack/lib/python3.10/site-packages/neutron/plugins/ml2/drivers/ovn/mech_driver/ovsdb/ovn_client.py", line 1878, in update_router_port
2026-04-02 17:57:21.446 9 ERROR neutron_lib.callbacks.manager self._update_lrouter_port(context, port, if_exists=if_exists,
2026-04-02 17:57:21.446 9 ERROR neutron_lib.callbacks.manager
File "/var/lib/openstack/lib/python3.10/site-packages/neutron/plugins/ml2/drivers/ovn/mech_driver/ovsdb/ovn_client.py", line 1855, in _update_lrouter_port
2026-04-02 17:57:21.446 9 ERROR neutron_lib.callbacks.manager external_ids = self._nb_idl.db_get(
2026-04-02 17:57:21.446 9 ERROR neutron_lib.callbacks.manager
File "/var/lib/openstack/lib/python3.10/site-packages/ovsdbapp/backend/ovs_idl/command.py", line 47, in execute
2026-04-02 17:57:21.446 9 ERROR neutron_lib.callbacks.manager self.run_idl(None)
2026-04-02 17:57:21.446 9 ERROR neutron_lib.callbacks.manager
File "/var/lib/openstack/lib/python3.10/site-packages/ovsdbapp/backend/ovs_idl/command.py", line 235, in run_idl
2026-04-02 17:57:21.446 9 ERROR neutron_lib.callbacks.manager record = self.api.lookup(self.table, self.record)
2026-04-02 17:57:21.446 9 ERROR neutron_lib.callbacks.manager
File "/var/lib/openstack/lib/python3.10/site-packages/ovsdbapp/backend/ovs_idl/__init__.py", line 184, in lookup
2026-04-02 17:57:21.446 9 ERROR neutron_lib.callbacks.manager return self._lookup(table, record)
2026-04-02 17:57:21.446 9 ERROR neutron_lib.callbacks.manager
File "/var/lib/openstack/lib/python3.10/site-packages/ovsdbapp/backend/ovs_idl/__init__.py", line 235, in _lookup
2026-04-02 17:57:21.446 9 ERROR neutron_lib.callbacks.manager row = idlutils.row_by_value(self, rl.table, rl.column, record)
2026-04-02 17:57:21.446 9 ERROR neutron_lib.callbacks.manager
File "/var/lib/openstack/lib/python3.10/site-packages/ovsdbapp/backend/ovs_idl/idlutils.py", line 114, in row_by_value
2026-04-02 17:57:21.446 9 ERROR neutron_lib.callbacks.manager raise RowNotFound(table=table, col=column, match=match)
2026-04-02 17:57:21.446 9 ERROR neutron_lib.callbacks.manager ovsdbapp.backend.ovs_idl.idlutils.RowNotFound: Cannot find Logical_Router_Port with name=lrp-cc390d2e-da8e-4e47-b79d-1e2a1dd73584
2026-04-02 17:57:21.446 9 ERROR neutron_lib.callbacks.manager 
2026-04-02 17:57:21.501 10 INFO neutron.wsgi [None req-3a820034-4afd-483f-8c93-b9358afeb3d5 b96cb8d6a60f4b0aafe7939923348191 94eb9356b6f742c0901df9dd930f6c6c - - default default] 10.0.0.157 "GET /v2.0/trunks/7685f9dc-5979-4d8b-bba2-2c00497da05f/tags HTTP/1.1" status: 200 len: 205 time: 0.0459731
2026-04-02 17:57:21.541 9 INFO neutron.wsgi [None req-f2579a54-5b6b-42d0-9668-4fe7baa2bd0a b96cb8d6a60f4b0aafe7939923348191 94eb9356b6f742c0901df9dd930f6c6c - - default default] 10.0.0.157 "GET /v2.0/trunks/7685f9dc-5979-4d8b-bba2-2c00497da05f HTTP/1.1" status: 200 len: 603 time: 0.0277267
2026-04-02 17:57:21.600 10 INFO neutron.db.ovn_revision_numbers_db [None req-56e170c6-5d54-4558-a1fa-b33dd5bdfa35 - - - - - -] Successfully bumped revision number for resource 2b4ec852-6ea0-4e2e-bb06-6b8998dbdc45 (type: ports) to 4
2026-04-02 17:57:21.672 10 INFO neutron.wsgi [None req-69711b7a-96d3-45e6-9d59-23b528b9223c e5920096478448dbb6eba624f5643ed6 04efb0ac35034d1aaab6abe3211d5b92 - - default default] 10.0.0.157 "DELETE /v2.0/security-groups/840d0a37-5dee-419b-a697-64ebb913db5a HTTP/1.1" status: 204 len: 168 time: 0.5297515
2026-04-02 17:57:21.677 9 INFO neutron.wsgi [None req-3c484b0c-b690-4750-952b-9db7d60c8c0b b96cb8d6a60f4b0aafe7939923348191 94eb9356b6f742c0901df9dd930f6c6c - - default default] 10.0.0.157 "GET /v2.0/ports/d517983e-b8f6-4fd5-9f50-e2a88b08cb9d HTTP/1.1" status: 200 len: 1020 time: 0.1311486
2026-04-02 17:57:21.690 9 INFO neutron.plugins.ml2.drivers.ovn.mech_driver.mech_driver [None req-31a44c0b-f4e7-4680-a320-06d4f79cb80f - - - - - -] OVN reports status up for port: cc390d2e-da8e-4e47-b79d-1e2a1dd73584
2026-04-02 17:57:21.709 9 INFO neutron.plugins.ml2.plugin [None req-31a44c0b-f4e7-4680-a320-06d4f79cb80f - - - - - -] Attempt 1 to provision port cc390d2e-da8e-4e47-b79d-1e2a1dd73584
2026-04-02 17:57:21.724 9 INFO neutron.db.ovn_revision_numbers_db [None req-3c0d0e5e-8591-4f7c-8334-ffdf540bd67c e5920096478448dbb6eba624f5643ed6 04efb0ac35034d1aaab6abe3211d5b92 - - default default] Successfully bumped revision number for resource cc390d2e-da8e-4e47-b79d-1e2a1dd73584 (type: ports) to 1
2026-04-02 17:57:21.825 10 INFO neutron.wsgi [None req-9af1e1ab-247b-4b61-bc2e-b7a8d0999096 b96cb8d6a60f4b0aafe7939923348191 94eb9356b6f742c0901df9dd930f6c6c - - default default] 10.0.0.157 "DELETE /v2.0/trunks/7685f9dc-5979-4d8b-bba2-2c00497da05f HTTP/1.1" status: 204 len: 168 time: 0.1436431
2026-04-02 17:57:21.830 9 WARNING neutron.scheduler.dhcp_agent_scheduler [None req-3c0d0e5e-8591-4f7c-8334-ffdf540bd67c e5920096478448dbb6eba624f5643ed6 04efb0ac35034d1aaab6abe3211d5b92 - - default default] No more DHCP agents
2026-04-02 17:57:21.835 9 WARNING neutron.api.rpc.agentnotifiers.dhcp_rpc_agent_api [None req-3c0d0e5e-8591-4f7c-8334-ffdf540bd67c e5920096478448dbb6eba624f5643ed6 04efb0ac35034d1aaab6abe3211d5b92 - - default default] Unable to schedule network 6835b695-412f-4a5d-a800-e616fcaa7382: no agents available; will retry on subsequent port and subnet creation events.
2026-04-02 17:57:21.980 10 INFO neutron.db.ovn_revision_numbers_db [None req-56e170c6-5d54-4558-a1fa-b33dd5bdfa35 - - - - - -] Successfully bumped revision number for resource 2b4ec852-6ea0-4e2e-bb06-6b8998dbdc45 (type: router_ports) to 4
2026-04-02 17:57:22.188 10 INFO neutron.wsgi [None req-b14ccd5e-25f7-4bba-b9c4-91102a86f550 b96cb8d6a60f4b0aafe7939923348191 94eb9356b6f742c0901df9dd930f6c6c - - default default] 10.0.0.157 "DELETE /v2.0/ports/d517983e-b8f6-4fd5-9f50-e2a88b08cb9d HTTP/1.1" status: 204 len: 168 time: 0.3582468
2026-04-02 17:57:22.262 9 INFO neutron.db.ovn_revision_numbers_db [None req-6cf6f64d-07ba-4edd-bc6c-01f54d4162ce e5920096478448dbb6eba624f5643ed6 04efb0ac35034d1aaab6abe3211d5b92 - - default default] Successfully bumped revision number for resource e3fe7a54-4d0a-4c2f-a73f-722ac3980cf9 (type: security_groups) to 1
2026-04-02 17:57:22.294 9 INFO neutron.db.ovn_revision_numbers_db [None req-6cf6f64d-07ba-4edd-bc6c-01f54d4162ce e5920096478448dbb6eba624f5643ed6 04efb0ac35034d1aaab6abe3211d5b92 - - default default] Successfully bumped revision number for resource b525f1f3-80bc-4e1c-9339-37cfcc518bd5 (type: security_group_rules) to 0
2026-04-02 17:57:22.328 9 INFO neutron.db.ovn_revision_numbers_db [None req-6cf6f64d-07ba-4edd-bc6c-01f54d4162ce e5920096478448dbb6eba624f5643ed6 04efb0ac35034d1aaab6abe3211d5b92 - - default default] Successfully bumped revision number for resource d4e88514-3ed5-4918-91bc-eb3760fb50ae (type: security_group_rules) to 0
2026-04-02 17:57:22.359 9 INFO neutron.db.ovn_revision_numbers_db [None req-6cf6f64d-07ba-4edd-bc6c-01f54d4162ce e5920096478448dbb6eba624f5643ed6 04efb0ac35034d1aaab6abe3211d5b92 - - default default] Successfully bumped revision number for resource f6cee8f1-4657-4888-87ca-aa15b82afd78 (type: security_group_rules) to 0
2026-04-02 17:57:22.396 9 INFO neutron.db.ovn_revision_numbers_db [None req-6cf6f64d-07ba-4edd-bc6c-01f54d4162ce e5920096478448dbb6eba624f5643ed6 04efb0ac35034d1aaab6abe3211d5b92 - - default default] Successfully bumped revision number for resource f6f3008b-1851-4dc6-bf70-01c7daff485f (type: security_group_rules) to 0
2026-04-02 17:57:22.442 9 INFO neutron.wsgi [None req-6cf6f64d-07ba-4edd-bc6c-01f54d4162ce e5920096478448dbb6eba624f5643ed6 04efb0ac35034d1aaab6abe3211d5b92 - - default default] 10.0.0.157 "GET /v2.0/security-groups?tenant_id=5badb8462e864e74ac5d844d97226829&name=default HTTP/1.1" status: 200 len: 3120 time: 0.6611304
2026-04-02 17:57:22.588 9 INFO neutron.db.ovn_revision_numbers_db [None req-31a44c0b-f4e7-4680-a320-06d4f79cb80f - - - - - -] Successfully bumped revision number for resource cc390d2e-da8e-4e47-b79d-1e2a1dd73584 (type: ports) to 2
2026-04-02 17:57:22.725 10 INFO neutron.services.segments.plugin [-] Segment c0f44316-7c13-462e-8c52-55680416739d resource provider aggregate not found
2026-04-02 17:57:22.733 10 INFO neutron.services.segments.plugin [-] Segment c0f44316-7c13-462e-8c52-55680416739d resource provider aggregate not found
2026-04-02 17:57:22.755 10 INFO neutron.services.segments.plugin [-] Segment c0f44316-7c13-462e-8c52-55680416739d resource provider not found; error: Placement Client Error (4xx): {"errors": [{"status": 404, "title": "Not Found", "detail": "The resource could not be found.\n\n No resource provider with uuid c0f44316-7c13-462e-8c52-55680416739d found for delete ", "request_id": "req-d947ed84-73a8-421d-8b7b-016802459657"}]}
2026-04-02 17:57:22.757 10 INFO neutron.services.segments.plugin [-] Segment c0f44316-7c13-462e-8c52-55680416739d resource provider not found; error: Placement Client Error (4xx): {"errors": [{"status": 404, "title": "Not Found", "detail": "The resource could not be found.\n\n No resource provider with uuid c0f44316-7c13-462e-8c52-55680416739d found for delete ", "request_id": "req-5b19fa74-242f-48a9-90ed-8163f54dc2bf"}]}
2026-04-02 17:57:22.770 10 INFO neutron.wsgi [None req-a4c1b023-d2d1-4d3b-97b5-0f3f81ff5cc5 b96cb8d6a60f4b0aafe7939923348191 94eb9356b6f742c0901df9dd930f6c6c - - default default] 10.0.0.157 "DELETE /v2.0/networks/018625e0-6d45-496f-9dcd-7a9d00f12407 HTTP/1.1" status: 204 len: 168 time: 0.5774531
2026-04-02 17:57:22.774 9 INFO neutron.db.ovn_revision_numbers_db [None req-3c0d0e5e-8591-4f7c-8334-ffdf540bd67c e5920096478448dbb6eba624f5643ed6 04efb0ac35034d1aaab6abe3211d5b92 - - default default] Successfully bumped revision number for resource cc390d2e-da8e-4e47-b79d-1e2a1dd73584 (type: router_ports) to 1
2026-04-02 17:57:22.779 9 INFO neutron.wsgi [None req-3c0d0e5e-8591-4f7c-8334-ffdf540bd67c e5920096478448dbb6eba624f5643ed6 04efb0ac35034d1aaab6abe3211d5b92 - - default default] 10.0.0.157 "PUT /v2.0/routers/f622443b-1ca6-44b9-9c61-261411af9430/add_router_interface HTTP/1.1" status: 200 len: 503 time: 3.2446239
2026-04-02 17:57:22.784 9 INFO neutron.db.ovn_revision_numbers_db [None req-31a44c0b-f4e7-4680-a320-06d4f79cb80f - - - - - -] Successfully bumped revision number for resource cc390d2e-da8e-4e47-b79d-1e2a1dd73584 (type: router_ports) to 2
2026-04-02 17:57:22.831 10 INFO neutron.wsgi [None req-86753ea1-83ca-4b02-a3d9-387656b22166 e5920096478448dbb6eba624f5643ed6 04efb0ac35034d1aaab6abe3211d5b92 - - default default] 10.0.0.157 "DELETE /v2.0/security-groups/e3fe7a54-4d0a-4c2f-a73f-722ac3980cf9 HTTP/1.1" status: 204 len: 168 time: 0.3821750
2026-04-02 17:57:23.529 9 INFO neutron.wsgi [None req-217045f3-1afe-4fbc-9b1a-ebb37a237089 e5920096478448dbb6eba624f5643ed6 04efb0ac35034d1aaab6abe3211d5b92 - - default default] 10.0.0.157 "GET /v2.0/security-groups?tenant_id=94eb9356b6f742c0901df9dd930f6c6c&name=default HTTP/1.1" status: 200 len: 3120 time: 0.1443298
2026-04-02 17:57:23.648 9 INFO neutron.wsgi [None req-c30e4ad5-357e-4f3b-afc2-cbc1810890a9 b8b6b4b770514fc6aaaaaa0f7a533784 f27de409b91c4bd49efe8f17f470df7f - - default default] 10.0.0.222 "GET /v2.0/extensions HTTP/1.1" status: 200 len: 18683 time: 0.0060506
2026-04-02 17:57:23.754 9 INFO neutron.wsgi [None req-ec8c219a-0efb-4247-95aa-863717d0f1dc e5920096478448dbb6eba624f5643ed6 04efb0ac35034d1aaab6abe3211d5b92 - - default default] 10.0.0.157 "DELETE /v2.0/security-groups/1ea38f06-937d-4727-b423-587a64e4d2f6 HTTP/1.1" status: 204 len: 168 time: 0.2218056
2026-04-02 17:57:23.757 10 INFO neutron.wsgi [None req-3e7fc7d4-1572-4d01-8599-bf20958f9c0d b8b6b4b770514fc6aaaaaa0f7a533784 f27de409b91c4bd49efe8f17f470df7f - - default default] 10.0.0.222 "GET /v2.0/quotas/f27de409b91c4bd49efe8f17f470df7f/details HTTP/1.1" status: 200 len: 1046 time: 0.0913477
2026-04-02 17:57:24.000 10 INFO neutron.db.ovn_revision_numbers_db [None req-4701f4db-4a2a-492e-a217-06078695782c e5920096478448dbb6eba624f5643ed6 04efb0ac35034d1aaab6abe3211d5b92 - - default default] Successfully bumped revision number for resource 45c5ccbb-a248-46ef-ba1d-fbc72e861614 (type: security_groups) to 1
2026-04-02 17:57:24.017 10 INFO neutron.db.ovn_revision_numbers_db [None req-4701f4db-4a2a-492e-a217-06078695782c e5920096478448dbb6eba624f5643ed6 04efb0ac35034d1aaab6abe3211d5b92 - - default default] Successfully bumped revision number for resource 5b6f033b-3752-4da5-b01c-02b0f0b98133 (type: security_group_rules) to 0
2026-04-02 17:57:24.029 10 INFO neutron.db.ovn_revision_numbers_db [None req-4701f4db-4a2a-492e-a217-06078695782c e5920096478448dbb6eba624f5643ed6 04efb0ac35034d1aaab6abe3211d5b92 - - default default] Successfully bumped revision number for resource 6bbb307f-cbe0-4d32-b3ef-1386f1acc21c (type: security_group_rules) to 0
2026-04-02 17:57:24.046 10 INFO neutron.db.ovn_revision_numbers_db [None req-4701f4db-4a2a-492e-a217-06078695782c e5920096478448dbb6eba624f5643ed6 04efb0ac35034d1aaab6abe3211d5b92 - - default default] Successfully bumped revision number for resource 852c303a-9964-4902-93d6-2d218f3b0f75 (type: security_group_rules) to 0
2026-04-02 17:57:24.052 10 INFO neutron.db.ovn_revision_numbers_db [None req-55dc3a93-90db-45bb-a241-ae159f02a13d e5920096478448dbb6eba624f5643ed6 04efb0ac35034d1aaab6abe3211d5b92 - - default default] Successfully bumped revision number for resource 1a7c66d2-59c0-43e3-b9c0-a121a7c1b343 (type: security_groups) to 1
2026-04-02 17:57:24.059 10 INFO neutron.db.ovn_revision_numbers_db [None req-4701f4db-4a2a-492e-a217-06078695782c e5920096478448dbb6eba624f5643ed6 04efb0ac35034d1aaab6abe3211d5b92 - - default default] Successfully bumped revision number for resource f9a6c15e-cfc7-411b-b640-a268ffafdcbf (type: security_group_rules) to 0
2026-04-02 17:57:24.068 10 INFO neutron.db.ovn_revision_numbers_db [None req-55dc3a93-90db-45bb-a241-ae159f02a13d e5920096478448dbb6eba624f5643ed6 04efb0ac35034d1aaab6abe3211d5b92 - - default default] Successfully bumped revision number for resource 066ba194-2f25-4af9-82fe-be4c2ff4062e (type: security_group_rules) to 0
2026-04-02 17:57:24.084 10 INFO neutron.db.ovn_revision_numbers_db [None req-55dc3a93-90db-45bb-a241-ae159f02a13d e5920096478448dbb6eba624f5643ed6 04efb0ac35034d1aaab6abe3211d5b92 - - default default] Successfully bumped revision number for resource 23b72402-5f5f-4d18-ae9f-e4d99d0c65ed (type: security_group_rules) to 0
2026-04-02 17:57:24.105 10 INFO neutron.db.ovn_revision_numbers_db [None req-55dc3a93-90db-45bb-a241-ae159f02a13d e5920096478448dbb6eba624f5643ed6 04efb0ac35034d1aaab6abe3211d5b92 - - default default] Successfully bumped revision number for resource 80f4085a-d1e8-4e58-a27d-dc2926efae50 (type: security_group_rules) to 0
2026-04-02 17:57:24.114 10 INFO neutron.db.segments_db [None req-4701f4db-4a2a-492e-a217-06078695782c e5920096478448dbb6eba624f5643ed6 04efb0ac35034d1aaab6abe3211d5b92 - - default default] Added segment 8b85bf2a-34b8-40cb-9040-fe84f718c864 of type geneve for network 0d5015fd-6cc3-4d66-9343-c82780231ffe
2026-04-02 17:57:24.128 10 INFO neutron.db.ovn_revision_numbers_db [None req-55dc3a93-90db-45bb-a241-ae159f02a13d e5920096478448dbb6eba624f5643ed6 04efb0ac35034d1aaab6abe3211d5b92 - - default default] Successfully bumped revision number for resource 928fe58e-cee9-4730-9db4-32bc3f7b9f51 (type: security_group_rules) to 0
2026-04-02 17:57:24.169 10 INFO neutron.wsgi [None req-55dc3a93-90db-45bb-a241-ae159f02a13d e5920096478448dbb6eba624f5643ed6 04efb0ac35034d1aaab6abe3211d5b92 - - default default] 10.0.0.157 "GET /v2.0/security-groups?tenant_id=1c8c826d13064327b71609f6b45f53f7&name=default HTTP/1.1" status: 200 len: 3120 time: 0.2505245
2026-04-02 17:57:24.285 10 INFO neutron.db.ovn_revision_numbers_db [None req-4701f4db-4a2a-492e-a217-06078695782c e5920096478448dbb6eba624f5643ed6 04efb0ac35034d1aaab6abe3211d5b92 - - default default] Successfully bumped revision number for resource 0d5015fd-6cc3-4d66-9343-c82780231ffe (type: networks) to 1
2026-04-02 17:57:24.411 9 INFO neutron.wsgi [None req-56961684-3a45-4065-a8ed-41e8978ff3e0 e5920096478448dbb6eba624f5643ed6 04efb0ac35034d1aaab6abe3211d5b92 - - default default] 10.0.0.157 "DELETE /v2.0/security-groups/1a7c66d2-59c0-43e3-b9c0-a121a7c1b343 HTTP/1.1" status: 204 len: 168 time: 0.2351193
2026-04-02 17:57:24.458 10 WARNING neutron.scheduler.dhcp_agent_scheduler [None req-4701f4db-4a2a-492e-a217-06078695782c e5920096478448dbb6eba624f5643ed6 04efb0ac35034d1aaab6abe3211d5b92 - - default default] No more DHCP agents
2026-04-02 17:57:24.461 10 WARNING neutron.api.rpc.agentnotifiers.dhcp_rpc_agent_api [None req-4701f4db-4a2a-492e-a217-06078695782c e5920096478448dbb6eba624f5643ed6 04efb0ac35034d1aaab6abe3211d5b92 - - default default] Unable to schedule network 0d5015fd-6cc3-4d66-9343-c82780231ffe: no agents available; will retry on subsequent port and subnet creation events.
2026-04-02 17:57:24.543 10 INFO neutron.db.ovn_revision_numbers_db [None req-4701f4db-4a2a-492e-a217-06078695782c e5920096478448dbb6eba624f5643ed6 04efb0ac35034d1aaab6abe3211d5b92 - - default default] Successfully bumped revision number for resource 174aa4bb-e622-4168-9011-41ec6679782c (type: ports) to 1
2026-04-02 17:57:24.565 10 INFO neutron.wsgi [None req-4701f4db-4a2a-492e-a217-06078695782c e5920096478448dbb6eba624f5643ed6 04efb0ac35034d1aaab6abe3211d5b92 - - default default] 10.0.0.157 "POST /v2.0/networks HTTP/1.1" status: 201 len: 941 time: 0.7138650
2026-04-02 17:57:24.718 10 WARNING neutron.scheduler.dhcp_agent_scheduler [None req-ce16ec4d-e96f-4585-ac69-a2533d91d42d e5920096478448dbb6eba624f5643ed6 04efb0ac35034d1aaab6abe3211d5b92 - - default default] No more DHCP agents
2026-04-02 17:57:24.720 10 WARNING neutron.api.rpc.agentnotifiers.dhcp_rpc_agent_api [None req-ce16ec4d-e96f-4585-ac69-a2533d91d42d e5920096478448dbb6eba624f5643ed6 04efb0ac35034d1aaab6abe3211d5b92 - - default default] Unable to schedule network 0d5015fd-6cc3-4d66-9343-c82780231ffe: no agents available; will retry on subsequent port and subnet creation events.
2026-04-02 17:57:25.203 10 INFO neutron.db.ovn_revision_numbers_db [None req-ce16ec4d-e96f-4585-ac69-a2533d91d42d e5920096478448dbb6eba624f5643ed6 04efb0ac35034d1aaab6abe3211d5b92 - - default default] Successfully bumped revision number for resource 174aa4bb-e622-4168-9011-41ec6679782c (type: ports) to 2
2026-04-02 17:57:25.235 10 INFO neutron.db.ovn_revision_numbers_db [None req-ce16ec4d-e96f-4585-ac69-a2533d91d42d e5920096478448dbb6eba624f5643ed6 04efb0ac35034d1aaab6abe3211d5b92 - - default default] Successfully bumped revision number for resource 7bac2d96-7099-4eb0-a168-2c6c775f2336 (type: subnets) to 0
2026-04-02 17:57:25.251 10 INFO neutron.wsgi [None req-ce16ec4d-e96f-4585-ac69-a2533d91d42d e5920096478448dbb6eba624f5643ed6 04efb0ac35034d1aaab6abe3211d5b92 - - default default] 10.0.0.157 "POST /v2.0/subnets HTTP/1.1" status: 201 len: 861 time: 0.6813509
2026-04-02 17:57:25.950 10 WARNING neutron.scheduler.dhcp_agent_scheduler [None req-1af68844-d423-4d5c-8659-72500d89e5ee e5920096478448dbb6eba624f5643ed6 04efb0ac35034d1aaab6abe3211d5b92 - - default default] No more DHCP agents
2026-04-02 17:57:25.953 10 WARNING neutron.api.rpc.agentnotifiers.dhcp_rpc_agent_api [None req-1af68844-d423-4d5c-8659-72500d89e5ee e5920096478448dbb6eba624f5643ed6 04efb0ac35034d1aaab6abe3211d5b92 - - default default] Unable to schedule network e5b9ce7b-b79e-4fbd-82ec-90fee271619b: no agents available; will retry on subsequent port and subnet creation events.
2026-04-02 17:57:26.146 10 INFO neutron.db.ovn_revision_numbers_db [None req-1af68844-d423-4d5c-8659-72500d89e5ee e5920096478448dbb6eba624f5643ed6 04efb0ac35034d1aaab6abe3211d5b92 - - default default] Successfully bumped revision number for resource 486e44a2-2cda-4221-8ac0-78a79c1f75a4 (type: ports) to 1
2026-04-02 17:57:26.807 10 INFO neutron.plugins.ml2.drivers.ovn.mech_driver.ovsdb.commands [None req-9c5d3a2a-826b-432d-b40f-5c7057dfb494 - - - - - -] Schedule LRP lrp-486e44a2-2cda-4221-8ac0-78a79c1f75a4 on gateway e63cc583-2cc1-44ed-bddc-dea82e3a56e8 with priority 1
2026-04-02 17:57:26.818 10 INFO neutron.plugins.ml2.drivers.ovn.mech_driver.mech_driver [None req-8d2cf2ee-c82e-474d-8c94-215c72e4d0c3 - - - - - -] OVN reports status up for port: 486e44a2-2cda-4221-8ac0-78a79c1f75a4
2026-04-02 17:57:26.833 9 INFO neutron.plugins.ml2.drivers.ovn.mech_driver.ovsdb.ovsdb_monitor [None req-f376f54e-c779-437d-a13a-002091d9385c - - - - - -] Router 985ac091-c7b0-4564-87f0-b03730d3563c is bound to host instance
2026-04-02 17:57:26.849 10 INFO neutron.plugins.ml2.plugin [None req-8d2cf2ee-c82e-474d-8c94-215c72e4d0c3 - - - - - -] Attempt 1 to provision port 486e44a2-2cda-4221-8ac0-78a79c1f75a4
2026-04-02 17:57:26.852 10 INFO neutron.db.ovn_revision_numbers_db [None req-1af68844-d423-4d5c-8659-72500d89e5ee e5920096478448dbb6eba624f5643ed6 04efb0ac35034d1aaab6abe3211d5b92 - - default default] Successfully bumped revision number for resource 486e44a2-2cda-4221-8ac0-78a79c1f75a4 (type: router_ports) to 1
2026-04-02 17:57:26.950 10 INFO neutron.db.ovn_revision_numbers_db [None req-1af68844-d423-4d5c-8659-72500d89e5ee e5920096478448dbb6eba624f5643ed6 04efb0ac35034d1aaab6abe3211d5b92 - - default default] Successfully bumped revision number for resource 985ac091-c7b0-4564-87f0-b03730d3563c (type: routers) to 2
2026-04-02 17:57:26.965 10 INFO neutron.wsgi [None req-1af68844-d423-4d5c-8659-72500d89e5ee e5920096478448dbb6eba624f5643ed6 04efb0ac35034d1aaab6abe3211d5b92 - - default default] 10.0.0.157 "POST /v2.0/routers HTTP/1.1" status: 201 len: 1163 time: 1.7089193
2026-04-02 17:57:27.022 9 INFO neutron.db.ovn_revision_numbers_db [None req-b2850ace-e6c0-4015-b6f8-4fa8b2dc288b e5920096478448dbb6eba624f5643ed6 04efb0ac35034d1aaab6abe3211d5b92 - - default default] Successfully bumped revision number for resource 92f3837c-bdcf-4412-9926-55df4391a8c6 (type: security_groups) to 1
2026-04-02 17:57:27.040 9 INFO neutron.db.ovn_revision_numbers_db [None req-b2850ace-e6c0-4015-b6f8-4fa8b2dc288b e5920096478448dbb6eba624f5643ed6 04efb0ac35034d1aaab6abe3211d5b92 - - default default] Successfully bumped revision number for resource 48a1144e-9290-40b8-a2a3-786cf3253c1b (type: security_group_rules) to 0
2026-04-02 17:57:27.060 9 INFO neutron.db.ovn_revision_numbers_db [None req-b2850ace-e6c0-4015-b6f8-4fa8b2dc288b e5920096478448dbb6eba624f5643ed6 04efb0ac35034d1aaab6abe3211d5b92 - - default default] Successfully bumped revision number for resource a7c2b55d-ac98-40d5-9b2d-5d963fd4b37f (type: security_group_rules) to 0
2026-04-02 17:57:27.077 9 INFO neutron.db.ovn_revision_numbers_db [None req-b2850ace-e6c0-4015-b6f8-4fa8b2dc288b e5920096478448dbb6eba624f5643ed6 04efb0ac35034d1aaab6abe3211d5b92 - - default default] Successfully bumped revision number for resource d2d52e82-a110-49e4-bb8d-3e1642615402 (type: security_group_rules) to 0
2026-04-02 17:57:27.117 9 INFO neutron.db.ovn_revision_numbers_db [None req-b2850ace-e6c0-4015-b6f8-4fa8b2dc288b e5920096478448dbb6eba624f5643ed6 04efb0ac35034d1aaab6abe3211d5b92 - - default default] Successfully bumped revision number for resource d6b689c9-52b2-481c-9c4c-da8c9f5a297a (type: security_group_rules) to 0
2026-04-02 17:57:27.143 9 INFO neutron.wsgi [None req-b2850ace-e6c0-4015-b6f8-4fa8b2dc288b e5920096478448dbb6eba624f5643ed6 04efb0ac35034d1aaab6abe3211d5b92 - - default default] 10.0.0.157 "GET /v2.0/security-groups?tenant_id=f27de409b91c4bd49efe8f17f470df7f&name=default HTTP/1.1" status: 200 len: 3120 time: 0.4839458
2026-04-02 17:57:27.455 10 INFO neutron.wsgi [None req-848cf3ed-ebb4-40da-8e6d-ac76c25b096b e5920096478448dbb6eba624f5643ed6 04efb0ac35034d1aaab6abe3211d5b92 - - default default] 10.0.0.157 "DELETE /v2.0/security-groups/92f3837c-bdcf-4412-9926-55df4391a8c6 HTTP/1.1" status: 204 len: 168 time: 0.3071768
2026-04-02 17:57:27.581 10 WARNING neutron.scheduler.dhcp_agent_scheduler [None req-bc7e7b5e-8682-4360-91dc-41e8a6a2cda9 e5920096478448dbb6eba624f5643ed6 04efb0ac35034d1aaab6abe3211d5b92 - - default default] No more DHCP agents
2026-04-02 17:57:27.583 10 WARNING neutron.api.rpc.agentnotifiers.dhcp_rpc_agent_api [None req-bc7e7b5e-8682-4360-91dc-41e8a6a2cda9 e5920096478448dbb6eba624f5643ed6 04efb0ac35034d1aaab6abe3211d5b92 - - default default] Unable to schedule network 0d5015fd-6cc3-4d66-9343-c82780231ffe: no agents available; will retry on subsequent port and subnet creation events.
2026-04-02 17:57:27.663 9 INFO neutron.db.ovn_revision_numbers_db [None req-f376f54e-c779-437d-a13a-002091d9385c - - - - - -] Successfully bumped revision number for resource 486e44a2-2cda-4221-8ac0-78a79c1f75a4 (type: ports) to 1
2026-04-02 17:57:27.764 10 INFO neutron.db.ovn_revision_numbers_db [None req-bc7e7b5e-8682-4360-91dc-41e8a6a2cda9 e5920096478448dbb6eba624f5643ed6 04efb0ac35034d1aaab6abe3211d5b92 - - default default] Successfully bumped revision number for resource c5c6e226-06ef-4819-a2b1-024ad56285ce (type: ports) to 1
2026-04-02 17:57:28.203 9 WARNING neutron.plugins.ml2.drivers.ovn.mech_driver.ovsdb.ovn_client [None req-31a44c0b-f4e7-4680-a320-06d4f79cb80f - - - - - -] No hosting information found for port cc390d2e-da8e-4e47-b79d-1e2a1dd73584: RuntimeError: No hosting information found for port cc390d2e-da8e-4e47-b79d-1e2a1dd73584
2026-04-02 17:57:28.570 10 ERROR ovsdbapp.backend.ovs_idl.command [None req-bc7e7b5e-8682-4360-91dc-41e8a6a2cda9 e5920096478448dbb6eba624f5643ed6 04efb0ac35034d1aaab6abe3211d5b92 - - default default] Error executing command (DbGetCommand): ovsdbapp.backend.ovs_idl.idlutils.RowNotFound: Cannot find Logical_Router_Port with name=lrp-c5c6e226-06ef-4819-a2b1-024ad56285ce
2026-04-02 17:57:28.570 10 ERROR ovsdbapp.backend.ovs_idl.command
Traceback (most recent call last):
2026-04-02 17:57:28.570 10 ERROR ovsdbapp.backend.ovs_idl.command
File "/var/lib/openstack/lib/python3.10/site-packages/ovsdbapp/backend/ovs_idl/command.py", line 47, in execute
2026-04-02 17:57:28.570 10 ERROR ovsdbapp.backend.ovs_idl.command self.run_idl(None)
2026-04-02 17:57:28.570 10 ERROR ovsdbapp.backend.ovs_idl.command
File "/var/lib/openstack/lib/python3.10/site-packages/ovsdbapp/backend/ovs_idl/command.py", line 235, in run_idl
2026-04-02 17:57:28.570 10 ERROR ovsdbapp.backend.ovs_idl.command record = self.api.lookup(self.table, self.record)
2026-04-02 17:57:28.570 10 ERROR ovsdbapp.backend.ovs_idl.command
File "/var/lib/openstack/lib/python3.10/site-packages/ovsdbapp/backend/ovs_idl/__init__.py", line 184, in lookup
2026-04-02 17:57:28.570 10 ERROR ovsdbapp.backend.ovs_idl.command return self._lookup(table, record)
2026-04-02 17:57:28.570 10 ERROR ovsdbapp.backend.ovs_idl.command
File "/var/lib/openstack/lib/python3.10/site-packages/ovsdbapp/backend/ovs_idl/__init__.py", line 235, in _lookup
2026-04-02 17:57:28.570 10 ERROR ovsdbapp.backend.ovs_idl.command row = idlutils.row_by_value(self, rl.table, rl.column, record)
2026-04-02 17:57:28.570 10 ERROR ovsdbapp.backend.ovs_idl.command
File "/var/lib/openstack/lib/python3.10/site-packages/ovsdbapp/backend/ovs_idl/idlutils.py", line 114, in row_by_value
2026-04-02 17:57:28.570 10 ERROR ovsdbapp.backend.ovs_idl.command raise RowNotFound(table=table, col=column, match=match)
2026-04-02 17:57:28.570 10 ERROR ovsdbapp.backend.ovs_idl.command ovsdbapp.backend.ovs_idl.idlutils.RowNotFound: Cannot find Logical_Router_Port with name=lrp-c5c6e226-06ef-4819-a2b1-024ad56285ce
2026-04-02 17:57:28.570 10 ERROR ovsdbapp.backend.ovs_idl.command 
2026-04-02 17:57:28.571 10 ERROR neutron_lib.callbacks.manager [None req-bc7e7b5e-8682-4360-91dc-41e8a6a2cda9 e5920096478448dbb6eba624f5643ed6 04efb0ac35034d1aaab6abe3211d5b92 - - default default] Error during notification for neutron.services.ovn_l3.plugin.OVNL3RouterPlugin._port_update-8761650290406 port, after_update: ovsdbapp.backend.ovs_idl.idlutils.RowNotFound: Cannot find Logical_Router_Port with name=lrp-c5c6e226-06ef-4819-a2b1-024ad56285ce
2026-04-02 17:57:28.571 10 ERROR neutron_lib.callbacks.manager
Traceback (most recent call last):
2026-04-02 17:57:28.571 10 ERROR neutron_lib.callbacks.manager
File "/var/lib/openstack/lib/python3.10/site-packages/neutron_lib/callbacks/manager.py", line 189, in _notify_loop
2026-04-02 17:57:28.571 10 ERROR neutron_lib.callbacks.manager callback.method(resource, event, trigger, payload=payload)
2026-04-02 17:57:28.571 10 ERROR neutron_lib.callbacks.manager
File "/var/lib/openstack/lib/python3.10/site-packages/neutron/services/ovn_l3/plugin.py", line 391, in _port_update
2026-04-02 17:57:28.571 10 ERROR neutron_lib.callbacks.manager l3plugin._ovn_client.update_router_port(context,
2026-04-02 17:57:28.571 10 ERROR neutron_lib.callbacks.manager
File "/var/lib/openstack/lib/python3.10/site-packages/neutron/plugins/ml2/drivers/ovn/mech_driver/ovsdb/ovn_client.py", line 1878, in update_router_port
2026-04-02 17:57:28.571 10 ERROR neutron_lib.callbacks.manager self._update_lrouter_port(context, port, if_exists=if_exists,
2026-04-02 17:57:28.571 10 ERROR neutron_lib.callbacks.manager
File "/var/lib/openstack/lib/python3.10/site-packages/neutron/plugins/ml2/drivers/ovn/mech_driver/ovsdb/ovn_client.py", line 1855, in _update_lrouter_port
2026-04-02 17:57:28.571 10 ERROR neutron_lib.callbacks.manager external_ids = self._nb_idl.db_get(
2026-04-02 17:57:28.571 10 ERROR neutron_lib.callbacks.manager
File "/var/lib/openstack/lib/python3.10/site-packages/ovsdbapp/backend/ovs_idl/command.py", line 47, in execute
2026-04-02 17:57:28.571 10 ERROR neutron_lib.callbacks.manager self.run_idl(None)
2026-04-02 17:57:28.571 10 ERROR neutron_lib.callbacks.manager
File "/var/lib/openstack/lib/python3.10/site-packages/ovsdbapp/backend/ovs_idl/command.py", line 235, in run_idl
2026-04-02 17:57:28.571 10 ERROR neutron_lib.callbacks.manager record = self.api.lookup(self.table, self.record)
2026-04-02 17:57:28.571 10 ERROR neutron_lib.callbacks.manager
File "/var/lib/openstack/lib/python3.10/site-packages/ovsdbapp/backend/ovs_idl/__init__.py", line 184, in lookup
2026-04-02 17:57:28.571 10 ERROR neutron_lib.callbacks.manager return self._lookup(table, record)
2026-04-02 17:57:28.571 10 ERROR neutron_lib.callbacks.manager
File "/var/lib/openstack/lib/python3.10/site-packages/ovsdbapp/backend/ovs_idl/__init__.py", line 235, in _lookup
2026-04-02 17:57:28.571 10 ERROR neutron_lib.callbacks.manager row = idlutils.row_by_value(self, rl.table, rl.column, record)
2026-04-02 17:57:28.571 10 ERROR neutron_lib.callbacks.manager
File "/var/lib/openstack/lib/python3.10/site-packages/ovsdbapp/backend/ovs_idl/idlutils.py", line 114, in row_by_value
2026-04-02 17:57:28.571 10 ERROR neutron_lib.callbacks.manager raise RowNotFound(table=table, col=column, match=match)
2026-04-02 17:57:28.571 10 ERROR neutron_lib.callbacks.manager ovsdbapp.backend.ovs_idl.idlutils.RowNotFound: Cannot find Logical_Router_Port with name=lrp-c5c6e226-06ef-4819-a2b1-024ad56285ce
2026-04-02 17:57:28.571 10 ERROR neutron_lib.callbacks.manager 
2026-04-02 17:57:28.598 9 INFO neutron.db.ovn_revision_numbers_db [None req-f376f54e-c779-437d-a13a-002091d9385c - - - - - -] Successfully bumped revision number for resource 486e44a2-2cda-4221-8ac0-78a79c1f75a4 (type: router_ports) to 3
2026-04-02 17:57:28.826 10 INFO neutron.db.ovn_revision_numbers_db [None req-bc7e7b5e-8682-4360-91dc-41e8a6a2cda9 e5920096478448dbb6eba624f5643ed6 04efb0ac35034d1aaab6abe3211d5b92 - - default default] Successfully bumped revision number for resource c5c6e226-06ef-4819-a2b1-024ad56285ce (type: ports) to 1
2026-04-02 17:57:28.903 9 INFO neutron.db.ovn_revision_numbers_db [None req-f376f54e-c779-437d-a13a-002091d9385c - - - - - -] Successfully bumped revision number for resource 486e44a2-2cda-4221-8ac0-78a79c1f75a4 (type: ports) to 2
2026-04-02 17:57:28.921 10 WARNING neutron.scheduler.dhcp_agent_scheduler [None req-bc7e7b5e-8682-4360-91dc-41e8a6a2cda9 e5920096478448dbb6eba624f5643ed6 04efb0ac35034d1aaab6abe3211d5b92 - - default default] No more DHCP agents
2026-04-02 17:57:28.922 10 WARNING neutron.api.rpc.agentnotifiers.dhcp_rpc_agent_api [None req-bc7e7b5e-8682-4360-91dc-41e8a6a2cda9 e5920096478448dbb6eba624f5643ed6 04efb0ac35034d1aaab6abe3211d5b92 - - default default] Unable to schedule network 0d5015fd-6cc3-4d66-9343-c82780231ffe: no agents available; will retry on subsequent port and subnet creation events.
2026-04-02 17:57:29.362 9 INFO neutron.db.ovn_revision_numbers_db [None req-f376f54e-c779-437d-a13a-002091d9385c - - - - - -] Successfully bumped revision number for resource 486e44a2-2cda-4221-8ac0-78a79c1f75a4 (type: ports) to 4
2026-04-02 17:57:29.480 10 INFO neutron.db.ovn_revision_numbers_db [None req-bc7e7b5e-8682-4360-91dc-41e8a6a2cda9 e5920096478448dbb6eba624f5643ed6 04efb0ac35034d1aaab6abe3211d5b92 - - default default] Successfully bumped revision number for resource c5c6e226-06ef-4819-a2b1-024ad56285ce (type: router_ports) to 1
2026-04-02 17:57:29.485 10 INFO neutron.wsgi [None req-bc7e7b5e-8682-4360-91dc-41e8a6a2cda9 e5920096478448dbb6eba624f5643ed6 04efb0ac35034d1aaab6abe3211d5b92 - - default default] 10.0.0.157 "PUT /v2.0/routers/985ac091-c7b0-4564-87f0-b03730d3563c/add_router_interface HTTP/1.1" status: 200 len: 503 time: 2.5152533
