2026-04-02 17:47:32.152 10 INFO neutron.wsgi [-] 10.0.0.149 "GET / HTTP/1.1" status: 200 len: 247 time: 0.0025654
2026-04-02 17:47:47.152 9 INFO neutron.wsgi [-] 10.0.0.149 "GET / HTTP/1.1" status: 200 len: 247 time: 0.0023975
2026-04-02 17:47:47.155 9 INFO neutron.wsgi [-] 10.0.0.149 "GET / HTTP/1.1" status: 200 len: 247 time: 0.0018706
2026-04-02 17:48:02.150 10 INFO neutron.wsgi [-] 10.0.0.149 "GET / HTTP/1.1" status: 200 len: 247 time: 0.0015104
2026-04-02 17:48:02.151 9 INFO neutron.wsgi [-] 10.0.0.149 "GET / HTTP/1.1" status: 200 len: 247 time: 0.0023787
2026-04-02 17:48:17.113 10 INFO neutron.wsgi [None req-7c6270b7-417f-4d17-804a-05593064bff1 e5920096478448dbb6eba624f5643ed6 04efb0ac35034d1aaab6abe3211d5b92 - - default default] 10.0.0.199 "GET /v2.0/floatingips HTTP/1.1" status: 200 len: 193 time: 0.1308911
2026-04-02 17:48:17.152 9 INFO neutron.wsgi [-] 10.0.0.149 "GET / HTTP/1.1" status: 200 len: 247 time: 0.0025413
2026-04-02 17:48:17.154 9 INFO neutron.wsgi [-] 10.0.0.149 "GET / HTTP/1.1" status: 200 len: 247 time: 0.0014658
2026-04-02 17:48:17.239 10 INFO neutron.wsgi [None req-d1801dd8-9b9c-4019-80ca-df934568fc22 e5920096478448dbb6eba624f5643ed6 04efb0ac35034d1aaab6abe3211d5b92 - - default default] 10.0.0.199 "GET /v2.0/security-groups HTTP/1.1" status: 200 len: 17578 time: 0.1256773
2026-04-02 17:48:17.281 10 INFO neutron.wsgi [None req-3b90313b-4f4b-4e89-b529-624c67b9cc67 e5920096478448dbb6eba624f5643ed6 04efb0ac35034d1aaab6abe3211d5b92 - - default default] 10.0.0.199 "GET /v2.0/subnets HTTP/1.1" status: 200 len: 1437 time: 0.0365410
2026-04-02 17:48:17.320 10 INFO neutron.wsgi [None req-20df135e-63e2-4dbf-858b-b4513eed7bfa e5920096478448dbb6eba624f5643ed6 04efb0ac35034d1aaab6abe3211d5b92 - - default default] 10.0.0.199 "GET /v2.0/routers HTTP/1.1" status: 200 len: 189 time: 0.0371439
2026-04-02 17:48:17.364 10 INFO neutron.wsgi [None req-909b2627-3db2-40aa-8f45-8d1900eb7940 e5920096478448dbb6eba624f5643ed6 04efb0ac35034d1aaab6abe3211d5b92 - - default default] 10.0.0.199 "GET /v2.0/agents?binary=ovn-controller HTTP/1.1" status: 200 len: 591 time: 0.0440774
2026-04-02 17:48:17.376 10 INFO neutron.wsgi [None req-c3d89582-2e43-4d23-bd56-a2dff82664c0 e5920096478448dbb6eba624f5643ed6 04efb0ac35034d1aaab6abe3211d5b92 - - default default] 10.0.0.199 "GET /v2.0/network-ip-availabilities HTTP/1.1" status: 200 len: 1280 time: 0.0103109
2026-04-02 17:48:17.407 10 INFO neutron.wsgi [None req-b579bde5-bed3-4370-8f7c-664236384177 e5920096478448dbb6eba624f5643ed6 04efb0ac35034d1aaab6abe3211d5b92 - - default default] 10.0.0.199 "GET /v2.0/subnets HTTP/1.1" status: 200 len: 1437 time: 0.0302057
2026-04-02 17:48:17.414 10 INFO neutron.wsgi [None req-fec066b6-8241-454c-80e4-22f6b5e32037 e5920096478448dbb6eba624f5643ed6 04efb0ac35034d1aaab6abe3211d5b92 - - default default] 10.0.0.199 "GET /v2.0/subnetpools HTTP/1.1" status: 200 len: 193 time: 0.0069156
2026-04-02 17:48:17.456 10 INFO neutron.wsgi [None req-db52ebf6-8349-480a-ba0c-6c3830990a63 e5920096478448dbb6eba624f5643ed6 04efb0ac35034d1aaab6abe3211d5b92 - - default default] 10.0.0.199 "GET /v2.0/ports HTTP/1.1" status: 200 len: 5351 time: 0.0415864
2026-04-02 17:48:17.533 10 INFO neutron.wsgi [None req-afbd1212-108b-4483-8166-555d2b93f1b2 e5920096478448dbb6eba624f5643ed6 04efb0ac35034d1aaab6abe3211d5b92 - - default default] 10.0.0.199 "GET /v2.0/networks HTTP/1.1" status: 200 len: 2350 time: 0.0727136
2026-04-02 17:48:17.552 10 INFO neutron.wsgi [None req-832f30ee-2bb0-4818-a950-1a868bea931c e5920096478448dbb6eba624f5643ed6 04efb0ac35034d1aaab6abe3211d5b92 - - default default] 10.0.0.199 "GET /v2.0/agents HTTP/1.1" status: 200 len: 1390 time: 0.0161245
2026-04-02 17:48:32.152 10 INFO neutron.wsgi [-] 10.0.0.149 "GET / HTTP/1.1" status: 200 len: 247 time: 0.0024042
2026-04-02 17:48:32.152 9 INFO neutron.wsgi [-] 10.0.0.149 "GET / HTTP/1.1" status: 200 len: 247 time: 0.0025282
2026-04-02 17:48:47.151 9 INFO neutron.wsgi [-] 10.0.0.149 "GET / HTTP/1.1" status: 200 len: 247 time: 0.0022063
2026-04-02 17:48:47.155 9 INFO neutron.wsgi [-] 10.0.0.149 "GET / HTTP/1.1" status: 200 len: 247 time: 0.0026162
2026-04-02 17:49:02.151 10 INFO neutron.wsgi [-] 10.0.0.149 "GET / HTTP/1.1" status: 200 len: 247 time: 0.0019274
2026-04-02 17:49:02.154 10 INFO neutron.wsgi [-] 10.0.0.149 "GET / HTTP/1.1" status: 200 len: 247 time: 0.0021017
2026-04-02 17:49:17.152 9 INFO neutron.wsgi [-] 10.0.0.149 "GET / HTTP/1.1" status: 200 len: 247 time: 0.0024498
2026-04-02 17:49:17.154 9 INFO neutron.wsgi [-] 10.0.0.149 "GET / HTTP/1.1" status: 200 len: 247 time: 0.0016069
2026-04-02 17:49:17.196 10 INFO neutron.wsgi [None req-62b0da10-ca86-4304-92dd-43973f7443cc e5920096478448dbb6eba624f5643ed6 04efb0ac35034d1aaab6abe3211d5b92 - - default default] 10.0.0.199 "GET /v2.0/networks HTTP/1.1" status: 200 len: 2350 time: 0.1852176
2026-04-02 17:49:17.227 10 INFO neutron.wsgi [None req-41146e2a-e409-4e0c-a8bf-e64c2681330c e5920096478448dbb6eba624f5643ed6 04efb0ac35034d1aaab6abe3211d5b92 - - default default] 10.0.0.199 "GET /v2.0/subnets HTTP/1.1" status: 200 len: 1437 time: 0.0289483
2026-04-02 17:49:17.266 10 INFO neutron.wsgi [None req-1d5f3308-4e1c-4253-a34d-9379e9a82d30 e5920096478448dbb6eba624f5643ed6 04efb0ac35034d1aaab6abe3211d5b92 - - default default] 10.0.0.199 "GET /v2.0/agents HTTP/1.1" status: 200 len: 1390 time: 0.0372028
2026-04-02 17:49:17.285 10 INFO neutron.wsgi [None req-d3174c88-a5d7-4f4a-8578-e5d6e67eb19b e5920096478448dbb6eba624f5643ed6 04efb0ac35034d1aaab6abe3211d5b92 - - default default] 10.0.0.199 "GET /v2.0/floatingips HTTP/1.1" status: 200 len: 193 time: 0.0171549
2026-04-02 17:49:17.295 10 INFO neutron.wsgi [None req-82c1caf8-462d-4253-b0b3-e0cbf9aa952b e5920096478448dbb6eba624f5643ed6 04efb0ac35034d1aaab6abe3211d5b92 - - default default] 10.0.0.199 "GET /v2.0/network-ip-availabilities HTTP/1.1" status: 200 len: 1280 time: 0.0094981
2026-04-02 17:49:17.316 10 INFO neutron.wsgi [None req-b064a559-cf68-49ff-b51b-513c78feb86b e5920096478448dbb6eba624f5643ed6 04efb0ac35034d1aaab6abe3211d5b92 - - default default] 10.0.0.199 "GET /v2.0/routers HTTP/1.1" status: 200 len: 189 time: 0.0191953
2026-04-02 17:49:17.326 10 INFO neutron.wsgi [None req-69a0c13f-2216-4c35-b82c-26d9daa268fc e5920096478448dbb6eba624f5643ed6 04efb0ac35034d1aaab6abe3211d5b92 - - default default] 10.0.0.199 "GET /v2.0/agents?binary=ovn-controller HTTP/1.1" status: 200 len: 591 time: 0.0090792
2026-04-02 17:49:17.354 10 INFO neutron.wsgi [None req-1a597de3-0dda-40bd-a232-e41bbd1de268 e5920096478448dbb6eba624f5643ed6 04efb0ac35034d1aaab6abe3211d5b92 - - default default] 10.0.0.199 "GET /v2.0/subnets HTTP/1.1" status: 200 len: 1437 time: 0.0272686
2026-04-02 17:49:17.363 10 INFO neutron.wsgi [None req-8b6d0b1d-76bf-4141-9739-ac21787adff0 e5920096478448dbb6eba624f5643ed6 04efb0ac35034d1aaab6abe3211d5b92 - - default default] 10.0.0.199 "GET /v2.0/subnetpools HTTP/1.1" status: 200 len: 193 time: 0.0075328
2026-04-02 17:49:17.407 10 INFO neutron.wsgi [None req-dc840d40-a11e-4d5a-8b72-d7955d82669f e5920096478448dbb6eba624f5643ed6 04efb0ac35034d1aaab6abe3211d5b92 - - default default] 10.0.0.199 "GET /v2.0/security-groups HTTP/1.1" status: 200 len: 17578 time: 0.0437958
2026-04-02 17:49:17.466 10 INFO neutron.wsgi [None req-0157a28a-b690-4e4b-8f5c-aaab1b67ca7a e5920096478448dbb6eba624f5643ed6 04efb0ac35034d1aaab6abe3211d5b92 - - default default] 10.0.0.199 "GET /v2.0/ports HTTP/1.1" status: 200 len: 5351 time: 0.0538266
2026-04-02 17:49:32.150 9 INFO neutron.wsgi [-] 10.0.0.149 "GET / HTTP/1.1" status: 200 len: 247 time: 0.0016470
2026-04-02 17:49:32.152 9 INFO neutron.wsgi [-] 10.0.0.149 "GET / HTTP/1.1" status: 200 len: 247 time: 0.0013068
2026-04-02 17:49:47.152 10 INFO neutron.wsgi [-] 10.0.0.149 "GET / HTTP/1.1" status: 200 len: 247 time: 0.0028725
2026-04-02 17:49:47.155 9 INFO neutron.wsgi [-] 10.0.0.149 "GET / HTTP/1.1" status: 200 len: 247 time: 0.0030420
2026-04-02 17:50:02.150 10 INFO neutron.wsgi [-] 10.0.0.149 "GET / HTTP/1.1" status: 200 len: 247 time: 0.0016026
2026-04-02 17:50:02.152 10 INFO neutron.wsgi [-] 10.0.0.149 "GET / HTTP/1.1" status: 200 len: 247 time: 0.0011890
2026-04-02 17:50:14.852 10 INFO neutron.pecan_wsgi.hooks.translation [None req-113b98be-713c-48a7-b6ea-61faeff7c95b e5920096478448dbb6eba624f5643ed6 04efb0ac35034d1aaab6abe3211d5b92 - - default default] GET failed (client error): The resource could not be found.
2026-04-02 17:50:14.853 10 INFO neutron.wsgi [None req-113b98be-713c-48a7-b6ea-61faeff7c95b e5920096478448dbb6eba624f5643ed6 04efb0ac35034d1aaab6abe3211d5b92 - - default default] 199.204.45.53,10.0.0.149 "GET /v2.0/networks/public HTTP/1.1" status: 404 len: 290 time: 0.0548558
2026-04-02 17:50:14.928 10 INFO neutron.wsgi [None req-15cf6b2d-766d-4589-b9bb-ef1c92017e96 e5920096478448dbb6eba624f5643ed6 04efb0ac35034d1aaab6abe3211d5b92 - - default default] 199.204.45.53,10.0.0.149 "GET /v2.0/networks?name=public HTTP/1.1" status: 200 len: 928 time: 0.0707409 /var/lib/openstack/lib/python3.10/site-packages/pycadf/identifier.py:71: UserWarning: Invalid uuid: unknown. To ensure interoperability, identifiers should be a valid uuid. warnings.warn(('Invalid uuid: %s. To ensure interoperability, '
2026-04-02 17:50:15.952 9 INFO neutron.pecan_wsgi.hooks.translation [None req-01f922d9-1bf4-4409-82fb-9de0af1a3b1f e5920096478448dbb6eba624f5643ed6 04efb0ac35034d1aaab6abe3211d5b92 - - default default] GET failed (client error): The resource could not be found.
2026-04-02 17:50:15.953 9 INFO neutron.wsgi [None req-01f922d9-1bf4-4409-82fb-9de0af1a3b1f e5920096478448dbb6eba624f5643ed6 04efb0ac35034d1aaab6abe3211d5b92 - - default default] 199.204.45.53,10.0.0.149 "GET /v2.0/networks/public HTTP/1.1" status: 404 len: 290 time: 0.0631745
2026-04-02 17:50:16.028 9 INFO neutron.wsgi [None req-f4f97a2c-ca37-4fd0-aa63-107d2cb4fc33 e5920096478448dbb6eba624f5643ed6 04efb0ac35034d1aaab6abe3211d5b92 - - default default] 199.204.45.53,10.0.0.149 "GET /v2.0/networks?name=public HTTP/1.1" status: 200 len: 928 time: 0.0716784
2026-04-02 17:50:16.050 9 INFO neutron.pecan_wsgi.hooks.translation [None req-fdb5d108-bc67-4879-bb60-869de1d72593 e5920096478448dbb6eba624f5643ed6 04efb0ac35034d1aaab6abe3211d5b92 - - default default] GET failed (client error): The resource could not be found.
2026-04-02 17:50:16.051 9 INFO neutron.wsgi [None req-fdb5d108-bc67-4879-bb60-869de1d72593 e5920096478448dbb6eba624f5643ed6 04efb0ac35034d1aaab6abe3211d5b92 - - default default] 199.204.45.53,10.0.0.149 "GET /v2.0/subnets/public-subnet?network_id=e5b9ce7b-b79e-4fbd-82ec-90fee271619b HTTP/1.1" status: 404 len: 295 time: 0.0167551
2026-04-02 17:50:16.090 9 INFO neutron.wsgi [None req-989c34bd-7354-406d-9274-1acda512acea e5920096478448dbb6eba624f5643ed6 04efb0ac35034d1aaab6abe3211d5b92 - - default default] 199.204.45.53,10.0.0.149 "GET /v2.0/subnets?name=public-subnet&network_id=e5b9ce7b-b79e-4fbd-82ec-90fee271619b HTTP/1.1" status: 200 len: 819 time: 0.0370817
2026-04-02 17:50:17.095 10 INFO neutron.wsgi [None req-67764dcd-5f34-48c0-b23c-98783ca488ba e5920096478448dbb6eba624f5643ed6 04efb0ac35034d1aaab6abe3211d5b92 - - default default] 10.0.0.199 "GET /v2.0/networks HTTP/1.1" status: 200 len: 2350 time: 0.0989900
2026-04-02 17:50:17.117 10 INFO neutron.wsgi [None req-e417b774-3b7b-4ad9-9aef-8c64f683cd80 e5920096478448dbb6eba624f5643ed6 04efb0ac35034d1aaab6abe3211d5b92 - - default default] 10.0.0.199 "GET /v2.0/floatingips HTTP/1.1" status: 200 len: 193 time: 0.0187006
2026-04-02 17:50:17.151 10 INFO neutron.wsgi [-] 10.0.0.149 "GET / HTTP/1.1" status: 200 len: 247 time: 0.0015278
2026-04-02 17:50:17.153 9 INFO neutron.wsgi [-] 10.0.0.149 "GET / HTTP/1.1" status: 200 len: 247 time: 0.0033150
2026-04-02 17:50:17.164 10 INFO neutron.wsgi [None req-092f32d8-cbb9-4454-808e-c0bc558fc594 e5920096478448dbb6eba624f5643ed6 04efb0ac35034d1aaab6abe3211d5b92 - - default default] 10.0.0.199 "GET /v2.0/security-groups HTTP/1.1" status: 200 len: 17578 time: 0.0473144
2026-04-02 17:50:17.213 10 INFO neutron.wsgi [None req-d6243dbc-44ae-4997-8568-7aa9380583c2 e5920096478448dbb6eba624f5643ed6 04efb0ac35034d1aaab6abe3211d5b92 - - default default] 10.0.0.199 "GET /v2.0/ports HTTP/1.1" status: 200 len: 5351 time: 0.0410781
2026-04-02 17:50:17.237 10 INFO neutron.wsgi [None req-df34b388-fcb2-4a74-88d7-c84d7f0e08be e5920096478448dbb6eba624f5643ed6 04efb0ac35034d1aaab6abe3211d5b92 - - default default] 10.0.0.199 "GET /v2.0/routers HTTP/1.1" status: 200 len: 189 time: 0.0189693
2026-04-02 17:50:17.277 10 INFO neutron.wsgi [None req-955990df-dadf-4623-a973-a60cff04825d e5920096478448dbb6eba624f5643ed6 04efb0ac35034d1aaab6abe3211d5b92 - - default default] 10.0.0.199 "GET /v2.0/agents?binary=ovn-controller HTTP/1.1" status: 200 len: 591 time: 0.0398977
2026-04-02 17:50:17.308 10 INFO neutron.wsgi [None req-31fbf0d3-9dc2-4bc8-98d3-1ff7e3583bf4 e5920096478448dbb6eba624f5643ed6 04efb0ac35034d1aaab6abe3211d5b92 - - default default] 10.0.0.199 "GET /v2.0/subnets HTTP/1.1" status: 200 len: 1437 time: 0.0297246
2026-04-02 17:50:17.319 10 INFO neutron.wsgi [None req-1365e535-314e-42d4-9ae3-aa3cb5b439a8 e5920096478448dbb6eba624f5643ed6 04efb0ac35034d1aaab6abe3211d5b92 - - default default] 10.0.0.199 "GET /v2.0/subnetpools HTTP/1.1" status: 200 len: 193 time: 0.0100024
2026-04-02 17:50:17.348 10 INFO neutron.wsgi [None req-f730fa4e-b5d8-4ca3-82e6-afdb723eac6b e5920096478448dbb6eba624f5643ed6 04efb0ac35034d1aaab6abe3211d5b92 - - default default] 10.0.0.199 "GET /v2.0/subnets HTTP/1.1" status: 200 len: 1437 time: 0.0274718
2026-04-02 17:50:17.360 10 INFO neutron.wsgi [None req-95134f27-b800-4661-963f-655fa05386b5 e5920096478448dbb6eba624f5643ed6 04efb0ac35034d1aaab6abe3211d5b92 - - default default] 10.0.0.199 "GET /v2.0/agents HTTP/1.1" status: 200 len: 1390 time: 0.0117521
2026-04-02 17:50:17.371 10 INFO neutron.wsgi [None req-8b321a8b-1ea3-4d2f-b4a3-70f04b6e65e4 e5920096478448dbb6eba624f5643ed6 04efb0ac35034d1aaab6abe3211d5b92 - - default default] 10.0.0.199 "GET /v2.0/network-ip-availabilities HTTP/1.1" status: 200 len: 1280 time: 0.0096705
2026-04-02 17:50:32.151 9 INFO neutron.wsgi [-] 10.0.0.149 "GET / HTTP/1.1" status: 200 len: 247 time: 0.0017982
2026-04-02 17:50:32.152 10 INFO neutron.wsgi [-] 10.0.0.149 "GET / HTTP/1.1" status: 200 len: 247 time: 0.0024450
2026-04-02 17:50:47.153 9 INFO neutron.wsgi [-] 10.0.0.149 "GET / HTTP/1.1" status: 200 len: 247 time: 0.0038064
2026-04-02 17:50:47.155 9 INFO neutron.wsgi [-] 10.0.0.149 "GET / HTTP/1.1" status: 200 len: 247 time: 0.0012863
2026-04-02 17:50:47.202 10 INFO neutron.pecan_wsgi.hooks.translation [None req-f0b69ea3-449a-4743-864f-419911631014 e5920096478448dbb6eba624f5643ed6 04efb0ac35034d1aaab6abe3211d5b92 - - default default] GET failed (client error): The resource could not be found.
2026-04-02 17:50:47.204 10 INFO neutron.wsgi [None req-f0b69ea3-449a-4743-864f-419911631014 e5920096478448dbb6eba624f5643ed6 04efb0ac35034d1aaab6abe3211d5b92 - - default default] 199.204.45.53,10.0.0.149 "GET /v2.0/networks/lb-mgmt-net HTTP/1.1" status: 404 len: 295 time: 0.0623932
2026-04-02 17:50:47.265 10 INFO neutron.wsgi [None req-afee9055-35ef-40a2-9367-5e2e56226f25 e5920096478448dbb6eba624f5643ed6 04efb0ac35034d1aaab6abe3211d5b92 - - default default] 199.204.45.53,10.0.0.149 "GET /v2.0/networks?name=lb-mgmt-net HTTP/1.1" status: 200 len: 913 time: 0.0575764
2026-04-02 17:50:48.147 10 INFO neutron.pecan_wsgi.hooks.translation [None req-a4dbffb9-04f3-4ef3-b873-46b42fe9d544 e5920096478448dbb6eba624f5643ed6 04efb0ac35034d1aaab6abe3211d5b92 - - default default] GET failed (client error): The resource could not be found.
2026-04-02 17:50:48.148 10 INFO neutron.wsgi [None req-a4dbffb9-04f3-4ef3-b873-46b42fe9d544 e5920096478448dbb6eba624f5643ed6 04efb0ac35034d1aaab6abe3211d5b92 - - default default] 199.204.45.53,10.0.0.149 "GET /v2.0/networks/lb-mgmt-net HTTP/1.1" status: 404 len: 295 time: 0.0393593
2026-04-02 17:50:48.216 10 INFO neutron.wsgi [None req-1ffbd053-7f90-45ba-866f-4a003548206b e5920096478448dbb6eba624f5643ed6 04efb0ac35034d1aaab6abe3211d5b92 - - default default] 199.204.45.53,10.0.0.149 "GET /v2.0/networks?name=lb-mgmt-net HTTP/1.1" status: 200 len: 913 time: 0.0655618
2026-04-02 17:50:48.234 10 INFO neutron.pecan_wsgi.hooks.translation [None req-8f9935f9-271e-49bf-9e92-d972fb899e9f e5920096478448dbb6eba624f5643ed6 04efb0ac35034d1aaab6abe3211d5b92 - - default default] GET failed (client error): The resource could not be found.
2026-04-02 17:50:48.235 10 INFO neutron.wsgi [None req-8f9935f9-271e-49bf-9e92-d972fb899e9f e5920096478448dbb6eba624f5643ed6 04efb0ac35034d1aaab6abe3211d5b92 - - default default] 199.204.45.53,10.0.0.149 "GET /v2.0/subnets/lb-mgmt-subnet?network_id=5b9b867e-50f2-4ec1-b34d-d593e1eb8042 HTTP/1.1" status: 404 len: 296 time: 0.0144658
2026-04-02 17:50:48.271 10 INFO neutron.wsgi [None req-76c424b7-a199-4027-bfba-0da054bcbf0b e5920096478448dbb6eba624f5643ed6 04efb0ac35034d1aaab6abe3211d5b92 - - default default] 199.204.45.53,10.0.0.149 "GET /v2.0/subnets?name=lb-mgmt-subnet&network_id=5b9b867e-50f2-4ec1-b34d-d593e1eb8042 HTTP/1.1" status: 200 len: 805 time: 0.0324128
2026-04-02 17:50:49.367 10 INFO neutron.api.v2.resource [None req-6323a241-61e1-40d2-9d26-46888cf58779 e5920096478448dbb6eba624f5643ed6 04efb0ac35034d1aaab6abe3211d5b92 - - default default] show failed (client error): The resource could not be found.
2026-04-02 17:50:49.368 10 INFO neutron.wsgi [None req-6323a241-61e1-40d2-9d26-46888cf58779 e5920096478448dbb6eba624f5643ed6 04efb0ac35034d1aaab6abe3211d5b92 - - default default] 199.204.45.53,10.0.0.149 "GET /v2.0/security-groups/lb-health-mgr-sec-grp HTTP/1.1" status: 404 len: 313 time: 0.0330539
2026-04-02 17:50:49.404 10 INFO neutron.wsgi [None req-fe2fc2cf-aa9d-4e98-b756-378418600d60 e5920096478448dbb6eba624f5643ed6 04efb0ac35034d1aaab6abe3211d5b92 - - default default] 199.204.45.53,10.0.0.149 "GET /v2.0/security-groups?name=lb-health-mgr-sec-grp HTTP/1.1" status: 200 len: 4866 time: 0.0329211
2026-04-02 17:50:50.571 10 INFO neutron.wsgi [None req-8ace268b-16ae-492b-8950-c0090b00d8e7 e5920096478448dbb6eba624f5643ed6 04efb0ac35034d1aaab6abe3211d5b92 - - default default] 199.204.45.53,10.0.0.149 "GET /v2.0/security-groups/f7fd790f-1bd8-4b01-a033-8c400ea4d235 HTTP/1.1" status: 200 len: 4870 time: 0.0754304
2026-04-02 17:50:50.609 10 INFO neutron.wsgi [None req-a8912ee6-636d-4b31-b0cf-9266f36c948d e5920096478448dbb6eba624f5643ed6 04efb0ac35034d1aaab6abe3211d5b92 - - default default] 199.204.45.53,10.0.0.149 "GET /v2.0/security-groups/f7fd790f-1bd8-4b01-a033-8c400ea4d235 HTTP/1.1" status: 200 len: 4870 time: 0.0302176
2026-04-02 17:50:50.634 10 INFO neutron.wsgi [None req-3818a1ca-1823-4760-9d7b-c9b2fd2242fa e5920096478448dbb6eba624f5643ed6 04efb0ac35034d1aaab6abe3211d5b92 - - default default] 199.204.45.53,10.0.0.149 "GET /v2.0/security-group-rules/80c3fe89-d5de-4c88-9964-64cae9b3fc5c HTTP/1.1" status: 200 len: 776 time: 0.0162292
2026-04-02 17:50:51.472 10 INFO neutron.wsgi [None req-4b24ff6b-65be-4cf7-ad03-95f22668c5a2 e5920096478448dbb6eba624f5643ed6 04efb0ac35034d1aaab6abe3211d5b92 - - default default] 199.204.45.53,10.0.0.149 "GET /v2.0/security-groups/f7fd790f-1bd8-4b01-a033-8c400ea4d235 HTTP/1.1" status: 200 len: 4870 time: 0.0659225
2026-04-02 17:50:51.517 10 INFO neutron.wsgi [None req-a70ab09f-286c-4aa0-bc44-609029de2cee e5920096478448dbb6eba624f5643ed6 04efb0ac35034d1aaab6abe3211d5b92 - - default default] 199.204.45.53,10.0.0.149 "GET /v2.0/security-groups/f7fd790f-1bd8-4b01-a033-8c400ea4d235 HTTP/1.1" status: 200 len: 4870 time: 0.0375173
2026-04-02 17:50:51.542 10 INFO neutron.wsgi [None req-8a972012-5402-455e-be0a-7bc01b7853f3 e5920096478448dbb6eba624f5643ed6 04efb0ac35034d1aaab6abe3211d5b92 - - default default] 199.204.45.53,10.0.0.149 "GET /v2.0/security-group-rules/473fbbd7-9181-4e8e-bd9e-c80a600fd433 HTTP/1.1" status: 200 len: 778 time: 0.0180533
2026-04-02 17:50:52.384 10 INFO neutron.wsgi [None req-49a3b151-57f3-48ce-a7e8-fd931f637bfe e5920096478448dbb6eba624f5643ed6 04efb0ac35034d1aaab6abe3211d5b92 - - default default] 199.204.45.53,10.0.0.149 "GET /v2.0/security-groups/f7fd790f-1bd8-4b01-a033-8c400ea4d235 HTTP/1.1" status: 200 len: 4870 time: 0.0630314
2026-04-02 17:50:52.426 10 INFO neutron.wsgi [None req-d44fc382-ae08-4be3-8d76-d249996208db e5920096478448dbb6eba624f5643ed6 04efb0ac35034d1aaab6abe3211d5b92 - - default default] 199.204.45.53,10.0.0.149 "GET /v2.0/security-groups/f7fd790f-1bd8-4b01-a033-8c400ea4d235 HTTP/1.1" status: 200 len: 4870 time: 0.0352421
2026-04-02 17:50:52.456 10 INFO neutron.wsgi [None req-571accc9-1f6c-4857-a583-ef7f108295e1 e5920096478448dbb6eba624f5643ed6 04efb0ac35034d1aaab6abe3211d5b92 - - default default] 199.204.45.53,10.0.0.149 "GET /v2.0/security-group-rules/480a7a8a-1e1f-47b7-9f80-7ff44b098abb HTTP/1.1" status: 200 len: 778 time: 0.0195267
2026-04-02 17:50:53.467 9 INFO neutron.wsgi [None req-ca4935ab-c7eb-49d2-a076-27b682f360f0 e5920096478448dbb6eba624f5643ed6 04efb0ac35034d1aaab6abe3211d5b92 - - default default] 199.204.45.53,10.0.0.149 "GET /v2.0/security-groups/f7fd790f-1bd8-4b01-a033-8c400ea4d235 HTTP/1.1" status: 200 len: 4870 time: 0.1935177
2026-04-02 17:50:53.511 9 INFO neutron.wsgi [None req-1d38ede0-6e3d-4621-9a04-d1e916604b1f e5920096478448dbb6eba624f5643ed6 04efb0ac35034d1aaab6abe3211d5b92 - - default default] 199.204.45.53,10.0.0.149 "GET /v2.0/security-groups/f7fd790f-1bd8-4b01-a033-8c400ea4d235 HTTP/1.1" status: 200 len: 4870 time: 0.0384338
2026-04-02 17:50:53.539 9 INFO neutron.wsgi [None req-8e2acede-f5dc-4a62-9144-9f666e0e097c e5920096478448dbb6eba624f5643ed6 04efb0ac35034d1aaab6abe3211d5b92 - - default default] 199.204.45.53,10.0.0.149 "GET /v2.0/security-group-rules/e640d51c-d47b-4e79-a6c8-951e6e3cb570 HTTP/1.1" status: 200 len: 778 time: 0.0210760
2026-04-02 17:50:54.419 10 INFO neutron.wsgi [None req-b0a26691-97fd-418e-b054-2578563aff87 e5920096478448dbb6eba624f5643ed6 04efb0ac35034d1aaab6abe3211d5b92 - - default default] 199.204.45.53,10.0.0.149 "GET /v2.0/security-groups/f7fd790f-1bd8-4b01-a033-8c400ea4d235 HTTP/1.1" status: 200 len: 4870 time: 0.0630064
2026-04-02 17:50:54.461 10 INFO neutron.wsgi [None req-e060da1d-80bd-4de5-a16c-2e9f49614e45 e5920096478448dbb6eba624f5643ed6 04efb0ac35034d1aaab6abe3211d5b92 - - default default] 199.204.45.53,10.0.0.149 "GET /v2.0/security-groups/f7fd790f-1bd8-4b01-a033-8c400ea4d235 HTTP/1.1" status: 200 len: 4870 time: 0.0346644
2026-04-02 17:50:54.483 10 INFO neutron.wsgi [None req-feaf3479-6fac-4855-a74c-55ae1b1b6bea e5920096478448dbb6eba624f5643ed6 04efb0ac35034d1aaab6abe3211d5b92 - - default default] 199.204.45.53,10.0.0.149 "GET /v2.0/security-group-rules/a130c6ce-c12a-488f-abc4-e1eda137971e HTTP/1.1" status: 200 len: 778 time: 0.0172937
2026-04-02 17:50:55.663 9 INFO neutron.wsgi [None req-06e574d9-da32-45ee-a87d-b216d91515b0 e5920096478448dbb6eba624f5643ed6 04efb0ac35034d1aaab6abe3211d5b92 - - default default] 199.204.45.53,10.0.0.149 "GET /v2.0/networks/5b9b867e-50f2-4ec1-b34d-d593e1eb8042 HTTP/1.1" status: 200 len: 910 time: 0.0890954
2026-04-02 17:50:55.696 9 INFO neutron.pecan_wsgi.hooks.translation [None req-24ac253e-da19-4887-bf62-1fb341498372 e5920096478448dbb6eba624f5643ed6 04efb0ac35034d1aaab6abe3211d5b92 - - default default] GET failed (client error): The resource could not be found.
2026-04-02 17:50:55.697 9 INFO neutron.wsgi [None req-24ac253e-da19-4887-bf62-1fb341498372 e5920096478448dbb6eba624f5643ed6 04efb0ac35034d1aaab6abe3211d5b92 - - default default] 199.204.45.53,10.0.0.149 "GET /v2.0/ports/octavia-health-manager-port-instance?network_id=5b9b867e-50f2-4ec1-b34d-d593e1eb8042 HTTP/1.1" status: 404 len: 314 time: 0.0261724
2026-04-02 17:50:55.743 9 INFO neutron.wsgi [None req-33617fa3-1de0-49fe-a368-de438f4d6640 e5920096478448dbb6eba624f5643ed6 04efb0ac35034d1aaab6abe3211d5b92 - - default default] 199.204.45.53,10.0.0.149 "GET /v2.0/ports?name=octavia-health-manager-port-instance&network_id=5b9b867e-50f2-4ec1-b34d-d593e1eb8042 HTTP/1.1" status: 200 len: 1399 time: 0.0438004
2026-04-02 17:50:55.790 9 INFO neutron.wsgi [None req-a52ab3d4-b986-4a9e-b277-afd875953be0 e5920096478448dbb6eba624f5643ed6 04efb0ac35034d1aaab6abe3211d5b92 - - default default] 199.204.45.53,10.0.0.149 "GET /v2.0/security-groups/f7fd790f-1bd8-4b01-a033-8c400ea4d235 HTTP/1.1" status: 200 len: 4870 time: 0.0408089
2026-04-02 17:51:01.861 10 INFO neutron.pecan_wsgi.hooks.translation [None req-21b4a9de-4d64-46a0-898e-f5c55bedacd1 e5920096478448dbb6eba624f5643ed6 04efb0ac35034d1aaab6abe3211d5b92 - - default default] GET failed (client error): The resource could not be found.
2026-04-02 17:51:01.862 10 INFO neutron.wsgi [None req-21b4a9de-4d64-46a0-898e-f5c55bedacd1 e5920096478448dbb6eba624f5643ed6 04efb0ac35034d1aaab6abe3211d5b92 - - default default] 199.204.45.53,10.0.0.149 "GET /v2.0/ports/octavia-health-manager-port-instance HTTP/1.1" status: 404 len: 314 time: 0.1048875
2026-04-02 17:51:01.902 10 INFO neutron.wsgi [None req-b777d087-c661-4d1d-a9cf-2052ee96eb63 e5920096478448dbb6eba624f5643ed6 04efb0ac35034d1aaab6abe3211d5b92 - - default default] 199.204.45.53,10.0.0.149 "GET /v2.0/ports?name=octavia-health-manager-port-instance HTTP/1.1" status: 200 len: 1399 time: 0.0347252
2026-04-02 17:51:02.152 9 INFO neutron.wsgi [-] 10.0.0.149 "GET / HTTP/1.1" status: 200 len: 247 time: 0.0026085
2026-04-02 17:51:02.152 10 INFO neutron.wsgi [-] 10.0.0.149 "GET / HTTP/1.1" status: 200 len: 247 time: 0.0023632
2026-04-02 17:51:03.356 10 INFO neutron.wsgi [None req-045665c0-80aa-4456-a19a-8779b1e17c89 e5920096478448dbb6eba624f5643ed6 04efb0ac35034d1aaab6abe3211d5b92 - - default default] 199.204.45.53,10.0.0.149 "GET /v2.0/ports HTTP/1.1" status: 200 len: 5351 time: 0.0914319
2026-04-02 17:51:04.366 10 INFO neutron.api.v2.resource [None req-ae64f638-5aff-4da8-932e-099fa488eb30 e5920096478448dbb6eba624f5643ed6 04efb0ac35034d1aaab6abe3211d5b92 - - default default] show failed (client error): The resource could not be found.
2026-04-02 17:51:04.367 10 INFO neutron.wsgi [None req-ae64f638-5aff-4da8-932e-099fa488eb30 e5920096478448dbb6eba624f5643ed6 04efb0ac35034d1aaab6abe3211d5b92 - - default default] 199.204.45.53,10.0.0.149 "GET /v2.0/security-groups/lb-mgmt-sec-grp HTTP/1.1" status: 404 len: 307 time: 0.0477633
2026-04-02 17:51:04.412 10 INFO neutron.wsgi [None req-5e3327c8-0d2e-4b18-afd0-7853117b5893 e5920096478448dbb6eba624f5643ed6 04efb0ac35034d1aaab6abe3211d5b92 - - default default] 199.204.45.53,10.0.0.149 "GET /v2.0/security-groups?name=lb-mgmt-sec-grp HTTP/1.1" status: 200 len: 3061 time: 0.0406747
2026-04-02 17:51:05.328 9 INFO neutron.wsgi [None req-bdbb512f-c338-4b11-ac9e-6b4ed0ff94aa e5920096478448dbb6eba624f5643ed6 04efb0ac35034d1aaab6abe3211d5b92 - - default default] 199.204.45.53,10.0.0.149 "GET /v2.0/security-groups/7215e438-739f-42a2-bfb3-82d1f44d6255 HTTP/1.1" status: 200 len: 3062 time: 0.0593815
2026-04-02 17:51:05.361 9 INFO neutron.wsgi [None req-bec7b737-50ba-4466-8583-388e323717dc e5920096478448dbb6eba624f5643ed6 04efb0ac35034d1aaab6abe3211d5b92 - - default default] 199.204.45.53,10.0.0.149 "GET /v2.0/security-groups/7215e438-739f-42a2-bfb3-82d1f44d6255 HTTP/1.1" status: 200 len: 3062 time: 0.0250909
2026-04-02 17:51:05.381 9 INFO neutron.wsgi [None req-8ed16045-da67-4241-baa7-ae1956d21f1e e5920096478448dbb6eba624f5643ed6 04efb0ac35034d1aaab6abe3211d5b92 - - default default] 199.204.45.53,10.0.0.149 "GET /v2.0/security-group-rules/3493c8ab-edce-4851-9a4c-e83656ba17d7 HTTP/1.1" status: 200 len: 798 time: 0.0157211
2026-04-02 17:51:06.234 9 INFO neutron.wsgi [None req-65a6c88c-9c8a-4bff-9cc8-8692d479f639 e5920096478448dbb6eba624f5643ed6 04efb0ac35034d1aaab6abe3211d5b92 - - default default] 199.204.45.53,10.0.0.149 "GET /v2.0/security-groups/7215e438-739f-42a2-bfb3-82d1f44d6255 HTTP/1.1" status: 200 len: 3062 time: 0.0612648
2026-04-02 17:51:06.275 9 INFO neutron.wsgi [None req-10d141a4-26bb-48e8-8c21-96fa4fb3d1bc e5920096478448dbb6eba624f5643ed6 04efb0ac35034d1aaab6abe3211d5b92 - - default default] 199.204.45.53,10.0.0.149 "GET /v2.0/security-groups/7215e438-739f-42a2-bfb3-82d1f44d6255 HTTP/1.1" status: 200 len: 3062 time: 0.0300496
2026-04-02 17:51:06.297 9 INFO neutron.wsgi [None req-99cdc324-d360-4489-afb8-776322957d56 e5920096478448dbb6eba624f5643ed6 04efb0ac35034d1aaab6abe3211d5b92 - - default default] 199.204.45.53,10.0.0.149 "GET /v2.0/security-group-rules/1c72818b-7c08-41f5-998c-53f63e7d26ca HTTP/1.1" status: 200 len: 802 time: 0.0156279
2026-04-02 17:51:17.084 10 INFO neutron.wsgi [None req-900e4bba-c412-43e6-bd92-61c07cd3918f e5920096478448dbb6eba624f5643ed6 04efb0ac35034d1aaab6abe3211d5b92 - - default default] 10.0.0.199 "GET /v2.0/subnets HTTP/1.1" status: 200 len: 1437 time: 0.0802293
2026-04-02 17:51:17.138 10 INFO neutron.wsgi [None req-cb519da8-7e22-4f4e-b89b-398351930e5d e5920096478448dbb6eba624f5643ed6 04efb0ac35034d1aaab6abe3211d5b92 - - default default] 199.204.45.53,10.0.0.149 "GET /v2.0/quotas/04efb0ac35034d1aaab6abe3211d5b92 HTTP/1.1" status: 200 len: 466 time: 0.0180852
2026-04-02 17:51:17.152 9 INFO neutron.wsgi [-] 10.0.0.149 "GET / HTTP/1.1" status: 200 len: 247 time: 0.0019701
2026-04-02 17:51:17.153 10 INFO neutron.wsgi [None req-4d96a67b-8259-4d8e-87aa-8198300801f5 e5920096478448dbb6eba624f5643ed6 04efb0ac35034d1aaab6abe3211d5b92 - - default default] 10.0.0.199 "GET /v2.0/ports HTTP/1.1" status: 200 len: 5351 time: 0.0685637
2026-04-02 17:51:17.154 9 INFO neutron.wsgi [-] 10.0.0.149 "GET / HTTP/1.1" status: 200 len: 247 time: 0.0013301
2026-04-02 17:51:17.215 10 INFO neutron.wsgi [None req-cd3d3cf1-62fc-4055-a8ff-6863a3dfeace e5920096478448dbb6eba624f5643ed6 04efb0ac35034d1aaab6abe3211d5b92 - - default default] 10.0.0.199 "GET /v2.0/agents HTTP/1.1" status: 200 len: 1390 time: 0.0574284
2026-04-02 17:51:17.231 10 INFO neutron.wsgi [None req-8f433e62-2f8b-427f-a22c-9b184f23dba6 e5920096478448dbb6eba624f5643ed6 04efb0ac35034d1aaab6abe3211d5b92 - - default default] 10.0.0.199 "GET /v2.0/network-ip-availabilities HTTP/1.1" status: 200 len: 1280 time: 0.0143282
2026-04-02 17:51:17.253 10 INFO neutron.wsgi [None req-bcac8dfb-3f57-4c51-8676-06c486b2b538 e5920096478448dbb6eba624f5643ed6 04efb0ac35034d1aaab6abe3211d5b92 - - default default] 10.0.0.199 "GET /v2.0/floatingips HTTP/1.1" status: 200 len: 193 time: 0.0208817
2026-04-02 17:51:17.296 10 INFO neutron.wsgi [None req-2686f345-1e5f-4ae8-bb3a-49bb5ccdca27 e5920096478448dbb6eba624f5643ed6 04efb0ac35034d1aaab6abe3211d5b92 - - default default] 10.0.0.199 "GET /v2.0/security-groups HTTP/1.1" status: 200 len: 17578 time: 0.0430343
2026-04-02 17:51:17.371 10 INFO neutron.wsgi [None req-e63351f3-d86c-49d9-ada1-2a3389cccbac e5920096478448dbb6eba624f5643ed6 04efb0ac35034d1aaab6abe3211d5b92 - - default default] 10.0.0.199 "GET /v2.0/networks HTTP/1.1" status: 200 len: 2350 time: 0.0671685
2026-04-02 17:51:17.405 10 INFO neutron.wsgi [None req-ef7798b1-ba85-49ee-a2b9-31dbda82d295 e5920096478448dbb6eba624f5643ed6 04efb0ac35034d1aaab6abe3211d5b92 - - default default] 10.0.0.199 "GET /v2.0/routers HTTP/1.1" status: 200 len: 189 time: 0.0311553
2026-04-02 17:51:17.414 10 INFO neutron.wsgi [None req-cf4f9a06-3780-419b-877d-873ff1fc994b e5920096478448dbb6eba624f5643ed6 04efb0ac35034d1aaab6abe3211d5b92 - - default default] 10.0.0.199 "GET /v2.0/agents?binary=ovn-controller HTTP/1.1" status: 200 len: 591 time: 0.0092020
2026-04-02 17:51:17.445 10 INFO neutron.wsgi [None req-f2176c91-13a3-4b55-bd74-daa85109c4a0 e5920096478448dbb6eba624f5643ed6 04efb0ac35034d1aaab6abe3211d5b92 - - default default] 10.0.0.199 "GET /v2.0/subnets HTTP/1.1" status: 200 len: 1437 time: 0.0293190
2026-04-02 17:51:17.453 10 INFO neutron.wsgi [None req-1de3e643-9cc3-4305-b84c-c8c5e35068ea e5920096478448dbb6eba624f5643ed6 04efb0ac35034d1aaab6abe3211d5b92 - - default default] 10.0.0.199 "GET /v2.0/subnetpools HTTP/1.1" status: 200 len: 193 time: 0.0079114
2026-04-02 17:51:32.150 9 INFO neutron.wsgi [-] 10.0.0.149 "GET / HTTP/1.1" status: 200 len: 247 time: 0.0017929
2026-04-02 17:51:32.152 10 INFO neutron.wsgi [-] 10.0.0.149 "GET / HTTP/1.1" status: 200 len: 247 time: 0.0026515
2026-04-02 17:51:47.152 9 INFO neutron.wsgi [-] 10.0.0.149 "GET / HTTP/1.1" status: 200 len: 247 time: 0.0025232
2026-04-02 17:51:47.158 9 INFO neutron.wsgi [-] 10.0.0.149 "GET / HTTP/1.1" status: 200 len: 247 time: 0.0052445
2026-04-02 17:52:02.152 9 INFO neutron.wsgi [-] 10.0.0.149 "GET / HTTP/1.1" status: 200 len: 247 time: 0.0025456
2026-04-02 17:52:02.154 10 INFO neutron.wsgi [-] 10.0.0.149 "GET / HTTP/1.1" status: 200 len: 247 time: 0.0048273
2026-04-02 17:52:04.229 10 INFO neutron.api.v2.resource [None req-fdf7911b-2335-4330-a691-9092890b8281 e5920096478448dbb6eba624f5643ed6 04efb0ac35034d1aaab6abe3211d5b92 - - default default] show failed (client error): The resource could not be found.
2026-04-02 17:52:04.230 10 INFO neutron.wsgi [None req-fdf7911b-2335-4330-a691-9092890b8281 e5920096478448dbb6eba624f5643ed6 04efb0ac35034d1aaab6abe3211d5b92 - - default default] 199.204.45.53,10.0.0.149 "GET /v2.0/security-groups/manila-service-security-group?project_id=1186d73df1754cc2a0a3df526e988b35 HTTP/1.1" status: 404 len: 321 time: 0.0496306
2026-04-02 17:52:04.271 10 INFO neutron.wsgi [None req-8c897936-1f82-4259-b3b8-c2647bf836b3 e5920096478448dbb6eba624f5643ed6 04efb0ac35034d1aaab6abe3211d5b92 - - default default] 199.204.45.53,10.0.0.149 "GET /v2.0/security-groups?name=manila-service-security-group&project_id=1186d73df1754cc2a0a3df526e988b35 HTTP/1.1" status: 200 len: 4248 time: 0.0372748
2026-04-02 17:52:05.364 10 INFO neutron.wsgi [None req-80d69e1b-e2d9-46a0-b5a4-6a0d05c89efc e5920096478448dbb6eba624f5643ed6 04efb0ac35034d1aaab6abe3211d5b92 - - default default] 199.204.45.53,10.0.0.149 "GET /v2.0/security-groups/d01dd24c-b41a-457c-8a41-b8d9583b2ad2?project_id=1186d73df1754cc2a0a3df526e988b35 HTTP/1.1" status: 200 len: 4251 time: 0.0840461
2026-04-02 17:52:05.413 10 INFO neutron.wsgi [None req-274aa22f-b5c7-4d24-9863-fd9c6b2c2241 e5920096478448dbb6eba624f5643ed6 04efb0ac35034d1aaab6abe3211d5b92 - - default default] 199.204.45.53,10.0.0.149 "GET /v2.0/security-groups/d01dd24c-b41a-457c-8a41-b8d9583b2ad2 HTTP/1.1" status: 200 len: 4251 time: 0.0413625
2026-04-02 17:52:05.437 10 INFO neutron.wsgi [None req-175e98d7-59bc-414b-9c35-9d896f0956d8 e5920096478448dbb6eba624f5643ed6 04efb0ac35034d1aaab6abe3211d5b92 - - default default] 199.204.45.53,10.0.0.149 "GET /v2.0/security-group-rules/13e4908f-d877-4d49-84e7-64610d8ccdee HTTP/1.1" status: 200 len: 772 time: 0.0193887
2026-04-02 17:52:06.361 10 INFO neutron.wsgi [None req-68cbe46b-7082-40c8-a102-97344880e2ef e5920096478448dbb6eba624f5643ed6 04efb0ac35034d1aaab6abe3211d5b92 - - default default] 199.204.45.53,10.0.0.149 "GET /v2.0/security-groups/d01dd24c-b41a-457c-8a41-b8d9583b2ad2?project_id=1186d73df1754cc2a0a3df526e988b35 HTTP/1.1" status: 200 len: 4251 time: 0.0626345
2026-04-02 17:52:06.408 10 INFO neutron.wsgi [None req-bc36f1b8-9e37-4cea-aff1-ade2715a0864 e5920096478448dbb6eba624f5643ed6 04efb0ac35034d1aaab6abe3211d5b92 - - default default] 199.204.45.53,10.0.0.149 "GET /v2.0/security-groups/d01dd24c-b41a-457c-8a41-b8d9583b2ad2 HTTP/1.1" status: 200 len: 4251 time: 0.0399466
2026-04-02 17:52:06.435 10 INFO neutron.wsgi [None req-b2f412cb-afde-487d-8f4b-a4a55abd9a08 e5920096478448dbb6eba624f5643ed6 04efb0ac35034d1aaab6abe3211d5b92 - - default default] 199.204.45.53,10.0.0.149 "GET /v2.0/security-group-rules/077e5725-c8de-4aff-ba08-474bb50f8bde HTTP/1.1" status: 200 len: 774 time: 0.0189650
2026-04-02 17:52:07.406 10 INFO neutron.wsgi [None req-976de64a-9ae4-4f57-bd5e-4590602806cf e5920096478448dbb6eba624f5643ed6 04efb0ac35034d1aaab6abe3211d5b92 - - default default] 199.204.45.53,10.0.0.149 "GET /v2.0/security-groups/d01dd24c-b41a-457c-8a41-b8d9583b2ad2?project_id=1186d73df1754cc2a0a3df526e988b35 HTTP/1.1" status: 200 len: 4251 time: 0.0605199
2026-04-02 17:52:07.450 10 INFO neutron.wsgi [None req-10669326-80b9-4b08-86f2-2f390a24940c e5920096478448dbb6eba624f5643ed6 04efb0ac35034d1aaab6abe3211d5b92 - - default default] 199.204.45.53,10.0.0.149 "GET /v2.0/security-groups/d01dd24c-b41a-457c-8a41-b8d9583b2ad2 HTTP/1.1" status: 200 len: 4251 time: 0.0335596
2026-04-02 17:52:07.471 10 INFO neutron.wsgi [None req-a98c504e-2d52-4faa-ae04-aa12e74af8c9 e5920096478448dbb6eba624f5643ed6 04efb0ac35034d1aaab6abe3211d5b92 - - default default] 199.204.45.53,10.0.0.149 "GET /v2.0/security-group-rules/03316e4a-d2fa-4f93-b75c-d5ad97fc35c3 HTTP/1.1" status: 200 len: 776 time: 0.0150495
2026-04-02 17:52:08.447 10 INFO neutron.wsgi [None req-0502f41a-f98f-403c-b41b-6665b8cb7d7f e5920096478448dbb6eba624f5643ed6 04efb0ac35034d1aaab6abe3211d5b92 - - default default] 199.204.45.53,10.0.0.149 "GET /v2.0/security-groups/d01dd24c-b41a-457c-8a41-b8d9583b2ad2?project_id=1186d73df1754cc2a0a3df526e988b35 HTTP/1.1" status: 200 len: 4251 time: 0.0536602
2026-04-02 17:52:08.502 10 INFO neutron.wsgi [None req-a960d4ff-88e0-409d-a942-1d2d62cbba4b e5920096478448dbb6eba624f5643ed6 04efb0ac35034d1aaab6abe3211d5b92 - - default default] 199.204.45.53,10.0.0.149 "GET /v2.0/security-groups/d01dd24c-b41a-457c-8a41-b8d9583b2ad2 HTTP/1.1" status: 200 len: 4251 time: 0.0482635
2026-04-02 17:52:08.522 10 INFO neutron.wsgi [None req-489f8770-1571-48f4-bda1-2f9e2a6dc767 e5920096478448dbb6eba624f5643ed6 04efb0ac35034d1aaab6abe3211d5b92 - - default default] 199.204.45.53,10.0.0.149 "GET /v2.0/security-group-rules/7ffd50c0-ea3b-43cb-8eb1-0797060bacf8 HTTP/1.1" status: 200 len: 777 time: 0.0148439
2026-04-02 17:52:15.406 10 INFO neutron.wsgi [None req-d1b13c91-67a0-45b9-a14b-fc060954d7d0 e5920096478448dbb6eba624f5643ed6 04efb0ac35034d1aaab6abe3211d5b92 - - default default] 199.204.45.53,10.0.0.149 "GET /v2.0/quotas/1186d73df1754cc2a0a3df526e988b35 HTTP/1.1" status: 200 len: 466 time: 0.0113750
2026-04-02 17:52:17.151 9 INFO neutron.wsgi [-] 10.0.0.149 "GET / HTTP/1.1" status: 200 len: 247 time: 0.0018363
2026-04-02 17:52:17.152 10 INFO neutron.wsgi [-] 10.0.0.149 "GET / HTTP/1.1" status: 200 len: 247 time: 0.0032036
2026-04-02 17:52:17.178 10 INFO neutron.wsgi [None req-5fa7a731-a7af-4cb4-b945-c4e10575f478 e5920096478448dbb6eba624f5643ed6 04efb0ac35034d1aaab6abe3211d5b92 - - default default] 10.0.0.199 "GET /v2.0/security-groups HTTP/1.1" status: 200 len: 17578 time: 0.1254046
2026-04-02 17:52:17.243 10 INFO neutron.wsgi [None req-3e845e07-8c47-465c-b064-5622f3ac11c0 e5920096478448dbb6eba624f5643ed6 04efb0ac35034d1aaab6abe3211d5b92 - - default default] 10.0.0.199 "GET /v2.0/ports HTTP/1.1" status: 200 len: 5351 time: 0.0623069
2026-04-02 17:52:17.272 10 INFO neutron.wsgi [None req-d4c813f7-4416-4d78-819e-4d9d978e95d4 e5920096478448dbb6eba624f5643ed6 04efb0ac35034d1aaab6abe3211d5b92 - - default default] 10.0.0.199 "GET /v2.0/floatingips HTTP/1.1" status: 200 len: 193 time: 0.0215678
2026-04-02 17:52:17.327 10 INFO neutron.wsgi [None req-bf935bc3-577f-4519-9074-71ce9bbf6a0f e5920096478448dbb6eba624f5643ed6 04efb0ac35034d1aaab6abe3211d5b92 - - default default] 10.0.0.199 "GET /v2.0/networks HTTP/1.1" status: 200 len: 2350 time: 0.0538437
2026-04-02 17:52:17.361 10 INFO neutron.wsgi [None req-0d78a6b9-d148-441a-a86a-5aeafe72ba49 e5920096478448dbb6eba624f5643ed6 04efb0ac35034d1aaab6abe3211d5b92 - - default default] 10.0.0.199 "GET /v2.0/agents HTTP/1.1" status: 200 len: 1390 time: 0.0314105
2026-04-02 17:52:17.373 10 INFO neutron.wsgi [None req-8e0c18e7-880f-4d20-aee2-0027c05d4da9 e5920096478448dbb6eba624f5643ed6 04efb0ac35034d1aaab6abe3211d5b92 - - default default] 10.0.0.199 "GET /v2.0/network-ip-availabilities HTTP/1.1" status: 200 len: 1280 time: 0.0117800
2026-04-02 17:52:17.403 10 INFO neutron.wsgi [None req-c854b2be-ee12-46c9-a8c4-036a121aa8e2 e5920096478448dbb6eba624f5643ed6 04efb0ac35034d1aaab6abe3211d5b92 - - default default] 10.0.0.199 "GET /v2.0/subnets HTTP/1.1" status: 200 len: 1437 time: 0.0290127
2026-04-02 17:52:17.412 10 INFO neutron.wsgi [None req-12900f7a-3a52-4dd6-b2db-84a71d788623 e5920096478448dbb6eba624f5643ed6 04efb0ac35034d1aaab6abe3211d5b92 - - default default] 10.0.0.199 "GET /v2.0/subnetpools HTTP/1.1" status: 200 len: 193 time: 0.0080078
2026-04-02 17:52:17.449 10 INFO neutron.wsgi [None req-353494a1-666f-4d66-b14c-c4654fe87df0 e5920096478448dbb6eba624f5643ed6 04efb0ac35034d1aaab6abe3211d5b92 - - default default] 10.0.0.199 "GET /v2.0/subnets HTTP/1.1" status: 200 len: 1437 time: 0.0353413
2026-04-02 17:52:17.470 10 INFO neutron.wsgi [None req-f6dd535a-8922-4ab4-a29c-c14d0f63470c e5920096478448dbb6eba624f5643ed6 04efb0ac35034d1aaab6abe3211d5b92 - - default default] 10.0.0.199 "GET /v2.0/routers HTTP/1.1" status: 200 len: 189 time: 0.0195746
2026-04-02 17:52:17.479 10 INFO neutron.wsgi [None req-104caa0d-bdbb-4f0d-8457-ff246dac3547 e5920096478448dbb6eba624f5643ed6 04efb0ac35034d1aaab6abe3211d5b92 - - default default] 10.0.0.199 "GET /v2.0/agents?binary=ovn-controller HTTP/1.1" status: 200 len: 591 time: 0.0086648
2026-04-02 17:52:32.150 9 INFO neutron.wsgi [-] 10.0.0.149 "GET / HTTP/1.1" status: 200 len: 247 time: 0.0012882
2026-04-02 17:52:32.150 10 INFO neutron.wsgi [-] 10.0.0.149 "GET / HTTP/1.1" status: 200 len: 247 time: 0.0017953
2026-04-02 17:52:47.152 9 INFO neutron.wsgi [-] 10.0.0.149 "GET / HTTP/1.1" status: 200 len: 247 time: 0.0027304
2026-04-02 17:52:47.155 9 INFO neutron.wsgi [-] 10.0.0.149 "GET / HTTP/1.1" status: 200 len: 247 time: 0.0024836
2026-04-02 17:53:02.152 9 INFO neutron.wsgi [-] 10.0.0.149 "GET / HTTP/1.1" status: 200 len: 247 time: 0.0023127
2026-04-02 17:53:02.155 9 INFO neutron.wsgi [-] 10.0.0.149 "GET / HTTP/1.1" status: 200 len: 247 time: 0.0019889
2026-04-02 17:53:02.453 10 INFO neutron.wsgi [None req-cf34b3b0-2e82-45a9-8aaf-bc33fea2fe4c e5920096478448dbb6eba624f5643ed6 04efb0ac35034d1aaab6abe3211d5b92 - - default default] 199.204.45.53,10.0.0.149 "GET /v2.0/networks?name=public HTTP/1.1" status: 200 len: 928 time: 0.1092670
2026-04-02 17:53:17.092 10 INFO neutron.wsgi [None req-dfe0527f-dfed-4685-b8bb-e85061c5df0b e5920096478448dbb6eba624f5643ed6 04efb0ac35034d1aaab6abe3211d5b92 - - default default] 10.0.0.199 "GET /v2.0/floatingips HTTP/1.1" status: 200 len: 193 time: 0.0816453
2026-04-02 17:53:17.117 10 INFO neutron.wsgi [None req-92107237-8658-4fb8-8694-b43b0d6cc915 e5920096478448dbb6eba624f5643ed6 04efb0ac35034d1aaab6abe3211d5b92 - - default default] 10.0.0.199 "GET /v2.0/routers HTTP/1.1" status: 200 len: 189 time: 0.0244086
2026-04-02 17:53:17.150 10 INFO neutron.wsgi [-] 10.0.0.149 "GET / HTTP/1.1" status: 200 len: 247 time: 0.0011573
2026-04-02 17:53:17.152 9 INFO neutron.wsgi [-] 10.0.0.149 "GET / HTTP/1.1" status: 200 len: 247 time: 0.0025797
2026-04-02 17:53:17.164 10 INFO neutron.wsgi [None req-710e139a-914b-49d2-ab46-45dfcfc1879f e5920096478448dbb6eba624f5643ed6 04efb0ac35034d1aaab6abe3211d5b92 - - default default] 10.0.0.199 "GET /v2.0/agents?binary=ovn-controller HTTP/1.1" status: 200 len: 591 time: 0.0472534
2026-04-02 17:53:17.210 10 INFO neutron.wsgi [None req-0c9411fd-fa82-4fc2-8b0c-bb946ed288a2 e5920096478448dbb6eba624f5643ed6 04efb0ac35034d1aaab6abe3211d5b92 - - default default] 10.0.0.199 "GET /v2.0/subnets HTTP/1.1" status: 200 len: 1437 time: 0.0442629
2026-04-02 17:53:17.220 10 INFO neutron.wsgi [None req-af383769-a3cd-4652-b6e5-b8693c454d07 e5920096478448dbb6eba624f5643ed6 04efb0ac35034d1aaab6abe3211d5b92 - - default default] 10.0.0.199 "GET /v2.0/subnetpools HTTP/1.1" status: 200 len: 193 time: 0.0081611
2026-04-02 17:53:17.248 10 INFO neutron.wsgi [None req-2377cd5b-a540-4f25-a11a-e99f2b187be9 e5920096478448dbb6eba624f5643ed6 04efb0ac35034d1aaab6abe3211d5b92 - - default default] 10.0.0.199 "GET /v2.0/subnets HTTP/1.1" status: 200 len: 1437 time: 0.0277827
2026-04-02 17:53:17.312 10 INFO neutron.wsgi [None req-434bdb5d-0c01-47d8-bbd4-35c6f96ffb88 e5920096478448dbb6eba624f5643ed6 04efb0ac35034d1aaab6abe3211d5b92 - - default default] 10.0.0.199 "GET /v2.0/ports HTTP/1.1" status: 200 len: 5351 time: 0.0621228
2026-04-02 17:53:17.384 10 INFO neutron.wsgi [None req-6b4f4c17-2f12-4050-9a1f-76e7da16662e e5920096478448dbb6eba624f5643ed6 04efb0ac35034d1aaab6abe3211d5b92 - - default default] 10.0.0.199 "GET /v2.0/networks HTTP/1.1" status: 200 len: 2350 time: 0.0695734
2026-04-02 17:53:17.454 10 INFO neutron.wsgi [None req-2d091a6d-48f3-4d73-a00b-1c49a59b2a63 e5920096478448dbb6eba624f5643ed6 04efb0ac35034d1aaab6abe3211d5b92 - - default default] 10.0.0.199 "GET /v2.0/security-groups HTTP/1.1" status: 200 len: 17578 time: 0.0674558
2026-04-02 17:53:17.474 10 INFO neutron.wsgi [None req-d9a8214f-0750-48aa-a438-aafda53e64e2 e5920096478448dbb6eba624f5643ed6 04efb0ac35034d1aaab6abe3211d5b92 - - default default] 10.0.0.199 "GET /v2.0/agents HTTP/1.1" status: 200 len: 1390 time: 0.0133135
2026-04-02 17:53:17.485 10 INFO neutron.wsgi [None req-e3919fb9-6d45-4efe-827b-883388452dba e5920096478448dbb6eba624f5643ed6 04efb0ac35034d1aaab6abe3211d5b92 - - default default] 10.0.0.199 "GET /v2.0/network-ip-availabilities HTTP/1.1" status: 200 len: 1280 time: 0.0099077
2026-04-02 17:53:32.152 9 INFO neutron.wsgi [-] 10.0.0.149 "GET / HTTP/1.1" status: 200 len: 247 time: 0.0027688
2026-04-02 17:53:32.152 10 INFO neutron.wsgi [-] 10.0.0.149 "GET / HTTP/1.1" status: 200 len: 247 time: 0.0025303
2026-04-02 17:53:42.464 9 INFO neutron.wsgi [None req-01261eb8-f8e5-4d46-ac1e-cf6934207c4e e5920096478448dbb6eba624f5643ed6 04efb0ac35034d1aaab6abe3211d5b92 - - default default] 10.0.0.157 "GET /v2.0/networks HTTP/1.1" status: 200 len: 2369 time: 0.2540696
2026-04-02 17:53:43.596 9 INFO neutron.wsgi [None req-3aba4f52-1dad-4c16-af9e-7125b26b63bd e5920096478448dbb6eba624f5643ed6 04efb0ac35034d1aaab6abe3211d5b92 - - default default] 10.0.0.157 "GET /v2.0/floatingips HTTP/1.1" status: 200 len: 212 time: 0.0358622
2026-04-02 17:53:43.638 9 INFO neutron.wsgi [None req-bc68915e-77d4-4fe2-aa6b-a95cf682da06 e5920096478448dbb6eba624f5643ed6 04efb0ac35034d1aaab6abe3211d5b92 - - default default] 10.0.0.157 "GET /v2.0/routers HTTP/1.1" status: 200 len: 208 time: 0.0376191
2026-04-02 17:53:43.688 9 INFO neutron.wsgi [None req-19f6adbf-d6ae-4a75-a10c-5adcbadac421 e5920096478448dbb6eba624f5643ed6 04efb0ac35034d1aaab6abe3211d5b92 - - default default] 10.0.0.157 "GET /v2.0/ports HTTP/1.1" status: 200 len: 5370 time: 0.0446212
2026-04-02 17:53:43.731 9 INFO neutron.wsgi [None req-81c0d4c8-724d-4a07-8556-e4f141815a81 e5920096478448dbb6eba624f5643ed6 04efb0ac35034d1aaab6abe3211d5b92 - - default default] 10.0.0.157 "GET /v2.0/subnets HTTP/1.1" status: 200 len: 1456 time: 0.0389264
2026-04-02 17:53:43.796 9 INFO neutron.wsgi [None req-8995a864-6ebd-4a83-8c1f-aaf6a6fe05c5 e5920096478448dbb6eba624f5643ed6 04efb0ac35034d1aaab6abe3211d5b92 - - default default] 10.0.0.157 "GET /v2.0/networks HTTP/1.1" status: 200 len: 2369 time: 0.0600975
2026-04-02 17:53:43.849 9 INFO neutron.wsgi [None req-78b6068c-24dc-4335-bb0b-48e40eafa82a e5920096478448dbb6eba624f5643ed6 04efb0ac35034d1aaab6abe3211d5b92 - - default default] 10.0.0.157 "GET /v2.0/security-groups HTTP/1.1" status: 200 len: 17597 time: 0.0479915
2026-04-02 17:53:43.864 9 INFO neutron.wsgi [None req-0e401205-af01-4fda-93ee-0ef851eba553 e5920096478448dbb6eba624f5643ed6 04efb0ac35034d1aaab6abe3211d5b92 - - default default] 10.0.0.157 "GET /v2.0/subnetpools HTTP/1.1" status: 200 len: 212 time: 0.0091681
2026-04-02 17:53:47.151 9 INFO neutron.wsgi [-] 10.0.0.149 "GET / HTTP/1.1" status: 200 len: 247 time: 0.0024137
2026-04-02 17:53:47.153 10 INFO neutron.wsgi [-] 10.0.0.149 "GET / HTTP/1.1" status: 200 len: 247 time: 0.0029600
2026-04-02 17:53:54.404 10 INFO neutron.db.ovn_revision_numbers_db [None req-1178ae89-070c-4fdd-a5b3-75be0e52b755 e5920096478448dbb6eba624f5643ed6 04efb0ac35034d1aaab6abe3211d5b92 - - default default] Successfully bumped revision number for resource caae61e9-945f-4005-b165-58aef8d39542 (type: security_groups) to 1
2026-04-02 17:53:54.407 10 INFO neutron.db.ovn_revision_numbers_db [None req-dd692b00-6c08-4a63-850f-b0a349c1e97b e5920096478448dbb6eba624f5643ed6 04efb0ac35034d1aaab6abe3211d5b92 - - default default] Successfully bumped revision number for resource 5d8f2ccc-6914-42ad-8d0c-f66862283155 (type: security_groups) to 1
2026-04-02 17:53:54.426 10 INFO neutron.db.ovn_revision_numbers_db [None req-1178ae89-070c-4fdd-a5b3-75be0e52b755 e5920096478448dbb6eba624f5643ed6 04efb0ac35034d1aaab6abe3211d5b92 - - default default] Successfully bumped revision number for resource 6577f73e-07b1-4f31-beb3-3f91c0a8e5a9 (type: security_group_rules) to 0
2026-04-02 17:53:54.430 10 INFO neutron.db.ovn_revision_numbers_db [None req-dd692b00-6c08-4a63-850f-b0a349c1e97b e5920096478448dbb6eba624f5643ed6 04efb0ac35034d1aaab6abe3211d5b92 - - default default] Successfully bumped revision number for resource 2fced605-e152-4469-aeea-26d6511de6a6 (type: security_group_rules) to 0
2026-04-02 17:53:54.438 10 INFO neutron.db.ovn_revision_numbers_db [None req-8c8ab706-d32f-46d6-8357-e0ec4c9a4f7a e5920096478448dbb6eba624f5643ed6 04efb0ac35034d1aaab6abe3211d5b92 - - default default] Successfully bumped revision number for resource 1950a647-ea18-406f-8dcc-1ec5d8f64489 (type: security_groups) to 1
2026-04-02 17:53:54.446 10 INFO neutron.db.ovn_revision_numbers_db [None req-1178ae89-070c-4fdd-a5b3-75be0e52b755 e5920096478448dbb6eba624f5643ed6 04efb0ac35034d1aaab6abe3211d5b92 - - default default] Successfully bumped revision number for resource a8ecf748-4284-4f6c-af18-89a5420b57b6 (type: security_group_rules) to 0
2026-04-02 17:53:54.448 10 INFO neutron.db.ovn_revision_numbers_db [None req-dd692b00-6c08-4a63-850f-b0a349c1e97b e5920096478448dbb6eba624f5643ed6 04efb0ac35034d1aaab6abe3211d5b92 - - default default] Successfully bumped revision number for resource 6316620f-721a-4001-9946-792847b27688 (type: security_group_rules) to 0
