2026-04-02 17:55:50.982 9 ERROR neutron_lib.callbacks.manager row = idlutils.row_by_value(self, rl.table, rl.column, record)
2026-04-02 17:55:50.982 9 ERROR neutron_lib.callbacks.manager
File "/var/lib/openstack/lib/python3.10/site-packages/ovsdbapp/backend/ovs_idl/idlutils.py", line 114, in row_by_value
2026-04-02 17:55:50.982 9 ERROR neutron_lib.callbacks.manager raise RowNotFound(table=table, col=column, match=match)
2026-04-02 17:55:50.982 9 ERROR neutron_lib.callbacks.manager ovsdbapp.backend.ovs_idl.idlutils.RowNotFound: Cannot find Logical_Router_Port with name=lrp-7c295bb4-4e0b-46a8-9b2e-a997a052c9ba
2026-04-02 17:55:50.982 9 ERROR neutron_lib.callbacks.manager 
2026-04-02 17:55:51.127 9 INFO neutron.plugins.ml2.drivers.ovn.mech_driver.mech_driver [None req-31a44c0b-f4e7-4680-a320-06d4f79cb80f - - - - - -] OVN reports status up for port: 7c295bb4-4e0b-46a8-9b2e-a997a052c9ba
2026-04-02 17:55:51.144 9 INFO neutron.plugins.ml2.plugin [None req-31a44c0b-f4e7-4680-a320-06d4f79cb80f - - - - - -] Attempt 1 to provision port 7c295bb4-4e0b-46a8-9b2e-a997a052c9ba
2026-04-02 17:55:51.164 9 INFO neutron.db.ovn_revision_numbers_db [None req-2420d64e-0ff9-4680-85e1-0b1195e30089 cd586f28199c4d38ba163c18f30088e3 0970504bdbfe461ea9167b164046cebb - - default default] Successfully bumped revision number for resource 7c295bb4-4e0b-46a8-9b2e-a997a052c9ba (type: ports) to 1
2026-04-02 17:55:51.177 10 ERROR ovsdbapp.backend.ovs_idl.command [None req-bd918f83-fd74-4944-88f3-22cb9f6fe58b b2f412b633c841ac9751c11eb1335b8e 78afb1369bb749d0bdd34d9fc788aa43 - - default default] Error executing command (DbGetCommand): ovsdbapp.backend.ovs_idl.idlutils.RowNotFound: Cannot find Logical_Router_Port with name=lrp-f71e1963-9756-40f9-ad17-6ca949489726
2026-04-02 17:55:51.177 10 ERROR ovsdbapp.backend.ovs_idl.command
Traceback (most recent call last):
2026-04-02 17:55:51.177 10 ERROR ovsdbapp.backend.ovs_idl.command
File "/var/lib/openstack/lib/python3.10/site-packages/ovsdbapp/backend/ovs_idl/command.py", line 47, in execute
2026-04-02 17:55:51.177 10 ERROR ovsdbapp.backend.ovs_idl.command self.run_idl(None)
2026-04-02 17:55:51.177 10 ERROR ovsdbapp.backend.ovs_idl.command
File "/var/lib/openstack/lib/python3.10/site-packages/ovsdbapp/backend/ovs_idl/command.py", line 235, in run_idl
2026-04-02 17:55:51.177 10 ERROR ovsdbapp.backend.ovs_idl.command record = self.api.lookup(self.table, self.record)
2026-04-02 17:55:51.177 10 ERROR ovsdbapp.backend.ovs_idl.command
File "/var/lib/openstack/lib/python3.10/site-packages/ovsdbapp/backend/ovs_idl/__init__.py", line 184, in lookup
2026-04-02 17:55:51.177 10 ERROR ovsdbapp.backend.ovs_idl.command return self._lookup(table, record)
2026-04-02 17:55:51.177 10 ERROR ovsdbapp.backend.ovs_idl.command
File "/var/lib/openstack/lib/python3.10/site-packages/ovsdbapp/backend/ovs_idl/__init__.py", line 235, in _lookup
2026-04-02 17:55:51.177 10 ERROR ovsdbapp.backend.ovs_idl.command row = idlutils.row_by_value(self, rl.table, rl.column, record)
2026-04-02 17:55:51.177 10 ERROR ovsdbapp.backend.ovs_idl.command
File "/var/lib/openstack/lib/python3.10/site-packages/ovsdbapp/backend/ovs_idl/idlutils.py", line 114, in row_by_value
2026-04-02 17:55:51.177 10 ERROR ovsdbapp.backend.ovs_idl.command raise RowNotFound(table=table, col=column, match=match)
2026-04-02 17:55:51.177 10 ERROR ovsdbapp.backend.ovs_idl.command ovsdbapp.backend.ovs_idl.idlutils.RowNotFound: Cannot find Logical_Router_Port with name=lrp-f71e1963-9756-40f9-ad17-6ca949489726
2026-04-02 17:55:51.177 10 ERROR ovsdbapp.backend.ovs_idl.command 
2026-04-02 17:55:51.178 10 ERROR neutron_lib.callbacks.manager [None req-bd918f83-fd74-4944-88f3-22cb9f6fe58b b2f412b633c841ac9751c11eb1335b8e 78afb1369bb749d0bdd34d9fc788aa43 - - default default] Error during notification for neutron.services.ovn_l3.plugin.OVNL3RouterPlugin._port_update-8761650290406 port, after_update: ovsdbapp.backend.ovs_idl.idlutils.RowNotFound: Cannot find Logical_Router_Port with name=lrp-f71e1963-9756-40f9-ad17-6ca949489726
2026-04-02 17:55:51.178 10 ERROR neutron_lib.callbacks.manager
Traceback (most recent call last):
2026-04-02 17:55:51.178 10 ERROR neutron_lib.callbacks.manager
File "/var/lib/openstack/lib/python3.10/site-packages/neutron_lib/callbacks/manager.py", line 189, in _notify_loop
2026-04-02 17:55:51.178 10 ERROR neutron_lib.callbacks.manager callback.method(resource, event, trigger, payload=payload)
2026-04-02 17:55:51.178 10 ERROR neutron_lib.callbacks.manager
File "/var/lib/openstack/lib/python3.10/site-packages/neutron/services/ovn_l3/plugin.py", line 391, in _port_update
2026-04-02 17:55:51.178 10 ERROR neutron_lib.callbacks.manager l3plugin._ovn_client.update_router_port(context,
2026-04-02 17:55:51.178 10 ERROR neutron_lib.callbacks.manager
File "/var/lib/openstack/lib/python3.10/site-packages/neutron/plugins/ml2/drivers/ovn/mech_driver/ovsdb/ovn_client.py", line 1878, in update_router_port
2026-04-02 17:55:51.178 10 ERROR neutron_lib.callbacks.manager self._update_lrouter_port(context, port, if_exists=if_exists,
2026-04-02 17:55:51.178 10 ERROR neutron_lib.callbacks.manager
File "/var/lib/openstack/lib/python3.10/site-packages/neutron/plugins/ml2/drivers/ovn/mech_driver/ovsdb/ovn_client.py", line 1855, in _update_lrouter_port
2026-04-02 17:55:51.178 10 ERROR neutron_lib.callbacks.manager external_ids = self._nb_idl.db_get(
2026-04-02 17:55:51.178 10 ERROR neutron_lib.callbacks.manager
File "/var/lib/openstack/lib/python3.10/site-packages/ovsdbapp/backend/ovs_idl/command.py", line 47, in execute
2026-04-02 17:55:51.178 10 ERROR neutron_lib.callbacks.manager self.run_idl(None)
2026-04-02 17:55:51.178 10 ERROR neutron_lib.callbacks.manager
File "/var/lib/openstack/lib/python3.10/site-packages/ovsdbapp/backend/ovs_idl/command.py", line 235, in run_idl
2026-04-02 17:55:51.178 10 ERROR neutron_lib.callbacks.manager record = self.api.lookup(self.table, self.record)
2026-04-02 17:55:51.178 10 ERROR neutron_lib.callbacks.manager
File "/var/lib/openstack/lib/python3.10/site-packages/ovsdbapp/backend/ovs_idl/__init__.py", line 184, in lookup
2026-04-02 17:55:51.178 10 ERROR neutron_lib.callbacks.manager return self._lookup(table, record)
2026-04-02 17:55:51.178 10 ERROR neutron_lib.callbacks.manager
File "/var/lib/openstack/lib/python3.10/site-packages/ovsdbapp/backend/ovs_idl/__init__.py", line 235, in _lookup
2026-04-02 17:55:51.178 10 ERROR neutron_lib.callbacks.manager row = idlutils.row_by_value(self, rl.table, rl.column, record)
2026-04-02 17:55:51.178 10 ERROR neutron_lib.callbacks.manager
File "/var/lib/openstack/lib/python3.10/site-packages/ovsdbapp/backend/ovs_idl/idlutils.py", line 114, in row_by_value
2026-04-02 17:55:51.178 10 ERROR neutron_lib.callbacks.manager raise RowNotFound(table=table, col=column, match=match)
2026-04-02 17:55:51.178 10 ERROR neutron_lib.callbacks.manager ovsdbapp.backend.ovs_idl.idlutils.RowNotFound: Cannot find Logical_Router_Port with name=lrp-f71e1963-9756-40f9-ad17-6ca949489726
2026-04-02 17:55:51.178 10 ERROR neutron_lib.callbacks.manager 
2026-04-02 17:55:51.225 10 INFO neutron.db.ovn_revision_numbers_db [None req-73751fa7-103f-4c84-a1a3-d647b69a8183 68c443fe60194270981783c6231d4e4a f056649053c1484bb2513577fd599c0f - - default default] Successfully bumped revision number for resource f136ecc8-5328-41cb-b5a0-e1e18b75973d (type: ports) to 1
2026-04-02 17:55:51.309 10 WARNING neutron.scheduler.dhcp_agent_scheduler [None req-73751fa7-103f-4c84-a1a3-d647b69a8183 68c443fe60194270981783c6231d4e4a f056649053c1484bb2513577fd599c0f - - default default] No more DHCP agents
2026-04-02 17:55:51.311 10 WARNING neutron.api.rpc.agentnotifiers.dhcp_rpc_agent_api [None req-73751fa7-103f-4c84-a1a3-d647b69a8183 68c443fe60194270981783c6231d4e4a f056649053c1484bb2513577fd599c0f - - default default] Unable to schedule network 48dcb031-d12b-4a4d-8d5e-62155f917cc8: no agents available; will retry on subsequent port and subnet creation events.
2026-04-02 17:55:51.427 9 WARNING neutron.scheduler.dhcp_agent_scheduler [None req-2420d64e-0ff9-4680-85e1-0b1195e30089 cd586f28199c4d38ba163c18f30088e3 0970504bdbfe461ea9167b164046cebb - - default default] No more DHCP agents
2026-04-02 17:55:51.432 9 WARNING neutron.api.rpc.agentnotifiers.dhcp_rpc_agent_api [None req-2420d64e-0ff9-4680-85e1-0b1195e30089 cd586f28199c4d38ba163c18f30088e3 0970504bdbfe461ea9167b164046cebb - - default default] Unable to schedule network 468049c0-9782-4d15-afeb-5db840ac96b4: no agents available; will retry on subsequent port and subnet creation events.
2026-04-02 17:55:51.470 10 INFO neutron.db.ovn_revision_numbers_db [None req-bd918f83-fd74-4944-88f3-22cb9f6fe58b b2f412b633c841ac9751c11eb1335b8e 78afb1369bb749d0bdd34d9fc788aa43 - - default default] Successfully bumped revision number for resource f71e1963-9756-40f9-ad17-6ca949489726 (type: ports) to 1
2026-04-02 17:55:51.504 10 INFO neutron.db.ovn_revision_numbers_db [None req-73751fa7-103f-4c84-a1a3-d647b69a8183 68c443fe60194270981783c6231d4e4a f056649053c1484bb2513577fd599c0f - - default default] Successfully bumped revision number for resource f136ecc8-5328-41cb-b5a0-e1e18b75973d (type: router_ports) to 1
2026-04-02 17:55:51.509 10 INFO neutron.wsgi [None req-73751fa7-103f-4c84-a1a3-d647b69a8183 68c443fe60194270981783c6231d4e4a f056649053c1484bb2513577fd599c0f - - default default] 10.0.0.157 "PUT /v2.0/routers/8401889e-fd7c-41ee-a783-e1849609a86c/add_router_interface HTTP/1.1" status: 200 len: 503 time: 2.6366048
2026-04-02 17:55:51.566 10 WARNING neutron.scheduler.dhcp_agent_scheduler [None req-bd918f83-fd74-4944-88f3-22cb9f6fe58b b2f412b633c841ac9751c11eb1335b8e 78afb1369bb749d0bdd34d9fc788aa43 - - default default] No more DHCP agents
2026-04-02 17:55:51.569 10 WARNING neutron.api.rpc.agentnotifiers.dhcp_rpc_agent_api [None req-bd918f83-fd74-4944-88f3-22cb9f6fe58b b2f412b633c841ac9751c11eb1335b8e 78afb1369bb749d0bdd34d9fc788aa43 - - default default] Unable to schedule network d6ba5106-bc42-4fa9-ace4-427dccf43b76: no agents available; will retry on subsequent port and subnet creation events.
2026-04-02 17:55:51.608 10 INFO neutron.wsgi [None req-3eb501f7-93d9-4f4c-89f6-059a9e817023 68c443fe60194270981783c6231d4e4a f056649053c1484bb2513577fd599c0f - - default default] 10.0.0.157 "GET /v2.0/ports/f136ecc8-5328-41cb-b5a0-e1e18b75973d HTTP/1.1" status: 200 len: 1135 time: 0.0937138
2026-04-02 17:55:51.644 9 INFO neutron.db.ovn_revision_numbers_db [None req-2420d64e-0ff9-4680-85e1-0b1195e30089 cd586f28199c4d38ba163c18f30088e3 0970504bdbfe461ea9167b164046cebb - - default default] Successfully bumped revision number for resource 7c295bb4-4e0b-46a8-9b2e-a997a052c9ba (type: router_ports) to 1
2026-04-02 17:55:51.652 9 INFO neutron.wsgi [None req-2420d64e-0ff9-4680-85e1-0b1195e30089 cd586f28199c4d38ba163c18f30088e3 0970504bdbfe461ea9167b164046cebb - - default default] 10.0.0.157 "PUT /v2.0/routers/552d69d5-5400-46d6-b161-0fe681e8879d/add_router_interface HTTP/1.1" status: 200 len: 503 time: 1.9105663
2026-04-02 17:55:51.660 9 INFO neutron.wsgi [None req-af432dd8-21f8-44b4-b3b3-dc6d3f194d78 68c443fe60194270981783c6231d4e4a f056649053c1484bb2513577fd599c0f - - default default] 10.0.0.157 "GET /v2.0/ports/f136ecc8-5328-41cb-b5a0-e1e18b75973d HTTP/1.1" status: 200 len: 1135 time: 0.0465894
2026-04-02 17:55:51.689 10 INFO neutron.wsgi [None req-7e715147-9d1f-4e28-9341-9f8452df4212 cd586f28199c4d38ba163c18f30088e3 0970504bdbfe461ea9167b164046cebb - - default default] 10.0.0.157 "GET /v2.0/ports/7c295bb4-4e0b-46a8-9b2e-a997a052c9ba HTTP/1.1" status: 200 len: 1149 time: 0.0322821
2026-04-02 17:55:51.821 9 INFO neutron.wsgi [None req-b6ba3483-91b4-44c7-b800-a68a66231c80 cd586f28199c4d38ba163c18f30088e3 0970504bdbfe461ea9167b164046cebb - - default default] 10.0.0.157 "GET /v2.0/ports/7c295bb4-4e0b-46a8-9b2e-a997a052c9ba HTTP/1.1" status: 200 len: 1149 time: 0.1266813
2026-04-02 17:55:51.834 9 INFO neutron.db.ovn_revision_numbers_db [None req-31a44c0b-f4e7-4680-a320-06d4f79cb80f - - - - - -] Successfully bumped revision number for resource 7c295bb4-4e0b-46a8-9b2e-a997a052c9ba (type: ports) to 2
2026-04-02 17:55:51.956 10 INFO neutron.db.ovn_revision_numbers_db [None req-bd918f83-fd74-4944-88f3-22cb9f6fe58b b2f412b633c841ac9751c11eb1335b8e 78afb1369bb749d0bdd34d9fc788aa43 - - default default] Successfully bumped revision number for resource f71e1963-9756-40f9-ad17-6ca949489726 (type: router_ports) to 1
2026-04-02 17:55:51.961 10 INFO neutron.wsgi [None req-bd918f83-fd74-4944-88f3-22cb9f6fe58b b2f412b633c841ac9751c11eb1335b8e 78afb1369bb749d0bdd34d9fc788aa43 - - default default] 10.0.0.157 "PUT /v2.0/routers/61c814e3-6ee9-45f8-90fe-348d52bc70a2/add_router_interface HTTP/1.1" status: 200 len: 503 time: 3.3593433
2026-04-02 17:55:51.965 9 INFO neutron.db.ovn_revision_numbers_db [None req-31a44c0b-f4e7-4680-a320-06d4f79cb80f - - - - - -] Successfully bumped revision number for resource 7c295bb4-4e0b-46a8-9b2e-a997a052c9ba (type: router_ports) to 2
2026-04-02 17:55:51.975 9 WARNING neutron_lib.context [None req-b719002f-34d7-4cc1-9dfe-245109692b58 b2f412b633c841ac9751c11eb1335b8e 78afb1369bb749d0bdd34d9fc788aa43 - - default default] Method 'is_advsvc' is deprecated since 2023.2 release (neutron-lib 3.8.0) and will be removed once support for the old RBAC API policies will be removed from Neutron. Please use method 'is_service_role' instead.
2026-04-02 17:55:52.309 9 WARNING neutron.scheduler.dhcp_agent_scheduler [None req-b719002f-34d7-4cc1-9dfe-245109692b58 b2f412b633c841ac9751c11eb1335b8e 78afb1369bb749d0bdd34d9fc788aa43 - - default default] No more DHCP agents
2026-04-02 17:55:52.311 9 WARNING neutron.api.rpc.agentnotifiers.dhcp_rpc_agent_api [None req-b719002f-34d7-4cc1-9dfe-245109692b58 b2f412b633c841ac9751c11eb1335b8e 78afb1369bb749d0bdd34d9fc788aa43 - - default default] Unable to schedule network d6ba5106-bc42-4fa9-ace4-427dccf43b76: no agents available; will retry on subsequent port and subnet creation events.
2026-04-02 17:55:52.460 9 INFO neutron.db.ovn_revision_numbers_db [None req-b719002f-34d7-4cc1-9dfe-245109692b58 b2f412b633c841ac9751c11eb1335b8e 78afb1369bb749d0bdd34d9fc788aa43 - - default default] Successfully bumped revision number for resource 8fa0d229-f4ee-4ca4-8c9d-0daf0216935d (type: ports) to 1
2026-04-02 17:55:52.484 9 INFO neutron.wsgi [None req-b719002f-34d7-4cc1-9dfe-245109692b58 b2f412b633c841ac9751c11eb1335b8e 78afb1369bb749d0bdd34d9fc788aa43 - - default default] 10.0.0.157 "POST /v2.0/ports HTTP/1.1" status: 201 len: 1153 time: 0.5161173 /var/lib/openstack/lib/python3.10/site-packages/pycadf/identifier.py:71: UserWarning: Invalid uuid: neutron. To ensure interoperability, identifiers should be a valid uuid. warnings.warn(('Invalid uuid: %s. To ensure interoperability, '
2026-04-02 17:55:52.493 9 WARNING neutron_lib.context [None req-9f49ed40-78af-4e5c-aedc-0a5864d28ef3 b2f412b633c841ac9751c11eb1335b8e 78afb1369bb749d0bdd34d9fc788aa43 - - default default] Method 'is_advsvc' is deprecated since 2023.2 release (neutron-lib 3.8.0) and will be removed once support for the old RBAC API policies will be removed from Neutron. Please use method 'is_service_role' instead.
2026-04-02 17:55:52.518 10 INFO neutron.wsgi [None req-36beda0b-46fc-447d-93fc-f15a7e0517cf cd586f28199c4d38ba163c18f30088e3 0970504bdbfe461ea9167b164046cebb - - default default] 10.0.0.157 "PUT /v2.0/routers/552d69d5-5400-46d6-b161-0fe681e8879d/remove_router_interface HTTP/1.1" status: 200 len: 503 time: 0.6919341 /var/lib/openstack/lib/python3.10/site-packages/pycadf/identifier.py:71: UserWarning: Invalid uuid: neutron. To ensure interoperability, identifiers should be a valid uuid. warnings.warn(('Invalid uuid: %s. To ensure interoperability, '
2026-04-02 17:55:52.613 10 INFO neutron.wsgi [None req-aa429ecf-3a8a-4d39-a248-14eae304f271 cd586f28199c4d38ba163c18f30088e3 0970504bdbfe461ea9167b164046cebb - - default default] 10.0.0.157 "GET /v2.0/ports/86375e76-4772-4794-91a7-604643b1716a HTTP/1.1" status: 200 len: 1139 time: 0.0894499
2026-04-02 17:55:52.776 9 INFO neutron.wsgi [None req-db2a38dd-23da-46af-946c-5c1a145af3a1 68c443fe60194270981783c6231d4e4a f056649053c1484bb2513577fd599c0f - - default default] 10.0.0.157 "GET /v2.0/ports/f136ecc8-5328-41cb-b5a0-e1e18b75973d HTTP/1.1" status: 200 len: 1135 time: 0.1085312
2026-04-02 17:55:52.875 9 WARNING neutron.scheduler.dhcp_agent_scheduler [None req-9f49ed40-78af-4e5c-aedc-0a5864d28ef3 b2f412b633c841ac9751c11eb1335b8e 78afb1369bb749d0bdd34d9fc788aa43 - - default default] No more DHCP agents
2026-04-02 17:55:52.876 9 WARNING neutron.api.rpc.agentnotifiers.dhcp_rpc_agent_api [None req-9f49ed40-78af-4e5c-aedc-0a5864d28ef3 b2f412b633c841ac9751c11eb1335b8e 78afb1369bb749d0bdd34d9fc788aa43 - - default default] Unable to schedule network d6ba5106-bc42-4fa9-ace4-427dccf43b76: no agents available; will retry on subsequent port and subnet creation events. /var/lib/openstack/lib/python3.10/site-packages/pycadf/identifier.py:71: UserWarning: Invalid uuid: neutron. To ensure interoperability, identifiers should be a valid uuid. warnings.warn(('Invalid uuid: %s. To ensure interoperability, '
2026-04-02 17:55:53.042 9 INFO neutron.db.ovn_revision_numbers_db [None req-9f49ed40-78af-4e5c-aedc-0a5864d28ef3 b2f412b633c841ac9751c11eb1335b8e 78afb1369bb749d0bdd34d9fc788aa43 - - default default] Successfully bumped revision number for resource c0b939e1-4ccb-4e90-b8cc-fa4c67be3415 (type: ports) to 1
2026-04-02 17:55:53.074 9 INFO neutron.wsgi [None req-9f49ed40-78af-4e5c-aedc-0a5864d28ef3 b2f412b633c841ac9751c11eb1335b8e 78afb1369bb749d0bdd34d9fc788aa43 - - default default] 10.0.0.157 "POST /v2.0/ports HTTP/1.1" status: 201 len: 1153 time: 0.5845275
2026-04-02 17:55:53.091 10 WARNING neutron_lib.context [None req-a095264c-24b7-40a3-9a8e-78b105f09138 b2f412b633c841ac9751c11eb1335b8e 78afb1369bb749d0bdd34d9fc788aa43 - - default default] Method 'is_advsvc' is deprecated since 2023.2 release (neutron-lib 3.8.0) and will be removed once support for the old RBAC API policies will be removed from Neutron. Please use method 'is_service_role' instead.
2026-04-02 17:55:53.142 9 INFO neutron.db.ovn_revision_numbers_db [None req-baad1612-b442-4445-8e66-343f41f0ecab e5920096478448dbb6eba624f5643ed6 04efb0ac35034d1aaab6abe3211d5b92 - - default default] Successfully bumped revision number for resource 9e8e3d20-e663-41ec-96be-53117e4e539f (type: security_groups) to 1
2026-04-02 17:55:53.154 9 INFO neutron.db.ovn_revision_numbers_db [None req-baad1612-b442-4445-8e66-343f41f0ecab e5920096478448dbb6eba624f5643ed6 04efb0ac35034d1aaab6abe3211d5b92 - - default default] Successfully bumped revision number for resource 25c8e711-64b5-4679-910a-a9baf33c14f8 (type: security_group_rules) to 0
2026-04-02 17:55:53.168 9 INFO neutron.db.ovn_revision_numbers_db [None req-baad1612-b442-4445-8e66-343f41f0ecab e5920096478448dbb6eba624f5643ed6 04efb0ac35034d1aaab6abe3211d5b92 - - default default] Successfully bumped revision number for resource 3efc7ecb-64a3-444b-944a-06625c1beadb (type: security_group_rules) to 0
2026-04-02 17:55:53.181 9 INFO neutron.db.ovn_revision_numbers_db [None req-baad1612-b442-4445-8e66-343f41f0ecab e5920096478448dbb6eba624f5643ed6 04efb0ac35034d1aaab6abe3211d5b92 - - default default] Successfully bumped revision number for resource 7298d4b2-3bdf-46dc-b3b7-0cfabf7047a3 (type: security_group_rules) to 0
2026-04-02 17:55:53.194 9 INFO neutron.db.ovn_revision_numbers_db [None req-baad1612-b442-4445-8e66-343f41f0ecab e5920096478448dbb6eba624f5643ed6 04efb0ac35034d1aaab6abe3211d5b92 - - default default] Successfully bumped revision number for resource e55022ab-cfac-4050-af05-09b065ceaedb (type: security_group_rules) to 0
2026-04-02 17:55:53.217 9 INFO neutron.wsgi [None req-baad1612-b442-4445-8e66-343f41f0ecab e5920096478448dbb6eba624f5643ed6 04efb0ac35034d1aaab6abe3211d5b92 - - default default] 10.0.0.157 "GET /v2.0/security-groups?tenant_id=307e8fd8de564d69b4dddccd1759b7d2&name=default HTTP/1.1" status: 200 len: 3120 time: 0.3821092
2026-04-02 17:55:53.458 9 INFO neutron.wsgi [None req-fcd4fd26-7df1-4994-b990-6d8655216897 e5920096478448dbb6eba624f5643ed6 04efb0ac35034d1aaab6abe3211d5b92 - - default default] 10.0.0.157 "DELETE /v2.0/security-groups/9e8e3d20-e663-41ec-96be-53117e4e539f HTTP/1.1" status: 204 len: 168 time: 0.2355800
2026-04-02 17:55:53.689 10 WARNING neutron.scheduler.dhcp_agent_scheduler [None req-a095264c-24b7-40a3-9a8e-78b105f09138 b2f412b633c841ac9751c11eb1335b8e 78afb1369bb749d0bdd34d9fc788aa43 - - default default] No more DHCP agents
2026-04-02 17:55:53.694 10 WARNING neutron.api.rpc.agentnotifiers.dhcp_rpc_agent_api [None req-a095264c-24b7-40a3-9a8e-78b105f09138 b2f412b633c841ac9751c11eb1335b8e 78afb1369bb749d0bdd34d9fc788aa43 - - default default] Unable to schedule network e5b9ce7b-b79e-4fbd-82ec-90fee271619b: no agents available; will retry on subsequent port and subnet creation events.
2026-04-02 17:55:53.721 9 INFO neutron.wsgi [None req-6cdf7cd9-205e-48ab-a6e5-c885f4298c17 cd586f28199c4d38ba163c18f30088e3 0970504bdbfe461ea9167b164046cebb - - default default] 10.0.0.157 "GET /v2.0/ports/86375e76-4772-4794-91a7-604643b1716a HTTP/1.1" status: 200 len: 1139 time: 0.0994329
2026-04-02 17:55:53.722 9 INFO neutron.db.ovn_revision_numbers_db [None req-d5c65552-7242-4124-ad41-796156bbd777 e5920096478448dbb6eba624f5643ed6 04efb0ac35034d1aaab6abe3211d5b92 - - default default] Successfully bumped revision number for resource 7e19df9b-7f0c-4f87-9ce7-1a7172a9eecb (type: security_groups) to 1
2026-04-02 17:55:53.737 9 INFO neutron.db.ovn_revision_numbers_db [None req-d5c65552-7242-4124-ad41-796156bbd777 e5920096478448dbb6eba624f5643ed6 04efb0ac35034d1aaab6abe3211d5b92 - - default default] Successfully bumped revision number for resource 6ac48b35-7bed-44c6-bf46-a62bacf9dc1d (type: security_group_rules) to 0
2026-04-02 17:55:53.755 9 INFO neutron.db.ovn_revision_numbers_db [None req-d5c65552-7242-4124-ad41-796156bbd777 e5920096478448dbb6eba624f5643ed6 04efb0ac35034d1aaab6abe3211d5b92 - - default default] Successfully bumped revision number for resource c3aad97e-98ea-46ce-8bc1-c533edd1cadc (type: security_group_rules) to 0
2026-04-02 17:55:53.771 9 INFO neutron.db.ovn_revision_numbers_db [None req-d5c65552-7242-4124-ad41-796156bbd777 e5920096478448dbb6eba624f5643ed6 04efb0ac35034d1aaab6abe3211d5b92 - - default default] Successfully bumped revision number for resource d5b7bd98-00d3-4412-b3d7-58cec146a436 (type: security_group_rules) to 0
2026-04-02 17:55:53.785 9 INFO neutron.db.ovn_revision_numbers_db [None req-d5c65552-7242-4124-ad41-796156bbd777 e5920096478448dbb6eba624f5643ed6 04efb0ac35034d1aaab6abe3211d5b92 - - default default] Successfully bumped revision number for resource e2a6b584-9205-4045-82a0-1d71391bbe86 (type: security_group_rules) to 0
2026-04-02 17:55:53.811 9 INFO neutron.wsgi [None req-d5c65552-7242-4124-ad41-796156bbd777 e5920096478448dbb6eba624f5643ed6 04efb0ac35034d1aaab6abe3211d5b92 - - default default] 10.0.0.157 "GET /v2.0/security-groups?tenant_id=c29352f942a7467f8bc0881a91940ff9&name=default HTTP/1.1" status: 200 len: 3120 time: 0.2571008
2026-04-02 17:55:53.863 10 INFO neutron.wsgi [None req-f4e1afb7-7397-4e17-8eb5-8011612e879a 68c443fe60194270981783c6231d4e4a f056649053c1484bb2513577fd599c0f - - default default] 10.0.0.157 "GET /v2.0/ports/f136ecc8-5328-41cb-b5a0-e1e18b75973d HTTP/1.1" status: 200 len: 1135 time: 0.0832367
2026-04-02 17:55:54.045 9 INFO neutron.wsgi [None req-77b4f3a1-5db2-4ef0-a8cb-224799975808 e5920096478448dbb6eba624f5643ed6 04efb0ac35034d1aaab6abe3211d5b92 - - default default] 10.0.0.157 "DELETE /v2.0/security-groups/7e19df9b-7f0c-4f87-9ce7-1a7172a9eecb HTTP/1.1" status: 204 len: 168 time: 0.2282264
2026-04-02 17:55:54.534 10 INFO neutron.db.ovn_revision_numbers_db [None req-a095264c-24b7-40a3-9a8e-78b105f09138 b2f412b633c841ac9751c11eb1335b8e 78afb1369bb749d0bdd34d9fc788aa43 - - default default] Successfully bumped revision number for resource a3420297-63ce-4d25-ae5b-dd8db57c44b9 (type: floatingips) to -1
2026-04-02 17:55:54.655 10 INFO neutron.db.ovn_revision_numbers_db [None req-a095264c-24b7-40a3-9a8e-78b105f09138 b2f412b633c841ac9751c11eb1335b8e 78afb1369bb749d0bdd34d9fc788aa43 - - default default] Successfully bumped revision number for resource a3420297-63ce-4d25-ae5b-dd8db57c44b9 (type: floatingips) to 1
2026-04-02 17:55:54.656 10 INFO neutron.db.l3_db [None req-a095264c-24b7-40a3-9a8e-78b105f09138 b2f412b633c841ac9751c11eb1335b8e 78afb1369bb749d0bdd34d9fc788aa43 - - default default] Floating IP a3420297-63ce-4d25-ae5b-dd8db57c44b9 associated. External IP: 10.96.250.217, port: c0b939e1-4ccb-4e90-b8cc-fa4c67be3415.
2026-04-02 17:55:54.696 10 INFO neutron.wsgi [None req-a095264c-24b7-40a3-9a8e-78b105f09138 b2f412b633c841ac9751c11eb1335b8e 78afb1369bb749d0bdd34d9fc788aa43 - - default default] 10.0.0.157 "POST /v2.0/floatingips HTTP/1.1" status: 201 len: 1040 time: 1.6119056
2026-04-02 17:55:54.767 9 INFO neutron.wsgi [None req-2ddada02-2896-4fd1-91c1-6ff632ab7ef4 cd586f28199c4d38ba163c18f30088e3 0970504bdbfe461ea9167b164046cebb - - default default] 10.0.0.157 "GET /v2.0/ports/86375e76-4772-4794-91a7-604643b1716a HTTP/1.1" status: 200 len: 1139 time: 0.0390921
2026-04-02 17:55:54.912 9 INFO neutron.wsgi [None req-eb393764-4fa7-4ccf-b1ee-40107d59b604 68c443fe60194270981783c6231d4e4a f056649053c1484bb2513577fd599c0f - - default default] 10.0.0.157 "GET /v2.0/ports/f136ecc8-5328-41cb-b5a0-e1e18b75973d HTTP/1.1" status: 200 len: 1135 time: 0.0422709
2026-04-02 17:55:54.922 10 INFO neutron.db.ovn_revision_numbers_db [None req-7e353430-429d-45d0-965f-7e18337a866a b2f412b633c841ac9751c11eb1335b8e 78afb1369bb749d0bdd34d9fc788aa43 - - default default] Successfully bumped revision number for resource a3420297-63ce-4d25-ae5b-dd8db57c44b9 (type: floatingips) to 2
2026-04-02 17:55:54.981 10 WARNING neutron.plugins.ml2.drivers.ovn.mech_driver.ovsdb.ovn_client [None req-8d2cf2ee-c82e-474d-8c94-215c72e4d0c3 - - - - - -] No hosting information found for port 62e5d0b1-7d57-4f54-9114-b10756a984f7: RuntimeError: No hosting information found for port 62e5d0b1-7d57-4f54-9114-b10756a984f7
2026-04-02 17:55:54.982 10 INFO neutron.plugins.ml2.drivers.ovn.mech_driver.mech_driver [None req-8d2cf2ee-c82e-474d-8c94-215c72e4d0c3 - - - - - -] OVN reports status up for port: 86375e76-4772-4794-91a7-604643b1716a
2026-04-02 17:55:54.992 10 INFO neutron.plugins.ml2.plugin [None req-8d2cf2ee-c82e-474d-8c94-215c72e4d0c3 - - - - - -] Attempt 1 to provision port 86375e76-4772-4794-91a7-604643b1716a
2026-04-02 17:55:54.994 10 INFO neutron.db.l3_db [None req-7e353430-429d-45d0-965f-7e18337a866a b2f412b633c841ac9751c11eb1335b8e 78afb1369bb749d0bdd34d9fc788aa43 - - default default] Floating IP a3420297-63ce-4d25-ae5b-dd8db57c44b9 disassociated. External IP: 10.96.250.217, port: c0b939e1-4ccb-4e90-b8cc-fa4c67be3415.
2026-04-02 17:55:55.028 10 INFO neutron.wsgi [None req-7e353430-429d-45d0-965f-7e18337a866a b2f412b633c841ac9751c11eb1335b8e 78afb1369bb749d0bdd34d9fc788aa43 - - default default] 10.0.0.157 "PUT /v2.0/floatingips/a3420297-63ce-4d25-ae5b-dd8db57c44b9 HTTP/1.1" status: 200 len: 748 time: 0.3276963
2026-04-02 17:55:55.456 10 INFO neutron.db.ovn_revision_numbers_db [None req-8d2cf2ee-c82e-474d-8c94-215c72e4d0c3 - - - - - -] Successfully bumped revision number for resource 86375e76-4772-4794-91a7-604643b1716a (type: ports) to 2
2026-04-02 17:55:55.555 9 INFO neutron.wsgi [None req-8e522b3d-eb61-4724-bf23-6ff67b61b299 b2f412b633c841ac9751c11eb1335b8e 78afb1369bb749d0bdd34d9fc788aa43 - - default default] 10.0.0.157 "DELETE /v2.0/floatingips/a3420297-63ce-4d25-ae5b-dd8db57c44b9 HTTP/1.1" status: 204 len: 168 time: 0.5205619
2026-04-02 17:55:55.564 9 WARNING neutron_lib.context [None req-0fd0385e-c9c1-47bf-a9db-e447d723e709 b2f412b633c841ac9751c11eb1335b8e 78afb1369bb749d0bdd34d9fc788aa43 - - default default] Method 'is_advsvc' is deprecated since 2023.2 release (neutron-lib 3.8.0) and will be removed once support for the old RBAC API policies will be removed from Neutron. Please use method 'is_service_role' instead.
2026-04-02 17:55:55.820 10 INFO neutron.wsgi [None req-a2458f08-757d-4c3d-8e68-4c37c40c1532 cd586f28199c4d38ba163c18f30088e3 0970504bdbfe461ea9167b164046cebb - - default default] 10.0.0.157 "GET /v2.0/ports/86375e76-4772-4794-91a7-604643b1716a HTTP/1.1" status: 200 len: 1141 time: 0.0473042
2026-04-02 17:55:55.824 9 WARNING neutron.scheduler.dhcp_agent_scheduler [None req-0fd0385e-c9c1-47bf-a9db-e447d723e709 b2f412b633c841ac9751c11eb1335b8e 78afb1369bb749d0bdd34d9fc788aa43 - - default default] No more DHCP agents
2026-04-02 17:55:55.827 9 WARNING neutron.api.rpc.agentnotifiers.dhcp_rpc_agent_api [None req-0fd0385e-c9c1-47bf-a9db-e447d723e709 b2f412b633c841ac9751c11eb1335b8e 78afb1369bb749d0bdd34d9fc788aa43 - - default default] Unable to schedule network e5b9ce7b-b79e-4fbd-82ec-90fee271619b: no agents available; will retry on subsequent port and subnet creation events.
2026-04-02 17:55:55.852 10 INFO neutron.db.ovn_revision_numbers_db [None req-8d2cf2ee-c82e-474d-8c94-215c72e4d0c3 - - - - - -] Successfully bumped revision number for resource 86375e76-4772-4794-91a7-604643b1716a (type: router_ports) to 2
2026-04-02 17:55:55.958 10 INFO neutron.wsgi [None req-7a2518f6-7909-4aec-8cec-1233c41388c6 68c443fe60194270981783c6231d4e4a f056649053c1484bb2513577fd599c0f - - default default] 10.0.0.157 "GET /v2.0/ports/f136ecc8-5328-41cb-b5a0-e1e18b75973d HTTP/1.1" status: 200 len: 1135 time: 0.0408545
2026-04-02 17:55:56.531 10 INFO neutron.db.ovn_revision_numbers_db [None req-eebbfc95-e980-4a77-b463-c728fc671305 e5920096478448dbb6eba624f5643ed6 04efb0ac35034d1aaab6abe3211d5b92 - - default default] Successfully bumped revision number for resource 8cf2f8d3-8be8-46d5-960f-353605e45194 (type: security_groups) to 1
2026-04-02 17:55:56.544 10 INFO neutron.db.ovn_revision_numbers_db [None req-eebbfc95-e980-4a77-b463-c728fc671305 e5920096478448dbb6eba624f5643ed6 04efb0ac35034d1aaab6abe3211d5b92 - - default default] Successfully bumped revision number for resource 3d0f125f-4bc5-49c7-ab23-49995679f6e7 (type: security_group_rules) to 0
2026-04-02 17:55:56.559 10 INFO neutron.db.ovn_revision_numbers_db [None req-eebbfc95-e980-4a77-b463-c728fc671305 e5920096478448dbb6eba624f5643ed6 04efb0ac35034d1aaab6abe3211d5b92 - - default default] Successfully bumped revision number for resource 98647d9b-61d6-4ee7-b1f0-18099eefed56 (type: security_group_rules) to 0
2026-04-02 17:55:56.572 10 INFO neutron.db.ovn_revision_numbers_db [None req-eebbfc95-e980-4a77-b463-c728fc671305 e5920096478448dbb6eba624f5643ed6 04efb0ac35034d1aaab6abe3211d5b92 - - default default] Successfully bumped revision number for resource cd9e7955-bd79-4829-bc3e-f1307d3196a2 (type: security_group_rules) to 0
2026-04-02 17:55:56.586 10 INFO neutron.db.ovn_revision_numbers_db [None req-eebbfc95-e980-4a77-b463-c728fc671305 e5920096478448dbb6eba624f5643ed6 04efb0ac35034d1aaab6abe3211d5b92 - - default default] Successfully bumped revision number for resource d39fd8be-9bc2-49cd-b312-3d6f4a5fc07b (type: security_group_rules) to 0
2026-04-02 17:55:56.608 10 INFO neutron.wsgi [None req-eebbfc95-e980-4a77-b463-c728fc671305 e5920096478448dbb6eba624f5643ed6 04efb0ac35034d1aaab6abe3211d5b92 - - default default] 10.0.0.157 "GET /v2.0/security-groups?tenant_id=1e4103dd684243a5a5d30b495c60b6bb&name=default HTTP/1.1" status: 200 len: 3120 time: 0.3513887
2026-04-02 17:55:56.859 10 INFO neutron.wsgi [None req-808bb112-4cae-414f-ac58-898de91cc731 e5920096478448dbb6eba624f5643ed6 04efb0ac35034d1aaab6abe3211d5b92 - - default default] 10.0.0.157 "DELETE /v2.0/security-groups/8cf2f8d3-8be8-46d5-960f-353605e45194 HTTP/1.1" status: 204 len: 168 time: 0.2448101
2026-04-02 17:55:56.939 9 INFO neutron.wsgi [None req-a4efe570-1bdf-4236-942b-85564fa96168 cd586f28199c4d38ba163c18f30088e3 0970504bdbfe461ea9167b164046cebb - - default default] 10.0.0.157 "PUT /v2.0/routers/552d69d5-5400-46d6-b161-0fe681e8879d/remove_router_interface HTTP/1.1" status: 200 len: 503 time: 1.1132996
2026-04-02 17:55:56.986 10 INFO neutron.wsgi [None req-13463a83-b826-4bbb-919a-0a3306cbf148 cd586f28199c4d38ba163c18f30088e3 0970504bdbfe461ea9167b164046cebb - - default default] 10.0.0.157 "GET /v2.0/ports?device_id=552d69d5-5400-46d6-b161-0fe681e8879d HTTP/1.1" status: 200 len: 205 time: 0.0419397 /var/lib/openstack/lib/python3.10/site-packages/pycadf/identifier.py:71: UserWarning: Invalid uuid: neutron. To ensure interoperability, identifiers should be a valid uuid. warnings.warn(('Invalid uuid: %s. To ensure interoperability, '
2026-04-02 17:55:57.026 9 WARNING neutron.plugins.ml2.drivers.ovn.mech_driver.ovsdb.ovn_client [None req-31a44c0b-f4e7-4680-a320-06d4f79cb80f - - - - - -] No port found with ID 7c295bb4-4e0b-46a8-9b2e-a997a052c9ba: RuntimeError: No port found with ID 7c295bb4-4e0b-46a8-9b2e-a997a052c9ba
2026-04-02 17:55:57.026 9 INFO neutron.plugins.ml2.drivers.ovn.mech_driver.mech_driver [None req-31a44c0b-f4e7-4680-a320-06d4f79cb80f - - - - - -] OVN reports status up for port: f136ecc8-5328-41cb-b5a0-e1e18b75973d
2026-04-02 17:55:57.043 9 INFO neutron.wsgi [None req-21d4ee36-5fcc-4f0f-9f1b-9d871e680eb5 68c443fe60194270981783c6231d4e4a f056649053c1484bb2513577fd599c0f - - default default] 10.0.0.157 "GET /v2.0/ports/f136ecc8-5328-41cb-b5a0-e1e18b75973d HTTP/1.1" status: 200 len: 1135 time: 0.0616353
2026-04-02 17:55:57.045 9 INFO neutron.plugins.ml2.plugin [None req-31a44c0b-f4e7-4680-a320-06d4f79cb80f - - - - - -] Attempt 1 to provision port f136ecc8-5328-41cb-b5a0-e1e18b75973d
2026-04-02 17:55:57.175 9 INFO neutron.db.ovn_revision_numbers_db [None req-0fd0385e-c9c1-47bf-a9db-e447d723e709 b2f412b633c841ac9751c11eb1335b8e 78afb1369bb749d0bdd34d9fc788aa43 - - default default] Successfully bumped revision number for resource 8a88e92e-1af5-41c0-81c1-7cdcffe01f02 (type: floatingips) to -1
2026-04-02 17:55:57.246 10 INFO neutron.wsgi [None req-77cfc4cd-bfb8-44e7-acfa-e82dfaf6290c cd586f28199c4d38ba163c18f30088e3 0970504bdbfe461ea9167b164046cebb - - default default] 10.0.0.157 "DELETE /v2.0/routers/552d69d5-5400-46d6-b161-0fe681e8879d HTTP/1.1" status: 204 len: 168 time: 0.2560797
2026-04-02 17:55:57.391 9 INFO neutron.db.ovn_revision_numbers_db [None req-0fd0385e-c9c1-47bf-a9db-e447d723e709 b2f412b633c841ac9751c11eb1335b8e 78afb1369bb749d0bdd34d9fc788aa43 - - default default] Successfully bumped revision number for resource 8a88e92e-1af5-41c0-81c1-7cdcffe01f02 (type: floatingips) to 1
2026-04-02 17:55:57.391 9 INFO neutron.db.l3_db [None req-0fd0385e-c9c1-47bf-a9db-e447d723e709 b2f412b633c841ac9751c11eb1335b8e 78afb1369bb749d0bdd34d9fc788aa43 - - default default] Floating IP 8a88e92e-1af5-41c0-81c1-7cdcffe01f02 associated. External IP: 10.96.250.202, port: 8fa0d229-f4ee-4ca4-8c9d-0daf0216935d.
2026-04-02 17:55:57.438 10 INFO neutron.wsgi [None req-99d26640-6e85-4684-a7b4-e3cb78464054 cd586f28199c4d38ba163c18f30088e3 0970504bdbfe461ea9167b164046cebb - - default default] 10.0.0.157 "DELETE /v2.0/subnets/d7f90720-2a9e-4782-8c18-68fe1730b309 HTTP/1.1" status: 204 len: 168 time: 0.1785030
2026-04-02 17:55:57.455 9 INFO neutron.wsgi [None req-0fd0385e-c9c1-47bf-a9db-e447d723e709 b2f412b633c841ac9751c11eb1335b8e 78afb1369bb749d0bdd34d9fc788aa43 - - default default] 10.0.0.157 "POST /v2.0/floatingips HTTP/1.1" status: 201 len: 1040 time: 1.8941615
2026-04-02 17:55:57.529 9 INFO neutron.wsgi [None req-01a53ec7-c45f-446f-ad59-bb348e703cad b2f412b633c841ac9751c11eb1335b8e 78afb1369bb749d0bdd34d9fc788aa43 - - default default] 10.0.0.157 "GET /v2.0/floatingips/8a88e92e-1af5-41c0-81c1-7cdcffe01f02 HTTP/1.1" status: 200 len: 1037 time: 0.0675731
2026-04-02 17:55:57.595 9 INFO neutron.db.ovn_revision_numbers_db [None req-31a44c0b-f4e7-4680-a320-06d4f79cb80f - - - - - -] Successfully bumped revision number for resource f136ecc8-5328-41cb-b5a0-e1e18b75973d (type: ports) to 2
2026-04-02 17:55:57.599 10 INFO neutron.wsgi [None req-6018d27d-6031-4e2e-bfac-66fc9cb2840a b2f412b633c841ac9751c11eb1335b8e 78afb1369bb749d0bdd34d9fc788aa43 - - default default] 10.0.0.157 "GET /v2.0/floatingips HTTP/1.1" status: 200 len: 1040 time: 0.0647223
2026-04-02 17:55:57.646 10 INFO neutron.wsgi [None req-ffe78104-8cf5-4a77-a54d-7cdc1a4d0cc1 cd586f28199c4d38ba163c18f30088e3 0970504bdbfe461ea9167b164046cebb - - default default] 10.0.0.157 "DELETE /v2.0/subnets/19b970cc-3cc5-47d2-8265-af1e58ba1dc9 HTTP/1.1" status: 204 len: 168 time: 0.2012475
2026-04-02 17:55:57.759 9 INFO neutron.db.ovn_revision_numbers_db [None req-31a44c0b-f4e7-4680-a320-06d4f79cb80f - - - - - -] Successfully bumped revision number for resource f136ecc8-5328-41cb-b5a0-e1e18b75973d (type: router_ports) to 2
2026-04-02 17:55:57.958 10 INFO neutron.services.segments.plugin [-] Segment ab8a729f-2760-461c-9240-0f0f18d43971 resource provider aggregate not found
2026-04-02 17:55:57.962 10 INFO neutron.services.segments.plugin [-] Segment ab8a729f-2760-461c-9240-0f0f18d43971 resource provider aggregate not found
2026-04-02 17:55:57.979 10 INFO neutron.services.segments.plugin [-] Segment ab8a729f-2760-461c-9240-0f0f18d43971 resource provider not found; error: Placement Client Error (4xx): {"errors": [{"status": 404, "title": "Not Found", "detail": "The resource could not be found.\n\n No resource provider with uuid ab8a729f-2760-461c-9240-0f0f18d43971 found for delete ", "request_id": "req-a785faff-5c5c-4bda-a621-b2fb43df8708"}]}
2026-04-02 17:55:57.980 10 INFO neutron.services.segments.plugin [-] Segment ab8a729f-2760-461c-9240-0f0f18d43971 resource provider not found; error: Placement Client Error (4xx): {"errors": [{"status": 404, "title": "Not Found", "detail": "The resource could not be found.\n\n No resource provider with uuid ab8a729f-2760-461c-9240-0f0f18d43971 found for delete ", "request_id": "req-a82f8a24-298e-41eb-af0f-509a08a1aa83"}]}
2026-04-02 17:55:58.002 10 INFO neutron.wsgi [None req-26b9173b-1704-44ed-8ad7-c09e0e3f4ae1 cd586f28199c4d38ba163c18f30088e3 0970504bdbfe461ea9167b164046cebb - - default default] 10.0.0.157 "DELETE /v2.0/networks/468049c0-9782-4d15-afeb-5db840ac96b4 HTTP/1.1" status: 204 len: 168 time: 0.3523736
2026-04-02 17:55:58.151 10 INFO neutron.wsgi [None req-399ac6ce-c8da-4191-8182-d91415ee79cd 68c443fe60194270981783c6231d4e4a f056649053c1484bb2513577fd599c0f - - default default] 10.0.0.157 "GET /v2.0/ports/f136ecc8-5328-41cb-b5a0-e1e18b75973d HTTP/1.1" status: 200 len: 1137 time: 0.1024637
2026-04-02 17:55:58.414 9 INFO neutron.db.ovn_revision_numbers_db [None req-0411ac60-4f12-497a-8a62-96438e28f90d b2f412b633c841ac9751c11eb1335b8e 78afb1369bb749d0bdd34d9fc788aa43 - - default default] Successfully bumped revision number for resource 8a88e92e-1af5-41c0-81c1-7cdcffe01f02 (type: floatingips) to 2
2026-04-02 17:55:58.552 9 INFO neutron.db.ovn_revision_numbers_db [None req-0411ac60-4f12-497a-8a62-96438e28f90d b2f412b633c841ac9751c11eb1335b8e 78afb1369bb749d0bdd34d9fc788aa43 - - default default] Successfully bumped revision number for resource 8a88e92e-1af5-41c0-81c1-7cdcffe01f02 (type: floatingips) to 2
2026-04-02 17:55:58.553 9 INFO neutron.db.l3_db [None req-0411ac60-4f12-497a-8a62-96438e28f90d b2f412b633c841ac9751c11eb1335b8e 78afb1369bb749d0bdd34d9fc788aa43 - - default default] Floating IP 8a88e92e-1af5-41c0-81c1-7cdcffe01f02 associated. External IP: 10.96.250.202, port: 8fa0d229-f4ee-4ca4-8c9d-0daf0216935d.
2026-04-02 17:55:58.610 9 INFO neutron.wsgi [None req-0411ac60-4f12-497a-8a62-96438e28f90d b2f412b633c841ac9751c11eb1335b8e 78afb1369bb749d0bdd34d9fc788aa43 - - default default] 10.0.0.157 "PUT /v2.0/floatingips/8a88e92e-1af5-41c0-81c1-7cdcffe01f02 HTTP/1.1" status: 200 len: 1037 time: 1.0056112
2026-04-02 17:55:58.638 10 INFO neutron.wsgi [None req-f9de5493-072f-40ff-af1d-7b48862d0f18 cd586f28199c4d38ba163c18f30088e3 0970504bdbfe461ea9167b164046cebb - - default default] 10.0.0.157 "DELETE /v2.0/networks/52f44483-c7ef-4138-a776-80c8b539ad10 HTTP/1.1" status: 204 len: 168 time: 0.6287475
2026-04-02 17:55:58.649 9 WARNING neutron_lib.context [None req-1ec2e5c7-2bdb-4254-9a4f-e4c1cb603c1b cd586f28199c4d38ba163c18f30088e3 0970504bdbfe461ea9167b164046cebb - - default default] Method 'is_advsvc' is deprecated since 2023.2 release (neutron-lib 3.8.0) and will be removed once support for the old RBAC API policies will be removed from Neutron. Please use method 'is_service_role' instead.
2026-04-02 17:55:58.754 9 INFO neutron.db.segments_db [None req-1ec2e5c7-2bdb-4254-9a4f-e4c1cb603c1b cd586f28199c4d38ba163c18f30088e3 0970504bdbfe461ea9167b164046cebb - - default default] Added segment aef4b159-299b-4b34-9e14-093bb164a8ac of type geneve for network c3806fc8-b32b-487c-a918-42e05b7727f0
2026-04-02 17:55:58.865 9 INFO neutron.db.ovn_revision_numbers_db [None req-62283e5e-84a2-4b28-b9b0-b8a7bbc1c628 b2f412b633c841ac9751c11eb1335b8e 78afb1369bb749d0bdd34d9fc788aa43 - - default default] Successfully bumped revision number for resource 8a88e92e-1af5-41c0-81c1-7cdcffe01f02 (type: floatingips) to 3
2026-04-02 17:55:58.973 9 INFO neutron.db.l3_db [None req-62283e5e-84a2-4b28-b9b0-b8a7bbc1c628 b2f412b633c841ac9751c11eb1335b8e 78afb1369bb749d0bdd34d9fc788aa43 - - default default] Floating IP 8a88e92e-1af5-41c0-81c1-7cdcffe01f02 disassociated. External IP: 10.96.250.202, port: c0b939e1-4ccb-4e90-b8cc-fa4c67be3415.
2026-04-02 17:55:59.014 9 INFO neutron.db.ovn_revision_numbers_db [None req-1ec2e5c7-2bdb-4254-9a4f-e4c1cb603c1b cd586f28199c4d38ba163c18f30088e3 0970504bdbfe461ea9167b164046cebb - - default default] Successfully bumped revision number for resource c3806fc8-b32b-487c-a918-42e05b7727f0 (type: networks) to 1
2026-04-02 17:55:59.020 9 INFO neutron.wsgi [None req-62283e5e-84a2-4b28-b9b0-b8a7bbc1c628 b2f412b633c841ac9751c11eb1335b8e 78afb1369bb749d0bdd34d9fc788aa43 - - default default] 10.0.0.157 "PUT /v2.0/floatingips/8a88e92e-1af5-41c0-81c1-7cdcffe01f02 HTTP/1.1" status: 200 len: 748 time: 0.4040036 /var/lib/openstack/lib/python3.10/site-packages/pycadf/identifier.py:71: UserWarning: Invalid uuid: neutron. To ensure interoperability, identifiers should be a valid uuid. warnings.warn(('Invalid uuid: %s. To ensure interoperability, '
2026-04-02 17:55:59.062 10 INFO neutron.wsgi [None req-7e65fe39-a4c6-4e39-9d20-68d9f2402033 68c443fe60194270981783c6231d4e4a f056649053c1484bb2513577fd599c0f - - default default] 10.0.0.157 "PUT /v2.0/routers/8401889e-fd7c-41ee-a783-e1849609a86c/remove_router_interface HTTP/1.1" status: 200 len: 503 time: 0.9073017
2026-04-02 17:55:59.100 9 INFO neutron.wsgi [None req-e8fd7cf8-0a8b-46d1-885e-11f44aabe77e 68c443fe60194270981783c6231d4e4a f056649053c1484bb2513577fd599c0f - - default default] 10.0.0.157 "GET /v2.0/ports?device_id=8401889e-fd7c-41ee-a783-e1849609a86c HTTP/1.1" status: 200 len: 205 time: 0.0332711
2026-04-02 17:55:59.336 9 WARNING neutron.scheduler.dhcp_agent_scheduler [None req-1ec2e5c7-2bdb-4254-9a4f-e4c1cb603c1b cd586f28199c4d38ba163c18f30088e3 0970504bdbfe461ea9167b164046cebb - - default default] No more DHCP agents
2026-04-02 17:55:59.340 9 WARNING neutron.api.rpc.agentnotifiers.dhcp_rpc_agent_api [None req-1ec2e5c7-2bdb-4254-9a4f-e4c1cb603c1b cd586f28199c4d38ba163c18f30088e3 0970504bdbfe461ea9167b164046cebb - - default default] Unable to schedule network c3806fc8-b32b-487c-a918-42e05b7727f0: no agents available; will retry on subsequent port and subnet creation events.
2026-04-02 17:55:59.385 10 INFO neutron.wsgi [None req-688aed17-e077-43a2-a386-aa078efbb877 b2f412b633c841ac9751c11eb1335b8e 78afb1369bb749d0bdd34d9fc788aa43 - - default default] 10.0.0.157 "DELETE /v2.0/floatingips/8a88e92e-1af5-41c0-81c1-7cdcffe01f02 HTTP/1.1" status: 204 len: 168 time: 0.3564520
2026-04-02 17:55:59.404 9 INFO neutron.wsgi [None req-77553571-66ca-4ff3-a912-75eaa2cbd4cc 68c443fe60194270981783c6231d4e4a f056649053c1484bb2513577fd599c0f - - default default] 10.0.0.157 "DELETE /v2.0/routers/8401889e-fd7c-41ee-a783-e1849609a86c HTTP/1.1" status: 204 len: 168 time: 0.2969682
2026-04-02 17:55:59.417 10 INFO neutron.api.v2.resource [None req-34c48363-133b-45a6-b1cf-c817349ac8ab b2f412b633c841ac9751c11eb1335b8e 78afb1369bb749d0bdd34d9fc788aa43 - - default default] delete failed (client error): The resource could not be found.
2026-04-02 17:55:59.418 10 INFO neutron.wsgi [None req-34c48363-133b-45a6-b1cf-c817349ac8ab b2f412b633c841ac9751c11eb1335b8e 78afb1369bb749d0bdd34d9fc788aa43 - - default default] 10.0.0.157 "DELETE /v2.0/floatingips/8a88e92e-1af5-41c0-81c1-7cdcffe01f02 HTTP/1.1" status: 404 len: 345 time: 0.0266485
2026-04-02 17:55:59.451 9 INFO neutron.db.ovn_revision_numbers_db [None req-1ec2e5c7-2bdb-4254-9a4f-e4c1cb603c1b cd586f28199c4d38ba163c18f30088e3 0970504bdbfe461ea9167b164046cebb - - default default] Successfully bumped revision number for resource 299f07ef-3794-4d0b-b7dc-1b15fed7d12d (type: ports) to 1
2026-04-02 17:55:59.481 9 INFO neutron.wsgi [None req-1ec2e5c7-2bdb-4254-9a4f-e4c1cb603c1b cd586f28199c4d38ba163c18f30088e3 0970504bdbfe461ea9167b164046cebb - - default default] 10.0.0.157 "POST /v2.0/networks HTTP/1.1" status: 201 len: 832 time: 0.8368213
2026-04-02 17:55:59.496 10 WARNING neutron_lib.context [None req-f4bb86b3-28e7-43ea-b019-9aa6407fca9d cd586f28199c4d38ba163c18f30088e3 0970504bdbfe461ea9167b164046cebb - - default default] Method 'is_advsvc' is deprecated since 2023.2 release (neutron-lib 3.8.0) and will be removed once support for the old RBAC API policies will be removed from Neutron. Please use method 'is_service_role' instead.
2026-04-02 17:55:59.613 9 INFO neutron.wsgi [None req-c5f6e3b4-9893-4d34-bef9-9fc1777e404a 68c443fe60194270981783c6231d4e4a f056649053c1484bb2513577fd599c0f - - default default] 10.0.0.157 "DELETE /v2.0/subnets/37b47e8e-849b-481a-97e4-3e17b02a7e59 HTTP/1.1" status: 204 len: 168 time: 0.2049813
2026-04-02 17:55:59.967 9 INFO neutron.services.segments.plugin [-] Segment 469676f4-3212-419d-855c-532a185b3d76 resource provider aggregate not found
2026-04-02 17:55:59.973 9 INFO neutron.services.segments.plugin [-] Segment 469676f4-3212-419d-855c-532a185b3d76 resource provider aggregate not found
2026-04-02 17:55:59.988 9 INFO neutron.services.segments.plugin [-] Segment 469676f4-3212-419d-855c-532a185b3d76 resource provider not found; error: Placement Client Error (4xx): {"errors": [{"status": 404, "title": "Not Found", "detail": "The resource could not be found.\n\n No resource provider with uuid 469676f4-3212-419d-855c-532a185b3d76 found for delete ", "request_id": "req-fc9f0478-0f6e-45a2-9aa5-887185ebc969"}]}
2026-04-02 17:55:59.990 9 INFO neutron.services.segments.plugin [-] Segment 469676f4-3212-419d-855c-532a185b3d76 resource provider not found; error: Placement Client Error (4xx): {"errors": [{"status": 404, "title": "Not Found", "detail": "The resource could not be found.\n\n No resource provider with uuid 469676f4-3212-419d-855c-532a185b3d76 found for delete ", "request_id": "req-c97ef781-dc20-4aa9-820d-40a7a590b640"}]}
2026-04-02 17:55:59.995 10 WARNING neutron.scheduler.dhcp_agent_scheduler [None req-f4bb86b3-28e7-43ea-b019-9aa6407fca9d cd586f28199c4d38ba163c18f30088e3 0970504bdbfe461ea9167b164046cebb - - default default] No more DHCP agents
2026-04-02 17:55:59.997 10 INFO neutron.services.segments.plugin [-] Segment abac5d01-b006-4678-81c2-14e348d105bb resource provider aggregate not found
2026-04-02 17:56:00.004 10 INFO neutron.services.segments.plugin [-] Segment abac5d01-b006-4678-81c2-14e348d105bb resource provider aggregate not found
2026-04-02 17:56:00.008 10 WARNING neutron.api.rpc.agentnotifiers.dhcp_rpc_agent_api [None req-f4bb86b3-28e7-43ea-b019-9aa6407fca9d cd586f28199c4d38ba163c18f30088e3 0970504bdbfe461ea9167b164046cebb - - default default] Unable to schedule network c3806fc8-b32b-487c-a918-42e05b7727f0: no agents available; will retry on subsequent port and subnet creation events.
2026-04-02 17:56:00.016 10 INFO neutron.services.segments.plugin [-] Segment abac5d01-b006-4678-81c2-14e348d105bb resource provider not found; error: Placement Client Error (4xx): {"errors": [{"status": 404, "title": "Not Found", "detail": "The resource could not be found.\n\n No resource provider with uuid abac5d01-b006-4678-81c2-14e348d105bb found for delete ", "request_id": "req-674a5bd8-9c36-4273-9efe-35dcbe4475c6"}]}
2026-04-02 17:56:00.022 10 INFO neutron.services.segments.plugin [-] Segment abac5d01-b006-4678-81c2-14e348d105bb resource provider not found; error: Placement Client Error (4xx): {"errors": [{"status": 404, "title": "Not Found", "detail": "The resource could not be found.\n\n No resource provider with uuid abac5d01-b006-4678-81c2-14e348d105bb found for delete ", "request_id": "req-d4b599a8-0ed8-4294-bb20-1c4086da95f3"}]}
2026-04-02 17:56:00.023 9 INFO neutron.wsgi [None req-9118719a-3890-4731-9c96-5e920c2ee814 68c443fe60194270981783c6231d4e4a f056649053c1484bb2513577fd599c0f - - default default] 10.0.0.157 "DELETE /v2.0/networks/48dcb031-d12b-4a4d-8d5e-62155f917cc8 HTTP/1.1" status: 204 len: 168 time: 0.4055536
2026-04-02 17:56:00.034 10 WARNING neutron_lib.context [None req-7dc0b6ce-20a5-4ad8-9a40-3e3552689b50 68c443fe60194270981783c6231d4e4a f056649053c1484bb2513577fd599c0f - - default default] Method 'is_advsvc' is deprecated since 2023.2 release (neutron-lib 3.8.0) and will be removed once support for the old RBAC API policies will be removed from Neutron. Please use method 'is_service_role' instead.
2026-04-02 17:56:00.071 10 INFO neutron.db.ovn_revision_numbers_db [None req-f4bb86b3-28e7-43ea-b019-9aa6407fca9d cd586f28199c4d38ba163c18f30088e3 0970504bdbfe461ea9167b164046cebb - - default default] Successfully bumped revision number for resource b96b03d5-5ed8-402a-abfd-1dcff67ca080 (type: subnets) to 0
2026-04-02 17:56:00.088 10 INFO neutron.wsgi [None req-f4bb86b3-28e7-43ea-b019-9aa6407fca9d cd586f28199c4d38ba163c18f30088e3 0970504bdbfe461ea9167b164046cebb - - default default] 10.0.0.157 "POST /v2.0/subnets HTTP/1.1" status: 201 len: 821 time: 0.5998900
