File "/var/lib/openstack/lib/python3.10/site-packages/ovsdbapp/backend/ovs_idl/idlutils.py", line 114, in row_by_value
2026-04-02 17:54:01.769 10 ERROR neutron_lib.callbacks.manager raise RowNotFound(table=table, col=column, match=match)
2026-04-02 17:54:01.769 10 ERROR neutron_lib.callbacks.manager ovsdbapp.backend.ovs_idl.idlutils.RowNotFound: Cannot find Logical_Router_Port with name=lrp-098c1356-439c-4172-af8e-649704edadf3
2026-04-02 17:54:01.769 10 ERROR neutron_lib.callbacks.manager 
2026-04-02 17:54:01.771 10 WARNING neutron.scheduler.dhcp_agent_scheduler [None req-f6716d68-c25e-4246-9abc-4e238623f724 e5920096478448dbb6eba624f5643ed6 04efb0ac35034d1aaab6abe3211d5b92 - - default default] No more DHCP agents
2026-04-02 17:54:01.775 10 WARNING neutron.api.rpc.agentnotifiers.dhcp_rpc_agent_api [None req-f6716d68-c25e-4246-9abc-4e238623f724 e5920096478448dbb6eba624f5643ed6 04efb0ac35034d1aaab6abe3211d5b92 - - default default] Unable to schedule network e5b9ce7b-b79e-4fbd-82ec-90fee271619b: no agents available; will retry on subsequent port and subnet creation events.
2026-04-02 17:54:01.785 9 INFO neutron.db.ovn_revision_numbers_db [None req-fa478f95-503d-40f9-aabe-7aedd0a5e459 58248a7e859a433ba684a2334938bb89 5d7116c3089c4fc08e3f81d0ed34e1d8 - - default default] Successfully bumped revision number for resource 5c4f453b-bb0d-47c6-bfcf-4df80b48c465 (type: security_groups) to 1
2026-04-02 17:54:01.805 9 INFO neutron.db.ovn_revision_numbers_db [None req-fa478f95-503d-40f9-aabe-7aedd0a5e459 58248a7e859a433ba684a2334938bb89 5d7116c3089c4fc08e3f81d0ed34e1d8 - - default default] Successfully bumped revision number for resource 0514d108-f6f5-4be4-8a75-05624312f76d (type: security_group_rules) to 0
2026-04-02 17:54:01.833 9 INFO neutron.db.ovn_revision_numbers_db [None req-fa478f95-503d-40f9-aabe-7aedd0a5e459 58248a7e859a433ba684a2334938bb89 5d7116c3089c4fc08e3f81d0ed34e1d8 - - default default] Successfully bumped revision number for resource 6a0b4a7a-989b-4435-a3b6-990e5ba63b3b (type: security_group_rules) to 0
2026-04-02 17:54:01.868 9 INFO neutron.wsgi [None req-fa478f95-503d-40f9-aabe-7aedd0a5e459 58248a7e859a433ba684a2334938bb89 5d7116c3089c4fc08e3f81d0ed34e1d8 - - default default] 10.0.0.157 "POST /v2.0/security-groups HTTP/1.1" status: 201 len: 1860 time: 0.4804273
2026-04-02 17:54:01.879 9 WARNING neutron_lib.context [None req-36d4438a-4c36-4b35-87fc-4d01680ea786 58248a7e859a433ba684a2334938bb89 5d7116c3089c4fc08e3f81d0ed34e1d8 - - default default] Method 'is_advsvc' is deprecated since 2023.2 release (neutron-lib 3.8.0) and will be removed once support for the old RBAC API policies will be removed from Neutron. Please use method 'is_service_role' instead.
2026-04-02 17:54:02.153 10 INFO neutron.wsgi [-] 10.0.0.149 "GET / HTTP/1.1" status: 200 len: 247 time: 0.0015342
2026-04-02 17:54:02.154 10 INFO neutron.wsgi [-] 10.0.0.149 "GET / HTTP/1.1" status: 200 len: 247 time: 0.0008397
2026-04-02 17:54:02.157 10 INFO neutron.db.ovn_revision_numbers_db [None req-f6716d68-c25e-4246-9abc-4e238623f724 e5920096478448dbb6eba624f5643ed6 04efb0ac35034d1aaab6abe3211d5b92 - - default default] Successfully bumped revision number for resource 2f9ed60d-0854-4d43-ab02-963fd0d29a42 (type: ports) to 1
2026-04-02 17:54:02.191 9 INFO neutron.db.ovn_revision_numbers_db [None req-36d4438a-4c36-4b35-87fc-4d01680ea786 58248a7e859a433ba684a2334938bb89 5d7116c3089c4fc08e3f81d0ed34e1d8 - - default default] Successfully bumped revision number for resource dc41e9d2-ddef-4209-a8c9-7f41f28f4f7b (type: security_group_rules) to 0
2026-04-02 17:54:02.237 9 INFO neutron.wsgi [None req-36d4438a-4c36-4b35-87fc-4d01680ea786 58248a7e859a433ba684a2334938bb89 5d7116c3089c4fc08e3f81d0ed34e1d8 - - default default] 10.0.0.157 "POST /v2.0/security-group-rules HTTP/1.1" status: 201 len: 796 time: 0.3628554
2026-04-02 17:54:02.239 10 INFO neutron.db.ovn_revision_numbers_db [None req-0e8cb3b5-6a12-4691-8fa0-da45ceb547f5 e5920096478448dbb6eba624f5643ed6 04efb0ac35034d1aaab6abe3211d5b92 - - default default] Successfully bumped revision number for resource 098c1356-439c-4172-af8e-649704edadf3 (type: ports) to 1
2026-04-02 17:54:02.252 10 INFO neutron.db.ovn_revision_numbers_db [None req-56e170c6-5d54-4558-a1fa-b33dd5bdfa35 - - - - - -] Successfully bumped revision number for resource dd7a37f8-0cdb-4b12-bbdd-f47e85e5c018 (type: ports) to 4
2026-04-02 17:54:02.257 9 WARNING neutron_lib.context [None req-e6017b01-2034-4eab-b88c-64bef18f913f 58248a7e859a433ba684a2334938bb89 5d7116c3089c4fc08e3f81d0ed34e1d8 - - default default] Method 'is_advsvc' is deprecated since 2023.2 release (neutron-lib 3.8.0) and will be removed once support for the old RBAC API policies will be removed from Neutron. Please use method 'is_service_role' instead.
2026-04-02 17:54:02.276 9 INFO neutron.db.ovn_revision_numbers_db [None req-31a44c0b-f4e7-4680-a320-06d4f79cb80f - - - - - -] Successfully bumped revision number for resource f2729059-3365-4471-a7e7-58203cce8e2d (type: ports) to 2
2026-04-02 17:54:02.408 10 WARNING neutron.scheduler.dhcp_agent_scheduler [None req-0e8cb3b5-6a12-4691-8fa0-da45ceb547f5 e5920096478448dbb6eba624f5643ed6 04efb0ac35034d1aaab6abe3211d5b92 - - default default] No more DHCP agents
2026-04-02 17:54:02.415 10 WARNING neutron.api.rpc.agentnotifiers.dhcp_rpc_agent_api [None req-0e8cb3b5-6a12-4691-8fa0-da45ceb547f5 e5920096478448dbb6eba624f5643ed6 04efb0ac35034d1aaab6abe3211d5b92 - - default default] Unable to schedule network 9be57b49-d6f7-4fa4-9703-fec7aec64a85: no agents available; will retry on subsequent port and subnet creation events.
2026-04-02 17:54:02.477 9 ERROR ovsdbapp.backend.ovs_idl.command [None req-31a44c0b-f4e7-4680-a320-06d4f79cb80f - - - - - -] Error executing command (DbGetCommand): ovsdbapp.backend.ovs_idl.idlutils.RowNotFound: Cannot find Logical_Router_Port with name=lrp-f2729059-3365-4471-a7e7-58203cce8e2d
2026-04-02 17:54:02.477 9 ERROR ovsdbapp.backend.ovs_idl.command
Traceback (most recent call last):
2026-04-02 17:54:02.477 9 ERROR ovsdbapp.backend.ovs_idl.command
File "/var/lib/openstack/lib/python3.10/site-packages/ovsdbapp/backend/ovs_idl/command.py", line 47, in execute
2026-04-02 17:54:02.477 9 ERROR ovsdbapp.backend.ovs_idl.command self.run_idl(None)
2026-04-02 17:54:02.477 9 ERROR ovsdbapp.backend.ovs_idl.command
File "/var/lib/openstack/lib/python3.10/site-packages/ovsdbapp/backend/ovs_idl/command.py", line 235, in run_idl
2026-04-02 17:54:02.477 9 ERROR ovsdbapp.backend.ovs_idl.command record = self.api.lookup(self.table, self.record)
2026-04-02 17:54:02.477 9 ERROR ovsdbapp.backend.ovs_idl.command
File "/var/lib/openstack/lib/python3.10/site-packages/ovsdbapp/backend/ovs_idl/__init__.py", line 184, in lookup
2026-04-02 17:54:02.477 9 ERROR ovsdbapp.backend.ovs_idl.command return self._lookup(table, record)
2026-04-02 17:54:02.477 9 ERROR ovsdbapp.backend.ovs_idl.command
File "/var/lib/openstack/lib/python3.10/site-packages/ovsdbapp/backend/ovs_idl/__init__.py", line 235, in _lookup
2026-04-02 17:54:02.477 9 ERROR ovsdbapp.backend.ovs_idl.command row = idlutils.row_by_value(self, rl.table, rl.column, record)
2026-04-02 17:54:02.477 9 ERROR ovsdbapp.backend.ovs_idl.command
File "/var/lib/openstack/lib/python3.10/site-packages/ovsdbapp/backend/ovs_idl/idlutils.py", line 114, in row_by_value
2026-04-02 17:54:02.477 9 ERROR ovsdbapp.backend.ovs_idl.command raise RowNotFound(table=table, col=column, match=match)
2026-04-02 17:54:02.477 9 ERROR ovsdbapp.backend.ovs_idl.command ovsdbapp.backend.ovs_idl.idlutils.RowNotFound: Cannot find Logical_Router_Port with name=lrp-f2729059-3365-4471-a7e7-58203cce8e2d
2026-04-02 17:54:02.477 9 ERROR ovsdbapp.backend.ovs_idl.command 
2026-04-02 17:54:02.478 9 ERROR neutron_lib.callbacks.manager [None req-31a44c0b-f4e7-4680-a320-06d4f79cb80f - - - - - -] Error during notification for neutron.services.ovn_l3.plugin.OVNL3RouterPlugin._port_update-8761650290406 port, after_update: ovsdbapp.backend.ovs_idl.idlutils.RowNotFound: Cannot find Logical_Router_Port with name=lrp-f2729059-3365-4471-a7e7-58203cce8e2d
2026-04-02 17:54:02.478 9 ERROR neutron_lib.callbacks.manager
Traceback (most recent call last):
2026-04-02 17:54:02.478 9 ERROR neutron_lib.callbacks.manager
File "/var/lib/openstack/lib/python3.10/site-packages/neutron_lib/callbacks/manager.py", line 189, in _notify_loop
2026-04-02 17:54:02.478 9 ERROR neutron_lib.callbacks.manager callback.method(resource, event, trigger, payload=payload)
2026-04-02 17:54:02.478 9 ERROR neutron_lib.callbacks.manager
File "/var/lib/openstack/lib/python3.10/site-packages/neutron/services/ovn_l3/plugin.py", line 391, in _port_update
2026-04-02 17:54:02.478 9 ERROR neutron_lib.callbacks.manager l3plugin._ovn_client.update_router_port(context,
2026-04-02 17:54:02.478 9 ERROR neutron_lib.callbacks.manager
File "/var/lib/openstack/lib/python3.10/site-packages/neutron/plugins/ml2/drivers/ovn/mech_driver/ovsdb/ovn_client.py", line 1878, in update_router_port
2026-04-02 17:54:02.478 9 ERROR neutron_lib.callbacks.manager self._update_lrouter_port(context, port, if_exists=if_exists,
2026-04-02 17:54:02.478 9 ERROR neutron_lib.callbacks.manager
File "/var/lib/openstack/lib/python3.10/site-packages/neutron/plugins/ml2/drivers/ovn/mech_driver/ovsdb/ovn_client.py", line 1855, in _update_lrouter_port
2026-04-02 17:54:02.478 9 ERROR neutron_lib.callbacks.manager external_ids = self._nb_idl.db_get(
2026-04-02 17:54:02.478 9 ERROR neutron_lib.callbacks.manager
File "/var/lib/openstack/lib/python3.10/site-packages/ovsdbapp/backend/ovs_idl/command.py", line 47, in execute
2026-04-02 17:54:02.478 9 ERROR neutron_lib.callbacks.manager self.run_idl(None)
2026-04-02 17:54:02.478 9 ERROR neutron_lib.callbacks.manager
File "/var/lib/openstack/lib/python3.10/site-packages/ovsdbapp/backend/ovs_idl/command.py", line 235, in run_idl
2026-04-02 17:54:02.478 9 ERROR neutron_lib.callbacks.manager record = self.api.lookup(self.table, self.record)
2026-04-02 17:54:02.478 9 ERROR neutron_lib.callbacks.manager
File "/var/lib/openstack/lib/python3.10/site-packages/ovsdbapp/backend/ovs_idl/__init__.py", line 184, in lookup
2026-04-02 17:54:02.478 9 ERROR neutron_lib.callbacks.manager return self._lookup(table, record)
2026-04-02 17:54:02.478 9 ERROR neutron_lib.callbacks.manager
File "/var/lib/openstack/lib/python3.10/site-packages/ovsdbapp/backend/ovs_idl/__init__.py", line 235, in _lookup
2026-04-02 17:54:02.478 9 ERROR neutron_lib.callbacks.manager row = idlutils.row_by_value(self, rl.table, rl.column, record)
2026-04-02 17:54:02.478 9 ERROR neutron_lib.callbacks.manager
File "/var/lib/openstack/lib/python3.10/site-packages/ovsdbapp/backend/ovs_idl/idlutils.py", line 114, in row_by_value
2026-04-02 17:54:02.478 9 ERROR neutron_lib.callbacks.manager raise RowNotFound(table=table, col=column, match=match)
2026-04-02 17:54:02.478 9 ERROR neutron_lib.callbacks.manager ovsdbapp.backend.ovs_idl.idlutils.RowNotFound: Cannot find Logical_Router_Port with name=lrp-f2729059-3365-4471-a7e7-58203cce8e2d
2026-04-02 17:54:02.478 9 ERROR neutron_lib.callbacks.manager 
2026-04-02 17:54:02.535 9 INFO neutron.db.ovn_revision_numbers_db [None req-e6017b01-2034-4eab-b88c-64bef18f913f 58248a7e859a433ba684a2334938bb89 5d7116c3089c4fc08e3f81d0ed34e1d8 - - default default] Successfully bumped revision number for resource 69a866c1-6ab1-4ba8-894e-0dd474ce5591 (type: security_group_rules) to 0
2026-04-02 17:54:02.580 9 INFO neutron.wsgi [None req-e6017b01-2034-4eab-b88c-64bef18f913f 58248a7e859a433ba684a2334938bb89 5d7116c3089c4fc08e3f81d0ed34e1d8 - - default default] 10.0.0.157 "POST /v2.0/security-group-rules HTTP/1.1" status: 201 len: 801 time: 0.3288562
2026-04-02 17:54:02.591 9 WARNING neutron_lib.context [None req-caa73f14-138d-4361-b322-7c12ded8ae5d 58248a7e859a433ba684a2334938bb89 5d7116c3089c4fc08e3f81d0ed34e1d8 - - default default] Method 'is_advsvc' is deprecated since 2023.2 release (neutron-lib 3.8.0) and will be removed once support for the old RBAC API policies will be removed from Neutron. Please use method 'is_service_role' instead.
2026-04-02 17:54:02.854 10 INFO neutron.db.ovn_revision_numbers_db [None req-56e170c6-5d54-4558-a1fa-b33dd5bdfa35 - - - - - -] Successfully bumped revision number for resource dd7a37f8-0cdb-4b12-bbdd-f47e85e5c018 (type: router_ports) to 4
2026-04-02 17:54:02.908 10 INFO neutron.plugins.ml2.drivers.ovn.mech_driver.ovsdb.ovsdb_monitor [None req-56e170c6-5d54-4558-a1fa-b33dd5bdfa35 - - - - - -] Router 1a03c44d-44a7-4ac5-9325-d5b42fb2d878 is bound to host instance
2026-04-02 17:54:03.002 9 INFO neutron.db.ovn_revision_numbers_db [None req-04a5bfd8-6791-47c9-a782-68ccea6672bc e5920096478448dbb6eba624f5643ed6 04efb0ac35034d1aaab6abe3211d5b92 - - default default] Successfully bumped revision number for resource f2729059-3365-4471-a7e7-58203cce8e2d (type: router_ports) to 1
2026-04-02 17:54:03.009 9 INFO neutron.wsgi [None req-04a5bfd8-6791-47c9-a782-68ccea6672bc e5920096478448dbb6eba624f5643ed6 04efb0ac35034d1aaab6abe3211d5b92 - - default default] 10.0.0.157 "PUT /v2.0/routers/f5293fbd-2757-4da7-8aa2-607131d19aa6/add_router_interface HTTP/1.1" status: 200 len: 503 time: 3.2565103
2026-04-02 17:54:03.088 9 WARNING neutron.scheduler.dhcp_agent_scheduler [None req-caa73f14-138d-4361-b322-7c12ded8ae5d 58248a7e859a433ba684a2334938bb89 5d7116c3089c4fc08e3f81d0ed34e1d8 - - default default] No more DHCP agents
2026-04-02 17:54:03.091 9 WARNING neutron.api.rpc.agentnotifiers.dhcp_rpc_agent_api [None req-caa73f14-138d-4361-b322-7c12ded8ae5d 58248a7e859a433ba684a2334938bb89 5d7116c3089c4fc08e3f81d0ed34e1d8 - - default default] Unable to schedule network e5b9ce7b-b79e-4fbd-82ec-90fee271619b: no agents available; will retry on subsequent port and subnet creation events.
2026-04-02 17:54:03.374 9 INFO neutron.wsgi [None req-caa73f14-138d-4361-b322-7c12ded8ae5d 58248a7e859a433ba684a2334938bb89 5d7116c3089c4fc08e3f81d0ed34e1d8 - - default default] 10.0.0.157 "POST /v2.0/floatingips HTTP/1.1" status: 201 len: 751 time: 0.7893374
2026-04-02 17:54:03.419 10 INFO neutron.plugins.ml2.drivers.ovn.mech_driver.ovsdb.commands [None req-9c5d3a2a-826b-432d-b40f-5c7057dfb494 - - - - - -] Schedule LRP lrp-2f9ed60d-0854-4d43-ab02-963fd0d29a42 on gateway e63cc583-2cc1-44ed-bddc-dea82e3a56e8 with priority 1
2026-04-02 17:54:03.543 9 WARNING neutron_lib.context [None req-817c0436-6afa-4e23-9e09-f8d7d34ac8a3 6ec2bc25c16b4082a449e441deb053c9 f73a91e194e449269c5fb544acb156a2 - - default default] Method 'is_advsvc' is deprecated since 2023.2 release (neutron-lib 3.8.0) and will be removed once support for the old RBAC API policies will be removed from Neutron. Please use method 'is_service_role' instead.
2026-04-02 17:54:03.637 10 INFO neutron.db.ovn_revision_numbers_db [None req-f6716d68-c25e-4246-9abc-4e238623f724 e5920096478448dbb6eba624f5643ed6 04efb0ac35034d1aaab6abe3211d5b92 - - default default] Successfully bumped revision number for resource 2f9ed60d-0854-4d43-ab02-963fd0d29a42 (type: router_ports) to 1
2026-04-02 17:54:03.662 9 INFO neutron.db.ovn_revision_numbers_db [None req-817c0436-6afa-4e23-9e09-f8d7d34ac8a3 6ec2bc25c16b4082a449e441deb053c9 f73a91e194e449269c5fb544acb156a2 - - default default] Successfully bumped revision number for resource db35dc60-4998-4b58-898c-50da2d0fca11 (type: security_groups) to 1
2026-04-02 17:54:03.685 9 INFO neutron.db.ovn_revision_numbers_db [None req-817c0436-6afa-4e23-9e09-f8d7d34ac8a3 6ec2bc25c16b4082a449e441deb053c9 f73a91e194e449269c5fb544acb156a2 - - default default] Successfully bumped revision number for resource 549bfcba-6c33-4e82-b8b9-4b2f985f58ff (type: security_group_rules) to 0
2026-04-02 17:54:03.699 9 INFO neutron.db.ovn_revision_numbers_db [None req-817c0436-6afa-4e23-9e09-f8d7d34ac8a3 6ec2bc25c16b4082a449e441deb053c9 f73a91e194e449269c5fb544acb156a2 - - default default] Successfully bumped revision number for resource a50cb10e-2be0-49d1-a374-1e4877f67ef2 (type: security_group_rules) to 0
2026-04-02 17:54:03.720 9 INFO neutron.wsgi [None req-817c0436-6afa-4e23-9e09-f8d7d34ac8a3 6ec2bc25c16b4082a449e441deb053c9 f73a91e194e449269c5fb544acb156a2 - - default default] 10.0.0.157 "POST /v2.0/security-groups HTTP/1.1" status: 201 len: 1860 time: 0.1845765
2026-04-02 17:54:03.728 9 WARNING neutron_lib.context [None req-0b092c43-1389-4998-8dcf-4e23b0dedb33 6ec2bc25c16b4082a449e441deb053c9 f73a91e194e449269c5fb544acb156a2 - - default default] Method 'is_advsvc' is deprecated since 2023.2 release (neutron-lib 3.8.0) and will be removed once support for the old RBAC API policies will be removed from Neutron. Please use method 'is_service_role' instead.
2026-04-02 17:54:03.777 10 INFO neutron.db.ovn_revision_numbers_db [None req-f6716d68-c25e-4246-9abc-4e238623f724 e5920096478448dbb6eba624f5643ed6 04efb0ac35034d1aaab6abe3211d5b92 - - default default] Successfully bumped revision number for resource ebc89771-609b-400d-be65-be7d913dde5f (type: routers) to 2
2026-04-02 17:54:03.837 10 INFO neutron.wsgi [None req-f6716d68-c25e-4246-9abc-4e238623f724 e5920096478448dbb6eba624f5643ed6 04efb0ac35034d1aaab6abe3211d5b92 - - default default] 10.0.0.157 "POST /v2.0/routers HTTP/1.1" status: 201 len: 1171 time: 3.0435636
2026-04-02 17:54:03.897 9 INFO neutron.db.ovn_revision_numbers_db [None req-0b092c43-1389-4998-8dcf-4e23b0dedb33 6ec2bc25c16b4082a449e441deb053c9 f73a91e194e449269c5fb544acb156a2 - - default default] Successfully bumped revision number for resource ea74e19c-5fe1-4f3a-bc55-9dd2447601c0 (type: security_group_rules) to 0
2026-04-02 17:54:03.918 10 INFO neutron.plugins.ml2.drivers.ovn.mech_driver.mech_driver [None req-8d2cf2ee-c82e-474d-8c94-215c72e4d0c3 - - - - - -] OVN reports status up for port: 8ae69cd1-f1a5-4142-8aef-7ae33fdfa6f4
2026-04-02 17:54:03.938 10 INFO neutron.plugins.ml2.plugin [None req-8d2cf2ee-c82e-474d-8c94-215c72e4d0c3 - - - - - -] Attempt 1 to provision port 8ae69cd1-f1a5-4142-8aef-7ae33fdfa6f4
2026-04-02 17:54:03.945 9 INFO neutron.wsgi [None req-0b092c43-1389-4998-8dcf-4e23b0dedb33 6ec2bc25c16b4082a449e441deb053c9 f73a91e194e449269c5fb544acb156a2 - - default default] 10.0.0.157 "POST /v2.0/security-group-rules HTTP/1.1" status: 201 len: 796 time: 0.2200477
2026-04-02 17:54:03.953 9 WARNING neutron_lib.context [None req-2aa153e2-8aa0-4a08-a98b-b7a10a523ead 6ec2bc25c16b4082a449e441deb053c9 f73a91e194e449269c5fb544acb156a2 - - default default] Method 'is_advsvc' is deprecated since 2023.2 release (neutron-lib 3.8.0) and will be removed once support for the old RBAC API policies will be removed from Neutron. Please use method 'is_service_role' instead.
2026-04-02 17:54:04.035 10 INFO neutron.db.ovn_revision_numbers_db [None req-0e8cb3b5-6a12-4691-8fa0-da45ceb547f5 e5920096478448dbb6eba624f5643ed6 04efb0ac35034d1aaab6abe3211d5b92 - - default default] Successfully bumped revision number for resource 098c1356-439c-4172-af8e-649704edadf3 (type: router_ports) to 1
2026-04-02 17:54:04.046 10 INFO neutron.wsgi [None req-0e8cb3b5-6a12-4691-8fa0-da45ceb547f5 e5920096478448dbb6eba624f5643ed6 04efb0ac35034d1aaab6abe3211d5b92 - - default default] 10.0.0.157 "PUT /v2.0/routers/1a03c44d-44a7-4ac5-9325-d5b42fb2d878/add_router_interface HTTP/1.1" status: 200 len: 503 time: 4.7651534
2026-04-02 17:54:04.130 9 INFO neutron.db.ovn_revision_numbers_db [None req-2aa153e2-8aa0-4a08-a98b-b7a10a523ead 6ec2bc25c16b4082a449e441deb053c9 f73a91e194e449269c5fb544acb156a2 - - default default] Successfully bumped revision number for resource 6a42338b-3b36-4ffe-9f49-a0c136be5735 (type: security_group_rules) to 0
2026-04-02 17:54:04.161 9 INFO neutron.wsgi [None req-2aa153e2-8aa0-4a08-a98b-b7a10a523ead 6ec2bc25c16b4082a449e441deb053c9 f73a91e194e449269c5fb544acb156a2 - - default default] 10.0.0.157 "POST /v2.0/security-group-rules HTTP/1.1" status: 201 len: 801 time: 0.2121756
2026-04-02 17:54:04.203 10 WARNING neutron_lib.context [None req-8f96d2a7-227a-4fc1-8814-393991427636 6ec2bc25c16b4082a449e441deb053c9 f73a91e194e449269c5fb544acb156a2 - - default default] Method 'is_advsvc' is deprecated since 2023.2 release (neutron-lib 3.8.0) and will be removed once support for the old RBAC API policies will be removed from Neutron. Please use method 'is_service_role' instead.
2026-04-02 17:54:04.214 10 INFO neutron.db.ovn_revision_numbers_db [None req-56e170c6-5d54-4558-a1fa-b33dd5bdfa35 - - - - - -] Successfully bumped revision number for resource 959cd7f2-5fa3-496e-ab17-70cf00825b4c (type: ports) to 1
2026-04-02 17:54:04.295 9 INFO neutron.wsgi [req-62739dee-d29c-4d63-9841-ee47214a7f19 req-87df9769-05ad-45fa-8c5c-1fd523b8c0be 58248a7e859a433ba684a2334938bb89 5d7116c3089c4fc08e3f81d0ed34e1d8 - - default default] 10.0.0.89 "GET /v2.0/security-groups?name=tempest-securitygroup--797829496&fields=id&tenant_id=5d7116c3089c4fc08e3f81d0ed34e1d8 HTTP/1.1" status: 200 len: 267 time: 0.0523169
2026-04-02 17:54:04.533 9 INFO neutron.wsgi [req-62739dee-d29c-4d63-9841-ee47214a7f19 req-4a377800-1b57-420e-aaa6-8beed1471e84 58248a7e859a433ba684a2334938bb89 5d7116c3089c4fc08e3f81d0ed34e1d8 - - default default] 10.0.0.89 "GET /v2.0/networks?id=f52d3f0b-ce02-4d85-80d0-9780304835b7 HTTP/1.1" status: 200 len: 874 time: 0.2314489
2026-04-02 17:54:04.553 9 INFO neutron.wsgi [req-62739dee-d29c-4d63-9841-ee47214a7f19 req-1c22fb1d-46c2-4a45-86c5-6f402f26a7ff 58248a7e859a433ba684a2334938bb89 5d7116c3089c4fc08e3f81d0ed34e1d8 - - default default] 10.0.0.89 "GET /v2.0/quotas/5d7116c3089c4fc08e3f81d0ed34e1d8 HTTP/1.1" status: 200 len: 491 time: 0.0125797
2026-04-02 17:54:04.617 9 WARNING neutron.scheduler.dhcp_agent_scheduler [None req-1d413800-f322-41dd-a4e5-2524d5ddf742 e5920096478448dbb6eba624f5643ed6 04efb0ac35034d1aaab6abe3211d5b92 - - default default] No more DHCP agents
2026-04-02 17:54:04.621 9 WARNING neutron.api.rpc.agentnotifiers.dhcp_rpc_agent_api [None req-1d413800-f322-41dd-a4e5-2524d5ddf742 e5920096478448dbb6eba624f5643ed6 04efb0ac35034d1aaab6abe3211d5b92 - - default default] Unable to schedule network 1f94abf9-f21e-495b-bbda-f9d027faa614: no agents available; will retry on subsequent port and subnet creation events.
2026-04-02 17:54:04.678 9 INFO neutron.wsgi [req-62739dee-d29c-4d63-9841-ee47214a7f19 req-11ea60a7-2a17-4413-9eec-b8553554f3c8 58248a7e859a433ba684a2334938bb89 5d7116c3089c4fc08e3f81d0ed34e1d8 - - default default] 10.0.0.89 "GET /v2.0/ports?tenant_id=5d7116c3089c4fc08e3f81d0ed34e1d8&fields=id HTTP/1.1" status: 200 len: 302 time: 0.1184390
2026-04-02 17:54:04.703 10 WARNING neutron.scheduler.dhcp_agent_scheduler [None req-8f96d2a7-227a-4fc1-8814-393991427636 6ec2bc25c16b4082a449e441deb053c9 f73a91e194e449269c5fb544acb156a2 - - default default] No more DHCP agents
2026-04-02 17:54:04.709 10 WARNING neutron.api.rpc.agentnotifiers.dhcp_rpc_agent_api [None req-8f96d2a7-227a-4fc1-8814-393991427636 6ec2bc25c16b4082a449e441deb053c9 f73a91e194e449269c5fb544acb156a2 - - default default] Unable to schedule network e5b9ce7b-b79e-4fbd-82ec-90fee271619b: no agents available; will retry on subsequent port and subnet creation events.
2026-04-02 17:54:04.817 9 INFO neutron.db.ovn_revision_numbers_db [None req-1d413800-f322-41dd-a4e5-2524d5ddf742 e5920096478448dbb6eba624f5643ed6 04efb0ac35034d1aaab6abe3211d5b92 - - default default] Successfully bumped revision number for resource c19614bd-56bd-4d90-896e-588a06b2d5e9 (type: ports) to 1
2026-04-02 17:54:04.871 9 WARNING neutron_lib.context [req-738fce78-9803-4d7f-a5fc-05041c226a83 req-76ecd822-9e42-4ce1-a16b-57bc5456e7f2 47ce36a4976146dca1385cc84bec0af2 b9370bd0df1c4040acd6bada05320bee - - default default] Method 'is_advsvc' is deprecated since 2023.2 release (neutron-lib 3.8.0) and will be removed once support for the old RBAC API policies will be removed from Neutron. Please use method 'is_service_role' instead.
2026-04-02 17:54:04.873 10 INFO neutron.db.ovn_revision_numbers_db [None req-56e170c6-5d54-4558-a1fa-b33dd5bdfa35 - - - - - -] Successfully bumped revision number for resource 959cd7f2-5fa3-496e-ab17-70cf00825b4c (type: router_ports) to 3
2026-04-02 17:54:05.051 9 INFO neutron.db.ovn_revision_numbers_db [req-738fce78-9803-4d7f-a5fc-05041c226a83 req-76ecd822-9e42-4ce1-a16b-57bc5456e7f2 47ce36a4976146dca1385cc84bec0af2 b9370bd0df1c4040acd6bada05320bee - - default default] Successfully bumped revision number for resource 8df3264b-7f8e-4c8d-bafa-928af3768b1d (type: security_groups) to 1
2026-04-02 17:54:05.072 9 INFO neutron.db.ovn_revision_numbers_db [req-738fce78-9803-4d7f-a5fc-05041c226a83 req-76ecd822-9e42-4ce1-a16b-57bc5456e7f2 47ce36a4976146dca1385cc84bec0af2 b9370bd0df1c4040acd6bada05320bee - - default default] Successfully bumped revision number for resource 1b537e97-5345-44b4-99d1-850b44d60a4e (type: security_group_rules) to 0
2026-04-02 17:54:05.092 9 INFO neutron.wsgi [req-62739dee-d29c-4d63-9841-ee47214a7f19 req-a0689a69-5c38-474f-bf46-e3460a9889a7 6b2eb44c78ef40fe81841ada4497ec78 1186d73df1754cc2a0a3df526e988b35 - - 9c52bcdd4eeb4dd48f39771804555193 9c52bcdd4eeb4dd48f39771804555193] 10.0.0.89 "GET /v2.0/extensions HTTP/1.1" status: 200 len: 18683 time: 0.0472276
2026-04-02 17:54:05.103 10 INFO neutron.wsgi [None req-8f96d2a7-227a-4fc1-8814-393991427636 6ec2bc25c16b4082a449e441deb053c9 f73a91e194e449269c5fb544acb156a2 - - default default] 10.0.0.157 "POST /v2.0/floatingips HTTP/1.1" status: 201 len: 751 time: 0.9085319
2026-04-02 17:54:05.104 9 INFO neutron.db.ovn_revision_numbers_db [req-738fce78-9803-4d7f-a5fc-05041c226a83 req-76ecd822-9e42-4ce1-a16b-57bc5456e7f2 47ce36a4976146dca1385cc84bec0af2 b9370bd0df1c4040acd6bada05320bee - - default default] Successfully bumped revision number for resource 91e76950-6d95-40bf-9f1c-815e6e7aafae (type: security_group_rules) to 0
2026-04-02 17:54:05.111 10 INFO neutron.db.ovn_revision_numbers_db [None req-56e170c6-5d54-4558-a1fa-b33dd5bdfa35 - - - - - -] Successfully bumped revision number for resource 959cd7f2-5fa3-496e-ab17-70cf00825b4c (type: ports) to 2
2026-04-02 17:54:05.143 9 INFO neutron.wsgi [req-738fce78-9803-4d7f-a5fc-05041c226a83 req-76ecd822-9e42-4ce1-a16b-57bc5456e7f2 47ce36a4976146dca1385cc84bec0af2 b9370bd0df1c4040acd6bada05320bee - - default default] 10.0.0.89 "POST /v2.0/security-groups HTTP/1.1" status: 201 len: 1889 time: 0.3599281
2026-04-02 17:54:05.206 9 INFO neutron.wsgi [req-62739dee-d29c-4d63-9841-ee47214a7f19 req-832f9021-bb9c-4bef-b63a-ae0896e9ca64 6b2eb44c78ef40fe81841ada4497ec78 1186d73df1754cc2a0a3df526e988b35 - - 9c52bcdd4eeb4dd48f39771804555193 9c52bcdd4eeb4dd48f39771804555193] 10.0.0.89 "GET /v2.0/networks/f52d3f0b-ce02-4d85-80d0-9780304835b7?fields=segments HTTP/1.1" status: 200 len: 212 time: 0.1060994
2026-04-02 17:54:05.214 9 INFO neutron.wsgi [req-bb955e2f-ff64-4e6d-989f-2094748dbf8c req-32a56859-e103-4d14-a9c7-3ccfc4976082 47ce36a4976146dca1385cc84bec0af2 b9370bd0df1c4040acd6bada05320bee - - default default] 10.0.0.89 "GET /v2.0/security-groups/8df3264b-7f8e-4c8d-bafa-928af3768b1d HTTP/1.1" status: 200 len: 1884 time: 0.0444787
2026-04-02 17:54:05.225 9 WARNING neutron_lib.context [req-bb955e2f-ff64-4e6d-989f-2094748dbf8c req-31e0a663-562c-486a-81e5-f717fa4d38ed 47ce36a4976146dca1385cc84bec0af2 b9370bd0df1c4040acd6bada05320bee - - default default] Method 'is_advsvc' is deprecated since 2023.2 release (neutron-lib 3.8.0) and will be removed once support for the old RBAC API policies will be removed from Neutron. Please use method 'is_service_role' instead.
2026-04-02 17:54:05.343 9 INFO neutron.wsgi [req-62739dee-d29c-4d63-9841-ee47214a7f19 req-3aa7f395-a800-4538-81d5-7717035036ea 6b2eb44c78ef40fe81841ada4497ec78 1186d73df1754cc2a0a3df526e988b35 - - 9c52bcdd4eeb4dd48f39771804555193 9c52bcdd4eeb4dd48f39771804555193] 10.0.0.89 "GET /v2.0/networks/f52d3f0b-ce02-4d85-80d0-9780304835b7?fields=provider%3Aphysical_network&fields=provider%3Anetwork_type HTTP/1.1" status: 200 len: 277 time: 0.1287525
2026-04-02 17:54:05.400 10 INFO neutron.db.ovn_revision_numbers_db [None req-56e170c6-5d54-4558-a1fa-b33dd5bdfa35 - - - - - -] Successfully bumped revision number for resource 959cd7f2-5fa3-496e-ab17-70cf00825b4c (type: ports) to 4
2026-04-02 17:54:05.523 9 INFO neutron.db.ovn_revision_numbers_db [req-bb955e2f-ff64-4e6d-989f-2094748dbf8c req-31e0a663-562c-486a-81e5-f717fa4d38ed 47ce36a4976146dca1385cc84bec0af2 b9370bd0df1c4040acd6bada05320bee - - default default] Successfully bumped revision number for resource 96b73160-1968-4b10-adf6-ae0eda8fc6db (type: security_group_rules) to 0
2026-04-02 17:54:05.563 9 ERROR ovsdbapp.backend.ovs_idl.command [None req-1d413800-f322-41dd-a4e5-2524d5ddf742 e5920096478448dbb6eba624f5643ed6 04efb0ac35034d1aaab6abe3211d5b92 - - default default] Error executing command (DbGetCommand): ovsdbapp.backend.ovs_idl.idlutils.RowNotFound: Cannot find Logical_Router_Port with name=lrp-c19614bd-56bd-4d90-896e-588a06b2d5e9
2026-04-02 17:54:05.563 9 ERROR ovsdbapp.backend.ovs_idl.command
Traceback (most recent call last):
2026-04-02 17:54:05.563 9 ERROR ovsdbapp.backend.ovs_idl.command
File "/var/lib/openstack/lib/python3.10/site-packages/ovsdbapp/backend/ovs_idl/command.py", line 47, in execute
2026-04-02 17:54:05.563 9 ERROR ovsdbapp.backend.ovs_idl.command self.run_idl(None)
2026-04-02 17:54:05.563 9 ERROR ovsdbapp.backend.ovs_idl.command
File "/var/lib/openstack/lib/python3.10/site-packages/ovsdbapp/backend/ovs_idl/command.py", line 235, in run_idl
2026-04-02 17:54:05.563 9 ERROR ovsdbapp.backend.ovs_idl.command record = self.api.lookup(self.table, self.record)
2026-04-02 17:54:05.563 9 ERROR ovsdbapp.backend.ovs_idl.command
File "/var/lib/openstack/lib/python3.10/site-packages/ovsdbapp/backend/ovs_idl/__init__.py", line 184, in lookup
2026-04-02 17:54:05.563 9 ERROR ovsdbapp.backend.ovs_idl.command return self._lookup(table, record)
2026-04-02 17:54:05.563 9 ERROR ovsdbapp.backend.ovs_idl.command
File "/var/lib/openstack/lib/python3.10/site-packages/ovsdbapp/backend/ovs_idl/__init__.py", line 235, in _lookup
2026-04-02 17:54:05.563 9 ERROR ovsdbapp.backend.ovs_idl.command row = idlutils.row_by_value(self, rl.table, rl.column, record)
2026-04-02 17:54:05.563 9 ERROR ovsdbapp.backend.ovs_idl.command
File "/var/lib/openstack/lib/python3.10/site-packages/ovsdbapp/backend/ovs_idl/idlutils.py", line 114, in row_by_value
2026-04-02 17:54:05.563 9 ERROR ovsdbapp.backend.ovs_idl.command raise RowNotFound(table=table, col=column, match=match)
2026-04-02 17:54:05.563 9 ERROR ovsdbapp.backend.ovs_idl.command ovsdbapp.backend.ovs_idl.idlutils.RowNotFound: Cannot find Logical_Router_Port with name=lrp-c19614bd-56bd-4d90-896e-588a06b2d5e9
2026-04-02 17:54:05.563 9 ERROR ovsdbapp.backend.ovs_idl.command 
2026-04-02 17:54:05.563 9 ERROR neutron_lib.callbacks.manager [None req-1d413800-f322-41dd-a4e5-2524d5ddf742 e5920096478448dbb6eba624f5643ed6 04efb0ac35034d1aaab6abe3211d5b92 - - default default] Error during notification for neutron.services.ovn_l3.plugin.OVNL3RouterPlugin._port_update-8761650290406 port, after_update: ovsdbapp.backend.ovs_idl.idlutils.RowNotFound: Cannot find Logical_Router_Port with name=lrp-c19614bd-56bd-4d90-896e-588a06b2d5e9
2026-04-02 17:54:05.563 9 ERROR neutron_lib.callbacks.manager
Traceback (most recent call last):
2026-04-02 17:54:05.563 9 ERROR neutron_lib.callbacks.manager
File "/var/lib/openstack/lib/python3.10/site-packages/neutron_lib/callbacks/manager.py", line 189, in _notify_loop
2026-04-02 17:54:05.563 9 ERROR neutron_lib.callbacks.manager callback.method(resource, event, trigger, payload=payload)
2026-04-02 17:54:05.563 9 ERROR neutron_lib.callbacks.manager
File "/var/lib/openstack/lib/python3.10/site-packages/neutron/services/ovn_l3/plugin.py", line 391, in _port_update
2026-04-02 17:54:05.563 9 ERROR neutron_lib.callbacks.manager l3plugin._ovn_client.update_router_port(context,
2026-04-02 17:54:05.563 9 ERROR neutron_lib.callbacks.manager
File "/var/lib/openstack/lib/python3.10/site-packages/neutron/plugins/ml2/drivers/ovn/mech_driver/ovsdb/ovn_client.py", line 1878, in update_router_port
2026-04-02 17:54:05.563 9 ERROR neutron_lib.callbacks.manager self._update_lrouter_port(context, port, if_exists=if_exists,
2026-04-02 17:54:05.563 9 ERROR neutron_lib.callbacks.manager
File "/var/lib/openstack/lib/python3.10/site-packages/neutron/plugins/ml2/drivers/ovn/mech_driver/ovsdb/ovn_client.py", line 1855, in _update_lrouter_port
2026-04-02 17:54:05.563 9 ERROR neutron_lib.callbacks.manager external_ids = self._nb_idl.db_get(
2026-04-02 17:54:05.563 9 ERROR neutron_lib.callbacks.manager
File "/var/lib/openstack/lib/python3.10/site-packages/ovsdbapp/backend/ovs_idl/command.py", line 47, in execute
2026-04-02 17:54:05.563 9 ERROR neutron_lib.callbacks.manager self.run_idl(None)
2026-04-02 17:54:05.563 9 ERROR neutron_lib.callbacks.manager
File "/var/lib/openstack/lib/python3.10/site-packages/ovsdbapp/backend/ovs_idl/command.py", line 235, in run_idl
2026-04-02 17:54:05.563 9 ERROR neutron_lib.callbacks.manager record = self.api.lookup(self.table, self.record)
2026-04-02 17:54:05.563 9 ERROR neutron_lib.callbacks.manager
File "/var/lib/openstack/lib/python3.10/site-packages/ovsdbapp/backend/ovs_idl/__init__.py", line 184, in lookup
2026-04-02 17:54:05.563 9 ERROR neutron_lib.callbacks.manager return self._lookup(table, record)
2026-04-02 17:54:05.563 9 ERROR neutron_lib.callbacks.manager
File "/var/lib/openstack/lib/python3.10/site-packages/ovsdbapp/backend/ovs_idl/__init__.py", line 235, in _lookup
2026-04-02 17:54:05.563 9 ERROR neutron_lib.callbacks.manager row = idlutils.row_by_value(self, rl.table, rl.column, record)
2026-04-02 17:54:05.563 9 ERROR neutron_lib.callbacks.manager
File "/var/lib/openstack/lib/python3.10/site-packages/ovsdbapp/backend/ovs_idl/idlutils.py", line 114, in row_by_value
2026-04-02 17:54:05.563 9 ERROR neutron_lib.callbacks.manager raise RowNotFound(table=table, col=column, match=match)
2026-04-02 17:54:05.563 9 ERROR neutron_lib.callbacks.manager ovsdbapp.backend.ovs_idl.idlutils.RowNotFound: Cannot find Logical_Router_Port with name=lrp-c19614bd-56bd-4d90-896e-588a06b2d5e9
2026-04-02 17:54:05.563 9 ERROR neutron_lib.callbacks.manager 
2026-04-02 17:54:05.578 9 INFO neutron.wsgi [req-bb955e2f-ff64-4e6d-989f-2094748dbf8c req-31e0a663-562c-486a-81e5-f717fa4d38ed 47ce36a4976146dca1385cc84bec0af2 b9370bd0df1c4040acd6bada05320bee - - default default] 10.0.0.89 "POST /v2.0/security-group-rules HTTP/1.1" status: 201 len: 818 time: 0.3595455
2026-04-02 17:54:05.652 9 INFO neutron.wsgi [req-cdc4d827-08d5-4bf3-ad18-8388a1e9e60e req-63f7d8fa-9bf4-442e-869a-c5b0d43acc46 6ec2bc25c16b4082a449e441deb053c9 f73a91e194e449269c5fb544acb156a2 - - default default] 10.0.0.89 "GET /v2.0/security-groups?name=tempest-securitygroup--1756875818&fields=id&tenant_id=f73a91e194e449269c5fb544acb156a2 HTTP/1.1" status: 200 len: 267 time: 0.0767817
2026-04-02 17:54:05.670 9 INFO neutron.wsgi [req-cd544fb2-a82d-476b-a642-1539948bb8c1 req-8fbd3248-b2a7-423b-8968-3c74ac39323a 58248a7e859a433ba684a2334938bb89 5d7116c3089c4fc08e3f81d0ed34e1d8 - - default default] 10.0.0.89 "GET /v2.0/ports?device_id=a9f07fb4-594e-4aaf-8417-a03e23b8c5b8 HTTP/1.1" status: 200 len: 210 time: 0.0462241
2026-04-02 17:54:05.709 9 WARNING neutron_lib.context [req-906c44f9-3752-4272-80c0-268a814f9d3a req-2cca9c3c-d7f1-4b61-a048-bd54b290bcbf 47ce36a4976146dca1385cc84bec0af2 b9370bd0df1c4040acd6bada05320bee - - default default] Method 'is_advsvc' is deprecated since 2023.2 release (neutron-lib 3.8.0) and will be removed once support for the old RBAC API policies will be removed from Neutron. Please use method 'is_service_role' instead.
2026-04-02 17:54:05.714 10 INFO neutron.db.ovn_revision_numbers_db [None req-56e170c6-5d54-4558-a1fa-b33dd5bdfa35 - - - - - -] Successfully bumped revision number for resource 959cd7f2-5fa3-496e-ab17-70cf00825b4c (type: router_ports) to 4
2026-04-02 17:54:05.743 10 INFO neutron.plugins.ml2.drivers.ovn.mech_driver.ovsdb.ovsdb_monitor [None req-56e170c6-5d54-4558-a1fa-b33dd5bdfa35 - - - - - -] Router f5293fbd-2757-4da7-8aa2-607131d19aa6 is bound to host instance
2026-04-02 17:54:05.777 9 INFO neutron.wsgi [req-cdc4d827-08d5-4bf3-ad18-8388a1e9e60e req-da9b546d-e291-429e-aa37-b4491956bb7f 6ec2bc25c16b4082a449e441deb053c9 f73a91e194e449269c5fb544acb156a2 - - default default] 10.0.0.89 "GET /v2.0/networks?id=5f4f9904-6616-49c8-9148-9697c148d17f HTTP/1.1" status: 200 len: 869 time: 0.1164043
2026-04-02 17:54:05.808 9 INFO neutron.wsgi [req-cdc4d827-08d5-4bf3-ad18-8388a1e9e60e req-79a1401b-6cd8-4c6b-905a-ac675d85d443 6ec2bc25c16b4082a449e441deb053c9 f73a91e194e449269c5fb544acb156a2 - - default default] 10.0.0.89 "GET /v2.0/quotas/f73a91e194e449269c5fb544acb156a2 HTTP/1.1" status: 200 len: 491 time: 0.0234334
2026-04-02 17:54:05.916 9 INFO neutron.db.ovn_revision_numbers_db [None req-1d413800-f322-41dd-a4e5-2524d5ddf742 e5920096478448dbb6eba624f5643ed6 04efb0ac35034d1aaab6abe3211d5b92 - - default default] Successfully bumped revision number for resource c19614bd-56bd-4d90-896e-588a06b2d5e9 (type: ports) to 1
2026-04-02 17:54:05.940 9 INFO neutron.wsgi [req-cdc4d827-08d5-4bf3-ad18-8388a1e9e60e req-89f2142e-1359-44d0-90f7-a23f8cfd5cd4 6ec2bc25c16b4082a449e441deb053c9 f73a91e194e449269c5fb544acb156a2 - - default default] 10.0.0.89 "GET /v2.0/ports?tenant_id=f73a91e194e449269c5fb544acb156a2&fields=id HTTP/1.1" status: 200 len: 302 time: 0.1259782
2026-04-02 17:54:05.941 9 INFO neutron.db.ovn_revision_numbers_db [req-906c44f9-3752-4272-80c0-268a814f9d3a req-2cca9c3c-d7f1-4b61-a048-bd54b290bcbf 47ce36a4976146dca1385cc84bec0af2 b9370bd0df1c4040acd6bada05320bee - - default default] Successfully bumped revision number for resource f8c53d33-f516-4e62-a3d1-95d861802c02 (type: security_groups) to 1
2026-04-02 17:54:05.968 9 INFO neutron.db.ovn_revision_numbers_db [req-906c44f9-3752-4272-80c0-268a814f9d3a req-2cca9c3c-d7f1-4b61-a048-bd54b290bcbf 47ce36a4976146dca1385cc84bec0af2 b9370bd0df1c4040acd6bada05320bee - - default default] Successfully bumped revision number for resource 9153d696-711a-4727-b4ae-757c2d337cf4 (type: security_group_rules) to 0
2026-04-02 17:54:06.001 9 INFO neutron.db.ovn_revision_numbers_db [req-906c44f9-3752-4272-80c0-268a814f9d3a req-2cca9c3c-d7f1-4b61-a048-bd54b290bcbf 47ce36a4976146dca1385cc84bec0af2 b9370bd0df1c4040acd6bada05320bee - - default default] Successfully bumped revision number for resource 94a6a3a7-6196-4e31-83b4-ef14a4d96b89 (type: security_group_rules) to 0
2026-04-02 17:54:06.035 9 INFO neutron.wsgi [req-cdc4d827-08d5-4bf3-ad18-8388a1e9e60e req-4334386a-97f8-463f-ba79-fb0cfcf1f104 6b2eb44c78ef40fe81841ada4497ec78 1186d73df1754cc2a0a3df526e988b35 - - 9c52bcdd4eeb4dd48f39771804555193 9c52bcdd4eeb4dd48f39771804555193] 10.0.0.89 "GET /v2.0/networks/5f4f9904-6616-49c8-9148-9697c148d17f?fields=segments HTTP/1.1" status: 200 len: 212 time: 0.0814664
2026-04-02 17:54:06.039 9 INFO neutron.wsgi [req-906c44f9-3752-4272-80c0-268a814f9d3a req-2cca9c3c-d7f1-4b61-a048-bd54b290bcbf 47ce36a4976146dca1385cc84bec0af2 b9370bd0df1c4040acd6bada05320bee - - default default] 10.0.0.89 "POST /v2.0/security-groups HTTP/1.1" status: 201 len: 1890 time: 0.3360920
2026-04-02 17:54:06.052 9 WARNING neutron.scheduler.dhcp_agent_scheduler [None req-1d413800-f322-41dd-a4e5-2524d5ddf742 e5920096478448dbb6eba624f5643ed6 04efb0ac35034d1aaab6abe3211d5b92 - - default default] No more DHCP agents
2026-04-02 17:54:06.053 9 WARNING neutron.api.rpc.agentnotifiers.dhcp_rpc_agent_api [None req-1d413800-f322-41dd-a4e5-2524d5ddf742 e5920096478448dbb6eba624f5643ed6 04efb0ac35034d1aaab6abe3211d5b92 - - default default] Unable to schedule network 1f94abf9-f21e-495b-bbda-f9d027faa614: no agents available; will retry on subsequent port and subnet creation events.
2026-04-02 17:54:06.129 9 INFO neutron.wsgi [req-22f1565a-6d44-4f2e-bb45-bb39cfd62a09 req-fcca1a62-10f8-405b-86f6-df78bffa67e8 47ce36a4976146dca1385cc84bec0af2 b9370bd0df1c4040acd6bada05320bee - - default default] 10.0.0.89 "GET /v2.0/security-groups/f8c53d33-f516-4e62-a3d1-95d861802c02 HTTP/1.1" status: 200 len: 1885 time: 0.0625312
2026-04-02 17:54:06.141 9 INFO neutron.wsgi [req-cdc4d827-08d5-4bf3-ad18-8388a1e9e60e req-1c5b035e-2a27-45a0-b78f-d53f169ac263 6b2eb44c78ef40fe81841ada4497ec78 1186d73df1754cc2a0a3df526e988b35 - - 9c52bcdd4eeb4dd48f39771804555193 9c52bcdd4eeb4dd48f39771804555193] 10.0.0.89 "GET /v2.0/networks/5f4f9904-6616-49c8-9148-9697c148d17f?fields=provider%3Aphysical_network&fields=provider%3Anetwork_type HTTP/1.1" status: 200 len: 277 time: 0.0989940
2026-04-02 17:54:06.146 9 WARNING neutron_lib.context [req-22f1565a-6d44-4f2e-bb45-bb39cfd62a09 req-74b9b6be-f8b7-4701-a08f-5f4cd7c1adb8 47ce36a4976146dca1385cc84bec0af2 b9370bd0df1c4040acd6bada05320bee - - default default] Method 'is_advsvc' is deprecated since 2023.2 release (neutron-lib 3.8.0) and will be removed once support for the old RBAC API policies will be removed from Neutron. Please use method 'is_service_role' instead.
2026-04-02 17:54:06.276 10 INFO neutron.plugins.ml2.drivers.ovn.mech_driver.mech_driver [None req-8d2cf2ee-c82e-474d-8c94-215c72e4d0c3 - - - - - -] OVN reports status up for port: 0390bb10-65b9-45b6-a2df-10f633efcf66
2026-04-02 17:54:06.286 10 INFO neutron.plugins.ml2.plugin [None req-8d2cf2ee-c82e-474d-8c94-215c72e4d0c3 - - - - - -] Attempt 1 to provision port 0390bb10-65b9-45b6-a2df-10f633efcf66
2026-04-02 17:54:06.350 9 INFO neutron.wsgi [req-a9da2fb2-2409-4661-9c8d-219da92b8725 req-83ddbf86-cbce-4c34-87b1-872a6ef7d0fc 6ec2bc25c16b4082a449e441deb053c9 f73a91e194e449269c5fb544acb156a2 - - default default] 10.0.0.89 "GET /v2.0/ports?device_id=c091d0ef-04a4-4d3f-84d3-97ac1a0e3854 HTTP/1.1" status: 200 len: 210 time: 0.0316384
2026-04-02 17:54:06.521 9 INFO neutron.db.ovn_revision_numbers_db [req-22f1565a-6d44-4f2e-bb45-bb39cfd62a09 req-74b9b6be-f8b7-4701-a08f-5f4cd7c1adb8 47ce36a4976146dca1385cc84bec0af2 b9370bd0df1c4040acd6bada05320bee - - default default] Successfully bumped revision number for resource 95665dfe-6865-46c2-af56-936dffae0d49 (type: security_group_rules) to 0
2026-04-02 17:54:06.562 9 INFO neutron.wsgi [req-22f1565a-6d44-4f2e-bb45-bb39cfd62a09 req-74b9b6be-f8b7-4701-a08f-5f4cd7c1adb8 47ce36a4976146dca1385cc84bec0af2 b9370bd0df1c4040acd6bada05320bee - - default default] 10.0.0.89 "POST /v2.0/security-group-rules HTTP/1.1" status: 201 len: 818 time: 0.4247477
2026-04-02 17:54:06.634 9 INFO neutron.wsgi [req-4954d408-1d76-45d6-a51d-176ff6952133 req-ec85b5f8-1947-4106-bb61-a66cabc04952 47ce36a4976146dca1385cc84bec0af2 b9370bd0df1c4040acd6bada05320bee - - default default] 10.0.0.89 "GET /v2.0/security-groups/f8c53d33-f516-4e62-a3d1-95d861802c02 HTTP/1.1" status: 200 len: 2510 time: 0.0438895
2026-04-02 17:54:06.647 9 WARNING neutron_lib.context [req-4954d408-1d76-45d6-a51d-176ff6952133 req-11edb7ac-6a5f-470a-8a19-2f9a2c2dbf0e 47ce36a4976146dca1385cc84bec0af2 b9370bd0df1c4040acd6bada05320bee - - default default] Method 'is_advsvc' is deprecated since 2023.2 release (neutron-lib 3.8.0) and will be removed once support for the old RBAC API policies will be removed from Neutron. Please use method 'is_service_role' instead.
2026-04-02 17:54:06.821 10 INFO neutron.db.ovn_revision_numbers_db [None req-56e170c6-5d54-4558-a1fa-b33dd5bdfa35 - - - - - -] Successfully bumped revision number for resource 8ae69cd1-f1a5-4142-8aef-7ae33fdfa6f4 (type: ports) to 1
2026-04-02 17:54:06.851 9 INFO neutron.wsgi [req-bcdd9609-e03f-4a25-8159-6cd4b11fc2ba req-d25474a9-5f66-4cd8-910b-2d0a4f5810ad 58248a7e859a433ba684a2334938bb89 5d7116c3089c4fc08e3f81d0ed34e1d8 - - default default] 10.0.0.89 "GET /v2.0/ports?device_id=a9f07fb4-594e-4aaf-8417-a03e23b8c5b8 HTTP/1.1" status: 200 len: 210 time: 0.0417879
2026-04-02 17:54:06.896 10 INFO neutron.db.ovn_revision_numbers_db [None req-8d2cf2ee-c82e-474d-8c94-215c72e4d0c3 - - - - - -] Successfully bumped revision number for resource 0390bb10-65b9-45b6-a2df-10f633efcf66 (type: ports) to 2
2026-04-02 17:54:06.940 9 INFO neutron.db.ovn_revision_numbers_db [req-4954d408-1d76-45d6-a51d-176ff6952133 req-11edb7ac-6a5f-470a-8a19-2f9a2c2dbf0e 47ce36a4976146dca1385cc84bec0af2 b9370bd0df1c4040acd6bada05320bee - - default default] Successfully bumped revision number for resource 68de712e-2354-4bed-b996-b5f8b4ae3b63 (type: security_group_rules) to 0
2026-04-02 17:54:07.005 9 INFO neutron.wsgi [req-4954d408-1d76-45d6-a51d-176ff6952133 req-11edb7ac-6a5f-470a-8a19-2f9a2c2dbf0e 47ce36a4976146dca1385cc84bec0af2 b9370bd0df1c4040acd6bada05320bee - - default default] 10.0.0.89 "POST /v2.0/security-group-rules HTTP/1.1" status: 201 len: 823 time: 0.3633540
2026-04-02 17:54:07.099 9 INFO neutron.wsgi [req-62739dee-d29c-4d63-9841-ee47214a7f19 req-6defe426-ba41-40b9-90c8-6c3c1fcd1ae7 58248a7e859a433ba684a2334938bb89 5d7116c3089c4fc08e3f81d0ed34e1d8 - - default default] 199.204.45.53 "GET /v2.0/networks?id=f52d3f0b-ce02-4d85-80d0-9780304835b7 HTTP/1.1" status: 200 len: 874 time: 0.1679583
2026-04-02 17:54:07.101 9 INFO neutron.wsgi [req-01eb0621-195f-4cc4-a65b-77094a5c679c req-396694b5-92c8-42ec-858d-f007aac5bd96 47ce36a4976146dca1385cc84bec0af2 b9370bd0df1c4040acd6bada05320bee - - default default] 10.0.0.89 "GET /v2.0/security-groups/f8c53d33-f516-4e62-a3d1-95d861802c02 HTTP/1.1" status: 200 len: 3140 time: 0.0627639
2026-04-02 17:54:07.161 10 INFO neutron.db.ovn_revision_numbers_db [None req-8d2cf2ee-c82e-474d-8c94-215c72e4d0c3 - - - - - -] Successfully bumped revision number for resource 0390bb10-65b9-45b6-a2df-10f633efcf66 (type: router_ports) to 2
2026-04-02 17:54:07.187 9 INFO neutron.wsgi [req-a066e133-ba9f-47f2-97b2-b46184e33030 req-e266fcec-67ec-45a1-81c4-4eefa414e4be 47ce36a4976146dca1385cc84bec0af2 b9370bd0df1c4040acd6bada05320bee - - default default] 10.0.0.89 "GET /v2.0/security-group-rules/68de712e-2354-4bed-b996-b5f8b4ae3b63 HTTP/1.1" status: 200 len: 815 time: 0.0569317
2026-04-02 17:54:07.212 9 INFO neutron.wsgi [req-62739dee-d29c-4d63-9841-ee47214a7f19 req-7543e32b-58fb-4154-8e77-4afc979ae6ba 58248a7e859a433ba684a2334938bb89 5d7116c3089c4fc08e3f81d0ed34e1d8 - - default default] 199.204.45.53 "GET /v2.0/security-groups?fields=id&fields=name&tenant_id=5d7116c3089c4fc08e3f81d0ed34e1d8 HTTP/1.1" status: 200 len: 379 time: 0.0917916
2026-04-02 17:54:07.232 9 WARNING neutron_lib.context [req-62739dee-d29c-4d63-9841-ee47214a7f19 req-91da0619-e032-433a-9afb-3f5eda84a9e3 58248a7e859a433ba684a2334938bb89 5d7116c3089c4fc08e3f81d0ed34e1d8 - - default default] Method 'is_advsvc' is deprecated since 2023.2 release (neutron-lib 3.8.0) and will be removed once support for the old RBAC API policies will be removed from Neutron. Please use method 'is_service_role' instead.
2026-04-02 17:54:07.250 9 INFO neutron.wsgi [req-a066e133-ba9f-47f2-97b2-b46184e33030 req-820fd4f7-ec62-4555-ba25-3d189b496348 47ce36a4976146dca1385cc84bec0af2 b9370bd0df1c4040acd6bada05320bee - - default default] 10.0.0.89 "GET /v2.0/security-groups/f8c53d33-f516-4e62-a3d1-95d861802c02 HTTP/1.1" status: 200 len: 3140 time: 0.0547440
2026-04-02 17:54:07.458 9 INFO neutron.wsgi [req-cdc4d827-08d5-4bf3-ad18-8388a1e9e60e req-6be2320e-977d-4dea-af26-bd271c2cd11e 6ec2bc25c16b4082a449e441deb053c9 f73a91e194e449269c5fb544acb156a2 - - default default] 199.204.45.53 "GET /v2.0/networks?id=5f4f9904-6616-49c8-9148-9697c148d17f HTTP/1.1" status: 200 len: 869 time: 0.1577663
2026-04-02 17:54:07.529 9 INFO neutron.wsgi [req-b23863a5-ade8-45cd-ad42-60c797d0edc0 req-343e1b9a-2e09-44c2-b69e-90b8f97280c3 6ec2bc25c16b4082a449e441deb053c9 f73a91e194e449269c5fb544acb156a2 - - default default] 10.0.0.89 "GET /v2.0/ports?device_id=c091d0ef-04a4-4d3f-84d3-97ac1a0e3854 HTTP/1.1" status: 200 len: 210 time: 0.0881670
2026-04-02 17:54:07.556 10 INFO neutron.db.ovn_revision_numbers_db [None req-56e170c6-5d54-4558-a1fa-b33dd5bdfa35 - - - - - -] Successfully bumped revision number for resource 8ae69cd1-f1a5-4142-8aef-7ae33fdfa6f4 (type: router_ports) to 3
2026-04-02 17:54:07.616 9 INFO neutron.wsgi [req-cdc4d827-08d5-4bf3-ad18-8388a1e9e60e req-d1e415c0-fed3-4949-85d7-4dfa4c1a52ac 6ec2bc25c16b4082a449e441deb053c9 f73a91e194e449269c5fb544acb156a2 - - default default] 199.204.45.53 "GET /v2.0/security-groups?fields=id&fields=name&tenant_id=f73a91e194e449269c5fb544acb156a2 HTTP/1.1" status: 200 len: 380 time: 0.1465623
2026-04-02 17:54:07.640 9 WARNING neutron_lib.context [req-cdc4d827-08d5-4bf3-ad18-8388a1e9e60e req-574ecf04-f0d7-47e2-96c9-fdc6f525facc 6ec2bc25c16b4082a449e441deb053c9 f73a91e194e449269c5fb544acb156a2 - - default default] Method 'is_advsvc' is deprecated since 2023.2 release (neutron-lib 3.8.0) and will be removed once support for the old RBAC API policies will be removed from Neutron. Please use method 'is_service_role' instead.
2026-04-02 17:54:07.691 9 WARNING neutron.plugins.ml2.drivers.ovn.mech_driver.ovsdb.ovn_client [None req-31a44c0b-f4e7-4680-a320-06d4f79cb80f - - - - - -] No hosting information found for port f2729059-3365-4471-a7e7-58203cce8e2d: RuntimeError: No hosting information found for port f2729059-3365-4471-a7e7-58203cce8e2d
2026-04-02 17:54:07.691 9 INFO neutron.plugins.ml2.drivers.ovn.mech_driver.mech_driver [None req-31a44c0b-f4e7-4680-a320-06d4f79cb80f - - - - - -] OVN reports status up for port: 098c1356-439c-4172-af8e-649704edadf3
2026-04-02 17:54:07.695 9 INFO neutron.db.ovn_revision_numbers_db [None req-1d413800-f322-41dd-a4e5-2524d5ddf742 e5920096478448dbb6eba624f5643ed6 04efb0ac35034d1aaab6abe3211d5b92 - - default default] Successfully bumped revision number for resource c19614bd-56bd-4d90-896e-588a06b2d5e9 (type: router_ports) to 1
2026-04-02 17:54:07.704 9 INFO neutron.wsgi [None req-1d413800-f322-41dd-a4e5-2524d5ddf742 e5920096478448dbb6eba624f5643ed6 04efb0ac35034d1aaab6abe3211d5b92 - - default default] 10.0.0.157 "PUT /v2.0/routers/ebc89771-609b-400d-be65-be7d913dde5f/add_router_interface HTTP/1.1" status: 200 len: 503 time: 3.8619349
2026-04-02 17:54:07.714 9 INFO neutron.plugins.ml2.plugin [None req-31a44c0b-f4e7-4680-a320-06d4f79cb80f - - - - - -] Attempt 1 to provision port 098c1356-439c-4172-af8e-649704edadf3
