2026-04-02 17:56:22.902 10 WARNING neutron_lib.context [None req-3d1e6d7c-e616-4e8a-9947-14873e49dc5d 673686718c054fe1acaf82ff927dca0c cb6e52b70aac458f9925b2b3c57c12b1 - - default default] Method 'is_advsvc' is deprecated since 2023.2 release (neutron-lib 3.8.0) and will be removed once support for the old RBAC API policies will be removed from Neutron. Please use method 'is_service_role' instead.
2026-04-02 17:56:22.938 10 INFO neutron.db.segments_db [None req-ad0ba00c-5956-4841-bc79-0cd74912691f ebe2c9a515b14642b2471cc5c3627181 297ffe6746fb456fb59cd545a4cb5923 - - default default] Added segment 0c05656a-1bb4-4acc-9322-51495314b3b5 of type geneve for network 94107a09-55c7-4b91-b419-6089188b6bcd
2026-04-02 17:56:22.943 9 INFO neutron.db.ovn_revision_numbers_db [None req-4a54fd84-cafe-4f63-b929-7085b1d42c12 b18ea61d7e3c463f90515b683279f1c3 9cf8b69dd1214192a80540da3d116fda - - default default] Successfully bumped revision number for resource 4a370d55-c177-4d96-9730-f2a4599eb7fd (type: ports) to 2
2026-04-02 17:56:22.978 9 INFO neutron.db.ovn_revision_numbers_db [None req-4a54fd84-cafe-4f63-b929-7085b1d42c12 b18ea61d7e3c463f90515b683279f1c3 9cf8b69dd1214192a80540da3d116fda - - default default] Successfully bumped revision number for resource 93aa2239-a806-4842-9251-1ff15b23ae92 (type: subnets) to 0
2026-04-02 17:56:22.994 9 INFO neutron.wsgi [None req-4a54fd84-cafe-4f63-b929-7085b1d42c12 b18ea61d7e3c463f90515b683279f1c3 9cf8b69dd1214192a80540da3d116fda - - default default] 10.0.0.157 "POST /v2.0/subnets HTTP/1.1" status: 201 len: 819 time: 1.0526290
2026-04-02 17:56:23.004 9 WARNING neutron.api.v2.base [None req-a22e3f03-a202-457f-974c-62cd4a7883f6 b18ea61d7e3c463f90515b683279f1c3 9cf8b69dd1214192a80540da3d116fda - - default default] An exception happened while processing the request body. The exception message is [Invalid input for target_tenant. Reason: 'None' is not a valid string.].: webob.exc.HTTPBadRequest: Invalid input for target_tenant. Reason: 'None' is not a valid string.
2026-04-02 17:56:23.004 9 INFO neutron.api.v2.resource [None req-a22e3f03-a202-457f-974c-62cd4a7883f6 b18ea61d7e3c463f90515b683279f1c3 9cf8b69dd1214192a80540da3d116fda - - default default] create failed (client error): Invalid input for target_tenant. Reason: 'None' is not a valid string.
2026-04-02 17:56:23.005 9 INFO neutron.wsgi [None req-a22e3f03-a202-457f-974c-62cd4a7883f6 b18ea61d7e3c463f90515b683279f1c3 9cf8b69dd1214192a80540da3d116fda - - default default] 10.0.0.157 "POST /v2.0/rbac-policies HTTP/1.1" status: 400 len: 346 time: 0.0054991
2026-04-02 17:56:23.132 10 INFO neutron.db.ovn_revision_numbers_db [None req-30194040-a754-43a3-a3a9-66f9c2f7aee9 624cdc91ee6d473da732685720d502ca 94229dfd2e1647d8b46443c10a1ede15 - - default default] Successfully bumped revision number for resource 2535edb2-4389-4466-886f-032a19e6deaa (type: router_ports) to 1
2026-04-02 17:56:23.138 10 INFO neutron.wsgi [None req-30194040-a754-43a3-a3a9-66f9c2f7aee9 624cdc91ee6d473da732685720d502ca 94229dfd2e1647d8b46443c10a1ede15 - - default default] 10.0.0.157 "PUT /v2.0/routers/bf966bca-a0e6-401f-aa16-b1b83a4d05e7/add_router_interface HTTP/1.1" status: 200 len: 503 time: 3.5584090
2026-04-02 17:56:23.171 10 INFO neutron.db.ovn_revision_numbers_db [None req-ad0ba00c-5956-4841-bc79-0cd74912691f ebe2c9a515b14642b2471cc5c3627181 297ffe6746fb456fb59cd545a4cb5923 - - default default] Successfully bumped revision number for resource 94107a09-55c7-4b91-b419-6089188b6bcd (type: networks) to 1
2026-04-02 17:56:23.185 10 INFO neutron.db.ovn_revision_numbers_db [None req-3d1e6d7c-e616-4e8a-9947-14873e49dc5d 673686718c054fe1acaf82ff927dca0c cb6e52b70aac458f9925b2b3c57c12b1 - - default default] Successfully bumped revision number for resource d0403688-f7b2-4c2e-9a17-ccd6663ca1af (type: security_group_rules) to 0
2026-04-02 17:56:23.222 10 INFO neutron.wsgi [None req-3d1e6d7c-e616-4e8a-9947-14873e49dc5d 673686718c054fe1acaf82ff927dca0c cb6e52b70aac458f9925b2b3c57c12b1 - - default default] 10.0.0.157 "POST /v2.0/security-group-rules HTTP/1.1" status: 201 len: 800 time: 0.3233230
2026-04-02 17:56:23.365 10 WARNING neutron.scheduler.dhcp_agent_scheduler [None req-ad0ba00c-5956-4841-bc79-0cd74912691f ebe2c9a515b14642b2471cc5c3627181 297ffe6746fb456fb59cd545a4cb5923 - - default default] No more DHCP agents
2026-04-02 17:56:23.366 10 WARNING neutron.api.rpc.agentnotifiers.dhcp_rpc_agent_api [None req-ad0ba00c-5956-4841-bc79-0cd74912691f ebe2c9a515b14642b2471cc5c3627181 297ffe6746fb456fb59cd545a4cb5923 - - default default] Unable to schedule network 94107a09-55c7-4b91-b419-6089188b6bcd: no agents available; will retry on subsequent port and subnet creation events.
2026-04-02 17:56:23.458 10 INFO neutron.db.ovn_revision_numbers_db [None req-ad0ba00c-5956-4841-bc79-0cd74912691f ebe2c9a515b14642b2471cc5c3627181 297ffe6746fb456fb59cd545a4cb5923 - - default default] Successfully bumped revision number for resource fd491147-82bb-47ef-9085-09302121f98d (type: ports) to 1
2026-04-02 17:56:23.478 9 INFO neutron.wsgi [None req-8eb0c6d6-65ee-45bd-a3e3-21dd1ae9ff10 5659e0d6858d4784a5fc688eda85a290 71f53ef854fd4f6693ffe0357f9e79cc - - default default] 10.0.0.157 "GET /v2.0/networks HTTP/1.1" status: 200 len: 5292 time: 0.3302052
2026-04-02 17:56:23.479 10 INFO neutron.wsgi [None req-ad0ba00c-5956-4841-bc79-0cd74912691f ebe2c9a515b14642b2471cc5c3627181 297ffe6746fb456fb59cd545a4cb5923 - - default default] 10.0.0.157 "POST /v2.0/networks HTTP/1.1" status: 201 len: 835 time: 0.6691232
2026-04-02 17:56:23.481 9 INFO neutron.wsgi [None req-16a3bb89-87bd-4f54-b19c-bdca444e8f04 673686718c054fe1acaf82ff927dca0c cb6e52b70aac458f9925b2b3c57c12b1 - - default default] 10.0.0.157 "GET /v2.0/security-group-rules/d0403688-f7b2-4c2e-9a17-ccd6663ca1af HTTP/1.1" status: 200 len: 795 time: 0.2526643
2026-04-02 17:56:23.500 10 WARNING neutron_lib.context [None req-a1c58da3-90d3-4813-aff7-d578971c3d7d ebe2c9a515b14642b2471cc5c3627181 297ffe6746fb456fb59cd545a4cb5923 - - default default] Method 'is_advsvc' is deprecated since 2023.2 release (neutron-lib 3.8.0) and will be removed once support for the old RBAC API policies will be removed from Neutron. Please use method 'is_service_role' instead.
2026-04-02 17:56:23.503 9 INFO neutron.db.ovn_revision_numbers_db [None req-31a44c0b-f4e7-4680-a320-06d4f79cb80f - - - - - -] Successfully bumped revision number for resource 2535edb2-4389-4466-886f-032a19e6deaa (type: ports) to 2
2026-04-02 17:56:23.551 10 INFO neutron.wsgi [None req-486085da-e1eb-4483-b928-5168e6f964cf 5659e0d6858d4784a5fc688eda85a290 71f53ef854fd4f6693ffe0357f9e79cc - - default default] 10.0.0.157 "GET /v2.0/subnets HTTP/1.1" status: 200 len: 2706 time: 0.0677984
2026-04-02 17:56:23.609 10 INFO neutron.wsgi [None req-7ae044a7-fe42-4af9-bd00-7b7d7c641dab 673686718c054fe1acaf82ff927dca0c cb6e52b70aac458f9925b2b3c57c12b1 - - default default] 10.0.0.157 "GET /v2.0/security-group-rules HTTP/1.1" status: 200 len: 4333 time: 0.1133492
2026-04-02 17:56:23.724 9 INFO neutron.wsgi [None req-271ea879-0e5b-4e59-944c-f8109e923ff6 5659e0d6858d4784a5fc688eda85a290 71f53ef854fd4f6693ffe0357f9e79cc - - default default] 10.0.0.157 "GET /v2.0/routers HTTP/1.1" status: 200 len: 1169 time: 0.1577926
2026-04-02 17:56:23.750 9 INFO neutron.db.ovn_revision_numbers_db [None req-31a44c0b-f4e7-4680-a320-06d4f79cb80f - - - - - -] Successfully bumped revision number for resource 2535edb2-4389-4466-886f-032a19e6deaa (type: router_ports) to 2
2026-04-02 17:56:23.783 9 WARNING neutron_lib.context [None req-34b6b9f8-8e1e-47df-809d-5a548702dad9 624cdc91ee6d473da732685720d502ca 94229dfd2e1647d8b46443c10a1ede15 - - default default] Method 'is_advsvc' is deprecated since 2023.2 release (neutron-lib 3.8.0) and will be removed once support for the old RBAC API policies will be removed from Neutron. Please use method 'is_service_role' instead.
2026-04-02 17:56:23.783 10 INFO neutron.wsgi [None req-3a996f57-f102-4241-bdb3-bec3a87f0cb9 673686718c054fe1acaf82ff927dca0c cb6e52b70aac458f9925b2b3c57c12b1 - - default default] 10.0.0.157 "DELETE /v2.0/security-group-rules/d0403688-f7b2-4c2e-9a17-ccd6663ca1af HTTP/1.1" status: 204 len: 168 time: 0.1685562
2026-04-02 17:56:23.803 10 WARNING neutron.scheduler.dhcp_agent_scheduler [None req-a1c58da3-90d3-4813-aff7-d578971c3d7d ebe2c9a515b14642b2471cc5c3627181 297ffe6746fb456fb59cd545a4cb5923 - - default default] No more DHCP agents
2026-04-02 17:56:23.808 10 WARNING neutron.api.rpc.agentnotifiers.dhcp_rpc_agent_api [None req-a1c58da3-90d3-4813-aff7-d578971c3d7d ebe2c9a515b14642b2471cc5c3627181 297ffe6746fb456fb59cd545a4cb5923 - - default default] Unable to schedule network 94107a09-55c7-4b91-b419-6089188b6bcd: no agents available; will retry on subsequent port and subnet creation events.
2026-04-02 17:56:23.860 10 INFO neutron.wsgi [None req-14f09e78-69d8-468a-88a2-40a6bf2735eb 673686718c054fe1acaf82ff927dca0c cb6e52b70aac458f9925b2b3c57c12b1 - - default default] 10.0.0.157 "GET /v2.0/security-group-rules HTTP/1.1" status: 200 len: 3755 time: 0.0711830
2026-04-02 17:56:23.865 10 INFO neutron.db.ovn_revision_numbers_db [None req-a1c58da3-90d3-4813-aff7-d578971c3d7d ebe2c9a515b14642b2471cc5c3627181 297ffe6746fb456fb59cd545a4cb5923 - - default default] Successfully bumped revision number for resource d0fb911b-8b3f-4e04-b389-7568f8b5b785 (type: subnets) to 0
2026-04-02 17:56:23.873 10 WARNING neutron_lib.context [None req-a74993be-f067-4337-89d3-a03bb2508d4e 673686718c054fe1acaf82ff927dca0c cb6e52b70aac458f9925b2b3c57c12b1 - - default default] Method 'is_advsvc' is deprecated since 2023.2 release (neutron-lib 3.8.0) and will be removed once support for the old RBAC API policies will be removed from Neutron. Please use method 'is_service_role' instead.
2026-04-02 17:56:23.890 10 INFO neutron.wsgi [None req-a1c58da3-90d3-4813-aff7-d578971c3d7d ebe2c9a515b14642b2471cc5c3627181 297ffe6746fb456fb59cd545a4cb5923 - - default default] 10.0.0.157 "POST /v2.0/subnets HTTP/1.1" status: 201 len: 821 time: 0.4053016
2026-04-02 17:56:23.899 10 WARNING neutron_lib.context [None req-3cdddfdd-6bb5-4069-a1f1-bca08a8962b4 ebe2c9a515b14642b2471cc5c3627181 297ffe6746fb456fb59cd545a4cb5923 - - default default] Method 'is_advsvc' is deprecated since 2023.2 release (neutron-lib 3.8.0) and will be removed once support for the old RBAC API policies will be removed from Neutron. Please use method 'is_service_role' instead.
2026-04-02 17:56:23.945 9 INFO neutron.db.ovn_revision_numbers_db [None req-34b6b9f8-8e1e-47df-809d-5a548702dad9 624cdc91ee6d473da732685720d502ca 94229dfd2e1647d8b46443c10a1ede15 - - default default] Successfully bumped revision number for resource 32cf1c1a-afd8-458f-833d-b16593fcf99f (type: security_groups) to 1
2026-04-02 17:56:23.961 9 INFO neutron.db.ovn_revision_numbers_db [None req-34b6b9f8-8e1e-47df-809d-5a548702dad9 624cdc91ee6d473da732685720d502ca 94229dfd2e1647d8b46443c10a1ede15 - - default default] Successfully bumped revision number for resource 37f5711e-3c58-4871-bdcb-38cf96377751 (type: security_group_rules) to 0
2026-04-02 17:56:23.985 9 INFO neutron.db.ovn_revision_numbers_db [None req-34b6b9f8-8e1e-47df-809d-5a548702dad9 624cdc91ee6d473da732685720d502ca 94229dfd2e1647d8b46443c10a1ede15 - - default default] Successfully bumped revision number for resource 7d244fc1-5720-4ebe-bc92-c56ee2669134 (type: security_group_rules) to 0
2026-04-02 17:56:24.014 9 INFO neutron.wsgi [None req-34b6b9f8-8e1e-47df-809d-5a548702dad9 624cdc91ee6d473da732685720d502ca 94229dfd2e1647d8b46443c10a1ede15 - - default default] 10.0.0.157 "POST /v2.0/security-groups HTTP/1.1" status: 201 len: 1875 time: 0.2372303
2026-04-02 17:56:24.025 9 WARNING neutron_lib.context [None req-7ad5077d-3528-4aaa-badc-92b76e48454a 624cdc91ee6d473da732685720d502ca 94229dfd2e1647d8b46443c10a1ede15 - - default default] Method 'is_advsvc' is deprecated since 2023.2 release (neutron-lib 3.8.0) and will be removed once support for the old RBAC API policies will be removed from Neutron. Please use method 'is_service_role' instead.
2026-04-02 17:56:24.061 10 INFO neutron.db.ovn_revision_numbers_db [None req-a74993be-f067-4337-89d3-a03bb2508d4e 673686718c054fe1acaf82ff927dca0c cb6e52b70aac458f9925b2b3c57c12b1 - - default default] Successfully bumped revision number for resource 2236ff9c-e134-48e3-9d4e-9491ab86c45b (type: security_group_rules) to 0
2026-04-02 17:56:24.100 9 INFO neutron.wsgi [None req-ca5ae0f8-8074-4719-ba87-e220375708ae b18ea61d7e3c463f90515b683279f1c3 9cf8b69dd1214192a80540da3d116fda - - default default] 10.0.0.157 "DELETE /v2.0/networks/4c2b7d06-67c7-4c94-9af1-79ef419864a8 HTTP/1.1" status: 204 len: 168 time: 1.0909154
2026-04-02 17:56:24.104 10 INFO neutron.wsgi [None req-a74993be-f067-4337-89d3-a03bb2508d4e 673686718c054fe1acaf82ff927dca0c cb6e52b70aac458f9925b2b3c57c12b1 - - default default] 10.0.0.157 "POST /v2.0/security-group-rules HTTP/1.1" status: 201 len: 801 time: 0.2348652
2026-04-02 17:56:24.127 9 INFO neutron.wsgi [None req-f7ced31a-1f57-40e2-93d3-c48380485e3a 673686718c054fe1acaf82ff927dca0c cb6e52b70aac458f9925b2b3c57c12b1 - - default default] 10.0.0.157 "GET /v2.0/security-group-rules/2236ff9c-e134-48e3-9d4e-9491ab86c45b HTTP/1.1" status: 200 len: 796 time: 0.0202887
2026-04-02 17:56:24.194 9 INFO neutron.db.ovn_revision_numbers_db [None req-7ad5077d-3528-4aaa-badc-92b76e48454a 624cdc91ee6d473da732685720d502ca 94229dfd2e1647d8b46443c10a1ede15 - - default default] Successfully bumped revision number for resource d4b21c92-b55b-4c1e-adaa-ada329ec128b (type: security_group_rules) to 0
2026-04-02 17:56:24.209 9 INFO neutron.wsgi [None req-80e717a9-ff84-494d-ad7c-43e6e65fb496 673686718c054fe1acaf82ff927dca0c cb6e52b70aac458f9925b2b3c57c12b1 - - default default] 10.0.0.157 "GET /v2.0/security-group-rules HTTP/1.1" status: 200 len: 4334 time: 0.0744882
2026-04-02 17:56:24.228 10 INFO neutron.db.segments_db [None req-baf4fbeb-eea3-46fd-a331-9547b298c526 b18ea61d7e3c463f90515b683279f1c3 9cf8b69dd1214192a80540da3d116fda - - default default] Added segment 72753051-4032-4153-a432-26d1bef75d2f of type geneve for network e185fa0f-553f-49dc-bcaf-3af80e06b11a
2026-04-02 17:56:24.236 9 INFO neutron.wsgi [None req-7ad5077d-3528-4aaa-badc-92b76e48454a 624cdc91ee6d473da732685720d502ca 94229dfd2e1647d8b46443c10a1ede15 - - default default] 10.0.0.157 "POST /v2.0/security-group-rules HTTP/1.1" status: 201 len: 796 time: 0.2165160
2026-04-02 17:56:24.246 9 WARNING neutron_lib.context [None req-567ebf99-0dcb-4ea5-848b-f56859175d25 624cdc91ee6d473da732685720d502ca 94229dfd2e1647d8b46443c10a1ede15 - - default default] Method 'is_advsvc' is deprecated since 2023.2 release (neutron-lib 3.8.0) and will be removed once support for the old RBAC API policies will be removed from Neutron. Please use method 'is_service_role' instead.
2026-04-02 17:56:24.278 10 WARNING neutron.scheduler.dhcp_agent_scheduler [None req-3cdddfdd-6bb5-4069-a1f1-bca08a8962b4 ebe2c9a515b14642b2471cc5c3627181 297ffe6746fb456fb59cd545a4cb5923 - - default default] No more DHCP agents
2026-04-02 17:56:24.284 10 WARNING neutron.api.rpc.agentnotifiers.dhcp_rpc_agent_api [None req-3cdddfdd-6bb5-4069-a1f1-bca08a8962b4 ebe2c9a515b14642b2471cc5c3627181 297ffe6746fb456fb59cd545a4cb5923 - - default default] Unable to schedule network 94107a09-55c7-4b91-b419-6089188b6bcd: no agents available; will retry on subsequent port and subnet creation events.
2026-04-02 17:56:24.365 9 INFO neutron.wsgi [None req-eec8d655-3f77-41b8-9e7c-0f061047fddb 673686718c054fe1acaf82ff927dca0c cb6e52b70aac458f9925b2b3c57c12b1 - - default default] 10.0.0.157 "DELETE /v2.0/security-group-rules/2236ff9c-e134-48e3-9d4e-9491ab86c45b HTTP/1.1" status: 204 len: 168 time: 0.1489184
2026-04-02 17:56:24.401 10 INFO neutron.db.ovn_revision_numbers_db [None req-baf4fbeb-eea3-46fd-a331-9547b298c526 b18ea61d7e3c463f90515b683279f1c3 9cf8b69dd1214192a80540da3d116fda - - default default] Successfully bumped revision number for resource e185fa0f-553f-49dc-bcaf-3af80e06b11a (type: networks) to 1
2026-04-02 17:56:24.408 9 INFO neutron.db.ovn_revision_numbers_db [None req-567ebf99-0dcb-4ea5-848b-f56859175d25 624cdc91ee6d473da732685720d502ca 94229dfd2e1647d8b46443c10a1ede15 - - default default] Successfully bumped revision number for resource 70fcc086-2045-4ab8-86b5-955e53d4cf25 (type: security_group_rules) to 0
2026-04-02 17:56:24.443 9 INFO neutron.wsgi [None req-567ebf99-0dcb-4ea5-848b-f56859175d25 624cdc91ee6d473da732685720d502ca 94229dfd2e1647d8b46443c10a1ede15 - - default default] 10.0.0.157 "POST /v2.0/security-group-rules HTTP/1.1" status: 201 len: 795 time: 0.2004662
2026-04-02 17:56:24.445 10 INFO neutron.db.ovn_revision_numbers_db [None req-3cdddfdd-6bb5-4069-a1f1-bca08a8962b4 ebe2c9a515b14642b2471cc5c3627181 297ffe6746fb456fb59cd545a4cb5923 - - default default] Successfully bumped revision number for resource c72c6dd8-34de-428c-94c9-5efcb95edbb5 (type: ports) to 1
2026-04-02 17:56:24.452 9 WARNING neutron_lib.context [None req-8b54f96c-cd79-4520-9416-21b61d413332 624cdc91ee6d473da732685720d502ca 94229dfd2e1647d8b46443c10a1ede15 - - default default] Method 'is_advsvc' is deprecated since 2023.2 release (neutron-lib 3.8.0) and will be removed once support for the old RBAC API policies will be removed from Neutron. Please use method 'is_service_role' instead.
2026-04-02 17:56:24.502 9 INFO neutron.wsgi [None req-eeb2e840-2471-41e0-ab5e-ccad03a89ae1 673686718c054fe1acaf82ff927dca0c cb6e52b70aac458f9925b2b3c57c12b1 - - default default] 10.0.0.157 "GET /v2.0/security-group-rules HTTP/1.1" status: 200 len: 3755 time: 0.1252115
2026-04-02 17:56:24.504 10 INFO neutron.wsgi [None req-3cdddfdd-6bb5-4069-a1f1-bca08a8962b4 ebe2c9a515b14642b2471cc5c3627181 297ffe6746fb456fb59cd545a4cb5923 - - default default] 10.0.0.157 "POST /v2.0/ports HTTP/1.1" status: 201 len: 1123 time: 0.6098278
2026-04-02 17:56:24.630 9 INFO neutron.db.ovn_revision_numbers_db [None req-8b54f96c-cd79-4520-9416-21b61d413332 624cdc91ee6d473da732685720d502ca 94229dfd2e1647d8b46443c10a1ede15 - - default default] Successfully bumped revision number for resource 1a2c84d8-09c1-4b15-98b5-2a713b9a9bc2 (type: security_group_rules) to 0
2026-04-02 17:56:24.658 9 INFO neutron.wsgi [None req-8b54f96c-cd79-4520-9416-21b61d413332 624cdc91ee6d473da732685720d502ca 94229dfd2e1647d8b46443c10a1ede15 - - default default] 10.0.0.157 "POST /v2.0/security-group-rules HTTP/1.1" status: 201 len: 801 time: 0.2116067
2026-04-02 17:56:24.669 9 WARNING neutron_lib.context [None req-252f295b-f7fd-4958-858b-aa03dbeaf183 624cdc91ee6d473da732685720d502ca 94229dfd2e1647d8b46443c10a1ede15 - - default default] Method 'is_advsvc' is deprecated since 2023.2 release (neutron-lib 3.8.0) and will be removed once support for the old RBAC API policies will be removed from Neutron. Please use method 'is_service_role' instead.
2026-04-02 17:56:24.743 9 INFO neutron.services.segments.plugin [-] Segment c5e8a8b3-cdea-4d09-b21b-c24a758e1867 resource provider aggregate not found
2026-04-02 17:56:24.753 9 INFO neutron.services.segments.plugin [-] Segment c5e8a8b3-cdea-4d09-b21b-c24a758e1867 resource provider aggregate not found
2026-04-02 17:56:24.758 9 INFO neutron.services.segments.plugin [-] Segment c5e8a8b3-cdea-4d09-b21b-c24a758e1867 resource provider not found; error: Placement Client Error (4xx): {"errors": [{"status": 404, "title": "Not Found", "detail": "The resource could not be found.\n\n No resource provider with uuid c5e8a8b3-cdea-4d09-b21b-c24a758e1867 found for delete ", "request_id": "req-97693a8a-4535-40fd-a1ee-38113a25a741"}]}
2026-04-02 17:56:24.768 9 INFO neutron.services.segments.plugin [-] Segment c5e8a8b3-cdea-4d09-b21b-c24a758e1867 resource provider not found; error: Placement Client Error (4xx): {"errors": [{"status": 404, "title": "Not Found", "detail": "The resource could not be found.\n\n No resource provider with uuid c5e8a8b3-cdea-4d09-b21b-c24a758e1867 found for delete ", "request_id": "req-5e771872-daeb-472c-a21b-c2be984aa824"}]}
2026-04-02 17:56:24.872 9 INFO neutron.db.ovn_revision_numbers_db [None req-252f295b-f7fd-4958-858b-aa03dbeaf183 624cdc91ee6d473da732685720d502ca 94229dfd2e1647d8b46443c10a1ede15 - - default default] Successfully bumped revision number for resource 26326c6d-1cf4-4462-b968-2b3f60fc89e7 (type: security_group_rules) to 0
2026-04-02 17:56:24.899 9 INFO neutron.wsgi [None req-252f295b-f7fd-4958-858b-aa03dbeaf183 624cdc91ee6d473da732685720d502ca 94229dfd2e1647d8b46443c10a1ede15 - - default default] 10.0.0.157 "POST /v2.0/security-group-rules HTTP/1.1" status: 201 len: 800 time: 0.2347414
2026-04-02 17:56:24.912 9 WARNING neutron_lib.context [None req-8b83dc31-893c-45bb-ba8d-e45f858ea62a 624cdc91ee6d473da732685720d502ca 94229dfd2e1647d8b46443c10a1ede15 - - default default] Method 'is_advsvc' is deprecated since 2023.2 release (neutron-lib 3.8.0) and will be removed once support for the old RBAC API policies will be removed from Neutron. Please use method 'is_service_role' instead.
2026-04-02 17:56:24.927 10 WARNING neutron.scheduler.dhcp_agent_scheduler [None req-baf4fbeb-eea3-46fd-a331-9547b298c526 b18ea61d7e3c463f90515b683279f1c3 9cf8b69dd1214192a80540da3d116fda - - default default] No more DHCP agents
2026-04-02 17:56:24.936 10 WARNING neutron.api.rpc.agentnotifiers.dhcp_rpc_agent_api [None req-baf4fbeb-eea3-46fd-a331-9547b298c526 b18ea61d7e3c463f90515b683279f1c3 9cf8b69dd1214192a80540da3d116fda - - default default] Unable to schedule network e185fa0f-553f-49dc-bcaf-3af80e06b11a: no agents available; will retry on subsequent port and subnet creation events.
2026-04-02 17:56:24.958 9 INFO neutron.db.securitygroups_db [None req-8b83dc31-893c-45bb-ba8d-e45f858ea62a 624cdc91ee6d473da732685720d502ca 94229dfd2e1647d8b46443c10a1ede15 - - default default] Project 94229dfd2e1647d8b46443c10a1ede15 added a security group rule with legacy IPv6 ICMP protocol name icmp, ipv6-icmp should be used instead. It was automatically converted.
2026-04-02 17:56:25.010 10 INFO neutron.wsgi [None req-9cc40f2e-4312-4e21-b0b7-3a6e0e5cafbd 673686718c054fe1acaf82ff927dca0c cb6e52b70aac458f9925b2b3c57c12b1 - - default default] 10.0.0.157 "DELETE /v2.0/security-groups/5bf29286-19f7-4814-90a6-d9b36ebb5769 HTTP/1.1" status: 204 len: 168 time: 0.4981403
2026-04-02 17:56:25.074 9 INFO neutron.db.ovn_revision_numbers_db [None req-8b83dc31-893c-45bb-ba8d-e45f858ea62a 624cdc91ee6d473da732685720d502ca 94229dfd2e1647d8b46443c10a1ede15 - - default default] Successfully bumped revision number for resource 4f6b13c8-606b-411c-9e66-d2a063747d68 (type: security_group_rules) to 0
2026-04-02 17:56:25.082 10 INFO neutron.wsgi [None req-9469fd18-873c-471d-99b7-2de10d9eb531 673686718c054fe1acaf82ff927dca0c cb6e52b70aac458f9925b2b3c57c12b1 - - default default] 10.0.0.157 "GET /v2.0/security-groups HTTP/1.1" status: 200 len: 3120 time: 0.0650432
2026-04-02 17:56:25.084 10 INFO neutron.db.ovn_revision_numbers_db [None req-baf4fbeb-eea3-46fd-a331-9547b298c526 b18ea61d7e3c463f90515b683279f1c3 9cf8b69dd1214192a80540da3d116fda - - default default] Successfully bumped revision number for resource 66a60ad1-3231-4597-9c95-f5e825e0ea15 (type: ports) to 1
2026-04-02 17:56:25.108 9 INFO neutron.wsgi [None req-8b83dc31-893c-45bb-ba8d-e45f858ea62a 624cdc91ee6d473da732685720d502ca 94229dfd2e1647d8b46443c10a1ede15 - - default default] 10.0.0.157 "POST /v2.0/security-group-rules HTTP/1.1" status: 201 len: 806 time: 0.2018020
2026-04-02 17:56:25.119 9 WARNING neutron_lib.context [None req-9e49e84f-b204-4f1f-9054-d5e25cd099fe 624cdc91ee6d473da732685720d502ca 94229dfd2e1647d8b46443c10a1ede15 - - default default] Method 'is_advsvc' is deprecated since 2023.2 release (neutron-lib 3.8.0) and will be removed once support for the old RBAC API policies will be removed from Neutron. Please use method 'is_service_role' instead.
2026-04-02 17:56:25.119 10 INFO neutron.wsgi [None req-baf4fbeb-eea3-46fd-a331-9547b298c526 b18ea61d7e3c463f90515b683279f1c3 9cf8b69dd1214192a80540da3d116fda - - default default] 10.0.0.157 "POST /v2.0/networks HTTP/1.1" status: 201 len: 929 time: 1.0137761
2026-04-02 17:56:25.139 9 INFO neutron.wsgi [None req-7256c34f-4ee2-43a1-a862-aca768f75343 673686718c054fe1acaf82ff927dca0c cb6e52b70aac458f9925b2b3c57c12b1 - - default default] 10.0.0.157 "GET /v2.0/security-groups HTTP/1.1" status: 200 len: 3120 time: 0.0483251
2026-04-02 17:56:25.156 9 INFO neutron.db.securitygroups_db [None req-9e49e84f-b204-4f1f-9054-d5e25cd099fe 624cdc91ee6d473da732685720d502ca 94229dfd2e1647d8b46443c10a1ede15 - - default default] Project 94229dfd2e1647d8b46443c10a1ede15 added a security group rule with legacy IPv6 ICMP protocol name icmp, ipv6-icmp should be used instead. It was automatically converted.
2026-04-02 17:56:25.239 10 INFO neutron.wsgi [None req-2b60b236-43ac-4d7c-8534-1fbd611eb780 ebe2c9a515b14642b2471cc5c3627181 297ffe6746fb456fb59cd545a4cb5923 - - default default] 10.0.0.157 "DELETE /v2.0/ports/c72c6dd8-34de-428c-94c9-5efcb95edbb5 HTTP/1.1" status: 204 len: 168 time: 0.7284398
2026-04-02 17:56:25.263 10 INFO neutron.pecan_wsgi.hooks.translation [None req-9f9fe290-ab7c-4744-b152-cc4b02b5efbf ebe2c9a515b14642b2471cc5c3627181 297ffe6746fb456fb59cd545a4cb5923 - - default default] GET failed (client error): The resource could not be found.
2026-04-02 17:56:25.264 10 INFO neutron.wsgi [None req-9f9fe290-ab7c-4744-b152-cc4b02b5efbf ebe2c9a515b14642b2471cc5c3627181 297ffe6746fb456fb59cd545a4cb5923 - - default default] 10.0.0.157 "GET /v2.0/ports/c72c6dd8-34de-428c-94c9-5efcb95edbb5 HTTP/1.1" status: 404 len: 333 time: 0.0199232
2026-04-02 17:56:25.276 9 INFO neutron.db.ovn_revision_numbers_db [None req-9e49e84f-b204-4f1f-9054-d5e25cd099fe 624cdc91ee6d473da732685720d502ca 94229dfd2e1647d8b46443c10a1ede15 - - default default] Successfully bumped revision number for resource 6e5d5a0f-2700-4b2b-9d87-729ad95c23e1 (type: security_group_rules) to 0
2026-04-02 17:56:25.311 10 WARNING neutron.scheduler.dhcp_agent_scheduler [None req-3d6dd400-7e49-47e8-bff3-de6644134f89 b18ea61d7e3c463f90515b683279f1c3 9cf8b69dd1214192a80540da3d116fda - - default default] No more DHCP agents
2026-04-02 17:56:25.313 9 INFO neutron.wsgi [None req-9e49e84f-b204-4f1f-9054-d5e25cd099fe 624cdc91ee6d473da732685720d502ca 94229dfd2e1647d8b46443c10a1ede15 - - default default] 10.0.0.157 "POST /v2.0/security-group-rules HTTP/1.1" status: 201 len: 805 time: 0.1987531
2026-04-02 17:56:25.313 10 WARNING neutron.api.rpc.agentnotifiers.dhcp_rpc_agent_api [None req-3d6dd400-7e49-47e8-bff3-de6644134f89 b18ea61d7e3c463f90515b683279f1c3 9cf8b69dd1214192a80540da3d116fda - - default default] Unable to schedule network e185fa0f-553f-49dc-bcaf-3af80e06b11a: no agents available; will retry on subsequent port and subnet creation events.
2026-04-02 17:56:25.445 9 INFO neutron.wsgi [None req-d2535e2e-0abe-47f7-b385-6550d9d0c2c3 ebe2c9a515b14642b2471cc5c3627181 297ffe6746fb456fb59cd545a4cb5923 - - default default] 10.0.0.157 "DELETE /v2.0/subnets/d0fb911b-8b3f-4e04-b389-7568f8b5b785 HTTP/1.1" status: 204 len: 168 time: 0.1762989
2026-04-02 17:56:25.802 9 INFO neutron.wsgi [None req-0e0802e5-329f-4429-a100-7ce5990a8011 e5920096478448dbb6eba624f5643ed6 04efb0ac35034d1aaab6abe3211d5b92 - - default default] 10.0.0.157 "GET /v2.0/security-groups?tenant_id=cb6e52b70aac458f9925b2b3c57c12b1&name=default HTTP/1.1" status: 200 len: 3120 time: 0.1581879
2026-04-02 17:56:25.854 10 INFO neutron.wsgi [None req-6f79cb9f-4915-44e1-8057-120ea5d1013f 624cdc91ee6d473da732685720d502ca 94229dfd2e1647d8b46443c10a1ede15 - - default default] 10.0.0.157 "GET /v2.0/networks HTTP/1.1" status: 200 len: 1493 time: 0.1923630
2026-04-02 17:56:25.860 9 INFO neutron.wsgi [None req-a0ecb049-2ade-415c-bc8f-f136e0a61e76 ebe2c9a515b14642b2471cc5c3627181 297ffe6746fb456fb59cd545a4cb5923 - - default default] 10.0.0.157 "DELETE /v2.0/networks/94107a09-55c7-4b91-b419-6089188b6bcd HTTP/1.1" status: 204 len: 168 time: 0.4101431
2026-04-02 17:56:25.866 10 INFO neutron.db.ovn_revision_numbers_db [None req-3d6dd400-7e49-47e8-bff3-de6644134f89 b18ea61d7e3c463f90515b683279f1c3 9cf8b69dd1214192a80540da3d116fda - - default default] Successfully bumped revision number for resource 66a60ad1-3231-4597-9c95-f5e825e0ea15 (type: ports) to 2
2026-04-02 17:56:25.874 9 WARNING neutron_lib.context [None req-30ad6d0c-1954-4e14-b048-4a8a36ff0ee8 ebe2c9a515b14642b2471cc5c3627181 297ffe6746fb456fb59cd545a4cb5923 - - default default] Method 'is_advsvc' is deprecated since 2023.2 release (neutron-lib 3.8.0) and will be removed once support for the old RBAC API policies will be removed from Neutron. Please use method 'is_service_role' instead.
2026-04-02 17:56:25.903 10 INFO neutron.db.ovn_revision_numbers_db [None req-3d6dd400-7e49-47e8-bff3-de6644134f89 b18ea61d7e3c463f90515b683279f1c3 9cf8b69dd1214192a80540da3d116fda - - default default] Successfully bumped revision number for resource 4f3a6702-3201-494a-8d2c-66570eb09248 (type: subnets) to 0
2026-04-02 17:56:25.920 10 INFO neutron.wsgi [None req-3d6dd400-7e49-47e8-bff3-de6644134f89 b18ea61d7e3c463f90515b683279f1c3 9cf8b69dd1214192a80540da3d116fda - - default default] 10.0.0.157 "POST /v2.0/subnets HTTP/1.1" status: 201 len: 822 time: 0.7967894
2026-04-02 17:56:25.931 10 WARNING neutron.api.v2.base [None req-a6c5e570-bbc5-4dcb-86fa-d30f317a6b56 b18ea61d7e3c463f90515b683279f1c3 9cf8b69dd1214192a80540da3d116fda - - default default] An exception happened while processing the request body. The exception message is [Invalid input for target_tenant. Reason: '1234123412341234123412341234123412341234123412341234123412341234123412341234123412341234123412341234123412341234123412341234123412341234123412341234123412341234123412341234123412341234123412341234123412341234123412341234123412341234123412341234123412341234123412341234123412341234123412341234123412341234123412341234123412341234123412341234123412341234123412341234123412341234123412341234123412341234' exceeds maximum length of 255.].: webob.exc.HTTPBadRequest: Invalid input for target_tenant. Reason: '1234123412341234123412341234123412341234123412341234123412341234123412341234123412341234123412341234123412341234123412341234123412341234123412341234123412341234123412341234123412341234123412341234123412341234123412341234123412341234123412341234123412341234123412341234123412341234123412341234123412341234123412341234123412341234123412341234123412341234123412341234123412341234123412341234123412341234' exceeds maximum length of 255.
2026-04-02 17:56:25.932 10 INFO neutron.api.v2.resource [None req-a6c5e570-bbc5-4dcb-86fa-d30f317a6b56 b18ea61d7e3c463f90515b683279f1c3 9cf8b69dd1214192a80540da3d116fda - - default default] create failed (client error): Invalid input for target_tenant. Reason: '1234123412341234123412341234123412341234123412341234123412341234123412341234123412341234123412341234123412341234123412341234123412341234123412341234123412341234123412341234123412341234123412341234123412341234123412341234123412341234123412341234123412341234123412341234123412341234123412341234123412341234123412341234123412341234123412341234123412341234123412341234123412341234123412341234123412341234' exceeds maximum length of 255.
2026-04-02 17:56:25.933 10 INFO neutron.wsgi [None req-a6c5e570-bbc5-4dcb-86fa-d30f317a6b56 b18ea61d7e3c463f90515b683279f1c3 9cf8b69dd1214192a80540da3d116fda - - default default] 10.0.0.157 "POST /v2.0/rbac-policies HTTP/1.1" status: 400 len: 750 time: 0.0082660
2026-04-02 17:56:26.016 9 INFO neutron.wsgi [req-ec7cbe3a-c8e9-420b-ba46-07170ed7133c req-2eaad775-44c9-44c0-ae8c-df90dba53d1a 624cdc91ee6d473da732685720d502ca 94229dfd2e1647d8b46443c10a1ede15 - - default default] 10.0.0.89 "GET /v2.0/security-groups?name=tempest-secgroup-smoke-2147456343&fields=id&tenant_id=94229dfd2e1647d8b46443c10a1ede15 HTTP/1.1" status: 200 len: 267 time: 0.0713770
2026-04-02 17:56:26.155 9 INFO neutron.wsgi [req-ec7cbe3a-c8e9-420b-ba46-07170ed7133c req-7174069f-244c-4eda-b56d-87a3ad6c1eb2 624cdc91ee6d473da732685720d502ca 94229dfd2e1647d8b46443c10a1ede15 - - default default] 10.0.0.89 "GET /v2.0/networks?id=eacb2dad-313e-493d-96e7-ba471dabc3f9 HTTP/1.1" status: 200 len: 860 time: 0.1285374
2026-04-02 17:56:26.187 9 INFO neutron.wsgi [req-ec7cbe3a-c8e9-420b-ba46-07170ed7133c req-1246d622-8ae4-45e3-8a13-ccd5c1e80b12 624cdc91ee6d473da732685720d502ca 94229dfd2e1647d8b46443c10a1ede15 - - default default] 10.0.0.89 "GET /v2.0/quotas/94229dfd2e1647d8b46443c10a1ede15 HTTP/1.1" status: 200 len: 491 time: 0.0253220
2026-04-02 17:56:26.202 9 INFO neutron.wsgi [None req-4c275208-a2c7-4e32-9e3d-a4d5e209fbe1 e5920096478448dbb6eba624f5643ed6 04efb0ac35034d1aaab6abe3211d5b92 - - default default] 10.0.0.157 "DELETE /v2.0/security-groups/348e35c3-5c28-4191-b360-bd4cab7b49c7 HTTP/1.1" status: 204 len: 168 time: 0.3970273 /var/lib/openstack/lib/python3.10/site-packages/pycadf/identifier.py:71: UserWarning: Invalid uuid: neutron. To ensure interoperability, identifiers should be a valid uuid. warnings.warn(('Invalid uuid: %s. To ensure interoperability, '
2026-04-02 17:56:26.255 9 WARNING neutron.scheduler.dhcp_agent_scheduler [None req-30ad6d0c-1954-4e14-b048-4a8a36ff0ee8 ebe2c9a515b14642b2471cc5c3627181 297ffe6746fb456fb59cd545a4cb5923 - - default default] No more DHCP agents
2026-04-02 17:56:26.260 9 WARNING neutron.api.rpc.agentnotifiers.dhcp_rpc_agent_api [None req-30ad6d0c-1954-4e14-b048-4a8a36ff0ee8 ebe2c9a515b14642b2471cc5c3627181 297ffe6746fb456fb59cd545a4cb5923 - - default default] Unable to schedule network 744d9687-7125-4178-99e9-e6dd11c7ae72: no agents available; will retry on subsequent port and subnet creation events.
2026-04-02 17:56:26.333 9 INFO neutron.wsgi [req-ec7cbe3a-c8e9-420b-ba46-07170ed7133c req-48d6bdf3-8f24-43a2-af9f-ca2ce34224bb 624cdc91ee6d473da732685720d502ca 94229dfd2e1647d8b46443c10a1ede15 - - default default] 10.0.0.89 "GET /v2.0/ports?tenant_id=94229dfd2e1647d8b46443c10a1ede15&fields=id HTTP/1.1" status: 200 len: 302 time: 0.1348231
2026-04-02 17:56:26.460 10 INFO neutron.services.segments.plugin [-] Segment 72753051-4032-4153-a432-26d1bef75d2f resource provider aggregate not found
2026-04-02 17:56:26.463 10 INFO neutron.services.segments.plugin [-] Segment 72753051-4032-4153-a432-26d1bef75d2f resource provider aggregate not found
2026-04-02 17:56:26.475 10 INFO neutron.services.segments.plugin [-] Segment 72753051-4032-4153-a432-26d1bef75d2f resource provider not found; error: Placement Client Error (4xx): {"errors": [{"status": 404, "title": "Not Found", "detail": "The resource could not be found.\n\n No resource provider with uuid 72753051-4032-4153-a432-26d1bef75d2f found for delete ", "request_id": "req-4c328ec1-d6fd-42b6-b790-fedbe788ee3e"}]}
2026-04-02 17:56:26.482 10 INFO neutron.services.segments.plugin [-] Segment 72753051-4032-4153-a432-26d1bef75d2f resource provider not found; error: Placement Client Error (4xx): {"errors": [{"status": 404, "title": "Not Found", "detail": "The resource could not be found.\n\n No resource provider with uuid 72753051-4032-4153-a432-26d1bef75d2f found for delete ", "request_id": "req-6dfa5325-8d29-4a5d-a148-8ec6aa4b6e12"}]}
2026-04-02 17:56:26.501 10 INFO neutron.wsgi [None req-1d6c893c-8295-483f-ab8a-51862dea5bb9 b18ea61d7e3c463f90515b683279f1c3 9cf8b69dd1214192a80540da3d116fda - - default default] 10.0.0.157 "DELETE /v2.0/networks/e185fa0f-553f-49dc-bcaf-3af80e06b11a HTTP/1.1" status: 204 len: 168 time: 0.5633502 /var/lib/openstack/lib/python3.10/site-packages/pycadf/identifier.py:71: UserWarning: Invalid uuid: neutron. To ensure interoperability, identifiers should be a valid uuid. warnings.warn(('Invalid uuid: %s. To ensure interoperability, '
2026-04-02 17:56:26.578 9 INFO neutron.db.ovn_revision_numbers_db [None req-30ad6d0c-1954-4e14-b048-4a8a36ff0ee8 ebe2c9a515b14642b2471cc5c3627181 297ffe6746fb456fb59cd545a4cb5923 - - default default] Successfully bumped revision number for resource ef1c7c37-dae7-4ec9-9ec9-deceb0599ebf (type: ports) to 1
2026-04-02 17:56:26.601 10 INFO neutron.db.segments_db [None req-85206c08-d3d1-4d8f-9eb7-93e26070157d b18ea61d7e3c463f90515b683279f1c3 9cf8b69dd1214192a80540da3d116fda - - default default] Added segment 12a2abe4-36e9-4135-a652-f79c33605f3e of type geneve for network 957e1b80-dc40-4282-9601-26bad2bcbfb1
2026-04-02 17:56:26.605 9 INFO neutron.wsgi [None req-30ad6d0c-1954-4e14-b048-4a8a36ff0ee8 ebe2c9a515b14642b2471cc5c3627181 297ffe6746fb456fb59cd545a4cb5923 - - default default] 10.0.0.157 "POST /v2.0/ports HTTP/1.1" status: 201 len: 978 time: 0.7357752
2026-04-02 17:56:26.608 9 INFO neutron.wsgi [req-ec7cbe3a-c8e9-420b-ba46-07170ed7133c req-ffb70780-5472-4c16-ad73-541fb6e362c1 6b2eb44c78ef40fe81841ada4497ec78 1186d73df1754cc2a0a3df526e988b35 - - 9c52bcdd4eeb4dd48f39771804555193 9c52bcdd4eeb4dd48f39771804555193] 10.0.0.89 "GET /v2.0/networks/eacb2dad-313e-493d-96e7-ba471dabc3f9?fields=segments HTTP/1.1" status: 200 len: 212 time: 0.0620766
2026-04-02 17:56:26.664 9 INFO neutron.wsgi [req-ec7cbe3a-c8e9-420b-ba46-07170ed7133c req-5d82a2ac-9af9-43d9-8933-ca364782cbd6 6b2eb44c78ef40fe81841ada4497ec78 1186d73df1754cc2a0a3df526e988b35 - - 9c52bcdd4eeb4dd48f39771804555193 9c52bcdd4eeb4dd48f39771804555193] 10.0.0.89 "GET /v2.0/networks/eacb2dad-313e-493d-96e7-ba471dabc3f9?fields=provider%3Aphysical_network&fields=provider%3Anetwork_type HTTP/1.1" status: 200 len: 277 time: 0.0477984
2026-04-02 17:56:26.786 9 INFO neutron.services.segments.plugin [-] Segment 0c05656a-1bb4-4acc-9322-51495314b3b5 resource provider aggregate not found
2026-04-02 17:56:26.794 9 INFO neutron.services.segments.plugin [-] Segment 0c05656a-1bb4-4acc-9322-51495314b3b5 resource provider aggregate not found
2026-04-02 17:56:26.809 9 INFO neutron.services.segments.plugin [-] Segment 0c05656a-1bb4-4acc-9322-51495314b3b5 resource provider not found; error: Placement Client Error (4xx): {"errors": [{"status": 404, "title": "Not Found", "detail": "The resource could not be found.\n\n No resource provider with uuid 0c05656a-1bb4-4acc-9322-51495314b3b5 found for delete ", "request_id": "req-1b4f7955-ed3a-4af6-93bd-81de5df5399f"}]}
2026-04-02 17:56:26.812 9 INFO neutron.services.segments.plugin [-] Segment 0c05656a-1bb4-4acc-9322-51495314b3b5 resource provider not found; error: Placement Client Error (4xx): {"errors": [{"status": 404, "title": "Not Found", "detail": "The resource could not be found.\n\n No resource provider with uuid 0c05656a-1bb4-4acc-9322-51495314b3b5 found for delete ", "request_id": "req-4a3d8e96-3173-44a5-b516-701d39ae8750"}]}
2026-04-02 17:56:26.836 9 INFO neutron.wsgi [req-742669e2-c271-4728-b6ee-1f95ccdddcb7 req-491f0432-bde3-428a-a628-80fa6c8f1c91 624cdc91ee6d473da732685720d502ca 94229dfd2e1647d8b46443c10a1ede15 - - default default] 10.0.0.89 "GET /v2.0/ports?device_id=10d76164-b8be-4f0b-8dcb-cd20d6ad351d HTTP/1.1" status: 200 len: 210 time: 0.0251050
2026-04-02 17:56:26.845 10 INFO neutron.db.ovn_revision_numbers_db [None req-85206c08-d3d1-4d8f-9eb7-93e26070157d b18ea61d7e3c463f90515b683279f1c3 9cf8b69dd1214192a80540da3d116fda - - default default] Successfully bumped revision number for resource 957e1b80-dc40-4282-9601-26bad2bcbfb1 (type: networks) to 1
2026-04-02 17:56:26.994 10 INFO neutron.plugins.ml2.drivers.ovn.mech_driver.mech_driver [None req-8d2cf2ee-c82e-474d-8c94-215c72e4d0c3 - - - - - -] OVN reports status down for port: ef1c7c37-dae7-4ec9-9ec9-deceb0599ebf
2026-04-02 17:56:27.046 10 INFO neutron.db.ovn_revision_numbers_db [None req-656e3149-caa9-4980-9e0a-1fecadd0ca1d ebe2c9a515b14642b2471cc5c3627181 297ffe6746fb456fb59cd545a4cb5923 - - default default] Successfully bumped revision number for resource ef1c7c37-dae7-4ec9-9ec9-deceb0599ebf (type: ports) to 2
2026-04-02 17:56:27.061 10 INFO neutron.wsgi [None req-656e3149-caa9-4980-9e0a-1fecadd0ca1d ebe2c9a515b14642b2471cc5c3627181 297ffe6746fb456fb59cd545a4cb5923 - - default default] 10.0.0.157 "PUT /v2.0/ports/ef1c7c37-dae7-4ec9-9ec9-deceb0599ebf HTTP/1.1" status: 200 len: 946 time: 0.4399014
2026-04-02 17:56:27.113 10 WARNING neutron.scheduler.dhcp_agent_scheduler [None req-85206c08-d3d1-4d8f-9eb7-93e26070157d b18ea61d7e3c463f90515b683279f1c3 9cf8b69dd1214192a80540da3d116fda - - default default] No more DHCP agents
2026-04-02 17:56:27.115 10 WARNING neutron.api.rpc.agentnotifiers.dhcp_rpc_agent_api [None req-85206c08-d3d1-4d8f-9eb7-93e26070157d b18ea61d7e3c463f90515b683279f1c3 9cf8b69dd1214192a80540da3d116fda - - default default] Unable to schedule network 957e1b80-dc40-4282-9601-26bad2bcbfb1: no agents available; will retry on subsequent port and subnet creation events.
2026-04-02 17:56:27.202 10 INFO neutron.db.ovn_revision_numbers_db [None req-85206c08-d3d1-4d8f-9eb7-93e26070157d b18ea61d7e3c463f90515b683279f1c3 9cf8b69dd1214192a80540da3d116fda - - default default] Successfully bumped revision number for resource f2edf653-edb5-4f89-b666-11bd299f6f1b (type: ports) to 1
2026-04-02 17:56:27.225 10 INFO neutron.wsgi [None req-85206c08-d3d1-4d8f-9eb7-93e26070157d b18ea61d7e3c463f90515b683279f1c3 9cf8b69dd1214192a80540da3d116fda - - default default] 10.0.0.157 "POST /v2.0/networks HTTP/1.1" status: 201 len: 929 time: 0.7180228 /var/lib/openstack/lib/python3.10/site-packages/pycadf/identifier.py:71: UserWarning: Invalid uuid: neutron. To ensure interoperability, identifiers should be a valid uuid. warnings.warn(('Invalid uuid: %s. To ensure interoperability, '
2026-04-02 17:56:27.355 9 INFO neutron.wsgi [None req-aea86ec8-025b-425a-ab11-45869c64a6dc ebe2c9a515b14642b2471cc5c3627181 297ffe6746fb456fb59cd545a4cb5923 - - default default] 10.0.0.157 "DELETE /v2.0/ports/ef1c7c37-dae7-4ec9-9ec9-deceb0599ebf HTTP/1.1" status: 204 len: 168 time: 0.2883165
2026-04-02 17:56:27.416 10 WARNING neutron.scheduler.dhcp_agent_scheduler [None req-2eb6a4f2-534c-4859-8bf2-87ed30657462 b18ea61d7e3c463f90515b683279f1c3 9cf8b69dd1214192a80540da3d116fda - - default default] No more DHCP agents
2026-04-02 17:56:27.419 10 WARNING neutron.api.rpc.agentnotifiers.dhcp_rpc_agent_api [None req-2eb6a4f2-534c-4859-8bf2-87ed30657462 b18ea61d7e3c463f90515b683279f1c3 9cf8b69dd1214192a80540da3d116fda - - default default] Unable to schedule network 957e1b80-dc40-4282-9601-26bad2bcbfb1: no agents available; will retry on subsequent port and subnet creation events.
2026-04-02 17:56:27.425 9 INFO neutron.wsgi [None req-97992fba-0845-4095-a3e2-97215e81b36c ebe2c9a515b14642b2471cc5c3627181 297ffe6746fb456fb59cd545a4cb5923 - - default default] 10.0.0.157 "GET /v2.0/ports HTTP/1.1" status: 200 len: 1733 time: 0.0574474
2026-04-02 17:56:27.448 9 INFO neutron.pecan_wsgi.hooks.translation [None req-d858b18f-a7b8-4c27-b39e-2049c18a1da5 ebe2c9a515b14642b2471cc5c3627181 297ffe6746fb456fb59cd545a4cb5923 - - default default] GET failed (client error): The resource could not be found.
2026-04-02 17:56:27.450 9 INFO neutron.wsgi [None req-d858b18f-a7b8-4c27-b39e-2049c18a1da5 ebe2c9a515b14642b2471cc5c3627181 297ffe6746fb456fb59cd545a4cb5923 - - default default] 10.0.0.157 "GET /v2.0/ports/ef1c7c37-dae7-4ec9-9ec9-deceb0599ebf HTTP/1.1" status: 404 len: 333 time: 0.0200570
2026-04-02 17:56:27.494 9 INFO neutron.wsgi [None req-8fae0d74-cf2a-4f50-b645-8d5ef10b6c7e ebe2c9a515b14642b2471cc5c3627181 297ffe6746fb456fb59cd545a4cb5923 - - default default] 10.0.0.157 "GET /v2.0/ports HTTP/1.1" status: 200 len: 1733 time: 0.0374396
2026-04-02 17:56:27.552 9 INFO neutron.wsgi [None req-b718e04e-8d73-45eb-866e-aed49b1948c4 ebe2c9a515b14642b2471cc5c3627181 297ffe6746fb456fb59cd545a4cb5923 - - default default] 10.0.0.157 "GET /v2.0/ports/368ddcf0-84a1-4fb2-aeee-d5962d25d3e5 HTTP/1.1" status: 200 len: 973 time: 0.0517879
2026-04-02 17:56:27.572 9 INFO neutron.pecan_wsgi.hooks.translation [None req-e0bcdc0c-f862-46ba-9427-463b0373ce81 ebe2c9a515b14642b2471cc5c3627181 297ffe6746fb456fb59cd545a4cb5923 - - default default] DELETE failed (client error): The resource could not be found.
2026-04-02 17:56:27.575 9 INFO neutron.wsgi [None req-e0bcdc0c-f862-46ba-9427-463b0373ce81 ebe2c9a515b14642b2471cc5c3627181 297ffe6746fb456fb59cd545a4cb5923 - - default default] 10.0.0.157 "DELETE /v2.0/ports/c72c6dd8-34de-428c-94c9-5efcb95edbb5 HTTP/1.1" status: 404 len: 333 time: 0.0184228
2026-04-02 17:56:27.589 9 INFO neutron.wsgi [req-ec7cbe3a-c8e9-420b-ba46-07170ed7133c req-8a110ed2-e147-4397-9501-6fdff8eeab06 624cdc91ee6d473da732685720d502ca 94229dfd2e1647d8b46443c10a1ede15 - - default default] 199.204.45.53 "GET /v2.0/networks?id=eacb2dad-313e-493d-96e7-ba471dabc3f9 HTTP/1.1" status: 200 len: 860 time: 0.0897155
2026-04-02 17:56:27.595 9 INFO neutron.pecan_wsgi.hooks.translation [None req-8a38901b-b953-4937-a7af-f268f7c9df7d ebe2c9a515b14642b2471cc5c3627181 297ffe6746fb456fb59cd545a4cb5923 - - default default] DELETE failed (client error): The resource could not be found.
2026-04-02 17:56:27.597 9 INFO neutron.wsgi [None req-8a38901b-b953-4937-a7af-f268f7c9df7d ebe2c9a515b14642b2471cc5c3627181 297ffe6746fb456fb59cd545a4cb5923 - - default default] 10.0.0.157 "DELETE /v2.0/subnets/d0fb911b-8b3f-4e04-b389-7568f8b5b785 HTTP/1.1" status: 404 len: 337 time: 0.0178089
2026-04-02 17:56:27.616 9 INFO neutron.pecan_wsgi.hooks.translation [None req-5c07d4f3-8a9e-4cd4-b052-14f3398d3c28 ebe2c9a515b14642b2471cc5c3627181 297ffe6746fb456fb59cd545a4cb5923 - - default default] DELETE failed (client error): The resource could not be found.
2026-04-02 17:56:27.618 9 INFO neutron.wsgi [None req-5c07d4f3-8a9e-4cd4-b052-14f3398d3c28 ebe2c9a515b14642b2471cc5c3627181 297ffe6746fb456fb59cd545a4cb5923 - - default default] 10.0.0.157 "DELETE /v2.0/subnets/618520ce-bf6a-47e8-b4f5-de9465ea6cc6 HTTP/1.1" status: 404 len: 337 time: 0.0158441
2026-04-02 17:56:27.646 9 INFO neutron.wsgi [req-ec7cbe3a-c8e9-420b-ba46-07170ed7133c req-7a8684aa-30ba-4699-b1e6-a3536dfebdd8 624cdc91ee6d473da732685720d502ca 94229dfd2e1647d8b46443c10a1ede15 - - default default] 199.204.45.53 "GET /v2.0/security-groups?fields=id&fields=name&tenant_id=94229dfd2e1647d8b46443c10a1ede15 HTTP/1.1" status: 200 len: 380 time: 0.0485301
2026-04-02 17:56:27.655 9 WARNING neutron_lib.context [req-ec7cbe3a-c8e9-420b-ba46-07170ed7133c req-b37e0482-28af-4e94-92ae-2eb6200058d4 624cdc91ee6d473da732685720d502ca 94229dfd2e1647d8b46443c10a1ede15 - - default default] Method 'is_advsvc' is deprecated since 2023.2 release (neutron-lib 3.8.0) and will be removed once support for the old RBAC API policies will be removed from Neutron. Please use method 'is_service_role' instead.
2026-04-02 17:56:27.950 9 INFO neutron.wsgi [req-500b03ad-27b4-4aad-9f36-0590df61c6ca req-cd445acf-cb45-44f4-9996-7f780db341e4 624cdc91ee6d473da732685720d502ca 94229dfd2e1647d8b46443c10a1ede15 - - default default] 10.0.0.89 "GET /v2.0/ports?device_id=10d76164-b8be-4f0b-8dcb-cd20d6ad351d HTTP/1.1" status: 200 len: 210 time: 0.0240119
2026-04-02 17:56:27.983 9 WARNING neutron.scheduler.dhcp_agent_scheduler [req-ec7cbe3a-c8e9-420b-ba46-07170ed7133c req-b37e0482-28af-4e94-92ae-2eb6200058d4 624cdc91ee6d473da732685720d502ca 94229dfd2e1647d8b46443c10a1ede15 - - default default] No more DHCP agents
2026-04-02 17:56:27.985 9 WARNING neutron.api.rpc.agentnotifiers.dhcp_rpc_agent_api [req-ec7cbe3a-c8e9-420b-ba46-07170ed7133c req-b37e0482-28af-4e94-92ae-2eb6200058d4 624cdc91ee6d473da732685720d502ca 94229dfd2e1647d8b46443c10a1ede15 - - default default] Unable to schedule network eacb2dad-313e-493d-96e7-ba471dabc3f9: no agents available; will retry on subsequent port and subnet creation events.
2026-04-02 17:56:28.044 10 INFO neutron.wsgi [None req-577d9b29-5744-48ce-8123-86fe238c4438 ebe2c9a515b14642b2471cc5c3627181 297ffe6746fb456fb59cd545a4cb5923 - - default default] 10.0.0.157 "DELETE /v2.0/ports/368ddcf0-84a1-4fb2-aeee-d5962d25d3e5 HTTP/1.1" status: 204 len: 168 time: 0.4211864
2026-04-02 17:56:28.045 10 INFO neutron.db.ovn_revision_numbers_db [None req-2eb6a4f2-534c-4859-8bf2-87ed30657462 b18ea61d7e3c463f90515b683279f1c3 9cf8b69dd1214192a80540da3d116fda - - default default] Successfully bumped revision number for resource f2edf653-edb5-4f89-b666-11bd299f6f1b (type: ports) to 2 /var/lib/openstack/lib/python3.10/site-packages/pycadf/identifier.py:71: UserWarning: Invalid uuid: neutron. To ensure interoperability, identifiers should be a valid uuid. warnings.warn(('Invalid uuid: %s. To ensure interoperability, '
2026-04-02 17:56:28.077 9 WARNING neutron_lib.context [None req-5a7ddcbb-3f9c-4725-8d5d-c16160da9fdf ff85382bd4294cc6981c545836e33b90 541e5762eb5b4204b0c5cb5fd1c828c1 - - default default] Method 'is_advsvc' is deprecated since 2023.2 release (neutron-lib 3.8.0) and will be removed once support for the old RBAC API policies will be removed from Neutron. Please use method 'is_service_role' instead.
2026-04-02 17:56:28.087 10 INFO neutron.db.ovn_revision_numbers_db [None req-2eb6a4f2-534c-4859-8bf2-87ed30657462 b18ea61d7e3c463f90515b683279f1c3 9cf8b69dd1214192a80540da3d116fda - - default default] Successfully bumped revision number for resource 3d0c954c-2ac0-4c2b-bbb2-3f466982945e (type: subnets) to 0
2026-04-02 17:56:28.104 10 INFO neutron.wsgi [None req-2eb6a4f2-534c-4859-8bf2-87ed30657462 b18ea61d7e3c463f90515b683279f1c3 9cf8b69dd1214192a80540da3d116fda - - default default] 10.0.0.157 "POST /v2.0/subnets HTTP/1.1" status: 201 len: 822 time: 0.8724046
2026-04-02 17:56:28.202 9 INFO neutron.wsgi [None req-5a7ddcbb-3f9c-4725-8d5d-c16160da9fdf ff85382bd4294cc6981c545836e33b90 541e5762eb5b4204b0c5cb5fd1c828c1 - - default default] 10.0.0.157 "POST /v2.0/subnetpools HTTP/1.1" status: 201 len: 747 time: 0.2987077
2026-04-02 17:56:28.232 10 INFO neutron.wsgi [None req-aca5adee-f977-408a-adea-9321214a0d7d ff85382bd4294cc6981c545836e33b90 541e5762eb5b4204b0c5cb5fd1c828c1 - - default default] 10.0.0.157 "GET /v2.0/subnetpools/1ec98ed1-3c4f-421b-a278-e983b704be55 HTTP/1.1" status: 200 len: 742 time: 0.0242469
2026-04-02 17:56:28.233 9 INFO neutron.db.ovn_revision_numbers_db [req-ec7cbe3a-c8e9-420b-ba46-07170ed7133c req-b37e0482-28af-4e94-92ae-2eb6200058d4 624cdc91ee6d473da732685720d502ca 94229dfd2e1647d8b46443c10a1ede15 - - default default] Successfully bumped revision number for resource 529ebbe2-008f-4630-be7c-3b269b353290 (type: ports) to 1
