2026-04-02 17:54:32.713 9 INFO neutron.services.segments.plugin [-] Segment eb91114f-3041-4328-bcda-562e3ba837c1 resource provider aggregate not found
2026-04-02 17:54:32.731 9 INFO neutron.services.segments.plugin [-] Segment eb91114f-3041-4328-bcda-562e3ba837c1 resource provider not found; error: Placement Client Error (4xx): {"errors": [{"status": 404, "title": "Not Found", "detail": "The resource could not be found.\n\n No resource provider with uuid eb91114f-3041-4328-bcda-562e3ba837c1 found for delete ", "request_id": "req-46c8ba20-d831-47ca-b8d9-547e0bfbbff8"}]}
2026-04-02 17:54:32.746 9 INFO neutron.services.segments.plugin [-] Segment eb91114f-3041-4328-bcda-562e3ba837c1 resource provider not found; error: Placement Client Error (4xx): {"errors": [{"status": 404, "title": "Not Found", "detail": "The resource could not be found.\n\n No resource provider with uuid eb91114f-3041-4328-bcda-562e3ba837c1 found for delete ", "request_id": "req-5897d724-fd69-4af5-a27b-506631798321"}]}
2026-04-02 17:54:32.754 9 INFO neutron.wsgi [None req-8130b5ff-a365-4a16-ac00-b6452b195da9 e5920096478448dbb6eba624f5643ed6 04efb0ac35034d1aaab6abe3211d5b92 - - default default] 10.0.0.157 "DELETE /v2.0/networks/f52d3f0b-ce02-4d85-80d0-9780304835b7 HTTP/1.1" status: 204 len: 168 time: 0.8475788
2026-04-02 17:54:32.891 9 INFO neutron.wsgi [None req-2c6cc21e-0eda-4b8e-abed-0daa9f7864dd e5920096478448dbb6eba624f5643ed6 04efb0ac35034d1aaab6abe3211d5b92 - - default default] 10.0.0.157 "GET /v2.0/security-groups?tenant_id=5d7116c3089c4fc08e3f81d0ed34e1d8&name=default HTTP/1.1" status: 200 len: 3116 time: 0.0432386
2026-04-02 17:54:33.020 10 INFO neutron.db.ovn_revision_numbers_db [None req-e782bb77-0f95-4f22-87da-2ad43c6149be e5920096478448dbb6eba624f5643ed6 04efb0ac35034d1aaab6abe3211d5b92 - - default default] Successfully bumped revision number for resource 70351283-e9cb-4d06-b47b-8f9431b7e5ac (type: security_groups) to 1
2026-04-02 17:54:33.052 10 INFO neutron.db.ovn_revision_numbers_db [None req-e782bb77-0f95-4f22-87da-2ad43c6149be e5920096478448dbb6eba624f5643ed6 04efb0ac35034d1aaab6abe3211d5b92 - - default default] Successfully bumped revision number for resource 38b2bc52-2bd3-463d-a9b3-006362ae9b6b (type: security_group_rules) to 0
2026-04-02 17:54:33.092 10 INFO neutron.db.ovn_revision_numbers_db [None req-e782bb77-0f95-4f22-87da-2ad43c6149be e5920096478448dbb6eba624f5643ed6 04efb0ac35034d1aaab6abe3211d5b92 - - default default] Successfully bumped revision number for resource 64450e78-317c-4e84-9511-9636e3bce920 (type: security_group_rules) to 0
2026-04-02 17:54:33.113 10 INFO neutron.db.ovn_revision_numbers_db [None req-e782bb77-0f95-4f22-87da-2ad43c6149be e5920096478448dbb6eba624f5643ed6 04efb0ac35034d1aaab6abe3211d5b92 - - default default] Successfully bumped revision number for resource af1cad3a-532b-4bfb-9099-c98c568dcadb (type: security_group_rules) to 0
2026-04-02 17:54:33.135 10 INFO neutron.db.ovn_revision_numbers_db [None req-e782bb77-0f95-4f22-87da-2ad43c6149be e5920096478448dbb6eba624f5643ed6 04efb0ac35034d1aaab6abe3211d5b92 - - default default] Successfully bumped revision number for resource b633c204-2998-4b78-8bc2-0dbfaf0f0588 (type: security_group_rules) to 0
2026-04-02 17:54:33.147 9 INFO neutron.wsgi [None req-dc89eed5-5b0e-447b-877e-8b946927619f e5920096478448dbb6eba624f5643ed6 04efb0ac35034d1aaab6abe3211d5b92 - - default default] 10.0.0.157 "DELETE /v2.0/security-groups/caae61e9-945f-4005-b165-58aef8d39542 HTTP/1.1" status: 204 len: 168 time: 0.2517638
2026-04-02 17:54:33.171 10 INFO neutron.wsgi [None req-e782bb77-0f95-4f22-87da-2ad43c6149be e5920096478448dbb6eba624f5643ed6 04efb0ac35034d1aaab6abe3211d5b92 - - default default] 10.0.0.157 "GET /v2.0/security-groups?tenant_id=93e259e136c84f488a255dd8218b0685&name=default HTTP/1.1" status: 200 len: 3120 time: 0.7424455
2026-04-02 17:54:33.375 9 INFO neutron.wsgi [None req-76f858f4-0d77-44aa-9f7c-d73479ad249b e5920096478448dbb6eba624f5643ed6 04efb0ac35034d1aaab6abe3211d5b92 - - default default] 10.0.0.157 "DELETE /v2.0/security-groups/70351283-e9cb-4d06-b47b-8f9431b7e5ac HTTP/1.1" status: 204 len: 168 time: 0.1992102
2026-04-02 17:54:33.419 10 INFO neutron.wsgi [None req-99b41b32-dca3-423a-9a74-e130b196949b e5920096478448dbb6eba624f5643ed6 04efb0ac35034d1aaab6abe3211d5b92 - - default default] 10.0.0.157 "DELETE /v2.0/networks/692c4705-394f-42d2-b59c-dc4d4982ca5e HTTP/1.1" status: 204 len: 168 time: 0.8211968
2026-04-02 17:54:33.426 10 INFO neutron.wsgi [None req-01d54bfe-6f9c-438f-add1-91db92652f02 e5920096478448dbb6eba624f5643ed6 04efb0ac35034d1aaab6abe3211d5b92 - - default default] 10.0.0.157 "DELETE /v2.0/networks/1f94abf9-f21e-495b-bbda-f9d027faa614 HTTP/1.1" status: 204 len: 168 time: 0.7354023
2026-04-02 17:54:33.646 10 INFO neutron.db.ovn_revision_numbers_db [None req-54fd3ae9-fd7b-4753-b7ad-4019ae0dcb7d e5920096478448dbb6eba624f5643ed6 04efb0ac35034d1aaab6abe3211d5b92 - - default default] Successfully bumped revision number for resource 02cda65c-71a3-4b8a-addb-b78735451b6f (type: security_groups) to 1
2026-04-02 17:54:33.660 10 INFO neutron.db.ovn_revision_numbers_db [None req-54fd3ae9-fd7b-4753-b7ad-4019ae0dcb7d e5920096478448dbb6eba624f5643ed6 04efb0ac35034d1aaab6abe3211d5b92 - - default default] Successfully bumped revision number for resource 295d3f35-9254-42b0-b341-476ddf67f8f1 (type: security_group_rules) to 0
2026-04-02 17:54:33.675 10 INFO neutron.db.ovn_revision_numbers_db [None req-54fd3ae9-fd7b-4753-b7ad-4019ae0dcb7d e5920096478448dbb6eba624f5643ed6 04efb0ac35034d1aaab6abe3211d5b92 - - default default] Successfully bumped revision number for resource b9c0b126-2fc3-4e4e-a4c3-c1a2fe285c3a (type: security_group_rules) to 0
2026-04-02 17:54:33.691 10 INFO neutron.db.ovn_revision_numbers_db [None req-54fd3ae9-fd7b-4753-b7ad-4019ae0dcb7d e5920096478448dbb6eba624f5643ed6 04efb0ac35034d1aaab6abe3211d5b92 - - default default] Successfully bumped revision number for resource ca804440-5213-494e-b4f0-2f9c186a54a0 (type: security_group_rules) to 0
2026-04-02 17:54:33.709 10 INFO neutron.db.ovn_revision_numbers_db [None req-54fd3ae9-fd7b-4753-b7ad-4019ae0dcb7d e5920096478448dbb6eba624f5643ed6 04efb0ac35034d1aaab6abe3211d5b92 - - default default] Successfully bumped revision number for resource dd08dd14-6a40-41be-ac9e-7c772e36af0e (type: security_group_rules) to 0
2026-04-02 17:54:33.741 9 INFO neutron.wsgi [None req-ecb18d58-bb3c-4edb-b354-ba08a6a2579d e5920096478448dbb6eba624f5643ed6 04efb0ac35034d1aaab6abe3211d5b92 - - default default] 10.0.0.157 "GET /v2.0/security-groups?tenant_id=5032272394f34d05a920476044de0bfc&name=default HTTP/1.1" status: 200 len: 3120 time: 0.0409360
2026-04-02 17:54:33.746 10 INFO neutron.wsgi [None req-54fd3ae9-fd7b-4753-b7ad-4019ae0dcb7d e5920096478448dbb6eba624f5643ed6 04efb0ac35034d1aaab6abe3211d5b92 - - default default] 10.0.0.157 "GET /v2.0/security-groups?tenant_id=74de1cb5b4bf40a180f0957044c95641&name=default HTTP/1.1" status: 200 len: 3120 time: 0.2113707
2026-04-02 17:54:33.801 9 INFO neutron.wsgi [None req-1c28c3aa-2605-477e-8c89-e40ac3e5c688 e5920096478448dbb6eba624f5643ed6 04efb0ac35034d1aaab6abe3211d5b92 - - default default] 10.0.0.157 "GET /v2.0/security-groups?tenant_id=1fe1eedfa1ea4d7b9ff24b8ea05b4b9b&name=default HTTP/1.1" status: 200 len: 3116 time: 0.0573382
2026-04-02 17:54:33.964 10 INFO neutron.wsgi [None req-c225d2ce-e620-4d08-b282-f88e46f0c362 e5920096478448dbb6eba624f5643ed6 04efb0ac35034d1aaab6abe3211d5b92 - - default default] 10.0.0.157 "DELETE /v2.0/security-groups/02cda65c-71a3-4b8a-addb-b78735451b6f HTTP/1.1" status: 204 len: 168 time: 0.2129202
2026-04-02 17:54:33.979 10 INFO neutron.services.segments.plugin [-] Segment 1b5ced74-a1b6-45dc-af75-6f1da2c6e478 resource provider aggregate not found
2026-04-02 17:54:33.989 10 INFO neutron.services.segments.plugin [-] Segment 1b5ced74-a1b6-45dc-af75-6f1da2c6e478 resource provider aggregate not found
2026-04-02 17:54:33.996 10 INFO neutron.services.segments.plugin [-] Segment 1b5ced74-a1b6-45dc-af75-6f1da2c6e478 resource provider not found; error: Placement Client Error (4xx): {"errors": [{"status": 404, "title": "Not Found", "detail": "The resource could not be found.\n\n No resource provider with uuid 1b5ced74-a1b6-45dc-af75-6f1da2c6e478 found for delete ", "request_id": "req-0068180d-6168-411f-83d8-5e348f8c8d7e"}]}
2026-04-02 17:54:34.013 10 INFO neutron.services.segments.plugin [-] Segment 1b5ced74-a1b6-45dc-af75-6f1da2c6e478 resource provider not found; error: Placement Client Error (4xx): {"errors": [{"status": 404, "title": "Not Found", "detail": "The resource could not be found.\n\n No resource provider with uuid 1b5ced74-a1b6-45dc-af75-6f1da2c6e478 found for delete ", "request_id": "req-8d3a81a3-51d4-4d3f-ac11-8d8d391248c5"}]}
2026-04-02 17:54:34.054 9 INFO neutron.wsgi [None req-cb836829-4047-4efb-8361-e4daa0e6fdba e5920096478448dbb6eba624f5643ed6 04efb0ac35034d1aaab6abe3211d5b92 - - default default] 10.0.0.157 "DELETE /v2.0/security-groups/581442db-28f3-48d8-837a-4aafcf942d2e HTTP/1.1" status: 204 len: 168 time: 0.3105080
2026-04-02 17:54:34.093 9 INFO neutron.wsgi [None req-ece2e91a-2a47-460e-8d37-31abc9a61cb0 e5920096478448dbb6eba624f5643ed6 04efb0ac35034d1aaab6abe3211d5b92 - - default default] 10.0.0.157 "DELETE /v2.0/security-groups/ddc5b61a-9fd1-4e43-bd55-784bef663ffa HTTP/1.1" status: 204 len: 168 time: 0.2860818
2026-04-02 17:54:36.019 10 INFO neutron.services.segments.plugin [-] Segment 70bd956d-8ebf-4915-9b72-a3dc2da42db8 resource provider aggregate not found
2026-04-02 17:54:36.033 10 INFO neutron.services.segments.plugin [-] Segment 70bd956d-8ebf-4915-9b72-a3dc2da42db8 resource provider aggregate not found
2026-04-02 17:54:36.037 10 INFO neutron.services.segments.plugin [-] Segment 70bd956d-8ebf-4915-9b72-a3dc2da42db8 resource provider not found; error: Placement Client Error (4xx): {"errors": [{"status": 404, "title": "Not Found", "detail": "The resource could not be found.\n\n No resource provider with uuid 70bd956d-8ebf-4915-9b72-a3dc2da42db8 found for delete ", "request_id": "req-310a2134-9445-4d2c-b5d4-ca70f3a854e0"}]}
2026-04-02 17:54:36.044 10 INFO neutron.services.segments.plugin [-] Segment 70bd956d-8ebf-4915-9b72-a3dc2da42db8 resource provider not found; error: Placement Client Error (4xx): {"errors": [{"status": 404, "title": "Not Found", "detail": "The resource could not be found.\n\n No resource provider with uuid 70bd956d-8ebf-4915-9b72-a3dc2da42db8 found for delete ", "request_id": "req-8edf0c12-7992-4cfa-93cb-840d3e83b53a"}]}
2026-04-02 17:54:36.100 9 INFO neutron.db.ovn_revision_numbers_db [None req-d5b2cb0f-3208-4ad3-aed4-33e77c719177 e5920096478448dbb6eba624f5643ed6 04efb0ac35034d1aaab6abe3211d5b92 - - default default] Successfully bumped revision number for resource be303864-f9f6-49b9-bb31-6242ef6e2692 (type: security_groups) to 1
2026-04-02 17:54:36.122 9 INFO neutron.db.ovn_revision_numbers_db [None req-d5b2cb0f-3208-4ad3-aed4-33e77c719177 e5920096478448dbb6eba624f5643ed6 04efb0ac35034d1aaab6abe3211d5b92 - - default default] Successfully bumped revision number for resource 2ae1a048-0383-4a65-8464-cf1c9fd84623 (type: security_group_rules) to 0
2026-04-02 17:54:36.124 9 INFO neutron.db.ovn_revision_numbers_db [None req-77976e4e-107a-4661-9f73-bea2be195510 e5920096478448dbb6eba624f5643ed6 04efb0ac35034d1aaab6abe3211d5b92 - - default default] Successfully bumped revision number for resource cf17f9fc-28a6-47cf-a708-37746f0fe07d (type: security_groups) to 1
2026-04-02 17:54:36.154 9 INFO neutron.db.ovn_revision_numbers_db [None req-77976e4e-107a-4661-9f73-bea2be195510 e5920096478448dbb6eba624f5643ed6 04efb0ac35034d1aaab6abe3211d5b92 - - default default] Successfully bumped revision number for resource 21329b14-c09d-4c1d-9ba0-7f3440f1f3e4 (type: security_group_rules) to 0
2026-04-02 17:54:36.161 9 INFO neutron.db.ovn_revision_numbers_db [None req-d5b2cb0f-3208-4ad3-aed4-33e77c719177 e5920096478448dbb6eba624f5643ed6 04efb0ac35034d1aaab6abe3211d5b92 - - default default] Successfully bumped revision number for resource 8289ecfe-7a8c-421d-90b2-b292f7835afc (type: security_group_rules) to 0
2026-04-02 17:54:36.179 9 INFO neutron.db.ovn_revision_numbers_db [None req-77976e4e-107a-4661-9f73-bea2be195510 e5920096478448dbb6eba624f5643ed6 04efb0ac35034d1aaab6abe3211d5b92 - - default default] Successfully bumped revision number for resource 3af5711d-cb4e-4551-893e-cf05d4bb7547 (type: security_group_rules) to 0
2026-04-02 17:54:36.189 9 INFO neutron.db.ovn_revision_numbers_db [None req-d5b2cb0f-3208-4ad3-aed4-33e77c719177 e5920096478448dbb6eba624f5643ed6 04efb0ac35034d1aaab6abe3211d5b92 - - default default] Successfully bumped revision number for resource 9665eb40-59cd-4f0c-b9fb-5c44170aba0d (type: security_group_rules) to 0
2026-04-02 17:54:36.199 9 INFO neutron.db.ovn_revision_numbers_db [None req-77976e4e-107a-4661-9f73-bea2be195510 e5920096478448dbb6eba624f5643ed6 04efb0ac35034d1aaab6abe3211d5b92 - - default default] Successfully bumped revision number for resource c0e32700-6a6d-4488-bbf6-315be8843160 (type: security_group_rules) to 0
2026-04-02 17:54:36.210 9 INFO neutron.db.ovn_revision_numbers_db [None req-d5b2cb0f-3208-4ad3-aed4-33e77c719177 e5920096478448dbb6eba624f5643ed6 04efb0ac35034d1aaab6abe3211d5b92 - - default default] Successfully bumped revision number for resource a388a08d-af56-4983-a012-e90fa4f58372 (type: security_group_rules) to 0
2026-04-02 17:54:36.214 9 INFO neutron.db.ovn_revision_numbers_db [None req-09216adf-b21d-41d6-9dd7-f771b5e9652d e5920096478448dbb6eba624f5643ed6 04efb0ac35034d1aaab6abe3211d5b92 - - default default] Successfully bumped revision number for resource 6f7905a6-510f-4543-9452-3445b0ea6804 (type: security_groups) to 1
2026-04-02 17:54:36.220 9 INFO neutron.db.ovn_revision_numbers_db [None req-77976e4e-107a-4661-9f73-bea2be195510 e5920096478448dbb6eba624f5643ed6 04efb0ac35034d1aaab6abe3211d5b92 - - default default] Successfully bumped revision number for resource e327e83b-430e-4bea-8447-0a41dc7839e6 (type: security_group_rules) to 0
2026-04-02 17:54:36.240 9 INFO neutron.db.ovn_revision_numbers_db [None req-09216adf-b21d-41d6-9dd7-f771b5e9652d e5920096478448dbb6eba624f5643ed6 04efb0ac35034d1aaab6abe3211d5b92 - - default default] Successfully bumped revision number for resource 3c7901a7-e883-4b95-ae84-61c75871700e (type: security_group_rules) to 0
2026-04-02 17:54:36.259 9 INFO neutron.db.ovn_revision_numbers_db [None req-09216adf-b21d-41d6-9dd7-f771b5e9652d e5920096478448dbb6eba624f5643ed6 04efb0ac35034d1aaab6abe3211d5b92 - - default default] Successfully bumped revision number for resource 64b5b97f-780d-4f9a-a03c-44a9cfb8c664 (type: security_group_rules) to 0
2026-04-02 17:54:36.278 9 INFO neutron.db.segments_db [None req-d5b2cb0f-3208-4ad3-aed4-33e77c719177 e5920096478448dbb6eba624f5643ed6 04efb0ac35034d1aaab6abe3211d5b92 - - default default] Added segment ee3614b5-a909-4688-be2f-f0e7bd880b90 of type geneve for network 50c73e21-7496-4fc1-adfe-1b72e439a2b7
2026-04-02 17:54:36.292 9 INFO neutron.db.segments_db [None req-77976e4e-107a-4661-9f73-bea2be195510 e5920096478448dbb6eba624f5643ed6 04efb0ac35034d1aaab6abe3211d5b92 - - default default] Added segment 96219f19-996e-44cb-8ffd-b7435024284b of type geneve for network 93b0b67f-2b2c-4405-ab69-815cab00e4dc
2026-04-02 17:54:36.303 9 INFO neutron.db.ovn_revision_numbers_db [None req-09216adf-b21d-41d6-9dd7-f771b5e9652d e5920096478448dbb6eba624f5643ed6 04efb0ac35034d1aaab6abe3211d5b92 - - default default] Successfully bumped revision number for resource f45f8493-d994-4768-9575-b106e9e97383 (type: security_group_rules) to 0
2026-04-02 17:54:36.329 9 INFO neutron.db.ovn_revision_numbers_db [None req-09216adf-b21d-41d6-9dd7-f771b5e9652d e5920096478448dbb6eba624f5643ed6 04efb0ac35034d1aaab6abe3211d5b92 - - default default] Successfully bumped revision number for resource faf4d6d7-409e-4324-ae65-6abe4a3df4e1 (type: security_group_rules) to 0
2026-04-02 17:54:36.385 9 INFO neutron.wsgi [None req-09216adf-b21d-41d6-9dd7-f771b5e9652d e5920096478448dbb6eba624f5643ed6 04efb0ac35034d1aaab6abe3211d5b92 - - default default] 10.0.0.157 "GET /v2.0/security-groups?tenant_id=d51c8183f114480c8b8a07f8ec32aab5&name=default HTTP/1.1" status: 200 len: 3120 time: 0.3850179
2026-04-02 17:54:36.550 9 INFO neutron.db.ovn_revision_numbers_db [None req-d5b2cb0f-3208-4ad3-aed4-33e77c719177 e5920096478448dbb6eba624f5643ed6 04efb0ac35034d1aaab6abe3211d5b92 - - default default] Successfully bumped revision number for resource 50c73e21-7496-4fc1-adfe-1b72e439a2b7 (type: networks) to 1
2026-04-02 17:54:36.567 9 INFO neutron.db.ovn_revision_numbers_db [None req-77976e4e-107a-4661-9f73-bea2be195510 e5920096478448dbb6eba624f5643ed6 04efb0ac35034d1aaab6abe3211d5b92 - - default default] Successfully bumped revision number for resource 93b0b67f-2b2c-4405-ab69-815cab00e4dc (type: networks) to 1
2026-04-02 17:54:36.636 10 INFO neutron.wsgi [None req-dd08e094-0077-4712-9cea-5490a88d1720 e5920096478448dbb6eba624f5643ed6 04efb0ac35034d1aaab6abe3211d5b92 - - default default] 10.0.0.157 "DELETE /v2.0/security-groups/6f7905a6-510f-4543-9452-3445b0ea6804 HTTP/1.1" status: 204 len: 168 time: 0.2442405
2026-04-02 17:54:36.793 9 WARNING neutron.scheduler.dhcp_agent_scheduler [None req-77976e4e-107a-4661-9f73-bea2be195510 e5920096478448dbb6eba624f5643ed6 04efb0ac35034d1aaab6abe3211d5b92 - - default default] No more DHCP agents
2026-04-02 17:54:36.796 9 WARNING neutron.api.rpc.agentnotifiers.dhcp_rpc_agent_api [None req-77976e4e-107a-4661-9f73-bea2be195510 e5920096478448dbb6eba624f5643ed6 04efb0ac35034d1aaab6abe3211d5b92 - - default default] Unable to schedule network 93b0b67f-2b2c-4405-ab69-815cab00e4dc: no agents available; will retry on subsequent port and subnet creation events.
2026-04-02 17:54:36.799 9 WARNING neutron.scheduler.dhcp_agent_scheduler [None req-d5b2cb0f-3208-4ad3-aed4-33e77c719177 e5920096478448dbb6eba624f5643ed6 04efb0ac35034d1aaab6abe3211d5b92 - - default default] No more DHCP agents
2026-04-02 17:54:36.809 9 WARNING neutron.api.rpc.agentnotifiers.dhcp_rpc_agent_api [None req-d5b2cb0f-3208-4ad3-aed4-33e77c719177 e5920096478448dbb6eba624f5643ed6 04efb0ac35034d1aaab6abe3211d5b92 - - default default] Unable to schedule network 50c73e21-7496-4fc1-adfe-1b72e439a2b7: no agents available; will retry on subsequent port and subnet creation events.
2026-04-02 17:54:36.920 9 INFO neutron.db.ovn_revision_numbers_db [None req-d5b2cb0f-3208-4ad3-aed4-33e77c719177 e5920096478448dbb6eba624f5643ed6 04efb0ac35034d1aaab6abe3211d5b92 - - default default] Successfully bumped revision number for resource 2660778a-c3f2-43ca-8fd9-7730f9e9c826 (type: ports) to 1
2026-04-02 17:54:36.922 9 INFO neutron.db.ovn_revision_numbers_db [None req-77976e4e-107a-4661-9f73-bea2be195510 e5920096478448dbb6eba624f5643ed6 04efb0ac35034d1aaab6abe3211d5b92 - - default default] Successfully bumped revision number for resource e550a148-a8ea-4a38-9356-f9cac2f23bb6 (type: ports) to 1
2026-04-02 17:54:36.947 9 INFO neutron.wsgi [None req-d5b2cb0f-3208-4ad3-aed4-33e77c719177 e5920096478448dbb6eba624f5643ed6 04efb0ac35034d1aaab6abe3211d5b92 - - default default] 10.0.0.157 "POST /v2.0/networks HTTP/1.1" status: 201 len: 953 time: 1.1575007
2026-04-02 17:54:36.950 9 INFO neutron.wsgi [None req-77976e4e-107a-4661-9f73-bea2be195510 e5920096478448dbb6eba624f5643ed6 04efb0ac35034d1aaab6abe3211d5b92 - - default default] 10.0.0.157 "POST /v2.0/networks HTTP/1.1" status: 201 len: 946 time: 1.2220817
2026-04-02 17:54:37.113 10 WARNING neutron.scheduler.dhcp_agent_scheduler [None req-e5a7207c-81cd-40e7-99e5-6ff97558e6cd e5920096478448dbb6eba624f5643ed6 04efb0ac35034d1aaab6abe3211d5b92 - - default default] No more DHCP agents
2026-04-02 17:54:37.117 10 WARNING neutron.api.rpc.agentnotifiers.dhcp_rpc_agent_api [None req-e5a7207c-81cd-40e7-99e5-6ff97558e6cd e5920096478448dbb6eba624f5643ed6 04efb0ac35034d1aaab6abe3211d5b92 - - default default] Unable to schedule network 93b0b67f-2b2c-4405-ab69-815cab00e4dc: no agents available; will retry on subsequent port and subnet creation events.
2026-04-02 17:54:37.123 9 WARNING neutron.scheduler.dhcp_agent_scheduler [None req-758a5cd0-2cfa-4228-a8f8-bddb519177ef e5920096478448dbb6eba624f5643ed6 04efb0ac35034d1aaab6abe3211d5b92 - - default default] No more DHCP agents
2026-04-02 17:54:37.126 9 WARNING neutron.api.rpc.agentnotifiers.dhcp_rpc_agent_api [None req-758a5cd0-2cfa-4228-a8f8-bddb519177ef e5920096478448dbb6eba624f5643ed6 04efb0ac35034d1aaab6abe3211d5b92 - - default default] Unable to schedule network 50c73e21-7496-4fc1-adfe-1b72e439a2b7: no agents available; will retry on subsequent port and subnet creation events.
2026-04-02 17:54:37.592 9 INFO neutron.db.ovn_revision_numbers_db [None req-758a5cd0-2cfa-4228-a8f8-bddb519177ef e5920096478448dbb6eba624f5643ed6 04efb0ac35034d1aaab6abe3211d5b92 - - default default] Successfully bumped revision number for resource 2660778a-c3f2-43ca-8fd9-7730f9e9c826 (type: ports) to 2
2026-04-02 17:54:37.616 10 INFO neutron.db.ovn_revision_numbers_db [None req-e5a7207c-81cd-40e7-99e5-6ff97558e6cd e5920096478448dbb6eba624f5643ed6 04efb0ac35034d1aaab6abe3211d5b92 - - default default] Successfully bumped revision number for resource e550a148-a8ea-4a38-9356-f9cac2f23bb6 (type: ports) to 2
2026-04-02 17:54:37.629 9 INFO neutron.db.ovn_revision_numbers_db [None req-758a5cd0-2cfa-4228-a8f8-bddb519177ef e5920096478448dbb6eba624f5643ed6 04efb0ac35034d1aaab6abe3211d5b92 - - default default] Successfully bumped revision number for resource b5ff1baf-576e-4ab5-a0d6-39993a06244f (type: subnets) to 0
2026-04-02 17:54:37.644 10 INFO neutron.db.ovn_revision_numbers_db [None req-e5a7207c-81cd-40e7-99e5-6ff97558e6cd e5920096478448dbb6eba624f5643ed6 04efb0ac35034d1aaab6abe3211d5b92 - - default default] Successfully bumped revision number for resource fac6c849-69da-4850-8554-115ef066846d (type: subnets) to 0
2026-04-02 17:54:37.645 9 INFO neutron.wsgi [None req-758a5cd0-2cfa-4228-a8f8-bddb519177ef e5920096478448dbb6eba624f5643ed6 04efb0ac35034d1aaab6abe3211d5b92 - - default default] 10.0.0.157 "POST /v2.0/subnets HTTP/1.1" status: 201 len: 874 time: 0.6918669
2026-04-02 17:54:37.658 10 INFO neutron.wsgi [None req-e5a7207c-81cd-40e7-99e5-6ff97558e6cd e5920096478448dbb6eba624f5643ed6 04efb0ac35034d1aaab6abe3211d5b92 - - default default] 10.0.0.157 "POST /v2.0/subnets HTTP/1.1" status: 201 len: 866 time: 0.7038882
2026-04-02 17:54:38.128 10 WARNING neutron.scheduler.dhcp_agent_scheduler [None req-c1520544-045e-4d74-abf6-cec7e11af94c e5920096478448dbb6eba624f5643ed6 04efb0ac35034d1aaab6abe3211d5b92 - - default default] No more DHCP agents
2026-04-02 17:54:38.131 10 WARNING neutron.api.rpc.agentnotifiers.dhcp_rpc_agent_api [None req-c1520544-045e-4d74-abf6-cec7e11af94c e5920096478448dbb6eba624f5643ed6 04efb0ac35034d1aaab6abe3211d5b92 - - default default] Unable to schedule network e5b9ce7b-b79e-4fbd-82ec-90fee271619b: no agents available; will retry on subsequent port and subnet creation events.
2026-04-02 17:54:38.294 10 INFO neutron.db.ovn_revision_numbers_db [None req-c1520544-045e-4d74-abf6-cec7e11af94c e5920096478448dbb6eba624f5643ed6 04efb0ac35034d1aaab6abe3211d5b92 - - default default] Successfully bumped revision number for resource 5d96ace6-764a-420b-b8a7-45500972cf18 (type: ports) to 1
2026-04-02 17:54:38.869 9 WARNING neutron.scheduler.dhcp_agent_scheduler [None req-bb0a24a1-b081-466a-97dd-8deef6203d6a e5920096478448dbb6eba624f5643ed6 04efb0ac35034d1aaab6abe3211d5b92 - - default default] No more DHCP agents
2026-04-02 17:54:38.872 9 WARNING neutron.api.rpc.agentnotifiers.dhcp_rpc_agent_api [None req-bb0a24a1-b081-466a-97dd-8deef6203d6a e5920096478448dbb6eba624f5643ed6 04efb0ac35034d1aaab6abe3211d5b92 - - default default] Unable to schedule network e5b9ce7b-b79e-4fbd-82ec-90fee271619b: no agents available; will retry on subsequent port and subnet creation events.
2026-04-02 17:54:39.039 9 INFO neutron.db.ovn_revision_numbers_db [None req-bb0a24a1-b081-466a-97dd-8deef6203d6a e5920096478448dbb6eba624f5643ed6 04efb0ac35034d1aaab6abe3211d5b92 - - default default] Successfully bumped revision number for resource 95fc1f5d-4804-4764-999f-7dd00dbcfb1c (type: ports) to 1
2026-04-02 17:54:39.278 10 INFO neutron.plugins.ml2.drivers.ovn.mech_driver.ovsdb.commands [None req-9c5d3a2a-826b-432d-b40f-5c7057dfb494 - - - - - -] Schedule LRP lrp-5d96ace6-764a-420b-b8a7-45500972cf18 on gateway e63cc583-2cc1-44ed-bddc-dea82e3a56e8 with priority 1
2026-04-02 17:54:39.285 10 INFO neutron.plugins.ml2.drivers.ovn.mech_driver.mech_driver [None req-8d2cf2ee-c82e-474d-8c94-215c72e4d0c3 - - - - - -] OVN reports status up for port: 5d96ace6-764a-420b-b8a7-45500972cf18
2026-04-02 17:54:39.305 10 INFO neutron.plugins.ml2.drivers.ovn.mech_driver.ovsdb.ovsdb_monitor [None req-56e170c6-5d54-4558-a1fa-b33dd5bdfa35 - - - - - -] Router d2c75e67-0c5e-48aa-876c-590f18ea4686 is bound to host instance
2026-04-02 17:54:39.307 10 INFO neutron.plugins.ml2.plugin [None req-8d2cf2ee-c82e-474d-8c94-215c72e4d0c3 - - - - - -] Attempt 1 to provision port 5d96ace6-764a-420b-b8a7-45500972cf18
2026-04-02 17:54:39.344 10 INFO neutron.db.ovn_revision_numbers_db [None req-c1520544-045e-4d74-abf6-cec7e11af94c e5920096478448dbb6eba624f5643ed6 04efb0ac35034d1aaab6abe3211d5b92 - - default default] Successfully bumped revision number for resource 5d96ace6-764a-420b-b8a7-45500972cf18 (type: router_ports) to 1
2026-04-02 17:54:39.487 10 INFO neutron.db.ovn_revision_numbers_db [None req-c1520544-045e-4d74-abf6-cec7e11af94c e5920096478448dbb6eba624f5643ed6 04efb0ac35034d1aaab6abe3211d5b92 - - default default] Successfully bumped revision number for resource d2c75e67-0c5e-48aa-876c-590f18ea4686 (type: routers) to 2
2026-04-02 17:54:39.509 10 INFO neutron.wsgi [None req-c1520544-045e-4d74-abf6-cec7e11af94c e5920096478448dbb6eba624f5643ed6 04efb0ac35034d1aaab6abe3211d5b92 - - default default] 10.0.0.157 "POST /v2.0/routers HTTP/1.1" status: 201 len: 1168 time: 1.8471742
2026-04-02 17:54:39.758 9 INFO neutron.plugins.ml2.drivers.ovn.mech_driver.ovsdb.commands [None req-095df9b0-e543-4bb4-b929-1ba912274843 - - - - - -] Schedule LRP lrp-95fc1f5d-4804-4764-999f-7dd00dbcfb1c on gateway e63cc583-2cc1-44ed-bddc-dea82e3a56e8 with priority 1
2026-04-02 17:54:39.778 9 INFO neutron.plugins.ml2.drivers.ovn.mech_driver.mech_driver [None req-31a44c0b-f4e7-4680-a320-06d4f79cb80f - - - - - -] OVN reports status up for port: 95fc1f5d-4804-4764-999f-7dd00dbcfb1c
2026-04-02 17:54:39.805 9 INFO neutron.plugins.ml2.plugin [None req-31a44c0b-f4e7-4680-a320-06d4f79cb80f - - - - - -] Attempt 1 to provision port 95fc1f5d-4804-4764-999f-7dd00dbcfb1c
2026-04-02 17:54:39.831 9 INFO neutron.db.ovn_revision_numbers_db [None req-bb0a24a1-b081-466a-97dd-8deef6203d6a e5920096478448dbb6eba624f5643ed6 04efb0ac35034d1aaab6abe3211d5b92 - - default default] Successfully bumped revision number for resource 95fc1f5d-4804-4764-999f-7dd00dbcfb1c (type: router_ports) to 1
2026-04-02 17:54:39.942 9 INFO neutron.db.ovn_revision_numbers_db [None req-bb0a24a1-b081-466a-97dd-8deef6203d6a e5920096478448dbb6eba624f5643ed6 04efb0ac35034d1aaab6abe3211d5b92 - - default default] Successfully bumped revision number for resource 4274a81a-e177-4510-b393-a12a2387e644 (type: routers) to 2
2026-04-02 17:54:39.961 9 INFO neutron.wsgi [None req-bb0a24a1-b081-466a-97dd-8deef6203d6a e5920096478448dbb6eba624f5643ed6 04efb0ac35034d1aaab6abe3211d5b92 - - default default] 10.0.0.157 "POST /v2.0/routers HTTP/1.1" status: 201 len: 1176 time: 2.3109124
2026-04-02 17:54:40.093 10 INFO neutron.db.ovn_revision_numbers_db [None req-56e170c6-5d54-4558-a1fa-b33dd5bdfa35 - - - - - -] Successfully bumped revision number for resource 5d96ace6-764a-420b-b8a7-45500972cf18 (type: ports) to 1
2026-04-02 17:54:40.446 10 INFO neutron.db.ovn_revision_numbers_db [None req-56e170c6-5d54-4558-a1fa-b33dd5bdfa35 - - - - - -] Successfully bumped revision number for resource 5d96ace6-764a-420b-b8a7-45500972cf18 (type: router_ports) to 3
2026-04-02 17:54:40.470 9 WARNING neutron.scheduler.dhcp_agent_scheduler [None req-8c241079-97ed-4b69-bc72-059cc1491e3f e5920096478448dbb6eba624f5643ed6 04efb0ac35034d1aaab6abe3211d5b92 - - default default] No more DHCP agents
2026-04-02 17:54:40.481 9 WARNING neutron.api.rpc.agentnotifiers.dhcp_rpc_agent_api [None req-8c241079-97ed-4b69-bc72-059cc1491e3f e5920096478448dbb6eba624f5643ed6 04efb0ac35034d1aaab6abe3211d5b92 - - default default] Unable to schedule network 93b0b67f-2b2c-4405-ab69-815cab00e4dc: no agents available; will retry on subsequent port and subnet creation events.
2026-04-02 17:54:40.520 9 INFO neutron.db.ovn_revision_numbers_db [None req-5d920ceb-d77c-4513-8efb-31b360fdfa26 e5920096478448dbb6eba624f5643ed6 04efb0ac35034d1aaab6abe3211d5b92 - - default default] Successfully bumped revision number for resource e63d7c56-9092-4d68-b57e-8664c7226695 (type: security_groups) to 1
2026-04-02 17:54:40.547 9 INFO neutron.db.ovn_revision_numbers_db [None req-5d920ceb-d77c-4513-8efb-31b360fdfa26 e5920096478448dbb6eba624f5643ed6 04efb0ac35034d1aaab6abe3211d5b92 - - default default] Successfully bumped revision number for resource 1e1d6df0-cd9a-4066-9023-7a3710283d72 (type: security_group_rules) to 0
2026-04-02 17:54:40.572 9 INFO neutron.db.ovn_revision_numbers_db [None req-5d920ceb-d77c-4513-8efb-31b360fdfa26 e5920096478448dbb6eba624f5643ed6 04efb0ac35034d1aaab6abe3211d5b92 - - default default] Successfully bumped revision number for resource 4e9d08f6-e182-4a2c-a0cb-5b9856518e1e (type: security_group_rules) to 0
2026-04-02 17:54:40.600 9 INFO neutron.db.ovn_revision_numbers_db [None req-5d920ceb-d77c-4513-8efb-31b360fdfa26 e5920096478448dbb6eba624f5643ed6 04efb0ac35034d1aaab6abe3211d5b92 - - default default] Successfully bumped revision number for resource 98c77a44-6c05-4f65-b943-676220907c97 (type: security_group_rules) to 0
2026-04-02 17:54:40.632 9 INFO neutron.db.ovn_revision_numbers_db [None req-5d920ceb-d77c-4513-8efb-31b360fdfa26 e5920096478448dbb6eba624f5643ed6 04efb0ac35034d1aaab6abe3211d5b92 - - default default] Successfully bumped revision number for resource 9f3a72fa-204a-467e-a780-3f0753fe36ef (type: security_group_rules) to 0
2026-04-02 17:54:40.684 9 INFO neutron.wsgi [None req-5d920ceb-d77c-4513-8efb-31b360fdfa26 e5920096478448dbb6eba624f5643ed6 04efb0ac35034d1aaab6abe3211d5b92 - - default default] 10.0.0.157 "GET /v2.0/security-groups?tenant_id=9203a83b3ceb4311a5127de8f4b4f50d&name=default HTTP/1.1" status: 200 len: 3120 time: 0.7739437
2026-04-02 17:54:40.694 10 INFO neutron.db.ovn_revision_numbers_db [None req-56e170c6-5d54-4558-a1fa-b33dd5bdfa35 - - - - - -] Successfully bumped revision number for resource 5d96ace6-764a-420b-b8a7-45500972cf18 (type: ports) to 2
2026-04-02 17:54:40.761 9 INFO neutron.db.ovn_revision_numbers_db [None req-8c241079-97ed-4b69-bc72-059cc1491e3f e5920096478448dbb6eba624f5643ed6 04efb0ac35034d1aaab6abe3211d5b92 - - default default] Successfully bumped revision number for resource 9fd86bcf-af11-4aa1-a6a0-0c89a104a6bc (type: ports) to 1
2026-04-02 17:54:40.902 9 WARNING neutron.scheduler.dhcp_agent_scheduler [None req-f962a8c4-cac1-4773-89c3-65d0600989b1 e5920096478448dbb6eba624f5643ed6 04efb0ac35034d1aaab6abe3211d5b92 - - default default] No more DHCP agents
2026-04-02 17:54:40.913 9 WARNING neutron.api.rpc.agentnotifiers.dhcp_rpc_agent_api [None req-f962a8c4-cac1-4773-89c3-65d0600989b1 e5920096478448dbb6eba624f5643ed6 04efb0ac35034d1aaab6abe3211d5b92 - - default default] Unable to schedule network 50c73e21-7496-4fc1-adfe-1b72e439a2b7: no agents available; will retry on subsequent port and subnet creation events.
2026-04-02 17:54:40.990 10 INFO neutron.wsgi [None req-f24082dc-b913-4fd8-aa05-b10e132b39ab e5920096478448dbb6eba624f5643ed6 04efb0ac35034d1aaab6abe3211d5b92 - - default default] 10.0.0.157 "DELETE /v2.0/security-groups/e63d7c56-9092-4d68-b57e-8664c7226695 HTTP/1.1" status: 204 len: 168 time: 0.3021994
2026-04-02 17:54:41.119 9 INFO neutron.db.ovn_revision_numbers_db [None req-f962a8c4-cac1-4773-89c3-65d0600989b1 e5920096478448dbb6eba624f5643ed6 04efb0ac35034d1aaab6abe3211d5b92 - - default default] Successfully bumped revision number for resource a1b859e8-5252-48df-a3d6-c94007c13d57 (type: ports) to 1
2026-04-02 17:54:41.299 10 INFO neutron.db.ovn_revision_numbers_db [None req-56e170c6-5d54-4558-a1fa-b33dd5bdfa35 - - - - - -] Successfully bumped revision number for resource 5d96ace6-764a-420b-b8a7-45500972cf18 (type: ports) to 4
2026-04-02 17:54:41.495 9 INFO neutron.db.ovn_revision_numbers_db [None req-cfabd38e-9b47-457a-9f10-aa601bdd162d e5920096478448dbb6eba624f5643ed6 04efb0ac35034d1aaab6abe3211d5b92 - - default default] Successfully bumped revision number for resource efcc61ef-1754-4ba9-a7e7-0722fabab8a8 (type: security_groups) to 1
2026-04-02 17:54:41.545 9 INFO neutron.db.ovn_revision_numbers_db [None req-cfabd38e-9b47-457a-9f10-aa601bdd162d e5920096478448dbb6eba624f5643ed6 04efb0ac35034d1aaab6abe3211d5b92 - - default default] Successfully bumped revision number for resource 2084a272-a108-4c1b-8ac2-0b3deeb7f322 (type: security_group_rules) to 0
2026-04-02 17:54:41.548 10 INFO neutron.db.ovn_revision_numbers_db [None req-56e170c6-5d54-4558-a1fa-b33dd5bdfa35 - - - - - -] Successfully bumped revision number for resource 5d96ace6-764a-420b-b8a7-45500972cf18 (type: router_ports) to 4
2026-04-02 17:54:41.561 9 ERROR ovsdbapp.backend.ovs_idl.command [None req-8c241079-97ed-4b69-bc72-059cc1491e3f e5920096478448dbb6eba624f5643ed6 04efb0ac35034d1aaab6abe3211d5b92 - - default default] Error executing command (DbGetCommand): ovsdbapp.backend.ovs_idl.idlutils.RowNotFound: Cannot find Logical_Router_Port with name=lrp-9fd86bcf-af11-4aa1-a6a0-0c89a104a6bc
2026-04-02 17:54:41.561 9 ERROR ovsdbapp.backend.ovs_idl.command
Traceback (most recent call last):
2026-04-02 17:54:41.561 9 ERROR ovsdbapp.backend.ovs_idl.command
File "/var/lib/openstack/lib/python3.10/site-packages/ovsdbapp/backend/ovs_idl/command.py", line 47, in execute
2026-04-02 17:54:41.561 9 ERROR ovsdbapp.backend.ovs_idl.command self.run_idl(None)
2026-04-02 17:54:41.561 9 ERROR ovsdbapp.backend.ovs_idl.command
File "/var/lib/openstack/lib/python3.10/site-packages/ovsdbapp/backend/ovs_idl/command.py", line 235, in run_idl
2026-04-02 17:54:41.561 9 ERROR ovsdbapp.backend.ovs_idl.command record = self.api.lookup(self.table, self.record)
2026-04-02 17:54:41.561 9 ERROR ovsdbapp.backend.ovs_idl.command
File "/var/lib/openstack/lib/python3.10/site-packages/ovsdbapp/backend/ovs_idl/__init__.py", line 184, in lookup
2026-04-02 17:54:41.561 9 ERROR ovsdbapp.backend.ovs_idl.command return self._lookup(table, record)
2026-04-02 17:54:41.561 9 ERROR ovsdbapp.backend.ovs_idl.command
File "/var/lib/openstack/lib/python3.10/site-packages/ovsdbapp/backend/ovs_idl/__init__.py", line 235, in _lookup
2026-04-02 17:54:41.561 9 ERROR ovsdbapp.backend.ovs_idl.command row = idlutils.row_by_value(self, rl.table, rl.column, record)
2026-04-02 17:54:41.561 9 ERROR ovsdbapp.backend.ovs_idl.command
File "/var/lib/openstack/lib/python3.10/site-packages/ovsdbapp/backend/ovs_idl/idlutils.py", line 114, in row_by_value
2026-04-02 17:54:41.561 9 ERROR ovsdbapp.backend.ovs_idl.command raise RowNotFound(table=table, col=column, match=match)
2026-04-02 17:54:41.561 9 ERROR ovsdbapp.backend.ovs_idl.command ovsdbapp.backend.ovs_idl.idlutils.RowNotFound: Cannot find Logical_Router_Port with name=lrp-9fd86bcf-af11-4aa1-a6a0-0c89a104a6bc
2026-04-02 17:54:41.561 9 ERROR ovsdbapp.backend.ovs_idl.command 
2026-04-02 17:54:41.561 9 ERROR neutron_lib.callbacks.manager [None req-8c241079-97ed-4b69-bc72-059cc1491e3f e5920096478448dbb6eba624f5643ed6 04efb0ac35034d1aaab6abe3211d5b92 - - default default] Error during notification for neutron.services.ovn_l3.plugin.OVNL3RouterPlugin._port_update-8761650290406 port, after_update: ovsdbapp.backend.ovs_idl.idlutils.RowNotFound: Cannot find Logical_Router_Port with name=lrp-9fd86bcf-af11-4aa1-a6a0-0c89a104a6bc
2026-04-02 17:54:41.561 9 ERROR neutron_lib.callbacks.manager
Traceback (most recent call last):
2026-04-02 17:54:41.561 9 ERROR neutron_lib.callbacks.manager
File "/var/lib/openstack/lib/python3.10/site-packages/neutron_lib/callbacks/manager.py", line 189, in _notify_loop
2026-04-02 17:54:41.561 9 ERROR neutron_lib.callbacks.manager callback.method(resource, event, trigger, payload=payload)
2026-04-02 17:54:41.561 9 ERROR neutron_lib.callbacks.manager
File "/var/lib/openstack/lib/python3.10/site-packages/neutron/services/ovn_l3/plugin.py", line 391, in _port_update
2026-04-02 17:54:41.561 9 ERROR neutron_lib.callbacks.manager l3plugin._ovn_client.update_router_port(context,
2026-04-02 17:54:41.561 9 ERROR neutron_lib.callbacks.manager
File "/var/lib/openstack/lib/python3.10/site-packages/neutron/plugins/ml2/drivers/ovn/mech_driver/ovsdb/ovn_client.py", line 1878, in update_router_port
2026-04-02 17:54:41.561 9 ERROR neutron_lib.callbacks.manager self._update_lrouter_port(context, port, if_exists=if_exists,
2026-04-02 17:54:41.561 9 ERROR neutron_lib.callbacks.manager
File "/var/lib/openstack/lib/python3.10/site-packages/neutron/plugins/ml2/drivers/ovn/mech_driver/ovsdb/ovn_client.py", line 1855, in _update_lrouter_port
2026-04-02 17:54:41.561 9 ERROR neutron_lib.callbacks.manager external_ids = self._nb_idl.db_get(
2026-04-02 17:54:41.561 9 ERROR neutron_lib.callbacks.manager
File "/var/lib/openstack/lib/python3.10/site-packages/ovsdbapp/backend/ovs_idl/command.py", line 47, in execute
2026-04-02 17:54:41.561 9 ERROR neutron_lib.callbacks.manager self.run_idl(None)
2026-04-02 17:54:41.561 9 ERROR neutron_lib.callbacks.manager
File "/var/lib/openstack/lib/python3.10/site-packages/ovsdbapp/backend/ovs_idl/command.py", line 235, in run_idl
2026-04-02 17:54:41.561 9 ERROR neutron_lib.callbacks.manager record = self.api.lookup(self.table, self.record)
2026-04-02 17:54:41.561 9 ERROR neutron_lib.callbacks.manager
File "/var/lib/openstack/lib/python3.10/site-packages/ovsdbapp/backend/ovs_idl/__init__.py", line 184, in lookup
2026-04-02 17:54:41.561 9 ERROR neutron_lib.callbacks.manager return self._lookup(table, record)
2026-04-02 17:54:41.561 9 ERROR neutron_lib.callbacks.manager
File "/var/lib/openstack/lib/python3.10/site-packages/ovsdbapp/backend/ovs_idl/__init__.py", line 235, in _lookup
2026-04-02 17:54:41.561 9 ERROR neutron_lib.callbacks.manager row = idlutils.row_by_value(self, rl.table, rl.column, record)
2026-04-02 17:54:41.561 9 ERROR neutron_lib.callbacks.manager
File "/var/lib/openstack/lib/python3.10/site-packages/ovsdbapp/backend/ovs_idl/idlutils.py", line 114, in row_by_value
2026-04-02 17:54:41.561 9 ERROR neutron_lib.callbacks.manager raise RowNotFound(table=table, col=column, match=match)
2026-04-02 17:54:41.561 9 ERROR neutron_lib.callbacks.manager ovsdbapp.backend.ovs_idl.idlutils.RowNotFound: Cannot find Logical_Router_Port with name=lrp-9fd86bcf-af11-4aa1-a6a0-0c89a104a6bc
2026-04-02 17:54:41.561 9 ERROR neutron_lib.callbacks.manager 
2026-04-02 17:54:41.578 9 INFO neutron.db.ovn_revision_numbers_db [None req-cfabd38e-9b47-457a-9f10-aa601bdd162d e5920096478448dbb6eba624f5643ed6 04efb0ac35034d1aaab6abe3211d5b92 - - default default] Successfully bumped revision number for resource 447da284-6eec-47d8-91eb-4aa2a14646dc (type: security_group_rules) to 0
2026-04-02 17:54:41.599 10 INFO neutron.plugins.ml2.drivers.ovn.mech_driver.ovsdb.ovsdb_monitor [None req-56e170c6-5d54-4558-a1fa-b33dd5bdfa35 - - - - - -] Router 4274a81a-e177-4510-b393-a12a2387e644 is bound to host instance
2026-04-02 17:54:41.628 9 INFO neutron.db.ovn_revision_numbers_db [None req-cfabd38e-9b47-457a-9f10-aa601bdd162d e5920096478448dbb6eba624f5643ed6 04efb0ac35034d1aaab6abe3211d5b92 - - default default] Successfully bumped revision number for resource ddd4500c-6d1b-43e8-86ac-0c9ed5f4c6cc (type: security_group_rules) to 0
2026-04-02 17:54:41.662 9 INFO neutron.db.ovn_revision_numbers_db [None req-5bec88c0-00e4-4b5a-be90-71a43100f6ff e5920096478448dbb6eba624f5643ed6 04efb0ac35034d1aaab6abe3211d5b92 - - default default] Successfully bumped revision number for resource 2911651f-ad90-4987-8852-4a8457895c06 (type: security_groups) to 1
2026-04-02 17:54:41.681 9 INFO neutron.db.ovn_revision_numbers_db [None req-cfabd38e-9b47-457a-9f10-aa601bdd162d e5920096478448dbb6eba624f5643ed6 04efb0ac35034d1aaab6abe3211d5b92 - - default default] Successfully bumped revision number for resource fecebac4-f304-4a5c-8102-a5376a68511b (type: security_group_rules) to 0
2026-04-02 17:54:41.708 9 INFO neutron.db.ovn_revision_numbers_db [None req-5bec88c0-00e4-4b5a-be90-71a43100f6ff e5920096478448dbb6eba624f5643ed6 04efb0ac35034d1aaab6abe3211d5b92 - - default default] Successfully bumped revision number for resource 213cd64a-c31a-470e-b278-d71ad913daa4 (type: security_group_rules) to 0
2026-04-02 17:54:41.714 9 INFO neutron.wsgi [None req-cfabd38e-9b47-457a-9f10-aa601bdd162d e5920096478448dbb6eba624f5643ed6 04efb0ac35034d1aaab6abe3211d5b92 - - default default] 10.0.0.157 "GET /v2.0/security-groups?tenant_id=f24babf9a6dd4d87b9e826b60e76a75c&name=default HTTP/1.1" status: 200 len: 3120 time: 0.5466697
2026-04-02 17:54:41.750 9 INFO neutron.db.ovn_revision_numbers_db [None req-5bec88c0-00e4-4b5a-be90-71a43100f6ff e5920096478448dbb6eba624f5643ed6 04efb0ac35034d1aaab6abe3211d5b92 - - default default] Successfully bumped revision number for resource 891de533-cfce-493c-b9b3-639d2af1a543 (type: security_group_rules) to 0
2026-04-02 17:54:41.771 9 INFO neutron.db.ovn_revision_numbers_db [None req-5bec88c0-00e4-4b5a-be90-71a43100f6ff e5920096478448dbb6eba624f5643ed6 04efb0ac35034d1aaab6abe3211d5b92 - - default default] Successfully bumped revision number for resource 89c46213-9fbe-4e8d-8568-402ccf9ea5e5 (type: security_group_rules) to 0
2026-04-02 17:54:41.804 9 INFO neutron.db.ovn_revision_numbers_db [None req-5bec88c0-00e4-4b5a-be90-71a43100f6ff e5920096478448dbb6eba624f5643ed6 04efb0ac35034d1aaab6abe3211d5b92 - - default default] Successfully bumped revision number for resource c5345957-272c-420b-a495-1d01a635b07d (type: security_group_rules) to 0
2026-04-02 17:54:42.018 10 INFO neutron.wsgi [None req-38150f76-f881-4c37-8232-87ede31f3ecc e5920096478448dbb6eba624f5643ed6 04efb0ac35034d1aaab6abe3211d5b92 - - default default] 10.0.0.157 "DELETE /v2.0/security-groups/efcc61ef-1754-4ba9-a7e7-0722fabab8a8 HTTP/1.1" status: 204 len: 168 time: 0.3009453
2026-04-02 17:54:42.027 9 INFO neutron.wsgi [None req-5bec88c0-00e4-4b5a-be90-71a43100f6ff e5920096478448dbb6eba624f5643ed6 04efb0ac35034d1aaab6abe3211d5b92 - - default default] 10.0.0.157 "GET /v2.0/security-groups?tenant_id=b2fb1b44e0d6431eabe3c5bff1623b22&name=default HTTP/1.1" status: 200 len: 3120 time: 0.8349917
2026-04-02 17:54:42.131 10 INFO neutron.plugins.ml2.drivers.ovn.mech_driver.mech_driver [None req-8d2cf2ee-c82e-474d-8c94-215c72e4d0c3 - - - - - -] OVN reports status up for port: 9fd86bcf-af11-4aa1-a6a0-0c89a104a6bc
2026-04-02 17:54:42.142 10 INFO neutron.plugins.ml2.plugin [None req-8d2cf2ee-c82e-474d-8c94-215c72e4d0c3 - - - - - -] Attempt 1 to provision port 9fd86bcf-af11-4aa1-a6a0-0c89a104a6bc
2026-04-02 17:54:42.169 9 INFO neutron.db.ovn_revision_numbers_db [None req-8c241079-97ed-4b69-bc72-059cc1491e3f e5920096478448dbb6eba624f5643ed6 04efb0ac35034d1aaab6abe3211d5b92 - - default default] Successfully bumped revision number for resource 9fd86bcf-af11-4aa1-a6a0-0c89a104a6bc (type: ports) to 1
2026-04-02 17:54:42.193 9 ERROR ovsdbapp.backend.ovs_idl.command [None req-f962a8c4-cac1-4773-89c3-65d0600989b1 e5920096478448dbb6eba624f5643ed6 04efb0ac35034d1aaab6abe3211d5b92 - - default default] Error executing command (DbGetCommand): ovsdbapp.backend.ovs_idl.idlutils.RowNotFound: Cannot find Logical_Router_Port with name=lrp-a1b859e8-5252-48df-a3d6-c94007c13d57
2026-04-02 17:54:42.193 9 ERROR ovsdbapp.backend.ovs_idl.command
Traceback (most recent call last):
2026-04-02 17:54:42.193 9 ERROR ovsdbapp.backend.ovs_idl.command
File "/var/lib/openstack/lib/python3.10/site-packages/ovsdbapp/backend/ovs_idl/command.py", line 47, in execute
2026-04-02 17:54:42.193 9 ERROR ovsdbapp.backend.ovs_idl.command self.run_idl(None)
2026-04-02 17:54:42.193 9 ERROR ovsdbapp.backend.ovs_idl.command
File "/var/lib/openstack/lib/python3.10/site-packages/ovsdbapp/backend/ovs_idl/command.py", line 235, in run_idl
2026-04-02 17:54:42.193 9 ERROR ovsdbapp.backend.ovs_idl.command record = self.api.lookup(self.table, self.record)
2026-04-02 17:54:42.193 9 ERROR ovsdbapp.backend.ovs_idl.command
File "/var/lib/openstack/lib/python3.10/site-packages/ovsdbapp/backend/ovs_idl/__init__.py", line 184, in lookup
2026-04-02 17:54:42.193 9 ERROR ovsdbapp.backend.ovs_idl.command return self._lookup(table, record)
2026-04-02 17:54:42.193 9 ERROR ovsdbapp.backend.ovs_idl.command
File "/var/lib/openstack/lib/python3.10/site-packages/ovsdbapp/backend/ovs_idl/__init__.py", line 235, in _lookup
2026-04-02 17:54:42.193 9 ERROR ovsdbapp.backend.ovs_idl.command row = idlutils.row_by_value(self, rl.table, rl.column, record)
2026-04-02 17:54:42.193 9 ERROR ovsdbapp.backend.ovs_idl.command
File "/var/lib/openstack/lib/python3.10/site-packages/ovsdbapp/backend/ovs_idl/idlutils.py", line 114, in row_by_value
2026-04-02 17:54:42.193 9 ERROR ovsdbapp.backend.ovs_idl.command raise RowNotFound(table=table, col=column, match=match)
2026-04-02 17:54:42.193 9 ERROR ovsdbapp.backend.ovs_idl.command ovsdbapp.backend.ovs_idl.idlutils.RowNotFound: Cannot find Logical_Router_Port with name=lrp-a1b859e8-5252-48df-a3d6-c94007c13d57
2026-04-02 17:54:42.193 9 ERROR ovsdbapp.backend.ovs_idl.command 
2026-04-02 17:54:42.194 9 ERROR neutron_lib.callbacks.manager [None req-f962a8c4-cac1-4773-89c3-65d0600989b1 e5920096478448dbb6eba624f5643ed6 04efb0ac35034d1aaab6abe3211d5b92 - - default default] Error during notification for neutron.services.ovn_l3.plugin.OVNL3RouterPlugin._port_update-8761650290406 port, after_update: ovsdbapp.backend.ovs_idl.idlutils.RowNotFound: Cannot find Logical_Router_Port with name=lrp-a1b859e8-5252-48df-a3d6-c94007c13d57
2026-04-02 17:54:42.194 9 ERROR neutron_lib.callbacks.manager
Traceback (most recent call last):
2026-04-02 17:54:42.194 9 ERROR neutron_lib.callbacks.manager
File "/var/lib/openstack/lib/python3.10/site-packages/neutron_lib/callbacks/manager.py", line 189, in _notify_loop
2026-04-02 17:54:42.194 9 ERROR neutron_lib.callbacks.manager callback.method(resource, event, trigger, payload=payload)
2026-04-02 17:54:42.194 9 ERROR neutron_lib.callbacks.manager
File "/var/lib/openstack/lib/python3.10/site-packages/neutron/services/ovn_l3/plugin.py", line 391, in _port_update
2026-04-02 17:54:42.194 9 ERROR neutron_lib.callbacks.manager l3plugin._ovn_client.update_router_port(context,
2026-04-02 17:54:42.194 9 ERROR neutron_lib.callbacks.manager
File "/var/lib/openstack/lib/python3.10/site-packages/neutron/plugins/ml2/drivers/ovn/mech_driver/ovsdb/ovn_client.py", line 1878, in update_router_port
2026-04-02 17:54:42.194 9 ERROR neutron_lib.callbacks.manager self._update_lrouter_port(context, port, if_exists=if_exists,
2026-04-02 17:54:42.194 9 ERROR neutron_lib.callbacks.manager
File "/var/lib/openstack/lib/python3.10/site-packages/neutron/plugins/ml2/drivers/ovn/mech_driver/ovsdb/ovn_client.py", line 1855, in _update_lrouter_port
2026-04-02 17:54:42.194 9 ERROR neutron_lib.callbacks.manager external_ids = self._nb_idl.db_get(
2026-04-02 17:54:42.194 9 ERROR neutron_lib.callbacks.manager
File "/var/lib/openstack/lib/python3.10/site-packages/ovsdbapp/backend/ovs_idl/command.py", line 47, in execute
2026-04-02 17:54:42.194 9 ERROR neutron_lib.callbacks.manager self.run_idl(None)
2026-04-02 17:54:42.194 9 ERROR neutron_lib.callbacks.manager
File "/var/lib/openstack/lib/python3.10/site-packages/ovsdbapp/backend/ovs_idl/command.py", line 235, in run_idl
2026-04-02 17:54:42.194 9 ERROR neutron_lib.callbacks.manager record = self.api.lookup(self.table, self.record)
2026-04-02 17:54:42.194 9 ERROR neutron_lib.callbacks.manager
File "/var/lib/openstack/lib/python3.10/site-packages/ovsdbapp/backend/ovs_idl/__init__.py", line 184, in lookup
2026-04-02 17:54:42.194 9 ERROR neutron_lib.callbacks.manager return self._lookup(table, record)
2026-04-02 17:54:42.194 9 ERROR neutron_lib.callbacks.manager
File "/var/lib/openstack/lib/python3.10/site-packages/ovsdbapp/backend/ovs_idl/__init__.py", line 235, in _lookup
2026-04-02 17:54:42.194 9 ERROR neutron_lib.callbacks.manager row = idlutils.row_by_value(self, rl.table, rl.column, record)
2026-04-02 17:54:42.194 9 ERROR neutron_lib.callbacks.manager
File "/var/lib/openstack/lib/python3.10/site-packages/ovsdbapp/backend/ovs_idl/idlutils.py", line 114, in row_by_value
2026-04-02 17:54:42.194 9 ERROR neutron_lib.callbacks.manager raise RowNotFound(table=table, col=column, match=match)
2026-04-02 17:54:42.194 9 ERROR neutron_lib.callbacks.manager ovsdbapp.backend.ovs_idl.idlutils.RowNotFound: Cannot find Logical_Router_Port with name=lrp-a1b859e8-5252-48df-a3d6-c94007c13d57
2026-04-02 17:54:42.194 9 ERROR neutron_lib.callbacks.manager 
2026-04-02 17:54:42.262 9 WARNING neutron.scheduler.dhcp_agent_scheduler [None req-8c241079-97ed-4b69-bc72-059cc1491e3f e5920096478448dbb6eba624f5643ed6 04efb0ac35034d1aaab6abe3211d5b92 - - default default] No more DHCP agents
2026-04-02 17:54:42.264 9 WARNING neutron.api.rpc.agentnotifiers.dhcp_rpc_agent_api [None req-8c241079-97ed-4b69-bc72-059cc1491e3f e5920096478448dbb6eba624f5643ed6 04efb0ac35034d1aaab6abe3211d5b92 - - default default] Unable to schedule network 93b0b67f-2b2c-4405-ab69-815cab00e4dc: no agents available; will retry on subsequent port and subnet creation events.
2026-04-02 17:54:42.444 10 INFO neutron.wsgi [None req-3cd503ff-922a-4301-9b09-6d5668253349 e5920096478448dbb6eba624f5643ed6 04efb0ac35034d1aaab6abe3211d5b92 - - default default] 10.0.0.157 "DELETE /v2.0/security-groups/2911651f-ad90-4987-8852-4a8457895c06 HTTP/1.1" status: 204 len: 168 time: 0.3997283
