2026-04-02 17:56:46.813 9 INFO neutron.wsgi [req-58978356-bcfb-4faa-9721-950193b1693f req-8c482ced-f49d-4b70-99dd-1c6830fab567 624cdc91ee6d473da732685720d502ca 94229dfd2e1647d8b46443c10a1ede15 - - default default] 10.0.0.89 "GET /v2.0/quotas/94229dfd2e1647d8b46443c10a1ede15 HTTP/1.1" status: 200 len: 491 time: 0.0114412
2026-04-02 17:56:46.945 9 INFO neutron.wsgi [req-58978356-bcfb-4faa-9721-950193b1693f req-76b7059c-58ef-4af0-881c-14a6ee1bb63b 624cdc91ee6d473da732685720d502ca 94229dfd2e1647d8b46443c10a1ede15 - - default default] 10.0.0.89 "GET /v2.0/ports?tenant_id=94229dfd2e1647d8b46443c10a1ede15&fields=id HTTP/1.1" status: 200 len: 348 time: 0.1259050
2026-04-02 17:56:46.967 10 INFO neutron.db.ovn_revision_numbers_db [None req-56e170c6-5d54-4558-a1fa-b33dd5bdfa35 - - - - - -] Successfully bumped revision number for resource d6d25aa9-ef87-4589-a03a-c9cc87c6fad9 (type: router_ports) to 3
2026-04-02 17:56:47.054 9 INFO neutron.wsgi [req-58978356-bcfb-4faa-9721-950193b1693f req-64ef9115-bc3d-401d-9b8b-c68d0b984555 6b2eb44c78ef40fe81841ada4497ec78 1186d73df1754cc2a0a3df526e988b35 - - 9c52bcdd4eeb4dd48f39771804555193 9c52bcdd4eeb4dd48f39771804555193] 10.0.0.89 "GET /v2.0/networks/eacb2dad-313e-493d-96e7-ba471dabc3f9?fields=segments HTTP/1.1" status: 200 len: 212 time: 0.0854819
2026-04-02 17:56:47.073 9 ERROR ovsdbapp.backend.ovs_idl.command [None req-3613b870-8967-4ab4-aa08-a570b974c4a5 e5920096478448dbb6eba624f5643ed6 04efb0ac35034d1aaab6abe3211d5b92 - - default default] Error executing command (DbGetCommand): ovsdbapp.backend.ovs_idl.idlutils.RowNotFound: Cannot find Logical_Router_Port with name=lrp-da44c2bd-7fb5-4af1-9bf0-49b1958bac5e
2026-04-02 17:56:47.073 9 ERROR ovsdbapp.backend.ovs_idl.command
Traceback (most recent call last):
2026-04-02 17:56:47.073 9 ERROR ovsdbapp.backend.ovs_idl.command
File "/var/lib/openstack/lib/python3.10/site-packages/ovsdbapp/backend/ovs_idl/command.py", line 47, in execute
2026-04-02 17:56:47.073 9 ERROR ovsdbapp.backend.ovs_idl.command self.run_idl(None)
2026-04-02 17:56:47.073 9 ERROR ovsdbapp.backend.ovs_idl.command
File "/var/lib/openstack/lib/python3.10/site-packages/ovsdbapp/backend/ovs_idl/command.py", line 235, in run_idl
2026-04-02 17:56:47.073 9 ERROR ovsdbapp.backend.ovs_idl.command record = self.api.lookup(self.table, self.record)
2026-04-02 17:56:47.073 9 ERROR ovsdbapp.backend.ovs_idl.command
File "/var/lib/openstack/lib/python3.10/site-packages/ovsdbapp/backend/ovs_idl/__init__.py", line 184, in lookup
2026-04-02 17:56:47.073 9 ERROR ovsdbapp.backend.ovs_idl.command return self._lookup(table, record)
2026-04-02 17:56:47.073 9 ERROR ovsdbapp.backend.ovs_idl.command
File "/var/lib/openstack/lib/python3.10/site-packages/ovsdbapp/backend/ovs_idl/__init__.py", line 235, in _lookup
2026-04-02 17:56:47.073 9 ERROR ovsdbapp.backend.ovs_idl.command row = idlutils.row_by_value(self, rl.table, rl.column, record)
2026-04-02 17:56:47.073 9 ERROR ovsdbapp.backend.ovs_idl.command
File "/var/lib/openstack/lib/python3.10/site-packages/ovsdbapp/backend/ovs_idl/idlutils.py", line 114, in row_by_value
2026-04-02 17:56:47.073 9 ERROR ovsdbapp.backend.ovs_idl.command raise RowNotFound(table=table, col=column, match=match)
2026-04-02 17:56:47.073 9 ERROR ovsdbapp.backend.ovs_idl.command ovsdbapp.backend.ovs_idl.idlutils.RowNotFound: Cannot find Logical_Router_Port with name=lrp-da44c2bd-7fb5-4af1-9bf0-49b1958bac5e
2026-04-02 17:56:47.073 9 ERROR ovsdbapp.backend.ovs_idl.command 
2026-04-02 17:56:47.074 9 ERROR neutron_lib.callbacks.manager [None req-3613b870-8967-4ab4-aa08-a570b974c4a5 e5920096478448dbb6eba624f5643ed6 04efb0ac35034d1aaab6abe3211d5b92 - - default default] Error during notification for neutron.services.ovn_l3.plugin.OVNL3RouterPlugin._port_update-8761650290406 port, after_update: ovsdbapp.backend.ovs_idl.idlutils.RowNotFound: Cannot find Logical_Router_Port with name=lrp-da44c2bd-7fb5-4af1-9bf0-49b1958bac5e
2026-04-02 17:56:47.074 9 ERROR neutron_lib.callbacks.manager
Traceback (most recent call last):
2026-04-02 17:56:47.074 9 ERROR neutron_lib.callbacks.manager
File "/var/lib/openstack/lib/python3.10/site-packages/neutron_lib/callbacks/manager.py", line 189, in _notify_loop
2026-04-02 17:56:47.074 9 ERROR neutron_lib.callbacks.manager callback.method(resource, event, trigger, payload=payload)
2026-04-02 17:56:47.074 9 ERROR neutron_lib.callbacks.manager
File "/var/lib/openstack/lib/python3.10/site-packages/neutron/services/ovn_l3/plugin.py", line 391, in _port_update
2026-04-02 17:56:47.074 9 ERROR neutron_lib.callbacks.manager l3plugin._ovn_client.update_router_port(context,
2026-04-02 17:56:47.074 9 ERROR neutron_lib.callbacks.manager
File "/var/lib/openstack/lib/python3.10/site-packages/neutron/plugins/ml2/drivers/ovn/mech_driver/ovsdb/ovn_client.py", line 1878, in update_router_port
2026-04-02 17:56:47.074 9 ERROR neutron_lib.callbacks.manager self._update_lrouter_port(context, port, if_exists=if_exists,
2026-04-02 17:56:47.074 9 ERROR neutron_lib.callbacks.manager
File "/var/lib/openstack/lib/python3.10/site-packages/neutron/plugins/ml2/drivers/ovn/mech_driver/ovsdb/ovn_client.py", line 1855, in _update_lrouter_port
2026-04-02 17:56:47.074 9 ERROR neutron_lib.callbacks.manager external_ids = self._nb_idl.db_get(
2026-04-02 17:56:47.074 9 ERROR neutron_lib.callbacks.manager
File "/var/lib/openstack/lib/python3.10/site-packages/ovsdbapp/backend/ovs_idl/command.py", line 47, in execute
2026-04-02 17:56:47.074 9 ERROR neutron_lib.callbacks.manager self.run_idl(None)
2026-04-02 17:56:47.074 9 ERROR neutron_lib.callbacks.manager
File "/var/lib/openstack/lib/python3.10/site-packages/ovsdbapp/backend/ovs_idl/command.py", line 235, in run_idl
2026-04-02 17:56:47.074 9 ERROR neutron_lib.callbacks.manager record = self.api.lookup(self.table, self.record)
2026-04-02 17:56:47.074 9 ERROR neutron_lib.callbacks.manager
File "/var/lib/openstack/lib/python3.10/site-packages/ovsdbapp/backend/ovs_idl/__init__.py", line 184, in lookup
2026-04-02 17:56:47.074 9 ERROR neutron_lib.callbacks.manager return self._lookup(table, record)
2026-04-02 17:56:47.074 9 ERROR neutron_lib.callbacks.manager
File "/var/lib/openstack/lib/python3.10/site-packages/ovsdbapp/backend/ovs_idl/__init__.py", line 235, in _lookup
2026-04-02 17:56:47.074 9 ERROR neutron_lib.callbacks.manager row = idlutils.row_by_value(self, rl.table, rl.column, record)
2026-04-02 17:56:47.074 9 ERROR neutron_lib.callbacks.manager
File "/var/lib/openstack/lib/python3.10/site-packages/ovsdbapp/backend/ovs_idl/idlutils.py", line 114, in row_by_value
2026-04-02 17:56:47.074 9 ERROR neutron_lib.callbacks.manager raise RowNotFound(table=table, col=column, match=match)
2026-04-02 17:56:47.074 9 ERROR neutron_lib.callbacks.manager ovsdbapp.backend.ovs_idl.idlutils.RowNotFound: Cannot find Logical_Router_Port with name=lrp-da44c2bd-7fb5-4af1-9bf0-49b1958bac5e
2026-04-02 17:56:47.074 9 ERROR neutron_lib.callbacks.manager 
2026-04-02 17:56:47.134 9 INFO neutron.wsgi [req-58978356-bcfb-4faa-9721-950193b1693f req-e5583f28-f483-4704-82f1-bf6da0877096 6b2eb44c78ef40fe81841ada4497ec78 1186d73df1754cc2a0a3df526e988b35 - - 9c52bcdd4eeb4dd48f39771804555193 9c52bcdd4eeb4dd48f39771804555193] 10.0.0.89 "GET /v2.0/networks/eacb2dad-313e-493d-96e7-ba471dabc3f9?fields=provider%3Aphysical_network&fields=provider%3Anetwork_type HTTP/1.1" status: 200 len: 277 time: 0.0732045
2026-04-02 17:56:47.150 9 INFO neutron.wsgi [-] 10.0.0.149 "GET / HTTP/1.1" status: 200 len: 247 time: 0.0011859
2026-04-02 17:56:47.151 9 INFO neutron.wsgi [-] 10.0.0.149 "GET / HTTP/1.1" status: 200 len: 247 time: 0.0010993
2026-04-02 17:56:47.184 10 INFO neutron.db.ovn_revision_numbers_db [None req-56e170c6-5d54-4558-a1fa-b33dd5bdfa35 - - - - - -] Successfully bumped revision number for resource d6d25aa9-ef87-4589-a03a-c9cc87c6fad9 (type: ports) to 2
2026-04-02 17:56:47.327 9 INFO neutron.wsgi [req-2f44ccc7-2bcb-4ef1-8ba6-f70a66152170 req-30cc5b64-fd60-49b4-81b9-12266ec27c22 624cdc91ee6d473da732685720d502ca 94229dfd2e1647d8b46443c10a1ede15 - - default default] 10.0.0.89 "GET /v2.0/ports?device_id=e9c8b1ee-8df7-41ad-a8a8-332b27da327a HTTP/1.1" status: 200 len: 210 time: 0.0204029
2026-04-02 17:56:47.365 9 INFO neutron.db.ovn_revision_numbers_db [None req-3613b870-8967-4ab4-aa08-a570b974c4a5 e5920096478448dbb6eba624f5643ed6 04efb0ac35034d1aaab6abe3211d5b92 - - default default] Successfully bumped revision number for resource da44c2bd-7fb5-4af1-9bf0-49b1958bac5e (type: ports) to 1
2026-04-02 17:56:47.427 9 WARNING neutron.scheduler.dhcp_agent_scheduler [None req-3613b870-8967-4ab4-aa08-a570b974c4a5 e5920096478448dbb6eba624f5643ed6 04efb0ac35034d1aaab6abe3211d5b92 - - default default] No more DHCP agents
2026-04-02 17:56:47.429 9 WARNING neutron.api.rpc.agentnotifiers.dhcp_rpc_agent_api [None req-3613b870-8967-4ab4-aa08-a570b974c4a5 e5920096478448dbb6eba624f5643ed6 04efb0ac35034d1aaab6abe3211d5b92 - - default default] Unable to schedule network 66639125-5950-4f8a-87a3-5013afab95ff: no agents available; will retry on subsequent port and subnet creation events.
2026-04-02 17:56:47.642 10 INFO neutron.db.ovn_revision_numbers_db [None req-56e170c6-5d54-4558-a1fa-b33dd5bdfa35 - - - - - -] Successfully bumped revision number for resource d6d25aa9-ef87-4589-a03a-c9cc87c6fad9 (type: ports) to 4
2026-04-02 17:56:47.684 10 WARNING neutron_lib.context [None req-21e7cff3-f039-405e-8ad6-980ff13dc2ea b6cccc4a16424ef5ae544afc7025af88 d262760cbb6a4c4f93e2ace0b54d5826 - - default default] Method 'is_advsvc' is deprecated since 2023.2 release (neutron-lib 3.8.0) and will be removed once support for the old RBAC API policies will be removed from Neutron. Please use method 'is_service_role' instead.
2026-04-02 17:56:47.772 10 INFO neutron.wsgi [None req-21e7cff3-f039-405e-8ad6-980ff13dc2ea b6cccc4a16424ef5ae544afc7025af88 d262760cbb6a4c4f93e2ace0b54d5826 - - default default] 10.0.0.157 "POST /v2.0/subnetpools HTTP/1.1" status: 201 len: 715 time: 0.3079410
2026-04-02 17:56:47.782 10 WARNING neutron_lib.context [None req-76349d0d-6e0d-400f-91b6-765d88f56eb5 b6cccc4a16424ef5ae544afc7025af88 d262760cbb6a4c4f93e2ace0b54d5826 - - default default] Method 'is_advsvc' is deprecated since 2023.2 release (neutron-lib 3.8.0) and will be removed once support for the old RBAC API policies will be removed from Neutron. Please use method 'is_service_role' instead.
2026-04-02 17:56:47.856 10 INFO neutron.wsgi [None req-76349d0d-6e0d-400f-91b6-765d88f56eb5 b6cccc4a16424ef5ae544afc7025af88 d262760cbb6a4c4f93e2ace0b54d5826 - - default default] 10.0.0.157 "POST /v2.0/subnetpools HTTP/1.1" status: 201 len: 715 time: 0.0778928
2026-04-02 17:56:47.867 9 WARNING neutron_lib.context [None req-c48df120-f49e-4851-8629-c63f5629f9b8 b6cccc4a16424ef5ae544afc7025af88 d262760cbb6a4c4f93e2ace0b54d5826 - - default default] Method 'is_advsvc' is deprecated since 2023.2 release (neutron-lib 3.8.0) and will be removed once support for the old RBAC API policies will be removed from Neutron. Please use method 'is_service_role' instead.
2026-04-02 17:56:47.940 9 INFO neutron.wsgi [None req-c48df120-f49e-4851-8629-c63f5629f9b8 b6cccc4a16424ef5ae544afc7025af88 d262760cbb6a4c4f93e2ace0b54d5826 - - default default] 10.0.0.157 "POST /v2.0/subnetpools HTTP/1.1" status: 201 len: 715 time: 0.0792627
2026-04-02 17:56:47.950 9 WARNING neutron_lib.context [None req-00fdc153-7d33-4a95-a9a0-f5f7da681334 b6cccc4a16424ef5ae544afc7025af88 d262760cbb6a4c4f93e2ace0b54d5826 - - default default] Method 'is_advsvc' is deprecated since 2023.2 release (neutron-lib 3.8.0) and will be removed once support for the old RBAC API policies will be removed from Neutron. Please use method 'is_service_role' instead.
2026-04-02 17:56:48.034 9 INFO neutron.wsgi [req-58978356-bcfb-4faa-9721-950193b1693f req-8d922a51-4216-4243-8e9d-a39928982911 624cdc91ee6d473da732685720d502ca 94229dfd2e1647d8b46443c10a1ede15 - - default default] 199.204.45.53 "GET /v2.0/networks?id=eacb2dad-313e-493d-96e7-ba471dabc3f9 HTTP/1.1" status: 200 len: 860 time: 0.0809922
2026-04-02 17:56:48.078 9 INFO neutron.wsgi [None req-00fdc153-7d33-4a95-a9a0-f5f7da681334 b6cccc4a16424ef5ae544afc7025af88 d262760cbb6a4c4f93e2ace0b54d5826 - - default default] 10.0.0.157 "POST /v2.0/subnetpools HTTP/1.1" status: 201 len: 715 time: 0.1333213
2026-04-02 17:56:48.091 9 WARNING neutron_lib.context [None req-11b5b6ab-3877-41cb-ba05-37dcda85c901 b6cccc4a16424ef5ae544afc7025af88 d262760cbb6a4c4f93e2ace0b54d5826 - - default default] Method 'is_advsvc' is deprecated since 2023.2 release (neutron-lib 3.8.0) and will be removed once support for the old RBAC API policies will be removed from Neutron. Please use method 'is_service_role' instead.
2026-04-02 17:56:48.125 9 INFO neutron.wsgi [req-58978356-bcfb-4faa-9721-950193b1693f req-3e5d9934-a798-4176-ad09-902b55e333ff 624cdc91ee6d473da732685720d502ca 94229dfd2e1647d8b46443c10a1ede15 - - default default] 199.204.45.53 "GET /v2.0/security-groups?fields=id&fields=name&tenant_id=94229dfd2e1647d8b46443c10a1ede15 HTTP/1.1" status: 200 len: 472 time: 0.0845091
2026-04-02 17:56:48.128 9 INFO neutron.db.ovn_revision_numbers_db [None req-3613b870-8967-4ab4-aa08-a570b974c4a5 e5920096478448dbb6eba624f5643ed6 04efb0ac35034d1aaab6abe3211d5b92 - - default default] Successfully bumped revision number for resource da44c2bd-7fb5-4af1-9bf0-49b1958bac5e (type: router_ports) to 1
2026-04-02 17:56:48.133 9 INFO neutron.wsgi [None req-3613b870-8967-4ab4-aa08-a570b974c4a5 e5920096478448dbb6eba624f5643ed6 04efb0ac35034d1aaab6abe3211d5b92 - - default default] 10.0.0.157 "PUT /v2.0/routers/6692b990-57e9-425f-8779-74032227fd1f/add_router_interface HTTP/1.1" status: 200 len: 503 time: 2.6331587
2026-04-02 17:56:48.144 10 INFO neutron.db.ovn_revision_numbers_db [None req-56e170c6-5d54-4558-a1fa-b33dd5bdfa35 - - - - - -] Successfully bumped revision number for resource d6d25aa9-ef87-4589-a03a-c9cc87c6fad9 (type: router_ports) to 4
2026-04-02 17:56:48.147 9 WARNING neutron_lib.context [req-58978356-bcfb-4faa-9721-950193b1693f req-98657726-406f-4991-9ea6-b6bc6ce32bff 624cdc91ee6d473da732685720d502ca 94229dfd2e1647d8b46443c10a1ede15 - - default default] Method 'is_advsvc' is deprecated since 2023.2 release (neutron-lib 3.8.0) and will be removed once support for the old RBAC API policies will be removed from Neutron. Please use method 'is_service_role' instead.
2026-04-02 17:56:48.184 9 INFO neutron.plugins.ml2.drivers.ovn.mech_driver.mech_driver [None req-31a44c0b-f4e7-4680-a320-06d4f79cb80f - - - - - -] OVN reports status up for port: da44c2bd-7fb5-4af1-9bf0-49b1958bac5e
2026-04-02 17:56:48.197 9 INFO neutron.plugins.ml2.plugin [None req-31a44c0b-f4e7-4680-a320-06d4f79cb80f - - - - - -] Attempt 1 to provision port da44c2bd-7fb5-4af1-9bf0-49b1958bac5e
2026-04-02 17:56:48.224 9 INFO neutron.wsgi [None req-11b5b6ab-3877-41cb-ba05-37dcda85c901 b6cccc4a16424ef5ae544afc7025af88 d262760cbb6a4c4f93e2ace0b54d5826 - - default default] 10.0.0.157 "POST /v2.0/subnetpools HTTP/1.1" status: 201 len: 715 time: 0.1378253
2026-04-02 17:56:48.273 10 INFO neutron.wsgi [None req-e3c00ab2-97b1-4292-a7d6-4ffb0b73e282 b6cccc4a16424ef5ae544afc7025af88 d262760cbb6a4c4f93e2ace0b54d5826 - - default default] 10.0.0.157 "PUT /v2.0/subnetpools/e27adda0-7d21-40be-896a-0ac447590225/tags HTTP/1.1" status: 200 len: 210 time: 0.0431504
2026-04-02 17:56:48.337 10 INFO neutron.wsgi [None req-0729dd98-1b9f-476b-8abc-7a6de01d5d11 b6cccc4a16424ef5ae544afc7025af88 d262760cbb6a4c4f93e2ace0b54d5826 - - default default] 10.0.0.157 "PUT /v2.0/subnetpools/c318ab69-f474-4f99-8eb0-99b6ce9bcaec/tags HTTP/1.1" status: 200 len: 218 time: 0.0501325
2026-04-02 17:56:48.399 10 INFO neutron.wsgi [None req-331e2609-b4b8-428c-997f-e8bbcd81c5a5 b6cccc4a16424ef5ae544afc7025af88 d262760cbb6a4c4f93e2ace0b54d5826 - - default default] 10.0.0.157 "PUT /v2.0/subnetpools/9e749fab-2cf0-45b0-ae60-06e60e25d3af/tags HTTP/1.1" status: 200 len: 227 time: 0.0570574
2026-04-02 17:56:48.466 10 INFO neutron.wsgi [None req-334ab337-d032-42af-b558-b91fb26a0a7a b6cccc4a16424ef5ae544afc7025af88 d262760cbb6a4c4f93e2ace0b54d5826 - - default default] 10.0.0.157 "PUT /v2.0/subnetpools/6f24a8cc-47c9-47fb-a363-3a07fd5d1dae/tags HTTP/1.1" status: 200 len: 212 time: 0.0612390
2026-04-02 17:56:48.504 10 INFO neutron.wsgi [None req-31232482-2e1d-4efd-ad66-badc895d8f02 d2ccb1221d1a426a8ecd15f96f991dbf aa321ca503b745d8aae2021730620903 - - default default] 10.0.0.157 "POST /v2.0/qos/policies HTTP/1.1" status: 201 len: 558 time: 0.1612146
2026-04-02 17:56:48.508 10 INFO neutron.wsgi [None req-545574a9-4736-4e76-9b77-d45ae585c274 b6cccc4a16424ef5ae544afc7025af88 d262760cbb6a4c4f93e2ace0b54d5826 - - default default] 10.0.0.157 "GET /v2.0/subnetpools?tags=red HTTP/1.1" status: 200 len: 1758 time: 0.0349417
2026-04-02 17:56:48.559 10 INFO neutron.wsgi [None req-df48210b-2586-42bb-a58c-1b0da6110c6d b6cccc4a16424ef5ae544afc7025af88 d262760cbb6a4c4f93e2ace0b54d5826 - - default default] 10.0.0.157 "GET /v2.0/subnetpools?tags=red%2Cblue HTTP/1.1" status: 200 len: 1251 time: 0.0309713
2026-04-02 17:56:48.590 10 INFO neutron.wsgi [None req-35b7783a-9bb4-4523-99d2-697e17cfab12 b6cccc4a16424ef5ae544afc7025af88 d262760cbb6a4c4f93e2ace0b54d5826 - - default default] 10.0.0.157 "GET /v2.0/subnetpools?tags-any=blue HTTP/1.1" status: 200 len: 1251 time: 0.0254397
2026-04-02 17:56:48.596 10 INFO neutron.wsgi [None req-1dadd480-a57d-4076-97da-d607cc97da41 d2ccb1221d1a426a8ecd15f96f991dbf aa321ca503b745d8aae2021730620903 - - default default] 10.0.0.157 "POST /v2.0/qos/policies HTTP/1.1" status: 201 len: 558 time: 0.0869198
2026-04-02 17:56:48.629 10 INFO neutron.wsgi [None req-e93f06c2-c10c-49fa-8dd6-9b12deae8258 b6cccc4a16424ef5ae544afc7025af88 d262760cbb6a4c4f93e2ace0b54d5826 - - default default] 10.0.0.157 "GET /v2.0/subnetpools?tags-any=red%2Cblue HTTP/1.1" status: 200 len: 1758 time: 0.0316389
2026-04-02 17:56:48.644 9 INFO neutron.wsgi [req-c00faa00-1d26-46f7-91da-b65c20251542 req-d85e155c-3093-4f45-a991-632ddbce8ac9 624cdc91ee6d473da732685720d502ca 94229dfd2e1647d8b46443c10a1ede15 - - default default] 10.0.0.89 "GET /v2.0/ports?device_id=e9c8b1ee-8df7-41ad-a8a8-332b27da327a HTTP/1.1" status: 200 len: 210 time: 0.0256143
2026-04-02 17:56:48.652 10 INFO neutron.wsgi [None req-d05a7f4a-8df1-435a-b6aa-58285c68c16b d2ccb1221d1a426a8ecd15f96f991dbf aa321ca503b745d8aae2021730620903 - - default default] 10.0.0.157 "POST /v2.0/qos/policies HTTP/1.1" status: 201 len: 558 time: 0.0494499
2026-04-02 17:56:48.658 10 INFO neutron.wsgi [None req-f6c6cbb2-b38d-4b99-99e4-64a6c67bfe24 b6cccc4a16424ef5ae544afc7025af88 d262760cbb6a4c4f93e2ace0b54d5826 - - default default] 10.0.0.157 "GET /v2.0/subnetpools?not-tags=red HTTP/1.1" status: 200 len: 1223 time: 0.0248408
2026-04-02 17:56:48.696 10 INFO neutron.wsgi [None req-f70fbbce-6018-46a9-a993-8ff73fb9b34c b6cccc4a16424ef5ae544afc7025af88 d262760cbb6a4c4f93e2ace0b54d5826 - - default default] 10.0.0.157 "GET /v2.0/subnetpools?not-tags=red%2Cblue HTTP/1.1" status: 200 len: 1730 time: 0.0316143
2026-04-02 17:56:48.740 10 INFO neutron.wsgi [None req-d3554f32-e8fd-4a42-a879-995924311fc1 b6cccc4a16424ef5ae544afc7025af88 d262760cbb6a4c4f93e2ace0b54d5826 - - default default] 10.0.0.157 "GET /v2.0/subnetpools?not-tags-any=blue HTTP/1.1" status: 200 len: 1730 time: 0.0375805
2026-04-02 17:56:48.773 9 INFO neutron.wsgi [None req-c54eaef6-1c99-4eee-b510-d54132643ec5 d2ccb1221d1a426a8ecd15f96f991dbf aa321ca503b745d8aae2021730620903 - - default default] 10.0.0.157 "POST /v2.0/qos/policies HTTP/1.1" status: 201 len: 558 time: 0.1153309
2026-04-02 17:56:48.780 10 INFO neutron.wsgi [None req-45d5ca32-6dae-4f78-8003-930941ac6146 b6cccc4a16424ef5ae544afc7025af88 d262760cbb6a4c4f93e2ace0b54d5826 - - default default] 10.0.0.157 "GET /v2.0/subnetpools?not-tags-any=red%2Cblue HTTP/1.1" status: 200 len: 1223 time: 0.0279522
2026-04-02 17:56:48.844 10 INFO neutron.wsgi [None req-2f53b651-5dd2-4106-adef-fc3413cc8b97 b6cccc4a16424ef5ae544afc7025af88 d262760cbb6a4c4f93e2ace0b54d5826 - - default default] 10.0.0.157 "DELETE /v2.0/subnetpools/e27adda0-7d21-40be-896a-0ac447590225 HTTP/1.1" status: 204 len: 168 time: 0.0553265
2026-04-02 17:56:48.880 9 INFO neutron.wsgi [None req-12af6614-d1ae-41ee-8b93-cab311978706 d2ccb1221d1a426a8ecd15f96f991dbf aa321ca503b745d8aae2021730620903 - - default default] 10.0.0.157 "POST /v2.0/qos/policies HTTP/1.1" status: 201 len: 558 time: 0.0994871
2026-04-02 17:56:48.903 9 WARNING neutron.scheduler.dhcp_agent_scheduler [req-58978356-bcfb-4faa-9721-950193b1693f req-98657726-406f-4991-9ea6-b6bc6ce32bff 624cdc91ee6d473da732685720d502ca 94229dfd2e1647d8b46443c10a1ede15 - - default default] No more DHCP agents
2026-04-02 17:56:48.905 9 WARNING neutron.api.rpc.agentnotifiers.dhcp_rpc_agent_api [req-58978356-bcfb-4faa-9721-950193b1693f req-98657726-406f-4991-9ea6-b6bc6ce32bff 624cdc91ee6d473da732685720d502ca 94229dfd2e1647d8b46443c10a1ede15 - - default default] Unable to schedule network eacb2dad-313e-493d-96e7-ba471dabc3f9: no agents available; will retry on subsequent port and subnet creation events.
2026-04-02 17:56:48.926 10 INFO neutron.wsgi [None req-a40af008-bcf4-4110-8c92-89adbd83c000 d2ccb1221d1a426a8ecd15f96f991dbf aa321ca503b745d8aae2021730620903 - - default default] 10.0.0.157 "PUT /v2.0/policies/d0df6ca9-ef88-4732-a9f9-3b42a14e0eab/tags HTTP/1.1" status: 200 len: 210 time: 0.0413542
2026-04-02 17:56:48.934 10 INFO neutron.wsgi [None req-98f742fa-b445-45b1-9641-83f9a5237199 b6cccc4a16424ef5ae544afc7025af88 d262760cbb6a4c4f93e2ace0b54d5826 - - default default] 10.0.0.157 "DELETE /v2.0/subnetpools/c318ab69-f474-4f99-8eb0-99b6ce9bcaec HTTP/1.1" status: 204 len: 168 time: 0.0784376
2026-04-02 17:56:48.969 10 INFO neutron.wsgi [None req-963dc443-9f6e-4e40-8380-03a5d725a8fd d2ccb1221d1a426a8ecd15f96f991dbf aa321ca503b745d8aae2021730620903 - - default default] 10.0.0.157 "PUT /v2.0/policies/40ed67b8-a179-41e3-94c8-814c08470f9a/tags HTTP/1.1" status: 200 len: 218 time: 0.0372827
2026-04-02 17:56:49.007 10 INFO neutron.wsgi [None req-d63d0c00-9bc1-4e22-806b-98ce8994a7ba b6cccc4a16424ef5ae544afc7025af88 d262760cbb6a4c4f93e2ace0b54d5826 - - default default] 10.0.0.157 "DELETE /v2.0/subnetpools/9e749fab-2cf0-45b0-ae60-06e60e25d3af HTTP/1.1" status: 204 len: 168 time: 0.0682292
2026-04-02 17:56:49.009 10 INFO neutron.wsgi [None req-7ce4be5e-e970-4e54-b1bd-a70eca5aa413 d2ccb1221d1a426a8ecd15f96f991dbf aa321ca503b745d8aae2021730620903 - - default default] 10.0.0.157 "PUT /v2.0/policies/371e39d6-f2d9-44c2-9184-c58cf653d8a3/tags HTTP/1.1" status: 200 len: 227 time: 0.0345411 /var/lib/openstack/lib/python3.10/site-packages/pycadf/identifier.py:71: UserWarning: Invalid uuid: neutron. To ensure interoperability, identifiers should be a valid uuid. warnings.warn(('Invalid uuid: %s. To ensure interoperability, '
2026-04-02 17:56:49.061 10 INFO neutron.wsgi [None req-eb537314-09ee-49b0-8464-438005ff326a b6cccc4a16424ef5ae544afc7025af88 d262760cbb6a4c4f93e2ace0b54d5826 - - default default] 10.0.0.157 "DELETE /v2.0/subnetpools/6f24a8cc-47c9-47fb-a363-3a07fd5d1dae HTTP/1.1" status: 204 len: 168 time: 0.0481844
2026-04-02 17:56:49.079 9 INFO neutron.wsgi [None req-ab5b2671-8a59-4dca-a1f2-51270707a940 d2ccb1221d1a426a8ecd15f96f991dbf aa321ca503b745d8aae2021730620903 - - default default] 10.0.0.157 "PUT /v2.0/policies/b1cddcc3-ca1e-4841-b17b-3a08fa123516/tags HTTP/1.1" status: 200 len: 212 time: 0.0624602
2026-04-02 17:56:49.100 9 INFO neutron.db.ovn_revision_numbers_db [None req-31a44c0b-f4e7-4680-a320-06d4f79cb80f - - - - - -] Successfully bumped revision number for resource da44c2bd-7fb5-4af1-9bf0-49b1958bac5e (type: ports) to 2
2026-04-02 17:56:49.115 10 INFO neutron.wsgi [None req-d0d2fed1-f766-46e1-969d-e1968a75f65d b6cccc4a16424ef5ae544afc7025af88 d262760cbb6a4c4f93e2ace0b54d5826 - - default default] 10.0.0.157 "DELETE /v2.0/subnetpools/807b4bd0-3c8d-4eff-91a7-6336d48f3b50 HTTP/1.1" status: 204 len: 168 time: 0.0504129
2026-04-02 17:56:49.158 9 INFO neutron.db.ovn_revision_numbers_db [req-58978356-bcfb-4faa-9721-950193b1693f req-98657726-406f-4991-9ea6-b6bc6ce32bff 624cdc91ee6d473da732685720d502ca 94229dfd2e1647d8b46443c10a1ede15 - - default default] Successfully bumped revision number for resource 47ce2f07-b303-4fc6-9d7e-8cff9b1f2764 (type: ports) to 1
2026-04-02 17:56:49.196 9 INFO neutron.wsgi [req-58978356-bcfb-4faa-9721-950193b1693f req-98657726-406f-4991-9ea6-b6bc6ce32bff 624cdc91ee6d473da732685720d502ca 94229dfd2e1647d8b46443c10a1ede15 - - default default] 199.204.45.53 "POST /v2.0/ports HTTP/1.1" status: 201 len: 1162 time: 1.0616748
2026-04-02 17:56:49.309 9 INFO neutron.db.ovn_revision_numbers_db [None req-31a44c0b-f4e7-4680-a320-06d4f79cb80f - - - - - -] Successfully bumped revision number for resource da44c2bd-7fb5-4af1-9bf0-49b1958bac5e (type: router_ports) to 2
2026-04-02 17:56:49.670 9 INFO neutron.db.ovn_revision_numbers_db [req-58978356-bcfb-4faa-9721-950193b1693f req-887a0085-1dcd-4805-bf52-4b430e0895bb 6b2eb44c78ef40fe81841ada4497ec78 1186d73df1754cc2a0a3df526e988b35 - - 9c52bcdd4eeb4dd48f39771804555193 9c52bcdd4eeb4dd48f39771804555193] Successfully bumped revision number for resource 47ce2f07-b303-4fc6-9d7e-8cff9b1f2764 (type: ports) to 2
2026-04-02 17:56:49.781 10 INFO neutron.wsgi [None req-2c7c5c01-83d7-47fa-9059-a06dfee28461 c7148b38a7ef4dbd98379e222a2c9f91 f9a6716a95a94b5a9c754008b676737f - - default default] 10.0.0.157 "GET /v2.0/qos/policies?tags=red HTTP/1.1" status: 200 len: 1296 time: 0.3264380
2026-04-02 17:56:49.845 10 INFO neutron.wsgi [None req-be73aceb-16af-46e3-bedc-b93c9511fe5f c7148b38a7ef4dbd98379e222a2c9f91 f9a6716a95a94b5a9c754008b676737f - - default default] 10.0.0.157 "GET /v2.0/qos/policies?tags=red%2Cblue HTTP/1.1" status: 200 len: 941 time: 0.0591624 /var/lib/openstack/lib/python3.10/site-packages/pycadf/identifier.py:71: UserWarning: Invalid uuid: neutron. To ensure interoperability, identifiers should be a valid uuid. warnings.warn(('Invalid uuid: %s. To ensure interoperability, '
2026-04-02 17:56:49.908 9 INFO neutron.db.ovn_revision_numbers_db [req-58978356-bcfb-4faa-9721-950193b1693f req-887a0085-1dcd-4805-bf52-4b430e0895bb 6b2eb44c78ef40fe81841ada4497ec78 1186d73df1754cc2a0a3df526e988b35 - - 9c52bcdd4eeb4dd48f39771804555193 9c52bcdd4eeb4dd48f39771804555193] Successfully bumped revision number for resource 47ce2f07-b303-4fc6-9d7e-8cff9b1f2764 (type: ports) to 2
2026-04-02 17:56:49.910 10 INFO neutron.wsgi [None req-210caad7-0664-471f-b705-00fe662d5990 c7148b38a7ef4dbd98379e222a2c9f91 f9a6716a95a94b5a9c754008b676737f - - default default] 10.0.0.157 "GET /v2.0/qos/policies?tags-any=blue HTTP/1.1" status: 200 len: 941 time: 0.0605884
2026-04-02 17:56:49.916 9 INFO neutron.wsgi [req-90dae672-bf91-49e1-a8c4-c44b27299aca req-b62edf72-31ba-44ba-a3c0-c50b26d00f0f 624cdc91ee6d473da732685720d502ca 94229dfd2e1647d8b46443c10a1ede15 - - default default] 10.0.0.89 "GET /v2.0/ports?device_id=e9c8b1ee-8df7-41ad-a8a8-332b27da327a HTTP/1.1" status: 200 len: 1172 time: 0.0473089
2026-04-02 17:56:49.930 9 INFO neutron.wsgi [req-58978356-bcfb-4faa-9721-950193b1693f req-887a0085-1dcd-4805-bf52-4b430e0895bb 6b2eb44c78ef40fe81841ada4497ec78 1186d73df1754cc2a0a3df526e988b35 - - 9c52bcdd4eeb4dd48f39771804555193 9c52bcdd4eeb4dd48f39771804555193] 199.204.45.53 "PUT /v2.0/ports/47ce2f07-b303-4fc6-9d7e-8cff9b1f2764 HTTP/1.1" status: 200 len: 1380 time: 0.7232985
2026-04-02 17:56:49.983 9 INFO neutron.notifiers.nova [-] Nova event matching ['req-b38caaf6-2f3a-4994-ac94-a25495c866e4'] response: {'name': 'network-changed', 'server_uuid': 'e9c8b1ee-8df7-41ad-a8a8-332b27da327a', 'tag': '47ce2f07-b303-4fc6-9d7e-8cff9b1f2764', 'status': 'completed', 'code': 200}
2026-04-02 17:56:50.001 10 INFO neutron.wsgi [None req-c8f8cc4c-7adb-47d1-99f1-4449ef309884 c7148b38a7ef4dbd98379e222a2c9f91 f9a6716a95a94b5a9c754008b676737f - - default default] 10.0.0.157 "GET /v2.0/qos/policies?tags-any=red%2Cblue HTTP/1.1" status: 200 len: 1296 time: 0.0854850
2026-04-02 17:56:50.015 9 INFO neutron.wsgi [req-90dae672-bf91-49e1-a8c4-c44b27299aca req-72b8109e-cb13-4eee-ad40-b4bb8e1332ef 624cdc91ee6d473da732685720d502ca 94229dfd2e1647d8b46443c10a1ede15 - - default default] 10.0.0.89 "GET /v2.0/security-groups?id=953dc052-ef52-41c4-ba8b-52b0c31cba48&fields=id&fields=name HTTP/1.1" status: 200 len: 312 time: 0.0905225
2026-04-02 17:56:50.023 9 INFO neutron.wsgi [req-58978356-bcfb-4faa-9721-950193b1693f req-bfa23320-5a01-4514-8c45-b9797ff9bbd1 6b2eb44c78ef40fe81841ada4497ec78 1186d73df1754cc2a0a3df526e988b35 - - 9c52bcdd4eeb4dd48f39771804555193 9c52bcdd4eeb4dd48f39771804555193] 199.204.45.53 "GET /v2.0/ports?tenant_id=94229dfd2e1647d8b46443c10a1ede15&device_id=e9c8b1ee-8df7-41ad-a8a8-332b27da327a HTTP/1.1" status: 200 len: 1411 time: 0.0515070
2026-04-02 17:56:50.056 9 INFO neutron.wsgi [req-58978356-bcfb-4faa-9721-950193b1693f req-0be1152f-8708-440f-a442-a37526030c70 6b2eb44c78ef40fe81841ada4497ec78 1186d73df1754cc2a0a3df526e988b35 - - 9c52bcdd4eeb4dd48f39771804555193 9c52bcdd4eeb4dd48f39771804555193] 199.204.45.53 "GET /v2.0/floatingips?fixed_ip_address=10.100.0.12&port_id=47ce2f07-b303-4fc6-9d7e-8cff9b1f2764 HTTP/1.1" status: 200 len: 217 time: 0.0236032
2026-04-02 17:56:50.061 10 INFO neutron.wsgi [None req-dbe1bf7f-0ba7-4e88-b256-7c431a3005e4 c7148b38a7ef4dbd98379e222a2c9f91 f9a6716a95a94b5a9c754008b676737f - - default default] 10.0.0.157 "GET /v2.0/qos/policies?not-tags=red HTTP/1.1" status: 200 len: 913 time: 0.0544643
2026-04-02 17:56:50.096 9 INFO neutron.wsgi [req-58978356-bcfb-4faa-9721-950193b1693f req-41a1b395-31df-4419-a7fe-0824018e3ab5 6b2eb44c78ef40fe81841ada4497ec78 1186d73df1754cc2a0a3df526e988b35 - - 9c52bcdd4eeb4dd48f39771804555193 9c52bcdd4eeb4dd48f39771804555193] 199.204.45.53 "GET /v2.0/subnets?id=d399fe86-e7f9-4a72-8a93-8fba16135ff3 HTTP/1.1" status: 200 len: 852 time: 0.0356102
2026-04-02 17:56:50.120 9 INFO neutron.wsgi [req-58978356-bcfb-4faa-9721-950193b1693f req-10a2cb35-f4e6-4e6f-847a-45f06e1d25ee 6b2eb44c78ef40fe81841ada4497ec78 1186d73df1754cc2a0a3df526e988b35 - - 9c52bcdd4eeb4dd48f39771804555193 9c52bcdd4eeb4dd48f39771804555193] 199.204.45.53 "GET /v2.0/ports?network_id=eacb2dad-313e-493d-96e7-ba471dabc3f9&device_owner=network%3Adhcp HTTP/1.1" status: 200 len: 210 time: 0.0190811
2026-04-02 17:56:50.128 10 INFO neutron.wsgi [None req-c0fad4dc-4873-4ead-b549-28436695411d c7148b38a7ef4dbd98379e222a2c9f91 f9a6716a95a94b5a9c754008b676737f - - default default] 10.0.0.157 "GET /v2.0/qos/policies?not-tags=red%2Cblue HTTP/1.1" status: 200 len: 1268 time: 0.0593438
2026-04-02 17:56:50.193 9 INFO neutron.wsgi [req-58978356-bcfb-4faa-9721-950193b1693f req-e7bd37da-08a2-4856-8faf-d378c8dc20c3 6b2eb44c78ef40fe81841ada4497ec78 1186d73df1754cc2a0a3df526e988b35 - - 9c52bcdd4eeb4dd48f39771804555193 9c52bcdd4eeb4dd48f39771804555193] 199.204.45.53 "GET /v2.0/networks/eacb2dad-313e-493d-96e7-ba471dabc3f9?fields=segments HTTP/1.1" status: 200 len: 212 time: 0.0666451
2026-04-02 17:56:50.253 10 INFO neutron.db.ovn_revision_numbers_db [None req-7d690d6a-db81-45f0-85ea-9ddba395bee7 e5920096478448dbb6eba624f5643ed6 04efb0ac35034d1aaab6abe3211d5b92 - - default default] Successfully bumped revision number for resource c2bd3d43-7b70-496f-b542-5b2aec940cc7 (type: security_groups) to 1
2026-04-02 17:56:50.262 9 INFO neutron.wsgi [None req-f952b877-190b-45e6-8d63-fd4bd4a67a9f c7148b38a7ef4dbd98379e222a2c9f91 f9a6716a95a94b5a9c754008b676737f - - default default] 10.0.0.157 "GET /v2.0/qos/policies?not-tags-any=blue HTTP/1.1" status: 200 len: 1268 time: 0.1266992
2026-04-02 17:56:50.273 10 INFO neutron.db.ovn_revision_numbers_db [None req-7d690d6a-db81-45f0-85ea-9ddba395bee7 e5920096478448dbb6eba624f5643ed6 04efb0ac35034d1aaab6abe3211d5b92 - - default default] Successfully bumped revision number for resource 014e6b56-416b-46c4-811e-25d91fd98af1 (type: security_group_rules) to 0
2026-04-02 17:56:50.277 9 INFO neutron.wsgi [req-58978356-bcfb-4faa-9721-950193b1693f req-0d112508-857d-4eac-878a-5f2d6d0fd1d8 6b2eb44c78ef40fe81841ada4497ec78 1186d73df1754cc2a0a3df526e988b35 - - 9c52bcdd4eeb4dd48f39771804555193 9c52bcdd4eeb4dd48f39771804555193] 199.204.45.53 "GET /v2.0/networks/eacb2dad-313e-493d-96e7-ba471dabc3f9?fields=provider%3Aphysical_network&fields=provider%3Anetwork_type HTTP/1.1" status: 200 len: 277 time: 0.0774803
2026-04-02 17:56:50.294 10 INFO neutron.db.ovn_revision_numbers_db [None req-7d690d6a-db81-45f0-85ea-9ddba395bee7 e5920096478448dbb6eba624f5643ed6 04efb0ac35034d1aaab6abe3211d5b92 - - default default] Successfully bumped revision number for resource 1f834627-0d56-473d-ae77-ac599ab2fd75 (type: security_group_rules) to 0
2026-04-02 17:56:50.315 10 INFO neutron.db.ovn_revision_numbers_db [None req-7d690d6a-db81-45f0-85ea-9ddba395bee7 e5920096478448dbb6eba624f5643ed6 04efb0ac35034d1aaab6abe3211d5b92 - - default default] Successfully bumped revision number for resource 4ef9da52-f205-4e2c-8a3c-de2f4a808256 (type: security_group_rules) to 0
2026-04-02 17:56:50.329 10 INFO neutron.db.ovn_revision_numbers_db [None req-7d690d6a-db81-45f0-85ea-9ddba395bee7 e5920096478448dbb6eba624f5643ed6 04efb0ac35034d1aaab6abe3211d5b92 - - default default] Successfully bumped revision number for resource c6aa8104-c9b6-4d5b-8823-27cb053dabdc (type: security_group_rules) to 0
2026-04-02 17:56:50.339 10 INFO neutron.wsgi [None req-bcae5b71-9374-428f-9349-475b4cf36d56 c7148b38a7ef4dbd98379e222a2c9f91 f9a6716a95a94b5a9c754008b676737f - - default default] 10.0.0.157 "GET /v2.0/qos/policies?not-tags-any=red%2Cblue HTTP/1.1" status: 200 len: 913 time: 0.0715795
2026-04-02 17:56:50.360 10 INFO neutron.wsgi [None req-7d690d6a-db81-45f0-85ea-9ddba395bee7 e5920096478448dbb6eba624f5643ed6 04efb0ac35034d1aaab6abe3211d5b92 - - default default] 10.0.0.157 "GET /v2.0/security-groups?tenant_id=60c2e3babe3b4140985489660f8a2a4e&name=default HTTP/1.1" status: 200 len: 3120 time: 0.3900774
2026-04-02 17:56:50.370 9 INFO neutron.wsgi [req-e9daed77-e03b-4996-81ee-85691a1b6aed req-4ac46085-a97c-426f-9138-f1ab2cf635c7 6b2eb44c78ef40fe81841ada4497ec78 1186d73df1754cc2a0a3df526e988b35 - - 9c52bcdd4eeb4dd48f39771804555193 9c52bcdd4eeb4dd48f39771804555193] 199.204.45.53 "GET /v2.0/ports?tenant_id=94229dfd2e1647d8b46443c10a1ede15&device_id=e9c8b1ee-8df7-41ad-a8a8-332b27da327a HTTP/1.1" status: 200 len: 1411 time: 0.0496919
2026-04-02 17:56:50.460 9 INFO neutron.wsgi [None req-3c2b0a91-e7db-4760-b57d-c07a4a37fe8e d2ccb1221d1a426a8ecd15f96f991dbf aa321ca503b745d8aae2021730620903 - - default default] 10.0.0.157 "DELETE /v2.0/qos/policies/d0df6ca9-ef88-4732-a9f9-3b42a14e0eab HTTP/1.1" status: 204 len: 168 time: 0.1145780
2026-04-02 17:56:50.471 10 INFO neutron.plugins.ml2.drivers.ovn.mech_driver.mech_driver [None req-8d2cf2ee-c82e-474d-8c94-215c72e4d0c3 - - - - - -] OVN reports status up for port: 47ce2f07-b303-4fc6-9d7e-8cff9b1f2764
2026-04-02 17:56:50.479 9 INFO neutron.wsgi [req-e9daed77-e03b-4996-81ee-85691a1b6aed req-d5fae7e9-07d7-4a31-9a33-f9ca30a262de 6b2eb44c78ef40fe81841ada4497ec78 1186d73df1754cc2a0a3df526e988b35 - - 9c52bcdd4eeb4dd48f39771804555193 9c52bcdd4eeb4dd48f39771804555193] 199.204.45.53 "GET /v2.0/networks?id=eacb2dad-313e-493d-96e7-ba471dabc3f9 HTTP/1.1" status: 200 len: 959 time: 0.1022689
2026-04-02 17:56:50.490 10 INFO neutron.plugins.ml2.plugin [None req-8d2cf2ee-c82e-474d-8c94-215c72e4d0c3 - - - - - -] Attempt 1 to provision port 47ce2f07-b303-4fc6-9d7e-8cff9b1f2764
2026-04-02 17:56:50.504 9 INFO neutron.wsgi [req-47ae1f84-d2b0-4738-a95b-384c05231e1d req-5fef91d2-063c-4844-9e16-9dfa3cbaae9f 3cfdfc0438254835b1189cc94e6faefb 4e019cab72564c51bd6628cd7b85dac0 - - default default] 10.0.0.89 "GET /v2.0/networks?id=66639125-5950-4f8a-87a3-5013afab95ff HTTP/1.1" status: 200 len: 872 time: 0.1001093
2026-04-02 17:56:50.521 9 INFO neutron.wsgi [req-e9daed77-e03b-4996-81ee-85691a1b6aed req-f97f99ff-3208-42c3-8bb9-8af8879cd87b 6b2eb44c78ef40fe81841ada4497ec78 1186d73df1754cc2a0a3df526e988b35 - - 9c52bcdd4eeb4dd48f39771804555193 9c52bcdd4eeb4dd48f39771804555193] 199.204.45.53 "GET /v2.0/floatingips?fixed_ip_address=10.100.0.12&port_id=47ce2f07-b303-4fc6-9d7e-8cff9b1f2764 HTTP/1.1" status: 200 len: 217 time: 0.0366755
2026-04-02 17:56:50.537 9 INFO neutron.wsgi [req-47ae1f84-d2b0-4738-a95b-384c05231e1d req-10a49312-a266-437f-b83f-7166469f72c0 3cfdfc0438254835b1189cc94e6faefb 4e019cab72564c51bd6628cd7b85dac0 - - default default] 10.0.0.89 "GET /v2.0/quotas/4e019cab72564c51bd6628cd7b85dac0 HTTP/1.1" status: 200 len: 491 time: 0.0200734
2026-04-02 17:56:50.574 9 INFO neutron.wsgi [req-e9daed77-e03b-4996-81ee-85691a1b6aed req-9524ec40-8ced-418e-9f96-647e00e8f968 6b2eb44c78ef40fe81841ada4497ec78 1186d73df1754cc2a0a3df526e988b35 - - 9c52bcdd4eeb4dd48f39771804555193 9c52bcdd4eeb4dd48f39771804555193] 199.204.45.53 "GET /v2.0/subnets?id=d399fe86-e7f9-4a72-8a93-8fba16135ff3 HTTP/1.1" status: 200 len: 852 time: 0.0451200
2026-04-02 17:56:50.607 9 INFO neutron.wsgi [None req-e2276505-2d62-46af-8ce4-d79d7cc8e086 d2ccb1221d1a426a8ecd15f96f991dbf aa321ca503b745d8aae2021730620903 - - default default] 10.0.0.157 "DELETE /v2.0/qos/policies/40ed67b8-a179-41e3-94c8-814c08470f9a HTTP/1.1" status: 204 len: 168 time: 0.1325009
2026-04-02 17:56:50.609 9 INFO neutron.wsgi [req-e9daed77-e03b-4996-81ee-85691a1b6aed req-10946835-07e6-408d-8e1d-f1029cad0761 6b2eb44c78ef40fe81841ada4497ec78 1186d73df1754cc2a0a3df526e988b35 - - 9c52bcdd4eeb4dd48f39771804555193 9c52bcdd4eeb4dd48f39771804555193] 199.204.45.53 "GET /v2.0/ports?network_id=eacb2dad-313e-493d-96e7-ba471dabc3f9&device_owner=network%3Adhcp HTTP/1.1" status: 200 len: 210 time: 0.0288889
2026-04-02 17:56:50.642 10 INFO neutron.notifiers.nova [-] Nova event matching ['req-bcda3f03-9d96-4c46-895c-9575873ba71b'] response: {'server_uuid': 'e9c8b1ee-8df7-41ad-a8a8-332b27da327a', 'name': 'network-vif-plugged', 'status': 'completed', 'tag': '47ce2f07-b303-4fc6-9d7e-8cff9b1f2764', 'code': 200}
2026-04-02 17:56:50.695 10 INFO neutron.wsgi [None req-6c60dbdd-32a6-4f03-bbe3-a43eaa0d705a e5920096478448dbb6eba624f5643ed6 04efb0ac35034d1aaab6abe3211d5b92 - - default default] 10.0.0.157 "DELETE /v2.0/security-groups/c2bd3d43-7b70-496f-b542-5b2aec940cc7 HTTP/1.1" status: 204 len: 168 time: 0.3306868
2026-04-02 17:56:50.696 9 INFO neutron.wsgi [req-47ae1f84-d2b0-4738-a95b-384c05231e1d req-42de8f73-18fc-408b-a781-1e5e2bb97274 3cfdfc0438254835b1189cc94e6faefb 4e019cab72564c51bd6628cd7b85dac0 - - default default] 10.0.0.89 "GET /v2.0/ports?tenant_id=4e019cab72564c51bd6628cd7b85dac0&fields=id HTTP/1.1" status: 200 len: 302 time: 0.1501625
2026-04-02 17:56:50.714 9 INFO neutron.wsgi [req-e9daed77-e03b-4996-81ee-85691a1b6aed req-14d09b74-04de-4151-bfdd-159f2444cb0b 6b2eb44c78ef40fe81841ada4497ec78 1186d73df1754cc2a0a3df526e988b35 - - 9c52bcdd4eeb4dd48f39771804555193 9c52bcdd4eeb4dd48f39771804555193] 199.204.45.53 "GET /v2.0/networks/eacb2dad-313e-493d-96e7-ba471dabc3f9?fields=segments HTTP/1.1" status: 200 len: 212 time: 0.0963802
2026-04-02 17:56:50.745 9 INFO neutron.wsgi [None req-ff83925e-40ea-4312-b9b9-65865c828bee d2ccb1221d1a426a8ecd15f96f991dbf aa321ca503b745d8aae2021730620903 - - default default] 10.0.0.157 "DELETE /v2.0/qos/policies/371e39d6-f2d9-44c2-9184-c58cf653d8a3 HTTP/1.1" status: 204 len: 168 time: 0.1320736
2026-04-02 17:56:50.792 9 INFO neutron.wsgi [req-e9daed77-e03b-4996-81ee-85691a1b6aed req-bb58a107-17b8-491e-8461-99bd58f72f2d 6b2eb44c78ef40fe81841ada4497ec78 1186d73df1754cc2a0a3df526e988b35 - - 9c52bcdd4eeb4dd48f39771804555193 9c52bcdd4eeb4dd48f39771804555193] 199.204.45.53 "GET /v2.0/networks/eacb2dad-313e-493d-96e7-ba471dabc3f9?fields=provider%3Aphysical_network&fields=provider%3Anetwork_type HTTP/1.1" status: 200 len: 277 time: 0.0698729
2026-04-02 17:56:50.792 10 INFO neutron.db.ovn_revision_numbers_db [None req-8d2cf2ee-c82e-474d-8c94-215c72e4d0c3 - - - - - -] Successfully bumped revision number for resource 47ce2f07-b303-4fc6-9d7e-8cff9b1f2764 (type: ports) to 4
2026-04-02 17:56:50.805 9 INFO neutron.wsgi [req-47ae1f84-d2b0-4738-a95b-384c05231e1d req-f0eedf9f-cb60-43db-9b64-6c280bf3c8f4 6b2eb44c78ef40fe81841ada4497ec78 1186d73df1754cc2a0a3df526e988b35 - - 9c52bcdd4eeb4dd48f39771804555193 9c52bcdd4eeb4dd48f39771804555193] 10.0.0.89 "GET /v2.0/networks/66639125-5950-4f8a-87a3-5013afab95ff?fields=segments HTTP/1.1" status: 200 len: 212 time: 0.0889554
2026-04-02 17:56:50.838 10 INFO neutron.wsgi [None req-ded6ff91-5ab8-40c5-8234-27be02da4d02 d2ccb1221d1a426a8ecd15f96f991dbf aa321ca503b745d8aae2021730620903 - - default default] 10.0.0.157 "DELETE /v2.0/qos/policies/b1cddcc3-ca1e-4841-b17b-3a08fa123516 HTTP/1.1" status: 204 len: 168 time: 0.0885386
2026-04-02 17:56:50.875 9 INFO neutron.wsgi [req-47ae1f84-d2b0-4738-a95b-384c05231e1d req-5df3133e-552f-44a2-a91e-d59833866cc6 6b2eb44c78ef40fe81841ada4497ec78 1186d73df1754cc2a0a3df526e988b35 - - 9c52bcdd4eeb4dd48f39771804555193 9c52bcdd4eeb4dd48f39771804555193] 10.0.0.89 "GET /v2.0/networks/66639125-5950-4f8a-87a3-5013afab95ff?fields=provider%3Aphysical_network&fields=provider%3Anetwork_type HTTP/1.1" status: 200 len: 277 time: 0.0653851 /var/lib/openstack/lib/python3.10/site-packages/pycadf/identifier.py:71: UserWarning: Invalid uuid: neutron. To ensure interoperability, identifiers should be a valid uuid. warnings.warn(('Invalid uuid: %s. To ensure interoperability, '
2026-04-02 17:56:50.911 9 INFO neutron.wsgi [None req-498a7ddb-ea13-4a16-b872-73dde0aabd5e d2ccb1221d1a426a8ecd15f96f991dbf aa321ca503b745d8aae2021730620903 - - default default] 10.0.0.157 "DELETE /v2.0/qos/policies/ba513015-b9c7-4587-8920-a238b7525c52 HTTP/1.1" status: 204 len: 168 time: 0.0660989
2026-04-02 17:56:51.003 10 INFO neutron.db.ovn_revision_numbers_db [None req-47bb5079-4879-4580-8eaa-420cb5328421 e5920096478448dbb6eba624f5643ed6 04efb0ac35034d1aaab6abe3211d5b92 - - default default] Successfully bumped revision number for resource f43d2ba3-7779-4ec8-a0b9-06458c058ab6 (type: security_groups) to 1
2026-04-02 17:56:51.017 10 INFO neutron.db.ovn_revision_numbers_db [None req-47bb5079-4879-4580-8eaa-420cb5328421 e5920096478448dbb6eba624f5643ed6 04efb0ac35034d1aaab6abe3211d5b92 - - default default] Successfully bumped revision number for resource 082f93fb-a930-4a9f-a806-a6b0b79445b2 (type: security_group_rules) to 0
2026-04-02 17:56:51.031 10 INFO neutron.db.ovn_revision_numbers_db [None req-47bb5079-4879-4580-8eaa-420cb5328421 e5920096478448dbb6eba624f5643ed6 04efb0ac35034d1aaab6abe3211d5b92 - - default default] Successfully bumped revision number for resource 3c298ace-944a-412d-9e5e-b83d676d0036 (type: security_group_rules) to 0
2026-04-02 17:56:51.035 9 INFO neutron.wsgi [req-c2a7b79a-519a-4db8-acae-5f8f092bbf0c req-1a7492d7-cc57-4733-bcd7-cfe80b5c52f1 3cfdfc0438254835b1189cc94e6faefb 4e019cab72564c51bd6628cd7b85dac0 - - default default] 10.0.0.89 "GET /v2.0/ports?device_id=54eea893-7eef-4d62-9dc7-e2b71c108042 HTTP/1.1" status: 200 len: 210 time: 0.0349827
2026-04-02 17:56:51.046 10 INFO neutron.db.ovn_revision_numbers_db [None req-47bb5079-4879-4580-8eaa-420cb5328421 e5920096478448dbb6eba624f5643ed6 04efb0ac35034d1aaab6abe3211d5b92 - - default default] Successfully bumped revision number for resource 686c2f76-e094-4baa-846b-98301a40cf91 (type: security_group_rules) to 0
2026-04-02 17:56:51.061 10 INFO neutron.db.ovn_revision_numbers_db [None req-47bb5079-4879-4580-8eaa-420cb5328421 e5920096478448dbb6eba624f5643ed6 04efb0ac35034d1aaab6abe3211d5b92 - - default default] Successfully bumped revision number for resource 71e7e477-372a-4f8d-8e8a-b913bb4784a6 (type: security_group_rules) to 0
2026-04-02 17:56:51.089 10 INFO neutron.wsgi [None req-47bb5079-4879-4580-8eaa-420cb5328421 e5920096478448dbb6eba624f5643ed6 04efb0ac35034d1aaab6abe3211d5b92 - - default default] 10.0.0.157 "GET /v2.0/security-groups?tenant_id=d262760cbb6a4c4f93e2ace0b54d5826&name=default HTTP/1.1" status: 200 len: 3120 time: 0.2129619
2026-04-02 17:56:51.124 9 INFO neutron.wsgi [req-7942c9b6-626b-4f4f-b52e-9cbdbd1fb22c req-654990fd-addd-4980-a268-dc77fbf03fde 624cdc91ee6d473da732685720d502ca 94229dfd2e1647d8b46443c10a1ede15 - - default default] 10.0.0.89 "GET /v2.0/ports?device_id=e9c8b1ee-8df7-41ad-a8a8-332b27da327a HTTP/1.1" status: 200 len: 1174 time: 0.0511940
2026-04-02 17:56:51.172 9 INFO neutron.wsgi [req-7942c9b6-626b-4f4f-b52e-9cbdbd1fb22c req-86b692d2-fdbc-462a-82b4-da997376582c 624cdc91ee6d473da732685720d502ca 94229dfd2e1647d8b46443c10a1ede15 - - default default] 10.0.0.89 "GET /v2.0/security-groups?id=953dc052-ef52-41c4-ba8b-52b0c31cba48&fields=id&fields=name HTTP/1.1" status: 200 len: 312 time: 0.0424182
2026-04-02 17:56:51.332 10 INFO neutron.wsgi [None req-a0e17e24-cc84-44b8-aa59-7a6a8887aeec e5920096478448dbb6eba624f5643ed6 04efb0ac35034d1aaab6abe3211d5b92 - - default default] 10.0.0.157 "DELETE /v2.0/security-groups/f43d2ba3-7779-4ec8-a0b9-06458c058ab6 HTTP/1.1" status: 204 len: 168 time: 0.2342949
2026-04-02 17:56:51.560 10 INFO neutron.db.ovn_revision_numbers_db [None req-e30d40b5-f501-459b-b039-5c63d44dff43 e5920096478448dbb6eba624f5643ed6 04efb0ac35034d1aaab6abe3211d5b92 - - default default] Successfully bumped revision number for resource 8d11d1e1-fc91-4c40-984c-094cd494a63b (type: security_groups) to 1
2026-04-02 17:56:51.573 10 INFO neutron.db.ovn_revision_numbers_db [None req-e30d40b5-f501-459b-b039-5c63d44dff43 e5920096478448dbb6eba624f5643ed6 04efb0ac35034d1aaab6abe3211d5b92 - - default default] Successfully bumped revision number for resource 152d9b81-15d9-4a79-a09e-4aa824c5b9dd (type: security_group_rules) to 0
2026-04-02 17:56:51.586 10 INFO neutron.db.ovn_revision_numbers_db [None req-e30d40b5-f501-459b-b039-5c63d44dff43 e5920096478448dbb6eba624f5643ed6 04efb0ac35034d1aaab6abe3211d5b92 - - default default] Successfully bumped revision number for resource 63ff7e11-aa2c-4862-98fa-5de792af7048 (type: security_group_rules) to 0
2026-04-02 17:56:51.602 10 INFO neutron.db.ovn_revision_numbers_db [None req-e30d40b5-f501-459b-b039-5c63d44dff43 e5920096478448dbb6eba624f5643ed6 04efb0ac35034d1aaab6abe3211d5b92 - - default default] Successfully bumped revision number for resource 70c80ae2-b98c-4532-9b0c-67d7576f7966 (type: security_group_rules) to 0
2026-04-02 17:56:51.611 10 INFO neutron.db.ovn_revision_numbers_db [None req-e30d40b5-f501-459b-b039-5c63d44dff43 e5920096478448dbb6eba624f5643ed6 04efb0ac35034d1aaab6abe3211d5b92 - - default default] Successfully bumped revision number for resource f4fe99e8-22cf-4bfc-be58-1dd8e43bb2b1 (type: security_group_rules) to 0
2026-04-02 17:56:51.628 10 INFO neutron.wsgi [None req-e30d40b5-f501-459b-b039-5c63d44dff43 e5920096478448dbb6eba624f5643ed6 04efb0ac35034d1aaab6abe3211d5b92 - - default default] 10.0.0.157 "GET /v2.0/security-groups?tenant_id=4261f3323f814426be2212a371c64f87&name=default HTTP/1.1" status: 200 len: 3120 time: 0.1807685
2026-04-02 17:56:51.869 9 INFO neutron.wsgi [req-47ae1f84-d2b0-4738-a95b-384c05231e1d req-58427fdd-e2fb-4dd0-a50b-d04a945e64b8 3cfdfc0438254835b1189cc94e6faefb 4e019cab72564c51bd6628cd7b85dac0 - - default default] 199.204.45.53 "GET /v2.0/networks?id=66639125-5950-4f8a-87a3-5013afab95ff HTTP/1.1" status: 200 len: 872 time: 0.0823448
2026-04-02 17:56:51.880 9 WARNING neutron_lib.context [req-47ae1f84-d2b0-4738-a95b-384c05231e1d req-587ca15f-9854-4d3e-a2ac-950a29327fca 3cfdfc0438254835b1189cc94e6faefb 4e019cab72564c51bd6628cd7b85dac0 - - default default] Method 'is_advsvc' is deprecated since 2023.2 release (neutron-lib 3.8.0) and will be removed once support for the old RBAC API policies will be removed from Neutron. Please use method 'is_service_role' instead.
2026-04-02 17:56:51.969 9 INFO neutron.wsgi [None req-02161a7e-05a3-4007-8d91-ad79e3886bf4 e5920096478448dbb6eba624f5643ed6 04efb0ac35034d1aaab6abe3211d5b92 - - default default] 10.0.0.157 "DELETE /v2.0/security-groups/8d11d1e1-fc91-4c40-984c-094cd494a63b HTTP/1.1" status: 204 len: 168 time: 0.3356299
2026-04-02 17:56:52.100 10 INFO neutron.db.ovn_revision_numbers_db [None req-cb4895c8-97ff-4f7f-9270-62f2ef926c5c e5920096478448dbb6eba624f5643ed6 04efb0ac35034d1aaab6abe3211d5b92 - - default default] Successfully bumped revision number for resource 4a05d4f4-e4f4-427a-a7b6-496ea639cc54 (type: security_groups) to 1
2026-04-02 17:56:52.132 9 INFO neutron.wsgi [req-b83af5ba-ad69-4e2d-9fc5-a0572a7baa4b req-12ec67ae-4177-4ebe-b571-52463101735c 3cfdfc0438254835b1189cc94e6faefb 4e019cab72564c51bd6628cd7b85dac0 - - default default] 10.0.0.89 "GET /v2.0/ports?device_id=54eea893-7eef-4d62-9dc7-e2b71c108042 HTTP/1.1" status: 200 len: 210 time: 0.0332270
2026-04-02 17:56:52.134 10 INFO neutron.db.ovn_revision_numbers_db [None req-cb4895c8-97ff-4f7f-9270-62f2ef926c5c e5920096478448dbb6eba624f5643ed6 04efb0ac35034d1aaab6abe3211d5b92 - - default default] Successfully bumped revision number for resource 63d08a89-12dc-4515-b9ca-0ba8fb5d7179 (type: security_group_rules) to 0
2026-04-02 17:56:52.161 10 INFO neutron.db.ovn_revision_numbers_db [None req-cb4895c8-97ff-4f7f-9270-62f2ef926c5c e5920096478448dbb6eba624f5643ed6 04efb0ac35034d1aaab6abe3211d5b92 - - default default] Successfully bumped revision number for resource 7a208cf8-a1f5-43de-bb38-cfbba7445e77 (type: security_group_rules) to 0
2026-04-02 17:56:52.181 10 INFO neutron.db.ovn_revision_numbers_db [None req-cb4895c8-97ff-4f7f-9270-62f2ef926c5c e5920096478448dbb6eba624f5643ed6 04efb0ac35034d1aaab6abe3211d5b92 - - default default] Successfully bumped revision number for resource ae093b69-046b-4933-97ab-b5fb00d1dc2c (type: security_group_rules) to 0
2026-04-02 17:56:52.199 10 INFO neutron.db.ovn_revision_numbers_db [None req-cb4895c8-97ff-4f7f-9270-62f2ef926c5c e5920096478448dbb6eba624f5643ed6 04efb0ac35034d1aaab6abe3211d5b92 - - default default] Successfully bumped revision number for resource eac5b3cc-c5f1-4d9b-8535-da85fdc26b83 (type: security_group_rules) to 0
