2026-04-02 17:59:02.638 9 INFO neutron.wsgi [None req-9cf16455-3d53-4a64-84ef-a6fa7c355f1f e5920096478448dbb6eba624f5643ed6 04efb0ac35034d1aaab6abe3211d5b92 - - default default] 10.0.0.225 "GET /v2.0/extensions/qos HTTP/1.1" status: 200 len: 365 time: 0.0031869
2026-04-02 17:59:02.647 9 INFO neutron.wsgi [None req-458295e3-695b-4c4d-a3e6-bb239cfff7fb e5920096478448dbb6eba624f5643ed6 04efb0ac35034d1aaab6abe3211d5b92 - - default default] 10.0.0.225 "GET /v2.0/extensions/allowed-address-pairs HTTP/1.1" status: 200 len: 383 time: 0.0040972
2026-04-02 17:59:02.713 9 INFO neutron.wsgi [None req-cf54e3eb-ddd3-4239-ac89-5b217065a905 e5920096478448dbb6eba624f5643ed6 04efb0ac35034d1aaab6abe3211d5b92 - - default default] 10.0.0.225 "GET /v2.0/networks/e6b92c96-6861-41ba-9117-bdf73241728a HTTP/1.1" status: 200 len: 1001 time: 0.0605512
2026-04-02 17:59:02.739 9 INFO neutron.wsgi [None req-f7ca5d4b-75ed-436e-bd16-9ea8ade92cd1 e5920096478448dbb6eba624f5643ed6 04efb0ac35034d1aaab6abe3211d5b92 - - default default] 10.0.0.225 "GET /v2.0/extensions/project-id HTTP/1.1" status: 200 len: 403 time: 0.0085709
2026-04-02 17:59:03.073 9 WARNING neutron.scheduler.dhcp_agent_scheduler [None req-a8a64776-c0e6-4e01-816f-c53c238d3c74 e5920096478448dbb6eba624f5643ed6 04efb0ac35034d1aaab6abe3211d5b92 - - default default] No more DHCP agents
2026-04-02 17:59:03.076 9 WARNING neutron.api.rpc.agentnotifiers.dhcp_rpc_agent_api [None req-a8a64776-c0e6-4e01-816f-c53c238d3c74 e5920096478448dbb6eba624f5643ed6 04efb0ac35034d1aaab6abe3211d5b92 - - default default] Unable to schedule network e6b92c96-6861-41ba-9117-bdf73241728a: no agents available; will retry on subsequent port and subnet creation events.
2026-04-02 17:59:03.244 9 INFO neutron.db.ovn_revision_numbers_db [None req-a8a64776-c0e6-4e01-816f-c53c238d3c74 e5920096478448dbb6eba624f5643ed6 04efb0ac35034d1aaab6abe3211d5b92 - - default default] Successfully bumped revision number for resource c671c754-6cf5-478c-974b-66015b95e285 (type: ports) to 1
2026-04-02 17:59:03.272 9 INFO neutron.wsgi [None req-a8a64776-c0e6-4e01-816f-c53c238d3c74 e5920096478448dbb6eba624f5643ed6 04efb0ac35034d1aaab6abe3211d5b92 - - default default] 10.0.0.225 "POST /v2.0/ports HTTP/1.1" status: 201 len: 1337 time: 0.5263948 /var/lib/openstack/lib/python3.10/site-packages/pycadf/identifier.py:71: UserWarning: Invalid uuid: neutron. To ensure interoperability, identifiers should be a valid uuid. warnings.warn(('Invalid uuid: %s. To ensure interoperability, '
2026-04-02 17:59:03.370 9 INFO neutron.wsgi [req-3b0f9d04-be2a-4726-90de-cade48ca3ecf req-6bb66022-d13f-4873-b025-04e2562b1ad6 6b2eb44c78ef40fe81841ada4497ec78 1186d73df1754cc2a0a3df526e988b35 - - 9c52bcdd4eeb4dd48f39771804555193 9c52bcdd4eeb4dd48f39771804555193] 199.204.45.53 "GET /v2.0/ports?device_id=c1a1f947-f07b-404f-9374-1a536bc7d8d4&fields=binding%3Ahost_id&fields=binding%3Avif_type HTTP/1.1" status: 200 len: 265 time: 0.0459726
2026-04-02 17:59:03.458 9 INFO neutron.wsgi [req-3b0f9d04-be2a-4726-90de-cade48ca3ecf req-e82b3e24-91e2-49ea-8c14-47577928fb7b 6b2eb44c78ef40fe81841ada4497ec78 1186d73df1754cc2a0a3df526e988b35 - - 9c52bcdd4eeb4dd48f39771804555193 9c52bcdd4eeb4dd48f39771804555193] 199.204.45.53 "GET /v2.0/ports?tenant_id=3199bf07601a46f497182a94c1e0a1e2&device_id=c1a1f947-f07b-404f-9374-1a536bc7d8d4 HTTP/1.1" status: 200 len: 1638 time: 0.0415518
2026-04-02 17:59:03.544 9 INFO neutron.wsgi [req-3b0f9d04-be2a-4726-90de-cade48ca3ecf req-e000e3f1-6634-4dd1-ba04-c626ba9db719 6b2eb44c78ef40fe81841ada4497ec78 1186d73df1754cc2a0a3df526e988b35 - - 9c52bcdd4eeb4dd48f39771804555193 9c52bcdd4eeb4dd48f39771804555193] 199.204.45.53 "GET /v2.0/networks?id=ec0c03bd-c7f4-431c-8bac-291037653326 HTTP/1.1" status: 200 len: 1001 time: 0.0674059
2026-04-02 17:59:03.616 9 INFO neutron.wsgi [req-3b0f9d04-be2a-4726-90de-cade48ca3ecf req-ab65733a-30a1-4470-aebc-81601510b97c 6b2eb44c78ef40fe81841ada4497ec78 1186d73df1754cc2a0a3df526e988b35 - - 9c52bcdd4eeb4dd48f39771804555193 9c52bcdd4eeb4dd48f39771804555193] 199.204.45.53 "GET /v2.0/floatingips?fixed_ip_address=10.2.1.134&port_id=26c3fa94-72e5-41f5-bf99-a4e3e90458d2 HTTP/1.1" status: 200 len: 1059 time: 0.0661075
2026-04-02 17:59:03.650 9 INFO neutron.wsgi [req-3b0f9d04-be2a-4726-90de-cade48ca3ecf req-85dcb19a-26f0-44d4-a1a3-b1af2945adfc 6b2eb44c78ef40fe81841ada4497ec78 1186d73df1754cc2a0a3df526e988b35 - - 9c52bcdd4eeb4dd48f39771804555193 9c52bcdd4eeb4dd48f39771804555193] 199.204.45.53 "GET /v2.0/floatingips?fixed_ip_address=fd7b%3Af9f7%3Afff%3A4eca%3A%3A3c1&port_id=26c3fa94-72e5-41f5-bf99-a4e3e90458d2 HTTP/1.1" status: 200 len: 217 time: 0.0263400
2026-04-02 17:59:03.693 9 INFO neutron.wsgi [req-3b0f9d04-be2a-4726-90de-cade48ca3ecf req-4213fdfe-6936-42df-be4d-cab9bc434293 6b2eb44c78ef40fe81841ada4497ec78 1186d73df1754cc2a0a3df526e988b35 - - 9c52bcdd4eeb4dd48f39771804555193 9c52bcdd4eeb4dd48f39771804555193] 199.204.45.53 "GET /v2.0/subnets?id=fb094a1f-42cc-4e36-bad8-069af63a28ca&id=3d133655-0f23-448d-8c3f-a7f68976cd10 HTTP/1.1" status: 200 len: 1561 time: 0.0359774
2026-04-02 17:59:03.724 9 INFO neutron.wsgi [req-3b0f9d04-be2a-4726-90de-cade48ca3ecf req-d4eeb817-9fa0-4a3a-b96b-d3427f3f5622 6b2eb44c78ef40fe81841ada4497ec78 1186d73df1754cc2a0a3df526e988b35 - - 9c52bcdd4eeb4dd48f39771804555193 9c52bcdd4eeb4dd48f39771804555193] 199.204.45.53 "GET /v2.0/ports?network_id=ec0c03bd-c7f4-431c-8bac-291037653326&device_owner=network%3Adhcp HTTP/1.1" status: 200 len: 210 time: 0.0246642
2026-04-02 17:59:03.757 9 INFO neutron.wsgi [req-3b0f9d04-be2a-4726-90de-cade48ca3ecf req-aedd44e2-2692-464b-a3e4-8eff15b97387 6b2eb44c78ef40fe81841ada4497ec78 1186d73df1754cc2a0a3df526e988b35 - - 9c52bcdd4eeb4dd48f39771804555193 9c52bcdd4eeb4dd48f39771804555193] 199.204.45.53 "GET /v2.0/ports?network_id=ec0c03bd-c7f4-431c-8bac-291037653326&device_owner=network%3Adhcp HTTP/1.1" status: 200 len: 210 time: 0.0251029
2026-04-02 17:59:03.817 9 INFO neutron.wsgi [req-3b0f9d04-be2a-4726-90de-cade48ca3ecf req-6473b825-ae0c-46d3-9644-c3c36980dbce 6b2eb44c78ef40fe81841ada4497ec78 1186d73df1754cc2a0a3df526e988b35 - - 9c52bcdd4eeb4dd48f39771804555193 9c52bcdd4eeb4dd48f39771804555193] 199.204.45.53 "GET /v2.0/networks/ec0c03bd-c7f4-431c-8bac-291037653326?fields=segments HTTP/1.1" status: 200 len: 212 time: 0.0504699
2026-04-02 17:59:03.893 9 INFO neutron.wsgi [req-3b0f9d04-be2a-4726-90de-cade48ca3ecf req-b755b759-edbb-4c08-ab6f-b8924eb1d9e6 6b2eb44c78ef40fe81841ada4497ec78 1186d73df1754cc2a0a3df526e988b35 - - 9c52bcdd4eeb4dd48f39771804555193 9c52bcdd4eeb4dd48f39771804555193] 199.204.45.53 "GET /v2.0/networks/ec0c03bd-c7f4-431c-8bac-291037653326?fields=provider%3Aphysical_network&fields=provider%3Anetwork_type HTTP/1.1" status: 200 len: 277 time: 0.0669546
2026-04-02 17:59:04.648 10 INFO neutron.services.segments.plugin [-] Segment 93371d0d-9223-4691-89e6-8573b508d156 resource provider aggregate not found
2026-04-02 17:59:04.655 10 INFO neutron.services.segments.plugin [-] Segment 93371d0d-9223-4691-89e6-8573b508d156 resource provider aggregate not found
2026-04-02 17:59:04.675 10 INFO neutron.services.segments.plugin [-] Segment 93371d0d-9223-4691-89e6-8573b508d156 resource provider not found; error: Placement Client Error (4xx): {"errors": [{"status": 404, "title": "Not Found", "detail": "The resource could not be found.\n\n No resource provider with uuid 93371d0d-9223-4691-89e6-8573b508d156 found for delete ", "request_id": "req-161e0d6e-60bb-41f7-9598-419557608f32"}]}
2026-04-02 17:59:04.676 10 WARNING neutron.plugins.ml2.drivers.ovn.mech_driver.ovsdb.ovn_client [None req-8d2cf2ee-c82e-474d-8c94-215c72e4d0c3 - - - - - -] No port found with ID c42f178c-bd75-4b18-a989-102ecd5f7868: RuntimeError: No port found with ID c42f178c-bd75-4b18-a989-102ecd5f7868
2026-04-02 17:59:04.690 10 INFO neutron.services.segments.plugin [-] Segment 93371d0d-9223-4691-89e6-8573b508d156 resource provider not found; error: Placement Client Error (4xx): {"errors": [{"status": 404, "title": "Not Found", "detail": "The resource could not be found.\n\n No resource provider with uuid 93371d0d-9223-4691-89e6-8573b508d156 found for delete ", "request_id": "req-2668d9de-2df6-42cf-bbfc-9ec0c0f195f4"}]}
2026-04-02 17:59:04.701 10 INFO neutron.wsgi [None req-a2f8a42e-212a-484f-8bd8-d67bf55c34fe ee4936092f4b441eb377a657f36ef0f5 64040726309141b9a7c471ef0b929e70 - - default default] 10.0.0.157 "DELETE /v2.0/vpn/vpnservices/078cd368-ffca-4f56-876e-8f1c394feb99 HTTP/1.1" status: 204 len: 168 time: 2.9503930 /var/lib/openstack/lib/python3.10/site-packages/pycadf/identifier.py:71: UserWarning: Invalid uuid: neutron. To ensure interoperability, identifiers should be a valid uuid. warnings.warn(('Invalid uuid: %s. To ensure interoperability, '
2026-04-02 17:59:04.727 10 INFO neutron.wsgi [None req-5d107977-c76d-4c85-95f3-8d98e707ccfd ee4936092f4b441eb377a657f36ef0f5 64040726309141b9a7c471ef0b929e70 - - default default] 10.0.0.157 "GET /v2.0/vpn/vpnservices HTTP/1.1" status: 200 len: 1056 time: 0.0178320
2026-04-02 17:59:04.742 10 WARNING neutron_lib.context [None req-3408717e-fdb4-4ddc-a1da-1728b378a10d ee4936092f4b441eb377a657f36ef0f5 64040726309141b9a7c471ef0b929e70 - - default default] Method 'is_advsvc' is deprecated since 2023.2 release (neutron-lib 3.8.0) and will be removed once support for the old RBAC API policies will be removed from Neutron. Please use method 'is_service_role' instead.
2026-04-02 17:59:04.814 10 INFO neutron.api.v2.resource [None req-3408717e-fdb4-4ddc-a1da-1728b378a10d ee4936092f4b441eb377a657f36ef0f5 64040726309141b9a7c471ef0b929e70 - - default default] create failed (client error): The server could not comply with the request since it is either malformed or otherwise incorrect.
2026-04-02 17:59:04.815 10 INFO neutron.wsgi [None req-3408717e-fdb4-4ddc-a1da-1728b378a10d ee4936092f4b441eb377a657f36ef0f5 64040726309141b9a7c471ef0b929e70 - - default default] 10.0.0.157 "POST /v2.0/vpn/ipsec-site-connections HTTP/1.1" status: 400 len: 330 time: 0.0799844
2026-04-02 17:59:04.825 10 WARNING neutron_lib.context [None req-ba692ad1-d4b3-425b-b4f0-5b95ee1b9df8 ee4936092f4b441eb377a657f36ef0f5 64040726309141b9a7c471ef0b929e70 - - default default] Method 'is_advsvc' is deprecated since 2023.2 release (neutron-lib 3.8.0) and will be removed once support for the old RBAC API policies will be removed from Neutron. Please use method 'is_service_role' instead.
2026-04-02 17:59:04.880 10 INFO neutron.api.v2.resource [None req-ba692ad1-d4b3-425b-b4f0-5b95ee1b9df8 ee4936092f4b441eb377a657f36ef0f5 64040726309141b9a7c471ef0b929e70 - - default default] create failed (client error): The server could not comply with the request since it is either malformed or otherwise incorrect.
2026-04-02 17:59:04.882 10 INFO neutron.wsgi [None req-ba692ad1-d4b3-425b-b4f0-5b95ee1b9df8 ee4936092f4b441eb377a657f36ef0f5 64040726309141b9a7c471ef0b929e70 - - default default] 10.0.0.157 "POST /v2.0/vpn/ipsec-site-connections HTTP/1.1" status: 400 len: 339 time: 0.0618119
2026-04-02 17:59:04.895 10 WARNING neutron.api.v2.base [None req-7a2963e8-fdb0-4b51-81c5-c6bac8e622de ee4936092f4b441eb377a657f36ef0f5 64040726309141b9a7c471ef0b929e70 - - default default] An exception happened while processing the request body. The exception message is [Invalid input for dpd. Reason: '59' is not a dictionary.].: webob.exc.HTTPBadRequest: Invalid input for dpd. Reason: '59' is not a dictionary.
2026-04-02 17:59:04.896 10 INFO neutron.api.v2.resource [None req-7a2963e8-fdb0-4b51-81c5-c6bac8e622de ee4936092f4b441eb377a657f36ef0f5 64040726309141b9a7c471ef0b929e70 - - default default] create failed (client error): Invalid input for dpd. Reason: '59' is not a dictionary.
2026-04-02 17:59:04.897 10 INFO neutron.wsgi [None req-7a2963e8-fdb0-4b51-81c5-c6bac8e622de ee4936092f4b441eb377a657f36ef0f5 64040726309141b9a7c471ef0b929e70 - - default default] 10.0.0.157 "POST /v2.0/vpn/ipsec-site-connections HTTP/1.1" status: 400 len: 332 time: 0.0069613
2026-04-02 17:59:04.918 10 WARNING neutron_lib.context [None req-8065b56a-1a98-4732-93fc-e0b4277f6086 ee4936092f4b441eb377a657f36ef0f5 64040726309141b9a7c471ef0b929e70 - - default default] Method 'is_advsvc' is deprecated since 2023.2 release (neutron-lib 3.8.0) and will be removed once support for the old RBAC API policies will be removed from Neutron. Please use method 'is_service_role' instead.
2026-04-02 17:59:04.958 10 INFO neutron.wsgi [None req-8065b56a-1a98-4732-93fc-e0b4277f6086 ee4936092f4b441eb377a657f36ef0f5 64040726309141b9a7c471ef0b929e70 - - default default] 10.0.0.157 "POST /v2.0/vpn/endpoint-groups HTTP/1.1" status: 201 len: 492 time: 0.0478654
2026-04-02 17:59:04.971 10 WARNING neutron_lib.context [None req-9a34d102-66a7-467a-aacc-d163ccf3bd2b ee4936092f4b441eb377a657f36ef0f5 64040726309141b9a7c471ef0b929e70 - - default default] Method 'is_advsvc' is deprecated since 2023.2 release (neutron-lib 3.8.0) and will be removed once support for the old RBAC API policies will be removed from Neutron. Please use method 'is_service_role' instead.
2026-04-02 17:59:05.023 10 INFO neutron.api.v2.resource [None req-9a34d102-66a7-467a-aacc-d163ccf3bd2b ee4936092f4b441eb377a657f36ef0f5 64040726309141b9a7c471ef0b929e70 - - default default] create failed (client error): The server could not comply with the request since it is either malformed or otherwise incorrect.
2026-04-02 17:59:05.026 10 INFO neutron.wsgi [None req-9a34d102-66a7-467a-aacc-d163ccf3bd2b ee4936092f4b441eb377a657f36ef0f5 64040726309141b9a7c471ef0b929e70 - - default default] 10.0.0.157 "POST /v2.0/vpn/ipsec-site-connections HTTP/1.1" status: 400 len: 352 time: 0.0594952
2026-04-02 17:59:05.044 10 INFO neutron.wsgi [None req-289d1ec4-d24b-413a-8445-575cd6d5024e ee4936092f4b441eb377a657f36ef0f5 64040726309141b9a7c471ef0b929e70 - - default default] 10.0.0.157 "GET /v2.0/vpn/endpoint-groups HTTP/1.1" status: 200 len: 1101 time: 0.0136483
2026-04-02 17:59:05.071 10 INFO neutron.wsgi [None req-82ecaae1-7650-4a9a-ad95-f2866dda5f28 ee4936092f4b441eb377a657f36ef0f5 64040726309141b9a7c471ef0b929e70 - - default default] 10.0.0.157 "DELETE /v2.0/vpn/endpoint-groups/58ef836d-a452-4c12-96a6-d37d5d8ea0ee HTTP/1.1" status: 204 len: 168 time: 0.0230947
2026-04-02 17:59:05.098 10 INFO neutron.wsgi [None req-11c29a18-2f90-4894-8864-f6a60742bf64 ee4936092f4b441eb377a657f36ef0f5 64040726309141b9a7c471ef0b929e70 - - default default] 10.0.0.157 "GET /v2.0/vpn/endpoint-groups HTTP/1.1" status: 200 len: 826 time: 0.0228355
2026-04-02 17:59:05.113 10 WARNING neutron_lib.context [None req-520a2bdf-c447-4d1d-b521-431a4d24eb67 ee4936092f4b441eb377a657f36ef0f5 64040726309141b9a7c471ef0b929e70 - - default default] Method 'is_advsvc' is deprecated since 2023.2 release (neutron-lib 3.8.0) and will be removed once support for the old RBAC API policies will be removed from Neutron. Please use method 'is_service_role' instead.
2026-04-02 17:59:05.175 10 INFO neutron.wsgi [None req-520a2bdf-c447-4d1d-b521-431a4d24eb67 ee4936092f4b441eb377a657f36ef0f5 64040726309141b9a7c471ef0b929e70 - - default default] 10.0.0.157 "POST /v2.0/vpn/endpoint-groups HTTP/1.1" status: 201 len: 500 time: 0.0699947
2026-04-02 17:59:05.186 10 WARNING neutron_lib.context [None req-34dfbb88-6324-4807-be11-cabce1d01e9e ee4936092f4b441eb377a657f36ef0f5 64040726309141b9a7c471ef0b929e70 - - default default] Method 'is_advsvc' is deprecated since 2023.2 release (neutron-lib 3.8.0) and will be removed once support for the old RBAC API policies will be removed from Neutron. Please use method 'is_service_role' instead.
2026-04-02 17:59:05.220 10 INFO neutron.api.v2.resource [None req-34dfbb88-6324-4807-be11-cabce1d01e9e ee4936092f4b441eb377a657f36ef0f5 64040726309141b9a7c471ef0b929e70 - - default default] create failed (client error): The server could not comply with the request since it is either malformed or otherwise incorrect.
2026-04-02 17:59:05.221 10 INFO neutron.wsgi [None req-34dfbb88-6324-4807-be11-cabce1d01e9e ee4936092f4b441eb377a657f36ef0f5 64040726309141b9a7c471ef0b929e70 - - default default] 10.0.0.157 "POST /v2.0/vpn/ipsec-site-connections HTTP/1.1" status: 400 len: 351 time: 0.0398817
2026-04-02 17:59:05.239 10 INFO neutron.wsgi [None req-246b0148-0006-4a67-85d1-8ef0f781b371 ee4936092f4b441eb377a657f36ef0f5 64040726309141b9a7c471ef0b929e70 - - default default] 10.0.0.157 "GET /v2.0/vpn/endpoint-groups HTTP/1.1" status: 200 len: 1109 time: 0.0108700
2026-04-02 17:59:05.268 10 INFO neutron.wsgi [None req-1e8a009c-0bc4-4e3b-828d-e240615e39b9 ee4936092f4b441eb377a657f36ef0f5 64040726309141b9a7c471ef0b929e70 - - default default] 10.0.0.157 "DELETE /v2.0/vpn/endpoint-groups/fcf81f52-19f4-4869-9002-906b4b67ab1b HTTP/1.1" status: 204 len: 168 time: 0.0244477
2026-04-02 17:59:05.284 10 INFO neutron.wsgi [None req-17699147-fc7e-40a8-83c2-e3b3ba5b3882 ee4936092f4b441eb377a657f36ef0f5 64040726309141b9a7c471ef0b929e70 - - default default] 10.0.0.157 "GET /v2.0/vpn/endpoint-groups HTTP/1.1" status: 200 len: 826 time: 0.0103297
2026-04-02 17:59:05.294 10 WARNING neutron.api.v2.base [None req-efc16c89-0b8c-439f-9a6e-93c6d5a5bed3 ee4936092f4b441eb377a657f36ef0f5 64040726309141b9a7c471ef0b929e70 - - default default] An exception happened while processing the request body. The exception message is [Invalid input for peer_cidrs. Reason: '1.0.0.0/33' is not a valid IP subnet.].: webob.exc.HTTPBadRequest: Invalid input for peer_cidrs. Reason: '1.0.0.0/33' is not a valid IP subnet.
2026-04-02 17:59:05.294 10 INFO neutron.api.v2.resource [None req-efc16c89-0b8c-439f-9a6e-93c6d5a5bed3 ee4936092f4b441eb377a657f36ef0f5 64040726309141b9a7c471ef0b929e70 - - default default] create failed (client error): Invalid input for peer_cidrs. Reason: '1.0.0.0/33' is not a valid IP subnet.
2026-04-02 17:59:05.295 10 INFO neutron.wsgi [None req-efc16c89-0b8c-439f-9a6e-93c6d5a5bed3 ee4936092f4b441eb377a657f36ef0f5 64040726309141b9a7c471ef0b929e70 - - default default] 10.0.0.157 "POST /v2.0/vpn/ipsec-site-connections HTTP/1.1" status: 400 len: 352 time: 0.0071101
2026-04-02 17:59:05.306 10 WARNING neutron_lib.context [None req-ee82b260-b94e-4ada-a747-46a696a9e7b4 ee4936092f4b441eb377a657f36ef0f5 64040726309141b9a7c471ef0b929e70 - - default default] Method 'is_advsvc' is deprecated since 2023.2 release (neutron-lib 3.8.0) and will be removed once support for the old RBAC API policies will be removed from Neutron. Please use method 'is_service_role' instead.
2026-04-02 17:59:05.378 9 INFO neutron.wsgi [None req-045a3538-f6d0-4140-b47b-abd2a820e772 e5920096478448dbb6eba624f5643ed6 04efb0ac35034d1aaab6abe3211d5b92 - - default default] 199.204.45.53 "GET /v2.0/extensions/security-group HTTP/1.1" status: 200 len: 369 time: 0.0399487
2026-04-02 17:59:05.391 9 INFO neutron.wsgi [None req-c52c407a-d12a-4ded-9d3c-f89a7929ef81 e5920096478448dbb6eba624f5643ed6 04efb0ac35034d1aaab6abe3211d5b92 - - default default] 199.204.45.53 "GET /v2.0/extensions/dns-integration HTTP/1.1" status: 200 len: 371 time: 0.0033195
2026-04-02 17:59:05.402 9 INFO neutron.wsgi [None req-ffaa3750-56bc-40eb-993b-1381588e4e0d e5920096478448dbb6eba624f5643ed6 04efb0ac35034d1aaab6abe3211d5b92 - - default default] 199.204.45.53 "GET /v2.0/extensions/qos HTTP/1.1" status: 200 len: 365 time: 0.0051110
2026-04-02 17:59:05.403 10 INFO neutron.db.segments_db [None req-ee82b260-b94e-4ada-a747-46a696a9e7b4 ee4936092f4b441eb377a657f36ef0f5 64040726309141b9a7c471ef0b929e70 - - default default] Added segment de6ced3c-7912-47c8-a21d-5ec96b1169a7 of type geneve for network 94e06c8c-ea63-4835-b8ee-f5494d425458
2026-04-02 17:59:05.413 9 INFO neutron.wsgi [None req-3ee74f40-4fe3-4402-89c5-5278a005fa79 e5920096478448dbb6eba624f5643ed6 04efb0ac35034d1aaab6abe3211d5b92 - - default default] 199.204.45.53 "GET /v2.0/extensions/allowed-address-pairs HTTP/1.1" status: 200 len: 383 time: 0.0067232
2026-04-02 17:59:05.453 9 INFO neutron.wsgi [None req-1fb0734e-0f47-47eb-8e0f-ba3926bd4e52 e5920096478448dbb6eba624f5643ed6 04efb0ac35034d1aaab6abe3211d5b92 - - default default] 199.204.45.53 "GET /v2.0/ports/c671c754-6cf5-478c-974b-66015b95e285 HTTP/1.1" status: 200 len: 1332 time: 0.0346966
2026-04-02 17:59:05.561 10 INFO neutron.db.ovn_revision_numbers_db [None req-ee82b260-b94e-4ada-a747-46a696a9e7b4 ee4936092f4b441eb377a657f36ef0f5 64040726309141b9a7c471ef0b929e70 - - default default] Successfully bumped revision number for resource 94e06c8c-ea63-4835-b8ee-f5494d425458 (type: networks) to 1
2026-04-02 17:59:05.688 9 INFO neutron.wsgi [None req-5e7e4d7a-8433-4f9f-aef1-bb09ca5f480c e5920096478448dbb6eba624f5643ed6 04efb0ac35034d1aaab6abe3211d5b92 - - default default] 199.204.45.53 "GET /v2.0/extensions/security-group HTTP/1.1" status: 200 len: 369 time: 0.0085883
2026-04-02 17:59:05.698 9 INFO neutron.wsgi [None req-d430e4be-2770-4a1a-8a99-911e1400b9c1 e5920096478448dbb6eba624f5643ed6 04efb0ac35034d1aaab6abe3211d5b92 - - default default] 199.204.45.53 "GET /v2.0/extensions/dns-integration HTTP/1.1" status: 200 len: 371 time: 0.0048659
2026-04-02 17:59:05.706 9 INFO neutron.wsgi [None req-78fb8f26-dd69-42e9-8482-ac2a82ef3a24 e5920096478448dbb6eba624f5643ed6 04efb0ac35034d1aaab6abe3211d5b92 - - default default] 199.204.45.53 "GET /v2.0/extensions/qos HTTP/1.1" status: 200 len: 365 time: 0.0042737
2026-04-02 17:59:05.716 9 INFO neutron.wsgi [None req-3ec4931b-d725-4d04-a14f-324bc463edac e5920096478448dbb6eba624f5643ed6 04efb0ac35034d1aaab6abe3211d5b92 - - default default] 199.204.45.53 "GET /v2.0/extensions/allowed-address-pairs HTTP/1.1" status: 200 len: 383 time: 0.0057716
2026-04-02 17:59:05.734 9 INFO neutron.api.v2.resource [None req-9bb49d97-123e-4f3f-984a-ff6c36501375 e5920096478448dbb6eba624f5643ed6 04efb0ac35034d1aaab6abe3211d5b92 - - default default] show failed (client error): The resource could not be found.
2026-04-02 17:59:05.736 9 INFO neutron.wsgi [None req-9bb49d97-123e-4f3f-984a-ff6c36501375 e5920096478448dbb6eba624f5643ed6 04efb0ac35034d1aaab6abe3211d5b92 - - default default] 199.204.45.53 "GET /v2.0/security-groups/lb-3f2c1bab-6a98-4b92-aba6-a32f95143a90 HTTP/1.1" status: 404 len: 355 time: 0.0148232
2026-04-02 17:59:05.743 10 WARNING neutron.scheduler.dhcp_agent_scheduler [None req-ee82b260-b94e-4ada-a747-46a696a9e7b4 ee4936092f4b441eb377a657f36ef0f5 64040726309141b9a7c471ef0b929e70 - - default default] No more DHCP agents
2026-04-02 17:59:05.747 10 WARNING neutron.api.rpc.agentnotifiers.dhcp_rpc_agent_api [None req-ee82b260-b94e-4ada-a747-46a696a9e7b4 ee4936092f4b441eb377a657f36ef0f5 64040726309141b9a7c471ef0b929e70 - - default default] Unable to schedule network 94e06c8c-ea63-4835-b8ee-f5494d425458: no agents available; will retry on subsequent port and subnet creation events.
2026-04-02 17:59:05.770 9 INFO neutron.wsgi [None req-3dcb8d5b-2f3f-4c1c-aac9-546e4c590f0a e5920096478448dbb6eba624f5643ed6 04efb0ac35034d1aaab6abe3211d5b92 - - default default] 199.204.45.53 "GET /v2.0/security-groups?name=lb-3f2c1bab-6a98-4b92-aba6-a32f95143a90 HTTP/1.1" status: 200 len: 221 time: 0.0317671
2026-04-02 17:59:05.831 10 INFO neutron.db.ovn_revision_numbers_db [None req-ee82b260-b94e-4ada-a747-46a696a9e7b4 ee4936092f4b441eb377a657f36ef0f5 64040726309141b9a7c471ef0b929e70 - - default default] Successfully bumped revision number for resource d03a8514-c0ed-4623-85e9-0ec8c8558847 (type: ports) to 1
2026-04-02 17:59:05.853 10 INFO neutron.wsgi [None req-ee82b260-b94e-4ada-a747-46a696a9e7b4 ee4936092f4b441eb377a657f36ef0f5 64040726309141b9a7c471ef0b929e70 - - default default] 10.0.0.157 "POST /v2.0/networks HTTP/1.1" status: 201 len: 831 time: 0.5511510
2026-04-02 17:59:05.863 10 WARNING neutron_lib.context [None req-317dd0a7-ef6b-47e9-a333-cf30379d067d ee4936092f4b441eb377a657f36ef0f5 64040726309141b9a7c471ef0b929e70 - - default default] Method 'is_advsvc' is deprecated since 2023.2 release (neutron-lib 3.8.0) and will be removed once support for the old RBAC API policies will be removed from Neutron. Please use method 'is_service_role' instead.
2026-04-02 17:59:05.908 9 INFO neutron.db.ovn_revision_numbers_db [None req-db3df71f-0c1d-4c69-beae-53471e92153b e5920096478448dbb6eba624f5643ed6 04efb0ac35034d1aaab6abe3211d5b92 - - default default] Successfully bumped revision number for resource ae0b9e9b-401c-489e-b211-f9ceed377bcf (type: security_groups) to 1
2026-04-02 17:59:05.926 9 INFO neutron.db.ovn_revision_numbers_db [None req-db3df71f-0c1d-4c69-beae-53471e92153b e5920096478448dbb6eba624f5643ed6 04efb0ac35034d1aaab6abe3211d5b92 - - default default] Successfully bumped revision number for resource 0c3ee60a-b330-4f0d-903c-f1e4efb7071b (type: security_group_rules) to 0
2026-04-02 17:59:05.939 9 INFO neutron.db.ovn_revision_numbers_db [None req-db3df71f-0c1d-4c69-beae-53471e92153b e5920096478448dbb6eba624f5643ed6 04efb0ac35034d1aaab6abe3211d5b92 - - default default] Successfully bumped revision number for resource a57630e1-0c81-4683-9ed8-02aae61a3464 (type: security_group_rules) to 0
2026-04-02 17:59:05.959 9 INFO neutron.wsgi [None req-db3df71f-0c1d-4c69-beae-53471e92153b e5920096478448dbb6eba624f5643ed6 04efb0ac35034d1aaab6abe3211d5b92 - - default default] 199.204.45.53 "POST /v2.0/security-groups HTTP/1.1" status: 201 len: 1843 time: 0.1817582
2026-04-02 17:59:05.999 9 INFO neutron.wsgi [None req-1f7f727c-7198-47d1-a1ac-dccf492ce575 e5920096478448dbb6eba624f5643ed6 04efb0ac35034d1aaab6abe3211d5b92 - - default default] 199.204.45.53 "GET /v2.0/security-group-rules?security_group_id=ae0b9e9b-401c-489e-b211-f9ceed377bcf HTTP/1.1" status: 200 len: 1382 time: 0.0358415
2026-04-02 17:59:06.088 10 WARNING neutron.scheduler.dhcp_agent_scheduler [None req-317dd0a7-ef6b-47e9-a333-cf30379d067d ee4936092f4b441eb377a657f36ef0f5 64040726309141b9a7c471ef0b929e70 - - default default] No more DHCP agents
2026-04-02 17:59:06.090 10 WARNING neutron.api.rpc.agentnotifiers.dhcp_rpc_agent_api [None req-317dd0a7-ef6b-47e9-a333-cf30379d067d ee4936092f4b441eb377a657f36ef0f5 64040726309141b9a7c471ef0b929e70 - - default default] Unable to schedule network 94e06c8c-ea63-4835-b8ee-f5494d425458: no agents available; will retry on subsequent port and subnet creation events.
2026-04-02 17:59:06.442 9 INFO neutron.db.ovn_revision_numbers_db [None req-15152bb0-a281-432d-a0cf-e90cfd0050ad e5920096478448dbb6eba624f5643ed6 04efb0ac35034d1aaab6abe3211d5b92 - - default default] Successfully bumped revision number for resource c671c754-6cf5-478c-974b-66015b95e285 (type: ports) to 2
2026-04-02 17:59:06.452 9 INFO neutron.wsgi [None req-15152bb0-a281-432d-a0cf-e90cfd0050ad e5920096478448dbb6eba624f5643ed6 04efb0ac35034d1aaab6abe3211d5b92 - - default default] 199.204.45.53 "PUT /v2.0/ports/c671c754-6cf5-478c-974b-66015b95e285 HTTP/1.1" status: 200 len: 1332 time: 0.4452066 /var/lib/openstack/lib/python3.10/site-packages/pycadf/identifier.py:71: UserWarning: Invalid uuid: neutron. To ensure interoperability, identifiers should be a valid uuid. warnings.warn(('Invalid uuid: %s. To ensure interoperability, '
2026-04-02 17:59:06.653 10 INFO neutron.db.ovn_revision_numbers_db [None req-317dd0a7-ef6b-47e9-a333-cf30379d067d ee4936092f4b441eb377a657f36ef0f5 64040726309141b9a7c471ef0b929e70 - - default default] Successfully bumped revision number for resource d03a8514-c0ed-4623-85e9-0ec8c8558847 (type: ports) to 2
2026-04-02 17:59:06.654 9 INFO neutron.wsgi [None req-3cecf97a-d4fe-49f4-a7b8-122c16c20ed0 e5920096478448dbb6eba624f5643ed6 04efb0ac35034d1aaab6abe3211d5b92 - - default default] 199.204.45.53 "GET /v2.0/extensions/security-group HTTP/1.1" status: 200 len: 369 time: 0.0056045
2026-04-02 17:59:06.663 9 INFO neutron.wsgi [None req-9ed36622-f58b-4bf6-ad98-e7c077dc70c7 e5920096478448dbb6eba624f5643ed6 04efb0ac35034d1aaab6abe3211d5b92 - - default default] 199.204.45.53 "GET /v2.0/extensions/dns-integration HTTP/1.1" status: 200 len: 371 time: 0.0041447
2026-04-02 17:59:06.672 9 INFO neutron.wsgi [None req-690fedab-36b9-429c-9fb0-ad6a86c18948 e5920096478448dbb6eba624f5643ed6 04efb0ac35034d1aaab6abe3211d5b92 - - default default] 199.204.45.53 "GET /v2.0/extensions/qos HTTP/1.1" status: 200 len: 365 time: 0.0049691
2026-04-02 17:59:06.680 9 INFO neutron.wsgi [None req-2cce5ed6-85a8-45b7-9c93-5997a6e7efdd e5920096478448dbb6eba624f5643ed6 04efb0ac35034d1aaab6abe3211d5b92 - - default default] 199.204.45.53 "GET /v2.0/extensions/allowed-address-pairs HTTP/1.1" status: 200 len: 383 time: 0.0044863
2026-04-02 17:59:06.685 10 INFO neutron.db.ovn_revision_numbers_db [None req-317dd0a7-ef6b-47e9-a333-cf30379d067d ee4936092f4b441eb377a657f36ef0f5 64040726309141b9a7c471ef0b929e70 - - default default] Successfully bumped revision number for resource 5d2715d8-0626-417f-a7e0-97ddec9fcc93 (type: subnets) to 0
2026-04-02 17:59:06.703 10 INFO neutron.wsgi [None req-317dd0a7-ef6b-47e9-a333-cf30379d067d ee4936092f4b441eb377a657f36ef0f5 64040726309141b9a7c471ef0b929e70 - - default default] 10.0.0.157 "POST /v2.0/subnets HTTP/1.1" status: 201 len: 804 time: 0.8442400
2026-04-02 17:59:06.714 10 WARNING neutron_lib.context [None req-6f8e4159-96e2-4f06-bbca-271b076a2195 ee4936092f4b441eb377a657f36ef0f5 64040726309141b9a7c471ef0b929e70 - - default default] Method 'is_advsvc' is deprecated since 2023.2 release (neutron-lib 3.8.0) and will be removed once support for the old RBAC API policies will be removed from Neutron. Please use method 'is_service_role' instead.
2026-04-02 17:59:06.719 9 INFO neutron.wsgi [None req-c13c0050-e228-4a7b-85af-f1ebd4934b09 e5920096478448dbb6eba624f5643ed6 04efb0ac35034d1aaab6abe3211d5b92 - - default default] 199.204.45.53 "GET /v2.0/subnets/7aac7c9f-9fc3-47d7-b9fd-2b8830339059 HTTP/1.1" status: 200 len: 851 time: 0.0341358
2026-04-02 17:59:07.217 10 WARNING neutron.scheduler.dhcp_agent_scheduler [None req-6f8e4159-96e2-4f06-bbca-271b076a2195 ee4936092f4b441eb377a657f36ef0f5 64040726309141b9a7c471ef0b929e70 - - default default] No more DHCP agents
2026-04-02 17:59:07.220 10 WARNING neutron.api.rpc.agentnotifiers.dhcp_rpc_agent_api [None req-6f8e4159-96e2-4f06-bbca-271b076a2195 ee4936092f4b441eb377a657f36ef0f5 64040726309141b9a7c471ef0b929e70 - - default default] Unable to schedule network e5b9ce7b-b79e-4fbd-82ec-90fee271619b: no agents available; will retry on subsequent port and subnet creation events.
2026-04-02 17:59:07.375 10 INFO neutron.db.ovn_revision_numbers_db [None req-6f8e4159-96e2-4f06-bbca-271b076a2195 ee4936092f4b441eb377a657f36ef0f5 64040726309141b9a7c471ef0b929e70 - - default default] Successfully bumped revision number for resource 015d5a8e-254d-4bc1-bc92-e4b14a66194f (type: ports) to 1
2026-04-02 17:59:08.316 10 INFO neutron.plugins.ml2.drivers.ovn.mech_driver.ovsdb.commands [None req-9c5d3a2a-826b-432d-b40f-5c7057dfb494 - - - - - -] Schedule LRP lrp-015d5a8e-254d-4bc1-bc92-e4b14a66194f on gateway e63cc583-2cc1-44ed-bddc-dea82e3a56e8 with priority 1
2026-04-02 17:59:08.331 10 INFO neutron.plugins.ml2.drivers.ovn.mech_driver.mech_driver [None req-8d2cf2ee-c82e-474d-8c94-215c72e4d0c3 - - - - - -] OVN reports status up for port: 015d5a8e-254d-4bc1-bc92-e4b14a66194f
2026-04-02 17:59:08.353 10 INFO neutron.plugins.ml2.plugin [None req-8d2cf2ee-c82e-474d-8c94-215c72e4d0c3 - - - - - -] Attempt 1 to provision port 015d5a8e-254d-4bc1-bc92-e4b14a66194f
2026-04-02 17:59:08.371 10 INFO neutron.db.ovn_revision_numbers_db [None req-6f8e4159-96e2-4f06-bbca-271b076a2195 ee4936092f4b441eb377a657f36ef0f5 64040726309141b9a7c471ef0b929e70 - - default default] Successfully bumped revision number for resource 015d5a8e-254d-4bc1-bc92-e4b14a66194f (type: router_ports) to 1
2026-04-02 17:59:08.472 10 INFO neutron.db.ovn_revision_numbers_db [None req-6f8e4159-96e2-4f06-bbca-271b076a2195 ee4936092f4b441eb377a657f36ef0f5 64040726309141b9a7c471ef0b929e70 - - default default] Successfully bumped revision number for resource d886b6b3-783c-4695-9f8b-92865ad521d6 (type: routers) to 2
2026-04-02 17:59:08.507 10 INFO neutron.wsgi [None req-6f8e4159-96e2-4f06-bbca-271b076a2195 ee4936092f4b441eb377a657f36ef0f5 64040726309141b9a7c471ef0b929e70 - - default default] 10.0.0.157 "POST /v2.0/routers HTTP/1.1" status: 201 len: 1136 time: 1.7982123
2026-04-02 17:59:08.635 9 INFO neutron.api.v2.resource [None req-b1901b9b-73e5-4f58-8931-d12e8ef2aa4c 34faffc36629411b915b265cfc4725ba e5234745c4e5405ca5224fc59d9074bb - - default default] create failed (client error): The server could not comply with the request since it is either malformed or otherwise incorrect.
2026-04-02 17:59:08.636 9 INFO neutron.wsgi [None req-b1901b9b-73e5-4f58-8931-d12e8ef2aa4c 34faffc36629411b915b265cfc4725ba e5234745c4e5405ca5224fc59d9074bb - - default default] 10.0.0.157 "POST /v2.0/vpn/vpnservices HTTP/1.1" status: 400 len: 397 time: 0.1237311
2026-04-02 17:59:09.152 10 INFO neutron.services.segments.plugin [-] Segment de6ced3c-7912-47c8-a21d-5ec96b1169a7 resource provider aggregate not found
2026-04-02 17:59:09.159 10 INFO neutron.services.segments.plugin [-] Segment de6ced3c-7912-47c8-a21d-5ec96b1169a7 resource provider aggregate not found
2026-04-02 17:59:09.175 10 INFO neutron.services.segments.plugin [-] Segment de6ced3c-7912-47c8-a21d-5ec96b1169a7 resource provider not found; error: Placement Client Error (4xx): {"errors": [{"status": 404, "title": "Not Found", "detail": "The resource could not be found.\n\n No resource provider with uuid de6ced3c-7912-47c8-a21d-5ec96b1169a7 found for delete ", "request_id": "req-a4045e0b-9ae2-43df-8d3d-3364e9266f21"}]}
2026-04-02 17:59:09.181 10 INFO neutron.services.segments.plugin [-] Segment de6ced3c-7912-47c8-a21d-5ec96b1169a7 resource provider not found; error: Placement Client Error (4xx): {"errors": [{"status": 404, "title": "Not Found", "detail": "The resource could not be found.\n\n No resource provider with uuid de6ced3c-7912-47c8-a21d-5ec96b1169a7 found for delete ", "request_id": "req-37ddd1a9-bcf0-4af8-a784-d196cca718c4"}]}
2026-04-02 17:59:09.191 10 INFO neutron.wsgi [None req-24ba8a30-5113-41e9-aaee-a2d220be268c 34faffc36629411b915b265cfc4725ba e5234745c4e5405ca5224fc59d9074bb - - default default] 10.0.0.157 "DELETE /v2.0/networks/94e06c8c-ea63-4835-b8ee-f5494d425458 HTTP/1.1" status: 204 len: 168 time: 0.5469565
2026-04-02 17:59:10.102 10 INFO neutron.wsgi [None req-ffa6cfe3-948c-43c8-b50b-9d4df6b28fd2 34faffc36629411b915b265cfc4725ba e5234745c4e5405ca5224fc59d9074bb - - default default] 10.0.0.157 "DELETE /v2.0/routers/d886b6b3-783c-4695-9f8b-92865ad521d6 HTTP/1.1" status: 204 len: 168 time: 0.9064410
2026-04-02 17:59:10.119 9 WARNING neutron.api.v2.base [None req-dce9c425-0ed3-41fd-afe4-b0fd4ff0b1e4 ee4936092f4b441eb377a657f36ef0f5 64040726309141b9a7c471ef0b929e70 - - default default] An exception happened while processing the request body. The exception message is [Invalid input for description. Reason: 'yyyyyyyyyyyyyyyyyyyyyyyyyyyyyyyyyyyyyyyyyyyyyyyyyyyyyyyyyyyyyyyyyyyyyyyyyyyyyyyyyyyyyyyyyyyyyyyyyyyyyyyyyyyyyyyyyyyyyyyyyyyyyyyyyyyyyyyyyyyyyyyyyyyyyyyyyyyyyyyyyyyyyyyyyyyyyyyyyyyyyyyyyyyyyyyyyyyyyyyyyyyyyyyyyyyyyyyyyyyyyyyyyyyyyyyyyyyyyyyyyyyyyyyyyyyyyyyy' exceeds maximum length of 255.].: webob.exc.HTTPBadRequest: Invalid input for description. Reason: 'yyyyyyyyyyyyyyyyyyyyyyyyyyyyyyyyyyyyyyyyyyyyyyyyyyyyyyyyyyyyyyyyyyyyyyyyyyyyyyyyyyyyyyyyyyyyyyyyyyyyyyyyyyyyyyyyyyyyyyyyyyyyyyyyyyyyyyyyyyyyyyyyyyyyyyyyyyyyyyyyyyyyyyyyyyyyyyyyyyyyyyyyyyyyyyyyyyyyyyyyyyyyyyyyyyyyyyyyyyyyyyyyyyyyyyyyyyyyyyyyyyyyyyyyyyyyyyyy' exceeds maximum length of 255.
2026-04-02 17:59:10.120 9 INFO neutron.api.v2.resource [None req-dce9c425-0ed3-41fd-afe4-b0fd4ff0b1e4 ee4936092f4b441eb377a657f36ef0f5 64040726309141b9a7c471ef0b929e70 - - default default] create failed (client error): Invalid input for description. Reason: 'yyyyyyyyyyyyyyyyyyyyyyyyyyyyyyyyyyyyyyyyyyyyyyyyyyyyyyyyyyyyyyyyyyyyyyyyyyyyyyyyyyyyyyyyyyyyyyyyyyyyyyyyyyyyyyyyyyyyyyyyyyyyyyyyyyyyyyyyyyyyyyyyyyyyyyyyyyyyyyyyyyyyyyyyyyyyyyyyyyyyyyyyyyyyyyyyyyyyyyyyyyyyyyyyyyyyyyyyyyyyyyyyyyyyyyyyyyyyyyyyyyyyyyyyyyyyyyyy' exceeds maximum length of 255.
2026-04-02 17:59:10.121 9 INFO neutron.wsgi [None req-dce9c425-0ed3-41fd-afe4-b0fd4ff0b1e4 ee4936092f4b441eb377a657f36ef0f5 64040726309141b9a7c471ef0b929e70 - - default default] 10.0.0.157 "POST /v2.0/vpn/vpnservices HTTP/1.1" status: 400 len: 604 time: 0.0083821
2026-04-02 17:59:10.131 9 WARNING neutron.api.v2.base [None req-74686755-d172-4cbc-a390-db02f862bc7d ee4936092f4b441eb377a657f36ef0f5 64040726309141b9a7c471ef0b929e70 - - default default] An exception happened while processing the request body. The exception message is [Invalid input for name. Reason: 'xxxxxxxxxxxxxxxxxxxxxxxxxxxxxxxxxxxxxxxxxxxxxxxxxxxxxxxxxxxxxxxxxxxxxxxxxxxxxxxxxxxxxxxxxxxxxxxxxxxxxxxxxxxxxxxxxxxxxxxxxxxxxxxxxxxxxxxxxxxxxxxxxxxxxxxxxxxxxxxxxxxxxxxxxxxxxxxxxxxxxxxxxxxxxxxxxxxxxxxxxxxxxxxxxxxxxxxxxxxxxxxxxxxxxxxxxxxxxxxxxxxxxxxxxxxxxxxx' exceeds maximum length of 255.].: webob.exc.HTTPBadRequest: Invalid input for name. Reason: 'xxxxxxxxxxxxxxxxxxxxxxxxxxxxxxxxxxxxxxxxxxxxxxxxxxxxxxxxxxxxxxxxxxxxxxxxxxxxxxxxxxxxxxxxxxxxxxxxxxxxxxxxxxxxxxxxxxxxxxxxxxxxxxxxxxxxxxxxxxxxxxxxxxxxxxxxxxxxxxxxxxxxxxxxxxxxxxxxxxxxxxxxxxxxxxxxxxxxxxxxxxxxxxxxxxxxxxxxxxxxxxxxxxxxxxxxxxxxxxxxxxxxxxxxxxxxxxxx' exceeds maximum length of 255.
2026-04-02 17:59:10.131 9 INFO neutron.api.v2.resource [None req-74686755-d172-4cbc-a390-db02f862bc7d ee4936092f4b441eb377a657f36ef0f5 64040726309141b9a7c471ef0b929e70 - - default default] create failed (client error): Invalid input for name. Reason: 'xxxxxxxxxxxxxxxxxxxxxxxxxxxxxxxxxxxxxxxxxxxxxxxxxxxxxxxxxxxxxxxxxxxxxxxxxxxxxxxxxxxxxxxxxxxxxxxxxxxxxxxxxxxxxxxxxxxxxxxxxxxxxxxxxxxxxxxxxxxxxxxxxxxxxxxxxxxxxxxxxxxxxxxxxxxxxxxxxxxxxxxxxxxxxxxxxxxxxxxxxxxxxxxxxxxxxxxxxxxxxxxxxxxxxxxxxxxxxxxxxxxxxxxxxxxxxxxx' exceeds maximum length of 255.
2026-04-02 17:59:10.135 9 INFO neutron.wsgi [None req-74686755-d172-4cbc-a390-db02f862bc7d ee4936092f4b441eb377a657f36ef0f5 64040726309141b9a7c471ef0b929e70 - - default default] 10.0.0.157 "POST /v2.0/vpn/vpnservices HTTP/1.1" status: 400 len: 597 time: 0.0084310
2026-04-02 17:59:10.143 9 WARNING neutron_lib.context [None req-50c0d293-c2e1-4d71-b0b3-dd86a2a6b449 ee4936092f4b441eb377a657f36ef0f5 64040726309141b9a7c471ef0b929e70 - - default default] Method 'is_advsvc' is deprecated since 2023.2 release (neutron-lib 3.8.0) and will be removed once support for the old RBAC API policies will be removed from Neutron. Please use method 'is_service_role' instead.
2026-04-02 17:59:10.170 9 INFO neutron.api.v2.resource [None req-50c0d293-c2e1-4d71-b0b3-dd86a2a6b449 ee4936092f4b441eb377a657f36ef0f5 64040726309141b9a7c471ef0b929e70 - - default default] create failed (client error): The server could not comply with the request since it is either malformed or otherwise incorrect.
2026-04-02 17:59:10.172 9 INFO neutron.wsgi [None req-50c0d293-c2e1-4d71-b0b3-dd86a2a6b449 ee4936092f4b441eb377a657f36ef0f5 64040726309141b9a7c471ef0b929e70 - - default default] 10.0.0.157 "POST /v2.0/vpn/endpoint-groups HTTP/1.1" status: 400 len: 386 time: 0.0330870
2026-04-02 17:59:10.182 9 WARNING neutron_lib.context [None req-0497317a-412e-4bfc-b157-874c45e0ddf1 ee4936092f4b441eb377a657f36ef0f5 64040726309141b9a7c471ef0b929e70 - - default default] Method 'is_advsvc' is deprecated since 2023.2 release (neutron-lib 3.8.0) and will be removed once support for the old RBAC API policies will be removed from Neutron. Please use method 'is_service_role' instead.
2026-04-02 17:59:10.210 9 INFO neutron.api.v2.resource [None req-0497317a-412e-4bfc-b157-874c45e0ddf1 ee4936092f4b441eb377a657f36ef0f5 64040726309141b9a7c471ef0b929e70 - - default default] create failed (client error): The server could not comply with the request since it is either malformed or otherwise incorrect.
2026-04-02 17:59:10.211 9 INFO neutron.wsgi [None req-0497317a-412e-4bfc-b157-874c45e0ddf1 ee4936092f4b441eb377a657f36ef0f5 64040726309141b9a7c471ef0b929e70 - - default default] 10.0.0.157 "POST /v2.0/vpn/endpoint-groups HTTP/1.1" status: 400 len: 363 time: 0.0339053
2026-04-02 17:59:10.225 9 WARNING neutron_lib.context [None req-3eaddda8-f573-4fd7-a06e-f0525c7c2b81 ee4936092f4b441eb377a657f36ef0f5 64040726309141b9a7c471ef0b929e70 - - default default] Method 'is_advsvc' is deprecated since 2023.2 release (neutron-lib 3.8.0) and will be removed once support for the old RBAC API policies will be removed from Neutron. Please use method 'is_service_role' instead.
2026-04-02 17:59:10.250 9 INFO neutron.api.v2.resource [None req-3eaddda8-f573-4fd7-a06e-f0525c7c2b81 ee4936092f4b441eb377a657f36ef0f5 64040726309141b9a7c471ef0b929e70 - - default default] create failed (client error): The server could not comply with the request since it is either malformed or otherwise incorrect.
2026-04-02 17:59:10.252 9 INFO neutron.wsgi [None req-3eaddda8-f573-4fd7-a06e-f0525c7c2b81 ee4936092f4b441eb377a657f36ef0f5 64040726309141b9a7c471ef0b929e70 - - default default] 10.0.0.157 "POST /v2.0/vpn/endpoint-groups HTTP/1.1" status: 400 len: 357 time: 0.0339077
2026-04-02 17:59:10.268 9 INFO neutron.wsgi [None req-38e92444-074b-47dc-b14d-4ea64c8b5613 ee4936092f4b441eb377a657f36ef0f5 64040726309141b9a7c471ef0b929e70 - - default default] 10.0.0.157 "GET /v2.0/vpn/ikepolicies HTTP/1.1" status: 200 len: 601 time: 0.0106013
2026-04-02 17:59:10.282 9 INFO neutron.wsgi [None req-caa30c9c-2237-4def-918a-24fef9db2524 ee4936092f4b441eb377a657f36ef0f5 64040726309141b9a7c471ef0b929e70 - - default default] 10.0.0.157 "GET /v2.0/vpn/ipsecpolicies HTTP/1.1" status: 200 len: 610 time: 0.0100935
2026-04-02 17:59:10.297 9 INFO neutron.wsgi [None req-3a40a6b7-4b0e-4af8-bea7-2d3bd7b6c80b ee4936092f4b441eb377a657f36ef0f5 64040726309141b9a7c471ef0b929e70 - - default default] 10.0.0.157 "GET /v2.0/vpn/ipsec-site-connections HTTP/1.1" status: 200 len: 990 time: 0.0105982
2026-04-02 17:59:10.310 9 INFO neutron.wsgi [None req-6083137c-ceda-4fc4-b331-c0fc9b298170 ee4936092f4b441eb377a657f36ef0f5 64040726309141b9a7c471ef0b929e70 - - default default] 10.0.0.157 "GET /v2.0/vpn/vpnservices HTTP/1.1" status: 200 len: 1056 time: 0.0078559
2026-04-02 17:59:10.324 9 INFO neutron.wsgi [None req-53fee622-fb01-4a84-927f-9b57655438e6 ee4936092f4b441eb377a657f36ef0f5 64040726309141b9a7c471ef0b929e70 - - default default] 10.0.0.157 "GET /v2.0/vpn/endpoint-groups/d9cb9970-b6f2-452d-89e1-c19db7e55387 HTTP/1.1" status: 200 len: 522 time: 0.0095124
2026-04-02 17:59:10.338 9 INFO neutron.wsgi [None req-69c88074-6593-4e86-b582-0d07aac3b763 ee4936092f4b441eb377a657f36ef0f5 64040726309141b9a7c471ef0b929e70 - - default default] 10.0.0.157 "GET /v2.0/vpn/endpoint-groups/e0967260-c857-4aaf-b3e2-df014ac8287d HTTP/1.1" status: 200 len: 513 time: 0.0106871
2026-04-02 17:59:10.352 9 INFO neutron.wsgi [None req-5582d828-699b-446c-9174-635235642383 ee4936092f4b441eb377a657f36ef0f5 64040726309141b9a7c471ef0b929e70 - - default default] 10.0.0.157 "GET /v2.0/vpn/ikepolicies/10cee68e-8796-46af-b0d1-ee1e6d6405d6 HTTP/1.1" status: 200 len: 597 time: 0.0100992
2026-04-02 17:59:10.365 9 INFO neutron.wsgi [None req-db4a3317-c6c2-4808-a5c3-f5dd3b4f40d1 ee4936092f4b441eb377a657f36ef0f5 64040726309141b9a7c471ef0b929e70 - - default default] 10.0.0.157 "GET /v2.0/vpn/ipsecpolicies/ea23d362-088d-484b-8969-2ba81d21630c HTTP/1.1" status: 200 len: 606 time: 0.0094600
2026-04-02 17:59:10.379 9 INFO neutron.wsgi [None req-78d6661b-4334-4bb9-a9b1-fac5340c071c ee4936092f4b441eb377a657f36ef0f5 64040726309141b9a7c471ef0b929e70 - - default default] 10.0.0.157 "GET /v2.0/vpn/vpnservices/b0541684-c56d-4ecd-8f8d-585b29de9cb6 HTTP/1.1" status: 200 len: 643 time: 0.0089874
2026-04-02 17:59:11.002 9 INFO neutron.db.ovn_revision_numbers_db [None req-08712ea1-1341-4585-8725-04bdbff688f7 ee4936092f4b441eb377a657f36ef0f5 64040726309141b9a7c471ef0b929e70 - - default default] Successfully bumped revision number for resource 681c0d37-86a7-4f12-9a0c-b1ba7a6d92ee (type: routers) to 10
2026-04-02 17:59:11.024 9 INFO neutron.wsgi [None req-08712ea1-1341-4585-8725-04bdbff688f7 ee4936092f4b441eb377a657f36ef0f5 64040726309141b9a7c471ef0b929e70 - - default default] 10.0.0.157 "DELETE /v2.0/vpn/ipsec-site-connections/b79dce46-8ca6-41d8-8b0a-5ea2873f4b51 HTTP/1.1" status: 204 len: 168 time: 0.6411407
2026-04-02 17:59:11.058 9 INFO neutron.wsgi [None req-7553597e-9f6b-4d98-a693-6f02e096e59b ee4936092f4b441eb377a657f36ef0f5 64040726309141b9a7c471ef0b929e70 - - default default] 10.0.0.157 "DELETE /v2.0/vpn/endpoint-groups/d9cb9970-b6f2-452d-89e1-c19db7e55387 HTTP/1.1" status: 204 len: 168 time: 0.0294068
2026-04-02 17:59:11.088 9 INFO neutron.wsgi [None req-3d14baa0-cd3e-4624-be10-8123356b4348 ee4936092f4b441eb377a657f36ef0f5 64040726309141b9a7c471ef0b929e70 - - default default] 10.0.0.157 "DELETE /v2.0/vpn/endpoint-groups/e0967260-c857-4aaf-b3e2-df014ac8287d HTTP/1.1" status: 204 len: 168 time: 0.0240781
2026-04-02 17:59:11.118 9 INFO neutron.wsgi [None req-b1e2e56e-968e-4047-b2c8-cccd9664498c ee4936092f4b441eb377a657f36ef0f5 64040726309141b9a7c471ef0b929e70 - - default default] 10.0.0.157 "DELETE /v2.0/vpn/ipsecpolicies/ea23d362-088d-484b-8969-2ba81d21630c HTTP/1.1" status: 204 len: 168 time: 0.0235438
2026-04-02 17:59:11.143 10 INFO neutron.wsgi [None req-fa2ccbc0-76a3-4435-8f8d-ad7aee65225c ee4936092f4b441eb377a657f36ef0f5 64040726309141b9a7c471ef0b929e70 - - default default] 10.0.0.157 "DELETE /v2.0/vpn/ikepolicies/10cee68e-8796-46af-b0d1-ee1e6d6405d6 HTTP/1.1" status: 204 len: 168 time: 0.0199671
2026-04-02 17:59:11.204 9 INFO neutron.wsgi [None req-bb2e95a0-5686-4f0b-9dc6-0691284199e7 ee4936092f4b441eb377a657f36ef0f5 64040726309141b9a7c471ef0b929e70 - - default default] 10.0.0.157 "DELETE /v2.0/vpn/vpnservices/b0541684-c56d-4ecd-8f8d-585b29de9cb6 HTTP/1.1" status: 204 len: 168 time: 0.0558829
2026-04-02 17:59:13.610 10 WARNING neutron.plugins.ml2.drivers.ovn.mech_driver.ovsdb.ovn_client [None req-8d2cf2ee-c82e-474d-8c94-215c72e4d0c3 - - - - - -] No port found with ID 015d5a8e-254d-4bc1-bc92-e4b14a66194f: RuntimeError: No port found with ID 015d5a8e-254d-4bc1-bc92-e4b14a66194f
2026-04-02 17:59:14.210 9 INFO neutron.wsgi [None req-f64fd66a-83c7-4845-a784-a940aed938bd ee4936092f4b441eb377a657f36ef0f5 64040726309141b9a7c471ef0b929e70 - - default default] 10.0.0.157 "DELETE /v2.0/vpn/vpnservices/686d8490-b302-4fb9-ae61-cce5c0acb5e3 HTTP/1.1" status: 204 len: 168 time: 3.0014174 /var/lib/openstack/lib/python3.10/site-packages/pycadf/identifier.py:71: UserWarning: Invalid uuid: neutron. To ensure interoperability, identifiers should be a valid uuid. warnings.warn(('Invalid uuid: %s. To ensure interoperability, '
2026-04-02 17:59:14.296 9 INFO neutron.wsgi [None req-c6500529-895a-4bff-8fa7-3fc882736181 ee4936092f4b441eb377a657f36ef0f5 64040726309141b9a7c471ef0b929e70 - - default default] 10.0.0.157 "GET /v2.0/routers/681c0d37-86a7-4f12-9a0c-b1ba7a6d92ee HTTP/1.1" status: 200 len: 1136 time: 0.0815279
2026-04-02 17:59:14.353 9 INFO neutron.services.segments.plugin [-] Segment 98ed844f-73f2-4652-890e-d006b64dbacf resource provider aggregate not found
2026-04-02 17:59:14.378 9 INFO neutron.services.segments.plugin [-] Segment 98ed844f-73f2-4652-890e-d006b64dbacf resource provider not found; error: Placement Client Error (4xx): {"errors": [{"status": 404, "title": "Not Found", "detail": "The resource could not be found.\n\n No resource provider with uuid 98ed844f-73f2-4652-890e-d006b64dbacf found for delete ", "request_id": "req-50118efa-d3e8-46e7-bb27-f62de05cc40f"}]}
2026-04-02 17:59:14.385 9 INFO neutron.services.segments.plugin [-] Segment 98ed844f-73f2-4652-890e-d006b64dbacf resource provider aggregate not found
2026-04-02 17:59:14.403 9 INFO neutron.services.segments.plugin [-] Segment 98ed844f-73f2-4652-890e-d006b64dbacf resource provider not found; error: Placement Client Error (4xx): {"errors": [{"status": 404, "title": "Not Found", "detail": "The resource could not be found.\n\n No resource provider with uuid 98ed844f-73f2-4652-890e-d006b64dbacf found for delete ", "request_id": "req-cb29a766-d067-4064-b504-106753c1902d"}]}
2026-04-02 17:59:14.431 9 INFO neutron.wsgi [req-9919a52b-95d9-432c-9590-e35582a49335 req-e4c0669b-4df9-4efb-94bf-e05eec70a26d e5920096478448dbb6eba624f5643ed6 04efb0ac35034d1aaab6abe3211d5b92 - - default default] 10.0.0.89 "GET /v2.0/security-groups?id=7215e438-739f-42a2-bfb3-82d1f44d6255&fields=id HTTP/1.1" status: 200 len: 267 time: 0.0793910
2026-04-02 17:59:14.780 9 INFO neutron.wsgi [req-9919a52b-95d9-432c-9590-e35582a49335 req-2888146c-e1cd-4659-a94d-d6965604ab61 e5920096478448dbb6eba624f5643ed6 04efb0ac35034d1aaab6abe3211d5b92 - - default default] 10.0.0.89 "GET /v2.0/networks?id=5b9b867e-50f2-4ec1-b34d-d593e1eb8042 HTTP/1.1" status: 200 len: 937 time: 0.3439379
2026-04-02 17:59:14.800 9 INFO neutron.wsgi [req-9919a52b-95d9-432c-9590-e35582a49335 req-6f8c7c28-b272-4fea-a23a-afd42560d1c7 e5920096478448dbb6eba624f5643ed6 04efb0ac35034d1aaab6abe3211d5b92 - - default default] 10.0.0.89 "GET /v2.0/quotas/04efb0ac35034d1aaab6abe3211d5b92 HTTP/1.1" status: 200 len: 490 time: 0.0109034
2026-04-02 17:59:14.859 9 INFO neutron.wsgi [req-9919a52b-95d9-432c-9590-e35582a49335 req-0eb238b9-d2fa-4472-a35c-717453efc45c e5920096478448dbb6eba624f5643ed6 04efb0ac35034d1aaab6abe3211d5b92 - - default default] 10.0.0.89 "GET /v2.0/ports?tenant_id=04efb0ac35034d1aaab6abe3211d5b92&fields=id HTTP/1.1" status: 200 len: 348 time: 0.0478847
2026-04-02 17:59:15.018 9 INFO neutron.wsgi [req-9919a52b-95d9-432c-9590-e35582a49335 req-259ea5cb-efa7-4c16-aad6-6aba2fe8ccc8 6b2eb44c78ef40fe81841ada4497ec78 1186d73df1754cc2a0a3df526e988b35 - - 9c52bcdd4eeb4dd48f39771804555193 9c52bcdd4eeb4dd48f39771804555193] 10.0.0.89 "GET /v2.0/networks/5b9b867e-50f2-4ec1-b34d-d593e1eb8042?fields=segments HTTP/1.1" status: 200 len: 212 time: 0.1419201
2026-04-02 17:59:15.095 9 INFO neutron.wsgi [req-9919a52b-95d9-432c-9590-e35582a49335 req-90813c97-f38e-427a-aec4-a3903b4a986e 6b2eb44c78ef40fe81841ada4497ec78 1186d73df1754cc2a0a3df526e988b35 - - 9c52bcdd4eeb4dd48f39771804555193 9c52bcdd4eeb4dd48f39771804555193] 10.0.0.89 "GET /v2.0/networks/5b9b867e-50f2-4ec1-b34d-d593e1eb8042?fields=provider%3Aphysical_network&fields=provider%3Anetwork_type HTTP/1.1" status: 200 len: 277 time: 0.0697889
