2026-04-02 17:56:35.076 9 INFO neutron.wsgi [None req-18236405-d731-4023-a42d-c96eae7b08c7 a2d2db5817c046528c656eb76638da4c 7de705e06c5a48909696004018ba4c37 - - default default] 10.0.0.157 "GET /v2.0/security-group-rules HTTP/1.1" status: 200 len: 3755 time: 0.0581062
2026-04-02 17:56:35.184 9 INFO neutron.wsgi [None req-713caf7c-a47f-4882-ab3b-19616b35dc05 a2d2db5817c046528c656eb76638da4c 7de705e06c5a48909696004018ba4c37 - - default default] 10.0.0.157 "DELETE /v2.0/security-groups/2d4d8277-11f8-4693-9868-fe937352b538 HTTP/1.1" status: 204 len: 168 time: 0.1031814
2026-04-02 17:56:35.225 9 INFO neutron.wsgi [None req-7a25d3d2-d1ca-46dd-a19f-4b9ae6e55a42 a2d2db5817c046528c656eb76638da4c 7de705e06c5a48909696004018ba4c37 - - default default] 10.0.0.157 "GET /v2.0/security-groups HTTP/1.1" status: 200 len: 3120 time: 0.0363095
2026-04-02 17:56:35.272 9 INFO neutron.wsgi [None req-a03275ec-d467-4fed-be20-ade9e7b5abfa a2d2db5817c046528c656eb76638da4c 7de705e06c5a48909696004018ba4c37 - - default default] 10.0.0.157 "GET /v2.0/security-groups HTTP/1.1" status: 200 len: 3120 time: 0.0399060
2026-04-02 17:56:36.009 10 INFO neutron.wsgi [None req-9b26ea84-4653-4dfe-b783-5c30fdc2b6d0 e5920096478448dbb6eba624f5643ed6 04efb0ac35034d1aaab6abe3211d5b92 - - default default] 10.0.0.157 "GET /v2.0/security-groups?tenant_id=7de705e06c5a48909696004018ba4c37&name=default HTTP/1.1" status: 200 len: 3120 time: 0.1853869
2026-04-02 17:56:36.264 10 INFO neutron.wsgi [None req-ad58fb02-f6f8-4275-bffb-7cf7463510b4 e5920096478448dbb6eba624f5643ed6 04efb0ac35034d1aaab6abe3211d5b92 - - default default] 10.0.0.157 "DELETE /v2.0/security-groups/0275a671-c3d3-4011-84be-26cd4e212c78 HTTP/1.1" status: 204 len: 168 time: 0.2496967
2026-04-02 17:56:37.755 10 WARNING neutron_lib.context [None req-65737c00-315b-4c43-821d-58477ab7c2cc 9a026f7f6d144966b8afb95985089575 fb7278ef0c0048fe86cb23c5e660641e - - default default] Method 'is_advsvc' is deprecated since 2023.2 release (neutron-lib 3.8.0) and will be removed once support for the old RBAC API policies will be removed from Neutron. Please use method 'is_service_role' instead.
2026-04-02 17:56:37.886 10 INFO neutron.db.ovn_revision_numbers_db [None req-65737c00-315b-4c43-821d-58477ab7c2cc 9a026f7f6d144966b8afb95985089575 fb7278ef0c0048fe86cb23c5e660641e - - default default] Successfully bumped revision number for resource 178a0302-d393-4607-860d-5409b9b726b5 (type: security_groups) to 1
2026-04-02 17:56:37.901 10 INFO neutron.db.ovn_revision_numbers_db [None req-65737c00-315b-4c43-821d-58477ab7c2cc 9a026f7f6d144966b8afb95985089575 fb7278ef0c0048fe86cb23c5e660641e - - default default] Successfully bumped revision number for resource 9308c1ca-4ac7-4133-8895-7a74bd89c5ea (type: security_group_rules) to 0
2026-04-02 17:56:37.917 10 INFO neutron.db.ovn_revision_numbers_db [None req-65737c00-315b-4c43-821d-58477ab7c2cc 9a026f7f6d144966b8afb95985089575 fb7278ef0c0048fe86cb23c5e660641e - - default default] Successfully bumped revision number for resource 9ab9c39c-68fe-4af2-8c0d-162eefc7c8da (type: security_group_rules) to 0
2026-04-02 17:56:37.932 10 INFO neutron.db.ovn_revision_numbers_db [None req-65737c00-315b-4c43-821d-58477ab7c2cc 9a026f7f6d144966b8afb95985089575 fb7278ef0c0048fe86cb23c5e660641e - - default default] Successfully bumped revision number for resource a33d5d27-addc-46ab-b38b-8e8185dfce03 (type: security_group_rules) to 0
2026-04-02 17:56:37.945 10 INFO neutron.db.ovn_revision_numbers_db [None req-65737c00-315b-4c43-821d-58477ab7c2cc 9a026f7f6d144966b8afb95985089575 fb7278ef0c0048fe86cb23c5e660641e - - default default] Successfully bumped revision number for resource eac516ae-5b95-4199-b012-5b9011cb3fbb (type: security_group_rules) to 0
2026-04-02 17:56:38.039 10 INFO neutron.db.ovn_revision_numbers_db [None req-65737c00-315b-4c43-821d-58477ab7c2cc 9a026f7f6d144966b8afb95985089575 fb7278ef0c0048fe86cb23c5e660641e - - default default] Successfully bumped revision number for resource 3caaf64d-5cb8-467f-a1cc-da81dd87498c (type: security_groups) to 1
2026-04-02 17:56:38.052 10 INFO neutron.db.ovn_revision_numbers_db [None req-65737c00-315b-4c43-821d-58477ab7c2cc 9a026f7f6d144966b8afb95985089575 fb7278ef0c0048fe86cb23c5e660641e - - default default] Successfully bumped revision number for resource 0aac2885-c9d5-4554-80b1-4664213c2259 (type: security_group_rules) to 0
2026-04-02 17:56:38.066 10 INFO neutron.db.ovn_revision_numbers_db [None req-65737c00-315b-4c43-821d-58477ab7c2cc 9a026f7f6d144966b8afb95985089575 fb7278ef0c0048fe86cb23c5e660641e - - default default] Successfully bumped revision number for resource 6fc6662d-f36c-44e6-b65c-86a2d68d735b (type: security_group_rules) to 0
2026-04-02 17:56:38.088 10 INFO neutron.wsgi [None req-65737c00-315b-4c43-821d-58477ab7c2cc 9a026f7f6d144966b8afb95985089575 fb7278ef0c0048fe86cb23c5e660641e - - default default] 10.0.0.157 "POST /v2.0/security-groups HTTP/1.1" status: 201 len: 1801 time: 0.4798498
2026-04-02 17:56:38.100 9 WARNING neutron_lib.context [None req-9332b9db-23db-4058-aa1b-c76510965d76 9a026f7f6d144966b8afb95985089575 fb7278ef0c0048fe86cb23c5e660641e - - default default] Method 'is_advsvc' is deprecated since 2023.2 release (neutron-lib 3.8.0) and will be removed once support for the old RBAC API policies will be removed from Neutron. Please use method 'is_service_role' instead.
2026-04-02 17:56:38.221 9 INFO neutron.db.ovn_revision_numbers_db [None req-9332b9db-23db-4058-aa1b-c76510965d76 9a026f7f6d144966b8afb95985089575 fb7278ef0c0048fe86cb23c5e660641e - - default default] Successfully bumped revision number for resource c739cf39-2660-4533-8b29-323939722eca (type: security_groups) to 1
2026-04-02 17:56:38.237 9 INFO neutron.db.ovn_revision_numbers_db [None req-9332b9db-23db-4058-aa1b-c76510965d76 9a026f7f6d144966b8afb95985089575 fb7278ef0c0048fe86cb23c5e660641e - - default default] Successfully bumped revision number for resource 66c6707a-3a3a-4488-aeb9-d312bbc01ba4 (type: security_group_rules) to 0
2026-04-02 17:56:38.252 9 INFO neutron.db.ovn_revision_numbers_db [None req-9332b9db-23db-4058-aa1b-c76510965d76 9a026f7f6d144966b8afb95985089575 fb7278ef0c0048fe86cb23c5e660641e - - default default] Successfully bumped revision number for resource a7f8cc6b-8f2d-411a-9be3-6e91e3c60a5c (type: security_group_rules) to 0
2026-04-02 17:56:38.280 9 INFO neutron.wsgi [None req-9332b9db-23db-4058-aa1b-c76510965d76 9a026f7f6d144966b8afb95985089575 fb7278ef0c0048fe86cb23c5e660641e - - default default] 10.0.0.157 "POST /v2.0/security-groups HTTP/1.1" status: 201 len: 1801 time: 0.1858459
2026-04-02 17:56:38.291 9 WARNING neutron_lib.context [None req-0658fd71-c7a4-4545-a235-8b20b1431364 9a026f7f6d144966b8afb95985089575 fb7278ef0c0048fe86cb23c5e660641e - - default default] Method 'is_advsvc' is deprecated since 2023.2 release (neutron-lib 3.8.0) and will be removed once support for the old RBAC API policies will be removed from Neutron. Please use method 'is_service_role' instead.
2026-04-02 17:56:38.425 9 INFO neutron.db.ovn_revision_numbers_db [None req-0658fd71-c7a4-4545-a235-8b20b1431364 9a026f7f6d144966b8afb95985089575 fb7278ef0c0048fe86cb23c5e660641e - - default default] Successfully bumped revision number for resource 91cf7897-0507-41ab-9c44-d426782a1a50 (type: security_groups) to 1
2026-04-02 17:56:38.438 9 INFO neutron.db.ovn_revision_numbers_db [None req-0658fd71-c7a4-4545-a235-8b20b1431364 9a026f7f6d144966b8afb95985089575 fb7278ef0c0048fe86cb23c5e660641e - - default default] Successfully bumped revision number for resource 085d0a87-5815-4fad-8250-ce717ac7ad2e (type: security_group_rules) to 0
2026-04-02 17:56:38.454 9 INFO neutron.db.ovn_revision_numbers_db [None req-0658fd71-c7a4-4545-a235-8b20b1431364 9a026f7f6d144966b8afb95985089575 fb7278ef0c0048fe86cb23c5e660641e - - default default] Successfully bumped revision number for resource dd028b4b-cb25-4c97-97d1-5634f2c58f14 (type: security_group_rules) to 0
2026-04-02 17:56:38.475 9 INFO neutron.wsgi [None req-0658fd71-c7a4-4545-a235-8b20b1431364 9a026f7f6d144966b8afb95985089575 fb7278ef0c0048fe86cb23c5e660641e - - default default] 10.0.0.157 "POST /v2.0/security-groups HTTP/1.1" status: 201 len: 1801 time: 0.1883936
2026-04-02 17:56:38.488 10 WARNING neutron_lib.context [None req-2ff82aeb-b8d7-489d-9ade-3a788db4aeee 9a026f7f6d144966b8afb95985089575 fb7278ef0c0048fe86cb23c5e660641e - - default default] Method 'is_advsvc' is deprecated since 2023.2 release (neutron-lib 3.8.0) and will be removed once support for the old RBAC API policies will be removed from Neutron. Please use method 'is_service_role' instead.
2026-04-02 17:56:38.627 10 INFO neutron.db.ovn_revision_numbers_db [None req-2ff82aeb-b8d7-489d-9ade-3a788db4aeee 9a026f7f6d144966b8afb95985089575 fb7278ef0c0048fe86cb23c5e660641e - - default default] Successfully bumped revision number for resource 86358410-8b23-4dfe-9220-06708ca79663 (type: security_groups) to 1
2026-04-02 17:56:38.641 10 INFO neutron.db.ovn_revision_numbers_db [None req-2ff82aeb-b8d7-489d-9ade-3a788db4aeee 9a026f7f6d144966b8afb95985089575 fb7278ef0c0048fe86cb23c5e660641e - - default default] Successfully bumped revision number for resource c1d93ea8-94b0-43c5-98b6-dac17eed5cce (type: security_group_rules) to 0
2026-04-02 17:56:38.656 10 INFO neutron.db.ovn_revision_numbers_db [None req-2ff82aeb-b8d7-489d-9ade-3a788db4aeee 9a026f7f6d144966b8afb95985089575 fb7278ef0c0048fe86cb23c5e660641e - - default default] Successfully bumped revision number for resource d1036582-d582-40b3-bebf-14508f9eeacb (type: security_group_rules) to 0
2026-04-02 17:56:38.674 10 INFO neutron.wsgi [None req-2ff82aeb-b8d7-489d-9ade-3a788db4aeee 9a026f7f6d144966b8afb95985089575 fb7278ef0c0048fe86cb23c5e660641e - - default default] 10.0.0.157 "POST /v2.0/security-groups HTTP/1.1" status: 201 len: 1801 time: 0.1927164
2026-04-02 17:56:38.683 10 WARNING neutron_lib.context [None req-8a6740f7-2b8a-4786-8e5f-baf0949c3a88 9a026f7f6d144966b8afb95985089575 fb7278ef0c0048fe86cb23c5e660641e - - default default] Method 'is_advsvc' is deprecated since 2023.2 release (neutron-lib 3.8.0) and will be removed once support for the old RBAC API policies will be removed from Neutron. Please use method 'is_service_role' instead.
2026-04-02 17:56:38.811 10 INFO neutron.db.ovn_revision_numbers_db [None req-8a6740f7-2b8a-4786-8e5f-baf0949c3a88 9a026f7f6d144966b8afb95985089575 fb7278ef0c0048fe86cb23c5e660641e - - default default] Successfully bumped revision number for resource 320d48b7-f7fe-48ca-914f-f22ca26aa0a4 (type: security_groups) to 1
2026-04-02 17:56:38.822 10 INFO neutron.db.ovn_revision_numbers_db [None req-8a6740f7-2b8a-4786-8e5f-baf0949c3a88 9a026f7f6d144966b8afb95985089575 fb7278ef0c0048fe86cb23c5e660641e - - default default] Successfully bumped revision number for resource 3e89a431-c629-4bf0-8e05-23e32fe9cc42 (type: security_group_rules) to 0
2026-04-02 17:56:38.836 10 INFO neutron.db.ovn_revision_numbers_db [None req-8a6740f7-2b8a-4786-8e5f-baf0949c3a88 9a026f7f6d144966b8afb95985089575 fb7278ef0c0048fe86cb23c5e660641e - - default default] Successfully bumped revision number for resource 50603885-8870-40dd-990f-cd92e4bb998d (type: security_group_rules) to 0
2026-04-02 17:56:38.855 10 INFO neutron.wsgi [None req-8a6740f7-2b8a-4786-8e5f-baf0949c3a88 9a026f7f6d144966b8afb95985089575 fb7278ef0c0048fe86cb23c5e660641e - - default default] 10.0.0.157 "POST /v2.0/security-groups HTTP/1.1" status: 201 len: 1801 time: 0.1762924
2026-04-02 17:56:38.891 10 INFO neutron.wsgi [None req-54d5bd0a-b6b3-4801-a2be-b1f1c55f2e9d 9a026f7f6d144966b8afb95985089575 fb7278ef0c0048fe86cb23c5e660641e - - default default] 10.0.0.157 "PUT /v2.0/security-groups/3caaf64d-5cb8-467f-a1cc-da81dd87498c/tags HTTP/1.1" status: 200 len: 210 time: 0.0303352
2026-04-02 17:56:38.921 10 INFO neutron.wsgi [None req-09252b3b-dc71-4ed7-abba-8009d7eb0b7f 9a026f7f6d144966b8afb95985089575 fb7278ef0c0048fe86cb23c5e660641e - - default default] 10.0.0.157 "PUT /v2.0/security-groups/c739cf39-2660-4533-8b29-323939722eca/tags HTTP/1.1" status: 200 len: 218 time: 0.0257044
2026-04-02 17:56:38.957 10 INFO neutron.wsgi [None req-1216fee4-677c-4314-8b77-db101dc77a2b 9a026f7f6d144966b8afb95985089575 fb7278ef0c0048fe86cb23c5e660641e - - default default] 10.0.0.157 "PUT /v2.0/security-groups/91cf7897-0507-41ab-9c44-d426782a1a50/tags HTTP/1.1" status: 200 len: 227 time: 0.0321372
2026-04-02 17:56:39.001 10 INFO neutron.wsgi [None req-8575fdba-df5f-4fdb-8b24-7f709b3c583c 9a026f7f6d144966b8afb95985089575 fb7278ef0c0048fe86cb23c5e660641e - - default default] 10.0.0.157 "PUT /v2.0/security-groups/86358410-8b23-4dfe-9220-06708ca79663/tags HTTP/1.1" status: 200 len: 212 time: 0.0377011
2026-04-02 17:56:39.069 10 INFO neutron.wsgi [None req-de417066-7de3-4133-bc20-1b4a3d9597dd 9a026f7f6d144966b8afb95985089575 fb7278ef0c0048fe86cb23c5e660641e - - default default] 10.0.0.157 "GET /v2.0/security-groups?tags=red HTTP/1.1" status: 200 len: 4999 time: 0.0624986
2026-04-02 17:56:39.372 10 INFO neutron.wsgi [None req-c2d057e2-b80b-48e9-a5b2-8aade0d28fe6 9a026f7f6d144966b8afb95985089575 fb7278ef0c0048fe86cb23c5e660641e - - default default] 10.0.0.157 "GET /v2.0/security-groups?tags=red%2Cblue HTTP/1.1" status: 200 len: 3413 time: 0.2978289
2026-04-02 17:56:39.428 10 INFO neutron.wsgi [None req-25fff39b-aa21-47c2-abc7-c73a277f0d05 9a026f7f6d144966b8afb95985089575 fb7278ef0c0048fe86cb23c5e660641e - - default default] 10.0.0.157 "GET /v2.0/security-groups?tags-any=blue HTTP/1.1" status: 200 len: 3413 time: 0.0496664
2026-04-02 17:56:39.477 10 INFO neutron.wsgi [None req-81175df1-d575-4665-82ac-2babd14ba44c 9a026f7f6d144966b8afb95985089575 fb7278ef0c0048fe86cb23c5e660641e - - default default] 10.0.0.157 "GET /v2.0/security-groups?tags-any=red%2Cblue HTTP/1.1" status: 200 len: 4999 time: 0.0427763
2026-04-02 17:56:39.540 10 INFO neutron.wsgi [None req-126539a8-16a4-46f5-ab23-08044c6fc5cc 9a026f7f6d144966b8afb95985089575 fb7278ef0c0048fe86cb23c5e660641e - - default default] 10.0.0.157 "GET /v2.0/security-groups?not-tags=red HTTP/1.1" status: 200 len: 6289 time: 0.0588233
2026-04-02 17:56:39.593 10 INFO neutron.wsgi [None req-73150cee-d363-441c-9fcb-05a8dbf4da2d 9a026f7f6d144966b8afb95985089575 fb7278ef0c0048fe86cb23c5e660641e - - default default] 10.0.0.157 "GET /v2.0/security-groups?not-tags=red%2Cblue HTTP/1.1" status: 200 len: 7875 time: 0.0470085
2026-04-02 17:56:39.658 10 INFO neutron.wsgi [None req-3542ce0e-4597-49b1-ab01-3dc12e8a5f36 9a026f7f6d144966b8afb95985089575 fb7278ef0c0048fe86cb23c5e660641e - - default default] 10.0.0.157 "GET /v2.0/security-groups?not-tags-any=blue HTTP/1.1" status: 200 len: 7875 time: 0.0610504
2026-04-02 17:56:39.707 10 INFO neutron.wsgi [None req-7ea0aa07-7b09-4863-bb87-65494f123ac8 9a026f7f6d144966b8afb95985089575 fb7278ef0c0048fe86cb23c5e660641e - - default default] 10.0.0.157 "GET /v2.0/security-groups?not-tags-any=red%2Cblue HTTP/1.1" status: 200 len: 6289 time: 0.0426836
2026-04-02 17:56:39.808 9 INFO neutron.db.ovn_revision_numbers_db [None req-4ef368c6-4df0-482d-b64f-9b54575cdd32 e5920096478448dbb6eba624f5643ed6 04efb0ac35034d1aaab6abe3211d5b92 - - default default] Successfully bumped revision number for resource b76ad672-b10b-4993-8396-5ae146856c4e (type: security_groups) to 1
2026-04-02 17:56:39.823 9 INFO neutron.db.ovn_revision_numbers_db [None req-4ef368c6-4df0-482d-b64f-9b54575cdd32 e5920096478448dbb6eba624f5643ed6 04efb0ac35034d1aaab6abe3211d5b92 - - default default] Successfully bumped revision number for resource 2c571de0-237f-4f5c-9a42-898a4f0c35b4 (type: security_group_rules) to 0
2026-04-02 17:56:39.835 10 INFO neutron.wsgi [None req-51241693-a8ae-44b6-8f94-5536b0c6c0f6 9a026f7f6d144966b8afb95985089575 fb7278ef0c0048fe86cb23c5e660641e - - default default] 10.0.0.157 "DELETE /v2.0/security-groups/3caaf64d-5cb8-467f-a1cc-da81dd87498c HTTP/1.1" status: 204 len: 168 time: 0.1203823
2026-04-02 17:56:39.836 9 INFO neutron.db.ovn_revision_numbers_db [None req-4ef368c6-4df0-482d-b64f-9b54575cdd32 e5920096478448dbb6eba624f5643ed6 04efb0ac35034d1aaab6abe3211d5b92 - - default default] Successfully bumped revision number for resource b741b976-f5c0-44da-b1f8-b064b6fd3cff (type: security_group_rules) to 0
2026-04-02 17:56:39.867 9 INFO neutron.db.ovn_revision_numbers_db [None req-4ef368c6-4df0-482d-b64f-9b54575cdd32 e5920096478448dbb6eba624f5643ed6 04efb0ac35034d1aaab6abe3211d5b92 - - default default] Successfully bumped revision number for resource bf5960e4-5eb5-4f29-b00b-1875aa3e9bbe (type: security_group_rules) to 0
2026-04-02 17:56:39.882 9 INFO neutron.db.ovn_revision_numbers_db [None req-4ef368c6-4df0-482d-b64f-9b54575cdd32 e5920096478448dbb6eba624f5643ed6 04efb0ac35034d1aaab6abe3211d5b92 - - default default] Successfully bumped revision number for resource f7dcab55-41f0-401d-b4b6-d75066db7ae1 (type: security_group_rules) to 0
2026-04-02 17:56:39.907 9 INFO neutron.wsgi [None req-4ef368c6-4df0-482d-b64f-9b54575cdd32 e5920096478448dbb6eba624f5643ed6 04efb0ac35034d1aaab6abe3211d5b92 - - default default] 10.0.0.157 "GET /v2.0/security-groups?tenant_id=50c15d59b7ab4d3192be0ed58015a0cb&name=default HTTP/1.1" status: 200 len: 3120 time: 0.3552256
2026-04-02 17:56:40.001 10 INFO neutron.wsgi [None req-a733efaa-4687-4277-a0c3-ab07133cfaa9 9a026f7f6d144966b8afb95985089575 fb7278ef0c0048fe86cb23c5e660641e - - default default] 10.0.0.157 "DELETE /v2.0/security-groups/c739cf39-2660-4533-8b29-323939722eca HTTP/1.1" status: 204 len: 168 time: 0.1609313
2026-04-02 17:56:40.157 10 INFO neutron.wsgi [None req-feaeead8-e636-4c6b-98d4-011020baea40 9a026f7f6d144966b8afb95985089575 fb7278ef0c0048fe86cb23c5e660641e - - default default] 10.0.0.157 "DELETE /v2.0/security-groups/91cf7897-0507-41ab-9c44-d426782a1a50 HTTP/1.1" status: 204 len: 168 time: 0.1459990
2026-04-02 17:56:40.216 10 INFO neutron.wsgi [None req-fe28eccc-441f-42e4-990c-81b61f634935 e5920096478448dbb6eba624f5643ed6 04efb0ac35034d1aaab6abe3211d5b92 - - default default] 10.0.0.157 "DELETE /v2.0/security-groups/b76ad672-b10b-4993-8396-5ae146856c4e HTTP/1.1" status: 204 len: 168 time: 0.3022127
2026-04-02 17:56:40.289 10 INFO neutron.wsgi [None req-64eddd08-69ee-4d37-80af-58cf3d413277 9a026f7f6d144966b8afb95985089575 fb7278ef0c0048fe86cb23c5e660641e - - default default] 10.0.0.157 "DELETE /v2.0/security-groups/86358410-8b23-4dfe-9220-06708ca79663 HTTP/1.1" status: 204 len: 168 time: 0.1267669
2026-04-02 17:56:40.409 10 INFO neutron.wsgi [None req-8804bbc6-4abc-4726-ae75-52c6ea21ef6d 9a026f7f6d144966b8afb95985089575 fb7278ef0c0048fe86cb23c5e660641e - - default default] 10.0.0.157 "DELETE /v2.0/security-groups/320d48b7-f7fe-48ca-914f-f22ca26aa0a4 HTTP/1.1" status: 204 len: 168 time: 0.1161587
2026-04-02 17:56:41.201 10 INFO neutron.wsgi [req-d56c4212-065c-4886-8989-542b0af0f017 req-9efe9de2-9c70-40d2-9ab8-41c03fc70c3e 6b2eb44c78ef40fe81841ada4497ec78 1186d73df1754cc2a0a3df526e988b35 - - 9c52bcdd4eeb4dd48f39771804555193 9c52bcdd4eeb4dd48f39771804555193] 10.0.0.224 "GET /v2.0/ports?device_id=10d76164-b8be-4f0b-8dcb-cd20d6ad351d HTTP/1.1" status: 200 len: 1409 time: 0.0542402
2026-04-02 17:56:41.245 10 INFO neutron.wsgi [req-d56c4212-065c-4886-8989-542b0af0f017 req-bd26db8a-0979-48a7-82f0-da1a25b7cfc2 6b2eb44c78ef40fe81841ada4497ec78 1186d73df1754cc2a0a3df526e988b35 - - 9c52bcdd4eeb4dd48f39771804555193 9c52bcdd4eeb4dd48f39771804555193] 10.0.0.224 "GET /v2.0/security-groups?id=32cf1c1a-afd8-458f-833d-b16593fcf99f&fields=id&fields=name HTTP/1.1" status: 200 len: 313 time: 0.0377376
2026-04-02 17:56:41.557 9 INFO neutron.db.ovn_revision_numbers_db [None req-3181a6b4-6b75-4a81-84b7-250e5ec971df e5920096478448dbb6eba624f5643ed6 04efb0ac35034d1aaab6abe3211d5b92 - - default default] Successfully bumped revision number for resource 0c996997-ab49-4d4c-b234-ed4e0a7a7fb4 (type: security_groups) to 1
2026-04-02 17:56:41.578 9 INFO neutron.db.ovn_revision_numbers_db [None req-3181a6b4-6b75-4a81-84b7-250e5ec971df e5920096478448dbb6eba624f5643ed6 04efb0ac35034d1aaab6abe3211d5b92 - - default default] Successfully bumped revision number for resource 131a66bd-06a4-4f4a-8d2a-81a5f2f0c8dd (type: security_group_rules) to 0
2026-04-02 17:56:41.595 9 INFO neutron.db.ovn_revision_numbers_db [None req-3181a6b4-6b75-4a81-84b7-250e5ec971df e5920096478448dbb6eba624f5643ed6 04efb0ac35034d1aaab6abe3211d5b92 - - default default] Successfully bumped revision number for resource 2c5d6c3b-d527-4bb9-9185-6cbe47d51ae4 (type: security_group_rules) to 0
2026-04-02 17:56:41.612 9 INFO neutron.db.ovn_revision_numbers_db [None req-3181a6b4-6b75-4a81-84b7-250e5ec971df e5920096478448dbb6eba624f5643ed6 04efb0ac35034d1aaab6abe3211d5b92 - - default default] Successfully bumped revision number for resource 5d64d584-315d-47f3-97d2-7cc0193e2652 (type: security_group_rules) to 0
2026-04-02 17:56:41.637 9 INFO neutron.db.ovn_revision_numbers_db [None req-3181a6b4-6b75-4a81-84b7-250e5ec971df e5920096478448dbb6eba624f5643ed6 04efb0ac35034d1aaab6abe3211d5b92 - - default default] Successfully bumped revision number for resource 72d132c8-d6f1-40b7-809f-51b166e1b288 (type: security_group_rules) to 0
2026-04-02 17:56:41.660 9 INFO neutron.wsgi [None req-3181a6b4-6b75-4a81-84b7-250e5ec971df e5920096478448dbb6eba624f5643ed6 04efb0ac35034d1aaab6abe3211d5b92 - - default default] 10.0.0.157 "GET /v2.0/security-groups?tenant_id=738c7534ee0845a59b51edfcd48ba28b&name=default HTTP/1.1" status: 200 len: 3120 time: 0.4740829
2026-04-02 17:56:41.897 10 INFO neutron.wsgi [None req-29700d28-97e8-4395-a029-ea61c549c1f3 e5920096478448dbb6eba624f5643ed6 04efb0ac35034d1aaab6abe3211d5b92 - - default default] 10.0.0.157 "DELETE /v2.0/security-groups/0c996997-ab49-4d4c-b234-ed4e0a7a7fb4 HTTP/1.1" status: 204 len: 168 time: 0.2322147
2026-04-02 17:56:42.046 10 INFO neutron.wsgi [None req-990a0084-26be-4e9d-a0e0-0aa5cff5f344 e5920096478448dbb6eba624f5643ed6 04efb0ac35034d1aaab6abe3211d5b92 - - default default] 10.0.0.157 "GET /v2.0/security-groups?tenant_id=fb7278ef0c0048fe86cb23c5e660641e&name=default HTTP/1.1" status: 200 len: 3120 time: 0.0395923
2026-04-02 17:56:42.150 9 INFO neutron.db.ovn_revision_numbers_db [None req-ab225130-9169-4e7e-93d7-5f240e4884f1 e5920096478448dbb6eba624f5643ed6 04efb0ac35034d1aaab6abe3211d5b92 - - default default] Successfully bumped revision number for resource 1d023b42-f5c4-4346-9f49-55705b83f9cf (type: security_groups) to 1
2026-04-02 17:56:42.166 9 INFO neutron.db.ovn_revision_numbers_db [None req-ab225130-9169-4e7e-93d7-5f240e4884f1 e5920096478448dbb6eba624f5643ed6 04efb0ac35034d1aaab6abe3211d5b92 - - default default] Successfully bumped revision number for resource 569ca1cd-a1bf-47ec-8192-685985ea9772 (type: security_group_rules) to 0
2026-04-02 17:56:42.182 9 INFO neutron.db.ovn_revision_numbers_db [None req-ab225130-9169-4e7e-93d7-5f240e4884f1 e5920096478448dbb6eba624f5643ed6 04efb0ac35034d1aaab6abe3211d5b92 - - default default] Successfully bumped revision number for resource 58df0589-0134-4d56-9947-5ac4f3868e1e (type: security_group_rules) to 0
2026-04-02 17:56:42.202 9 INFO neutron.db.ovn_revision_numbers_db [None req-ab225130-9169-4e7e-93d7-5f240e4884f1 e5920096478448dbb6eba624f5643ed6 04efb0ac35034d1aaab6abe3211d5b92 - - default default] Successfully bumped revision number for resource 5b9cf3b4-dd72-4453-9af9-0a0c0aea96ab (type: security_group_rules) to 0
2026-04-02 17:56:42.225 9 INFO neutron.db.ovn_revision_numbers_db [None req-ab225130-9169-4e7e-93d7-5f240e4884f1 e5920096478448dbb6eba624f5643ed6 04efb0ac35034d1aaab6abe3211d5b92 - - default default] Successfully bumped revision number for resource f100036a-7a2f-4e00-8b58-26b94e41dcba (type: security_group_rules) to 0
2026-04-02 17:56:42.261 10 INFO neutron.wsgi [None req-a7031f16-16ab-49c7-bf99-1df55581fbd9 5659e0d6858d4784a5fc688eda85a290 71f53ef854fd4f6693ffe0357f9e79cc - - default default] 10.0.0.157 "GET /v2.0/ports?project_id=94229dfd2e1647d8b46443c10a1ede15&network_id=eacb2dad-313e-493d-96e7-ba471dabc3f9 HTTP/1.1" status: 200 len: 3510 time: 0.0675783
2026-04-02 17:56:42.286 9 INFO neutron.db.segments_db [None req-ab225130-9169-4e7e-93d7-5f240e4884f1 e5920096478448dbb6eba624f5643ed6 04efb0ac35034d1aaab6abe3211d5b92 - - default default] Added segment d00f0df6-2075-4f98-bf9f-125d2f1391af of type geneve for network 66639125-5950-4f8a-87a3-5013afab95ff
2026-04-02 17:56:42.304 10 INFO neutron.wsgi [None req-f7a41a22-e4f8-4630-9855-42f558070c0a e5920096478448dbb6eba624f5643ed6 04efb0ac35034d1aaab6abe3211d5b92 - - default default] 10.0.0.157 "DELETE /v2.0/security-groups/178a0302-d393-4607-860d-5409b9b726b5 HTTP/1.1" status: 204 len: 168 time: 0.2530184
2026-04-02 17:56:42.439 9 INFO neutron.db.ovn_revision_numbers_db [None req-ab225130-9169-4e7e-93d7-5f240e4884f1 e5920096478448dbb6eba624f5643ed6 04efb0ac35034d1aaab6abe3211d5b92 - - default default] Successfully bumped revision number for resource 66639125-5950-4f8a-87a3-5013afab95ff (type: networks) to 1
2026-04-02 17:56:42.492 10 INFO neutron.wsgi [None req-9d667512-27a6-4c22-8a59-d0046e1d4b35 5659e0d6858d4784a5fc688eda85a290 71f53ef854fd4f6693ffe0357f9e79cc - - default default] 10.0.0.157 "GET /v2.0/subnets?network_id=e5b9ce7b-b79e-4fbd-82ec-90fee271619b HTTP/1.1" status: 200 len: 838 time: 0.0345614
2026-04-02 17:56:42.651 9 WARNING neutron.scheduler.dhcp_agent_scheduler [None req-ab225130-9169-4e7e-93d7-5f240e4884f1 e5920096478448dbb6eba624f5643ed6 04efb0ac35034d1aaab6abe3211d5b92 - - default default] No more DHCP agents
2026-04-02 17:56:42.655 9 WARNING neutron.api.rpc.agentnotifiers.dhcp_rpc_agent_api [None req-ab225130-9169-4e7e-93d7-5f240e4884f1 e5920096478448dbb6eba624f5643ed6 04efb0ac35034d1aaab6abe3211d5b92 - - default default] Unable to schedule network 66639125-5950-4f8a-87a3-5013afab95ff: no agents available; will retry on subsequent port and subnet creation events.
2026-04-02 17:56:42.665 9 INFO neutron.db.ovn_revision_numbers_db [None req-6b58fdb1-1e2c-4e55-9a84-287a1f73f3e4 e5920096478448dbb6eba624f5643ed6 04efb0ac35034d1aaab6abe3211d5b92 - - default default] Successfully bumped revision number for resource 04b27146-76e7-4717-ad72-2af860b24b28 (type: security_groups) to 1
2026-04-02 17:56:42.695 9 INFO neutron.db.ovn_revision_numbers_db [None req-6b58fdb1-1e2c-4e55-9a84-287a1f73f3e4 e5920096478448dbb6eba624f5643ed6 04efb0ac35034d1aaab6abe3211d5b92 - - default default] Successfully bumped revision number for resource 6b9d91db-2717-43e1-a903-a71f03aa0740 (type: security_group_rules) to 0
2026-04-02 17:56:42.723 9 INFO neutron.db.ovn_revision_numbers_db [None req-6b58fdb1-1e2c-4e55-9a84-287a1f73f3e4 e5920096478448dbb6eba624f5643ed6 04efb0ac35034d1aaab6abe3211d5b92 - - default default] Successfully bumped revision number for resource 7ac2f15e-4db8-4e5a-bc14-da21885b0b50 (type: security_group_rules) to 0
2026-04-02 17:56:42.738 9 INFO neutron.db.ovn_revision_numbers_db [None req-ab225130-9169-4e7e-93d7-5f240e4884f1 e5920096478448dbb6eba624f5643ed6 04efb0ac35034d1aaab6abe3211d5b92 - - default default] Successfully bumped revision number for resource 07acb2f9-2baa-4e07-9c89-f592f2229683 (type: ports) to 1
2026-04-02 17:56:42.741 9 INFO neutron.db.ovn_revision_numbers_db [None req-6b58fdb1-1e2c-4e55-9a84-287a1f73f3e4 e5920096478448dbb6eba624f5643ed6 04efb0ac35034d1aaab6abe3211d5b92 - - default default] Successfully bumped revision number for resource c6bad816-f5aa-459b-b87b-3123b9c908b6 (type: security_group_rules) to 0
2026-04-02 17:56:42.763 9 INFO neutron.db.ovn_revision_numbers_db [None req-6b58fdb1-1e2c-4e55-9a84-287a1f73f3e4 e5920096478448dbb6eba624f5643ed6 04efb0ac35034d1aaab6abe3211d5b92 - - default default] Successfully bumped revision number for resource ca734411-bca6-40b9-ae54-f0d9a2afeca9 (type: security_group_rules) to 0
2026-04-02 17:56:42.773 9 INFO neutron.wsgi [None req-ab225130-9169-4e7e-93d7-5f240e4884f1 e5920096478448dbb6eba624f5643ed6 04efb0ac35034d1aaab6abe3211d5b92 - - default default] 10.0.0.157 "POST /v2.0/networks HTTP/1.1" status: 201 len: 943 time: 0.8977520
2026-04-02 17:56:42.788 9 INFO neutron.wsgi [None req-6b58fdb1-1e2c-4e55-9a84-287a1f73f3e4 e5920096478448dbb6eba624f5643ed6 04efb0ac35034d1aaab6abe3211d5b92 - - default default] 10.0.0.157 "GET /v2.0/security-groups?tenant_id=79907d90a69443c898a5f5ca708f5d7f&name=default HTTP/1.1" status: 200 len: 3120 time: 0.3182621
2026-04-02 17:56:43.034 10 INFO neutron.db.ovn_revision_numbers_db [None req-e741b85e-60f4-48c3-927c-837ee2457c22 624cdc91ee6d473da732685720d502ca 94229dfd2e1647d8b46443c10a1ede15 - - default default] Successfully bumped revision number for resource cc2feaef-d8d3-403c-92ca-c12ef1e1b7c9 (type: floatingips) to 2
2026-04-02 17:56:43.107 10 WARNING neutron.scheduler.dhcp_agent_scheduler [None req-4761b14b-eb95-45d8-b1b1-5d3d8f09d283 e5920096478448dbb6eba624f5643ed6 04efb0ac35034d1aaab6abe3211d5b92 - - default default] No more DHCP agents
2026-04-02 17:56:43.112 10 WARNING neutron.api.rpc.agentnotifiers.dhcp_rpc_agent_api [None req-4761b14b-eb95-45d8-b1b1-5d3d8f09d283 e5920096478448dbb6eba624f5643ed6 04efb0ac35034d1aaab6abe3211d5b92 - - default default] Unable to schedule network 66639125-5950-4f8a-87a3-5013afab95ff: no agents available; will retry on subsequent port and subnet creation events.
2026-04-02 17:56:43.134 10 INFO neutron.db.l3_db [None req-e741b85e-60f4-48c3-927c-837ee2457c22 624cdc91ee6d473da732685720d502ca 94229dfd2e1647d8b46443c10a1ede15 - - default default] Floating IP cc2feaef-d8d3-403c-92ca-c12ef1e1b7c9 disassociated. External IP: 10.96.250.214, port: 529ebbe2-008f-4630-be7c-3b269b353290.
2026-04-02 17:56:43.180 10 INFO neutron.wsgi [None req-e741b85e-60f4-48c3-927c-837ee2457c22 624cdc91ee6d473da732685720d502ca 94229dfd2e1647d8b46443c10a1ede15 - - default default] 10.0.0.157 "PUT /v2.0/floatingips/cc2feaef-d8d3-403c-92ca-c12ef1e1b7c9 HTTP/1.1" status: 200 len: 748 time: 0.5046742
2026-04-02 17:56:43.227 10 INFO neutron.notifiers.nova [-] Nova event matching ['req-be09caff-6297-474d-93a6-b699da0422ee'] response: {'name': 'network-changed', 'server_uuid': '10d76164-b8be-4f0b-8dcb-cd20d6ad351d', 'tag': '529ebbe2-008f-4630-be7c-3b269b353290', 'status': 'completed', 'code': 200}
2026-04-02 17:56:43.229 9 INFO neutron.wsgi [None req-3ecaf91d-a159-4435-bbb6-6ef5015cdd11 624cdc91ee6d473da732685720d502ca 94229dfd2e1647d8b46443c10a1ede15 - - default default] 10.0.0.157 "GET /v2.0/floatingips/cc2feaef-d8d3-403c-92ca-c12ef1e1b7c9 HTTP/1.1" status: 200 len: 746 time: 0.0432067
2026-04-02 17:56:43.256 10 INFO neutron.wsgi [None req-a525409e-7e5d-4cd0-ad38-15310bf9ea28 e5920096478448dbb6eba624f5643ed6 04efb0ac35034d1aaab6abe3211d5b92 - - default default] 10.0.0.157 "DELETE /v2.0/security-groups/04b27146-76e7-4717-ad72-2af860b24b28 HTTP/1.1" status: 204 len: 168 time: 0.4636672
2026-04-02 17:56:43.287 9 INFO neutron.wsgi [req-17f39722-ae7a-4b25-bfc0-a69ba703e37e req-97368881-8d87-4e5c-a42e-145826e26904 6b2eb44c78ef40fe81841ada4497ec78 1186d73df1754cc2a0a3df526e988b35 - - 9c52bcdd4eeb4dd48f39771804555193 9c52bcdd4eeb4dd48f39771804555193] 199.204.45.53 "GET /v2.0/ports?tenant_id=94229dfd2e1647d8b46443c10a1ede15&device_id=10d76164-b8be-4f0b-8dcb-cd20d6ad351d HTTP/1.1" status: 200 len: 1409 time: 0.0408092
2026-04-02 17:56:43.353 9 INFO neutron.wsgi [req-17f39722-ae7a-4b25-bfc0-a69ba703e37e req-1090e6b7-1350-4554-986e-187bd6ee0e45 6b2eb44c78ef40fe81841ada4497ec78 1186d73df1754cc2a0a3df526e988b35 - - 9c52bcdd4eeb4dd48f39771804555193 9c52bcdd4eeb4dd48f39771804555193] 199.204.45.53 "GET /v2.0/networks?id=eacb2dad-313e-493d-96e7-ba471dabc3f9 HTTP/1.1" status: 200 len: 959 time: 0.0596733
2026-04-02 17:56:43.386 9 INFO neutron.wsgi [req-17f39722-ae7a-4b25-bfc0-a69ba703e37e req-87a15af5-4d50-4e26-a3c4-12062bd55f4a 6b2eb44c78ef40fe81841ada4497ec78 1186d73df1754cc2a0a3df526e988b35 - - 9c52bcdd4eeb4dd48f39771804555193 9c52bcdd4eeb4dd48f39771804555193] 199.204.45.53 "GET /v2.0/floatingips?fixed_ip_address=10.100.0.4&port_id=529ebbe2-008f-4630-be7c-3b269b353290 HTTP/1.1" status: 200 len: 217 time: 0.0241299
2026-04-02 17:56:43.427 9 INFO neutron.wsgi [req-17f39722-ae7a-4b25-bfc0-a69ba703e37e req-4eddf46c-a2fe-4842-81fc-a8c74892b641 6b2eb44c78ef40fe81841ada4497ec78 1186d73df1754cc2a0a3df526e988b35 - - 9c52bcdd4eeb4dd48f39771804555193 9c52bcdd4eeb4dd48f39771804555193] 199.204.45.53 "GET /v2.0/subnets?id=d399fe86-e7f9-4a72-8a93-8fba16135ff3 HTTP/1.1" status: 200 len: 852 time: 0.0338392
2026-04-02 17:56:43.456 9 INFO neutron.wsgi [req-17f39722-ae7a-4b25-bfc0-a69ba703e37e req-14682505-cab2-48fe-b021-2571bbb63858 6b2eb44c78ef40fe81841ada4497ec78 1186d73df1754cc2a0a3df526e988b35 - - 9c52bcdd4eeb4dd48f39771804555193 9c52bcdd4eeb4dd48f39771804555193] 199.204.45.53 "GET /v2.0/ports?network_id=eacb2dad-313e-493d-96e7-ba471dabc3f9&device_owner=network%3Adhcp HTTP/1.1" status: 200 len: 210 time: 0.0224845
2026-04-02 17:56:43.522 9 INFO neutron.wsgi [req-17f39722-ae7a-4b25-bfc0-a69ba703e37e req-4ef44b2d-7c69-4399-a032-97a08ae9acf5 6b2eb44c78ef40fe81841ada4497ec78 1186d73df1754cc2a0a3df526e988b35 - - 9c52bcdd4eeb4dd48f39771804555193 9c52bcdd4eeb4dd48f39771804555193] 199.204.45.53 "GET /v2.0/networks/eacb2dad-313e-493d-96e7-ba471dabc3f9?fields=segments HTTP/1.1" status: 200 len: 212 time: 0.0589502
2026-04-02 17:56:43.609 9 INFO neutron.wsgi [req-17f39722-ae7a-4b25-bfc0-a69ba703e37e req-82e2b6fa-7a53-405a-a597-2287126706ad 6b2eb44c78ef40fe81841ada4497ec78 1186d73df1754cc2a0a3df526e988b35 - - 9c52bcdd4eeb4dd48f39771804555193 9c52bcdd4eeb4dd48f39771804555193] 199.204.45.53 "GET /v2.0/networks/eacb2dad-313e-493d-96e7-ba471dabc3f9?fields=provider%3Aphysical_network&fields=provider%3Anetwork_type HTTP/1.1" status: 200 len: 277 time: 0.0798249
2026-04-02 17:56:43.611 10 INFO neutron.db.ovn_revision_numbers_db [None req-4761b14b-eb95-45d8-b1b1-5d3d8f09d283 e5920096478448dbb6eba624f5643ed6 04efb0ac35034d1aaab6abe3211d5b92 - - default default] Successfully bumped revision number for resource 07acb2f9-2baa-4e07-9c89-f592f2229683 (type: ports) to 2
2026-04-02 17:56:43.650 10 INFO neutron.db.ovn_revision_numbers_db [None req-4761b14b-eb95-45d8-b1b1-5d3d8f09d283 e5920096478448dbb6eba624f5643ed6 04efb0ac35034d1aaab6abe3211d5b92 - - default default] Successfully bumped revision number for resource 85c85f28-9ee2-4aab-80f9-f2195f81d6a2 (type: subnets) to 0
2026-04-02 17:56:43.666 10 INFO neutron.wsgi [None req-4761b14b-eb95-45d8-b1b1-5d3d8f09d283 e5920096478448dbb6eba624f5643ed6 04efb0ac35034d1aaab6abe3211d5b92 - - default default] 10.0.0.157 "POST /v2.0/subnets HTTP/1.1" status: 201 len: 863 time: 0.8846843
2026-04-02 17:56:43.707 9 INFO neutron.db.ovn_revision_numbers_db [None req-02e17808-e29d-42db-8b4d-c61242c450c1 e5920096478448dbb6eba624f5643ed6 04efb0ac35034d1aaab6abe3211d5b92 - - default default] Successfully bumped revision number for resource 8b900cd8-5d9b-4030-aedd-36afc74538ba (type: security_groups) to 1
2026-04-02 17:56:43.731 9 INFO neutron.db.ovn_revision_numbers_db [None req-02e17808-e29d-42db-8b4d-c61242c450c1 e5920096478448dbb6eba624f5643ed6 04efb0ac35034d1aaab6abe3211d5b92 - - default default] Successfully bumped revision number for resource 2e7ff134-b776-4ce6-8b68-2c88f7092c6d (type: security_group_rules) to 0
2026-04-02 17:56:43.764 9 INFO neutron.db.ovn_revision_numbers_db [None req-02e17808-e29d-42db-8b4d-c61242c450c1 e5920096478448dbb6eba624f5643ed6 04efb0ac35034d1aaab6abe3211d5b92 - - default default] Successfully bumped revision number for resource 889c00a8-4eec-4338-a2b4-f30eaa0ab312 (type: security_group_rules) to 0
2026-04-02 17:56:43.806 9 INFO neutron.db.ovn_revision_numbers_db [None req-02e17808-e29d-42db-8b4d-c61242c450c1 e5920096478448dbb6eba624f5643ed6 04efb0ac35034d1aaab6abe3211d5b92 - - default default] Successfully bumped revision number for resource b4757d44-d189-47ae-ab25-5a02b9389f00 (type: security_group_rules) to 0
2026-04-02 17:56:43.850 9 INFO neutron.db.ovn_revision_numbers_db [None req-02e17808-e29d-42db-8b4d-c61242c450c1 e5920096478448dbb6eba624f5643ed6 04efb0ac35034d1aaab6abe3211d5b92 - - default default] Successfully bumped revision number for resource c8cb4f2e-3b51-4515-89c5-40e1b73e6730 (type: security_group_rules) to 0
2026-04-02 17:56:43.884 9 INFO neutron.wsgi [None req-02e17808-e29d-42db-8b4d-c61242c450c1 e5920096478448dbb6eba624f5643ed6 04efb0ac35034d1aaab6abe3211d5b92 - - default default] 10.0.0.157 "GET /v2.0/security-groups?tenant_id=d8bf4ebf92e2455fb8ef9f3f2db64282&name=default HTTP/1.1" status: 200 len: 3120 time: 0.5588796 /var/lib/openstack/lib/python3.10/site-packages/pycadf/identifier.py:71: UserWarning: Invalid uuid: neutron. To ensure interoperability, identifiers should be a valid uuid. warnings.warn(('Invalid uuid: %s. To ensure interoperability, '
2026-04-02 17:56:44.112 10 INFO neutron.wsgi [None req-7a8dbc64-663d-49c2-8233-02505791772d e5920096478448dbb6eba624f5643ed6 04efb0ac35034d1aaab6abe3211d5b92 - - default default] 10.0.0.157 "DELETE /v2.0/security-groups/8b900cd8-5d9b-4030-aedd-36afc74538ba HTTP/1.1" status: 204 len: 168 time: 0.2218397
2026-04-02 17:56:44.242 9 WARNING neutron.scheduler.dhcp_agent_scheduler [None req-a624b19e-6e61-4ac5-9335-70bcc75a19b0 e5920096478448dbb6eba624f5643ed6 04efb0ac35034d1aaab6abe3211d5b92 - - default default] No more DHCP agents
2026-04-02 17:56:44.245 9 WARNING neutron.api.rpc.agentnotifiers.dhcp_rpc_agent_api [None req-a624b19e-6e61-4ac5-9335-70bcc75a19b0 e5920096478448dbb6eba624f5643ed6 04efb0ac35034d1aaab6abe3211d5b92 - - default default] Unable to schedule network e5b9ce7b-b79e-4fbd-82ec-90fee271619b: no agents available; will retry on subsequent port and subnet creation events.
2026-04-02 17:56:44.330 10 WARNING neutron_lib.context [None req-993493ff-c524-42fc-95bb-325410d64fbc 624cdc91ee6d473da732685720d502ca 94229dfd2e1647d8b46443c10a1ede15 - - default default] Method 'is_advsvc' is deprecated since 2023.2 release (neutron-lib 3.8.0) and will be removed once support for the old RBAC API policies will be removed from Neutron. Please use method 'is_service_role' instead.
2026-04-02 17:56:44.420 9 INFO neutron.db.ovn_revision_numbers_db [None req-a624b19e-6e61-4ac5-9335-70bcc75a19b0 e5920096478448dbb6eba624f5643ed6 04efb0ac35034d1aaab6abe3211d5b92 - - default default] Successfully bumped revision number for resource d6d25aa9-ef87-4589-a03a-c9cc87c6fad9 (type: ports) to 1
2026-04-02 17:56:44.469 10 INFO neutron.db.ovn_revision_numbers_db [None req-993493ff-c524-42fc-95bb-325410d64fbc 624cdc91ee6d473da732685720d502ca 94229dfd2e1647d8b46443c10a1ede15 - - default default] Successfully bumped revision number for resource 953dc052-ef52-41c4-ba8b-52b0c31cba48 (type: security_groups) to 1
2026-04-02 17:56:44.483 10 INFO neutron.db.ovn_revision_numbers_db [None req-993493ff-c524-42fc-95bb-325410d64fbc 624cdc91ee6d473da732685720d502ca 94229dfd2e1647d8b46443c10a1ede15 - - default default] Successfully bumped revision number for resource 78d2fee5-de0f-4eaa-9317-4bf891741c65 (type: security_group_rules) to 0
2026-04-02 17:56:44.497 10 INFO neutron.db.ovn_revision_numbers_db [None req-993493ff-c524-42fc-95bb-325410d64fbc 624cdc91ee6d473da732685720d502ca 94229dfd2e1647d8b46443c10a1ede15 - - default default] Successfully bumped revision number for resource a1535ae1-99dc-4827-91db-466871c74de8 (type: security_group_rules) to 0
2026-04-02 17:56:44.518 10 INFO neutron.wsgi [None req-993493ff-c524-42fc-95bb-325410d64fbc 624cdc91ee6d473da732685720d502ca 94229dfd2e1647d8b46443c10a1ede15 - - default default] 10.0.0.157 "POST /v2.0/security-groups HTTP/1.1" status: 201 len: 1873 time: 0.1962855
2026-04-02 17:56:44.529 10 WARNING neutron_lib.context [None req-3d01c798-55d3-4f1a-8ed8-4ed69e27189b 624cdc91ee6d473da732685720d502ca 94229dfd2e1647d8b46443c10a1ede15 - - default default] Method 'is_advsvc' is deprecated since 2023.2 release (neutron-lib 3.8.0) and will be removed once support for the old RBAC API policies will be removed from Neutron. Please use method 'is_service_role' instead.
2026-04-02 17:56:44.685 10 INFO neutron.db.ovn_revision_numbers_db [None req-3d01c798-55d3-4f1a-8ed8-4ed69e27189b 624cdc91ee6d473da732685720d502ca 94229dfd2e1647d8b46443c10a1ede15 - - default default] Successfully bumped revision number for resource 88ea51fd-e948-42e9-b1cb-c8a14db11359 (type: security_group_rules) to 0
2026-04-02 17:56:44.718 10 INFO neutron.wsgi [None req-3d01c798-55d3-4f1a-8ed8-4ed69e27189b 624cdc91ee6d473da732685720d502ca 94229dfd2e1647d8b46443c10a1ede15 - - default default] 10.0.0.157 "POST /v2.0/security-group-rules HTTP/1.1" status: 201 len: 796 time: 0.1935163
2026-04-02 17:56:44.728 10 WARNING neutron_lib.context [None req-564bf403-ded4-40c8-b529-df380ae1a63d 624cdc91ee6d473da732685720d502ca 94229dfd2e1647d8b46443c10a1ede15 - - default default] Method 'is_advsvc' is deprecated since 2023.2 release (neutron-lib 3.8.0) and will be removed once support for the old RBAC API policies will be removed from Neutron. Please use method 'is_service_role' instead.
2026-04-02 17:56:44.859 10 INFO neutron.db.ovn_revision_numbers_db [None req-564bf403-ded4-40c8-b529-df380ae1a63d 624cdc91ee6d473da732685720d502ca 94229dfd2e1647d8b46443c10a1ede15 - - default default] Successfully bumped revision number for resource d2221048-b4fa-49db-a809-0e27ed91aef0 (type: security_group_rules) to 0
2026-04-02 17:56:44.888 10 INFO neutron.wsgi [None req-564bf403-ded4-40c8-b529-df380ae1a63d 624cdc91ee6d473da732685720d502ca 94229dfd2e1647d8b46443c10a1ede15 - - default default] 10.0.0.157 "POST /v2.0/security-group-rules HTTP/1.1" status: 201 len: 795 time: 0.1646643
2026-04-02 17:56:44.898 10 WARNING neutron_lib.context [None req-1491ee24-fa42-48aa-a447-c0512f8d1bd9 624cdc91ee6d473da732685720d502ca 94229dfd2e1647d8b46443c10a1ede15 - - default default] Method 'is_advsvc' is deprecated since 2023.2 release (neutron-lib 3.8.0) and will be removed once support for the old RBAC API policies will be removed from Neutron. Please use method 'is_service_role' instead.
2026-04-02 17:56:45.044 10 INFO neutron.db.ovn_revision_numbers_db [None req-1491ee24-fa42-48aa-a447-c0512f8d1bd9 624cdc91ee6d473da732685720d502ca 94229dfd2e1647d8b46443c10a1ede15 - - default default] Successfully bumped revision number for resource 7391a25e-7af3-48a8-8cb7-c6eff2f13cb6 (type: security_group_rules) to 0
2026-04-02 17:56:45.066 10 INFO neutron.wsgi [None req-1491ee24-fa42-48aa-a447-c0512f8d1bd9 624cdc91ee6d473da732685720d502ca 94229dfd2e1647d8b46443c10a1ede15 - - default default] 10.0.0.157 "POST /v2.0/security-group-rules HTTP/1.1" status: 201 len: 801 time: 0.1737459
2026-04-02 17:56:45.073 10 WARNING neutron_lib.context [None req-8a53abbd-36d7-4915-9cae-162a9256a8e4 624cdc91ee6d473da732685720d502ca 94229dfd2e1647d8b46443c10a1ede15 - - default default] Method 'is_advsvc' is deprecated since 2023.2 release (neutron-lib 3.8.0) and will be removed once support for the old RBAC API policies will be removed from Neutron. Please use method 'is_service_role' instead.
2026-04-02 17:56:45.190 10 INFO neutron.db.ovn_revision_numbers_db [None req-8a53abbd-36d7-4915-9cae-162a9256a8e4 624cdc91ee6d473da732685720d502ca 94229dfd2e1647d8b46443c10a1ede15 - - default default] Successfully bumped revision number for resource ce790bb2-ff63-48c4-a0db-e323a20e932e (type: security_group_rules) to 0
2026-04-02 17:56:45.220 10 INFO neutron.wsgi [None req-8a53abbd-36d7-4915-9cae-162a9256a8e4 624cdc91ee6d473da732685720d502ca 94229dfd2e1647d8b46443c10a1ede15 - - default default] 10.0.0.157 "POST /v2.0/security-group-rules HTTP/1.1" status: 201 len: 800 time: 0.1504602
2026-04-02 17:56:45.233 10 WARNING neutron_lib.context [None req-daba58d3-6f5b-436d-a0ab-fb6ecbfb2ceb 624cdc91ee6d473da732685720d502ca 94229dfd2e1647d8b46443c10a1ede15 - - default default] Method 'is_advsvc' is deprecated since 2023.2 release (neutron-lib 3.8.0) and will be removed once support for the old RBAC API policies will be removed from Neutron. Please use method 'is_service_role' instead.
2026-04-02 17:56:45.268 10 INFO neutron.db.securitygroups_db [None req-daba58d3-6f5b-436d-a0ab-fb6ecbfb2ceb 624cdc91ee6d473da732685720d502ca 94229dfd2e1647d8b46443c10a1ede15 - - default default] Project 94229dfd2e1647d8b46443c10a1ede15 added a security group rule with legacy IPv6 ICMP protocol name icmp, ipv6-icmp should be used instead. It was automatically converted.
2026-04-02 17:56:45.317 9 INFO neutron.plugins.ml2.drivers.ovn.mech_driver.ovsdb.commands [None req-095df9b0-e543-4bb4-b929-1ba912274843 - - - - - -] Schedule LRP lrp-d6d25aa9-ef87-4589-a03a-c9cc87c6fad9 on gateway e63cc583-2cc1-44ed-bddc-dea82e3a56e8 with priority 1
2026-04-02 17:56:45.334 9 INFO neutron.plugins.ml2.drivers.ovn.mech_driver.mech_driver [None req-31a44c0b-f4e7-4680-a320-06d4f79cb80f - - - - - -] OVN reports status up for port: d6d25aa9-ef87-4589-a03a-c9cc87c6fad9
2026-04-02 17:56:45.346 10 INFO neutron.plugins.ml2.drivers.ovn.mech_driver.ovsdb.ovsdb_monitor [None req-56e170c6-5d54-4558-a1fa-b33dd5bdfa35 - - - - - -] Router 6692b990-57e9-425f-8779-74032227fd1f is bound to host instance
2026-04-02 17:56:45.363 9 INFO neutron.plugins.ml2.plugin [None req-31a44c0b-f4e7-4680-a320-06d4f79cb80f - - - - - -] Attempt 1 to provision port d6d25aa9-ef87-4589-a03a-c9cc87c6fad9
2026-04-02 17:56:45.386 9 INFO neutron.db.ovn_revision_numbers_db [None req-a624b19e-6e61-4ac5-9335-70bcc75a19b0 e5920096478448dbb6eba624f5643ed6 04efb0ac35034d1aaab6abe3211d5b92 - - default default] Successfully bumped revision number for resource d6d25aa9-ef87-4589-a03a-c9cc87c6fad9 (type: router_ports) to 1
2026-04-02 17:56:45.421 10 INFO neutron.db.ovn_revision_numbers_db [None req-daba58d3-6f5b-436d-a0ab-fb6ecbfb2ceb 624cdc91ee6d473da732685720d502ca 94229dfd2e1647d8b46443c10a1ede15 - - default default] Successfully bumped revision number for resource f70f63dc-9d70-4108-acc0-b859178206f1 (type: security_group_rules) to 0
2026-04-02 17:56:45.456 10 INFO neutron.wsgi [None req-daba58d3-6f5b-436d-a0ab-fb6ecbfb2ceb 624cdc91ee6d473da732685720d502ca 94229dfd2e1647d8b46443c10a1ede15 - - default default] 10.0.0.157 "POST /v2.0/security-group-rules HTTP/1.1" status: 201 len: 806 time: 0.2289302
2026-04-02 17:56:45.468 9 WARNING neutron_lib.context [None req-615f342c-70a2-4d10-ab02-2e3a245bb407 624cdc91ee6d473da732685720d502ca 94229dfd2e1647d8b46443c10a1ede15 - - default default] Method 'is_advsvc' is deprecated since 2023.2 release (neutron-lib 3.8.0) and will be removed once support for the old RBAC API policies will be removed from Neutron. Please use method 'is_service_role' instead.
2026-04-02 17:56:45.474 9 INFO neutron.db.ovn_revision_numbers_db [None req-a624b19e-6e61-4ac5-9335-70bcc75a19b0 e5920096478448dbb6eba624f5643ed6 04efb0ac35034d1aaab6abe3211d5b92 - - default default] Successfully bumped revision number for resource 6692b990-57e9-425f-8779-74032227fd1f (type: routers) to 2
2026-04-02 17:56:45.495 9 INFO neutron.wsgi [None req-a624b19e-6e61-4ac5-9335-70bcc75a19b0 e5920096478448dbb6eba624f5643ed6 04efb0ac35034d1aaab6abe3211d5b92 - - default default] 10.0.0.157 "POST /v2.0/routers HTTP/1.1" status: 201 len: 1165 time: 1.8206654
2026-04-02 17:56:45.560 9 INFO neutron.db.securitygroups_db [None req-615f342c-70a2-4d10-ab02-2e3a245bb407 624cdc91ee6d473da732685720d502ca 94229dfd2e1647d8b46443c10a1ede15 - - default default] Project 94229dfd2e1647d8b46443c10a1ede15 added a security group rule with legacy IPv6 ICMP protocol name icmp, ipv6-icmp should be used instead. It was automatically converted.
2026-04-02 17:56:45.713 9 INFO neutron.db.ovn_revision_numbers_db [None req-615f342c-70a2-4d10-ab02-2e3a245bb407 624cdc91ee6d473da732685720d502ca 94229dfd2e1647d8b46443c10a1ede15 - - default default] Successfully bumped revision number for resource d6b23459-b652-4415-830b-5140d525f73c (type: security_group_rules) to 0
2026-04-02 17:56:45.745 9 INFO neutron.wsgi [None req-615f342c-70a2-4d10-ab02-2e3a245bb407 624cdc91ee6d473da732685720d502ca 94229dfd2e1647d8b46443c10a1ede15 - - default default] 10.0.0.157 "POST /v2.0/security-group-rules HTTP/1.1" status: 201 len: 805 time: 0.2833872
2026-04-02 17:56:46.029 9 WARNING neutron.scheduler.dhcp_agent_scheduler [None req-3613b870-8967-4ab4-aa08-a570b974c4a5 e5920096478448dbb6eba624f5643ed6 04efb0ac35034d1aaab6abe3211d5b92 - - default default] No more DHCP agents
2026-04-02 17:56:46.030 9 WARNING neutron.api.rpc.agentnotifiers.dhcp_rpc_agent_api [None req-3613b870-8967-4ab4-aa08-a570b974c4a5 e5920096478448dbb6eba624f5643ed6 04efb0ac35034d1aaab6abe3211d5b92 - - default default] Unable to schedule network 66639125-5950-4f8a-87a3-5013afab95ff: no agents available; will retry on subsequent port and subnet creation events.
2026-04-02 17:56:46.181 9 INFO neutron.db.ovn_revision_numbers_db [None req-3613b870-8967-4ab4-aa08-a570b974c4a5 e5920096478448dbb6eba624f5643ed6 04efb0ac35034d1aaab6abe3211d5b92 - - default default] Successfully bumped revision number for resource da44c2bd-7fb5-4af1-9bf0-49b1958bac5e (type: ports) to 1
2026-04-02 17:56:46.527 10 INFO neutron.db.ovn_revision_numbers_db [None req-56e170c6-5d54-4558-a1fa-b33dd5bdfa35 - - - - - -] Successfully bumped revision number for resource d6d25aa9-ef87-4589-a03a-c9cc87c6fad9 (type: ports) to 1
2026-04-02 17:56:46.579 9 INFO neutron.wsgi [None req-0a90a5a0-4f3d-484a-aba2-76b8151c489f 624cdc91ee6d473da732685720d502ca 94229dfd2e1647d8b46443c10a1ede15 - - default default] 10.0.0.157 "GET /v2.0/networks HTTP/1.1" status: 200 len: 1493 time: 0.4737520
2026-04-02 17:56:46.712 9 INFO neutron.wsgi [req-58978356-bcfb-4faa-9721-950193b1693f req-fc6ff8a3-f8bb-418a-9fe6-fd568453fff3 624cdc91ee6d473da732685720d502ca 94229dfd2e1647d8b46443c10a1ede15 - - default default] 10.0.0.89 "GET /v2.0/security-groups?name=tempest-secgroup-smoke-452254013&fields=id&tenant_id=94229dfd2e1647d8b46443c10a1ede15 HTTP/1.1" status: 200 len: 267 time: 0.0415955
2026-04-02 17:56:46.794 9 INFO neutron.wsgi [req-58978356-bcfb-4faa-9721-950193b1693f req-fc36e9aa-6735-402f-a251-24c48d38dbc5 624cdc91ee6d473da732685720d502ca 94229dfd2e1647d8b46443c10a1ede15 - - default default] 10.0.0.89 "GET /v2.0/networks?id=eacb2dad-313e-493d-96e7-ba471dabc3f9 HTTP/1.1" status: 200 len: 860 time: 0.0756359
