2026-04-02 17:55:15.265 9 INFO neutron.plugins.ml2.drivers.ovn.mech_driver.mech_driver [None req-31a44c0b-f4e7-4680-a320-06d4f79cb80f - - - - - -] OVN reports status down for port: cc477349-f031-42f7-8236-913fb8dc5982
2026-04-02 17:55:15.347 9 WARNING neutron.scheduler.dhcp_agent_scheduler [None req-170fbc13-3348-4c23-a326-131a99811a80 05d44c9b20d34c2e91bf09259012f0df 9b2ebde2e06545aa9df6aebd00da89d1 - - default default] No more DHCP agents
2026-04-02 17:55:15.352 9 WARNING neutron.api.rpc.agentnotifiers.dhcp_rpc_agent_api [None req-170fbc13-3348-4c23-a326-131a99811a80 05d44c9b20d34c2e91bf09259012f0df 9b2ebde2e06545aa9df6aebd00da89d1 - - default default] Unable to schedule network 9f206361-e3f2-43c7-bf25-305df02ee9e6: no agents available; will retry on subsequent port and subnet creation events.
2026-04-02 17:55:15.366 9 INFO neutron.wsgi [req-57b00c5a-ea10-41b3-8d08-f072f9e24d45 req-e8651079-8af8-4681-b0e8-502957214e86 3fc92a28ef364c1baf0f70baffe322d9 3bd227c7f0074983a678a7dfdb28de72 - - default default] 10.0.0.89 "GET /v2.0/ports?device_id=912de04e-f728-4864-9ea8-d3ae35750e6b HTTP/1.1" status: 200 len: 1170 time: 0.1575980
2026-04-02 17:55:15.387 10 INFO neutron.services.segments.plugin [-] Segment 80b62ea6-8ac4-4e2b-ac3e-495b13650bdf resource provider aggregate not found
2026-04-02 17:55:15.406 9 INFO neutron.db.ovn_revision_numbers_db [None req-170fbc13-3348-4c23-a326-131a99811a80 05d44c9b20d34c2e91bf09259012f0df 9b2ebde2e06545aa9df6aebd00da89d1 - - default default] Successfully bumped revision number for resource b4e3ac23-3c81-4ac7-a8d7-9d72c0ac2dab (type: subnets) to 0
2026-04-02 17:55:15.417 10 INFO neutron.services.segments.plugin [-] Segment 80b62ea6-8ac4-4e2b-ac3e-495b13650bdf resource provider aggregate not found
2026-04-02 17:55:15.420 10 INFO neutron.services.segments.plugin [-] Segment 80b62ea6-8ac4-4e2b-ac3e-495b13650bdf resource provider not found; error: Placement Client Error (4xx): {"errors": [{"status": 404, "title": "Not Found", "detail": "The resource could not be found.\n\n No resource provider with uuid 80b62ea6-8ac4-4e2b-ac3e-495b13650bdf found for delete ", "request_id": "req-d5ad072b-47d4-429c-bb60-7ab7843d3294"}]}
2026-04-02 17:55:15.434 10 INFO neutron.services.segments.plugin [-] Segment 80b62ea6-8ac4-4e2b-ac3e-495b13650bdf resource provider not found; error: Placement Client Error (4xx): {"errors": [{"status": 404, "title": "Not Found", "detail": "The resource could not be found.\n\n No resource provider with uuid 80b62ea6-8ac4-4e2b-ac3e-495b13650bdf found for delete ", "request_id": "req-ee218305-feff-4917-b4c6-a8da77c1b7be"}]}
2026-04-02 17:55:15.445 9 INFO neutron.wsgi [req-57b00c5a-ea10-41b3-8d08-f072f9e24d45 req-00363a49-f016-459e-a953-3dad2629390c 3fc92a28ef364c1baf0f70baffe322d9 3bd227c7f0074983a678a7dfdb28de72 - - default default] 10.0.0.89 "GET /v2.0/security-groups?id=bc198d55-8e41-4725-83e4-2adbab2fd181&fields=id&fields=name HTTP/1.1" status: 200 len: 313 time: 0.0695770
2026-04-02 17:55:15.447 9 WARNING neutron.scheduler.dhcp_agent_scheduler [None req-170fbc13-3348-4c23-a326-131a99811a80 05d44c9b20d34c2e91bf09259012f0df 9b2ebde2e06545aa9df6aebd00da89d1 - - default default] No more DHCP agents
2026-04-02 17:55:15.450 9 WARNING neutron.api.rpc.agentnotifiers.dhcp_rpc_agent_api [None req-170fbc13-3348-4c23-a326-131a99811a80 05d44c9b20d34c2e91bf09259012f0df 9b2ebde2e06545aa9df6aebd00da89d1 - - default default] Unable to schedule network a029ee5d-4c63-4d78-a4b6-751ad411266d: no agents available; will retry on subsequent port and subnet creation events.
2026-04-02 17:55:15.457 10 INFO neutron.wsgi [None req-db6e5c57-dbc8-4f65-a64f-0fe1ca749988 dbce94dc3c864887b2ddaef86bde4f54 4b2e2787f3594bba8853cbf816814749 - - default default] 10.0.0.157 "DELETE /v2.0/networks/3957d455-ba2d-4eeb-96ec-99e600284d4e HTTP/1.1" status: 204 len: 168 time: 0.4900153
2026-04-02 17:55:15.496 9 INFO neutron.db.ovn_revision_numbers_db [None req-170fbc13-3348-4c23-a326-131a99811a80 05d44c9b20d34c2e91bf09259012f0df 9b2ebde2e06545aa9df6aebd00da89d1 - - default default] Successfully bumped revision number for resource ac0130be-899a-4d40-8f0b-4bfab812531f (type: subnets) to 0
2026-04-02 17:55:15.523 9 INFO neutron.wsgi [None req-170fbc13-3348-4c23-a326-131a99811a80 05d44c9b20d34c2e91bf09259012f0df 9b2ebde2e06545aa9df6aebd00da89d1 - - default default] 10.0.0.157 "POST /v2.0/subnets HTTP/1.1" status: 201 len: 1476 time: 0.6635170
2026-04-02 17:55:15.529 9 INFO neutron.notifiers.nova [-] Nova event matching ['req-0fc81622-bf1d-4190-b3a7-edaddf04b5a4'] response: {'server_uuid': '912de04e-f728-4864-9ea8-d3ae35750e6b', 'name': 'network-vif-unplugged', 'status': 'completed', 'tag': 'cc477349-f031-42f7-8236-913fb8dc5982', 'code': 200}
2026-04-02 17:55:15.600 10 INFO neutron.wsgi [None req-775d53d1-8ae6-4014-b8f7-542453c3154a 05d44c9b20d34c2e91bf09259012f0df 9b2ebde2e06545aa9df6aebd00da89d1 - - default default] 10.0.0.157 "GET /v2.0/subnets HTTP/1.1" status: 200 len: 2084 time: 0.0711632
2026-04-02 17:55:15.629 10 INFO neutron.wsgi [req-6e5a2e43-ed0b-4485-9e98-086f0ff06fef req-f21a6178-4eac-4158-8abb-b3ced4d9c632 3fc92a28ef364c1baf0f70baffe322d9 3bd227c7f0074983a678a7dfdb28de72 - - default default] 199.204.45.53 "GET /v2.0/ports?device_id=912de04e-f728-4864-9ea8-d3ae35750e6b HTTP/1.1" status: 200 len: 1168 time: 0.0650573
2026-04-02 17:55:15.692 9 INFO neutron.db.ovn_revision_numbers_db [None req-31a44c0b-f4e7-4680-a320-06d4f79cb80f - - - - - -] Successfully bumped revision number for resource cc477349-f031-42f7-8236-913fb8dc5982 (type: ports) to 7
2026-04-02 17:55:15.920 10 INFO neutron.wsgi [None req-1224aaeb-0554-4ec2-b970-cc775383365b 05d44c9b20d34c2e91bf09259012f0df 9b2ebde2e06545aa9df6aebd00da89d1 - - default default] 10.0.0.157 "DELETE /v2.0/subnets/b4e3ac23-3c81-4ac7-a8d7-9d72c0ac2dab HTTP/1.1" status: 204 len: 168 time: 0.3007274 /var/lib/openstack/lib/python3.10/site-packages/pycadf/identifier.py:71: UserWarning: Invalid uuid: neutron. To ensure interoperability, identifiers should be a valid uuid. warnings.warn(('Invalid uuid: %s. To ensure interoperability, '
2026-04-02 17:55:16.107 9 INFO neutron.wsgi [None req-f53abc06-a223-4608-aff5-8281aeb0b902 05d44c9b20d34c2e91bf09259012f0df 9b2ebde2e06545aa9df6aebd00da89d1 - - default default] 10.0.0.157 "DELETE /v2.0/subnets/ac0130be-899a-4d40-8f0b-4bfab812531f HTTP/1.1" status: 204 len: 168 time: 0.1806786
2026-04-02 17:55:16.153 9 INFO neutron.wsgi [None req-7c3fa1bf-af18-4bb6-ba21-db35249c287c 05d44c9b20d34c2e91bf09259012f0df 9b2ebde2e06545aa9df6aebd00da89d1 - - default default] 10.0.0.157 "GET /v2.0/subnets HTTP/1.1" status: 200 len: 820 time: 0.0424218
2026-04-02 17:55:16.255 10 INFO neutron.wsgi [None req-9f02d81f-a67b-4220-8369-2ade13e6c726 dbce94dc3c864887b2ddaef86bde4f54 4b2e2787f3594bba8853cbf816814749 - - default default] 10.0.0.157 "DELETE /v2.0/networks/f02cc9e5-4eae-45d7-882b-855ac42b12d0 HTTP/1.1" status: 204 len: 168 time: 0.7918744
2026-04-02 17:55:16.398 10 INFO neutron.db.l3_db [req-6e5a2e43-ed0b-4485-9e98-086f0ff06fef req-2a2c2d9a-530c-4f8c-be97-6406ca61fc76 3fc92a28ef364c1baf0f70baffe322d9 3bd227c7f0074983a678a7dfdb28de72 - - default default] Floating IP 7f3ca250-a9ae-4803-ad87-98e995a6d5a7 disassociated. External IP: 10.96.250.215, port: cc477349-f031-42f7-8236-913fb8dc5982.
2026-04-02 17:55:16.520 9 INFO neutron.services.segments.plugin [-] Segment a9a33409-65f2-41fb-95c3-7001268abc73 resource provider aggregate not found
2026-04-02 17:55:16.526 9 INFO neutron.services.segments.plugin [-] Segment a9a33409-65f2-41fb-95c3-7001268abc73 resource provider aggregate not found
2026-04-02 17:55:16.543 9 INFO neutron.services.segments.plugin [-] Segment a9a33409-65f2-41fb-95c3-7001268abc73 resource provider not found; error: Placement Client Error (4xx): {"errors": [{"status": 404, "title": "Not Found", "detail": "The resource could not be found.\n\n No resource provider with uuid a9a33409-65f2-41fb-95c3-7001268abc73 found for delete ", "request_id": "req-3d382945-f3ea-4416-824a-2bc5d486d5b6"}]}
2026-04-02 17:55:16.551 9 INFO neutron.services.segments.plugin [-] Segment a9a33409-65f2-41fb-95c3-7001268abc73 resource provider not found; error: Placement Client Error (4xx): {"errors": [{"status": 404, "title": "Not Found", "detail": "The resource could not be found.\n\n No resource provider with uuid a9a33409-65f2-41fb-95c3-7001268abc73 found for delete ", "request_id": "req-57cd18a8-a684-4bb7-8708-8cc7f863882e"}]}
2026-04-02 17:55:16.554 9 INFO neutron.wsgi [req-73d20de3-7554-4c85-9350-560103bb77c2 req-97a62e6d-c562-478d-857f-cbd389621716 3fc92a28ef364c1baf0f70baffe322d9 3bd227c7f0074983a678a7dfdb28de72 - - default default] 10.0.0.89 "GET /v2.0/ports?device_id=912de04e-f728-4864-9ea8-d3ae35750e6b HTTP/1.1" status: 200 len: 210 time: 0.0306532
2026-04-02 17:55:16.576 10 INFO neutron.wsgi [req-6e5a2e43-ed0b-4485-9e98-086f0ff06fef req-2a2c2d9a-530c-4f8c-be97-6406ca61fc76 3fc92a28ef364c1baf0f70baffe322d9 3bd227c7f0074983a678a7dfdb28de72 - - default default] 199.204.45.53 "DELETE /v2.0/ports/cc477349-f031-42f7-8236-913fb8dc5982 HTTP/1.1" status: 204 len: 173 time: 0.9363115
2026-04-02 17:55:16.581 9 INFO neutron.wsgi [None req-5d01b434-3602-4001-8cbb-a1c8987a9780 05d44c9b20d34c2e91bf09259012f0df 9b2ebde2e06545aa9df6aebd00da89d1 - - default default] 10.0.0.157 "DELETE /v2.0/networks/a029ee5d-4c63-4d78-a4b6-751ad411266d HTTP/1.1" status: 204 len: 168 time: 0.4234591 /var/lib/openstack/lib/python3.10/site-packages/pycadf/identifier.py:71: UserWarning: Invalid uuid: neutron. To ensure interoperability, identifiers should be a valid uuid. warnings.warn(('Invalid uuid: %s. To ensure interoperability, '
2026-04-02 17:55:16.799 10 INFO neutron.notifiers.nova [-] Nova event matching ['req-8b4b476a-f9ae-4025-8a4d-36ac4f6a5146'] response: {'server_uuid': '912de04e-f728-4864-9ea8-d3ae35750e6b', 'name': 'network-vif-deleted', 'tag': 'cc477349-f031-42f7-8236-913fb8dc5982', 'status': 'completed', 'code': 200}
2026-04-02 17:55:16.839 10 INFO neutron.wsgi [None req-4b6caac3-f815-479b-98b7-1ed5fb9a4d64 dbce94dc3c864887b2ddaef86bde4f54 4b2e2787f3594bba8853cbf816814749 - - default default] 10.0.0.157 "DELETE /v2.0/networks/6d8f898a-042c-4940-b1a7-213526001868 HTTP/1.1" status: 204 len: 168 time: 0.5773070
2026-04-02 17:55:17.055 10 INFO neutron.wsgi [None req-b4682d35-975a-4ec0-8328-118e5ae51d20 05d44c9b20d34c2e91bf09259012f0df 9b2ebde2e06545aa9df6aebd00da89d1 - - default default] 10.0.0.157 "DELETE /v2.0/networks/9f206361-e3f2-43c7-bf25-305df02ee9e6 HTTP/1.1" status: 204 len: 168 time: 0.4684477
2026-04-02 17:55:17.151 10 INFO neutron.wsgi [-] 10.0.0.149 "GET / HTTP/1.1" status: 200 len: 247 time: 0.0023801
2026-04-02 17:55:17.154 10 INFO neutron.wsgi [-] 10.0.0.149 "GET / HTTP/1.1" status: 200 len: 247 time: 0.0019197
2026-04-02 17:55:17.293 10 INFO neutron.wsgi [None req-162c1ae0-48c9-4292-a5ce-73a69ee04c09 e5920096478448dbb6eba624f5643ed6 04efb0ac35034d1aaab6abe3211d5b92 - - default default] 10.0.0.199 "GET /v2.0/ports HTTP/1.1" status: 200 len: 16740 time: 0.1708920
2026-04-02 17:55:17.299 9 INFO neutron.wsgi [None req-e194cd27-7815-49b6-b01c-e57248ee911b dbce94dc3c864887b2ddaef86bde4f54 4b2e2787f3594bba8853cbf816814749 - - default default] 10.0.0.157 "DELETE /v2.0/networks/31910ca4-08db-4df7-a860-787e313736e9 HTTP/1.1" status: 204 len: 168 time: 0.4547930
2026-04-02 17:55:17.360 10 INFO neutron.wsgi [None req-6abb5c4c-2a12-4e0a-8b9a-15e30db495b2 e5920096478448dbb6eba624f5643ed6 04efb0ac35034d1aaab6abe3211d5b92 - - default default] 10.0.0.199 "GET /v2.0/subnets HTTP/1.1" status: 200 len: 2759 time: 0.0535076
2026-04-02 17:55:17.377 10 INFO neutron.wsgi [None req-17cd0411-42a8-4f4d-b8b5-16a36edcbc78 e5920096478448dbb6eba624f5643ed6 04efb0ac35034d1aaab6abe3211d5b92 - - default default] 10.0.0.199 "GET /v2.0/agents HTTP/1.1" status: 200 len: 1390 time: 0.0146821
2026-04-02 17:55:17.414 10 INFO neutron.wsgi [None req-d43c5f54-5e91-4780-8abe-4a490fb7441b e5920096478448dbb6eba624f5643ed6 04efb0ac35034d1aaab6abe3211d5b92 - - default default] 10.0.0.199 "GET /v2.0/subnets HTTP/1.1" status: 200 len: 2759 time: 0.0358818
2026-04-02 17:55:17.430 10 INFO neutron.wsgi [None req-3626db30-a019-49ce-b04a-146dc89afbc7 e5920096478448dbb6eba624f5643ed6 04efb0ac35034d1aaab6abe3211d5b92 - - default default] 10.0.0.199 "GET /v2.0/subnetpools HTTP/1.1" status: 200 len: 193 time: 0.0148687
2026-04-02 17:55:17.444 10 INFO neutron.services.segments.plugin [-] Segment 610e2b66-8101-4d78-918f-44df2792f541 resource provider aggregate not found
2026-04-02 17:55:17.450 10 INFO neutron.services.segments.plugin [-] Segment 610e2b66-8101-4d78-918f-44df2792f541 resource provider aggregate not found
2026-04-02 17:55:17.469 10 INFO neutron.services.segments.plugin [-] Segment 610e2b66-8101-4d78-918f-44df2792f541 resource provider not found; error: Placement Client Error (4xx): {"errors": [{"status": 404, "title": "Not Found", "detail": "The resource could not be found.\n\n No resource provider with uuid 610e2b66-8101-4d78-918f-44df2792f541 found for delete ", "request_id": "req-f87cca50-c9b7-4b6d-a500-36dee152b884"}]}
2026-04-02 17:55:17.473 10 INFO neutron.services.segments.plugin [-] Segment 610e2b66-8101-4d78-918f-44df2792f541 resource provider not found; error: Placement Client Error (4xx): {"errors": [{"status": 404, "title": "Not Found", "detail": "The resource could not be found.\n\n No resource provider with uuid 610e2b66-8101-4d78-918f-44df2792f541 found for delete ", "request_id": "req-412576bc-8265-451e-bc70-a9dd54befb6d"}]}
2026-04-02 17:55:17.491 10 INFO neutron.services.segments.plugin [-] Segment 8f3a893a-e988-4467-818f-f33fc286d329 resource provider aggregate not found
2026-04-02 17:55:17.496 10 INFO neutron.services.segments.plugin [-] Segment 8f3a893a-e988-4467-818f-f33fc286d329 resource provider aggregate not found
2026-04-02 17:55:17.508 10 INFO neutron.services.segments.plugin [-] Segment 8f3a893a-e988-4467-818f-f33fc286d329 resource provider not found; error: Placement Client Error (4xx): {"errors": [{"status": 404, "title": "Not Found", "detail": "The resource could not be found.\n\n No resource provider with uuid 8f3a893a-e988-4467-818f-f33fc286d329 found for delete ", "request_id": "req-49f689f5-a14f-425d-a07f-aa4c54617b3f"}]}
2026-04-02 17:55:17.514 10 INFO neutron.services.segments.plugin [-] Segment 8f3a893a-e988-4467-818f-f33fc286d329 resource provider not found; error: Placement Client Error (4xx): {"errors": [{"status": 404, "title": "Not Found", "detail": "The resource could not be found.\n\n No resource provider with uuid 8f3a893a-e988-4467-818f-f33fc286d329 found for delete ", "request_id": "req-40f4761d-4624-466a-823d-165a14a49a29"}]}
2026-04-02 17:55:17.528 10 INFO neutron.wsgi [None req-e41a975a-0c22-414a-b5fd-9efd8079e909 e5920096478448dbb6eba624f5643ed6 04efb0ac35034d1aaab6abe3211d5b92 - - default default] 10.0.0.199 "GET /v2.0/security-groups HTTP/1.1" status: 200 len: 34923 time: 0.0960839
2026-04-02 17:55:17.529 10 INFO neutron.services.segments.plugin [-] Segment f0b3f182-e834-487f-9a23-eb093fe0b6ba resource provider aggregate not found
2026-04-02 17:55:17.532 10 INFO neutron.services.segments.plugin [-] Segment f0b3f182-e834-487f-9a23-eb093fe0b6ba resource provider aggregate not found
2026-04-02 17:55:17.544 10 INFO neutron.services.segments.plugin [-] Segment f0b3f182-e834-487f-9a23-eb093fe0b6ba resource provider not found; error: Placement Client Error (4xx): {"errors": [{"status": 404, "title": "Not Found", "detail": "The resource could not be found.\n\n No resource provider with uuid f0b3f182-e834-487f-9a23-eb093fe0b6ba found for delete ", "request_id": "req-b9bf339c-ff7f-49ca-bb65-8ee39a7cf01c"}]}
2026-04-02 17:55:17.545 10 INFO neutron.services.segments.plugin [-] Segment f0b3f182-e834-487f-9a23-eb093fe0b6ba resource provider not found; error: Placement Client Error (4xx): {"errors": [{"status": 404, "title": "Not Found", "detail": "The resource could not be found.\n\n No resource provider with uuid f0b3f182-e834-487f-9a23-eb093fe0b6ba found for delete ", "request_id": "req-8c9b12fe-e7f1-4e97-997d-35fed10f5db8"}]}
2026-04-02 17:55:17.549 10 INFO neutron.wsgi [None req-54ab997f-f717-4e9e-9e22-d66475e59fac e5920096478448dbb6eba624f5643ed6 04efb0ac35034d1aaab6abe3211d5b92 - - default default] 10.0.0.199 "GET /v2.0/network-ip-availabilities HTTP/1.1" status: 200 len: 2831 time: 0.0143056
2026-04-02 17:55:17.596 9 INFO neutron.notifiers.nova [-] Nova event matching ['req-21fb5154-a48e-4078-b750-a0008d0c8cc9'] response: {'server_uuid': '912de04e-f728-4864-9ea8-d3ae35750e6b', 'name': 'network-vif-unplugged', 'status': 'completed', 'tag': 'cc477349-f031-42f7-8236-913fb8dc5982', 'code': 200}
2026-04-02 17:55:17.607 9 INFO neutron.wsgi [None req-fed78009-8558-41ef-ac41-3944a0b4f835 05d44c9b20d34c2e91bf09259012f0df 9b2ebde2e06545aa9df6aebd00da89d1 - - default default] 10.0.0.157 "DELETE /v2.0/networks/5bc2895d-145a-43cd-9c6b-265841057116 HTTP/1.1" status: 204 len: 168 time: 0.5482454
2026-04-02 17:55:17.677 10 INFO neutron.wsgi [None req-61811c30-aa0b-41ea-9cef-220670ae15b8 e5920096478448dbb6eba624f5643ed6 04efb0ac35034d1aaab6abe3211d5b92 - - default default] 10.0.0.199 "GET /v2.0/networks HTTP/1.1" status: 200 len: 5330 time: 0.1245303
2026-04-02 17:55:17.775 9 INFO neutron.wsgi [None req-ae3b1d82-0cb2-4caf-9e04-27a90561002e 3fc92a28ef364c1baf0f70baffe322d9 3bd227c7f0074983a678a7dfdb28de72 - - default default] 10.0.0.157 "DELETE /v2.0/security-groups/bc198d55-8e41-4725-83e4-2adbab2fd181 HTTP/1.1" status: 204 len: 168 time: 0.1225061
2026-04-02 17:55:17.791 9 INFO neutron.api.v2.resource [None req-abdd1772-2666-4148-b4d4-6507db512c88 3fc92a28ef364c1baf0f70baffe322d9 3bd227c7f0074983a678a7dfdb28de72 - - default default] show failed (client error): The resource could not be found.
2026-04-02 17:55:17.792 9 INFO neutron.wsgi [None req-abdd1772-2666-4148-b4d4-6507db512c88 3fc92a28ef364c1baf0f70baffe322d9 3bd227c7f0074983a678a7dfdb28de72 - - default default] 10.0.0.157 "GET /v2.0/security-groups/bc198d55-8e41-4725-83e4-2adbab2fd181 HTTP/1.1" status: 404 len: 347 time: 0.0125656
2026-04-02 17:55:17.809 10 INFO neutron.wsgi [None req-74123270-c4d4-44f2-b15d-c1a790eea8bc e5920096478448dbb6eba624f5643ed6 04efb0ac35034d1aaab6abe3211d5b92 - - default default] 10.0.0.199 "GET /v2.0/routers HTTP/1.1" status: 200 len: 2127 time: 0.1236653
2026-04-02 17:55:17.823 10 INFO neutron.wsgi [None req-188d2097-b271-476f-8c92-147e6a916253 e5920096478448dbb6eba624f5643ed6 04efb0ac35034d1aaab6abe3211d5b92 - - default default] 10.0.0.199 "GET /v2.0/agents?binary=ovn-controller HTTP/1.1" status: 200 len: 591 time: 0.0113039
2026-04-02 17:55:17.896 10 INFO neutron.wsgi [None req-e55791e8-ee88-41ec-9ef2-728d312536ee e5920096478448dbb6eba624f5643ed6 04efb0ac35034d1aaab6abe3211d5b92 - - default default] 10.0.0.199 "GET /v2.0/floatingips HTTP/1.1" status: 200 len: 1574 time: 0.0701618
2026-04-02 17:55:17.950 10 INFO neutron.wsgi [None req-15d2ba84-8d2e-4fbe-8fa5-4de6a0ad9a87 e5920096478448dbb6eba624f5643ed6 04efb0ac35034d1aaab6abe3211d5b92 - - default default] 10.0.0.157 "GET /v2.0/security-groups?tenant_id=4b2e2787f3594bba8853cbf816814749&name=default HTTP/1.1" status: 200 len: 3120 time: 0.1498902
2026-04-02 17:55:18.145 9 INFO neutron.wsgi [None req-a977aabf-4b22-4b0e-98b3-a56df77db452 3fc92a28ef364c1baf0f70baffe322d9 3bd227c7f0074983a678a7dfdb28de72 - - default default] 10.0.0.157 "DELETE /v2.0/floatingips/7f3ca250-a9ae-4803-ad87-98e995a6d5a7 HTTP/1.1" status: 204 len: 168 time: 0.3479009
2026-04-02 17:55:18.174 10 INFO neutron.wsgi [None req-a7b68f94-3d59-4158-bd56-1a7119fa49e2 05d44c9b20d34c2e91bf09259012f0df 9b2ebde2e06545aa9df6aebd00da89d1 - - default default] 10.0.0.157 "DELETE /v2.0/networks/dbaf413e-c189-438c-8e1e-d7797e2b4db1 HTTP/1.1" status: 204 len: 168 time: 0.5612977
2026-04-02 17:55:18.227 10 INFO neutron.wsgi [None req-21c128b0-8605-46a6-b32f-d396cb54564f e5920096478448dbb6eba624f5643ed6 04efb0ac35034d1aaab6abe3211d5b92 - - default default] 10.0.0.157 "DELETE /v2.0/security-groups/ff0762a3-b3cf-4297-9f62-51ae9829cee1 HTTP/1.1" status: 204 len: 168 time: 0.2727275
2026-04-02 17:55:18.559 9 INFO neutron.services.segments.plugin [-] Segment 3216f03d-1e32-45fc-99ea-17e5ce91efa2 resource provider aggregate not found
2026-04-02 17:55:18.574 9 INFO neutron.services.segments.plugin [-] Segment 3216f03d-1e32-45fc-99ea-17e5ce91efa2 resource provider not found; error: Placement Client Error (4xx): {"errors": [{"status": 404, "title": "Not Found", "detail": "The resource could not be found.\n\n No resource provider with uuid 3216f03d-1e32-45fc-99ea-17e5ce91efa2 found for delete ", "request_id": "req-8fb518e7-1738-40b3-ae1f-c24bf7789f02"}]}
2026-04-02 17:55:18.579 9 INFO neutron.services.segments.plugin [-] Segment 3216f03d-1e32-45fc-99ea-17e5ce91efa2 resource provider aggregate not found
2026-04-02 17:55:18.597 9 INFO neutron.services.segments.plugin [-] Segment ebc72c44-fc5f-427c-a682-f96430473af3 resource provider aggregate not found
2026-04-02 17:55:18.614 9 INFO neutron.services.segments.plugin [-] Segment 3216f03d-1e32-45fc-99ea-17e5ce91efa2 resource provider not found; error: Placement Client Error (4xx): {"errors": [{"status": 404, "title": "Not Found", "detail": "The resource could not be found.\n\n No resource provider with uuid 3216f03d-1e32-45fc-99ea-17e5ce91efa2 found for delete ", "request_id": "req-0e632a8e-c6a4-4287-9ddc-078ffc249cc2"}]}
2026-04-02 17:55:18.618 9 INFO neutron.services.segments.plugin [-] Segment ebc72c44-fc5f-427c-a682-f96430473af3 resource provider not found; error: Placement Client Error (4xx): {"errors": [{"status": 404, "title": "Not Found", "detail": "The resource could not be found.\n\n No resource provider with uuid ebc72c44-fc5f-427c-a682-f96430473af3 found for delete ", "request_id": "req-f25b4369-2583-4ed9-bbf8-20942fe32330"}]}
2026-04-02 17:55:18.631 9 INFO neutron.services.segments.plugin [-] Segment ebc72c44-fc5f-427c-a682-f96430473af3 resource provider aggregate not found
2026-04-02 17:55:18.651 9 INFO neutron.services.segments.plugin [-] Segment ebc72c44-fc5f-427c-a682-f96430473af3 resource provider not found; error: Placement Client Error (4xx): {"errors": [{"status": 404, "title": "Not Found", "detail": "The resource could not be found.\n\n No resource provider with uuid ebc72c44-fc5f-427c-a682-f96430473af3 found for delete ", "request_id": "req-069493b0-cf7c-491f-a044-3de0c5ee2f55"}]}
2026-04-02 17:55:18.774 10 INFO neutron.wsgi [None req-0ff4523e-b129-4837-ac4f-b056d51cc4cb e5920096478448dbb6eba624f5643ed6 04efb0ac35034d1aaab6abe3211d5b92 - - default default] 10.0.0.157 "GET /v2.0/security-groups?tenant_id=9b2ebde2e06545aa9df6aebd00da89d1&name=default HTTP/1.1" status: 200 len: 3120 time: 0.1663072
2026-04-02 17:55:18.973 10 INFO neutron.wsgi [None req-2f9571d2-2a37-4c7c-a0fc-e8a22c1d943d e5920096478448dbb6eba624f5643ed6 04efb0ac35034d1aaab6abe3211d5b92 - - default default] 10.0.0.157 "DELETE /v2.0/security-groups/f7ea47d2-aa14-4774-a30b-f058beec3c28 HTTP/1.1" status: 204 len: 168 time: 0.1941230
2026-04-02 17:55:19.520 9 INFO neutron.wsgi [None req-86c213b4-1f5b-4988-a2a2-0ad9863d3b7b e5920096478448dbb6eba624f5643ed6 04efb0ac35034d1aaab6abe3211d5b92 - - default default] 10.0.0.157 "PUT /v2.0/routers/4274a81a-e177-4510-b393-a12a2387e644/remove_router_interface HTTP/1.1" status: 200 len: 503 time: 1.3082900 /var/lib/openstack/lib/python3.10/site-packages/pycadf/identifier.py:71: UserWarning: Invalid uuid: neutron. To ensure interoperability, identifiers should be a valid uuid. warnings.warn(('Invalid uuid: %s. To ensure interoperability, '
2026-04-02 17:55:19.560 10 INFO neutron.services.segments.plugin [-] Segment b0634f03-247e-4f97-b36b-aa4c70e8fa48 resource provider aggregate not found
2026-04-02 17:55:19.568 10 INFO neutron.services.segments.plugin [-] Segment b0634f03-247e-4f97-b36b-aa4c70e8fa48 resource provider aggregate not found
2026-04-02 17:55:19.576 10 INFO neutron.services.segments.plugin [-] Segment b0634f03-247e-4f97-b36b-aa4c70e8fa48 resource provider not found; error: Placement Client Error (4xx): {"errors": [{"status": 404, "title": "Not Found", "detail": "The resource could not be found.\n\n No resource provider with uuid b0634f03-247e-4f97-b36b-aa4c70e8fa48 found for delete ", "request_id": "req-d1beaa29-c2bd-4386-9422-7b70c875c396"}]}
2026-04-02 17:55:19.578 10 INFO neutron.services.segments.plugin [-] Segment b0634f03-247e-4f97-b36b-aa4c70e8fa48 resource provider not found; error: Placement Client Error (4xx): {"errors": [{"status": 404, "title": "Not Found", "detail": "The resource could not be found.\n\n No resource provider with uuid b0634f03-247e-4f97-b36b-aa4c70e8fa48 found for delete ", "request_id": "req-6dcf69fb-c05f-47ab-afa3-f580448f6926"}]}
2026-04-02 17:55:20.048 9 WARNING neutron_lib.context [None req-6e882111-8896-452a-8d03-412111980932 053a2ac11f5244279b6bd4728b287a75 7e2036fc3d99484b837e30dca59b6beb - - default default] Method 'is_advsvc' is deprecated since 2023.2 release (neutron-lib 3.8.0) and will be removed once support for the old RBAC API policies will be removed from Neutron. Please use method 'is_service_role' instead.
2026-04-02 17:55:20.272 9 INFO neutron.db.ovn_revision_numbers_db [None req-6e882111-8896-452a-8d03-412111980932 053a2ac11f5244279b6bd4728b287a75 7e2036fc3d99484b837e30dca59b6beb - - default default] Successfully bumped revision number for resource a9e1554b-4ced-4969-986d-449c48c7867b (type: security_groups) to 1
2026-04-02 17:55:20.295 9 INFO neutron.db.ovn_revision_numbers_db [None req-6e882111-8896-452a-8d03-412111980932 053a2ac11f5244279b6bd4728b287a75 7e2036fc3d99484b837e30dca59b6beb - - default default] Successfully bumped revision number for resource 59a8bbd8-ca71-4a5e-89f6-fdc50d9a4dd8 (type: security_group_rules) to 0
2026-04-02 17:55:20.335 9 INFO neutron.db.ovn_revision_numbers_db [None req-6e882111-8896-452a-8d03-412111980932 053a2ac11f5244279b6bd4728b287a75 7e2036fc3d99484b837e30dca59b6beb - - default default] Successfully bumped revision number for resource 7a80842c-5666-4a22-9600-5588bd25b4ec (type: security_group_rules) to 0
2026-04-02 17:55:20.359 9 INFO neutron.db.ovn_revision_numbers_db [None req-6e882111-8896-452a-8d03-412111980932 053a2ac11f5244279b6bd4728b287a75 7e2036fc3d99484b837e30dca59b6beb - - default default] Successfully bumped revision number for resource ceeb3619-dcfa-4345-bc58-263053ac1015 (type: security_group_rules) to 0
2026-04-02 17:55:20.370 9 INFO neutron.db.ovn_revision_numbers_db [None req-6e882111-8896-452a-8d03-412111980932 053a2ac11f5244279b6bd4728b287a75 7e2036fc3d99484b837e30dca59b6beb - - default default] Successfully bumped revision number for resource d4846d1b-09ea-4379-a4dc-6a7736a05611 (type: security_group_rules) to 0
2026-04-02 17:55:20.391 9 INFO neutron.wsgi [None req-ea64e2f1-36c1-4a9a-937a-2d4ec6b07617 e5920096478448dbb6eba624f5643ed6 04efb0ac35034d1aaab6abe3211d5b92 - - default default] 10.0.0.157 "DELETE /v2.0/routers/4274a81a-e177-4510-b393-a12a2387e644 HTTP/1.1" status: 204 len: 168 time: 0.8665390
2026-04-02 17:55:20.426 9 INFO neutron.db.segments_db [None req-6e882111-8896-452a-8d03-412111980932 053a2ac11f5244279b6bd4728b287a75 7e2036fc3d99484b837e30dca59b6beb - - default default] Added segment f9c5a461-971f-4b87-bc5f-4334dcb649d1 of type geneve for network cd598b2c-ecaa-47bc-af2d-4e2b474cc3bd
2026-04-02 17:55:20.620 9 INFO neutron.db.ovn_revision_numbers_db [None req-6e882111-8896-452a-8d03-412111980932 053a2ac11f5244279b6bd4728b287a75 7e2036fc3d99484b837e30dca59b6beb - - default default] Successfully bumped revision number for resource cd598b2c-ecaa-47bc-af2d-4e2b474cc3bd (type: networks) to 1
2026-04-02 17:55:20.710 9 INFO neutron.wsgi [None req-27537137-ff70-42e4-8911-2b48691b069d e5920096478448dbb6eba624f5643ed6 04efb0ac35034d1aaab6abe3211d5b92 - - default default] 10.0.0.157 "DELETE /v2.0/subnets/b5ff1baf-576e-4ab5-a0d6-39993a06244f HTTP/1.1" status: 204 len: 168 time: 0.3145835
2026-04-02 17:55:20.763 10 WARNING neutron_lib.context [None req-a6d3431a-b762-44d4-aae4-4d6d94690848 68c443fe60194270981783c6231d4e4a f056649053c1484bb2513577fd599c0f - - default default] Method 'is_advsvc' is deprecated since 2023.2 release (neutron-lib 3.8.0) and will be removed once support for the old RBAC API policies will be removed from Neutron. Please use method 'is_service_role' instead.
2026-04-02 17:55:20.839 9 WARNING neutron.scheduler.dhcp_agent_scheduler [None req-6e882111-8896-452a-8d03-412111980932 053a2ac11f5244279b6bd4728b287a75 7e2036fc3d99484b837e30dca59b6beb - - default default] No more DHCP agents
2026-04-02 17:55:20.841 9 WARNING neutron.api.rpc.agentnotifiers.dhcp_rpc_agent_api [None req-6e882111-8896-452a-8d03-412111980932 053a2ac11f5244279b6bd4728b287a75 7e2036fc3d99484b837e30dca59b6beb - - default default] Unable to schedule network cd598b2c-ecaa-47bc-af2d-4e2b474cc3bd: no agents available; will retry on subsequent port and subnet creation events.
2026-04-02 17:55:20.921 10 INFO neutron.db.ovn_revision_numbers_db [None req-a6d3431a-b762-44d4-aae4-4d6d94690848 68c443fe60194270981783c6231d4e4a f056649053c1484bb2513577fd599c0f - - default default] Successfully bumped revision number for resource 25066aa3-5796-4fde-875f-1b4ef673d719 (type: security_groups) to 1
2026-04-02 17:55:20.934 10 INFO neutron.db.ovn_revision_numbers_db [None req-a6d3431a-b762-44d4-aae4-4d6d94690848 68c443fe60194270981783c6231d4e4a f056649053c1484bb2513577fd599c0f - - default default] Successfully bumped revision number for resource 4dc7528d-2511-4d36-821c-017fb0afc004 (type: security_group_rules) to 0
2026-04-02 17:55:20.948 10 INFO neutron.db.ovn_revision_numbers_db [None req-a6d3431a-b762-44d4-aae4-4d6d94690848 68c443fe60194270981783c6231d4e4a f056649053c1484bb2513577fd599c0f - - default default] Successfully bumped revision number for resource 5a685731-7230-4d2b-89f0-b9acd0a65001 (type: security_group_rules) to 0
2026-04-02 17:55:20.958 9 INFO neutron.db.ovn_revision_numbers_db [None req-6e882111-8896-452a-8d03-412111980932 053a2ac11f5244279b6bd4728b287a75 7e2036fc3d99484b837e30dca59b6beb - - default default] Successfully bumped revision number for resource 7e3c31c1-1fe5-4d86-98c4-d4ccd4cbe754 (type: ports) to 1
2026-04-02 17:55:20.963 10 INFO neutron.db.ovn_revision_numbers_db [None req-a6d3431a-b762-44d4-aae4-4d6d94690848 68c443fe60194270981783c6231d4e4a f056649053c1484bb2513577fd599c0f - - default default] Successfully bumped revision number for resource 6adef646-95b2-46e0-88b6-cb346bd649d9 (type: security_group_rules) to 0
2026-04-02 17:55:20.977 10 INFO neutron.db.ovn_revision_numbers_db [None req-a6d3431a-b762-44d4-aae4-4d6d94690848 68c443fe60194270981783c6231d4e4a f056649053c1484bb2513577fd599c0f - - default default] Successfully bumped revision number for resource cdb236f8-fe76-4202-b126-2dad15534ed0 (type: security_group_rules) to 0
2026-04-02 17:55:20.981 9 INFO neutron.wsgi [None req-6e882111-8896-452a-8d03-412111980932 053a2ac11f5244279b6bd4728b287a75 7e2036fc3d99484b837e30dca59b6beb - - default default] 10.0.0.157 "POST /v2.0/networks HTTP/1.1" status: 201 len: 842 time: 1.1504536
2026-04-02 17:55:21.020 9 WARNING neutron_lib.context [None req-7db4c30e-2944-4a51-9e2d-3bb6094b7f4e 053a2ac11f5244279b6bd4728b287a75 7e2036fc3d99484b837e30dca59b6beb - - default default] Method 'is_advsvc' is deprecated since 2023.2 release (neutron-lib 3.8.0) and will be removed once support for the old RBAC API policies will be removed from Neutron. Please use method 'is_service_role' instead.
2026-04-02 17:55:21.033 10 INFO neutron.db.segments_db [None req-a6d3431a-b762-44d4-aae4-4d6d94690848 68c443fe60194270981783c6231d4e4a f056649053c1484bb2513577fd599c0f - - default default] Added segment 09f4f816-a73f-4f76-a3f5-bae8f7925a53 of type geneve for network f0591891-6907-43ab-9e6a-445a168841b2
2026-04-02 17:55:21.159 9 INFO neutron.services.segments.plugin [-] Segment ee3614b5-a909-4688-be2f-f0e7bd880b90 resource provider aggregate not found
2026-04-02 17:55:21.163 9 INFO neutron.services.segments.plugin [-] Segment ee3614b5-a909-4688-be2f-f0e7bd880b90 resource provider aggregate not found
2026-04-02 17:55:21.180 9 INFO neutron.services.segments.plugin [-] Segment ee3614b5-a909-4688-be2f-f0e7bd880b90 resource provider not found; error: Placement Client Error (4xx): {"errors": [{"status": 404, "title": "Not Found", "detail": "The resource could not be found.\n\n No resource provider with uuid ee3614b5-a909-4688-be2f-f0e7bd880b90 found for delete ", "request_id": "req-10cc68ad-220d-46ad-9cdf-3370d4c4d1c7"}]}
2026-04-02 17:55:21.182 9 INFO neutron.services.segments.plugin [-] Segment ee3614b5-a909-4688-be2f-f0e7bd880b90 resource provider not found; error: Placement Client Error (4xx): {"errors": [{"status": 404, "title": "Not Found", "detail": "The resource could not be found.\n\n No resource provider with uuid ee3614b5-a909-4688-be2f-f0e7bd880b90 found for delete ", "request_id": "req-052eedfc-5a16-42d5-bcda-f05996eb8163"}]}
2026-04-02 17:55:21.185 10 INFO neutron.db.ovn_revision_numbers_db [None req-a6d3431a-b762-44d4-aae4-4d6d94690848 68c443fe60194270981783c6231d4e4a f056649053c1484bb2513577fd599c0f - - default default] Successfully bumped revision number for resource f0591891-6907-43ab-9e6a-445a168841b2 (type: networks) to 1
2026-04-02 17:55:21.215 9 INFO neutron.wsgi [None req-10b757cf-729e-468f-8e45-7206afee2afc e5920096478448dbb6eba624f5643ed6 04efb0ac35034d1aaab6abe3211d5b92 - - default default] 10.0.0.157 "DELETE /v2.0/networks/50c73e21-7496-4fc1-adfe-1b72e439a2b7 HTTP/1.1" status: 204 len: 168 time: 0.4989083
2026-04-02 17:55:21.321 9 WARNING neutron.scheduler.dhcp_agent_scheduler [None req-7db4c30e-2944-4a51-9e2d-3bb6094b7f4e 053a2ac11f5244279b6bd4728b287a75 7e2036fc3d99484b837e30dca59b6beb - - default default] No more DHCP agents
2026-04-02 17:55:21.323 9 WARNING neutron.api.rpc.agentnotifiers.dhcp_rpc_agent_api [None req-7db4c30e-2944-4a51-9e2d-3bb6094b7f4e 053a2ac11f5244279b6bd4728b287a75 7e2036fc3d99484b837e30dca59b6beb - - default default] Unable to schedule network cd598b2c-ecaa-47bc-af2d-4e2b474cc3bd: no agents available; will retry on subsequent port and subnet creation events.
2026-04-02 17:55:21.374 10 WARNING neutron.scheduler.dhcp_agent_scheduler [None req-a6d3431a-b762-44d4-aae4-4d6d94690848 68c443fe60194270981783c6231d4e4a f056649053c1484bb2513577fd599c0f - - default default] No more DHCP agents
2026-04-02 17:55:21.377 10 WARNING neutron.api.rpc.agentnotifiers.dhcp_rpc_agent_api [None req-a6d3431a-b762-44d4-aae4-4d6d94690848 68c443fe60194270981783c6231d4e4a f056649053c1484bb2513577fd599c0f - - default default] Unable to schedule network f0591891-6907-43ab-9e6a-445a168841b2: no agents available; will retry on subsequent port and subnet creation events.
2026-04-02 17:55:21.419 9 INFO neutron.wsgi [None req-307d2c51-e09b-4f50-aa5f-f12cb4c99d94 e5920096478448dbb6eba624f5643ed6 04efb0ac35034d1aaab6abe3211d5b92 - - default default] 10.0.0.157 "GET /v2.0/security-groups?tenant_id=3bd227c7f0074983a678a7dfdb28de72&name=default HTTP/1.1" status: 200 len: 3120 time: 0.0421715
2026-04-02 17:55:21.475 10 INFO neutron.db.ovn_revision_numbers_db [None req-a6d3431a-b762-44d4-aae4-4d6d94690848 68c443fe60194270981783c6231d4e4a f056649053c1484bb2513577fd599c0f - - default default] Successfully bumped revision number for resource dc8ce548-3441-498a-a18c-09ff52842193 (type: ports) to 1
2026-04-02 17:55:21.497 10 INFO neutron.wsgi [None req-a6d3431a-b762-44d4-aae4-4d6d94690848 68c443fe60194270981783c6231d4e4a f056649053c1484bb2513577fd599c0f - - default default] 10.0.0.157 "POST /v2.0/networks HTTP/1.1" status: 201 len: 829 time: 0.8428059
2026-04-02 17:55:21.508 10 WARNING neutron_lib.context [None req-5a421eeb-d25a-4551-a76f-402f61df7f8b 68c443fe60194270981783c6231d4e4a f056649053c1484bb2513577fd599c0f - - default default] Method 'is_advsvc' is deprecated since 2023.2 release (neutron-lib 3.8.0) and will be removed once support for the old RBAC API policies will be removed from Neutron. Please use method 'is_service_role' instead.
2026-04-02 17:55:21.592 10 INFO neutron.db.segments_db [None req-5a421eeb-d25a-4551-a76f-402f61df7f8b 68c443fe60194270981783c6231d4e4a f056649053c1484bb2513577fd599c0f - - default default] Added segment 506dec40-1a7e-4a8f-b601-31081aa38045 of type geneve for network 59f4190d-d9d9-446e-b97c-09efce7a0af1
2026-04-02 17:55:21.723 9 INFO neutron.wsgi [None req-1f078993-3d76-4aa2-8f98-304bef19d532 e5920096478448dbb6eba624f5643ed6 04efb0ac35034d1aaab6abe3211d5b92 - - default default] 10.0.0.157 "DELETE /v2.0/security-groups/be303864-f9f6-49b9-bb31-6242ef6e2692 HTTP/1.1" status: 204 len: 168 time: 0.2989156
2026-04-02 17:55:21.745 10 INFO neutron.db.ovn_revision_numbers_db [None req-5a421eeb-d25a-4551-a76f-402f61df7f8b 68c443fe60194270981783c6231d4e4a f056649053c1484bb2513577fd599c0f - - default default] Successfully bumped revision number for resource 59f4190d-d9d9-446e-b97c-09efce7a0af1 (type: networks) to 1
2026-04-02 17:55:21.864 9 INFO neutron.db.ovn_revision_numbers_db [None req-7db4c30e-2944-4a51-9e2d-3bb6094b7f4e 053a2ac11f5244279b6bd4728b287a75 7e2036fc3d99484b837e30dca59b6beb - - default default] Successfully bumped revision number for resource 7e3c31c1-1fe5-4d86-98c4-d4ccd4cbe754 (type: ports) to 2
2026-04-02 17:55:21.897 9 INFO neutron.db.ovn_revision_numbers_db [None req-7db4c30e-2944-4a51-9e2d-3bb6094b7f4e 053a2ac11f5244279b6bd4728b287a75 7e2036fc3d99484b837e30dca59b6beb - - default default] Successfully bumped revision number for resource 6705593c-3e92-4a22-99af-25e3baa2c1f9 (type: subnets) to 0
2026-04-02 17:55:21.915 9 INFO neutron.wsgi [None req-7db4c30e-2944-4a51-9e2d-3bb6094b7f4e 053a2ac11f5244279b6bd4728b287a75 7e2036fc3d99484b837e30dca59b6beb - - default default] 10.0.0.157 "POST /v2.0/subnets HTTP/1.1" status: 201 len: 816 time: 0.9018567
2026-04-02 17:55:21.925 10 WARNING neutron_lib.context [None req-5a745fa6-b535-4fa1-bf23-a99cc412b41e 053a2ac11f5244279b6bd4728b287a75 7e2036fc3d99484b837e30dca59b6beb - - default default] Method 'is_advsvc' is deprecated since 2023.2 release (neutron-lib 3.8.0) and will be removed once support for the old RBAC API policies will be removed from Neutron. Please use method 'is_service_role' instead.
2026-04-02 17:55:21.953 10 WARNING neutron.scheduler.dhcp_agent_scheduler [None req-5a421eeb-d25a-4551-a76f-402f61df7f8b 68c443fe60194270981783c6231d4e4a f056649053c1484bb2513577fd599c0f - - default default] No more DHCP agents
2026-04-02 17:55:21.958 10 WARNING neutron.api.rpc.agentnotifiers.dhcp_rpc_agent_api [None req-5a421eeb-d25a-4551-a76f-402f61df7f8b 68c443fe60194270981783c6231d4e4a f056649053c1484bb2513577fd599c0f - - default default] Unable to schedule network 59f4190d-d9d9-446e-b97c-09efce7a0af1: no agents available; will retry on subsequent port and subnet creation events.
2026-04-02 17:55:22.243 10 INFO neutron.db.ovn_revision_numbers_db [None req-5a421eeb-d25a-4551-a76f-402f61df7f8b 68c443fe60194270981783c6231d4e4a f056649053c1484bb2513577fd599c0f - - default default] Successfully bumped revision number for resource c6153960-b7a6-49d9-bc17-2b363fcb3697 (type: ports) to 1
2026-04-02 17:55:22.247 10 INFO neutron.db.segments_db [None req-5a745fa6-b535-4fa1-bf23-a99cc412b41e 053a2ac11f5244279b6bd4728b287a75 7e2036fc3d99484b837e30dca59b6beb - - default default] Added segment ae238f52-9b3e-4c36-ae57-40f4e06858e8 of type geneve for network 7472a8e4-c4d2-4f78-a2da-f09695ee6e36
2026-04-02 17:55:22.271 10 INFO neutron.wsgi [None req-5a421eeb-d25a-4551-a76f-402f61df7f8b 68c443fe60194270981783c6231d4e4a f056649053c1484bb2513577fd599c0f - - default default] 10.0.0.157 "POST /v2.0/networks HTTP/1.1" status: 201 len: 829 time: 0.7684879
2026-04-02 17:55:22.281 9 WARNING neutron_lib.context [None req-072c1dc7-3419-46fc-aab3-ed07c36f2bdd 68c443fe60194270981783c6231d4e4a f056649053c1484bb2513577fd599c0f - - default default] Method 'is_advsvc' is deprecated since 2023.2 release (neutron-lib 3.8.0) and will be removed once support for the old RBAC API policies will be removed from Neutron. Please use method 'is_service_role' instead.
2026-04-02 17:55:22.392 10 INFO neutron.db.ovn_revision_numbers_db [None req-5a745fa6-b535-4fa1-bf23-a99cc412b41e 053a2ac11f5244279b6bd4728b287a75 7e2036fc3d99484b837e30dca59b6beb - - default default] Successfully bumped revision number for resource 7472a8e4-c4d2-4f78-a2da-f09695ee6e36 (type: networks) to 1
2026-04-02 17:55:22.526 9 WARNING neutron.scheduler.dhcp_agent_scheduler [None req-072c1dc7-3419-46fc-aab3-ed07c36f2bdd 68c443fe60194270981783c6231d4e4a f056649053c1484bb2513577fd599c0f - - default default] No more DHCP agents
2026-04-02 17:55:22.529 9 WARNING neutron.api.rpc.agentnotifiers.dhcp_rpc_agent_api [None req-072c1dc7-3419-46fc-aab3-ed07c36f2bdd 68c443fe60194270981783c6231d4e4a f056649053c1484bb2513577fd599c0f - - default default] Unable to schedule network f0591891-6907-43ab-9e6a-445a168841b2: no agents available; will retry on subsequent port and subnet creation events.
2026-04-02 17:55:22.571 10 WARNING neutron.scheduler.dhcp_agent_scheduler [None req-5a745fa6-b535-4fa1-bf23-a99cc412b41e 053a2ac11f5244279b6bd4728b287a75 7e2036fc3d99484b837e30dca59b6beb - - default default] No more DHCP agents
2026-04-02 17:55:22.572 10 WARNING neutron.api.rpc.agentnotifiers.dhcp_rpc_agent_api [None req-5a745fa6-b535-4fa1-bf23-a99cc412b41e 053a2ac11f5244279b6bd4728b287a75 7e2036fc3d99484b837e30dca59b6beb - - default default] Unable to schedule network 7472a8e4-c4d2-4f78-a2da-f09695ee6e36: no agents available; will retry on subsequent port and subnet creation events.
2026-04-02 17:55:22.657 10 INFO neutron.db.ovn_revision_numbers_db [None req-5a745fa6-b535-4fa1-bf23-a99cc412b41e 053a2ac11f5244279b6bd4728b287a75 7e2036fc3d99484b837e30dca59b6beb - - default default] Successfully bumped revision number for resource 3093c521-dfb0-4869-acdf-ed5f707a9fbe (type: ports) to 1
2026-04-02 17:55:22.679 10 INFO neutron.wsgi [None req-5a745fa6-b535-4fa1-bf23-a99cc412b41e 053a2ac11f5244279b6bd4728b287a75 7e2036fc3d99484b837e30dca59b6beb - - default default] 10.0.0.157 "POST /v2.0/networks HTTP/1.1" status: 201 len: 843 time: 0.7591169
2026-04-02 17:55:22.856 10 INFO neutron.db.ovn_revision_numbers_db [None req-5a245840-fba0-4c24-b624-4d1dfc07cc0f 053a2ac11f5244279b6bd4728b287a75 7e2036fc3d99484b837e30dca59b6beb - - default default] Successfully bumped revision number for resource 7472a8e4-c4d2-4f78-a2da-f09695ee6e36 (type: networks) to 2
2026-04-02 17:55:22.861 10 INFO neutron.wsgi [None req-5a245840-fba0-4c24-b624-4d1dfc07cc0f 053a2ac11f5244279b6bd4728b287a75 7e2036fc3d99484b837e30dca59b6beb - - default default] 10.0.0.157 "PUT /v2.0/networks/7472a8e4-c4d2-4f78-a2da-f09695ee6e36 HTTP/1.1" status: 200 len: 792 time: 0.1766613
2026-04-02 17:55:22.870 10 WARNING neutron_lib.context [None req-576d5605-ed3b-4125-85fd-c90846d9823d 053a2ac11f5244279b6bd4728b287a75 7e2036fc3d99484b837e30dca59b6beb - - default default] Method 'is_advsvc' is deprecated since 2023.2 release (neutron-lib 3.8.0) and will be removed once support for the old RBAC API policies will be removed from Neutron. Please use method 'is_service_role' instead.
2026-04-02 17:55:23.060 10 WARNING neutron.scheduler.dhcp_agent_scheduler [None req-576d5605-ed3b-4125-85fd-c90846d9823d 053a2ac11f5244279b6bd4728b287a75 7e2036fc3d99484b837e30dca59b6beb - - default default] No more DHCP agents
2026-04-02 17:55:23.061 10 WARNING neutron.api.rpc.agentnotifiers.dhcp_rpc_agent_api [None req-576d5605-ed3b-4125-85fd-c90846d9823d 053a2ac11f5244279b6bd4728b287a75 7e2036fc3d99484b837e30dca59b6beb - - default default] Unable to schedule network 7472a8e4-c4d2-4f78-a2da-f09695ee6e36: no agents available; will retry on subsequent port and subnet creation events.
2026-04-02 17:55:23.218 9 INFO neutron.db.ovn_revision_numbers_db [None req-072c1dc7-3419-46fc-aab3-ed07c36f2bdd 68c443fe60194270981783c6231d4e4a f056649053c1484bb2513577fd599c0f - - default default] Successfully bumped revision number for resource dc8ce548-3441-498a-a18c-09ff52842193 (type: ports) to 2
2026-04-02 17:55:23.244 9 INFO neutron.db.ovn_revision_numbers_db [None req-072c1dc7-3419-46fc-aab3-ed07c36f2bdd 68c443fe60194270981783c6231d4e4a f056649053c1484bb2513577fd599c0f - - default default] Successfully bumped revision number for resource e421bc5c-177f-481d-9da1-42efa68c4bda (type: subnets) to 0
2026-04-02 17:55:23.260 9 INFO neutron.wsgi [None req-072c1dc7-3419-46fc-aab3-ed07c36f2bdd 68c443fe60194270981783c6231d4e4a f056649053c1484bb2513577fd599c0f - - default default] 10.0.0.157 "POST /v2.0/subnets HTTP/1.1" status: 201 len: 801 time: 0.9838502
2026-04-02 17:55:23.271 9 WARNING neutron_lib.context [None req-a3890a81-6fab-4bf0-b39a-0e52e8444a10 68c443fe60194270981783c6231d4e4a f056649053c1484bb2513577fd599c0f - - default default] Method 'is_advsvc' is deprecated since 2023.2 release (neutron-lib 3.8.0) and will be removed once support for the old RBAC API policies will be removed from Neutron. Please use method 'is_service_role' instead.
2026-04-02 17:55:23.525 9 WARNING neutron.scheduler.dhcp_agent_scheduler [None req-a3890a81-6fab-4bf0-b39a-0e52e8444a10 68c443fe60194270981783c6231d4e4a f056649053c1484bb2513577fd599c0f - - default default] No more DHCP agents
2026-04-02 17:55:23.530 9 WARNING neutron.api.rpc.agentnotifiers.dhcp_rpc_agent_api [None req-a3890a81-6fab-4bf0-b39a-0e52e8444a10 68c443fe60194270981783c6231d4e4a f056649053c1484bb2513577fd599c0f - - default default] Unable to schedule network 59f4190d-d9d9-446e-b97c-09efce7a0af1: no agents available; will retry on subsequent port and subnet creation events.
2026-04-02 17:55:23.563 10 INFO neutron.db.ovn_revision_numbers_db [None req-576d5605-ed3b-4125-85fd-c90846d9823d 053a2ac11f5244279b6bd4728b287a75 7e2036fc3d99484b837e30dca59b6beb - - default default] Successfully bumped revision number for resource 3093c521-dfb0-4869-acdf-ed5f707a9fbe (type: ports) to 2
2026-04-02 17:55:23.596 10 INFO neutron.db.ovn_revision_numbers_db [None req-576d5605-ed3b-4125-85fd-c90846d9823d 053a2ac11f5244279b6bd4728b287a75 7e2036fc3d99484b837e30dca59b6beb - - default default] Successfully bumped revision number for resource 39b0519b-af84-4c5a-8817-5d7b8dcca665 (type: subnets) to 0
2026-04-02 17:55:23.611 10 INFO neutron.wsgi [None req-576d5605-ed3b-4125-85fd-c90846d9823d 053a2ac11f5244279b6bd4728b287a75 7e2036fc3d99484b837e30dca59b6beb - - default default] 10.0.0.157 "POST /v2.0/subnets HTTP/1.1" status: 201 len: 801 time: 0.7446170
2026-04-02 17:55:23.703 9 INFO neutron.db.ovn_revision_numbers_db [None req-7cd2f6e1-6e30-42e0-a640-5475e316426a e5920096478448dbb6eba624f5643ed6 04efb0ac35034d1aaab6abe3211d5b92 - - default default] Successfully bumped revision number for resource 5fae44b0-ddf2-4b21-a57c-79f692cf5cd6 (type: security_groups) to 1
2026-04-02 17:55:23.718 9 INFO neutron.db.ovn_revision_numbers_db [None req-7cd2f6e1-6e30-42e0-a640-5475e316426a e5920096478448dbb6eba624f5643ed6 04efb0ac35034d1aaab6abe3211d5b92 - - default default] Successfully bumped revision number for resource 5913599d-6ebb-435c-b896-4831ad574009 (type: security_group_rules) to 0
2026-04-02 17:55:23.739 9 INFO neutron.db.ovn_revision_numbers_db [None req-7cd2f6e1-6e30-42e0-a640-5475e316426a e5920096478448dbb6eba624f5643ed6 04efb0ac35034d1aaab6abe3211d5b92 - - default default] Successfully bumped revision number for resource 89111f67-3cfe-41e6-98ef-d69c78dabcfb (type: security_group_rules) to 0
2026-04-02 17:55:23.758 9 INFO neutron.db.ovn_revision_numbers_db [None req-7cd2f6e1-6e30-42e0-a640-5475e316426a e5920096478448dbb6eba624f5643ed6 04efb0ac35034d1aaab6abe3211d5b92 - - default default] Successfully bumped revision number for resource ac587757-aa32-4641-8dc8-99f112f6469f (type: security_group_rules) to 0
2026-04-02 17:55:23.775 9 INFO neutron.db.ovn_revision_numbers_db [None req-7cd2f6e1-6e30-42e0-a640-5475e316426a e5920096478448dbb6eba624f5643ed6 04efb0ac35034d1aaab6abe3211d5b92 - - default default] Successfully bumped revision number for resource b64ab6c1-0f6c-473f-b686-8274ec802616 (type: security_group_rules) to 0
2026-04-02 17:55:23.845 9 INFO neutron.db.segments_db [None req-7cd2f6e1-6e30-42e0-a640-5475e316426a e5920096478448dbb6eba624f5643ed6 04efb0ac35034d1aaab6abe3211d5b92 - - default default] Added segment e543121e-56d8-4add-bdff-6ab5ef3d4155 of type geneve for network 1efe9c5d-e36c-415c-b06c-13da69265104
2026-04-02 17:55:23.900 10 INFO neutron.db.ovn_revision_numbers_db [None req-2434fa3a-253a-4881-bfc4-c96038b1cdcb 053a2ac11f5244279b6bd4728b287a75 7e2036fc3d99484b837e30dca59b6beb - - default default] Successfully bumped revision number for resource 39b0519b-af84-4c5a-8817-5d7b8dcca665 (type: subnets) to 1
2026-04-02 17:55:23.904 10 INFO neutron.wsgi [None req-2434fa3a-253a-4881-bfc4-c96038b1cdcb 053a2ac11f5244279b6bd4728b287a75 7e2036fc3d99484b837e30dca59b6beb - - default default] 10.0.0.157 "PUT /v2.0/subnets/39b0519b-af84-4c5a-8817-5d7b8dcca665 HTTP/1.1" status: 200 len: 806 time: 0.2880454
2026-04-02 17:55:24.018 9 INFO neutron.db.ovn_revision_numbers_db [None req-7cd2f6e1-6e30-42e0-a640-5475e316426a e5920096478448dbb6eba624f5643ed6 04efb0ac35034d1aaab6abe3211d5b92 - - default default] Successfully bumped revision number for resource 1efe9c5d-e36c-415c-b06c-13da69265104 (type: networks) to 1
2026-04-02 17:55:24.122 9 INFO neutron.db.ovn_revision_numbers_db [None req-a3890a81-6fab-4bf0-b39a-0e52e8444a10 68c443fe60194270981783c6231d4e4a f056649053c1484bb2513577fd599c0f - - default default] Successfully bumped revision number for resource c6153960-b7a6-49d9-bc17-2b363fcb3697 (type: ports) to 2
2026-04-02 17:55:24.163 9 INFO neutron.db.ovn_revision_numbers_db [None req-a3890a81-6fab-4bf0-b39a-0e52e8444a10 68c443fe60194270981783c6231d4e4a f056649053c1484bb2513577fd599c0f - - default default] Successfully bumped revision number for resource c460bd01-c8b7-4243-8ce0-13a52f344427 (type: subnets) to 0
