2026-04-02 17:21:17.153 10 INFO neutron.wsgi [-] 10.0.0.149 "GET / HTTP/1.1" status: 200 len: 247 time: 0.0037081
2026-04-02 17:21:17.177 9 INFO neutron.db.segments_db [None req-48b9cd7d-d8f5-48a4-8ebe-d6ad4de8d9a6 e5920096478448dbb6eba624f5643ed6 04efb0ac35034d1aaab6abe3211d5b92 - - default default] Added segment f9f74141-29ff-4703-bbc3-028d5972dee4 of type flat for network e5b9ce7b-b79e-4fbd-82ec-90fee271619b
2026-04-02 17:21:17.437 9 INFO neutron.db.ovn_revision_numbers_db [None req-48b9cd7d-d8f5-48a4-8ebe-d6ad4de8d9a6 e5920096478448dbb6eba624f5643ed6 04efb0ac35034d1aaab6abe3211d5b92 - - default default] Successfully bumped revision number for resource e5b9ce7b-b79e-4fbd-82ec-90fee271619b (type: networks) to 1
2026-04-02 17:21:17.684 9 WARNING neutron.scheduler.dhcp_agent_scheduler [None req-48b9cd7d-d8f5-48a4-8ebe-d6ad4de8d9a6 e5920096478448dbb6eba624f5643ed6 04efb0ac35034d1aaab6abe3211d5b92 - - default default] No more DHCP agents
2026-04-02 17:21:17.687 9 WARNING neutron.api.rpc.agentnotifiers.dhcp_rpc_agent_api [None req-48b9cd7d-d8f5-48a4-8ebe-d6ad4de8d9a6 e5920096478448dbb6eba624f5643ed6 04efb0ac35034d1aaab6abe3211d5b92 - - default default] Unable to schedule network e5b9ce7b-b79e-4fbd-82ec-90fee271619b: no agents available; will retry on subsequent port and subnet creation events.
2026-04-02 17:21:17.806 9 INFO neutron.db.ovn_revision_numbers_db [None req-48b9cd7d-d8f5-48a4-8ebe-d6ad4de8d9a6 e5920096478448dbb6eba624f5643ed6 04efb0ac35034d1aaab6abe3211d5b92 - - default default] Successfully bumped revision number for resource 04dd0ea5-f4ad-464e-9534-aab9add5f074 (type: ports) to 1
2026-04-02 17:21:17.848 9 INFO neutron.wsgi [None req-48b9cd7d-d8f5-48a4-8ebe-d6ad4de8d9a6 e5920096478448dbb6eba624f5643ed6 04efb0ac35034d1aaab6abe3211d5b92 - - default default] 199.204.45.53,10.0.0.149 "POST /v2.0/networks HTTP/1.1" status: 201 len: 886 time: 1.1291509
2026-04-02 17:21:18.972 9 INFO neutron.pecan_wsgi.hooks.translation [None req-a02afd0b-ea15-4c06-8d68-8d930b9466b7 e5920096478448dbb6eba624f5643ed6 04efb0ac35034d1aaab6abe3211d5b92 - - default default] GET failed (client error): The resource could not be found.
2026-04-02 17:21:18.974 9 INFO neutron.wsgi [None req-a02afd0b-ea15-4c06-8d68-8d930b9466b7 e5920096478448dbb6eba624f5643ed6 04efb0ac35034d1aaab6abe3211d5b92 - - default default] 199.204.45.53,10.0.0.149 "GET /v2.0/networks/public HTTP/1.1" status: 404 len: 290 time: 0.0439348
2026-04-02 17:21:19.026 9 INFO neutron.wsgi [None req-9b2e973f-f769-4ed0-bc82-f559a3a5950c e5920096478448dbb6eba624f5643ed6 04efb0ac35034d1aaab6abe3211d5b92 - - default default] 199.204.45.53,10.0.0.149 "GET /v2.0/networks?name=public HTTP/1.1" status: 200 len: 890 time: 0.0488226
2026-04-02 17:21:19.055 9 INFO neutron.pecan_wsgi.hooks.translation [None req-68ed5a2a-dd82-499a-9396-f747822e79e2 e5920096478448dbb6eba624f5643ed6 04efb0ac35034d1aaab6abe3211d5b92 - - default default] GET failed (client error): The resource could not be found.
2026-04-02 17:21:19.057 9 INFO neutron.wsgi [None req-68ed5a2a-dd82-499a-9396-f747822e79e2 e5920096478448dbb6eba624f5643ed6 04efb0ac35034d1aaab6abe3211d5b92 - - default default] 199.204.45.53,10.0.0.149 "GET /v2.0/subnets/public-subnet?network_id=e5b9ce7b-b79e-4fbd-82ec-90fee271619b HTTP/1.1" status: 404 len: 295 time: 0.0207047
2026-04-02 17:21:19.078 9 INFO neutron.wsgi [None req-9d649c45-7382-4560-b81a-25d0278578b3 e5920096478448dbb6eba624f5643ed6 04efb0ac35034d1aaab6abe3211d5b92 - - default default] 199.204.45.53,10.0.0.149 "GET /v2.0/subnets?name=public-subnet&network_id=e5b9ce7b-b79e-4fbd-82ec-90fee271619b HTTP/1.1" status: 200 len: 188 time: 0.0171120
2026-04-02 17:21:19.324 9 WARNING neutron.scheduler.dhcp_agent_scheduler [None req-ad57e813-b0f3-4ceb-9215-8c3f8cb12d64 e5920096478448dbb6eba624f5643ed6 04efb0ac35034d1aaab6abe3211d5b92 - - default default] No more DHCP agents
2026-04-02 17:21:19.326 9 WARNING neutron.api.rpc.agentnotifiers.dhcp_rpc_agent_api [None req-ad57e813-b0f3-4ceb-9215-8c3f8cb12d64 e5920096478448dbb6eba624f5643ed6 04efb0ac35034d1aaab6abe3211d5b92 - - default default] Unable to schedule network e5b9ce7b-b79e-4fbd-82ec-90fee271619b: no agents available; will retry on subsequent port and subnet creation events.
2026-04-02 17:21:19.901 9 INFO neutron.db.ovn_revision_numbers_db [None req-ad57e813-b0f3-4ceb-9215-8c3f8cb12d64 e5920096478448dbb6eba624f5643ed6 04efb0ac35034d1aaab6abe3211d5b92 - - default default] Successfully bumped revision number for resource 04dd0ea5-f4ad-464e-9534-aab9add5f074 (type: ports) to 2
2026-04-02 17:21:19.940 9 INFO neutron.db.ovn_revision_numbers_db [None req-ad57e813-b0f3-4ceb-9215-8c3f8cb12d64 e5920096478448dbb6eba624f5643ed6 04efb0ac35034d1aaab6abe3211d5b92 - - default default] Successfully bumped revision number for resource 8508ac6f-2022-4ca5-b64a-60e2fbcb1453 (type: subnets) to 0
2026-04-02 17:21:19.959 9 INFO neutron.wsgi [None req-ad57e813-b0f3-4ceb-9215-8c3f8cb12d64 e5920096478448dbb6eba624f5643ed6 04efb0ac35034d1aaab6abe3211d5b92 - - default default] 199.204.45.53,10.0.0.149 "POST /v2.0/subnets HTTP/1.1" status: 201 len: 821 time: 0.8748674
2026-04-02 17:21:21.956 15 WARNING neutron.plugins.ml2.drivers.ovn.mech_driver.ovsdb.ovn_db_sync [None req-5d97fb1e-82cc-42c0-a8c6-575830ac402d - - - - - -] New host instance found in OVN SB DB, but not in Neutron. Add its SegmentHostMapping in Neutron
2026-04-02 17:21:22.366 15 INFO neutron.plugins.ml2.drivers.ovn.mech_driver.ovsdb.extensions.qos [None req-25f472e4-21c1-46b2-94a5-c4a2931ea7f0 - - - - - -] Starting OVNClientQosExtension
2026-04-02 17:21:22.388 15 INFO neutron.plugins.ml2.drivers.ovn.mech_driver.ovsdb.extensions.qos [None req-25f472e4-21c1-46b2-94a5-c4a2931ea7f0 - - - - - -] Starting OVNClientQosExtension
2026-04-02 17:21:32.153 9 INFO neutron.wsgi [-] 10.0.0.149 "GET / HTTP/1.1" status: 200 len: 247 time: 0.0030107
2026-04-02 17:21:47.153 10 INFO neutron.wsgi [-] 10.0.0.149 "GET / HTTP/1.1" status: 200 len: 247 time: 0.0030360
2026-04-02 17:22:02.151 10 INFO neutron.wsgi [-] 10.0.0.149 "GET / HTTP/1.1" status: 200 len: 247 time: 0.0012357
2026-04-02 17:22:17.152 9 INFO neutron.wsgi [-] 10.0.0.149 "GET / HTTP/1.1" status: 200 len: 247 time: 0.0013266
2026-04-02 17:22:17.154 9 INFO neutron.wsgi [-] 10.0.0.149 "GET / HTTP/1.1" status: 200 len: 247 time: 0.0009155
2026-04-02 17:22:32.150 9 INFO neutron.wsgi [-] 10.0.0.149 "GET / HTTP/1.1" status: 200 len: 247 time: 0.0017405
2026-04-02 17:22:32.151 10 INFO neutron.wsgi [-] 10.0.0.149 "GET / HTTP/1.1" status: 200 len: 247 time: 0.0021338
2026-04-02 17:22:47.152 9 INFO neutron.wsgi [-] 10.0.0.149 "GET / HTTP/1.1" status: 200 len: 247 time: 0.0023093
2026-04-02 17:22:47.152 10 INFO neutron.wsgi [-] 10.0.0.149 "GET / HTTP/1.1" status: 200 len: 247 time: 0.0026655
2026-04-02 17:23:02.153 9 INFO neutron.wsgi [-] 10.0.0.149 "GET / HTTP/1.1" status: 200 len: 247 time: 0.0028405
2026-04-02 17:23:02.153 10 INFO neutron.wsgi [-] 10.0.0.149 "GET / HTTP/1.1" status: 200 len: 247 time: 0.0034230
2026-04-02 17:23:17.152 9 INFO neutron.wsgi [-] 10.0.0.149 "GET / HTTP/1.1" status: 200 len: 247 time: 0.0024502
2026-04-02 17:23:17.154 9 INFO neutron.wsgi [-] 10.0.0.149 "GET / HTTP/1.1" status: 200 len: 247 time: 0.0013974
2026-04-02 17:23:32.151 10 INFO neutron.wsgi [-] 10.0.0.149 "GET / HTTP/1.1" status: 200 len: 247 time: 0.0016954
2026-04-02 17:23:32.153 9 INFO neutron.wsgi [-] 10.0.0.149 "GET / HTTP/1.1" status: 200 len: 247 time: 0.0028756
2026-04-02 17:23:47.151 9 INFO neutron.wsgi [-] 10.0.0.149 "GET / HTTP/1.1" status: 200 len: 247 time: 0.0020499
2026-04-02 17:23:47.153 9 INFO neutron.wsgi [-] 10.0.0.149 "GET / HTTP/1.1" status: 200 len: 247 time: 0.0011570
2026-04-02 17:24:02.151 10 INFO neutron.wsgi [-] 10.0.0.149 "GET / HTTP/1.1" status: 200 len: 247 time: 0.0017154
2026-04-02 17:24:02.153 10 INFO neutron.wsgi [-] 10.0.0.149 "GET / HTTP/1.1" status: 200 len: 247 time: 0.0009713
2026-04-02 17:24:17.151 10 INFO neutron.wsgi [-] 10.0.0.149 "GET / HTTP/1.1" status: 200 len: 247 time: 0.0022554
2026-04-02 17:24:17.151 9 INFO neutron.wsgi [-] 10.0.0.149 "GET / HTTP/1.1" status: 200 len: 247 time: 0.0023146
2026-04-02 17:24:32.152 10 INFO neutron.wsgi [-] 10.0.0.149 "GET / HTTP/1.1" status: 200 len: 247 time: 0.0015831
2026-04-02 17:24:32.153 10 INFO neutron.wsgi [-] 10.0.0.149 "GET / HTTP/1.1" status: 200 len: 247 time: 0.0008328
2026-04-02 17:24:47.151 10 INFO neutron.wsgi [-] 10.0.0.149 "GET / HTTP/1.1" status: 200 len: 247 time: 0.0023386
2026-04-02 17:24:47.152 9 INFO neutron.wsgi [-] 10.0.0.149 "GET / HTTP/1.1" status: 200 len: 247 time: 0.0028610
2026-04-02 17:25:02.151 10 INFO neutron.wsgi [-] 10.0.0.149 "GET / HTTP/1.1" status: 200 len: 247 time: 0.0015905
2026-04-02 17:25:02.151 9 INFO neutron.wsgi [-] 10.0.0.149 "GET / HTTP/1.1" status: 200 len: 247 time: 0.0017593
2026-04-02 17:25:17.154 9 INFO neutron.wsgi [-] 10.0.0.149 "GET / HTTP/1.1" status: 200 len: 247 time: 0.0035024
2026-04-02 17:25:17.156 9 INFO neutron.wsgi [-] 10.0.0.149 "GET / HTTP/1.1" status: 200 len: 247 time: 0.0012233
2026-04-02 17:25:32.151 9 INFO neutron.wsgi [-] 10.0.0.149 "GET / HTTP/1.1" status: 200 len: 247 time: 0.0025072
2026-04-02 17:25:32.152 10 INFO neutron.wsgi [-] 10.0.0.149 "GET / HTTP/1.1" status: 200 len: 247 time: 0.0028069 /var/lib/openstack/lib/python3.10/site-packages/pycadf/identifier.py:71: UserWarning: Invalid uuid: unknown. To ensure interoperability, identifiers should be a valid uuid. warnings.warn(('Invalid uuid: %s. To ensure interoperability, '
2026-04-02 17:25:45.415 10 INFO neutron.pecan_wsgi.hooks.translation [None req-5ea301a0-3aa6-4507-a780-607ef6f81ff2 e5920096478448dbb6eba624f5643ed6 04efb0ac35034d1aaab6abe3211d5b92 - - default default] GET failed (client error): The resource could not be found.
2026-04-02 17:25:45.417 10 INFO neutron.wsgi [None req-5ea301a0-3aa6-4507-a780-607ef6f81ff2 e5920096478448dbb6eba624f5643ed6 04efb0ac35034d1aaab6abe3211d5b92 - - default default] 199.204.45.53,10.0.0.149 "GET /v2.0/networks/lb-mgmt-net HTTP/1.1" status: 404 len: 295 time: 0.6547987
2026-04-02 17:25:45.438 10 INFO neutron.wsgi [None req-bbba8eba-d115-4e6f-9034-212fb83895d6 e5920096478448dbb6eba624f5643ed6 04efb0ac35034d1aaab6abe3211d5b92 - - default default] 199.204.45.53,10.0.0.149 "GET /v2.0/networks?name=lb-mgmt-net HTTP/1.1" status: 200 len: 189 time: 0.0164185
2026-04-02 17:25:45.577 10 WARNING oslo_policy.policy [None req-587b1173-3060-4a33-acbc-ad4f1b0e6dd4 e5920096478448dbb6eba624f5643ed6 04efb0ac35034d1aaab6abe3211d5b92 - - default default] Policies ['get_subnets_tags'] reference a rule that is not defined.
2026-04-02 17:25:45.665 10 INFO neutron.db.segments_db [None req-587b1173-3060-4a33-acbc-ad4f1b0e6dd4 e5920096478448dbb6eba624f5643ed6 04efb0ac35034d1aaab6abe3211d5b92 - - default default] Added segment c04125fc-2600-4872-9179-3d148f40d4a9 of type geneve for network 5b9b867e-50f2-4ec1-b34d-d593e1eb8042
2026-04-02 17:25:45.770 10 INFO neutron.plugins.ml2.drivers.ovn.mech_driver.ovsdb.extensions.qos [None req-587b1173-3060-4a33-acbc-ad4f1b0e6dd4 e5920096478448dbb6eba624f5643ed6 04efb0ac35034d1aaab6abe3211d5b92 - - default default] Starting OVNClientQosExtension
2026-04-02 17:25:45.770 10 INFO neutron.plugins.ml2.drivers.ovn.mech_driver.ovsdb.extensions.placement [None req-587b1173-3060-4a33-acbc-ad4f1b0e6dd4 e5920096478448dbb6eba624f5643ed6 04efb0ac35034d1aaab6abe3211d5b92 - - default default] Starting OVNClientPlacementExtension
2026-04-02 17:25:45.887 10 INFO neutron.db.ovn_revision_numbers_db [None req-587b1173-3060-4a33-acbc-ad4f1b0e6dd4 e5920096478448dbb6eba624f5643ed6 04efb0ac35034d1aaab6abe3211d5b92 - - default default] Successfully bumped revision number for resource 5b9b867e-50f2-4ec1-b34d-d593e1eb8042 (type: networks) to 1
2026-04-02 17:25:46.097 10 WARNING neutron.scheduler.dhcp_agent_scheduler [None req-587b1173-3060-4a33-acbc-ad4f1b0e6dd4 e5920096478448dbb6eba624f5643ed6 04efb0ac35034d1aaab6abe3211d5b92 - - default default] No more DHCP agents
2026-04-02 17:25:46.099 10 WARNING neutron.api.rpc.agentnotifiers.dhcp_rpc_agent_api [None req-587b1173-3060-4a33-acbc-ad4f1b0e6dd4 e5920096478448dbb6eba624f5643ed6 04efb0ac35034d1aaab6abe3211d5b92 - - default default] Unable to schedule network 5b9b867e-50f2-4ec1-b34d-d593e1eb8042: no agents available; will retry on subsequent port and subnet creation events.
2026-04-02 17:25:46.246 10 INFO neutron.db.ovn_revision_numbers_db [None req-587b1173-3060-4a33-acbc-ad4f1b0e6dd4 e5920096478448dbb6eba624f5643ed6 04efb0ac35034d1aaab6abe3211d5b92 - - default default] Successfully bumped revision number for resource 2faf2a7e-fdf5-48e3-8dd7-91af2e18b411 (type: ports) to 1
2026-04-02 17:25:46.278 10 INFO neutron.wsgi [None req-587b1173-3060-4a33-acbc-ad4f1b0e6dd4 e5920096478448dbb6eba624f5643ed6 04efb0ac35034d1aaab6abe3211d5b92 - - default default] 199.204.45.53,10.0.0.149 "POST /v2.0/networks HTTP/1.1" status: 201 len: 890 time: 0.8336661
2026-04-02 17:25:47.151 10 INFO neutron.pecan_wsgi.hooks.translation [None req-8a418271-ce2d-43ad-8e19-0cc970e0ae6b e5920096478448dbb6eba624f5643ed6 04efb0ac35034d1aaab6abe3211d5b92 - - default default] GET failed (client error): The resource could not be found.
2026-04-02 17:25:47.152 9 INFO neutron.wsgi [-] 10.0.0.149 "GET / HTTP/1.1" status: 200 len: 247 time: 0.0024409
2026-04-02 17:25:47.153 10 INFO neutron.wsgi [None req-8a418271-ce2d-43ad-8e19-0cc970e0ae6b e5920096478448dbb6eba624f5643ed6 04efb0ac35034d1aaab6abe3211d5b92 - - default default] 199.204.45.53,10.0.0.149 "GET /v2.0/networks/lb-mgmt-net HTTP/1.1" status: 404 len: 295 time: 0.0440028
2026-04-02 17:25:47.155 9 INFO neutron.wsgi [-] 10.0.0.149 "GET / HTTP/1.1" status: 200 len: 247 time: 0.0022759
2026-04-02 17:25:47.202 10 INFO neutron.wsgi [None req-ab7fc5e6-41a1-4572-8d1e-8445c3da7059 e5920096478448dbb6eba624f5643ed6 04efb0ac35034d1aaab6abe3211d5b92 - - default default] 199.204.45.53,10.0.0.149 "GET /v2.0/networks?name=lb-mgmt-net HTTP/1.1" status: 200 len: 875 time: 0.0453205
2026-04-02 17:25:47.231 10 INFO neutron.pecan_wsgi.hooks.translation [None req-b592fe2e-c674-4078-815b-f1c24f3aa69f e5920096478448dbb6eba624f5643ed6 04efb0ac35034d1aaab6abe3211d5b92 - - default default] GET failed (client error): The resource could not be found.
2026-04-02 17:25:47.233 10 INFO neutron.wsgi [None req-b592fe2e-c674-4078-815b-f1c24f3aa69f e5920096478448dbb6eba624f5643ed6 04efb0ac35034d1aaab6abe3211d5b92 - - default default] 199.204.45.53,10.0.0.149 "GET /v2.0/subnets/lb-mgmt-subnet?network_id=5b9b867e-50f2-4ec1-b34d-d593e1eb8042 HTTP/1.1" status: 404 len: 296 time: 0.0218408
2026-04-02 17:25:47.256 10 INFO neutron.wsgi [None req-fb615176-f83f-4a9e-910c-fd0d5743172d e5920096478448dbb6eba624f5643ed6 04efb0ac35034d1aaab6abe3211d5b92 - - default default] 199.204.45.53,10.0.0.149 "GET /v2.0/subnets?name=lb-mgmt-subnet&network_id=5b9b867e-50f2-4ec1-b34d-d593e1eb8042 HTTP/1.1" status: 200 len: 188 time: 0.0195231
2026-04-02 17:25:47.422 10 WARNING neutron.scheduler.dhcp_agent_scheduler [None req-6da1c84b-35df-481e-a195-3583df5c61bb e5920096478448dbb6eba624f5643ed6 04efb0ac35034d1aaab6abe3211d5b92 - - default default] No more DHCP agents
2026-04-02 17:25:47.423 10 WARNING neutron.api.rpc.agentnotifiers.dhcp_rpc_agent_api [None req-6da1c84b-35df-481e-a195-3583df5c61bb e5920096478448dbb6eba624f5643ed6 04efb0ac35034d1aaab6abe3211d5b92 - - default default] Unable to schedule network 5b9b867e-50f2-4ec1-b34d-d593e1eb8042: no agents available; will retry on subsequent port and subnet creation events.
2026-04-02 17:25:48.023 10 INFO neutron.db.ovn_revision_numbers_db [None req-6da1c84b-35df-481e-a195-3583df5c61bb e5920096478448dbb6eba624f5643ed6 04efb0ac35034d1aaab6abe3211d5b92 - - default default] Successfully bumped revision number for resource 2faf2a7e-fdf5-48e3-8dd7-91af2e18b411 (type: ports) to 2
2026-04-02 17:25:48.065 10 INFO neutron.db.ovn_revision_numbers_db [None req-6da1c84b-35df-481e-a195-3583df5c61bb e5920096478448dbb6eba624f5643ed6 04efb0ac35034d1aaab6abe3211d5b92 - - default default] Successfully bumped revision number for resource f5294d30-6457-400c-85e0-ae50d1957760 (type: subnets) to 0
2026-04-02 17:25:48.086 10 INFO neutron.wsgi [None req-6da1c84b-35df-481e-a195-3583df5c61bb e5920096478448dbb6eba624f5643ed6 04efb0ac35034d1aaab6abe3211d5b92 - - default default] 199.204.45.53,10.0.0.149 "POST /v2.0/subnets HTTP/1.1" status: 201 len: 807 time: 0.8246825
2026-04-02 17:25:49.189 9 INFO neutron.api.v2.resource [None req-470016f8-4d78-4ccc-8532-53df72339561 e5920096478448dbb6eba624f5643ed6 04efb0ac35034d1aaab6abe3211d5b92 - - default default] show failed (client error): The resource could not be found.
2026-04-02 17:25:49.192 9 INFO neutron.wsgi [None req-470016f8-4d78-4ccc-8532-53df72339561 e5920096478448dbb6eba624f5643ed6 04efb0ac35034d1aaab6abe3211d5b92 - - default default] 199.204.45.53,10.0.0.149 "GET /v2.0/security-groups/lb-health-mgr-sec-grp HTTP/1.1" status: 404 len: 313 time: 0.0661244
2026-04-02 17:25:49.229 9 INFO neutron.wsgi [None req-a34b7a98-441f-4034-bf17-390ad0cedea1 e5920096478448dbb6eba624f5643ed6 04efb0ac35034d1aaab6abe3211d5b92 - - default default] 199.204.45.53,10.0.0.149 "GET /v2.0/security-groups?name=lb-health-mgr-sec-grp HTTP/1.1" status: 200 len: 197 time: 0.0333667
2026-04-02 17:25:49.354 9 INFO neutron.db.ovn_revision_numbers_db [None req-cca810ee-4a66-47ea-81ee-6b3a33142ad2 e5920096478448dbb6eba624f5643ed6 04efb0ac35034d1aaab6abe3211d5b92 - - default default] Successfully bumped revision number for resource f7fd790f-1bd8-4b01-a033-8c400ea4d235 (type: security_groups) to 1
2026-04-02 17:25:49.368 9 INFO neutron.db.ovn_revision_numbers_db [None req-cca810ee-4a66-47ea-81ee-6b3a33142ad2 e5920096478448dbb6eba624f5643ed6 04efb0ac35034d1aaab6abe3211d5b92 - - default default] Successfully bumped revision number for resource 0b425328-0c05-46cd-aabc-529d94868cfd (type: security_group_rules) to 0
2026-04-02 17:25:49.381 9 INFO neutron.db.ovn_revision_numbers_db [None req-cca810ee-4a66-47ea-81ee-6b3a33142ad2 e5920096478448dbb6eba624f5643ed6 04efb0ac35034d1aaab6abe3211d5b92 - - default default] Successfully bumped revision number for resource d6a7358b-2cc9-45bc-88fb-06827108c9ca (type: security_group_rules) to 0
2026-04-02 17:25:49.400 9 INFO neutron.wsgi [None req-cca810ee-4a66-47ea-81ee-6b3a33142ad2 e5920096478448dbb6eba624f5643ed6 04efb0ac35034d1aaab6abe3211d5b92 - - default default] 199.204.45.53,10.0.0.149 "POST /v2.0/security-groups HTTP/1.1" status: 201 len: 1797 time: 0.1657684
2026-04-02 17:25:50.508 9 INFO neutron.wsgi [None req-a828b48c-ce3c-405c-8af6-c00d179ff55c e5920096478448dbb6eba624f5643ed6 04efb0ac35034d1aaab6abe3211d5b92 - - default default] 199.204.45.53,10.0.0.149 "GET /v2.0/security-groups/f7fd790f-1bd8-4b01-a033-8c400ea4d235 HTTP/1.1" status: 200 len: 1792 time: 0.0560682
2026-04-02 17:25:50.538 9 INFO neutron.wsgi [None req-24b5ea3f-387f-4beb-8077-d951fb4901c1 e5920096478448dbb6eba624f5643ed6 04efb0ac35034d1aaab6abe3211d5b92 - - default default] 199.204.45.53,10.0.0.149 "GET /v2.0/security-groups/f7fd790f-1bd8-4b01-a033-8c400ea4d235 HTTP/1.1" status: 200 len: 1792 time: 0.0232091
2026-04-02 17:25:50.572 9 INFO neutron.wsgi [None req-48743532-7047-4007-9881-5eb7df51ab7e e5920096478448dbb6eba624f5643ed6 04efb0ac35034d1aaab6abe3211d5b92 - - default default] 199.204.45.53,10.0.0.149 "GET /v2.0/security-groups/f7fd790f-1bd8-4b01-a033-8c400ea4d235 HTTP/1.1" status: 200 len: 1792 time: 0.0276511
2026-04-02 17:25:50.709 9 INFO neutron.db.ovn_revision_numbers_db [None req-269e6236-6b9c-47f7-8f2b-49b0bf8c5302 e5920096478448dbb6eba624f5643ed6 04efb0ac35034d1aaab6abe3211d5b92 - - default default] Successfully bumped revision number for resource 80c3fe89-d5de-4c88-9964-64cae9b3fc5c (type: security_group_rules) to 0
2026-04-02 17:25:50.734 9 INFO neutron.wsgi [None req-269e6236-6b9c-47f7-8f2b-49b0bf8c5302 e5920096478448dbb6eba624f5643ed6 04efb0ac35034d1aaab6abe3211d5b92 - - default default] 199.204.45.53,10.0.0.149 "POST /v2.0/security-group-rules HTTP/1.1" status: 201 len: 781 time: 0.1569011
2026-04-02 17:25:51.595 10 INFO neutron.wsgi [None req-8919a741-7dff-43c8-9d60-9ac1d40f7277 e5920096478448dbb6eba624f5643ed6 04efb0ac35034d1aaab6abe3211d5b92 - - default default] 199.204.45.53,10.0.0.149 "GET /v2.0/security-groups/f7fd790f-1bd8-4b01-a033-8c400ea4d235 HTTP/1.1" status: 200 len: 2406 time: 0.0670249
2026-04-02 17:25:51.629 10 INFO neutron.wsgi [None req-0ffcb2d1-981a-4b1e-a413-7f6e6ba548f2 e5920096478448dbb6eba624f5643ed6 04efb0ac35034d1aaab6abe3211d5b92 - - default default] 199.204.45.53,10.0.0.149 "GET /v2.0/security-groups/f7fd790f-1bd8-4b01-a033-8c400ea4d235 HTTP/1.1" status: 200 len: 2406 time: 0.0276070
2026-04-02 17:25:51.667 10 INFO neutron.wsgi [None req-cbcec5cc-45fa-4054-8cd3-7b881b2e21a5 e5920096478448dbb6eba624f5643ed6 04efb0ac35034d1aaab6abe3211d5b92 - - default default] 199.204.45.53,10.0.0.149 "GET /v2.0/security-groups/f7fd790f-1bd8-4b01-a033-8c400ea4d235 HTTP/1.1" status: 200 len: 2406 time: 0.0307395
2026-04-02 17:25:51.808 10 INFO neutron.db.ovn_revision_numbers_db [None req-1ae8aa1f-9641-4a53-a765-8210a677e896 e5920096478448dbb6eba624f5643ed6 04efb0ac35034d1aaab6abe3211d5b92 - - default default] Successfully bumped revision number for resource 473fbbd7-9181-4e8e-bd9e-c80a600fd433 (type: security_group_rules) to 0
2026-04-02 17:25:51.833 10 INFO neutron.wsgi [None req-1ae8aa1f-9641-4a53-a765-8210a677e896 e5920096478448dbb6eba624f5643ed6 04efb0ac35034d1aaab6abe3211d5b92 - - default default] 199.204.45.53,10.0.0.149 "POST /v2.0/security-group-rules HTTP/1.1" status: 201 len: 783 time: 0.1599197
2026-04-02 17:25:52.660 10 INFO neutron.wsgi [None req-a5537af5-7d6b-4f45-959d-ecdd05c32c34 e5920096478448dbb6eba624f5643ed6 04efb0ac35034d1aaab6abe3211d5b92 - - default default] 199.204.45.53,10.0.0.149 "GET /v2.0/security-groups/f7fd790f-1bd8-4b01-a033-8c400ea4d235 HTTP/1.1" status: 200 len: 3022 time: 0.0570650
2026-04-02 17:25:52.696 10 INFO neutron.wsgi [None req-abed75a5-c664-46a8-adb9-50755be9329a e5920096478448dbb6eba624f5643ed6 04efb0ac35034d1aaab6abe3211d5b92 - - default default] 199.204.45.53,10.0.0.149 "GET /v2.0/security-groups/f7fd790f-1bd8-4b01-a033-8c400ea4d235 HTTP/1.1" status: 200 len: 3022 time: 0.0278780
2026-04-02 17:25:52.735 10 INFO neutron.wsgi [None req-735446fd-cd0b-4b0a-8c3f-f6cbb35a8b98 e5920096478448dbb6eba624f5643ed6 04efb0ac35034d1aaab6abe3211d5b92 - - default default] 199.204.45.53,10.0.0.149 "GET /v2.0/security-groups/f7fd790f-1bd8-4b01-a033-8c400ea4d235 HTTP/1.1" status: 200 len: 3022 time: 0.0310838
2026-04-02 17:25:52.875 10 INFO neutron.db.ovn_revision_numbers_db [None req-c4d183f9-b36b-4d1e-9998-a66965843508 e5920096478448dbb6eba624f5643ed6 04efb0ac35034d1aaab6abe3211d5b92 - - default default] Successfully bumped revision number for resource 480a7a8a-1e1f-47b7-9f80-7ff44b098abb (type: security_group_rules) to 0
2026-04-02 17:25:52.906 10 INFO neutron.wsgi [None req-c4d183f9-b36b-4d1e-9998-a66965843508 e5920096478448dbb6eba624f5643ed6 04efb0ac35034d1aaab6abe3211d5b92 - - default default] 199.204.45.53,10.0.0.149 "POST /v2.0/security-group-rules HTTP/1.1" status: 201 len: 783 time: 0.1641364
2026-04-02 17:25:53.771 10 INFO neutron.wsgi [None req-839283c0-718b-4302-988a-2a06b49614df e5920096478448dbb6eba624f5643ed6 04efb0ac35034d1aaab6abe3211d5b92 - - default default] 199.204.45.53,10.0.0.149 "GET /v2.0/security-groups/f7fd790f-1bd8-4b01-a033-8c400ea4d235 HTTP/1.1" status: 200 len: 3638 time: 0.0559220
2026-04-02 17:25:53.806 10 INFO neutron.wsgi [None req-f708f252-29db-4494-9121-35c013ea637a e5920096478448dbb6eba624f5643ed6 04efb0ac35034d1aaab6abe3211d5b92 - - default default] 199.204.45.53,10.0.0.149 "GET /v2.0/security-groups/f7fd790f-1bd8-4b01-a033-8c400ea4d235 HTTP/1.1" status: 200 len: 3638 time: 0.0273886
2026-04-02 17:25:53.840 10 INFO neutron.wsgi [None req-883a2af3-84b7-451e-bbbe-69b808420128 e5920096478448dbb6eba624f5643ed6 04efb0ac35034d1aaab6abe3211d5b92 - - default default] 199.204.45.53,10.0.0.149 "GET /v2.0/security-groups/f7fd790f-1bd8-4b01-a033-8c400ea4d235 HTTP/1.1" status: 200 len: 3638 time: 0.0278721
2026-04-02 17:25:53.976 10 INFO neutron.db.ovn_revision_numbers_db [None req-5542c0ec-31ce-4739-93df-22cfbc28b3fe e5920096478448dbb6eba624f5643ed6 04efb0ac35034d1aaab6abe3211d5b92 - - default default] Successfully bumped revision number for resource e640d51c-d47b-4e79-a6c8-951e6e3cb570 (type: security_group_rules) to 0
2026-04-02 17:25:53.999 10 INFO neutron.wsgi [None req-5542c0ec-31ce-4739-93df-22cfbc28b3fe e5920096478448dbb6eba624f5643ed6 04efb0ac35034d1aaab6abe3211d5b92 - - default default] 199.204.45.53,10.0.0.149 "POST /v2.0/security-group-rules HTTP/1.1" status: 201 len: 783 time: 0.1527524
2026-04-02 17:25:54.861 9 INFO neutron.wsgi [None req-84871d92-f34f-4f07-a028-225977cfbcbd e5920096478448dbb6eba624f5643ed6 04efb0ac35034d1aaab6abe3211d5b92 - - default default] 199.204.45.53,10.0.0.149 "GET /v2.0/security-groups/f7fd790f-1bd8-4b01-a033-8c400ea4d235 HTTP/1.1" status: 200 len: 4254 time: 0.0610888
2026-04-02 17:25:54.904 9 INFO neutron.wsgi [None req-e85a7b80-8ab9-4181-b52e-d0e570b86fc7 e5920096478448dbb6eba624f5643ed6 04efb0ac35034d1aaab6abe3211d5b92 - - default default] 199.204.45.53,10.0.0.149 "GET /v2.0/security-groups/f7fd790f-1bd8-4b01-a033-8c400ea4d235 HTTP/1.1" status: 200 len: 4254 time: 0.0357974
2026-04-02 17:25:54.943 9 INFO neutron.wsgi [None req-8eaba838-7587-4f82-aa62-9adbfee82e06 e5920096478448dbb6eba624f5643ed6 04efb0ac35034d1aaab6abe3211d5b92 - - default default] 199.204.45.53,10.0.0.149 "GET /v2.0/security-groups/f7fd790f-1bd8-4b01-a033-8c400ea4d235 HTTP/1.1" status: 200 len: 4254 time: 0.0346758
2026-04-02 17:25:55.092 9 INFO neutron.db.ovn_revision_numbers_db [None req-78bfc9ed-896d-4ba5-8a27-05967990d2f3 e5920096478448dbb6eba624f5643ed6 04efb0ac35034d1aaab6abe3211d5b92 - - default default] Successfully bumped revision number for resource a130c6ce-c12a-488f-abc4-e1eda137971e (type: security_group_rules) to 0
2026-04-02 17:25:55.117 9 INFO neutron.wsgi [None req-78bfc9ed-896d-4ba5-8a27-05967990d2f3 e5920096478448dbb6eba624f5643ed6 04efb0ac35034d1aaab6abe3211d5b92 - - default default] 199.204.45.53,10.0.0.149 "POST /v2.0/security-group-rules HTTP/1.1" status: 201 len: 783 time: 0.1658218
2026-04-02 17:25:56.268 9 INFO neutron.wsgi [None req-88ed3637-6bb2-4de4-91b4-c9630f66d207 e5920096478448dbb6eba624f5643ed6 04efb0ac35034d1aaab6abe3211d5b92 - - default default] 199.204.45.53,10.0.0.149 "GET /v2.0/networks/5b9b867e-50f2-4ec1-b34d-d593e1eb8042 HTTP/1.1" status: 200 len: 910 time: 0.0784688
2026-04-02 17:25:56.293 9 INFO neutron.pecan_wsgi.hooks.translation [None req-1ed124ac-0abc-4424-b8f9-6a442ca314e1 e5920096478448dbb6eba624f5643ed6 04efb0ac35034d1aaab6abe3211d5b92 - - default default] GET failed (client error): The resource could not be found.
2026-04-02 17:25:56.294 9 INFO neutron.wsgi [None req-1ed124ac-0abc-4424-b8f9-6a442ca314e1 e5920096478448dbb6eba624f5643ed6 04efb0ac35034d1aaab6abe3211d5b92 - - default default] 199.204.45.53,10.0.0.149 "GET /v2.0/ports/octavia-health-manager-port-instance?network_id=5b9b867e-50f2-4ec1-b34d-d593e1eb8042 HTTP/1.1" status: 404 len: 314 time: 0.0170345
2026-04-02 17:25:56.327 9 INFO neutron.wsgi [None req-99484e01-d487-4cfa-a30b-cf762cb73a9b e5920096478448dbb6eba624f5643ed6 04efb0ac35034d1aaab6abe3211d5b92 - - default default] 199.204.45.53,10.0.0.149 "GET /v2.0/ports?name=octavia-health-manager-port-instance&network_id=5b9b867e-50f2-4ec1-b34d-d593e1eb8042 HTTP/1.1" status: 200 len: 186 time: 0.0283577
2026-04-02 17:25:56.369 9 INFO neutron.wsgi [None req-19f73cba-bcb4-4f7c-9cf3-7737883fca64 e5920096478448dbb6eba624f5643ed6 04efb0ac35034d1aaab6abe3211d5b92 - - default default] 199.204.45.53,10.0.0.149 "GET /v2.0/security-groups/f7fd790f-1bd8-4b01-a033-8c400ea4d235 HTTP/1.1" status: 200 len: 4870 time: 0.0356874
2026-04-02 17:25:56.639 9 WARNING neutron.scheduler.dhcp_agent_scheduler [None req-56880a6a-bb57-46dc-a1b9-9ef4907067f2 e5920096478448dbb6eba624f5643ed6 04efb0ac35034d1aaab6abe3211d5b92 - - default default] No more DHCP agents
2026-04-02 17:25:56.641 9 WARNING neutron.api.rpc.agentnotifiers.dhcp_rpc_agent_api [None req-56880a6a-bb57-46dc-a1b9-9ef4907067f2 e5920096478448dbb6eba624f5643ed6 04efb0ac35034d1aaab6abe3211d5b92 - - default default] Unable to schedule network 5b9b867e-50f2-4ec1-b34d-d593e1eb8042: no agents available; will retry on subsequent port and subnet creation events.
2026-04-02 17:25:56.805 9 INFO neutron.db.ovn_revision_numbers_db [None req-56880a6a-bb57-46dc-a1b9-9ef4907067f2 e5920096478448dbb6eba624f5643ed6 04efb0ac35034d1aaab6abe3211d5b92 - - default default] Successfully bumped revision number for resource 852ad5e4-398b-4adb-9468-ec3d1309999d (type: ports) to 1
2026-04-02 17:25:56.829 9 INFO neutron.wsgi [None req-56880a6a-bb57-46dc-a1b9-9ef4907067f2 e5920096478448dbb6eba624f5643ed6 04efb0ac35034d1aaab6abe3211d5b92 - - default default] 199.204.45.53,10.0.0.149 "POST /v2.0/ports HTTP/1.1" status: 201 len: 1281 time: 0.4517133
2026-04-02 17:26:02.152 9 INFO neutron.wsgi [-] 10.0.0.149 "GET / HTTP/1.1" status: 200 len: 247 time: 0.0024948
2026-04-02 17:26:02.152 10 INFO neutron.wsgi [-] 10.0.0.149 "GET / HTTP/1.1" status: 200 len: 247 time: 0.0027709 /var/lib/openstack/lib/python3.10/site-packages/pycadf/identifier.py:71: UserWarning: Invalid uuid: unknown. To ensure interoperability, identifiers should be a valid uuid. warnings.warn(('Invalid uuid: %s. To ensure interoperability, '
2026-04-02 17:26:02.378 9 INFO neutron.pecan_wsgi.hooks.translation [None req-74ccd840-6b19-4a9c-9b9d-6752e26e8951 e5920096478448dbb6eba624f5643ed6 04efb0ac35034d1aaab6abe3211d5b92 - - default default] GET failed (client error): The resource could not be found.
2026-04-02 17:26:02.380 9 INFO neutron.wsgi [None req-74ccd840-6b19-4a9c-9b9d-6752e26e8951 e5920096478448dbb6eba624f5643ed6 04efb0ac35034d1aaab6abe3211d5b92 - - default default] 199.204.45.53,10.0.0.149 "GET /v2.0/ports/octavia-health-manager-port-instance HTTP/1.1" status: 404 len: 314 time: 0.0573537
2026-04-02 17:26:02.434 9 INFO neutron.wsgi [None req-007899cb-b674-400f-b990-135627f35b0f e5920096478448dbb6eba624f5643ed6 04efb0ac35034d1aaab6abe3211d5b92 - - default default] 199.204.45.53,10.0.0.149 "GET /v2.0/ports?name=octavia-health-manager-port-instance HTTP/1.1" status: 200 len: 1279 time: 0.0485218
2026-04-02 17:26:02.811 9 INFO neutron.db.ovn_revision_numbers_db [None req-11ad71f6-e6a9-4bec-acd2-3eeeb922da1d e5920096478448dbb6eba624f5643ed6 04efb0ac35034d1aaab6abe3211d5b92 - - default default] Successfully bumped revision number for resource 852ad5e4-398b-4adb-9468-ec3d1309999d (type: ports) to 1
2026-04-02 17:26:03.032 9 INFO neutron.db.ovn_revision_numbers_db [None req-11ad71f6-e6a9-4bec-acd2-3eeeb922da1d e5920096478448dbb6eba624f5643ed6 04efb0ac35034d1aaab6abe3211d5b92 - - default default] Successfully bumped revision number for resource 852ad5e4-398b-4adb-9468-ec3d1309999d (type: ports) to 2
2026-04-02 17:26:03.050 9 INFO neutron.wsgi [None req-11ad71f6-e6a9-4bec-acd2-3eeeb922da1d e5920096478448dbb6eba624f5643ed6 04efb0ac35034d1aaab6abe3211d5b92 - - default default] 199.204.45.53,10.0.0.149 "PUT /v2.0/ports/852ad5e4-398b-4adb-9468-ec3d1309999d HTTP/1.1" status: 200 len: 1366 time: 0.6063569 /var/lib/openstack/lib/python3.10/site-packages/pycadf/identifier.py:71: UserWarning: Invalid uuid: unknown. To ensure interoperability, identifiers should be a valid uuid. warnings.warn(('Invalid uuid: %s. To ensure interoperability, '
2026-04-02 17:26:04.387 9 INFO neutron.wsgi [None req-490f3f69-6c66-4600-bfd8-cb289b88bffa e5920096478448dbb6eba624f5643ed6 04efb0ac35034d1aaab6abe3211d5b92 - - default default] 199.204.45.53,10.0.0.149 "GET /v2.0/ports HTTP/1.1" status: 200 len: 3511 time: 0.0827496
2026-04-02 17:26:05.347 10 INFO neutron.api.v2.resource [None req-9dc98454-888f-425a-ac9b-cb0db0c991bd e5920096478448dbb6eba624f5643ed6 04efb0ac35034d1aaab6abe3211d5b92 - - default default] show failed (client error): The resource could not be found.
2026-04-02 17:26:05.348 10 INFO neutron.wsgi [None req-9dc98454-888f-425a-ac9b-cb0db0c991bd e5920096478448dbb6eba624f5643ed6 04efb0ac35034d1aaab6abe3211d5b92 - - default default] 199.204.45.53,10.0.0.149 "GET /v2.0/security-groups/lb-mgmt-sec-grp HTTP/1.1" status: 404 len: 307 time: 0.0415089
2026-04-02 17:26:05.381 10 INFO neutron.wsgi [None req-24f737f3-f469-42c9-8a96-ccf7d9584a71 e5920096478448dbb6eba624f5643ed6 04efb0ac35034d1aaab6abe3211d5b92 - - default default] 199.204.45.53,10.0.0.149 "GET /v2.0/security-groups?name=lb-mgmt-sec-grp HTTP/1.1" status: 200 len: 197 time: 0.0297713
2026-04-02 17:26:05.510 10 INFO neutron.db.ovn_revision_numbers_db [None req-f3a17f15-6cec-4eac-86a7-40353d67267a e5920096478448dbb6eba624f5643ed6 04efb0ac35034d1aaab6abe3211d5b92 - - default default] Successfully bumped revision number for resource 7215e438-739f-42a2-bfb3-82d1f44d6255 (type: security_groups) to 1
2026-04-02 17:26:05.524 10 INFO neutron.db.ovn_revision_numbers_db [None req-f3a17f15-6cec-4eac-86a7-40353d67267a e5920096478448dbb6eba624f5643ed6 04efb0ac35034d1aaab6abe3211d5b92 - - default default] Successfully bumped revision number for resource 284fca2f-dec3-453b-bc89-e6e037c5bdca (type: security_group_rules) to 0
2026-04-02 17:26:05.535 10 INFO neutron.db.ovn_revision_numbers_db [None req-f3a17f15-6cec-4eac-86a7-40353d67267a e5920096478448dbb6eba624f5643ed6 04efb0ac35034d1aaab6abe3211d5b92 - - default default] Successfully bumped revision number for resource 7ed3d93d-d4cd-46b0-a2ca-2f36c9ddfb2b (type: security_group_rules) to 0
2026-04-02 17:26:05.552 10 INFO neutron.wsgi [None req-f3a17f15-6cec-4eac-86a7-40353d67267a e5920096478448dbb6eba624f5643ed6 04efb0ac35034d1aaab6abe3211d5b92 - - default default] 199.204.45.53,10.0.0.149 "POST /v2.0/security-groups HTTP/1.1" status: 201 len: 1791 time: 0.1647418
2026-04-02 17:26:06.496 9 INFO neutron.wsgi [None req-7a8ee1cd-d169-4da7-be5c-2faa8163f4c9 e5920096478448dbb6eba624f5643ed6 04efb0ac35034d1aaab6abe3211d5b92 - - default default] 199.204.45.53,10.0.0.149 "GET /v2.0/security-groups/7215e438-739f-42a2-bfb3-82d1f44d6255 HTTP/1.1" status: 200 len: 1786 time: 0.0539298
2026-04-02 17:26:06.526 9 INFO neutron.wsgi [None req-1b4bedf9-8004-4b98-834d-79a29e41a99b e5920096478448dbb6eba624f5643ed6 04efb0ac35034d1aaab6abe3211d5b92 - - default default] 199.204.45.53,10.0.0.149 "GET /v2.0/security-groups/7215e438-739f-42a2-bfb3-82d1f44d6255 HTTP/1.1" status: 200 len: 1786 time: 0.0239327
2026-04-02 17:26:06.557 9 INFO neutron.wsgi [None req-2f946f07-6695-401c-912b-f9e779811970 e5920096478448dbb6eba624f5643ed6 04efb0ac35034d1aaab6abe3211d5b92 - - default default] 199.204.45.53,10.0.0.149 "GET /v2.0/security-groups/7215e438-739f-42a2-bfb3-82d1f44d6255 HTTP/1.1" status: 200 len: 1786 time: 0.0233119
2026-04-02 17:26:06.678 9 INFO neutron.db.ovn_revision_numbers_db [None req-5de8809d-3d82-49f2-9960-dfe77bd4f206 e5920096478448dbb6eba624f5643ed6 04efb0ac35034d1aaab6abe3211d5b92 - - default default] Successfully bumped revision number for resource 3493c8ab-edce-4851-9a4c-e83656ba17d7 (type: security_group_rules) to 0
2026-04-02 17:26:06.702 9 INFO neutron.wsgi [None req-5de8809d-3d82-49f2-9960-dfe77bd4f206 e5920096478448dbb6eba624f5643ed6 04efb0ac35034d1aaab6abe3211d5b92 - - default default] 199.204.45.53,10.0.0.149 "POST /v2.0/security-group-rules HTTP/1.1" status: 201 len: 803 time: 0.1373999
2026-04-02 17:26:07.577 10 INFO neutron.wsgi [None req-b422e572-449f-4620-a638-85dae1e7321e e5920096478448dbb6eba624f5643ed6 04efb0ac35034d1aaab6abe3211d5b92 - - default default] 199.204.45.53,10.0.0.149 "GET /v2.0/security-groups/7215e438-739f-42a2-bfb3-82d1f44d6255 HTTP/1.1" status: 200 len: 2422 time: 0.0598893
2026-04-02 17:26:07.613 10 INFO neutron.wsgi [None req-91862b98-6fef-4c4d-9120-81557e74ce9a e5920096478448dbb6eba624f5643ed6 04efb0ac35034d1aaab6abe3211d5b92 - - default default] 199.204.45.53,10.0.0.149 "GET /v2.0/security-groups/7215e438-739f-42a2-bfb3-82d1f44d6255 HTTP/1.1" status: 200 len: 2422 time: 0.0307226
2026-04-02 17:26:07.663 10 INFO neutron.wsgi [None req-f8498fc7-fb52-43d0-8594-00e940fc439f e5920096478448dbb6eba624f5643ed6 04efb0ac35034d1aaab6abe3211d5b92 - - default default] 199.204.45.53,10.0.0.149 "GET /v2.0/security-groups/7215e438-739f-42a2-bfb3-82d1f44d6255 HTTP/1.1" status: 200 len: 2422 time: 0.0426099
2026-04-02 17:26:07.785 10 INFO neutron.db.ovn_revision_numbers_db [None req-49f8e9b1-893d-4b9a-9c8e-7f628e3f391a e5920096478448dbb6eba624f5643ed6 04efb0ac35034d1aaab6abe3211d5b92 - - default default] Successfully bumped revision number for resource 1c72818b-7c08-41f5-998c-53f63e7d26ca (type: security_group_rules) to 0
2026-04-02 17:26:07.811 10 INFO neutron.wsgi [None req-49f8e9b1-893d-4b9a-9c8e-7f628e3f391a e5920096478448dbb6eba624f5643ed6 04efb0ac35034d1aaab6abe3211d5b92 - - default default] 199.204.45.53,10.0.0.149 "POST /v2.0/security-group-rules HTTP/1.1" status: 201 len: 807 time: 0.1399801
2026-04-02 17:26:12.123 15 INFO neutron.db.ovn_revision_numbers_db [None req-15353801-873b-4a1a-8709-bcaab9254452 - - - - - -] Successfully bumped revision number for resource e5b9ce7b-b79e-4fbd-82ec-90fee271619b (type: networks) to 2
2026-04-02 17:26:12.124 15 INFO neutron.plugins.ml2.drivers.ovn.mech_driver.ovsdb.maintenance [None req-15353801-873b-4a1a-8709-bcaab9254452 - - - - - -] Maintenance task: Synchronization completed (took 0.14 seconds)
2026-04-02 17:26:17.152 10 INFO neutron.wsgi [-] 10.0.0.149 "GET / HTTP/1.1" status: 200 len: 247 time: 0.0026219
2026-04-02 17:26:17.153 9 INFO neutron.wsgi [-] 10.0.0.149 "GET / HTTP/1.1" status: 200 len: 247 time: 0.0032263
2026-04-02 17:26:32.150 9 INFO neutron.wsgi [-] 10.0.0.149 "GET / HTTP/1.1" status: 200 len: 247 time: 0.0012565
2026-04-02 17:26:32.156 10 INFO neutron.wsgi [-] 10.0.0.149 "GET / HTTP/1.1" status: 200 len: 247 time: 0.0025506
2026-04-02 17:26:47.151 10 INFO neutron.wsgi [-] 10.0.0.149 "GET / HTTP/1.1" status: 200 len: 247 time: 0.0022218
2026-04-02 17:26:47.151 9 INFO neutron.wsgi [-] 10.0.0.149 "GET / HTTP/1.1" status: 200 len: 247 time: 0.0023129
2026-04-02 17:27:02.152 9 INFO neutron.wsgi [-] 10.0.0.149 "GET / HTTP/1.1" status: 200 len: 247 time: 0.0024755
2026-04-02 17:27:02.154 9 INFO neutron.wsgi [-] 10.0.0.149 "GET / HTTP/1.1" status: 200 len: 247 time: 0.0015545
2026-04-02 17:27:07.966 9 INFO neutron.wsgi [None req-17265be3-b6ce-43c0-955c-5380b2d90ff7 e5920096478448dbb6eba624f5643ed6 04efb0ac35034d1aaab6abe3211d5b92 - - default default] 199.204.45.53,10.0.0.149 "GET /v2.0/quotas/04efb0ac35034d1aaab6abe3211d5b92 HTTP/1.1" status: 200 len: 467 time: 0.0139163 /var/lib/openstack/lib/python3.10/site-packages/neutron/extensions/quotasv2.py:139: UserWarning: Neutron quota engine will require "--force" parameter to set a quota limit without checking the resource usage. warnings.warn('Neutron quota engine will require "--force" '
2026-04-02 17:27:08.326 9 INFO neutron.wsgi [None req-51784959-19a7-40e2-9b12-4df1e56d17d7 e5920096478448dbb6eba624f5643ed6 04efb0ac35034d1aaab6abe3211d5b92 - - default default] 199.204.45.53,10.0.0.149 "PUT /v2.0/quotas/04efb0ac35034d1aaab6abe3211d5b92 HTTP/1.1" status: 200 len: 466 time: 0.0302916
2026-04-02 17:27:17.152 9 INFO neutron.wsgi [-] 10.0.0.149 "GET / HTTP/1.1" status: 200 len: 247 time: 0.0023997
2026-04-02 17:27:17.155 9 INFO neutron.wsgi [-] 10.0.0.149 "GET / HTTP/1.1" status: 200 len: 247 time: 0.0018423
2026-04-02 17:27:32.152 10 INFO neutron.wsgi [-] 10.0.0.149 "GET / HTTP/1.1" status: 200 len: 247 time: 0.0024714
2026-04-02 17:27:32.152 9 INFO neutron.wsgi [-] 10.0.0.149 "GET / HTTP/1.1" status: 200 len: 247 time: 0.0019925
2026-04-02 17:27:47.151 10 INFO neutron.wsgi [-] 10.0.0.149 "GET / HTTP/1.1" status: 200 len: 247 time: 0.0017359
2026-04-02 17:27:47.152 9 INFO neutron.wsgi [-] 10.0.0.149 "GET / HTTP/1.1" status: 200 len: 247 time: 0.0023141
2026-04-02 17:28:02.151 10 INFO neutron.wsgi [-] 10.0.0.149 "GET / HTTP/1.1" status: 200 len: 247 time: 0.0015383
2026-04-02 17:28:02.153 10 INFO neutron.wsgi [-] 10.0.0.149 "GET / HTTP/1.1" status: 200 len: 247 time: 0.0015347
2026-04-02 17:28:17.152 10 INFO neutron.wsgi [-] 10.0.0.149 "GET / HTTP/1.1" status: 200 len: 247 time: 0.0025396
2026-04-02 17:28:17.155 10 INFO neutron.wsgi [-] 10.0.0.149 "GET / HTTP/1.1" status: 200 len: 247 time: 0.0020864
2026-04-02 17:28:32.151 9 INFO neutron.wsgi [-] 10.0.0.149 "GET / HTTP/1.1" status: 200 len: 247 time: 0.0016882
2026-04-02 17:28:32.153 9 INFO neutron.wsgi [-] 10.0.0.149 "GET / HTTP/1.1" status: 200 len: 247 time: 0.0016961
2026-04-02 17:28:47.151 9 INFO neutron.wsgi [-] 10.0.0.149 "GET / HTTP/1.1" status: 200 len: 247 time: 0.0024481
2026-04-02 17:28:47.153 10 INFO neutron.wsgi [-] 10.0.0.149 "GET / HTTP/1.1" status: 200 len: 247 time: 0.0044479
2026-04-02 17:29:02.152 10 INFO neutron.wsgi [-] 10.0.0.149 "GET / HTTP/1.1" status: 200 len: 247 time: 0.0027001
2026-04-02 17:29:02.154 10 INFO neutron.wsgi [-] 10.0.0.149 "GET / HTTP/1.1" status: 200 len: 247 time: 0.0016499 /var/lib/openstack/lib/python3.10/site-packages/pycadf/identifier.py:71: UserWarning: Invalid uuid: neutron. To ensure interoperability, identifiers should be a valid uuid. warnings.warn(('Invalid uuid: %s. To ensure interoperability, '
2026-04-02 17:29:17.139 10 INFO neutron.pecan_wsgi.hooks.translation [None req-a6672a43-b1c0-451e-82e0-bb97aba907c9 e5920096478448dbb6eba624f5643ed6 04efb0ac35034d1aaab6abe3211d5b92 - - default default] GET failed (client error): The resource could not be found.
2026-04-02 17:29:17.141 10 INFO neutron.wsgi [None req-a6672a43-b1c0-451e-82e0-bb97aba907c9 e5920096478448dbb6eba624f5643ed6 04efb0ac35034d1aaab6abe3211d5b92 - - default default] 199.204.45.53 "GET /v2.0/ports/octavia-health-manager-port-instance HTTP/1.1" status: 404 len: 338 time: 0.2248483
2026-04-02 17:29:17.154 9 INFO neutron.wsgi [-] 10.0.0.149 "GET / HTTP/1.1" status: 200 len: 247 time: 0.0040689
2026-04-02 17:29:17.157 9 INFO neutron.wsgi [-] 10.0.0.149 "GET / HTTP/1.1" status: 200 len: 247 time: 0.0018733
2026-04-02 17:29:17.198 10 INFO neutron.wsgi [None req-cb97f4c8-a95a-4de3-870d-b50994312f03 e5920096478448dbb6eba624f5643ed6 04efb0ac35034d1aaab6abe3211d5b92 - - default default] 199.204.45.53 "GET /v2.0/ports?name=octavia-health-manager-port-instance HTTP/1.1" status: 200 len: 1421 time: 0.0522676 /var/lib/openstack/lib/python3.10/site-packages/pycadf/identifier.py:71: UserWarning: Invalid uuid: neutron. To ensure interoperability, identifiers should be a valid uuid. warnings.warn(('Invalid uuid: %s. To ensure interoperability, '
2026-04-02 17:29:19.042 9 INFO neutron.pecan_wsgi.hooks.translation [None req-402e980a-bd6d-477e-a727-3fe9c0ed740b e5920096478448dbb6eba624f5643ed6 04efb0ac35034d1aaab6abe3211d5b92 - - default default] GET failed (client error): The resource could not be found.
2026-04-02 17:29:19.045 9 INFO neutron.wsgi [None req-402e980a-bd6d-477e-a727-3fe9c0ed740b e5920096478448dbb6eba624f5643ed6 04efb0ac35034d1aaab6abe3211d5b92 - - default default] 199.204.45.53 "GET /v2.0/ports/octavia-health-manager-port-instance HTTP/1.1" status: 404 len: 338 time: 0.1462743
2026-04-02 17:29:19.099 9 INFO neutron.wsgi [None req-788f51fc-ef10-4284-84de-dfdacfd1abe9 e5920096478448dbb6eba624f5643ed6 04efb0ac35034d1aaab6abe3211d5b92 - - default default] 199.204.45.53 "GET /v2.0/ports?name=octavia-health-manager-port-instance HTTP/1.1" status: 200 len: 1421 time: 0.0491195
2026-04-02 17:29:19.968 9 INFO neutron.plugins.ml2.drivers.ovn.mech_driver.mech_driver [-] OVN reports status up for port: 852ad5e4-398b-4adb-9468-ec3d1309999d
2026-04-02 17:29:19.995 9 INFO neutron.plugins.ml2.plugin [None req-31a44c0b-f4e7-4680-a320-06d4f79cb80f - - - - - -] Attempt 1 to provision port 852ad5e4-398b-4adb-9468-ec3d1309999d
2026-04-02 17:29:20.328 9 INFO neutron.db.ovn_revision_numbers_db [None req-31a44c0b-f4e7-4680-a320-06d4f79cb80f - - - - - -] Successfully bumped revision number for resource 852ad5e4-398b-4adb-9468-ec3d1309999d (type: ports) to 4
2026-04-02 17:29:32.152 10 INFO neutron.wsgi [-] 10.0.0.149 "GET / HTTP/1.1" status: 200 len: 247 time: 0.0017321
2026-04-02 17:29:32.152 9 INFO neutron.wsgi [-] 10.0.0.149 "GET / HTTP/1.1" status: 200 len: 247 time: 0.0024495
2026-04-02 17:29:47.151 10 INFO neutron.wsgi [-] 10.0.0.149 "GET / HTTP/1.1" status: 200 len: 247 time: 0.0023201
2026-04-02 17:29:47.151 9 INFO neutron.wsgi [-] 10.0.0.149 "GET / HTTP/1.1" status: 200 len: 247 time: 0.0023568
2026-04-02 17:30:02.156 9 INFO neutron.wsgi [-] 10.0.0.149 "GET / HTTP/1.1" status: 200 len: 247 time: 0.0053089
2026-04-02 17:30:02.156 10 INFO neutron.wsgi [-] 10.0.0.149 "GET / HTTP/1.1" status: 200 len: 247 time: 0.0033069
2026-04-02 17:30:17.153 10 INFO neutron.wsgi [-] 10.0.0.149 "GET / HTTP/1.1" status: 200 len: 247 time: 0.0034568
2026-04-02 17:30:17.153 9 INFO neutron.wsgi [-] 10.0.0.149 "GET / HTTP/1.1" status: 200 len: 247 time: 0.0032332
2026-04-02 17:30:32.150 9 INFO neutron.wsgi [-] 10.0.0.149 "GET / HTTP/1.1" status: 200 len: 247 time: 0.0016279
2026-04-02 17:30:32.150 10 INFO neutron.wsgi [-] 10.0.0.149 "GET / HTTP/1.1" status: 200 len: 247 time: 0.0017250
2026-04-02 17:30:47.150 9 INFO neutron.wsgi [-] 10.0.0.149 "GET / HTTP/1.1" status: 200 len: 247 time: 0.0020752
2026-04-02 17:30:47.152 9 INFO neutron.wsgi [-] 10.0.0.149 "GET / HTTP/1.1" status: 200 len: 247 time: 0.0012624
2026-04-02 17:31:02.157 10 INFO neutron.wsgi [-] 10.0.0.149 "GET / HTTP/1.1" status: 200 len: 247 time: 0.0065682
2026-04-02 17:31:02.159 10 INFO neutron.wsgi [-] 10.0.0.149 "GET / HTTP/1.1" status: 200 len: 247 time: 0.0015075
2026-04-02 17:31:12.247 15 INFO neutron.db.ovn_revision_numbers_db [None req-15353801-873b-4a1a-8709-bcaab9254452 - - - - - -] Successfully bumped revision number for resource 5b9b867e-50f2-4ec1-b34d-d593e1eb8042 (type: networks) to 2
2026-04-02 17:31:12.319 15 INFO neutron.db.ovn_revision_numbers_db [None req-15353801-873b-4a1a-8709-bcaab9254452 - - - - - -] Successfully bumped revision number for resource f7fd790f-1bd8-4b01-a033-8c400ea4d235 (type: security_groups) to 6
2026-04-02 17:31:12.367 15 INFO neutron.db.ovn_revision_numbers_db [None req-15353801-873b-4a1a-8709-bcaab9254452 - - - - - -] Successfully bumped revision number for resource 7215e438-739f-42a2-bfb3-82d1f44d6255 (type: security_groups) to 3
2026-04-02 17:31:12.368 15 INFO neutron.plugins.ml2.drivers.ovn.mech_driver.ovsdb.maintenance [None req-15353801-873b-4a1a-8709-bcaab9254452 - - - - - -] Maintenance task: Synchronization completed (took 0.33 seconds)
2026-04-02 17:31:17.153 9 INFO neutron.wsgi [-] 10.0.0.149 "GET / HTTP/1.1" status: 200 len: 247 time: 0.0033038
2026-04-02 17:31:17.153 10 INFO neutron.wsgi [-] 10.0.0.149 "GET / HTTP/1.1" status: 200 len: 247 time: 0.0034702
2026-04-02 17:31:32.152 9 INFO neutron.wsgi [-] 10.0.0.149 "GET / HTTP/1.1" status: 200 len: 247 time: 0.0024004
2026-04-02 17:31:32.154 9 INFO neutron.wsgi [-] 10.0.0.149 "GET / HTTP/1.1" status: 200 len: 247 time: 0.0012672
2026-04-02 17:31:47.152 9 INFO neutron.wsgi [-] 10.0.0.149 "GET / HTTP/1.1" status: 200 len: 247 time: 0.0018721
2026-04-02 17:31:47.153 10 INFO neutron.wsgi [-] 10.0.0.149 "GET / HTTP/1.1" status: 200 len: 247 time: 0.0024064
2026-04-02 17:32:02.152 10 INFO neutron.wsgi [-] 10.0.0.149 "GET / HTTP/1.1" status: 200 len: 247 time: 0.0024908
2026-04-02 17:32:02.152 9 INFO neutron.wsgi [-] 10.0.0.149 "GET / HTTP/1.1" status: 200 len: 247 time: 0.0024414
2026-04-02 17:32:17.151 9 INFO neutron.wsgi [-] 10.0.0.149 "GET / HTTP/1.1" status: 200 len: 247 time: 0.0024064
2026-04-02 17:32:17.154 9 INFO neutron.wsgi [-] 10.0.0.149 "GET / HTTP/1.1" status: 200 len: 247 time: 0.0019658
2026-04-02 17:32:32.152 10 INFO neutron.wsgi [-] 10.0.0.149 "GET / HTTP/1.1" status: 200 len: 247 time: 0.0028436
2026-04-02 17:32:32.154 10 INFO neutron.wsgi [-] 10.0.0.149 "GET / HTTP/1.1" status: 200 len: 247 time: 0.0011809
2026-04-02 17:32:47.150 10 INFO neutron.wsgi [-] 10.0.0.149 "GET / HTTP/1.1" status: 200 len: 247 time: 0.0013478
2026-04-02 17:32:47.153 9 INFO neutron.wsgi [-] 10.0.0.149 "GET / HTTP/1.1" status: 200 len: 247 time: 0.0035346
2026-04-02 17:33:02.152 10 INFO neutron.wsgi [-] 10.0.0.149 "GET / HTTP/1.1" status: 200 len: 247 time: 0.0022752
2026-04-02 17:33:02.152 9 INFO neutron.wsgi [-] 10.0.0.149 "GET / HTTP/1.1" status: 200 len: 247 time: 0.0027163
2026-04-02 17:33:17.151 9 INFO neutron.wsgi [-] 10.0.0.149 "GET / HTTP/1.1" status: 200 len: 247 time: 0.0016611
2026-04-02 17:33:17.158 10 INFO neutron.wsgi [-] 10.0.0.149 "GET / HTTP/1.1" status: 200 len: 247 time: 0.0043395
2026-04-02 17:33:32.151 10 INFO neutron.wsgi [-] 10.0.0.149 "GET / HTTP/1.1" status: 200 len: 247 time: 0.0018070
2026-04-02 17:33:32.153 9 INFO neutron.wsgi [-] 10.0.0.149 "GET / HTTP/1.1" status: 200 len: 247 time: 0.0034242
2026-04-02 17:33:47.159 10 INFO neutron.wsgi [-] 10.0.0.149 "GET / HTTP/1.1" status: 200 len: 247 time: 0.0021231
2026-04-02 17:33:47.162 9 INFO neutron.wsgi [-] 10.0.0.149 "GET / HTTP/1.1" status: 200 len: 247 time: 0.0048990
2026-04-02 17:34:02.151 9 INFO neutron.wsgi [-] 10.0.0.149 "GET / HTTP/1.1" status: 200 len: 247 time: 0.0015626
2026-04-02 17:34:02.152 10 INFO neutron.wsgi [-] 10.0.0.149 "GET / HTTP/1.1" status: 200 len: 247 time: 0.0029433
2026-04-02 17:34:17.152 9 INFO neutron.wsgi [-] 10.0.0.149 "GET / HTTP/1.1" status: 200 len: 247 time: 0.0028219
2026-04-02 17:34:17.153 10 INFO neutron.wsgi [-] 10.0.0.149 "GET / HTTP/1.1" status: 200 len: 247 time: 0.0040922
2026-04-02 17:34:32.152 9 INFO neutron.wsgi [-] 10.0.0.149 "GET / HTTP/1.1" status: 200 len: 247 time: 0.0024507
2026-04-02 17:34:32.154 10 INFO neutron.wsgi [-] 10.0.0.149 "GET / HTTP/1.1" status: 200 len: 247 time: 0.0035999
2026-04-02 17:34:47.153 9 INFO neutron.wsgi [-] 10.0.0.149 "GET / HTTP/1.1" status: 200 len: 247 time: 0.0038326
2026-04-02 17:34:47.155 9 INFO neutron.wsgi [-] 10.0.0.149 "GET / HTTP/1.1" status: 200 len: 247 time: 0.0012438
