2026-04-02 17:57:14.720 7 INFO placement.requestlog [None req-44a2e64e-b7b4-4a1d-b634-bb39fd45a870 6b2eb44c78ef40fe81841ada4497ec78 1186d73df1754cc2a0a3df526e988b35 - - 9c52bcdd4eeb4dd48f39771804555193 9c52bcdd4eeb4dd48f39771804555193] 10.0.0.150 "GET /resource_providers/b63d66a1-4fc7-4d59-be62-b95e78eebc4c/aggregates" status: 404 len: 235 microversion: 1.1 [pid: 7|app: 0|req: 460/921] 10.0.0.150 () {32 vars in 825 bytes} [Thu Apr 2 17:57:14 2026] GET /resource_providers/b63d66a1-4fc7-4d59-be62-b95e78eebc4c/aggregates => generated 235 bytes in 12 msecs (HTTP/1.1 404) 5 headers in 202 bytes (1 switches on core 0)
2026-04-02 17:57:14.735 8 INFO placement.requestlog [None req-4567d9e2-bf40-4652-b77a-a747848fb276 6b2eb44c78ef40fe81841ada4497ec78 1186d73df1754cc2a0a3df526e988b35 - - 9c52bcdd4eeb4dd48f39771804555193 9c52bcdd4eeb4dd48f39771804555193] 10.0.0.150 "DELETE /resource_providers/b63d66a1-4fc7-4d59-be62-b95e78eebc4c" status: 404 len: 246 microversion: 1.1 [pid: 8|app: 0|req: 462/922] 10.0.0.150 () {34 vars in 825 bytes} [Thu Apr 2 17:57:14 2026] DELETE /resource_providers/b63d66a1-4fc7-4d59-be62-b95e78eebc4c => generated 246 bytes in 10 msecs (HTTP/1.1 404) 6 headers in 231 bytes (1 switches on core 0)
2026-04-02 17:57:17.385 7 INFO placement.requestlog [None req-42adebcf-c68d-4132-a2c9-a4f61207ff61 - - - - - -] 10.0.0.149 "GET /" status: 200 len: 136 microversion: 1.0
2026-04-02 17:57:17.385 8 INFO placement.requestlog [None req-0a44a242-f787-4155-b3fe-e13af828d0c5 - - - - - -] 10.0.0.149 "GET /" status: 200 len: 136 microversion: 1.0
2026-04-02 17:57:22.724 8 INFO placement.requestlog [None req-1d170cd1-80df-4262-9e03-3a20873c01e6 6b2eb44c78ef40fe81841ada4497ec78 1186d73df1754cc2a0a3df526e988b35 - - 9c52bcdd4eeb4dd48f39771804555193 9c52bcdd4eeb4dd48f39771804555193] 10.0.0.150 "GET /resource_providers/c0f44316-7c13-462e-8c52-55680416739d/aggregates" status: 404 len: 235 microversion: 1.1 [pid: 8|app: 0|req: 464/925] 10.0.0.150 () {32 vars in 825 bytes} [Thu Apr 2 17:57:22 2026] GET /resource_providers/c0f44316-7c13-462e-8c52-55680416739d/aggregates => generated 235 bytes in 13 msecs (HTTP/1.1 404) 5 headers in 202 bytes (1 switches on core 0)
2026-04-02 17:57:22.726 7 INFO placement.requestlog [None req-a10ddb15-898f-4437-be60-a78812cab4b3 6b2eb44c78ef40fe81841ada4497ec78 1186d73df1754cc2a0a3df526e988b35 - - 9c52bcdd4eeb4dd48f39771804555193 9c52bcdd4eeb4dd48f39771804555193] 10.0.0.150 "GET /resource_providers/c0f44316-7c13-462e-8c52-55680416739d/aggregates" status: 404 len: 235 microversion: 1.1 [pid: 7|app: 0|req: 462/926] 10.0.0.150 () {32 vars in 825 bytes} [Thu Apr 2 17:57:22 2026] GET /resource_providers/c0f44316-7c13-462e-8c52-55680416739d/aggregates => generated 235 bytes in 13 msecs (HTTP/1.1 404) 5 headers in 202 bytes (1 switches on core 0)
2026-04-02 17:57:22.754 8 INFO placement.requestlog [None req-d947ed84-73a8-421d-8b7b-016802459657 6b2eb44c78ef40fe81841ada4497ec78 1186d73df1754cc2a0a3df526e988b35 - - 9c52bcdd4eeb4dd48f39771804555193 9c52bcdd4eeb4dd48f39771804555193] 10.0.0.150 "DELETE /resource_providers/c0f44316-7c13-462e-8c52-55680416739d" status: 404 len: 246 microversion: 1.1
2026-04-02 17:57:22.754 7 INFO placement.requestlog [None req-5b19fa74-242f-48a9-90ed-8163f54dc2bf 6b2eb44c78ef40fe81841ada4497ec78 1186d73df1754cc2a0a3df526e988b35 - - 9c52bcdd4eeb4dd48f39771804555193 9c52bcdd4eeb4dd48f39771804555193] 10.0.0.150 "DELETE /resource_providers/c0f44316-7c13-462e-8c52-55680416739d" status: 404 len: 246 microversion: 1.1 [pid: 8|app: 0|req: 465/927] 10.0.0.150 () {34 vars in 825 bytes} [Thu Apr 2 17:57:22 2026] DELETE /resource_providers/c0f44316-7c13-462e-8c52-55680416739d => generated 246 bytes in 15 msecs (HTTP/1.1 404) 6 headers in 231 bytes (1 switches on core 0) [pid: 7|app: 0|req: 463/928] 10.0.0.150 () {34 vars in 825 bytes} [Thu Apr 2 17:57:22 2026] DELETE /resource_providers/c0f44316-7c13-462e-8c52-55680416739d => generated 246 bytes in 14 msecs (HTTP/1.1 404) 6 headers in 231 bytes (1 switches on core 0)
2026-04-02 17:57:27.385 8 INFO placement.requestlog [None req-7574103b-5190-4b98-80f9-6851802ba556 - - - - - -] 10.0.0.149 "GET /" status: 200 len: 136 microversion: 1.0
2026-04-02 17:57:27.385 7 INFO placement.requestlog [None req-6306604e-a5db-4199-abcd-cc4faccfa6d5 - - - - - -] 10.0.0.149 "GET /" status: 200 len: 136 microversion: 1.0
2026-04-02 17:57:34.185 8 INFO placement.requestlog [req-4e8c2c6e-1345-478c-beff-14f8eced8304 req-f94f00ce-ef95-4ba1-ab05-ebe27f9c4a2b 36a35c683ea04b3a806cf0df75f52442 1186d73df1754cc2a0a3df526e988b35 - - 9c52bcdd4eeb4dd48f39771804555193 9c52bcdd4eeb4dd48f39771804555193] 10.0.0.60 "GET /allocation_candidates?limit=1000&resources=DISK_GB%3A1%2CMEMORY_MB%3A512%2CVCPU%3A1&root_required=%21COMPUTE_STATUS_DISABLED" status: 200 len: 2217 microversion: 1.36 [pid: 8|app: 0|req: 467/931] 10.0.0.60 () {34 vars in 1011 bytes} [Thu Apr 2 17:57:34 2026] GET /allocation_candidates?limit=1000&resources=DISK_GB%3A1%2CMEMORY_MB%3A512%2CVCPU%3A1&root_required=%21COMPUTE_STATUS_DISABLED => generated 2217 bytes in 43 msecs (HTTP/1.1 200) 8 headers in 297 bytes (1 switches on core 0)
2026-04-02 17:57:34.216 7 INFO placement.requestlog [req-4e8c2c6e-1345-478c-beff-14f8eced8304 req-e7e90867-de35-4a54-8ba4-b83e8a59508c 36a35c683ea04b3a806cf0df75f52442 1186d73df1754cc2a0a3df526e988b35 - - 9c52bcdd4eeb4dd48f39771804555193 9c52bcdd4eeb4dd48f39771804555193] 10.0.0.60 "GET /allocations/fd0913a2-392a-43db-b7fe-485280e5a395" status: 200 len: 19 microversion: 1.28 [pid: 7|app: 0|req: 465/932] 10.0.0.60 () {34 vars in 860 bytes} [Thu Apr 2 17:57:34 2026] GET /allocations/fd0913a2-392a-43db-b7fe-485280e5a395 => generated 19 bytes in 9 msecs (HTTP/1.1 200) 8 headers in 295 bytes (1 switches on core 0)
2026-04-02 17:57:34.286 8 INFO placement.requestlog [req-4e8c2c6e-1345-478c-beff-14f8eced8304 req-5a496e10-17e8-4126-bcf4-28ca3384d74e 36a35c683ea04b3a806cf0df75f52442 1186d73df1754cc2a0a3df526e988b35 - - 9c52bcdd4eeb4dd48f39771804555193 9c52bcdd4eeb4dd48f39771804555193] 10.0.0.60 "PUT /allocations/fd0913a2-392a-43db-b7fe-485280e5a395" status: 204 len: 0 microversion: 1.36 [pid: 8|app: 0|req: 468/933] 10.0.0.60 () {38 vars in 913 bytes} [Thu Apr 2 17:57:34 2026] PUT /allocations/fd0913a2-392a-43db-b7fe-485280e5a395 => generated 0 bytes in 61 msecs (HTTP/1.1 204) 5 headers in 199 bytes (1 switches on core 0)
2026-04-02 17:57:34.525 7 INFO placement.requestlog [req-4e8c2c6e-1345-478c-beff-14f8eced8304 req-e4fd7f89-b8b0-47ba-94bb-e1ce6ccb9118 36a35c683ea04b3a806cf0df75f52442 1186d73df1754cc2a0a3df526e988b35 - - 9c52bcdd4eeb4dd48f39771804555193 9c52bcdd4eeb4dd48f39771804555193] 199.204.45.53 "GET /allocations/fd0913a2-392a-43db-b7fe-485280e5a395" status: 200 len: 258 microversion: 1.28 [pid: 7|app: 0|req: 466/934] 199.204.45.53 () {34 vars in 862 bytes} [Thu Apr 2 17:57:34 2026] GET /allocations/fd0913a2-392a-43db-b7fe-485280e5a395 => generated 258 bytes in 13 msecs (HTTP/1.1 200) 8 headers in 296 bytes (1 switches on core 0)
2026-04-02 17:57:34.634 8 INFO placement.requestlog [req-4e8c2c6e-1345-478c-beff-14f8eced8304 req-bce04532-18e7-4c24-9c84-a982649477a7 36a35c683ea04b3a806cf0df75f52442 1186d73df1754cc2a0a3df526e988b35 - - 9c52bcdd4eeb4dd48f39771804555193 9c52bcdd4eeb4dd48f39771804555193] 199.204.45.53 "GET /resource_providers/2a6d2486-1e23-451d-9f57-aef84d4e00c4/allocations" status: 200 len: 153 microversion: 1.0 [pid: 8|app: 0|req: 469/935] 199.204.45.53 () {32 vars in 856 bytes} [Thu Apr 2 17:57:34 2026] GET /resource_providers/2a6d2486-1e23-451d-9f57-aef84d4e00c4/allocations => generated 153 bytes in 16 msecs (HTTP/1.1 200) 6 headers in 224 bytes (1 switches on core 0)
2026-04-02 17:57:34.658 7 INFO placement.requestlog [req-4e8c2c6e-1345-478c-beff-14f8eced8304 req-0df95699-f245-4e8f-aa1d-1cca34de35cc 36a35c683ea04b3a806cf0df75f52442 1186d73df1754cc2a0a3df526e988b35 - - 9c52bcdd4eeb4dd48f39771804555193 9c52bcdd4eeb4dd48f39771804555193] 199.204.45.53 "GET /allocations/fd0913a2-392a-43db-b7fe-485280e5a395" status: 200 len: 258 microversion: 1.28 [pid: 7|app: 0|req: 467/936] 199.204.45.53 () {34 vars in 862 bytes} [Thu Apr 2 17:57:34 2026] GET /allocations/fd0913a2-392a-43db-b7fe-485280e5a395 => generated 258 bytes in 16 msecs (HTTP/1.1 200) 8 headers in 296 bytes (1 switches on core 0)
2026-04-02 17:57:37.384 8 INFO placement.requestlog [None req-bfb0536c-f2ee-4b35-b176-43dfdc8b9f6f - - - - - -] 10.0.0.149 "GET /" status: 200 len: 136 microversion: 1.0
2026-04-02 17:57:37.385 7 INFO placement.requestlog [None req-04c61b67-94b6-4094-adb9-47d43d2c3cf0 - - - - - -] 10.0.0.149 "GET /" status: 200 len: 136 microversion: 1.0
2026-04-02 17:57:47.385 8 INFO placement.requestlog [None req-6049f298-37c6-4471-a430-a5df530a63a6 - - - - - -] 10.0.0.149 "GET /" status: 200 len: 136 microversion: 1.0
2026-04-02 17:57:47.385 7 INFO placement.requestlog [None req-f4a612e3-162c-478a-8d15-400fea93c395 - - - - - -] 10.0.0.149 "GET /" status: 200 len: 136 microversion: 1.0
2026-04-02 17:57:51.471 8 INFO placement.requestlog [req-ee637023-b44c-4b52-90f8-e58cdc73c076 req-1230e473-1098-47ff-bed6-3af0c081a48a 36a35c683ea04b3a806cf0df75f52442 1186d73df1754cc2a0a3df526e988b35 - - 9c52bcdd4eeb4dd48f39771804555193 9c52bcdd4eeb4dd48f39771804555193] 199.204.45.53 "GET /resource_providers/2a6d2486-1e23-451d-9f57-aef84d4e00c4/allocations" status: 200 len: 153 microversion: 1.0 [pid: 8|app: 0|req: 472/941] 199.204.45.53 () {32 vars in 856 bytes} [Thu Apr 2 17:57:51 2026] GET /resource_providers/2a6d2486-1e23-451d-9f57-aef84d4e00c4/allocations => generated 153 bytes in 17 msecs (HTTP/1.1 200) 6 headers in 224 bytes (1 switches on core 0)
2026-04-02 17:57:51.496 7 INFO placement.requestlog [req-ee637023-b44c-4b52-90f8-e58cdc73c076 req-da73ceed-8c69-4955-96c3-0cf26b473e74 36a35c683ea04b3a806cf0df75f52442 1186d73df1754cc2a0a3df526e988b35 - - 9c52bcdd4eeb4dd48f39771804555193 9c52bcdd4eeb4dd48f39771804555193] 199.204.45.53 "GET /allocations/fd0913a2-392a-43db-b7fe-485280e5a395" status: 200 len: 258 microversion: 1.28 [pid: 7|app: 0|req: 470/942] 199.204.45.53 () {34 vars in 862 bytes} [Thu Apr 2 17:57:51 2026] GET /allocations/fd0913a2-392a-43db-b7fe-485280e5a395 => generated 258 bytes in 17 msecs (HTTP/1.1 200) 8 headers in 296 bytes (1 switches on core 0)
2026-04-02 17:57:51.576 8 INFO placement.requestlog [req-ee637023-b44c-4b52-90f8-e58cdc73c076 req-bcab7c2b-fa08-4cdd-897f-ea985ed82d20 36a35c683ea04b3a806cf0df75f52442 1186d73df1754cc2a0a3df526e988b35 - - 9c52bcdd4eeb4dd48f39771804555193 9c52bcdd4eeb4dd48f39771804555193] 199.204.45.53 "DELETE /allocations/fd0913a2-392a-43db-b7fe-485280e5a395" status: 204 len: 0 microversion: 1.0 [pid: 8|app: 0|req: 473/943] 199.204.45.53 () {34 vars in 840 bytes} [Thu Apr 2 17:57:51 2026] DELETE /allocations/fd0913a2-392a-43db-b7fe-485280e5a395 => generated 0 bytes in 20 msecs (HTTP/1.1 204) 5 headers in 198 bytes (1 switches on core 0)
2026-04-02 17:57:53.670 7 INFO placement.requestlog [None req-e11ca686-46df-4059-bc3d-1f8145214589 6b2eb44c78ef40fe81841ada4497ec78 1186d73df1754cc2a0a3df526e988b35 - - 9c52bcdd4eeb4dd48f39771804555193 9c52bcdd4eeb4dd48f39771804555193] 10.0.0.150 "GET /resource_providers/161098f7-f9b3-40e2-b1a6-6d677f9e8c14/aggregates" status: 404 len: 235 microversion: 1.1 [pid: 7|app: 0|req: 471/944] 10.0.0.150 () {32 vars in 825 bytes} [Thu Apr 2 17:57:53 2026] GET /resource_providers/161098f7-f9b3-40e2-b1a6-6d677f9e8c14/aggregates => generated 235 bytes in 12 msecs (HTTP/1.1 404) 5 headers in 202 bytes (1 switches on core 0)
2026-04-02 17:57:53.672 8 INFO placement.requestlog [None req-b62f71df-4d05-4496-a135-fcbce58b8d3b 6b2eb44c78ef40fe81841ada4497ec78 1186d73df1754cc2a0a3df526e988b35 - - 9c52bcdd4eeb4dd48f39771804555193 9c52bcdd4eeb4dd48f39771804555193] 10.0.0.150 "GET /resource_providers/161098f7-f9b3-40e2-b1a6-6d677f9e8c14/aggregates" status: 404 len: 235 microversion: 1.1 [pid: 8|app: 0|req: 474/945] 10.0.0.150 () {32 vars in 825 bytes} [Thu Apr 2 17:57:53 2026] GET /resource_providers/161098f7-f9b3-40e2-b1a6-6d677f9e8c14/aggregates => generated 235 bytes in 15 msecs (HTTP/1.1 404) 5 headers in 202 bytes (1 switches on core 0)
2026-04-02 17:57:53.687 7 INFO placement.requestlog [None req-18f35583-bb2f-41e4-8018-d79bad8388d0 6b2eb44c78ef40fe81841ada4497ec78 1186d73df1754cc2a0a3df526e988b35 - - 9c52bcdd4eeb4dd48f39771804555193 9c52bcdd4eeb4dd48f39771804555193] 10.0.0.150 "DELETE /resource_providers/161098f7-f9b3-40e2-b1a6-6d677f9e8c14" status: 404 len: 246 microversion: 1.1 [pid: 7|app: 0|req: 472/946] 10.0.0.150 () {34 vars in 825 bytes} [Thu Apr 2 17:57:53 2026] DELETE /resource_providers/161098f7-f9b3-40e2-b1a6-6d677f9e8c14 => generated 246 bytes in 8 msecs (HTTP/1.1 404) 6 headers in 231 bytes (1 switches on core 0)
2026-04-02 17:57:53.692 8 INFO placement.requestlog [None req-a7054465-30d9-4f2c-abda-9207b06ab11a 6b2eb44c78ef40fe81841ada4497ec78 1186d73df1754cc2a0a3df526e988b35 - - 9c52bcdd4eeb4dd48f39771804555193 9c52bcdd4eeb4dd48f39771804555193] 10.0.0.150 "DELETE /resource_providers/161098f7-f9b3-40e2-b1a6-6d677f9e8c14" status: 404 len: 246 microversion: 1.1 [pid: 8|app: 0|req: 475/947] 10.0.0.150 () {34 vars in 825 bytes} [Thu Apr 2 17:57:53 2026] DELETE /resource_providers/161098f7-f9b3-40e2-b1a6-6d677f9e8c14 => generated 246 bytes in 11 msecs (HTTP/1.1 404) 6 headers in 231 bytes (1 switches on core 0)
2026-04-02 17:57:54.073 7 INFO placement.requestlog [None req-73e1f97c-2a88-4283-95a0-58fd90f8ba06 6b2eb44c78ef40fe81841ada4497ec78 1186d73df1754cc2a0a3df526e988b35 - - 9c52bcdd4eeb4dd48f39771804555193 9c52bcdd4eeb4dd48f39771804555193] 10.0.0.150 "GET /resource_providers/4ecf24e5-8a91-43dc-908c-3a14599b5140/aggregates" status: 404 len: 235 microversion: 1.1 [pid: 7|app: 0|req: 473/948] 10.0.0.150 () {32 vars in 825 bytes} [Thu Apr 2 17:57:54 2026] GET /resource_providers/4ecf24e5-8a91-43dc-908c-3a14599b5140/aggregates => generated 235 bytes in 13 msecs (HTTP/1.1 404) 5 headers in 202 bytes (1 switches on core 0)
2026-04-02 17:57:54.074 8 INFO placement.requestlog [None req-2c6c81de-5f13-489f-9c17-48cd8f99cfb2 6b2eb44c78ef40fe81841ada4497ec78 1186d73df1754cc2a0a3df526e988b35 - - 9c52bcdd4eeb4dd48f39771804555193 9c52bcdd4eeb4dd48f39771804555193] 10.0.0.150 "GET /resource_providers/4ecf24e5-8a91-43dc-908c-3a14599b5140/aggregates" status: 404 len: 235 microversion: 1.1 [pid: 8|app: 0|req: 476/949] 10.0.0.150 () {32 vars in 825 bytes} [Thu Apr 2 17:57:54 2026] GET /resource_providers/4ecf24e5-8a91-43dc-908c-3a14599b5140/aggregates => generated 235 bytes in 14 msecs (HTTP/1.1 404) 5 headers in 202 bytes (1 switches on core 0)
2026-04-02 17:57:54.086 7 INFO placement.requestlog [None req-b7ae9c1f-d30d-404f-8b4a-706ef39bfb6c 6b2eb44c78ef40fe81841ada4497ec78 1186d73df1754cc2a0a3df526e988b35 - - 9c52bcdd4eeb4dd48f39771804555193 9c52bcdd4eeb4dd48f39771804555193] 10.0.0.150 "DELETE /resource_providers/4ecf24e5-8a91-43dc-908c-3a14599b5140" status: 404 len: 246 microversion: 1.1 [pid: 7|app: 0|req: 474/950] 10.0.0.150 () {34 vars in 825 bytes} [Thu Apr 2 17:57:54 2026] DELETE /resource_providers/4ecf24e5-8a91-43dc-908c-3a14599b5140 => generated 246 bytes in 9 msecs (HTTP/1.1 404) 6 headers in 231 bytes (1 switches on core 0)
2026-04-02 17:57:54.096 8 INFO placement.requestlog [None req-2b26ce85-600a-4f6d-8029-a28db60764c0 6b2eb44c78ef40fe81841ada4497ec78 1186d73df1754cc2a0a3df526e988b35 - - 9c52bcdd4eeb4dd48f39771804555193 9c52bcdd4eeb4dd48f39771804555193] 10.0.0.150 "DELETE /resource_providers/4ecf24e5-8a91-43dc-908c-3a14599b5140" status: 404 len: 246 microversion: 1.1 [pid: 8|app: 0|req: 477/951] 10.0.0.150 () {34 vars in 825 bytes} [Thu Apr 2 17:57:54 2026] DELETE /resource_providers/4ecf24e5-8a91-43dc-908c-3a14599b5140 => generated 246 bytes in 14 msecs (HTTP/1.1 404) 6 headers in 231 bytes (1 switches on core 0)
2026-04-02 17:57:55.165 7 INFO placement.requestlog [req-e790045e-eb4c-42ff-a6ea-b20531bb4e74 req-59186b5d-6331-48cd-8994-62d7db113d65 36a35c683ea04b3a806cf0df75f52442 1186d73df1754cc2a0a3df526e988b35 - - 9c52bcdd4eeb4dd48f39771804555193 9c52bcdd4eeb4dd48f39771804555193] 199.204.45.53 "GET /resource_providers/2a6d2486-1e23-451d-9f57-aef84d4e00c4/allocations" status: 200 len: 55 microversion: 1.0 [pid: 7|app: 0|req: 475/952] 199.204.45.53 () {32 vars in 856 bytes} [Thu Apr 2 17:57:55 2026] GET /resource_providers/2a6d2486-1e23-451d-9f57-aef84d4e00c4/allocations => generated 55 bytes in 123 msecs (HTTP/1.1 200) 6 headers in 223 bytes (1 switches on core 0)
2026-04-02 17:57:55.188 8 INFO placement.requestlog [req-e790045e-eb4c-42ff-a6ea-b20531bb4e74 req-5304347e-dfdd-4d1d-9bf7-6aaf22239396 36a35c683ea04b3a806cf0df75f52442 1186d73df1754cc2a0a3df526e988b35 - - 9c52bcdd4eeb4dd48f39771804555193 9c52bcdd4eeb4dd48f39771804555193] 199.204.45.53 "GET /resource_providers/2a6d2486-1e23-451d-9f57-aef84d4e00c4/allocations" status: 200 len: 55 microversion: 1.0 [pid: 8|app: 0|req: 478/953] 199.204.45.53 () {32 vars in 856 bytes} [Thu Apr 2 17:57:55 2026] GET /resource_providers/2a6d2486-1e23-451d-9f57-aef84d4e00c4/allocations => generated 55 bytes in 15 msecs (HTTP/1.1 200) 6 headers in 223 bytes (1 switches on core 0)
2026-04-02 17:57:55.721 7 INFO placement.requestlog [None req-021524cc-84fe-42b2-b5b2-36fda393e1da 6b2eb44c78ef40fe81841ada4497ec78 1186d73df1754cc2a0a3df526e988b35 - - 9c52bcdd4eeb4dd48f39771804555193 9c52bcdd4eeb4dd48f39771804555193] 10.0.0.150 "GET /resource_providers/5e85201a-94c6-40b4-9246-27b7418388e6/aggregates" status: 404 len: 235 microversion: 1.1 [pid: 7|app: 0|req: 476/954] 10.0.0.150 () {32 vars in 825 bytes} [Thu Apr 2 17:57:55 2026] GET /resource_providers/5e85201a-94c6-40b4-9246-27b7418388e6/aggregates => generated 235 bytes in 13 msecs (HTTP/1.1 404) 5 headers in 202 bytes (1 switches on core 0)
2026-04-02 17:57:55.722 8 INFO placement.requestlog [None req-e8f5945e-1372-4044-bc29-00ca5925a61b 6b2eb44c78ef40fe81841ada4497ec78 1186d73df1754cc2a0a3df526e988b35 - - 9c52bcdd4eeb4dd48f39771804555193 9c52bcdd4eeb4dd48f39771804555193] 10.0.0.150 "GET /resource_providers/5e85201a-94c6-40b4-9246-27b7418388e6/aggregates" status: 404 len: 235 microversion: 1.1 [pid: 8|app: 0|req: 479/955] 10.0.0.150 () {32 vars in 825 bytes} [Thu Apr 2 17:57:55 2026] GET /resource_providers/5e85201a-94c6-40b4-9246-27b7418388e6/aggregates => generated 235 bytes in 13 msecs (HTTP/1.1 404) 5 headers in 202 bytes (1 switches on core 0)
2026-04-02 17:57:55.748 8 INFO placement.requestlog [None req-a8992d09-f9bb-497a-8dac-7a8807109e35 6b2eb44c78ef40fe81841ada4497ec78 1186d73df1754cc2a0a3df526e988b35 - - 9c52bcdd4eeb4dd48f39771804555193 9c52bcdd4eeb4dd48f39771804555193] 10.0.0.150 "DELETE /resource_providers/5e85201a-94c6-40b4-9246-27b7418388e6" status: 404 len: 246 microversion: 1.1 [pid: 8|app: 0|req: 480/956] 10.0.0.150 () {34 vars in 825 bytes} [Thu Apr 2 17:57:55 2026] DELETE /resource_providers/5e85201a-94c6-40b4-9246-27b7418388e6 => generated 246 bytes in 10 msecs (HTTP/1.1 404) 6 headers in 231 bytes (1 switches on core 0)
2026-04-02 17:57:55.749 7 INFO placement.requestlog [None req-7cb24d66-8445-4ad6-881a-a056bd2aeb6b 6b2eb44c78ef40fe81841ada4497ec78 1186d73df1754cc2a0a3df526e988b35 - - 9c52bcdd4eeb4dd48f39771804555193 9c52bcdd4eeb4dd48f39771804555193] 10.0.0.150 "DELETE /resource_providers/5e85201a-94c6-40b4-9246-27b7418388e6" status: 404 len: 246 microversion: 1.1 [pid: 7|app: 0|req: 477/957] 10.0.0.150 () {34 vars in 825 bytes} [Thu Apr 2 17:57:55 2026] DELETE /resource_providers/5e85201a-94c6-40b4-9246-27b7418388e6 => generated 246 bytes in 12 msecs (HTTP/1.1 404) 6 headers in 231 bytes (1 switches on core 0)
2026-04-02 17:57:56.111 8 INFO placement.requestlog [None req-75f367c7-c7ac-4434-a9f4-9971a79ab3a1 6b2eb44c78ef40fe81841ada4497ec78 1186d73df1754cc2a0a3df526e988b35 - - 9c52bcdd4eeb4dd48f39771804555193 9c52bcdd4eeb4dd48f39771804555193] 10.0.0.150 "GET /resource_providers/ca8613f5-0341-44c5-8f3f-f77823586a4e/aggregates" status: 404 len: 235 microversion: 1.1 [pid: 8|app: 0|req: 481/958] 10.0.0.150 () {32 vars in 825 bytes} [Thu Apr 2 17:57:56 2026] GET /resource_providers/ca8613f5-0341-44c5-8f3f-f77823586a4e/aggregates => generated 235 bytes in 16 msecs (HTTP/1.1 404) 5 headers in 202 bytes (1 switches on core 0)
2026-04-02 17:57:56.112 7 INFO placement.requestlog [None req-f32f5411-259a-489a-8558-f722146a1b45 6b2eb44c78ef40fe81841ada4497ec78 1186d73df1754cc2a0a3df526e988b35 - - 9c52bcdd4eeb4dd48f39771804555193 9c52bcdd4eeb4dd48f39771804555193] 10.0.0.150 "GET /resource_providers/ca8613f5-0341-44c5-8f3f-f77823586a4e/aggregates" status: 404 len: 235 microversion: 1.1 [pid: 7|app: 0|req: 478/959] 10.0.0.150 () {32 vars in 825 bytes} [Thu Apr 2 17:57:56 2026] GET /resource_providers/ca8613f5-0341-44c5-8f3f-f77823586a4e/aggregates => generated 235 bytes in 11 msecs (HTTP/1.1 404) 5 headers in 202 bytes (1 switches on core 0)
2026-04-02 17:57:56.135 8 INFO placement.requestlog [None req-a5f510f0-0adf-4772-bf4f-e379c66e2d2e 6b2eb44c78ef40fe81841ada4497ec78 1186d73df1754cc2a0a3df526e988b35 - - 9c52bcdd4eeb4dd48f39771804555193 9c52bcdd4eeb4dd48f39771804555193] 10.0.0.150 "DELETE /resource_providers/ca8613f5-0341-44c5-8f3f-f77823586a4e" status: 404 len: 246 microversion: 1.1 [pid: 8|app: 0|req: 482/960] 10.0.0.150 () {34 vars in 825 bytes} [Thu Apr 2 17:57:56 2026] DELETE /resource_providers/ca8613f5-0341-44c5-8f3f-f77823586a4e => generated 246 bytes in 16 msecs (HTTP/1.1 404) 6 headers in 231 bytes (1 switches on core 0)
2026-04-02 17:57:56.138 7 INFO placement.requestlog [None req-f25f5f96-3673-4534-b266-a57306651ae0 6b2eb44c78ef40fe81841ada4497ec78 1186d73df1754cc2a0a3df526e988b35 - - 9c52bcdd4eeb4dd48f39771804555193 9c52bcdd4eeb4dd48f39771804555193] 10.0.0.150 "DELETE /resource_providers/ca8613f5-0341-44c5-8f3f-f77823586a4e" status: 404 len: 246 microversion: 1.1 [pid: 7|app: 0|req: 479/961] 10.0.0.150 () {34 vars in 825 bytes} [Thu Apr 2 17:57:56 2026] DELETE /resource_providers/ca8613f5-0341-44c5-8f3f-f77823586a4e => generated 246 bytes in 14 msecs (HTTP/1.1 404) 6 headers in 231 bytes (1 switches on core 0)
2026-04-02 17:57:56.158 7 INFO placement.requestlog [None req-31e30c25-1e43-441d-ac68-8059ab56b49f 6b2eb44c78ef40fe81841ada4497ec78 1186d73df1754cc2a0a3df526e988b35 - - 9c52bcdd4eeb4dd48f39771804555193 9c52bcdd4eeb4dd48f39771804555193] 10.0.0.150 "GET /resource_providers/216f7ae0-0b5c-4089-8300-114c838b08f2/aggregates" status: 404 len: 235 microversion: 1.1 [pid: 7|app: 0|req: 480/962] 10.0.0.150 () {32 vars in 825 bytes} [Thu Apr 2 17:57:56 2026] GET /resource_providers/216f7ae0-0b5c-4089-8300-114c838b08f2/aggregates => generated 235 bytes in 11 msecs (HTTP/1.1 404) 5 headers in 202 bytes (1 switches on core 0)
2026-04-02 17:57:56.159 8 INFO placement.requestlog [None req-69d4c37e-d127-494f-b0c6-07d8c081e2b7 6b2eb44c78ef40fe81841ada4497ec78 1186d73df1754cc2a0a3df526e988b35 - - 9c52bcdd4eeb4dd48f39771804555193 9c52bcdd4eeb4dd48f39771804555193] 10.0.0.150 "GET /resource_providers/216f7ae0-0b5c-4089-8300-114c838b08f2/aggregates" status: 404 len: 235 microversion: 1.1 [pid: 8|app: 0|req: 483/963] 10.0.0.150 () {32 vars in 825 bytes} [Thu Apr 2 17:57:56 2026] GET /resource_providers/216f7ae0-0b5c-4089-8300-114c838b08f2/aggregates => generated 235 bytes in 12 msecs (HTTP/1.1 404) 5 headers in 202 bytes (1 switches on core 0)
2026-04-02 17:57:56.182 7 INFO placement.requestlog [None req-867c00e8-10fa-44d2-856f-ce421d29126b 6b2eb44c78ef40fe81841ada4497ec78 1186d73df1754cc2a0a3df526e988b35 - - 9c52bcdd4eeb4dd48f39771804555193 9c52bcdd4eeb4dd48f39771804555193] 10.0.0.150 "DELETE /resource_providers/216f7ae0-0b5c-4089-8300-114c838b08f2" status: 404 len: 246 microversion: 1.1 [pid: 7|app: 0|req: 481/964] 10.0.0.150 () {34 vars in 825 bytes} [Thu Apr 2 17:57:56 2026] DELETE /resource_providers/216f7ae0-0b5c-4089-8300-114c838b08f2 => generated 246 bytes in 12 msecs (HTTP/1.1 404) 6 headers in 231 bytes (1 switches on core 0)
2026-04-02 17:57:56.185 8 INFO placement.requestlog [None req-b9f30ce4-f046-43fa-b79e-a82b9a9e571f 6b2eb44c78ef40fe81841ada4497ec78 1186d73df1754cc2a0a3df526e988b35 - - 9c52bcdd4eeb4dd48f39771804555193 9c52bcdd4eeb4dd48f39771804555193] 10.0.0.150 "DELETE /resource_providers/216f7ae0-0b5c-4089-8300-114c838b08f2" status: 404 len: 246 microversion: 1.1 [pid: 8|app: 0|req: 484/965] 10.0.0.150 () {34 vars in 825 bytes} [Thu Apr 2 17:57:56 2026] DELETE /resource_providers/216f7ae0-0b5c-4089-8300-114c838b08f2 => generated 246 bytes in 11 msecs (HTTP/1.1 404) 6 headers in 231 bytes (1 switches on core 0)
2026-04-02 17:57:57.385 7 INFO placement.requestlog [None req-d98e10db-59b8-44a3-90eb-c7ee4d41f454 - - - - - -] 10.0.0.149 "GET /" status: 200 len: 136 microversion: 1.0
2026-04-02 17:57:57.385 8 INFO placement.requestlog [None req-703bc6af-22bf-4289-8905-0a657377142a - - - - - -] 10.0.0.149 "GET /" status: 200 len: 136 microversion: 1.0
2026-04-02 17:57:57.774 7 INFO placement.requestlog [None req-5885945c-b8e8-4c6b-98af-ab63818aac8d 6b2eb44c78ef40fe81841ada4497ec78 1186d73df1754cc2a0a3df526e988b35 - - 9c52bcdd4eeb4dd48f39771804555193 9c52bcdd4eeb4dd48f39771804555193] 10.0.0.150 "GET /resource_providers/58de1e41-b723-491b-9c7b-e14b32ac0416/aggregates" status: 404 len: 235 microversion: 1.1 [pid: 7|app: 0|req: 483/968] 10.0.0.150 () {32 vars in 825 bytes} [Thu Apr 2 17:57:57 2026] GET /resource_providers/58de1e41-b723-491b-9c7b-e14b32ac0416/aggregates => generated 235 bytes in 10 msecs (HTTP/1.1 404) 5 headers in 202 bytes (1 switches on core 0)
2026-04-02 17:57:57.780 8 INFO placement.requestlog [None req-5ca01f15-8ca2-4592-b6bf-eb5b5b23c3f4 6b2eb44c78ef40fe81841ada4497ec78 1186d73df1754cc2a0a3df526e988b35 - - 9c52bcdd4eeb4dd48f39771804555193 9c52bcdd4eeb4dd48f39771804555193] 10.0.0.150 "GET /resource_providers/58de1e41-b723-491b-9c7b-e14b32ac0416/aggregates" status: 404 len: 235 microversion: 1.1 [pid: 8|app: 0|req: 486/969] 10.0.0.150 () {32 vars in 825 bytes} [Thu Apr 2 17:57:57 2026] GET /resource_providers/58de1e41-b723-491b-9c7b-e14b32ac0416/aggregates => generated 235 bytes in 16 msecs (HTTP/1.1 404) 5 headers in 202 bytes (1 switches on core 0)
2026-04-02 17:57:57.786 7 INFO placement.requestlog [None req-8775f765-d1ed-4898-8a56-88d8a843f979 6b2eb44c78ef40fe81841ada4497ec78 1186d73df1754cc2a0a3df526e988b35 - - 9c52bcdd4eeb4dd48f39771804555193 9c52bcdd4eeb4dd48f39771804555193] 10.0.0.150 "DELETE /resource_providers/58de1e41-b723-491b-9c7b-e14b32ac0416" status: 404 len: 246 microversion: 1.1 [pid: 7|app: 0|req: 484/970] 10.0.0.150 () {34 vars in 825 bytes} [Thu Apr 2 17:57:57 2026] DELETE /resource_providers/58de1e41-b723-491b-9c7b-e14b32ac0416 => generated 246 bytes in 6 msecs (HTTP/1.1 404) 6 headers in 231 bytes (1 switches on core 0)
2026-04-02 17:57:57.805 8 INFO placement.requestlog [None req-a90e1a84-2255-4b59-98cf-861f73cfa161 6b2eb44c78ef40fe81841ada4497ec78 1186d73df1754cc2a0a3df526e988b35 - - 9c52bcdd4eeb4dd48f39771804555193 9c52bcdd4eeb4dd48f39771804555193] 10.0.0.150 "DELETE /resource_providers/58de1e41-b723-491b-9c7b-e14b32ac0416" status: 404 len: 246 microversion: 1.1 [pid: 8|app: 0|req: 487/971] 10.0.0.150 () {34 vars in 825 bytes} [Thu Apr 2 17:57:57 2026] DELETE /resource_providers/58de1e41-b723-491b-9c7b-e14b32ac0416 => generated 246 bytes in 13 msecs (HTTP/1.1 404) 6 headers in 231 bytes (1 switches on core 0)
2026-04-02 17:57:59.808 7 INFO placement.requestlog [None req-07196482-679a-4fd7-9f0e-89fb40704027 6b2eb44c78ef40fe81841ada4497ec78 1186d73df1754cc2a0a3df526e988b35 - - 9c52bcdd4eeb4dd48f39771804555193 9c52bcdd4eeb4dd48f39771804555193] 10.0.0.150 "GET /resource_providers/8b85bf2a-34b8-40cb-9040-fe84f718c864/aggregates" status: 404 len: 235 microversion: 1.1 [pid: 7|app: 0|req: 485/972] 10.0.0.150 () {32 vars in 825 bytes} [Thu Apr 2 17:57:59 2026] GET /resource_providers/8b85bf2a-34b8-40cb-9040-fe84f718c864/aggregates => generated 235 bytes in 8 msecs (HTTP/1.1 404) 5 headers in 202 bytes (1 switches on core 0)
2026-04-02 17:57:59.826 7 INFO placement.requestlog [None req-10d5f68a-4b2a-48ff-ac17-ea29bb7e6a69 6b2eb44c78ef40fe81841ada4497ec78 1186d73df1754cc2a0a3df526e988b35 - - 9c52bcdd4eeb4dd48f39771804555193 9c52bcdd4eeb4dd48f39771804555193] 10.0.0.150 "GET /resource_providers/8b85bf2a-34b8-40cb-9040-fe84f718c864/aggregates" status: 404 len: 235 microversion: 1.1 [pid: 7|app: 0|req: 486/973] 10.0.0.150 () {32 vars in 825 bytes} [Thu Apr 2 17:57:59 2026] GET /resource_providers/8b85bf2a-34b8-40cb-9040-fe84f718c864/aggregates => generated 235 bytes in 7 msecs (HTTP/1.1 404) 5 headers in 202 bytes (1 switches on core 0)
2026-04-02 17:57:59.832 8 INFO placement.requestlog [None req-f10fff04-095a-4566-8550-c38819d896a6 6b2eb44c78ef40fe81841ada4497ec78 1186d73df1754cc2a0a3df526e988b35 - - 9c52bcdd4eeb4dd48f39771804555193 9c52bcdd4eeb4dd48f39771804555193] 10.0.0.150 "DELETE /resource_providers/8b85bf2a-34b8-40cb-9040-fe84f718c864" status: 404 len: 246 microversion: 1.1 [pid: 8|app: 0|req: 488/974] 10.0.0.150 () {34 vars in 825 bytes} [Thu Apr 2 17:57:59 2026] DELETE /resource_providers/8b85bf2a-34b8-40cb-9040-fe84f718c864 => generated 246 bytes in 13 msecs (HTTP/1.1 404) 6 headers in 231 bytes (1 switches on core 0)
2026-04-02 17:57:59.846 7 INFO placement.requestlog [None req-f6fe862d-25af-41bf-9191-4f8da613654e 6b2eb44c78ef40fe81841ada4497ec78 1186d73df1754cc2a0a3df526e988b35 - - 9c52bcdd4eeb4dd48f39771804555193 9c52bcdd4eeb4dd48f39771804555193] 10.0.0.150 "DELETE /resource_providers/8b85bf2a-34b8-40cb-9040-fe84f718c864" status: 404 len: 246 microversion: 1.1 [pid: 7|app: 0|req: 487/975] 10.0.0.150 () {34 vars in 825 bytes} [Thu Apr 2 17:57:59 2026] DELETE /resource_providers/8b85bf2a-34b8-40cb-9040-fe84f718c864 => generated 246 bytes in 8 msecs (HTTP/1.1 404) 6 headers in 231 bytes (1 switches on core 0)
2026-04-02 17:58:03.452 8 INFO placement.requestlog [None req-f4f61c0e-cb5a-4e03-9fe2-588c01be80f5 6b2eb44c78ef40fe81841ada4497ec78 1186d73df1754cc2a0a3df526e988b35 - - 9c52bcdd4eeb4dd48f39771804555193 9c52bcdd4eeb4dd48f39771804555193] 10.0.0.150 "GET /resource_providers/6b36da84-de58-4b7b-bdd7-7508102be331/aggregates" status: 404 len: 235 microversion: 1.1 [pid: 8|app: 0|req: 489/976] 10.0.0.150 () {32 vars in 825 bytes} [Thu Apr 2 17:58:03 2026] GET /resource_providers/6b36da84-de58-4b7b-bdd7-7508102be331/aggregates => generated 235 bytes in 10 msecs (HTTP/1.1 404) 5 headers in 202 bytes (1 switches on core 0)
2026-04-02 17:58:03.455 7 INFO placement.requestlog [None req-e85f0959-8154-4205-a41c-82e1a07fd1a7 6b2eb44c78ef40fe81841ada4497ec78 1186d73df1754cc2a0a3df526e988b35 - - 9c52bcdd4eeb4dd48f39771804555193 9c52bcdd4eeb4dd48f39771804555193] 10.0.0.150 "GET /resource_providers/6b36da84-de58-4b7b-bdd7-7508102be331/aggregates" status: 404 len: 235 microversion: 1.1 [pid: 7|app: 0|req: 488/977] 10.0.0.150 () {32 vars in 825 bytes} [Thu Apr 2 17:58:03 2026] GET /resource_providers/6b36da84-de58-4b7b-bdd7-7508102be331/aggregates => generated 235 bytes in 13 msecs (HTTP/1.1 404) 5 headers in 202 bytes (1 switches on core 0)
2026-04-02 17:58:03.470 8 INFO placement.requestlog [None req-22f0063c-bc60-49f3-a1bb-7a05444c4acd 6b2eb44c78ef40fe81841ada4497ec78 1186d73df1754cc2a0a3df526e988b35 - - 9c52bcdd4eeb4dd48f39771804555193 9c52bcdd4eeb4dd48f39771804555193] 10.0.0.150 "DELETE /resource_providers/6b36da84-de58-4b7b-bdd7-7508102be331" status: 404 len: 246 microversion: 1.1 [pid: 8|app: 0|req: 490/978] 10.0.0.150 () {34 vars in 825 bytes} [Thu Apr 2 17:58:03 2026] DELETE /resource_providers/6b36da84-de58-4b7b-bdd7-7508102be331 => generated 246 bytes in 9 msecs (HTTP/1.1 404) 6 headers in 231 bytes (1 switches on core 0)
2026-04-02 17:58:03.474 7 INFO placement.requestlog [None req-3131cf52-d4c6-44fc-964e-4b5912712312 6b2eb44c78ef40fe81841ada4497ec78 1186d73df1754cc2a0a3df526e988b35 - - 9c52bcdd4eeb4dd48f39771804555193 9c52bcdd4eeb4dd48f39771804555193] 10.0.0.150 "DELETE /resource_providers/6b36da84-de58-4b7b-bdd7-7508102be331" status: 404 len: 246 microversion: 1.1 [pid: 7|app: 0|req: 489/979] 10.0.0.150 () {34 vars in 825 bytes} [Thu Apr 2 17:58:03 2026] DELETE /resource_providers/6b36da84-de58-4b7b-bdd7-7508102be331 => generated 246 bytes in 10 msecs (HTTP/1.1 404) 6 headers in 231 bytes (1 switches on core 0)
2026-04-02 17:58:07.385 8 INFO placement.requestlog [None req-c9b1ff57-21f6-42a8-981b-5e53ed1fcd65 - - - - - -] 10.0.0.149 "GET /" status: 200 len: 136 microversion: 1.0
2026-04-02 17:58:07.385 7 INFO placement.requestlog [None req-9c55e185-a309-43fe-8934-f10bd9b7f244 - - - - - -] 10.0.0.149 "GET /" status: 200 len: 136 microversion: 1.0
2026-04-02 17:58:17.384 7 INFO placement.requestlog [None req-25a9da6e-bd48-4ece-abbe-7d4c90dcb444 - - - - - -] 10.0.0.149 "GET /" status: 200 len: 136 microversion: 1.0
2026-04-02 17:58:17.384 8 INFO placement.requestlog [None req-f898854a-683c-4239-b4ba-30183cb7444e - - - - - -] 10.0.0.149 "GET /" status: 200 len: 136 microversion: 1.0
2026-04-02 17:58:27.385 8 INFO placement.requestlog [None req-096756ba-62a7-4536-8324-e76bf40b052f - - - - - -] 10.0.0.149 "GET /" status: 200 len: 136 microversion: 1.0
2026-04-02 17:58:27.385 7 INFO placement.requestlog [None req-e84dd219-c0a3-482a-8908-a9002d63efdf - - - - - -] 10.0.0.149 "GET /" status: 200 len: 136 microversion: 1.0
2026-04-02 17:58:28.115 8 INFO placement.requestlog [req-5f67442e-97c3-4044-bffe-9afe54cac605 req-1a166b41-21c5-4442-a2b5-45314a2faa96 36a35c683ea04b3a806cf0df75f52442 1186d73df1754cc2a0a3df526e988b35 - - 9c52bcdd4eeb4dd48f39771804555193 9c52bcdd4eeb4dd48f39771804555193] 10.0.0.60 "GET /allocation_candidates?limit=1000&resources=DISK_GB%3A1%2CMEMORY_MB%3A512%2CVCPU%3A1&root_required=%21COMPUTE_STATUS_DISABLED" status: 200 len: 2217 microversion: 1.36 [pid: 8|app: 0|req: 494/986] 10.0.0.60 () {34 vars in 1011 bytes} [Thu Apr 2 17:58:28 2026] GET /allocation_candidates?limit=1000&resources=DISK_GB%3A1%2CMEMORY_MB%3A512%2CVCPU%3A1&root_required=%21COMPUTE_STATUS_DISABLED => generated 2217 bytes in 68 msecs (HTTP/1.1 200) 8 headers in 297 bytes (1 switches on core 0)
2026-04-02 17:58:28.144 7 INFO placement.requestlog [req-5f67442e-97c3-4044-bffe-9afe54cac605 req-e424eaf4-b9e1-4706-a5e6-60d444cb323d 36a35c683ea04b3a806cf0df75f52442 1186d73df1754cc2a0a3df526e988b35 - - 9c52bcdd4eeb4dd48f39771804555193 9c52bcdd4eeb4dd48f39771804555193] 10.0.0.60 "GET /allocations/c1a1f947-f07b-404f-9374-1a536bc7d8d4" status: 200 len: 19 microversion: 1.28 [pid: 7|app: 0|req: 493/987] 10.0.0.60 () {34 vars in 860 bytes} [Thu Apr 2 17:58:28 2026] GET /allocations/c1a1f947-f07b-404f-9374-1a536bc7d8d4 => generated 19 bytes in 13 msecs (HTTP/1.1 200) 8 headers in 295 bytes (1 switches on core 0)
2026-04-02 17:58:28.217 8 INFO placement.requestlog [req-5f67442e-97c3-4044-bffe-9afe54cac605 req-54d03504-5082-4e60-854d-2b8f2e8f2fe2 36a35c683ea04b3a806cf0df75f52442 1186d73df1754cc2a0a3df526e988b35 - - 9c52bcdd4eeb4dd48f39771804555193 9c52bcdd4eeb4dd48f39771804555193] 10.0.0.60 "PUT /allocations/c1a1f947-f07b-404f-9374-1a536bc7d8d4" status: 204 len: 0 microversion: 1.36 [pid: 8|app: 0|req: 495/988] 10.0.0.60 () {38 vars in 913 bytes} [Thu Apr 2 17:58:28 2026] PUT /allocations/c1a1f947-f07b-404f-9374-1a536bc7d8d4 => generated 0 bytes in 66 msecs (HTTP/1.1 204) 5 headers in 199 bytes (1 switches on core 0)
2026-04-02 17:58:28.485 7 INFO placement.requestlog [req-5f67442e-97c3-4044-bffe-9afe54cac605 req-f2b723c2-9f05-4fe8-8751-75bf3dd6874e 36a35c683ea04b3a806cf0df75f52442 1186d73df1754cc2a0a3df526e988b35 - - 9c52bcdd4eeb4dd48f39771804555193 9c52bcdd4eeb4dd48f39771804555193] 199.204.45.53 "GET /allocations/c1a1f947-f07b-404f-9374-1a536bc7d8d4" status: 200 len: 258 microversion: 1.28 [pid: 7|app: 0|req: 494/989] 199.204.45.53 () {34 vars in 862 bytes} [Thu Apr 2 17:58:28 2026] GET /allocations/c1a1f947-f07b-404f-9374-1a536bc7d8d4 => generated 258 bytes in 17 msecs (HTTP/1.1 200) 8 headers in 296 bytes (1 switches on core 0)
2026-04-02 17:58:28.600 8 INFO placement.requestlog [req-5f67442e-97c3-4044-bffe-9afe54cac605 req-d657cb1c-2858-4776-98d8-a5810b9cd791 36a35c683ea04b3a806cf0df75f52442 1186d73df1754cc2a0a3df526e988b35 - - 9c52bcdd4eeb4dd48f39771804555193 9c52bcdd4eeb4dd48f39771804555193] 199.204.45.53 "GET /resource_providers?in_tree=2a6d2486-1e23-451d-9f57-aef84d4e00c4" status: 200 len: 798 microversion: 1.14 [pid: 8|app: 0|req: 496/990] 199.204.45.53 () {34 vars in 891 bytes} [Thu Apr 2 17:58:28 2026] GET /resource_providers?in_tree=2a6d2486-1e23-451d-9f57-aef84d4e00c4 => generated 798 bytes in 19 msecs (HTTP/1.1 200) 6 headers in 225 bytes (1 switches on core 0)
2026-04-02 17:58:28.628 7 INFO placement.requestlog [req-5f67442e-97c3-4044-bffe-9afe54cac605 req-c66c3b7e-16d2-4b22-948a-88e3431313e1 36a35c683ea04b3a806cf0df75f52442 1186d73df1754cc2a0a3df526e988b35 - - 9c52bcdd4eeb4dd48f39771804555193 9c52bcdd4eeb4dd48f39771804555193] 199.204.45.53 "GET /resource_providers/2a6d2486-1e23-451d-9f57-aef84d4e00c4/inventories" status: 200 len: 401 microversion: 1.0 [pid: 7|app: 0|req: 495/991] 199.204.45.53 () {32 vars in 856 bytes} [Thu Apr 2 17:58:28 2026] GET /resource_providers/2a6d2486-1e23-451d-9f57-aef84d4e00c4/inventories => generated 401 bytes in 17 msecs (HTTP/1.1 200) 6 headers in 224 bytes (1 switches on core 0)
2026-04-02 17:58:28.654 8 INFO placement.requestlog [req-5f67442e-97c3-4044-bffe-9afe54cac605 req-e1862a93-7073-4959-827d-38c4fd5ebc6e 36a35c683ea04b3a806cf0df75f52442 1186d73df1754cc2a0a3df526e988b35 - - 9c52bcdd4eeb4dd48f39771804555193 9c52bcdd4eeb4dd48f39771804555193] 199.204.45.53 "GET /resource_providers/2a6d2486-1e23-451d-9f57-aef84d4e00c4/aggregates" status: 200 len: 54 microversion: 1.19 [pid: 8|app: 0|req: 497/992] 199.204.45.53 () {34 vars in 898 bytes} [Thu Apr 2 17:58:28 2026] GET /resource_providers/2a6d2486-1e23-451d-9f57-aef84d4e00c4/aggregates => generated 54 bytes in 10 msecs (HTTP/1.1 200) 8 headers in 295 bytes (1 switches on core 0)
2026-04-02 17:58:28.678 7 INFO placement.requestlog [req-5f67442e-97c3-4044-bffe-9afe54cac605 req-7687ffb2-f4ef-4537-8ea4-1bd4af631da5 36a35c683ea04b3a806cf0df75f52442 1186d73df1754cc2a0a3df526e988b35 - - 9c52bcdd4eeb4dd48f39771804555193 9c52bcdd4eeb4dd48f39771804555193] 199.204.45.53 "GET /resource_providers/2a6d2486-1e23-451d-9f57-aef84d4e00c4/traits" status: 200 len: 1753 microversion: 1.6 [pid: 7|app: 0|req: 496/993] 199.204.45.53 () {34 vars in 889 bytes} [Thu Apr 2 17:58:28 2026] GET /resource_providers/2a6d2486-1e23-451d-9f57-aef84d4e00c4/traits => generated 1753 bytes in 17 msecs (HTTP/1.1 200) 6 headers in 225 bytes (1 switches on core 0)
2026-04-02 17:58:28.708 8 INFO placement.requestlog [req-5f67442e-97c3-4044-bffe-9afe54cac605 req-f97a6159-8b8c-423d-aaf6-38d35e942640 36a35c683ea04b3a806cf0df75f52442 1186d73df1754cc2a0a3df526e988b35 - - 9c52bcdd4eeb4dd48f39771804555193 9c52bcdd4eeb4dd48f39771804555193] 199.204.45.53 "GET /resource_providers/2a6d2486-1e23-451d-9f57-aef84d4e00c4/allocations" status: 200 len: 153 microversion: 1.0 [pid: 8|app: 0|req: 498/994] 199.204.45.53 () {32 vars in 856 bytes} [Thu Apr 2 17:58:28 2026] GET /resource_providers/2a6d2486-1e23-451d-9f57-aef84d4e00c4/allocations => generated 153 bytes in 25 msecs (HTTP/1.1 200) 6 headers in 224 bytes (1 switches on core 0)
2026-04-02 17:58:28.727 7 INFO placement.requestlog [req-5f67442e-97c3-4044-bffe-9afe54cac605 req-9cff487f-1d6f-46b1-a8d0-1b13b7a410f2 36a35c683ea04b3a806cf0df75f52442 1186d73df1754cc2a0a3df526e988b35 - - 9c52bcdd4eeb4dd48f39771804555193 9c52bcdd4eeb4dd48f39771804555193] 199.204.45.53 "GET /allocations/c1a1f947-f07b-404f-9374-1a536bc7d8d4" status: 200 len: 258 microversion: 1.28 [pid: 7|app: 0|req: 497/995] 199.204.45.53 () {34 vars in 862 bytes} [Thu Apr 2 17:58:28 2026] GET /allocations/c1a1f947-f07b-404f-9374-1a536bc7d8d4 => generated 258 bytes in 10 msecs (HTTP/1.1 200) 8 headers in 296 bytes (1 switches on core 0)
2026-04-02 17:58:37.385 8 INFO placement.requestlog [None req-4a212b9b-b571-4fa4-9465-7298c344e678 - - - - - -] 10.0.0.149 "GET /" status: 200 len: 136 microversion: 1.0
2026-04-02 17:58:37.385 7 INFO placement.requestlog [None req-bc04d032-0797-4966-aebb-a1800af67495 - - - - - -] 10.0.0.149 "GET /" status: 200 len: 136 microversion: 1.0
2026-04-02 17:58:41.692 8 INFO placement.requestlog [req-ec672f8f-3217-438e-9f32-ae7cf9c6feca req-43d81bbc-aeb9-422b-a356-da9c9a27fda6 36a35c683ea04b3a806cf0df75f52442 1186d73df1754cc2a0a3df526e988b35 - - 9c52bcdd4eeb4dd48f39771804555193 9c52bcdd4eeb4dd48f39771804555193] 10.0.0.60 "GET /allocation_candidates?limit=1000&resources=DISK_GB%3A1%2CMEMORY_MB%3A512%2CVCPU%3A1&root_required=%21COMPUTE_STATUS_DISABLED" status: 200 len: 2219 microversion: 1.36 [pid: 8|app: 0|req: 500/998] 10.0.0.60 () {34 vars in 1011 bytes} [Thu Apr 2 17:58:41 2026] GET /allocation_candidates?limit=1000&resources=DISK_GB%3A1%2CMEMORY_MB%3A512%2CVCPU%3A1&root_required=%21COMPUTE_STATUS_DISABLED => generated 2219 bytes in 44 msecs (HTTP/1.1 200) 8 headers in 297 bytes (1 switches on core 0)
2026-04-02 17:58:41.723 7 INFO placement.requestlog [req-ec672f8f-3217-438e-9f32-ae7cf9c6feca req-204534ac-d7fa-47a1-8719-fa4e7cf24bd8 36a35c683ea04b3a806cf0df75f52442 1186d73df1754cc2a0a3df526e988b35 - - 9c52bcdd4eeb4dd48f39771804555193 9c52bcdd4eeb4dd48f39771804555193] 10.0.0.60 "GET /allocations/12220d9e-2665-4591-a784-7afa58236776" status: 200 len: 19 microversion: 1.28 [pid: 7|app: 0|req: 499/999] 10.0.0.60 () {34 vars in 860 bytes} [Thu Apr 2 17:58:41 2026] GET /allocations/12220d9e-2665-4591-a784-7afa58236776 => generated 19 bytes in 14 msecs (HTTP/1.1 200) 8 headers in 295 bytes (1 switches on core 0)
2026-04-02 17:58:41.792 8 INFO placement.requestlog [req-ec672f8f-3217-438e-9f32-ae7cf9c6feca req-002c9c04-ddd9-40e5-91cc-461f69460a7e 36a35c683ea04b3a806cf0df75f52442 1186d73df1754cc2a0a3df526e988b35 - - 9c52bcdd4eeb4dd48f39771804555193 9c52bcdd4eeb4dd48f39771804555193] 10.0.0.60 "PUT /allocations/12220d9e-2665-4591-a784-7afa58236776" status: 204 len: 0 microversion: 1.36 [pid: 8|app: 0|req: 501/1000] 10.0.0.60 () {38 vars in 913 bytes} [Thu Apr 2 17:58:41 2026] PUT /allocations/12220d9e-2665-4591-a784-7afa58236776 => generated 0 bytes in 62 msecs (HTTP/1.1 204) 5 headers in 199 bytes (1 switches on core 0)
2026-04-02 17:58:42.084 7 INFO placement.requestlog [req-ec672f8f-3217-438e-9f32-ae7cf9c6feca req-1ad1db04-6f47-45e6-bf6f-d0ba7f168c9d 36a35c683ea04b3a806cf0df75f52442 1186d73df1754cc2a0a3df526e988b35 - - 9c52bcdd4eeb4dd48f39771804555193 9c52bcdd4eeb4dd48f39771804555193] 199.204.45.53 "GET /allocations/12220d9e-2665-4591-a784-7afa58236776" status: 200 len: 258 microversion: 1.28 [pid: 7|app: 0|req: 500/1001] 199.204.45.53 () {34 vars in 862 bytes} [Thu Apr 2 17:58:42 2026] GET /allocations/12220d9e-2665-4591-a784-7afa58236776 => generated 258 bytes in 69 msecs (HTTP/1.1 200) 8 headers in 296 bytes (1 switches on core 0)
2026-04-02 17:58:42.202 8 INFO placement.requestlog [req-ec672f8f-3217-438e-9f32-ae7cf9c6feca req-b1da3313-9b91-4ac3-856d-4f97ca2992d3 36a35c683ea04b3a806cf0df75f52442 1186d73df1754cc2a0a3df526e988b35 - - 9c52bcdd4eeb4dd48f39771804555193 9c52bcdd4eeb4dd48f39771804555193] 199.204.45.53 "GET /resource_providers/2a6d2486-1e23-451d-9f57-aef84d4e00c4/allocations" status: 200 len: 253 microversion: 1.0 [pid: 8|app: 0|req: 502/1002] 199.204.45.53 () {32 vars in 856 bytes} [Thu Apr 2 17:58:42 2026] GET /resource_providers/2a6d2486-1e23-451d-9f57-aef84d4e00c4/allocations => generated 253 bytes in 19 msecs (HTTP/1.1 200) 6 headers in 224 bytes (1 switches on core 0)
2026-04-02 17:58:42.231 7 INFO placement.requestlog [req-ec672f8f-3217-438e-9f32-ae7cf9c6feca req-e609f33a-7de0-4496-8ddc-67d8179c9d0d 36a35c683ea04b3a806cf0df75f52442 1186d73df1754cc2a0a3df526e988b35 - - 9c52bcdd4eeb4dd48f39771804555193 9c52bcdd4eeb4dd48f39771804555193] 199.204.45.53 "GET /allocations/c1a1f947-f07b-404f-9374-1a536bc7d8d4" status: 200 len: 258 microversion: 1.28 [pid: 7|app: 0|req: 501/1003] 199.204.45.53 () {34 vars in 862 bytes} [Thu Apr 2 17:58:42 2026] GET /allocations/c1a1f947-f07b-404f-9374-1a536bc7d8d4 => generated 258 bytes in 23 msecs (HTTP/1.1 200) 8 headers in 296 bytes (1 switches on core 0)
2026-04-02 17:58:42.252 8 INFO placement.requestlog [req-ec672f8f-3217-438e-9f32-ae7cf9c6feca req-cd5c253f-0034-42ea-87c9-668984fc7d87 36a35c683ea04b3a806cf0df75f52442 1186d73df1754cc2a0a3df526e988b35 - - 9c52bcdd4eeb4dd48f39771804555193 9c52bcdd4eeb4dd48f39771804555193] 199.204.45.53 "GET /allocations/12220d9e-2665-4591-a784-7afa58236776" status: 200 len: 258 microversion: 1.28 [pid: 8|app: 0|req: 503/1004] 199.204.45.53 () {34 vars in 862 bytes} [Thu Apr 2 17:58:42 2026] GET /allocations/12220d9e-2665-4591-a784-7afa58236776 => generated 258 bytes in 14 msecs (HTTP/1.1 200) 8 headers in 296 bytes (1 switches on core 0)
2026-04-02 17:58:43.866 7 INFO placement.requestlog [None req-5945b789-207e-4313-96d6-ab8e5d0b4e75 6b2eb44c78ef40fe81841ada4497ec78 1186d73df1754cc2a0a3df526e988b35 - - 9c52bcdd4eeb4dd48f39771804555193 9c52bcdd4eeb4dd48f39771804555193] 10.0.0.150 "GET /resource_providers/22381977-c42d-44d7-bcf4-aac64101bb86/aggregates" status: 404 len: 235 microversion: 1.1 [pid: 7|app: 0|req: 502/1005] 10.0.0.150 () {32 vars in 825 bytes} [Thu Apr 2 17:58:43 2026] GET /resource_providers/22381977-c42d-44d7-bcf4-aac64101bb86/aggregates => generated 235 bytes in 23 msecs (HTTP/1.1 404) 5 headers in 202 bytes (1 switches on core 0)
2026-04-02 17:58:43.866 8 INFO placement.requestlog [None req-148be329-85f2-428d-9122-977f5d4f7550 6b2eb44c78ef40fe81841ada4497ec78 1186d73df1754cc2a0a3df526e988b35 - - 9c52bcdd4eeb4dd48f39771804555193 9c52bcdd4eeb4dd48f39771804555193] 10.0.0.150 "GET /resource_providers/22381977-c42d-44d7-bcf4-aac64101bb86/aggregates" status: 404 len: 235 microversion: 1.1 [pid: 8|app: 0|req: 504/1006] 10.0.0.150 () {32 vars in 825 bytes} [Thu Apr 2 17:58:43 2026] GET /resource_providers/22381977-c42d-44d7-bcf4-aac64101bb86/aggregates => generated 235 bytes in 23 msecs (HTTP/1.1 404) 5 headers in 202 bytes (1 switches on core 0)
2026-04-02 17:58:43.885 7 INFO placement.requestlog [None req-7f1c745e-e4eb-4b2a-9b3b-25123699d0b8 6b2eb44c78ef40fe81841ada4497ec78 1186d73df1754cc2a0a3df526e988b35 - - 9c52bcdd4eeb4dd48f39771804555193 9c52bcdd4eeb4dd48f39771804555193] 10.0.0.150 "DELETE /resource_providers/22381977-c42d-44d7-bcf4-aac64101bb86" status: 404 len: 246 microversion: 1.1 [pid: 7|app: 0|req: 503/1007] 10.0.0.150 () {34 vars in 825 bytes} [Thu Apr 2 17:58:43 2026] DELETE /resource_providers/22381977-c42d-44d7-bcf4-aac64101bb86 => generated 246 bytes in 12 msecs (HTTP/1.1 404) 6 headers in 231 bytes (1 switches on core 0)
2026-04-02 17:58:43.890 8 INFO placement.requestlog [None req-36e8c39a-c81c-45c6-aca3-02b4d9a2a13f 6b2eb44c78ef40fe81841ada4497ec78 1186d73df1754cc2a0a3df526e988b35 - - 9c52bcdd4eeb4dd48f39771804555193 9c52bcdd4eeb4dd48f39771804555193] 10.0.0.150 "DELETE /resource_providers/22381977-c42d-44d7-bcf4-aac64101bb86" status: 404 len: 246 microversion: 1.1 [pid: 8|app: 0|req: 505/1008] 10.0.0.150 () {34 vars in 825 bytes} [Thu Apr 2 17:58:43 2026] DELETE /resource_providers/22381977-c42d-44d7-bcf4-aac64101bb86 => generated 246 bytes in 12 msecs (HTTP/1.1 404) 6 headers in 231 bytes (1 switches on core 0)
2026-04-02 17:58:47.385 8 INFO placement.requestlog [None req-a65eb116-44f0-407c-a107-406fdb877545 - - - - - -] 10.0.0.149 "GET /" status: 200 len: 136 microversion: 1.0
2026-04-02 17:58:47.386 7 INFO placement.requestlog [None req-d3f6724a-e518-4c02-b400-b2fd39dd2a46 - - - - - -] 10.0.0.149 "GET /" status: 200 len: 136 microversion: 1.0
2026-04-02 17:58:57.385 7 INFO placement.requestlog [None req-0e762f27-0cfd-45b2-8f76-cfaf83bbb474 - - - - - -] 10.0.0.149 "GET /" status: 200 len: 136 microversion: 1.0
2026-04-02 17:58:57.385 8 INFO placement.requestlog [None req-d831ee1a-c0e3-4179-9935-1ed138e11f6f - - - - - -] 10.0.0.149 "GET /" status: 200 len: 136 microversion: 1.0
2026-04-02 17:58:57.547 7 INFO placement.requestlog [req-4074e48d-31bc-4eeb-9b23-99ecb4b20f53 req-d369af01-da83-476c-adac-88a6928f58b0 36a35c683ea04b3a806cf0df75f52442 1186d73df1754cc2a0a3df526e988b35 - - 9c52bcdd4eeb4dd48f39771804555193 9c52bcdd4eeb4dd48f39771804555193] 199.204.45.53 "GET /resource_providers/2a6d2486-1e23-451d-9f57-aef84d4e00c4/allocations" status: 200 len: 253 microversion: 1.0 [pid: 7|app: 0|req: 506/1013] 199.204.45.53 () {32 vars in 856 bytes} [Thu Apr 2 17:58:57 2026] GET /resource_providers/2a6d2486-1e23-451d-9f57-aef84d4e00c4/allocations => generated 253 bytes in 20 msecs (HTTP/1.1 200) 6 headers in 224 bytes (1 switches on core 0)
2026-04-02 17:58:57.579 8 INFO placement.requestlog [req-4074e48d-31bc-4eeb-9b23-99ecb4b20f53 req-ce47525c-0d6d-4418-a5d8-dda2ddf5ebda 36a35c683ea04b3a806cf0df75f52442 1186d73df1754cc2a0a3df526e988b35 - - 9c52bcdd4eeb4dd48f39771804555193 9c52bcdd4eeb4dd48f39771804555193] 199.204.45.53 "GET /resource_providers/2a6d2486-1e23-451d-9f57-aef84d4e00c4/allocations" status: 200 len: 253 microversion: 1.0 [pid: 8|app: 0|req: 508/1014] 199.204.45.53 () {32 vars in 856 bytes} [Thu Apr 2 17:58:57 2026] GET /resource_providers/2a6d2486-1e23-451d-9f57-aef84d4e00c4/allocations => generated 253 bytes in 20 msecs (HTTP/1.1 200) 6 headers in 224 bytes (1 switches on core 0)
2026-04-02 17:58:57.603 7 INFO placement.requestlog [req-4074e48d-31bc-4eeb-9b23-99ecb4b20f53 req-ca9d2c9c-49ee-4d39-8eb6-474249594c10 36a35c683ea04b3a806cf0df75f52442 1186d73df1754cc2a0a3df526e988b35 - - 9c52bcdd4eeb4dd48f39771804555193 9c52bcdd4eeb4dd48f39771804555193] 199.204.45.53 "GET /allocations/c1a1f947-f07b-404f-9374-1a536bc7d8d4" status: 200 len: 258 microversion: 1.28 [pid: 7|app: 0|req: 507/1015] 199.204.45.53 () {34 vars in 862 bytes} [Thu Apr 2 17:58:57 2026] GET /allocations/c1a1f947-f07b-404f-9374-1a536bc7d8d4 => generated 258 bytes in 17 msecs (HTTP/1.1 200) 8 headers in 296 bytes (1 switches on core 0)
