Apr 28 20:11:49.201635 np0000171182 neutron-periodic-workers[106236]: DEBUG cotyledon.oslo_config_glue [-] database.backend = sqlalchemy {{(pid=106236) log_opt_values /opt/stack/data/venv/lib/python3.12/site-packages/oslo_config/cfg.py:3006}}
Apr 28 20:11:49.201685 np0000171182 neutron-periodic-workers[106236]: DEBUG cotyledon.oslo_config_glue [-] database.connection = **** {{(pid=106236) log_opt_values /opt/stack/data/venv/lib/python3.12/site-packages/oslo_config/cfg.py:3006}}
Apr 28 20:11:49.201711 np0000171182 neutron-periodic-workers[106236]: DEBUG cotyledon.oslo_config_glue [-] database.connection_debug = 0 {{(pid=106236) log_opt_values /opt/stack/data/venv/lib/python3.12/site-packages/oslo_config/cfg.py:3006}}
Apr 28 20:11:49.201752 np0000171182 neutron-periodic-workers[106236]: DEBUG cotyledon.oslo_config_glue [-] database.connection_parameters = {{(pid=106236) log_opt_values /opt/stack/data/venv/lib/python3.12/site-packages/oslo_config/cfg.py:3006}}
Apr 28 20:11:49.201791 np0000171182 neutron-periodic-workers[106236]: DEBUG cotyledon.oslo_config_glue [-] database.connection_recycle_time = 3600 {{(pid=106236) log_opt_values /opt/stack/data/venv/lib/python3.12/site-packages/oslo_config/cfg.py:3006}}
Apr 28 20:11:49.201822 np0000171182 neutron-periodic-workers[106236]: DEBUG cotyledon.oslo_config_glue [-] database.connection_trace = False {{(pid=106236) log_opt_values /opt/stack/data/venv/lib/python3.12/site-packages/oslo_config/cfg.py:3006}}
Apr 28 20:11:49.201916 np0000171182 neutron-periodic-workers[106236]: DEBUG cotyledon.oslo_config_glue [-] database.db_inc_retry_interval = True {{(pid=106236) log_opt_values /opt/stack/data/venv/lib/python3.12/site-packages/oslo_config/cfg.py:3006}}
Apr 28 20:11:49.201916 np0000171182 neutron-periodic-workers[106236]: DEBUG cotyledon.oslo_config_glue [-] database.db_max_retries = 20 {{(pid=106236) log_opt_values /opt/stack/data/venv/lib/python3.12/site-packages/oslo_config/cfg.py:3006}}
Apr 28 20:11:49.201997 np0000171182 neutron-periodic-workers[106236]: DEBUG cotyledon.oslo_config_glue [-] database.db_max_retry_interval = 10 {{(pid=106236) log_opt_values /opt/stack/data/venv/lib/python3.12/site-packages/oslo_config/cfg.py:3006}}
Apr 28 20:11:49.201997 np0000171182 neutron-periodic-workers[106236]: DEBUG cotyledon.oslo_config_glue [-] database.db_retry_interval = 1 {{(pid=106236) log_opt_values /opt/stack/data/venv/lib/python3.12/site-packages/oslo_config/cfg.py:3006}}
Apr 28 20:11:49.202066 np0000171182 neutron-periodic-workers[106236]: DEBUG cotyledon.oslo_config_glue [-] database.max_overflow = 50 {{(pid=106236) log_opt_values /opt/stack/data/venv/lib/python3.12/site-packages/oslo_config/cfg.py:3006}}
Apr 28 20:11:49.202066 np0000171182 neutron-periodic-workers[106236]: DEBUG cotyledon.oslo_config_glue [-] database.max_pool_size = 5 {{(pid=106236) log_opt_values /opt/stack/data/venv/lib/python3.12/site-packages/oslo_config/cfg.py:3006}}
Apr 28 20:11:49.202164 np0000171182 neutron-periodic-workers[106236]: DEBUG cotyledon.oslo_config_glue [-] database.max_retries = 10 {{(pid=106236) log_opt_values /opt/stack/data/venv/lib/python3.12/site-packages/oslo_config/cfg.py:3006}}
Apr 28 20:11:49.202164 np0000171182 neutron-periodic-workers[106236]: DEBUG cotyledon.oslo_config_glue [-] database.mysql_sql_mode = TRADITIONAL {{(pid=106236) log_opt_values /opt/stack/data/venv/lib/python3.12/site-packages/oslo_config/cfg.py:3006}}
Apr 28 20:11:49.202241 np0000171182 neutron-periodic-workers[106236]: DEBUG cotyledon.oslo_config_glue [-] database.mysql_wsrep_sync_wait = None {{(pid=106236) log_opt_values /opt/stack/data/venv/lib/python3.12/site-packages/oslo_config/cfg.py:3006}}
Apr 28 20:11:49.202241 np0000171182 neutron-periodic-workers[106236]: DEBUG cotyledon.oslo_config_glue [-] database.pool_timeout = None {{(pid=106236) log_opt_values /opt/stack/data/venv/lib/python3.12/site-packages/oslo_config/cfg.py:3006}}
Apr 28 20:11:49.202299 np0000171182 neutron-periodic-workers[106236]: DEBUG cotyledon.oslo_config_glue [-] database.retry_interval = 10 {{(pid=106236) log_opt_values /opt/stack/data/venv/lib/python3.12/site-packages/oslo_config/cfg.py:3006}}
Apr 28 20:11:49.202334 np0000171182 neutron-periodic-workers[106236]: DEBUG cotyledon.oslo_config_glue [-] database.slave_connection = **** {{(pid=106236) log_opt_values /opt/stack/data/venv/lib/python3.12/site-packages/oslo_config/cfg.py:3006}}
Apr 28 20:11:49.202398 np0000171182 neutron-periodic-workers[106236]: DEBUG cotyledon.oslo_config_glue [-] database.sqlite_synchronous = True {{(pid=106236) log_opt_values /opt/stack/data/venv/lib/python3.12/site-packages/oslo_config/cfg.py:3006}}
Apr 28 20:11:49.202483 np0000171182 neutron-periodic-workers[106236]: DEBUG cotyledon.oslo_config_glue [-] database.synchronous_reader = True {{(pid=106236) log_opt_values /opt/stack/data/venv/lib/python3.12/site-packages/oslo_config/cfg.py:3006}}
Apr 28 20:11:49.202561 np0000171182 neutron-periodic-workers[106236]: DEBUG cotyledon.oslo_config_glue [-] database.use_db_reconnect = False {{(pid=106236) log_opt_values /opt/stack/data/venv/lib/python3.12/site-packages/oslo_config/cfg.py:3006}}
Apr 28 20:11:49.202611 np0000171182 neutron-periodic-workers[106236]: DEBUG cotyledon.oslo_config_glue [-] ovn.bfd_min_rx = 1000 {{(pid=106236) log_opt_values /opt/stack/data/venv/lib/python3.12/site-packages/oslo_config/cfg.py:3006}}
Apr 28 20:11:49.202684 np0000171182 neutron-periodic-workers[106236]: DEBUG cotyledon.oslo_config_glue [-] ovn.bfd_min_tx = 100 {{(pid=106236) log_opt_values /opt/stack/data/venv/lib/python3.12/site-packages/oslo_config/cfg.py:3006}}
Apr 28 20:11:49.202684 np0000171182 neutron-periodic-workers[106236]: DEBUG cotyledon.oslo_config_glue [-] ovn.bfd_mult = 3 {{(pid=106236) log_opt_values /opt/stack/data/venv/lib/python3.12/site-packages/oslo_config/cfg.py:3006}}
Apr 28 20:11:49.202752 np0000171182 neutron-periodic-workers[106236]: DEBUG cotyledon.oslo_config_glue [-] ovn.broadcast_arps_to_all_routers = True {{(pid=106236) log_opt_values /opt/stack/data/venv/lib/python3.12/site-packages/oslo_config/cfg.py:3006}}
Apr 28 20:11:49.202790 np0000171182 neutron-periodic-workers[106236]: DEBUG cotyledon.oslo_config_glue [-] ovn.dhcp_default_lease_time = 43200 {{(pid=106236) log_opt_values /opt/stack/data/venv/lib/python3.12/site-packages/oslo_config/cfg.py:3006}}
Apr 28 20:11:49.202859 np0000171182 neutron-periodic-workers[106236]: DEBUG cotyledon.oslo_config_glue [-] ovn.disable_ovn_dhcp_for_baremetal_ports = False {{(pid=106236) log_opt_values /opt/stack/data/venv/lib/python3.12/site-packages/oslo_config/cfg.py:3006}}
Apr 28 20:11:49.202859 np0000171182 neutron-periodic-workers[106236]: DEBUG cotyledon.oslo_config_glue [-] ovn.dns_records_ovn_owned = False {{(pid=106236) log_opt_values /opt/stack/data/venv/lib/python3.12/site-packages/oslo_config/cfg.py:3006}}
Apr 28 20:11:49.202922 np0000171182 neutron-periodic-workers[106236]: DEBUG cotyledon.oslo_config_glue [-] ovn.dns_servers = [] {{(pid=106236) log_opt_values /opt/stack/data/venv/lib/python3.12/site-packages/oslo_config/cfg.py:3006}}
Apr 28 20:11:49.202922 np0000171182 neutron-periodic-workers[106236]: DEBUG cotyledon.oslo_config_glue [-] ovn.enable_distributed_floating_ip = False {{(pid=106236) log_opt_values /opt/stack/data/venv/lib/python3.12/site-packages/oslo_config/cfg.py:3006}}
Apr 28 20:11:49.203272 np0000171182 neutron-periodic-workers[106236]: DEBUG cotyledon.oslo_config_glue [-] ovn.fdb_age_threshold = 300 {{(pid=106236) log_opt_values /opt/stack/data/venv/lib/python3.12/site-packages/oslo_config/cfg.py:3006}}
Apr 28 20:11:49.203272 np0000171182 neutron-periodic-workers[106236]: DEBUG cotyledon.oslo_config_glue [-] ovn.ha_failover_strategy = normal {{(pid=106236) log_opt_values /opt/stack/data/venv/lib/python3.12/site-packages/oslo_config/cfg.py:3006}}
Apr 28 20:11:49.203272 np0000171182 neutron-periodic-workers[106236]: DEBUG cotyledon.oslo_config_glue [-] ovn.live_migration_activation_strategy = rarp {{(pid=106236) log_opt_values /opt/stack/data/venv/lib/python3.12/site-packages/oslo_config/cfg.py:3006}}
Apr 28 20:11:49.203272 np0000171182 neutron-periodic-workers[106236]: DEBUG cotyledon.oslo_config_glue [-] ovn.localnet_learn_fdb = False {{(pid=106236) log_opt_values /opt/stack/data/venv/lib/python3.12/site-packages/oslo_config/cfg.py:3006}}
Apr 28 20:11:49.203272 np0000171182 neutron-periodic-workers[106236]: DEBUG cotyledon.oslo_config_glue [-] ovn.mac_binding_age_threshold = 300 {{(pid=106236) log_opt_values /opt/stack/data/venv/lib/python3.12/site-packages/oslo_config/cfg.py:3006}}
Apr 28 20:11:49.203272 np0000171182 neutron-periodic-workers[106236]: DEBUG cotyledon.oslo_config_glue [-] ovn.neutron_sync_mode = log {{(pid=106236) log_opt_values /opt/stack/data/venv/lib/python3.12/site-packages/oslo_config/cfg.py:3006}}
Apr 28 20:11:49.203272 np0000171182 neutron-periodic-workers[106236]: DEBUG cotyledon.oslo_config_glue [-] ovn.ovn_dhcp4_global_options = {} {{(pid=106236) log_opt_values /opt/stack/data/venv/lib/python3.12/site-packages/oslo_config/cfg.py:3006}}
Apr 28 20:11:49.203272 np0000171182 neutron-periodic-workers[106236]: DEBUG cotyledon.oslo_config_glue [-] ovn.ovn_dhcp6_global_options = {} {{(pid=106236) log_opt_values /opt/stack/data/venv/lib/python3.12/site-packages/oslo_config/cfg.py:3006}}
Apr 28 20:11:49.203272 np0000171182 neutron-periodic-workers[106236]: DEBUG cotyledon.oslo_config_glue [-] ovn.ovn_l3_scheduler = leastloaded {{(pid=106236) log_opt_values /opt/stack/data/venv/lib/python3.12/site-packages/oslo_config/cfg.py:3006}}
Apr 28 20:11:49.203539 np0000171182 neutron-periodic-workers[106236]: DEBUG cotyledon.oslo_config_glue [-] ovn.ovn_metadata_enabled = True {{(pid=106236) log_opt_values /opt/stack/data/venv/lib/python3.12/site-packages/oslo_config/cfg.py:3006}}
Apr 28 20:11:49.203539 np0000171182 neutron-periodic-workers[106236]: DEBUG cotyledon.oslo_config_glue [-] ovn.ovn_nb_ca_cert = /opt/stack/data/CA/int-ca/ca-chain.pem {{(pid=106236) log_opt_values /opt/stack/data/venv/lib/python3.12/site-packages/oslo_config/cfg.py:3006}}
Apr 28 20:11:49.203539 np0000171182 neutron-periodic-workers[106236]: DEBUG cotyledon.oslo_config_glue [-] ovn.ovn_nb_certificate = /opt/stack/data/CA/int-ca/devstack-cert.crt {{(pid=106236) log_opt_values /opt/stack/data/venv/lib/python3.12/site-packages/oslo_config/cfg.py:3006}}
Apr 28 20:11:49.203539 np0000171182 neutron-periodic-workers[106236]: DEBUG cotyledon.oslo_config_glue [-] ovn.ovn_nb_connection = ['ssl:199.19.213.238:6641'] {{(pid=106236) log_opt_values /opt/stack/data/venv/lib/python3.12/site-packages/oslo_config/cfg.py:3006}}
Apr 28 20:11:49.203539 np0000171182 neutron-periodic-workers[106236]: DEBUG cotyledon.oslo_config_glue [-] ovn.ovn_nb_private_key = /opt/stack/data/CA/int-ca/private/devstack-cert.key {{(pid=106236) log_opt_values /opt/stack/data/venv/lib/python3.12/site-packages/oslo_config/cfg.py:3006}}
Apr 28 20:11:49.203539 np0000171182 neutron-periodic-workers[106236]: DEBUG cotyledon.oslo_config_glue [-] ovn.ovn_router_indirect_snat = False {{(pid=106236) log_opt_values /opt/stack/data/venv/lib/python3.12/site-packages/oslo_config/cfg.py:3006}}
Apr 28 20:11:49.203539 np0000171182 neutron-periodic-workers[106236]: DEBUG cotyledon.oslo_config_glue [-] ovn.ovn_sb_ca_cert = /opt/stack/data/CA/int-ca/ca-chain.pem {{(pid=106236) log_opt_values /opt/stack/data/venv/lib/python3.12/site-packages/oslo_config/cfg.py:3006}}
Apr 28 20:11:49.203707 np0000171182 neutron-periodic-workers[106236]: DEBUG cotyledon.oslo_config_glue [-] ovn.ovn_sb_certificate = /opt/stack/data/CA/int-ca/devstack-cert.crt {{(pid=106236) log_opt_values /opt/stack/data/venv/lib/python3.12/site-packages/oslo_config/cfg.py:3006}}
Apr 28 20:11:49.203707 np0000171182 neutron-periodic-workers[106236]: DEBUG cotyledon.oslo_config_glue [-] ovn.ovn_sb_connection = ['ssl:199.19.213.238:6642'] {{(pid=106236) log_opt_values /opt/stack/data/venv/lib/python3.12/site-packages/oslo_config/cfg.py:3006}}
Apr 28 20:11:49.203707 np0000171182 neutron-periodic-workers[106236]: DEBUG cotyledon.oslo_config_glue [-] ovn.ovn_sb_private_key = /opt/stack/data/CA/int-ca/private/devstack-cert.key {{(pid=106236) log_opt_values /opt/stack/data/venv/lib/python3.12/site-packages/oslo_config/cfg.py:3006}}
Apr 28 20:11:49.203707 np0000171182 neutron-periodic-workers[106236]: DEBUG cotyledon.oslo_config_glue [-] ovn.ovs_create_tap = False {{(pid=106236) log_opt_values /opt/stack/data/venv/lib/python3.12/site-packages/oslo_config/cfg.py:3006}}
Apr 28 20:11:49.203806 np0000171182 neutron-periodic-workers[106236]: DEBUG cotyledon.oslo_config_glue [-] ovn.ovsdb_connection_timeout = 180 {{(pid=106236) log_opt_values /opt/stack/data/venv/lib/python3.12/site-packages/oslo_config/cfg.py:3006}}
Apr 28 20:11:49.203806 np0000171182 neutron-periodic-workers[106236]: DEBUG cotyledon.oslo_config_glue [-] ovn.ovsdb_log_level = INFO {{(pid=106236) log_opt_values /opt/stack/data/venv/lib/python3.12/site-packages/oslo_config/cfg.py:3006}}
Apr 28 20:11:49.203806 np0000171182 neutron-periodic-workers[106236]: DEBUG cotyledon.oslo_config_glue [-] ovn.ovsdb_probe_interval = 60000 {{(pid=106236) log_opt_values /opt/stack/data/venv/lib/python3.12/site-packages/oslo_config/cfg.py:3006}}
Apr 28 20:11:49.203878 np0000171182 neutron-periodic-workers[106236]: DEBUG cotyledon.oslo_config_glue [-] ovn.ovsdb_retry_max_interval = 180 {{(pid=106236) log_opt_values /opt/stack/data/venv/lib/python3.12/site-packages/oslo_config/cfg.py:3006}}
Apr 28 20:11:49.203878 np0000171182 neutron-periodic-workers[106236]: DEBUG cotyledon.oslo_config_glue [-] ovn.stateless_nat_enabled = False {{(pid=106236) log_opt_values /opt/stack/data/venv/lib/python3.12/site-packages/oslo_config/cfg.py:3006}}
Apr 28 20:11:49.203928 np0000171182 neutron-periodic-workers[106236]: DEBUG cotyledon.oslo_config_glue [-] ovn.vhost_sock_dir = /var/run/openvswitch {{(pid=106236) log_opt_values /opt/stack/data/venv/lib/python3.12/site-packages/oslo_config/cfg.py:3006}}
Apr 28 20:11:49.203992 np0000171182 neutron-periodic-workers[106236]: DEBUG cotyledon.oslo_config_glue [-] OVS.bridge_mac_table_size = 50000 {{(pid=106236) log_opt_values /opt/stack/data/venv/lib/python3.12/site-packages/oslo_config/cfg.py:3006}}
Apr 28 20:11:49.204041 np0000171182 neutron-periodic-workers[106236]: DEBUG cotyledon.oslo_config_glue [-] OVS.igmp_flood = False {{(pid=106236) log_opt_values /opt/stack/data/venv/lib/python3.12/site-packages/oslo_config/cfg.py:3006}}
Apr 28 20:11:49.204041 np0000171182 neutron-periodic-workers[106236]: DEBUG cotyledon.oslo_config_glue [-] OVS.igmp_flood_reports = True {{(pid=106236) log_opt_values /opt/stack/data/venv/lib/python3.12/site-packages/oslo_config/cfg.py:3006}}
Apr 28 20:11:49.204116 np0000171182 neutron-periodic-workers[106236]: DEBUG cotyledon.oslo_config_glue [-] OVS.igmp_flood_unregistered = False {{(pid=106236) log_opt_values /opt/stack/data/venv/lib/python3.12/site-packages/oslo_config/cfg.py:3006}}
Apr 28 20:11:49.204143 np0000171182 neutron-periodic-workers[106236]: DEBUG cotyledon.oslo_config_glue [-] OVS.igmp_snooping_enable = False {{(pid=106236) log_opt_values /opt/stack/data/venv/lib/python3.12/site-packages/oslo_config/cfg.py:3006}}
Apr 28 20:11:49.204196 np0000171182 neutron-periodic-workers[106236]: DEBUG cotyledon.oslo_config_glue [-] OVS.ovsdb_timeout = 10 {{(pid=106236) log_opt_values /opt/stack/data/venv/lib/python3.12/site-packages/oslo_config/cfg.py:3006}}
Apr 28 20:11:49.204273 np0000171182 neutron-periodic-workers[106236]: DEBUG cotyledon.oslo_config_glue [-] ovn_nb_global.fdb_removal_limit = 0 {{(pid=106236) log_opt_values /opt/stack/data/venv/lib/python3.12/site-packages/oslo_config/cfg.py:3006}}
Apr 28 20:11:49.204302 np0000171182 neutron-periodic-workers[106236]: DEBUG cotyledon.oslo_config_glue [-] ovn_nb_global.ignore_lsp_down = False {{(pid=106236) log_opt_values /opt/stack/data/venv/lib/python3.12/site-packages/oslo_config/cfg.py:3006}}
Apr 28 20:11:49.204339 np0000171182 neutron-periodic-workers[106236]: DEBUG cotyledon.oslo_config_glue [-] ovn_nb_global.mac_binding_removal_limit = 0 {{(pid=106236) log_opt_values /opt/stack/data/venv/lib/python3.12/site-packages/oslo_config/cfg.py:3006}}
Apr 28 20:11:49.204373 np0000171182 neutron-periodic-workers[106236]: DEBUG cotyledon.oslo_config_glue [-] ******************************************************************************** {{(pid=106236) log_opt_values /opt/stack/data/venv/lib/python3.12/site-packages/oslo_config/cfg.py:3013}}
Apr 28 20:11:49.204548 np0000171182 neutron-periodic-workers[106236]: DEBUG cotyledon._service_worker [-] Run service ServiceWrapper(0) [106236] {{(pid=106236) wait_forever /opt/stack/data/venv/lib/python3.12/site-packages/cotyledon/_service_worker.py:218}}
Apr 28 20:11:58.845563 np0000171182 neutron-periodic-workers[105475]: DEBUG dbcounter [-] [105475] Writing DB stats neutron:SELECT=4 {{(pid=105475) stat_writer /opt/stack/data/venv/lib/python3.12/site-packages/dbcounter.py:115}}
Apr 28 20:12:32.157253 np0000171182 neutron-periodic-workers[106202]: DEBUG oslo_db.sqlalchemy.engines [None req-f8daaeb0-9e86-44ef-b0b4-8cc8edac8374 None None] Parent process 105475 forked (106202) with an open database connection, which is being discarded and recreated. {{(pid=106202) checkout /opt/stack/data/venv/lib/python3.12/site-packages/oslo_db/sqlalchemy/engines.py:402}}
Apr 28 20:12:32.170232 np0000171182 neutron-periodic-workers[106202]: DEBUG dbcounter [-] [106202] Writer thread running {{(pid=106202) stat_writer /opt/stack/data/venv/lib/python3.12/site-packages/dbcounter.py:102}}
Apr 28 20:12:32.175893 np0000171182 neutron-periodic-workers[106202]: DEBUG neutron.db.agents_db [None req-f8daaeb0-9e86-44ef-b0b4-8cc8edac8374 None None] Agent healthcheck: found 0 active agents {{(pid=106202) agent_health_check /opt/stack/neutron/neutron/db/agents_db.py:317}}
Apr 28 20:12:32.176104 np0000171182 neutron-periodic-workers[106202]: DEBUG oslo.service.backend._threading.loopingcall [None req-f8daaeb0-9e86-44ef-b0b4-8cc8edac8374 None None] Fixed interval looping call 'neutron.plugins.ml2.plugin.AgentDbMixin.agent_health_check' sleeping for 36.97 seconds {{(pid=106202) _run_loop /opt/stack/data/venv/lib/python3.12/site-packages/oslo_service/backend/_threading/loopingcall.py:125}}
Apr 28 20:12:52.170977 np0000171182 neutron-periodic-workers[106202]: DEBUG dbcounter [-] [106202] Writing DB stats neutron:SELECT=1 {{(pid=106202) stat_writer /opt/stack/data/venv/lib/python3.12/site-packages/dbcounter.py:115}}
Apr 28 20:12:53.181474 np0000171182 neutron-periodic-workers[106193]: DEBUG dbcounter [-] [106193] Writer thread running {{(pid=106193) stat_writer /opt/stack/data/venv/lib/python3.12/site-packages/dbcounter.py:102}}
Apr 28 20:12:53.189782 np0000171182 neutron-periodic-workers[106193]: DEBUG oslo.service.backend._threading.loopingcall [None req-d3c9af1b-c412-4d0f-a5b7-af3d9bbda417 None None] Fixed interval looping call 'neutron.plugins.ml2.plugin.DhcpAgentSchedulerDbMixin.remove_networks_from_down_agents' sleeping for 36.97 seconds {{(pid=106193) _run_loop /opt/stack/data/venv/lib/python3.12/site-packages/oslo_service/backend/_threading/loopingcall.py:125}}
Apr 28 20:13:03.188822 np0000171182 neutron-periodic-workers[106193]: DEBUG dbcounter [-] [106193] Writing DB stats neutron:SELECT=3 {{(pid=106193) stat_writer /opt/stack/data/venv/lib/python3.12/site-packages/dbcounter.py:115}}
Apr 28 20:13:09.149834 np0000171182 neutron-periodic-workers[106202]: DEBUG neutron.db.agents_db [None req-f8daaeb0-9e86-44ef-b0b4-8cc8edac8374 None None] Agent healthcheck: found 0 active agents {{(pid=106202) agent_health_check /opt/stack/neutron/neutron/db/agents_db.py:317}}
Apr 28 20:13:09.150350 np0000171182 neutron-periodic-workers[106202]: DEBUG oslo.service.backend._threading.loopingcall [None req-f8daaeb0-9e86-44ef-b0b4-8cc8edac8374 None None] Fixed interval looping call 'neutron.plugins.ml2.plugin.AgentDbMixin.agent_health_check' sleeping for 37.00 seconds {{(pid=106202) _run_loop /opt/stack/data/venv/lib/python3.12/site-packages/oslo_service/backend/_threading/loopingcall.py:125}}
Apr 28 20:13:19.149164 np0000171182 neutron-periodic-workers[106202]: DEBUG dbcounter [-] [106202] Writing DB stats neutron:SELECT=1 {{(pid=106202) stat_writer /opt/stack/data/venv/lib/python3.12/site-packages/dbcounter.py:115}}
Apr 28 20:13:30.171884 np0000171182 neutron-periodic-workers[106193]: DEBUG oslo.service.backend._threading.loopingcall [None req-d3c9af1b-c412-4d0f-a5b7-af3d9bbda417 None None] Fixed interval looping call 'neutron.plugins.ml2.plugin.DhcpAgentSchedulerDbMixin.remove_networks_from_down_agents' sleeping for 36.99 seconds {{(pid=106193) _run_loop /opt/stack/data/venv/lib/python3.12/site-packages/oslo_service/backend/_threading/loopingcall.py:125}}
Apr 28 20:13:40.169853 np0000171182 neutron-periodic-workers[106193]: DEBUG dbcounter [-] [106193] Writing DB stats neutron:SELECT=3 {{(pid=106193) stat_writer /opt/stack/data/venv/lib/python3.12/site-packages/dbcounter.py:115}}
Apr 28 20:13:46.155828 np0000171182 neutron-periodic-workers[106202]: DEBUG neutron.db.agents_db [None req-f8daaeb0-9e86-44ef-b0b4-8cc8edac8374 None None] Agent healthcheck: found 0 active agents {{(pid=106202) agent_health_check /opt/stack/neutron/neutron/db/agents_db.py:317}}
Apr 28 20:13:46.156771 np0000171182 neutron-periodic-workers[106202]: DEBUG oslo.service.backend._threading.loopingcall [None req-f8daaeb0-9e86-44ef-b0b4-8cc8edac8374 None None] Fixed interval looping call 'neutron.plugins.ml2.plugin.AgentDbMixin.agent_health_check' sleeping for 36.99 seconds {{(pid=106202) _run_loop /opt/stack/data/venv/lib/python3.12/site-packages/oslo_service/backend/_threading/loopingcall.py:125}}
Apr 28 20:13:49.182692 np0000171182 neutron-periodic-workers[106214]: DEBUG dbcounter [-] [106214] Writer thread running {{(pid=106214) stat_writer /opt/stack/data/venv/lib/python3.12/site-packages/dbcounter.py:102}}
Apr 28 20:13:49.184263 np0000171182 neutron-periodic-workers[106214]: DEBUG oslo.service.backend._threading.loopingcall [None req-55b5e061-4571-45fb-b2d6-217ae8fd6fde None None] Fixed interval looping call 'neutron.db.quota.driver_nolock.DbQuotaNoLockDriver._remove_expired_reservations' sleeping for 119.98 seconds {{(pid=106214) _run_loop /opt/stack/data/venv/lib/python3.12/site-packages/oslo_service/backend/_threading/loopingcall.py:125}}
Apr 28 20:13:56.155510 np0000171182 neutron-periodic-workers[106202]: DEBUG dbcounter [-] [106202] Writing DB stats neutron:SELECT=1 {{(pid=106202) stat_writer /opt/stack/data/venv/lib/python3.12/site-packages/dbcounter.py:115}}
Apr 28 20:13:59.183141 np0000171182 neutron-periodic-workers[106214]: DEBUG dbcounter [-] [106214] Writing DB stats neutron:DELETE=1 {{(pid=106214) stat_writer /opt/stack/data/venv/lib/python3.12/site-packages/dbcounter.py:115}}
Apr 28 20:14:07.171964 np0000171182 neutron-periodic-workers[106193]: DEBUG oslo.service.backend._threading.loopingcall [None req-d3c9af1b-c412-4d0f-a5b7-af3d9bbda417 None None] Fixed interval looping call 'neutron.plugins.ml2.plugin.DhcpAgentSchedulerDbMixin.remove_networks_from_down_agents' sleeping for 36.99 seconds {{(pid=106193) _run_loop /opt/stack/data/venv/lib/python3.12/site-packages/oslo_service/backend/_threading/loopingcall.py:125}}
Apr 28 20:14:07.241236 np0000171182 neutron-periodic-workers[106236]: DEBUG dbcounter [-] [106236] Writer thread running {{(pid=106236) stat_writer /opt/stack/data/venv/lib/python3.12/site-packages/dbcounter.py:102}}
Apr 28 20:14:07.256294 np0000171182 neutron-periodic-workers[106236]: DEBUG oslo.service.backend._threading.loopingcall [None req-5153d478-379e-417f-8e2a-7758f920fe18 None None] Fixed interval looping call 'neutron.services.ovn_l3.plugin.L3_NAT_dbonly_mixin._clean_garbage' sleeping for 299.95 seconds {{(pid=106236) _run_loop /opt/stack/data/venv/lib/python3.12/site-packages/oslo_service/backend/_threading/loopingcall.py:125}}
Apr 28 20:14:17.170455 np0000171182 neutron-periodic-workers[106193]: DEBUG dbcounter [-] [106193] Writing DB stats neutron:SELECT=3 {{(pid=106193) stat_writer /opt/stack/data/venv/lib/python3.12/site-packages/dbcounter.py:115}}
Apr 28 20:14:17.243142 np0000171182 neutron-periodic-workers[106236]: DEBUG dbcounter [-] [106236] Writing DB stats neutron:SELECT=1 {{(pid=106236) stat_writer /opt/stack/data/venv/lib/python3.12/site-packages/dbcounter.py:115}}
Apr 28 20:14:23.152871 np0000171182 neutron-periodic-workers[106202]: DEBUG neutron.db.agents_db [None req-f8daaeb0-9e86-44ef-b0b4-8cc8edac8374 None None] Agent healthcheck: found 0 active agents {{(pid=106202) agent_health_check /opt/stack/neutron/neutron/db/agents_db.py:317}}
Apr 28 20:14:23.153514 np0000171182 neutron-periodic-workers[106202]: DEBUG oslo.service.backend._threading.loopingcall [None req-f8daaeb0-9e86-44ef-b0b4-8cc8edac8374 None None] Fixed interval looping call 'neutron.plugins.ml2.plugin.AgentDbMixin.agent_health_check' sleeping for 36.99 seconds {{(pid=106202) _run_loop /opt/stack/data/venv/lib/python3.12/site-packages/oslo_service/backend/_threading/loopingcall.py:125}}
Apr 28 20:14:33.151109 np0000171182 neutron-periodic-workers[106202]: DEBUG dbcounter [-] [106202] Writing DB stats neutron:SELECT=1 {{(pid=106202) stat_writer /opt/stack/data/venv/lib/python3.12/site-packages/dbcounter.py:115}}
Apr 28 20:14:44.172359 np0000171182 neutron-periodic-workers[106193]: DEBUG oslo.service.backend._threading.loopingcall [None req-d3c9af1b-c412-4d0f-a5b7-af3d9bbda417 None None] Fixed interval looping call 'neutron.plugins.ml2.plugin.DhcpAgentSchedulerDbMixin.remove_networks_from_down_agents' sleeping for 36.99 seconds {{(pid=106193) _run_loop /opt/stack/data/venv/lib/python3.12/site-packages/oslo_service/backend/_threading/loopingcall.py:125}}
Apr 28 20:14:54.170508 np0000171182 neutron-periodic-workers[106193]: DEBUG dbcounter [-] [106193] Writing DB stats neutron:SELECT=3 {{(pid=106193) stat_writer /opt/stack/data/venv/lib/python3.12/site-packages/dbcounter.py:115}}
Apr 28 20:15:00.147147 np0000171182 neutron-periodic-workers[106202]: DEBUG neutron.db.agents_db [None req-f8daaeb0-9e86-44ef-b0b4-8cc8edac8374 None None] Agent healthcheck: found 0 active agents {{(pid=106202) agent_health_check /opt/stack/neutron/neutron/db/agents_db.py:317}}
Apr 28 20:15:00.147812 np0000171182 neutron-periodic-workers[106202]: DEBUG oslo.service.backend._threading.loopingcall [None req-f8daaeb0-9e86-44ef-b0b4-8cc8edac8374 None None] Fixed interval looping call 'neutron.plugins.ml2.plugin.AgentDbMixin.agent_health_check' sleeping for 37.00 seconds {{(pid=106202) _run_loop /opt/stack/data/venv/lib/python3.12/site-packages/oslo_service/backend/_threading/loopingcall.py:125}}
Apr 28 20:15:10.146370 np0000171182 neutron-periodic-workers[106202]: DEBUG dbcounter [-] [106202] Writing DB stats neutron:SELECT=1 {{(pid=106202) stat_writer /opt/stack/data/venv/lib/python3.12/site-packages/dbcounter.py:115}}
Apr 28 20:15:21.172025 np0000171182 neutron-periodic-workers[106193]: DEBUG oslo.service.backend._threading.loopingcall [None req-d3c9af1b-c412-4d0f-a5b7-af3d9bbda417 None None] Fixed interval looping call 'neutron.plugins.ml2.plugin.DhcpAgentSchedulerDbMixin.remove_networks_from_down_agents' sleeping for 36.99 seconds {{(pid=106193) _run_loop /opt/stack/data/venv/lib/python3.12/site-packages/oslo_service/backend/_threading/loopingcall.py:125}}
Apr 28 20:15:31.170892 np0000171182 neutron-periodic-workers[106193]: DEBUG dbcounter [-] [106193] Writing DB stats neutron:SELECT=3 {{(pid=106193) stat_writer /opt/stack/data/venv/lib/python3.12/site-packages/dbcounter.py:115}}
Apr 28 20:15:37.152456 np0000171182 neutron-periodic-workers[106202]: DEBUG neutron.db.agents_db [None req-f8daaeb0-9e86-44ef-b0b4-8cc8edac8374 None None] Agent healthcheck: found 0 active agents {{(pid=106202) agent_health_check /opt/stack/neutron/neutron/db/agents_db.py:317}}
Apr 28 20:15:37.153420 np0000171182 neutron-periodic-workers[106202]: DEBUG oslo.service.backend._threading.loopingcall [None req-f8daaeb0-9e86-44ef-b0b4-8cc8edac8374 None None] Fixed interval looping call 'neutron.plugins.ml2.plugin.AgentDbMixin.agent_health_check' sleeping for 36.99 seconds {{(pid=106202) _run_loop /opt/stack/data/venv/lib/python3.12/site-packages/oslo_service/backend/_threading/loopingcall.py:125}}
Apr 28 20:15:47.151016 np0000171182 neutron-periodic-workers[106202]: DEBUG dbcounter [-] [106202] Writing DB stats neutron:SELECT=1 {{(pid=106202) stat_writer /opt/stack/data/venv/lib/python3.12/site-packages/dbcounter.py:115}}
Apr 28 20:15:49.170482 np0000171182 neutron-periodic-workers[106214]: DEBUG oslo.service.backend._threading.loopingcall [None req-55b5e061-4571-45fb-b2d6-217ae8fd6fde None None] Fixed interval looping call 'neutron.db.quota.driver_nolock.DbQuotaNoLockDriver._remove_expired_reservations' sleeping for 119.99 seconds {{(pid=106214) _run_loop /opt/stack/data/venv/lib/python3.12/site-packages/oslo_service/backend/_threading/loopingcall.py:125}}
Apr 28 20:15:58.172315 np0000171182 neutron-periodic-workers[106193]: DEBUG oslo.service.backend._threading.loopingcall [None req-d3c9af1b-c412-4d0f-a5b7-af3d9bbda417 None None] Fixed interval looping call 'neutron.plugins.ml2.plugin.DhcpAgentSchedulerDbMixin.remove_networks_from_down_agents' sleeping for 36.99 seconds {{(pid=106193) _run_loop /opt/stack/data/venv/lib/python3.12/site-packages/oslo_service/backend/_threading/loopingcall.py:125}}
Apr 28 20:15:59.169138 np0000171182 neutron-periodic-workers[106214]: DEBUG dbcounter [-] [106214] Writing DB stats neutron:DELETE=1 {{(pid=106214) stat_writer /opt/stack/data/venv/lib/python3.12/site-packages/dbcounter.py:115}}
Apr 28 20:16:08.170837 np0000171182 neutron-periodic-workers[106193]: DEBUG dbcounter [-] [106193] Writing DB stats neutron:SELECT=3 {{(pid=106193) stat_writer /opt/stack/data/venv/lib/python3.12/site-packages/dbcounter.py:115}}
Apr 28 20:16:14.148032 np0000171182 neutron-periodic-workers[106202]: DEBUG neutron.db.agents_db [None req-f8daaeb0-9e86-44ef-b0b4-8cc8edac8374 None None] Agent healthcheck: found 0 active agents {{(pid=106202) agent_health_check /opt/stack/neutron/neutron/db/agents_db.py:317}}
Apr 28 20:16:14.148701 np0000171182 neutron-periodic-workers[106202]: DEBUG oslo.service.backend._threading.loopingcall [None req-f8daaeb0-9e86-44ef-b0b4-8cc8edac8374 None None] Fixed interval looping call 'neutron.plugins.ml2.plugin.AgentDbMixin.agent_health_check' sleeping for 36.99 seconds {{(pid=106202) _run_loop /opt/stack/data/venv/lib/python3.12/site-packages/oslo_service/backend/_threading/loopingcall.py:125}}
Apr 28 20:16:24.147552 np0000171182 neutron-periodic-workers[106202]: DEBUG dbcounter [-] [106202] Writing DB stats neutron:SELECT=1 {{(pid=106202) stat_writer /opt/stack/data/venv/lib/python3.12/site-packages/dbcounter.py:115}}
Apr 28 20:16:35.174461 np0000171182 neutron-periodic-workers[106193]: DEBUG oslo.service.backend._threading.loopingcall [None req-d3c9af1b-c412-4d0f-a5b7-af3d9bbda417 None None] Fixed interval looping call 'neutron.plugins.ml2.plugin.DhcpAgentSchedulerDbMixin.remove_networks_from_down_agents' sleeping for 36.99 seconds {{(pid=106193) _run_loop /opt/stack/data/venv/lib/python3.12/site-packages/oslo_service/backend/_threading/loopingcall.py:125}}
Apr 28 20:16:45.172361 np0000171182 neutron-periodic-workers[106193]: DEBUG dbcounter [-] [106193] Writing DB stats neutron:SELECT=3 {{(pid=106193) stat_writer /opt/stack/data/venv/lib/python3.12/site-packages/dbcounter.py:115}}
Apr 28 20:16:51.143518 np0000171182 neutron-periodic-workers[106202]: DEBUG neutron.db.agents_db [None req-f8daaeb0-9e86-44ef-b0b4-8cc8edac8374 None None] Agent healthcheck: found 0 active agents {{(pid=106202) agent_health_check /opt/stack/neutron/neutron/db/agents_db.py:317}}
Apr 28 20:16:51.143518 np0000171182 neutron-periodic-workers[106202]: DEBUG oslo.service.backend._threading.loopingcall [None req-f8daaeb0-9e86-44ef-b0b4-8cc8edac8374 None None] Fixed interval looping call 'neutron.plugins.ml2.plugin.AgentDbMixin.agent_health_check' sleeping for 36.99 seconds {{(pid=106202) _run_loop /opt/stack/data/venv/lib/python3.12/site-packages/oslo_service/backend/_threading/loopingcall.py:125}}
Apr 28 20:17:01.142040 np0000171182 neutron-periodic-workers[106202]: DEBUG dbcounter [-] [106202] Writing DB stats neutron:SELECT=1 {{(pid=106202) stat_writer /opt/stack/data/venv/lib/python3.12/site-packages/dbcounter.py:115}}
Apr 28 20:17:12.175172 np0000171182 neutron-periodic-workers[106193]: DEBUG oslo.service.backend._threading.loopingcall [None req-d3c9af1b-c412-4d0f-a5b7-af3d9bbda417 None None] Fixed interval looping call 'neutron.plugins.ml2.plugin.DhcpAgentSchedulerDbMixin.remove_networks_from_down_agents' sleeping for 36.99 seconds {{(pid=106193) _run_loop /opt/stack/data/venv/lib/python3.12/site-packages/oslo_service/backend/_threading/loopingcall.py:125}}
Apr 28 20:17:22.173439 np0000171182 neutron-periodic-workers[106193]: DEBUG dbcounter [-] [106193] Writing DB stats neutron:SELECT=3 {{(pid=106193) stat_writer /opt/stack/data/venv/lib/python3.12/site-packages/dbcounter.py:115}}
Apr 28 20:17:28.138406 np0000171182 neutron-periodic-workers[106202]: DEBUG neutron.db.agents_db [None req-f8daaeb0-9e86-44ef-b0b4-8cc8edac8374 None None] Agent healthcheck: found 0 active agents {{(pid=106202) agent_health_check /opt/stack/neutron/neutron/db/agents_db.py:317}}
Apr 28 20:17:28.138892 np0000171182 neutron-periodic-workers[106202]: DEBUG oslo.service.backend._threading.loopingcall [None req-f8daaeb0-9e86-44ef-b0b4-8cc8edac8374 None None] Fixed interval looping call 'neutron.plugins.ml2.plugin.AgentDbMixin.agent_health_check' sleeping for 37.00 seconds {{(pid=106202) _run_loop /opt/stack/data/venv/lib/python3.12/site-packages/oslo_service/backend/_threading/loopingcall.py:125}}
Apr 28 20:17:38.137341 np0000171182 neutron-periodic-workers[106202]: DEBUG dbcounter [-] [106202] Writing DB stats neutron:SELECT=1 {{(pid=106202) stat_writer /opt/stack/data/venv/lib/python3.12/site-packages/dbcounter.py:115}}
Apr 28 20:17:49.163959 np0000171182 neutron-periodic-workers[106214]: DEBUG oslo.service.backend._threading.loopingcall [None req-55b5e061-4571-45fb-b2d6-217ae8fd6fde None None] Fixed interval looping call 'neutron.db.quota.driver_nolock.DbQuotaNoLockDriver._remove_expired_reservations' sleeping for 120.00 seconds {{(pid=106214) _run_loop /opt/stack/data/venv/lib/python3.12/site-packages/oslo_service/backend/_threading/loopingcall.py:125}}
Apr 28 20:17:49.173249 np0000171182 neutron-periodic-workers[106193]: DEBUG oslo.service.backend._threading.loopingcall [None req-d3c9af1b-c412-4d0f-a5b7-af3d9bbda417 None None] Fixed interval looping call 'neutron.plugins.ml2.plugin.DhcpAgentSchedulerDbMixin.remove_networks_from_down_agents' sleeping for 36.99 seconds {{(pid=106193) _run_loop /opt/stack/data/venv/lib/python3.12/site-packages/oslo_service/backend/_threading/loopingcall.py:125}}
Apr 28 20:17:59.163207 np0000171182 neutron-periodic-workers[106214]: DEBUG dbcounter [-] [106214] Writing DB stats neutron:DELETE=1 {{(pid=106214) stat_writer /opt/stack/data/venv/lib/python3.12/site-packages/dbcounter.py:115}}
Apr 28 20:17:59.172382 np0000171182 neutron-periodic-workers[106193]: DEBUG dbcounter [-] [106193] Writing DB stats neutron:SELECT=3 {{(pid=106193) stat_writer /opt/stack/data/venv/lib/python3.12/site-packages/dbcounter.py:115}}
Apr 28 20:18:05.143922 np0000171182 neutron-periodic-workers[106202]: DEBUG neutron.db.agents_db [None req-f8daaeb0-9e86-44ef-b0b4-8cc8edac8374 None None] Agent healthcheck: found 0 active agents {{(pid=106202) agent_health_check /opt/stack/neutron/neutron/db/agents_db.py:317}}
Apr 28 20:18:05.144948 np0000171182 neutron-periodic-workers[106202]: DEBUG oslo.service.backend._threading.loopingcall [None req-f8daaeb0-9e86-44ef-b0b4-8cc8edac8374 None None] Fixed interval looping call 'neutron.plugins.ml2.plugin.AgentDbMixin.agent_health_check' sleeping for 36.99 seconds {{(pid=106202) _run_loop /opt/stack/data/venv/lib/python3.12/site-packages/oslo_service/backend/_threading/loopingcall.py:125}}
Apr 28 20:18:15.142265 np0000171182 neutron-periodic-workers[106202]: DEBUG dbcounter [-] [106202] Writing DB stats neutron:SELECT=1 {{(pid=106202) stat_writer /opt/stack/data/venv/lib/python3.12/site-packages/dbcounter.py:115}}
Apr 28 20:18:26.171479 np0000171182 neutron-periodic-workers[106193]: DEBUG oslo.service.backend._threading.loopingcall [None req-d3c9af1b-c412-4d0f-a5b7-af3d9bbda417 None None] Fixed interval looping call 'neutron.plugins.ml2.plugin.DhcpAgentSchedulerDbMixin.remove_networks_from_down_agents' sleeping for 36.99 seconds {{(pid=106193) _run_loop /opt/stack/data/venv/lib/python3.12/site-packages/oslo_service/backend/_threading/loopingcall.py:125}}
Apr 28 20:18:36.170709 np0000171182 neutron-periodic-workers[106193]: DEBUG dbcounter [-] [106193] Writing DB stats neutron:SELECT=3 {{(pid=106193) stat_writer /opt/stack/data/venv/lib/python3.12/site-packages/dbcounter.py:115}}
Apr 28 20:18:42.142988 np0000171182 neutron-periodic-workers[106202]: DEBUG neutron.db.agents_db [None req-f8daaeb0-9e86-44ef-b0b4-8cc8edac8374 None None] Agent healthcheck: found 0 active agents {{(pid=106202) agent_health_check /opt/stack/neutron/neutron/db/agents_db.py:317}}
Apr 28 20:18:42.142988 np0000171182 neutron-periodic-workers[106202]: DEBUG oslo.service.backend._threading.loopingcall [None req-f8daaeb0-9e86-44ef-b0b4-8cc8edac8374 None None] Fixed interval looping call 'neutron.plugins.ml2.plugin.AgentDbMixin.agent_health_check' sleeping for 36.99 seconds {{(pid=106202) _run_loop /opt/stack/data/venv/lib/python3.12/site-packages/oslo_service/backend/_threading/loopingcall.py:125}}
Apr 28 20:18:52.139735 np0000171182 neutron-periodic-workers[106202]: DEBUG dbcounter [-] [106202] Writing DB stats neutron:SELECT=1 {{(pid=106202) stat_writer /opt/stack/data/venv/lib/python3.12/site-packages/dbcounter.py:115}}
Apr 28 20:19:03.171510 np0000171182 neutron-periodic-workers[106193]: DEBUG oslo.service.backend._threading.loopingcall [None req-d3c9af1b-c412-4d0f-a5b7-af3d9bbda417 None None] Fixed interval looping call 'neutron.plugins.ml2.plugin.DhcpAgentSchedulerDbMixin.remove_networks_from_down_agents' sleeping for 36.99 seconds {{(pid=106193) _run_loop /opt/stack/data/venv/lib/python3.12/site-packages/oslo_service/backend/_threading/loopingcall.py:125}}
Apr 28 20:19:07.217003 np0000171182 neutron-periodic-workers[106236]: DEBUG oslo.service.backend._threading.loopingcall [None req-5153d478-379e-417f-8e2a-7758f920fe18 None None] Fixed interval looping call 'neutron.services.ovn_l3.plugin.L3_NAT_dbonly_mixin._clean_garbage' sleeping for 299.99 seconds {{(pid=106236) _run_loop /opt/stack/data/venv/lib/python3.12/site-packages/oslo_service/backend/_threading/loopingcall.py:125}}
Apr 28 20:19:13.170362 np0000171182 neutron-periodic-workers[106193]: DEBUG dbcounter [-] [106193] Writing DB stats neutron:SELECT=3 {{(pid=106193) stat_writer /opt/stack/data/venv/lib/python3.12/site-packages/dbcounter.py:115}}
Apr 28 20:19:17.209707 np0000171182 neutron-periodic-workers[106236]: DEBUG dbcounter [-] [106236] Writing DB stats neutron:SELECT=1 {{(pid=106236) stat_writer /opt/stack/data/venv/lib/python3.12/site-packages/dbcounter.py:115}}
Apr 28 20:19:19.138459 np0000171182 neutron-periodic-workers[106202]: DEBUG neutron.db.agents_db [None req-f8daaeb0-9e86-44ef-b0b4-8cc8edac8374 None None] Agent healthcheck: found 0 active agents {{(pid=106202) agent_health_check /opt/stack/neutron/neutron/db/agents_db.py:317}}
Apr 28 20:19:19.139152 np0000171182 neutron-periodic-workers[106202]: DEBUG oslo.service.backend._threading.loopingcall [None req-f8daaeb0-9e86-44ef-b0b4-8cc8edac8374 None None] Fixed interval looping call 'neutron.plugins.ml2.plugin.AgentDbMixin.agent_health_check' sleeping for 37.00 seconds {{(pid=106202) _run_loop /opt/stack/data/venv/lib/python3.12/site-packages/oslo_service/backend/_threading/loopingcall.py:125}}
Apr 28 20:19:29.136046 np0000171182 neutron-periodic-workers[106202]: DEBUG dbcounter [-] [106202] Writing DB stats neutron:SELECT=1 {{(pid=106202) stat_writer /opt/stack/data/venv/lib/python3.12/site-packages/dbcounter.py:115}}
Apr 28 20:19:40.169849 np0000171182 neutron-periodic-workers[106193]: DEBUG oslo.service.backend._threading.loopingcall [None req-d3c9af1b-c412-4d0f-a5b7-af3d9bbda417 None None] Fixed interval looping call 'neutron.plugins.ml2.plugin.DhcpAgentSchedulerDbMixin.remove_networks_from_down_agents' sleeping for 36.99 seconds {{(pid=106193) _run_loop /opt/stack/data/venv/lib/python3.12/site-packages/oslo_service/backend/_threading/loopingcall.py:125}}
Apr 28 20:19:49.168578 np0000171182 neutron-periodic-workers[106214]: DEBUG oslo.service.backend._threading.loopingcall [None req-55b5e061-4571-45fb-b2d6-217ae8fd6fde None None] Fixed interval looping call 'neutron.db.quota.driver_nolock.DbQuotaNoLockDriver._remove_expired_reservations' sleeping for 120.00 seconds {{(pid=106214) _run_loop /opt/stack/data/venv/lib/python3.12/site-packages/oslo_service/backend/_threading/loopingcall.py:125}}
Apr 28 20:19:50.168500 np0000171182 neutron-periodic-workers[106193]: DEBUG dbcounter [-] [106193] Writing DB stats neutron:SELECT=3 {{(pid=106193) stat_writer /opt/stack/data/venv/lib/python3.12/site-packages/dbcounter.py:115}}
Apr 28 20:19:56.143125 np0000171182 neutron-periodic-workers[106202]: DEBUG neutron.db.agents_db [None req-f8daaeb0-9e86-44ef-b0b4-8cc8edac8374 None None] Agent healthcheck: found 0 active agents {{(pid=106202) agent_health_check /opt/stack/neutron/neutron/db/agents_db.py:317}}
Apr 28 20:19:56.143950 np0000171182 neutron-periodic-workers[106202]: DEBUG oslo.service.backend._threading.loopingcall [None req-f8daaeb0-9e86-44ef-b0b4-8cc8edac8374 None None] Fixed interval looping call 'neutron.plugins.ml2.plugin.AgentDbMixin.agent_health_check' sleeping for 37.00 seconds {{(pid=106202) _run_loop /opt/stack/data/venv/lib/python3.12/site-packages/oslo_service/backend/_threading/loopingcall.py:125}}
Apr 28 20:19:59.167501 np0000171182 neutron-periodic-workers[106214]: DEBUG dbcounter [-] [106214] Writing DB stats neutron:DELETE=1 {{(pid=106214) stat_writer /opt/stack/data/venv/lib/python3.12/site-packages/dbcounter.py:115}}
Apr 28 20:20:06.141912 np0000171182 neutron-periodic-workers[106202]: DEBUG dbcounter [-] [106202] Writing DB stats neutron:SELECT=1 {{(pid=106202) stat_writer /opt/stack/data/venv/lib/python3.12/site-packages/dbcounter.py:115}}
Apr 28 20:20:17.168051 np0000171182 neutron-periodic-workers[106193]: DEBUG oslo.service.backend._threading.loopingcall [None req-d3c9af1b-c412-4d0f-a5b7-af3d9bbda417 None None] Fixed interval looping call 'neutron.plugins.ml2.plugin.DhcpAgentSchedulerDbMixin.remove_networks_from_down_agents' sleeping for 36.99 seconds {{(pid=106193) _run_loop /opt/stack/data/venv/lib/python3.12/site-packages/oslo_service/backend/_threading/loopingcall.py:125}}
Apr 28 20:20:27.167927 np0000171182 neutron-periodic-workers[106193]: DEBUG dbcounter [-] [106193] Writing DB stats neutron:SELECT=3 {{(pid=106193) stat_writer /opt/stack/data/venv/lib/python3.12/site-packages/dbcounter.py:115}}
Apr 28 20:20:33.149362 np0000171182 neutron-periodic-workers[106202]: DEBUG neutron.db.agents_db [None req-f8daaeb0-9e86-44ef-b0b4-8cc8edac8374 None None] Agent healthcheck: found 0 active agents {{(pid=106202) agent_health_check /opt/stack/neutron/neutron/db/agents_db.py:317}}
Apr 28 20:20:33.150158 np0000171182 neutron-periodic-workers[106202]: DEBUG oslo.service.backend._threading.loopingcall [None req-f8daaeb0-9e86-44ef-b0b4-8cc8edac8374 None None] Fixed interval looping call 'neutron.plugins.ml2.plugin.AgentDbMixin.agent_health_check' sleeping for 36.99 seconds {{(pid=106202) _run_loop /opt/stack/data/venv/lib/python3.12/site-packages/oslo_service/backend/_threading/loopingcall.py:125}}
Apr 28 20:20:43.147360 np0000171182 neutron-periodic-workers[106202]: DEBUG dbcounter [-] [106202] Writing DB stats neutron:SELECT=1 {{(pid=106202) stat_writer /opt/stack/data/venv/lib/python3.12/site-packages/dbcounter.py:115}}
Apr 28 20:20:54.172025 np0000171182 neutron-periodic-workers[106193]: DEBUG oslo.service.backend._threading.loopingcall [None req-d3c9af1b-c412-4d0f-a5b7-af3d9bbda417 None None] Fixed interval looping call 'neutron.plugins.ml2.plugin.DhcpAgentSchedulerDbMixin.remove_networks_from_down_agents' sleeping for 36.99 seconds {{(pid=106193) _run_loop /opt/stack/data/venv/lib/python3.12/site-packages/oslo_service/backend/_threading/loopingcall.py:125}}
Apr 28 20:21:04.170136 np0000171182 neutron-periodic-workers[106193]: DEBUG dbcounter [-] [106193] Writing DB stats neutron:SELECT=3 {{(pid=106193) stat_writer /opt/stack/data/venv/lib/python3.12/site-packages/dbcounter.py:115}}
Apr 28 20:21:10.144545 np0000171182 neutron-periodic-workers[106202]: DEBUG neutron.db.agents_db [None req-f8daaeb0-9e86-44ef-b0b4-8cc8edac8374 None None] Agent healthcheck: found 0 active agents {{(pid=106202) agent_health_check /opt/stack/neutron/neutron/db/agents_db.py:317}}
Apr 28 20:21:10.145232 np0000171182 neutron-periodic-workers[106202]: DEBUG oslo.service.backend._threading.loopingcall [None req-f8daaeb0-9e86-44ef-b0b4-8cc8edac8374 None None] Fixed interval looping call 'neutron.plugins.ml2.plugin.AgentDbMixin.agent_health_check' sleeping for 37.00 seconds {{(pid=106202) _run_loop /opt/stack/data/venv/lib/python3.12/site-packages/oslo_service/backend/_threading/loopingcall.py:125}}
Apr 28 20:21:20.143158 np0000171182 neutron-periodic-workers[106202]: DEBUG dbcounter [-] [106202] Writing DB stats neutron:SELECT=1 {{(pid=106202) stat_writer /opt/stack/data/venv/lib/python3.12/site-packages/dbcounter.py:115}}
Apr 28 20:21:31.171773 np0000171182 neutron-periodic-workers[106193]: DEBUG oslo.service.backend._threading.loopingcall [None req-d3c9af1b-c412-4d0f-a5b7-af3d9bbda417 None None] Fixed interval looping call 'neutron.plugins.ml2.plugin.DhcpAgentSchedulerDbMixin.remove_networks_from_down_agents' sleeping for 36.99 seconds {{(pid=106193) _run_loop /opt/stack/data/venv/lib/python3.12/site-packages/oslo_service/backend/_threading/loopingcall.py:125}}
Apr 28 20:21:41.170056 np0000171182 neutron-periodic-workers[106193]: DEBUG dbcounter [-] [106193] Writing DB stats neutron:SELECT=3 {{(pid=106193) stat_writer /opt/stack/data/venv/lib/python3.12/site-packages/dbcounter.py:115}}
Apr 28 20:21:47.150657 np0000171182 neutron-periodic-workers[106202]: DEBUG neutron.db.agents_db [None req-f8daaeb0-9e86-44ef-b0b4-8cc8edac8374 None None] Agent healthcheck: found 0 active agents {{(pid=106202) agent_health_check /opt/stack/neutron/neutron/db/agents_db.py:317}}
Apr 28 20:21:47.151723 np0000171182 neutron-periodic-workers[106202]: DEBUG oslo.service.backend._threading.loopingcall [None req-f8daaeb0-9e86-44ef-b0b4-8cc8edac8374 None None] Fixed interval looping call 'neutron.plugins.ml2.plugin.AgentDbMixin.agent_health_check' sleeping for 36.99 seconds {{(pid=106202) _run_loop /opt/stack/data/venv/lib/python3.12/site-packages/oslo_service/backend/_threading/loopingcall.py:125}}
Apr 28 20:21:49.173374 np0000171182 neutron-periodic-workers[106214]: DEBUG oslo.service.backend._threading.loopingcall [None req-55b5e061-4571-45fb-b2d6-217ae8fd6fde None None] Fixed interval looping call 'neutron.db.quota.driver_nolock.DbQuotaNoLockDriver._remove_expired_reservations' sleeping for 120.00 seconds {{(pid=106214) _run_loop /opt/stack/data/venv/lib/python3.12/site-packages/oslo_service/backend/_threading/loopingcall.py:125}}
Apr 28 20:21:57.148669 np0000171182 neutron-periodic-workers[106202]: DEBUG dbcounter [-] [106202] Writing DB stats neutron:SELECT=1 {{(pid=106202) stat_writer /opt/stack/data/venv/lib/python3.12/site-packages/dbcounter.py:115}}
Apr 28 20:21:59.172147 np0000171182 neutron-periodic-workers[106214]: DEBUG dbcounter [-] [106214] Writing DB stats neutron:DELETE=1 {{(pid=106214) stat_writer /opt/stack/data/venv/lib/python3.12/site-packages/dbcounter.py:115}}
Apr 28 20:22:08.173147 np0000171182 neutron-periodic-workers[106193]: DEBUG oslo.service.backend._threading.loopingcall [None req-d3c9af1b-c412-4d0f-a5b7-af3d9bbda417 None None] Fixed interval looping call 'neutron.plugins.ml2.plugin.DhcpAgentSchedulerDbMixin.remove_networks_from_down_agents' sleeping for 36.99 seconds {{(pid=106193) _run_loop /opt/stack/data/venv/lib/python3.12/site-packages/oslo_service/backend/_threading/loopingcall.py:125}}
Apr 28 20:22:18.171762 np0000171182 neutron-periodic-workers[106193]: DEBUG dbcounter [-] [106193] Writing DB stats neutron:SELECT=3 {{(pid=106193) stat_writer /opt/stack/data/venv/lib/python3.12/site-packages/dbcounter.py:115}}
Apr 28 20:22:24.146628 np0000171182 neutron-periodic-workers[106202]: DEBUG neutron.db.agents_db [None req-f8daaeb0-9e86-44ef-b0b4-8cc8edac8374 None None] Agent healthcheck: found 0 active agents {{(pid=106202) agent_health_check /opt/stack/neutron/neutron/db/agents_db.py:317}}
Apr 28 20:22:24.147371 np0000171182 neutron-periodic-workers[106202]: DEBUG oslo.service.backend._threading.loopingcall [None req-f8daaeb0-9e86-44ef-b0b4-8cc8edac8374 None None] Fixed interval looping call 'neutron.plugins.ml2.plugin.AgentDbMixin.agent_health_check' sleeping for 36.99 seconds {{(pid=106202) _run_loop /opt/stack/data/venv/lib/python3.12/site-packages/oslo_service/backend/_threading/loopingcall.py:125}}
Apr 28 20:22:34.144832 np0000171182 neutron-periodic-workers[106202]: DEBUG dbcounter [-] [106202] Writing DB stats neutron:SELECT=1 {{(pid=106202) stat_writer /opt/stack/data/venv/lib/python3.12/site-packages/dbcounter.py:115}}
