Mar 23 13:21:32.543631 np0000160359 neutron-periodic-workers[103898]: DEBUG cotyledon.oslo_config_glue [-] ml2.tunnelled_network_rp_name = rp_tunnelled {{(pid=103898) log_opt_values /opt/stack/data/venv/lib/python3.12/site-packages/oslo_config/cfg.py:3006}}
Mar 23 13:21:32.543631 np0000160359 neutron-periodic-workers[103898]: DEBUG cotyledon.oslo_config_glue [-] ml2.type_drivers = ['local', 'flat', 'vlan', 'geneve'] {{(pid=103898) log_opt_values /opt/stack/data/venv/lib/python3.12/site-packages/oslo_config/cfg.py:3006}}
Mar 23 13:21:32.543631 np0000160359 neutron-periodic-workers[103898]: DEBUG cotyledon.oslo_config_glue [-] ml2_type_flat.flat_networks = ['public'] {{(pid=103898) log_opt_values /opt/stack/data/venv/lib/python3.12/site-packages/oslo_config/cfg.py:3006}}
Mar 23 13:21:32.543631 np0000160359 neutron-periodic-workers[103898]: DEBUG cotyledon.oslo_config_glue [-] ml2_type_geneve.max_header_size = 38 {{(pid=103898) log_opt_values /opt/stack/data/venv/lib/python3.12/site-packages/oslo_config/cfg.py:3006}}
Mar 23 13:21:32.543631 np0000160359 neutron-periodic-workers[103898]: DEBUG cotyledon.oslo_config_glue [-] ml2_type_geneve.vni_ranges = ['1:65536'] {{(pid=103898) log_opt_values /opt/stack/data/venv/lib/python3.12/site-packages/oslo_config/cfg.py:3006}}
Mar 23 13:21:32.543631 np0000160359 neutron-periodic-workers[103898]: DEBUG cotyledon.oslo_config_glue [-] ml2_type_vlan.network_vlan_ranges = ['public'] {{(pid=103898) log_opt_values /opt/stack/data/venv/lib/python3.12/site-packages/oslo_config/cfg.py:3006}}
Mar 23 13:21:32.543864 np0000160359 neutron-periodic-workers[103898]: DEBUG cotyledon.oslo_config_glue [-] network_log.burst_limit = 25 {{(pid=103898) log_opt_values /opt/stack/data/venv/lib/python3.12/site-packages/oslo_config/cfg.py:3006}}
Mar 23 13:21:32.543864 np0000160359 neutron-periodic-workers[103898]: DEBUG cotyledon.oslo_config_glue [-] network_log.local_output_log_base = None {{(pid=103898) log_opt_values /opt/stack/data/venv/lib/python3.12/site-packages/oslo_config/cfg.py:3006}}
Mar 23 13:21:32.543864 np0000160359 neutron-periodic-workers[103898]: DEBUG cotyledon.oslo_config_glue [-] network_log.rate_limit = 100 {{(pid=103898) log_opt_values /opt/stack/data/venv/lib/python3.12/site-packages/oslo_config/cfg.py:3006}}
Mar 23 13:21:32.543864 np0000160359 neutron-periodic-workers[103898]: DEBUG cotyledon.oslo_config_glue [-] database.asyncio_connection = **** {{(pid=103898) log_opt_values /opt/stack/data/venv/lib/python3.12/site-packages/oslo_config/cfg.py:3006}}
Mar 23 13:21:32.544387 np0000160359 neutron-periodic-workers[103898]: DEBUG cotyledon.oslo_config_glue [-] database.asyncio_slave_connection = **** {{(pid=103898) log_opt_values /opt/stack/data/venv/lib/python3.12/site-packages/oslo_config/cfg.py:3006}}
Mar 23 13:21:32.544387 np0000160359 neutron-periodic-workers[103898]: DEBUG cotyledon.oslo_config_glue [-] database.backend = sqlalchemy {{(pid=103898) log_opt_values /opt/stack/data/venv/lib/python3.12/site-packages/oslo_config/cfg.py:3006}}
Mar 23 13:21:32.544387 np0000160359 neutron-periodic-workers[103898]: DEBUG cotyledon.oslo_config_glue [-] database.connection = **** {{(pid=103898) log_opt_values /opt/stack/data/venv/lib/python3.12/site-packages/oslo_config/cfg.py:3006}}
Mar 23 13:21:32.544387 np0000160359 neutron-periodic-workers[103898]: DEBUG cotyledon.oslo_config_glue [-] database.connection_debug = 0 {{(pid=103898) log_opt_values /opt/stack/data/venv/lib/python3.12/site-packages/oslo_config/cfg.py:3006}}
Mar 23 13:21:32.544387 np0000160359 neutron-periodic-workers[103898]: DEBUG cotyledon.oslo_config_glue [-] database.connection_parameters = {{(pid=103898) log_opt_values /opt/stack/data/venv/lib/python3.12/site-packages/oslo_config/cfg.py:3006}}
Mar 23 13:21:32.544387 np0000160359 neutron-periodic-workers[103898]: DEBUG cotyledon.oslo_config_glue [-] database.connection_recycle_time = 3600 {{(pid=103898) log_opt_values /opt/stack/data/venv/lib/python3.12/site-packages/oslo_config/cfg.py:3006}}
Mar 23 13:21:32.544578 np0000160359 neutron-periodic-workers[103898]: DEBUG cotyledon.oslo_config_glue [-] database.connection_trace = False {{(pid=103898) log_opt_values /opt/stack/data/venv/lib/python3.12/site-packages/oslo_config/cfg.py:3006}}
Mar 23 13:21:32.544578 np0000160359 neutron-periodic-workers[103898]: DEBUG cotyledon.oslo_config_glue [-] database.db_inc_retry_interval = True {{(pid=103898) log_opt_values /opt/stack/data/venv/lib/python3.12/site-packages/oslo_config/cfg.py:3006}}
Mar 23 13:21:32.544578 np0000160359 neutron-periodic-workers[103898]: DEBUG cotyledon.oslo_config_glue [-] database.db_max_retries = 20 {{(pid=103898) log_opt_values /opt/stack/data/venv/lib/python3.12/site-packages/oslo_config/cfg.py:3006}}
Mar 23 13:21:32.544578 np0000160359 neutron-periodic-workers[103898]: DEBUG cotyledon.oslo_config_glue [-] database.db_max_retry_interval = 10 {{(pid=103898) log_opt_values /opt/stack/data/venv/lib/python3.12/site-packages/oslo_config/cfg.py:3006}}
Mar 23 13:21:32.544578 np0000160359 neutron-periodic-workers[103898]: DEBUG cotyledon.oslo_config_glue [-] database.db_retry_interval = 1 {{(pid=103898) log_opt_values /opt/stack/data/venv/lib/python3.12/site-packages/oslo_config/cfg.py:3006}}
Mar 23 13:21:32.544735 np0000160359 neutron-periodic-workers[103898]: DEBUG cotyledon.oslo_config_glue [-] database.max_overflow = 50 {{(pid=103898) log_opt_values /opt/stack/data/venv/lib/python3.12/site-packages/oslo_config/cfg.py:3006}}
Mar 23 13:21:32.544735 np0000160359 neutron-periodic-workers[103898]: DEBUG cotyledon.oslo_config_glue [-] database.max_pool_size = 5 {{(pid=103898) log_opt_values /opt/stack/data/venv/lib/python3.12/site-packages/oslo_config/cfg.py:3006}}
Mar 23 13:21:32.544735 np0000160359 neutron-periodic-workers[103898]: DEBUG cotyledon.oslo_config_glue [-] database.max_retries = 10 {{(pid=103898) log_opt_values /opt/stack/data/venv/lib/python3.12/site-packages/oslo_config/cfg.py:3006}}
Mar 23 13:21:32.544835 np0000160359 neutron-periodic-workers[103898]: DEBUG cotyledon.oslo_config_glue [-] database.mysql_sql_mode = TRADITIONAL {{(pid=103898) log_opt_values /opt/stack/data/venv/lib/python3.12/site-packages/oslo_config/cfg.py:3006}}
Mar 23 13:21:32.544835 np0000160359 neutron-periodic-workers[103898]: DEBUG cotyledon.oslo_config_glue [-] database.mysql_wsrep_sync_wait = None {{(pid=103898) log_opt_values /opt/stack/data/venv/lib/python3.12/site-packages/oslo_config/cfg.py:3006}}
Mar 23 13:21:32.544903 np0000160359 neutron-periodic-workers[103898]: DEBUG cotyledon.oslo_config_glue [-] database.pool_timeout = None {{(pid=103898) log_opt_values /opt/stack/data/venv/lib/python3.12/site-packages/oslo_config/cfg.py:3006}}
Mar 23 13:21:32.544903 np0000160359 neutron-periodic-workers[103898]: DEBUG cotyledon.oslo_config_glue [-] database.retry_interval = 10 {{(pid=103898) log_opt_values /opt/stack/data/venv/lib/python3.12/site-packages/oslo_config/cfg.py:3006}}
Mar 23 13:21:32.545026 np0000160359 neutron-periodic-workers[103898]: DEBUG cotyledon.oslo_config_glue [-] database.slave_connection = **** {{(pid=103898) log_opt_values /opt/stack/data/venv/lib/python3.12/site-packages/oslo_config/cfg.py:3006}}
Mar 23 13:21:32.545026 np0000160359 neutron-periodic-workers[103898]: DEBUG cotyledon.oslo_config_glue [-] database.sqlite_synchronous = True {{(pid=103898) log_opt_values /opt/stack/data/venv/lib/python3.12/site-packages/oslo_config/cfg.py:3006}}
Mar 23 13:21:32.545093 np0000160359 neutron-periodic-workers[103898]: DEBUG cotyledon.oslo_config_glue [-] database.synchronous_reader = True {{(pid=103898) log_opt_values /opt/stack/data/venv/lib/python3.12/site-packages/oslo_config/cfg.py:3006}}
Mar 23 13:21:32.545093 np0000160359 neutron-periodic-workers[103898]: DEBUG cotyledon.oslo_config_glue [-] database.use_db_reconnect = False {{(pid=103898) log_opt_values /opt/stack/data/venv/lib/python3.12/site-packages/oslo_config/cfg.py:3006}}
Mar 23 13:21:32.545188 np0000160359 neutron-periodic-workers[103898]: DEBUG cotyledon.oslo_config_glue [-] ovn.bfd_min_rx = 1000 {{(pid=103898) log_opt_values /opt/stack/data/venv/lib/python3.12/site-packages/oslo_config/cfg.py:3006}}
Mar 23 13:21:32.545233 np0000160359 neutron-periodic-workers[103898]: DEBUG cotyledon.oslo_config_glue [-] ovn.bfd_min_tx = 100 {{(pid=103898) log_opt_values /opt/stack/data/venv/lib/python3.12/site-packages/oslo_config/cfg.py:3006}}
Mar 23 13:21:32.545308 np0000160359 neutron-periodic-workers[103898]: DEBUG cotyledon.oslo_config_glue [-] ovn.bfd_mult = 3 {{(pid=103898) log_opt_values /opt/stack/data/venv/lib/python3.12/site-packages/oslo_config/cfg.py:3006}}
Mar 23 13:21:32.545362 np0000160359 neutron-periodic-workers[103898]: DEBUG cotyledon.oslo_config_glue [-] ovn.broadcast_arps_to_all_routers = True {{(pid=103898) log_opt_values /opt/stack/data/venv/lib/python3.12/site-packages/oslo_config/cfg.py:3006}}
Mar 23 13:21:32.545404 np0000160359 neutron-periodic-workers[103898]: DEBUG cotyledon.oslo_config_glue [-] ovn.dhcp_default_lease_time = 43200 {{(pid=103898) log_opt_values /opt/stack/data/venv/lib/python3.12/site-packages/oslo_config/cfg.py:3006}}
Mar 23 13:21:32.545440 np0000160359 neutron-periodic-workers[103898]: DEBUG cotyledon.oslo_config_glue [-] ovn.disable_ovn_dhcp_for_baremetal_ports = False {{(pid=103898) log_opt_values /opt/stack/data/venv/lib/python3.12/site-packages/oslo_config/cfg.py:3006}}
Mar 23 13:21:32.545472 np0000160359 neutron-periodic-workers[103898]: DEBUG cotyledon.oslo_config_glue [-] ovn.dns_records_ovn_owned = False {{(pid=103898) log_opt_values /opt/stack/data/venv/lib/python3.12/site-packages/oslo_config/cfg.py:3006}}
Mar 23 13:21:32.545511 np0000160359 neutron-periodic-workers[103898]: DEBUG cotyledon.oslo_config_glue [-] ovn.dns_servers = [] {{(pid=103898) log_opt_values /opt/stack/data/venv/lib/python3.12/site-packages/oslo_config/cfg.py:3006}}
Mar 23 13:21:32.545554 np0000160359 neutron-periodic-workers[103898]: DEBUG cotyledon.oslo_config_glue [-] ovn.enable_distributed_floating_ip = False {{(pid=103898) log_opt_values /opt/stack/data/venv/lib/python3.12/site-packages/oslo_config/cfg.py:3006}}
Mar 23 13:21:32.545589 np0000160359 neutron-periodic-workers[103898]: DEBUG cotyledon.oslo_config_glue [-] ovn.fdb_age_threshold = 300 {{(pid=103898) log_opt_values /opt/stack/data/venv/lib/python3.12/site-packages/oslo_config/cfg.py:3006}}
Mar 23 13:21:32.545633 np0000160359 neutron-periodic-workers[103898]: DEBUG cotyledon.oslo_config_glue [-] ovn.ha_failover_strategy = normal {{(pid=103898) log_opt_values /opt/stack/data/venv/lib/python3.12/site-packages/oslo_config/cfg.py:3006}}
Mar 23 13:21:32.545668 np0000160359 neutron-periodic-workers[103898]: DEBUG cotyledon.oslo_config_glue [-] ovn.live_migration_activation_strategy = rarp {{(pid=103898) log_opt_values /opt/stack/data/venv/lib/python3.12/site-packages/oslo_config/cfg.py:3006}}
Mar 23 13:21:32.545714 np0000160359 neutron-periodic-workers[103898]: DEBUG cotyledon.oslo_config_glue [-] ovn.localnet_learn_fdb = False {{(pid=103898) log_opt_values /opt/stack/data/venv/lib/python3.12/site-packages/oslo_config/cfg.py:3006}}
Mar 23 13:21:32.545754 np0000160359 neutron-periodic-workers[103898]: DEBUG cotyledon.oslo_config_glue [-] ovn.mac_binding_age_threshold = 300 {{(pid=103898) log_opt_values /opt/stack/data/venv/lib/python3.12/site-packages/oslo_config/cfg.py:3006}}
Mar 23 13:21:32.545792 np0000160359 neutron-periodic-workers[103898]: DEBUG cotyledon.oslo_config_glue [-] ovn.neutron_sync_mode = log {{(pid=103898) log_opt_values /opt/stack/data/venv/lib/python3.12/site-packages/oslo_config/cfg.py:3006}}
Mar 23 13:21:32.545831 np0000160359 neutron-periodic-workers[103898]: DEBUG cotyledon.oslo_config_glue [-] ovn.ovn_dhcp4_global_options = {} {{(pid=103898) log_opt_values /opt/stack/data/venv/lib/python3.12/site-packages/oslo_config/cfg.py:3006}}
Mar 23 13:21:32.545865 np0000160359 neutron-periodic-workers[103898]: DEBUG cotyledon.oslo_config_glue [-] ovn.ovn_dhcp6_global_options = {} {{(pid=103898) log_opt_values /opt/stack/data/venv/lib/python3.12/site-packages/oslo_config/cfg.py:3006}}
Mar 23 13:21:32.545903 np0000160359 neutron-periodic-workers[103898]: DEBUG cotyledon.oslo_config_glue [-] ovn.ovn_l3_scheduler = leastloaded {{(pid=103898) log_opt_values /opt/stack/data/venv/lib/python3.12/site-packages/oslo_config/cfg.py:3006}}
Mar 23 13:21:32.545970 np0000160359 neutron-periodic-workers[103898]: DEBUG cotyledon.oslo_config_glue [-] ovn.ovn_metadata_enabled = True {{(pid=103898) log_opt_values /opt/stack/data/venv/lib/python3.12/site-packages/oslo_config/cfg.py:3006}}
Mar 23 13:21:32.546010 np0000160359 neutron-periodic-workers[103898]: DEBUG cotyledon.oslo_config_glue [-] ovn.ovn_nb_ca_cert = /opt/stack/data/CA/int-ca/ca-chain.pem {{(pid=103898) log_opt_values /opt/stack/data/venv/lib/python3.12/site-packages/oslo_config/cfg.py:3006}}
Mar 23 13:21:32.546052 np0000160359 neutron-periodic-workers[103898]: DEBUG cotyledon.oslo_config_glue [-] ovn.ovn_nb_certificate = /opt/stack/data/CA/int-ca/devstack-cert.crt {{(pid=103898) log_opt_values /opt/stack/data/venv/lib/python3.12/site-packages/oslo_config/cfg.py:3006}}
Mar 23 13:21:32.546103 np0000160359 neutron-periodic-workers[103898]: DEBUG cotyledon.oslo_config_glue [-] ovn.ovn_nb_connection = ['ssl:162.253.55.52:6641'] {{(pid=103898) log_opt_values /opt/stack/data/venv/lib/python3.12/site-packages/oslo_config/cfg.py:3006}}
Mar 23 13:21:32.546144 np0000160359 neutron-periodic-workers[103898]: DEBUG cotyledon.oslo_config_glue [-] ovn.ovn_nb_private_key = /opt/stack/data/CA/int-ca/private/devstack-cert.key {{(pid=103898) log_opt_values /opt/stack/data/venv/lib/python3.12/site-packages/oslo_config/cfg.py:3006}}
Mar 23 13:21:32.546181 np0000160359 neutron-periodic-workers[103898]: DEBUG cotyledon.oslo_config_glue [-] ovn.ovn_router_indirect_snat = False {{(pid=103898) log_opt_values /opt/stack/data/venv/lib/python3.12/site-packages/oslo_config/cfg.py:3006}}
Mar 23 13:21:32.546218 np0000160359 neutron-periodic-workers[103898]: DEBUG cotyledon.oslo_config_glue [-] ovn.ovn_sb_ca_cert = /opt/stack/data/CA/int-ca/ca-chain.pem {{(pid=103898) log_opt_values /opt/stack/data/venv/lib/python3.12/site-packages/oslo_config/cfg.py:3006}}
Mar 23 13:21:32.546253 np0000160359 neutron-periodic-workers[103898]: DEBUG cotyledon.oslo_config_glue [-] ovn.ovn_sb_certificate = /opt/stack/data/CA/int-ca/devstack-cert.crt {{(pid=103898) log_opt_values /opt/stack/data/venv/lib/python3.12/site-packages/oslo_config/cfg.py:3006}}
Mar 23 13:21:32.546304 np0000160359 neutron-periodic-workers[103898]: DEBUG cotyledon.oslo_config_glue [-] ovn.ovn_sb_connection = ['ssl:162.253.55.52:6642'] {{(pid=103898) log_opt_values /opt/stack/data/venv/lib/python3.12/site-packages/oslo_config/cfg.py:3006}}
Mar 23 13:21:32.546346 np0000160359 neutron-periodic-workers[103898]: DEBUG cotyledon.oslo_config_glue [-] ovn.ovn_sb_private_key = /opt/stack/data/CA/int-ca/private/devstack-cert.key {{(pid=103898) log_opt_values /opt/stack/data/venv/lib/python3.12/site-packages/oslo_config/cfg.py:3006}}
Mar 23 13:21:32.546437 np0000160359 neutron-periodic-workers[103898]: DEBUG cotyledon.oslo_config_glue [-] ovn.ovs_create_tap = False {{(pid=103898) log_opt_values /opt/stack/data/venv/lib/python3.12/site-packages/oslo_config/cfg.py:3006}}
Mar 23 13:21:32.546484 np0000160359 neutron-periodic-workers[103898]: DEBUG cotyledon.oslo_config_glue [-] ovn.ovsdb_connection_timeout = 180 {{(pid=103898) log_opt_values /opt/stack/data/venv/lib/python3.12/site-packages/oslo_config/cfg.py:3006}}
Mar 23 13:21:32.546528 np0000160359 neutron-periodic-workers[103898]: DEBUG cotyledon.oslo_config_glue [-] ovn.ovsdb_log_level = INFO {{(pid=103898) log_opt_values /opt/stack/data/venv/lib/python3.12/site-packages/oslo_config/cfg.py:3006}}
Mar 23 13:21:32.546573 np0000160359 neutron-periodic-workers[103898]: DEBUG cotyledon.oslo_config_glue [-] ovn.ovsdb_probe_interval = 60000 {{(pid=103898) log_opt_values /opt/stack/data/venv/lib/python3.12/site-packages/oslo_config/cfg.py:3006}}
Mar 23 13:21:32.546611 np0000160359 neutron-periodic-workers[103898]: DEBUG cotyledon.oslo_config_glue [-] ovn.ovsdb_retry_max_interval = 180 {{(pid=103898) log_opt_values /opt/stack/data/venv/lib/python3.12/site-packages/oslo_config/cfg.py:3006}}
Mar 23 13:21:32.546646 np0000160359 neutron-periodic-workers[103898]: DEBUG cotyledon.oslo_config_glue [-] ovn.stateless_nat_enabled = False {{(pid=103898) log_opt_values /opt/stack/data/venv/lib/python3.12/site-packages/oslo_config/cfg.py:3006}}
Mar 23 13:21:32.546699 np0000160359 neutron-periodic-workers[103898]: DEBUG cotyledon.oslo_config_glue [-] ovn.vhost_sock_dir = /var/run/openvswitch {{(pid=103898) log_opt_values /opt/stack/data/venv/lib/python3.12/site-packages/oslo_config/cfg.py:3006}}
Mar 23 13:21:32.546748 np0000160359 neutron-periodic-workers[103898]: DEBUG cotyledon.oslo_config_glue [-] OVS.bridge_mac_table_size = 50000 {{(pid=103898) log_opt_values /opt/stack/data/venv/lib/python3.12/site-packages/oslo_config/cfg.py:3006}}
Mar 23 13:21:32.546805 np0000160359 neutron-periodic-workers[103898]: DEBUG cotyledon.oslo_config_glue [-] OVS.igmp_flood = False {{(pid=103898) log_opt_values /opt/stack/data/venv/lib/python3.12/site-packages/oslo_config/cfg.py:3006}}
Mar 23 13:21:32.546846 np0000160359 neutron-periodic-workers[103898]: DEBUG cotyledon.oslo_config_glue [-] OVS.igmp_flood_reports = True {{(pid=103898) log_opt_values /opt/stack/data/venv/lib/python3.12/site-packages/oslo_config/cfg.py:3006}}
Mar 23 13:21:32.546899 np0000160359 neutron-periodic-workers[103898]: DEBUG cotyledon.oslo_config_glue [-] OVS.igmp_flood_unregistered = False {{(pid=103898) log_opt_values /opt/stack/data/venv/lib/python3.12/site-packages/oslo_config/cfg.py:3006}}
Mar 23 13:21:32.546970 np0000160359 neutron-periodic-workers[103898]: DEBUG cotyledon.oslo_config_glue [-] OVS.igmp_snooping_enable = False {{(pid=103898) log_opt_values /opt/stack/data/venv/lib/python3.12/site-packages/oslo_config/cfg.py:3006}}
Mar 23 13:21:32.547013 np0000160359 neutron-periodic-workers[103898]: DEBUG cotyledon.oslo_config_glue [-] OVS.ovsdb_timeout = 10 {{(pid=103898) log_opt_values /opt/stack/data/venv/lib/python3.12/site-packages/oslo_config/cfg.py:3006}}
Mar 23 13:21:32.547048 np0000160359 neutron-periodic-workers[103898]: DEBUG cotyledon.oslo_config_glue [-] ovn_nb_global.fdb_removal_limit = 0 {{(pid=103898) log_opt_values /opt/stack/data/venv/lib/python3.12/site-packages/oslo_config/cfg.py:3006}}
Mar 23 13:21:32.547097 np0000160359 neutron-periodic-workers[103898]: DEBUG cotyledon.oslo_config_glue [-] ovn_nb_global.ignore_lsp_down = False {{(pid=103898) log_opt_values /opt/stack/data/venv/lib/python3.12/site-packages/oslo_config/cfg.py:3006}}
Mar 23 13:21:32.547141 np0000160359 neutron-periodic-workers[103898]: DEBUG cotyledon.oslo_config_glue [-] ovn_nb_global.mac_binding_removal_limit = 0 {{(pid=103898) log_opt_values /opt/stack/data/venv/lib/python3.12/site-packages/oslo_config/cfg.py:3006}}
Mar 23 13:21:32.547180 np0000160359 neutron-periodic-workers[103898]: DEBUG cotyledon.oslo_config_glue [-] ******************************************************************************** {{(pid=103898) log_opt_values /opt/stack/data/venv/lib/python3.12/site-packages/oslo_config/cfg.py:3013}}
Mar 23 13:21:32.547330 np0000160359 neutron-periodic-workers[103898]: DEBUG cotyledon._service_worker [-] Run service ServiceWrapper(0) [103898] {{(pid=103898) wait_forever /opt/stack/data/venv/lib/python3.12/site-packages/cotyledon/_service_worker.py:218}}
Mar 23 13:21:42.180041 np0000160359 neutron-periodic-workers[103051]: DEBUG dbcounter [-] [103051] Writing DB stats neutron:SELECT=4 {{(pid=103051) stat_writer /opt/stack/data/venv/lib/python3.12/site-packages/dbcounter.py:115}}
Mar 23 13:22:13.543414 np0000160359 neutron-periodic-workers[103892]: DEBUG oslo_db.sqlalchemy.engines [None req-56c50d7c-98b6-4634-8d5c-8525ae8b4cc2 None None] Parent process 103051 forked (103892) with an open database connection, which is being discarded and recreated. {{(pid=103892) checkout /opt/stack/data/venv/lib/python3.12/site-packages/oslo_db/sqlalchemy/engines.py:402}}
Mar 23 13:22:13.551356 np0000160359 neutron-periodic-workers[103892]: DEBUG dbcounter [-] [103892] Writer thread running {{(pid=103892) stat_writer /opt/stack/data/venv/lib/python3.12/site-packages/dbcounter.py:102}}
Mar 23 13:22:13.558433 np0000160359 neutron-periodic-workers[103892]: DEBUG neutron.db.agents_db [None req-56c50d7c-98b6-4634-8d5c-8525ae8b4cc2 None None] Agent healthcheck: found 0 active agents {{(pid=103892) agent_health_check /opt/stack/neutron/neutron/db/agents_db.py:317}}
Mar 23 13:22:13.558675 np0000160359 neutron-periodic-workers[103892]: DEBUG oslo.service.backend._threading.loopingcall [None req-56c50d7c-98b6-4634-8d5c-8525ae8b4cc2 None None] Fixed interval looping call 'neutron.plugins.ml2.plugin.AgentDbMixin.agent_health_check' sleeping for 36.98 seconds {{(pid=103892) _run_loop /opt/stack/data/venv/lib/python3.12/site-packages/oslo_service/backend/_threading/loopingcall.py:125}}
Mar 23 13:22:33.552694 np0000160359 neutron-periodic-workers[103892]: DEBUG dbcounter [-] [103892] Writing DB stats neutron:SELECT=1 {{(pid=103892) stat_writer /opt/stack/data/venv/lib/python3.12/site-packages/dbcounter.py:115}}
Mar 23 13:22:45.530142 np0000160359 neutron-periodic-workers[103885]: DEBUG dbcounter [-] [103885] Writer thread running {{(pid=103885) stat_writer /opt/stack/data/venv/lib/python3.12/site-packages/dbcounter.py:102}}
Mar 23 13:22:45.543043 np0000160359 neutron-periodic-workers[103885]: DEBUG oslo.service.backend._threading.loopingcall [None req-30e81bb0-c4df-490c-a2f0-a13cc0d60b97 None None] Fixed interval looping call 'neutron.plugins.ml2.plugin.DhcpAgentSchedulerDbMixin.remove_networks_from_down_agents' sleeping for 36.97 seconds {{(pid=103885) _run_loop /opt/stack/data/venv/lib/python3.12/site-packages/oslo_service/backend/_threading/loopingcall.py:125}}
Mar 23 13:22:50.543609 np0000160359 neutron-periodic-workers[103892]: DEBUG neutron.db.agents_db [None req-56c50d7c-98b6-4634-8d5c-8525ae8b4cc2 None None] Agent healthcheck: found 0 active agents {{(pid=103892) agent_health_check /opt/stack/neutron/neutron/db/agents_db.py:317}}
Mar 23 13:22:50.544695 np0000160359 neutron-periodic-workers[103892]: DEBUG oslo.service.backend._threading.loopingcall [None req-56c50d7c-98b6-4634-8d5c-8525ae8b4cc2 None None] Fixed interval looping call 'neutron.plugins.ml2.plugin.AgentDbMixin.agent_health_check' sleeping for 37.00 seconds {{(pid=103892) _run_loop /opt/stack/data/venv/lib/python3.12/site-packages/oslo_service/backend/_threading/loopingcall.py:125}}
Mar 23 13:22:55.542257 np0000160359 neutron-periodic-workers[103885]: DEBUG dbcounter [-] [103885] Writing DB stats neutron:SELECT=3 {{(pid=103885) stat_writer /opt/stack/data/venv/lib/python3.12/site-packages/dbcounter.py:115}}
Mar 23 13:23:00.542646 np0000160359 neutron-periodic-workers[103892]: DEBUG dbcounter [-] [103892] Writing DB stats neutron:SELECT=1 {{(pid=103892) stat_writer /opt/stack/data/venv/lib/python3.12/site-packages/dbcounter.py:115}}
Mar 23 13:23:22.523659 np0000160359 neutron-periodic-workers[103885]: DEBUG oslo.service.backend._threading.loopingcall [None req-30e81bb0-c4df-490c-a2f0-a13cc0d60b97 None None] Fixed interval looping call 'neutron.plugins.ml2.plugin.DhcpAgentSchedulerDbMixin.remove_networks_from_down_agents' sleeping for 36.99 seconds {{(pid=103885) _run_loop /opt/stack/data/venv/lib/python3.12/site-packages/oslo_service/backend/_threading/loopingcall.py:125}}
Mar 23 13:23:27.548904 np0000160359 neutron-periodic-workers[103892]: DEBUG neutron.db.agents_db [None req-56c50d7c-98b6-4634-8d5c-8525ae8b4cc2 None None] Agent healthcheck: found 0 active agents {{(pid=103892) agent_health_check /opt/stack/neutron/neutron/db/agents_db.py:317}}
Mar 23 13:23:27.549746 np0000160359 neutron-periodic-workers[103892]: DEBUG oslo.service.backend._threading.loopingcall [None req-56c50d7c-98b6-4634-8d5c-8525ae8b4cc2 None None] Fixed interval looping call 'neutron.plugins.ml2.plugin.AgentDbMixin.agent_health_check' sleeping for 37.00 seconds {{(pid=103892) _run_loop /opt/stack/data/venv/lib/python3.12/site-packages/oslo_service/backend/_threading/loopingcall.py:125}}
Mar 23 13:23:32.522031 np0000160359 neutron-periodic-workers[103885]: DEBUG dbcounter [-] [103885] Writing DB stats neutron:SELECT=3 {{(pid=103885) stat_writer /opt/stack/data/venv/lib/python3.12/site-packages/dbcounter.py:115}}
Mar 23 13:23:32.561266 np0000160359 neutron-periodic-workers[103898]: DEBUG dbcounter [-] [103898] Writer thread running {{(pid=103898) stat_writer /opt/stack/data/venv/lib/python3.12/site-packages/dbcounter.py:102}}
Mar 23 13:23:32.563302 np0000160359 neutron-periodic-workers[103898]: DEBUG oslo.service.backend._threading.loopingcall [None req-60aa74ee-7676-4a02-b237-e06dd93d7165 None None] Fixed interval looping call 'neutron.db.quota.driver_nolock.DbQuotaNoLockDriver._remove_expired_reservations' sleeping for 119.99 seconds {{(pid=103898) _run_loop /opt/stack/data/venv/lib/python3.12/site-packages/oslo_service/backend/_threading/loopingcall.py:125}}
Mar 23 13:23:37.547545 np0000160359 neutron-periodic-workers[103892]: DEBUG dbcounter [-] [103892] Writing DB stats neutron:SELECT=1 {{(pid=103892) stat_writer /opt/stack/data/venv/lib/python3.12/site-packages/dbcounter.py:115}}
Mar 23 13:23:42.562152 np0000160359 neutron-periodic-workers[103898]: DEBUG dbcounter [-] [103898] Writing DB stats neutron:DELETE=1 {{(pid=103898) stat_writer /opt/stack/data/venv/lib/python3.12/site-packages/dbcounter.py:115}}
Mar 23 13:23:59.522161 np0000160359 neutron-periodic-workers[103885]: DEBUG oslo.service.backend._threading.loopingcall [None req-30e81bb0-c4df-490c-a2f0-a13cc0d60b97 None None] Fixed interval looping call 'neutron.plugins.ml2.plugin.DhcpAgentSchedulerDbMixin.remove_networks_from_down_agents' sleeping for 36.99 seconds {{(pid=103885) _run_loop /opt/stack/data/venv/lib/python3.12/site-packages/oslo_service/backend/_threading/loopingcall.py:125}}
Mar 23 13:24:04.554289 np0000160359 neutron-periodic-workers[103892]: DEBUG neutron.db.agents_db [None req-56c50d7c-98b6-4634-8d5c-8525ae8b4cc2 None None] Agent healthcheck: found 0 active agents {{(pid=103892) agent_health_check /opt/stack/neutron/neutron/db/agents_db.py:317}}
Mar 23 13:24:04.555114 np0000160359 neutron-periodic-workers[103892]: DEBUG oslo.service.backend._threading.loopingcall [None req-56c50d7c-98b6-4634-8d5c-8525ae8b4cc2 None None] Fixed interval looping call 'neutron.plugins.ml2.plugin.AgentDbMixin.agent_health_check' sleeping for 37.00 seconds {{(pid=103892) _run_loop /opt/stack/data/venv/lib/python3.12/site-packages/oslo_service/backend/_threading/loopingcall.py:125}}
Mar 23 13:24:09.522152 np0000160359 neutron-periodic-workers[103885]: DEBUG dbcounter [-] [103885] Writing DB stats neutron:SELECT=3 {{(pid=103885) stat_writer /opt/stack/data/venv/lib/python3.12/site-packages/dbcounter.py:115}}
Mar 23 13:24:14.553011 np0000160359 neutron-periodic-workers[103892]: DEBUG dbcounter [-] [103892] Writing DB stats neutron:SELECT=1 {{(pid=103892) stat_writer /opt/stack/data/venv/lib/python3.12/site-packages/dbcounter.py:115}}
Mar 23 13:24:36.525624 np0000160359 neutron-periodic-workers[103885]: DEBUG oslo.service.backend._threading.loopingcall [None req-30e81bb0-c4df-490c-a2f0-a13cc0d60b97 None None] Fixed interval looping call 'neutron.plugins.ml2.plugin.DhcpAgentSchedulerDbMixin.remove_networks_from_down_agents' sleeping for 36.99 seconds {{(pid=103885) _run_loop /opt/stack/data/venv/lib/python3.12/site-packages/oslo_service/backend/_threading/loopingcall.py:125}}
Mar 23 13:24:41.561737 np0000160359 neutron-periodic-workers[103892]: DEBUG neutron.db.agents_db [None req-56c50d7c-98b6-4634-8d5c-8525ae8b4cc2 None None] Agent healthcheck: found 0 active agents {{(pid=103892) agent_health_check /opt/stack/neutron/neutron/db/agents_db.py:317}}
Mar 23 13:24:41.562784 np0000160359 neutron-periodic-workers[103892]: DEBUG oslo.service.backend._threading.loopingcall [None req-56c50d7c-98b6-4634-8d5c-8525ae8b4cc2 None None] Fixed interval looping call 'neutron.plugins.ml2.plugin.AgentDbMixin.agent_health_check' sleeping for 36.99 seconds {{(pid=103892) _run_loop /opt/stack/data/venv/lib/python3.12/site-packages/oslo_service/backend/_threading/loopingcall.py:125}}
Mar 23 13:24:46.525409 np0000160359 neutron-periodic-workers[103885]: DEBUG dbcounter [-] [103885] Writing DB stats neutron:SELECT=3 {{(pid=103885) stat_writer /opt/stack/data/venv/lib/python3.12/site-packages/dbcounter.py:115}}
Mar 23 13:24:51.560316 np0000160359 neutron-periodic-workers[103892]: DEBUG dbcounter [-] [103892] Writing DB stats neutron:SELECT=1 {{(pid=103892) stat_writer /opt/stack/data/venv/lib/python3.12/site-packages/dbcounter.py:115}}
Mar 23 13:25:08.527511 np0000160359 neutron-periodic-workers[103877]: DEBUG dbcounter [-] [103877] Writer thread running {{(pid=103877) stat_writer /opt/stack/data/venv/lib/python3.12/site-packages/dbcounter.py:102}}
Mar 23 13:25:08.536315 np0000160359 neutron-periodic-workers[103877]: DEBUG oslo.service.backend._threading.loopingcall [None req-c9d2e2cf-42b2-4fed-a8d0-4b77eed84832 None None] Fixed interval looping call 'neutron.services.ovn_l3.plugin.L3_NAT_dbonly_mixin._clean_garbage' sleeping for 299.95 seconds {{(pid=103877) _run_loop /opt/stack/data/venv/lib/python3.12/site-packages/oslo_service/backend/_threading/loopingcall.py:125}}
Mar 23 13:25:13.523022 np0000160359 neutron-periodic-workers[103885]: DEBUG oslo.service.backend._threading.loopingcall [None req-30e81bb0-c4df-490c-a2f0-a13cc0d60b97 None None] Fixed interval looping call 'neutron.plugins.ml2.plugin.DhcpAgentSchedulerDbMixin.remove_networks_from_down_agents' sleeping for 36.99 seconds {{(pid=103885) _run_loop /opt/stack/data/venv/lib/python3.12/site-packages/oslo_service/backend/_threading/loopingcall.py:125}}
Mar 23 13:25:18.528312 np0000160359 neutron-periodic-workers[103877]: DEBUG dbcounter [-] [103877] Writing DB stats neutron:SELECT=1 {{(pid=103877) stat_writer /opt/stack/data/venv/lib/python3.12/site-packages/dbcounter.py:115}}
Mar 23 13:25:18.556702 np0000160359 neutron-periodic-workers[103892]: DEBUG neutron.db.agents_db [None req-56c50d7c-98b6-4634-8d5c-8525ae8b4cc2 None None] Agent healthcheck: found 0 active agents {{(pid=103892) agent_health_check /opt/stack/neutron/neutron/db/agents_db.py:317}}
Mar 23 13:25:18.557525 np0000160359 neutron-periodic-workers[103892]: DEBUG oslo.service.backend._threading.loopingcall [None req-56c50d7c-98b6-4634-8d5c-8525ae8b4cc2 None None] Fixed interval looping call 'neutron.plugins.ml2.plugin.AgentDbMixin.agent_health_check' sleeping for 37.00 seconds {{(pid=103892) _run_loop /opt/stack/data/venv/lib/python3.12/site-packages/oslo_service/backend/_threading/loopingcall.py:125}}
Mar 23 13:25:23.522414 np0000160359 neutron-periodic-workers[103885]: DEBUG dbcounter [-] [103885] Writing DB stats neutron:SELECT=3 {{(pid=103885) stat_writer /opt/stack/data/venv/lib/python3.12/site-packages/dbcounter.py:115}}
Mar 23 13:25:28.555717 np0000160359 neutron-periodic-workers[103892]: DEBUG dbcounter [-] [103892] Writing DB stats neutron:SELECT=1 {{(pid=103892) stat_writer /opt/stack/data/venv/lib/python3.12/site-packages/dbcounter.py:115}}
Mar 23 13:25:32.560368 np0000160359 neutron-periodic-workers[103898]: DEBUG oslo.service.backend._threading.loopingcall [None req-60aa74ee-7676-4a02-b237-e06dd93d7165 None None] Fixed interval looping call 'neutron.db.quota.driver_nolock.DbQuotaNoLockDriver._remove_expired_reservations' sleeping for 119.99 seconds {{(pid=103898) _run_loop /opt/stack/data/venv/lib/python3.12/site-packages/oslo_service/backend/_threading/loopingcall.py:125}}
Mar 23 13:25:42.557896 np0000160359 neutron-periodic-workers[103898]: DEBUG dbcounter [-] [103898] Writing DB stats neutron:DELETE=1 {{(pid=103898) stat_writer /opt/stack/data/venv/lib/python3.12/site-packages/dbcounter.py:115}}
Mar 23 13:25:50.524763 np0000160359 neutron-periodic-workers[103885]: DEBUG oslo.service.backend._threading.loopingcall [None req-30e81bb0-c4df-490c-a2f0-a13cc0d60b97 None None] Fixed interval looping call 'neutron.plugins.ml2.plugin.DhcpAgentSchedulerDbMixin.remove_networks_from_down_agents' sleeping for 36.99 seconds {{(pid=103885) _run_loop /opt/stack/data/venv/lib/python3.12/site-packages/oslo_service/backend/_threading/loopingcall.py:125}}
Mar 23 13:25:55.560737 np0000160359 neutron-periodic-workers[103892]: DEBUG neutron.db.agents_db [None req-56c50d7c-98b6-4634-8d5c-8525ae8b4cc2 None None] Agent healthcheck: found 0 active agents {{(pid=103892) agent_health_check /opt/stack/neutron/neutron/db/agents_db.py:317}}
Mar 23 13:25:55.560737 np0000160359 neutron-periodic-workers[103892]: DEBUG oslo.service.backend._threading.loopingcall [None req-56c50d7c-98b6-4634-8d5c-8525ae8b4cc2 None None] Fixed interval looping call 'neutron.plugins.ml2.plugin.AgentDbMixin.agent_health_check' sleeping for 37.00 seconds {{(pid=103892) _run_loop /opt/stack/data/venv/lib/python3.12/site-packages/oslo_service/backend/_threading/loopingcall.py:125}}
Mar 23 13:26:00.523909 np0000160359 neutron-periodic-workers[103885]: DEBUG dbcounter [-] [103885] Writing DB stats neutron:SELECT=3 {{(pid=103885) stat_writer /opt/stack/data/venv/lib/python3.12/site-packages/dbcounter.py:115}}
Mar 23 13:26:05.559517 np0000160359 neutron-periodic-workers[103892]: DEBUG dbcounter [-] [103892] Writing DB stats neutron:SELECT=1 {{(pid=103892) stat_writer /opt/stack/data/venv/lib/python3.12/site-packages/dbcounter.py:115}}
Mar 23 13:26:27.530879 np0000160359 neutron-periodic-workers[103885]: DEBUG oslo.service.backend._threading.loopingcall [None req-30e81bb0-c4df-490c-a2f0-a13cc0d60b97 None None] Fixed interval looping call 'neutron.plugins.ml2.plugin.DhcpAgentSchedulerDbMixin.remove_networks_from_down_agents' sleeping for 36.99 seconds {{(pid=103885) _run_loop /opt/stack/data/venv/lib/python3.12/site-packages/oslo_service/backend/_threading/loopingcall.py:125}}
Mar 23 13:26:32.564920 np0000160359 neutron-periodic-workers[103892]: DEBUG neutron.db.agents_db [None req-56c50d7c-98b6-4634-8d5c-8525ae8b4cc2 None None] Agent healthcheck: found 0 active agents {{(pid=103892) agent_health_check /opt/stack/neutron/neutron/db/agents_db.py:317}}
Mar 23 13:26:32.564920 np0000160359 neutron-periodic-workers[103892]: DEBUG oslo.service.backend._threading.loopingcall [None req-56c50d7c-98b6-4634-8d5c-8525ae8b4cc2 None None] Fixed interval looping call 'neutron.plugins.ml2.plugin.AgentDbMixin.agent_health_check' sleeping for 37.00 seconds {{(pid=103892) _run_loop /opt/stack/data/venv/lib/python3.12/site-packages/oslo_service/backend/_threading/loopingcall.py:125}}
Mar 23 13:26:37.529210 np0000160359 neutron-periodic-workers[103885]: DEBUG dbcounter [-] [103885] Writing DB stats neutron:SELECT=3 {{(pid=103885) stat_writer /opt/stack/data/venv/lib/python3.12/site-packages/dbcounter.py:115}}
Mar 23 13:26:42.563813 np0000160359 neutron-periodic-workers[103892]: DEBUG dbcounter [-] [103892] Writing DB stats neutron:SELECT=1 {{(pid=103892) stat_writer /opt/stack/data/venv/lib/python3.12/site-packages/dbcounter.py:115}}
Mar 23 13:27:04.529778 np0000160359 neutron-periodic-workers[103885]: DEBUG oslo.service.backend._threading.loopingcall [None req-30e81bb0-c4df-490c-a2f0-a13cc0d60b97 None None] Fixed interval looping call 'neutron.plugins.ml2.plugin.DhcpAgentSchedulerDbMixin.remove_networks_from_down_agents' sleeping for 36.99 seconds {{(pid=103885) _run_loop /opt/stack/data/venv/lib/python3.12/site-packages/oslo_service/backend/_threading/loopingcall.py:125}}
Mar 23 13:27:09.570438 np0000160359 neutron-periodic-workers[103892]: DEBUG neutron.db.agents_db [None req-56c50d7c-98b6-4634-8d5c-8525ae8b4cc2 None None] Agent healthcheck: found 0 active agents {{(pid=103892) agent_health_check /opt/stack/neutron/neutron/db/agents_db.py:317}}
Mar 23 13:27:09.571404 np0000160359 neutron-periodic-workers[103892]: DEBUG oslo.service.backend._threading.loopingcall [None req-56c50d7c-98b6-4634-8d5c-8525ae8b4cc2 None None] Fixed interval looping call 'neutron.plugins.ml2.plugin.AgentDbMixin.agent_health_check' sleeping for 36.99 seconds {{(pid=103892) _run_loop /opt/stack/data/venv/lib/python3.12/site-packages/oslo_service/backend/_threading/loopingcall.py:125}}
Mar 23 13:27:14.528917 np0000160359 neutron-periodic-workers[103885]: DEBUG dbcounter [-] [103885] Writing DB stats neutron:SELECT=3 {{(pid=103885) stat_writer /opt/stack/data/venv/lib/python3.12/site-packages/dbcounter.py:115}}
Mar 23 13:27:19.569087 np0000160359 neutron-periodic-workers[103892]: DEBUG dbcounter [-] [103892] Writing DB stats neutron:SELECT=1 {{(pid=103892) stat_writer /opt/stack/data/venv/lib/python3.12/site-packages/dbcounter.py:115}}
Mar 23 13:27:32.556174 np0000160359 neutron-periodic-workers[103898]: DEBUG oslo.service.backend._threading.loopingcall [None req-60aa74ee-7676-4a02-b237-e06dd93d7165 None None] Fixed interval looping call 'neutron.db.quota.driver_nolock.DbQuotaNoLockDriver._remove_expired_reservations' sleeping for 119.99 seconds {{(pid=103898) _run_loop /opt/stack/data/venv/lib/python3.12/site-packages/oslo_service/backend/_threading/loopingcall.py:125}}
Mar 23 13:27:41.528578 np0000160359 neutron-periodic-workers[103885]: DEBUG oslo.service.backend._threading.loopingcall [None req-30e81bb0-c4df-490c-a2f0-a13cc0d60b97 None None] Fixed interval looping call 'neutron.plugins.ml2.plugin.DhcpAgentSchedulerDbMixin.remove_networks_from_down_agents' sleeping for 36.99 seconds {{(pid=103885) _run_loop /opt/stack/data/venv/lib/python3.12/site-packages/oslo_service/backend/_threading/loopingcall.py:125}}
Mar 23 13:27:42.554792 np0000160359 neutron-periodic-workers[103898]: DEBUG dbcounter [-] [103898] Writing DB stats neutron:DELETE=1 {{(pid=103898) stat_writer /opt/stack/data/venv/lib/python3.12/site-packages/dbcounter.py:115}}
Mar 23 13:27:46.566905 np0000160359 neutron-periodic-workers[103892]: DEBUG neutron.db.agents_db [None req-56c50d7c-98b6-4634-8d5c-8525ae8b4cc2 None None] Agent healthcheck: found 0 active agents {{(pid=103892) agent_health_check /opt/stack/neutron/neutron/db/agents_db.py:317}}
Mar 23 13:27:46.567463 np0000160359 neutron-periodic-workers[103892]: DEBUG oslo.service.backend._threading.loopingcall [None req-56c50d7c-98b6-4634-8d5c-8525ae8b4cc2 None None] Fixed interval looping call 'neutron.plugins.ml2.plugin.AgentDbMixin.agent_health_check' sleeping for 36.99 seconds {{(pid=103892) _run_loop /opt/stack/data/venv/lib/python3.12/site-packages/oslo_service/backend/_threading/loopingcall.py:125}}
Mar 23 13:27:51.529823 np0000160359 neutron-periodic-workers[103885]: DEBUG dbcounter [-] [103885] Writing DB stats neutron:SELECT=3 {{(pid=103885) stat_writer /opt/stack/data/venv/lib/python3.12/site-packages/dbcounter.py:115}}
Mar 23 13:27:56.566985 np0000160359 neutron-periodic-workers[103892]: DEBUG dbcounter [-] [103892] Writing DB stats neutron:SELECT=1 {{(pid=103892) stat_writer /opt/stack/data/venv/lib/python3.12/site-packages/dbcounter.py:115}}
Mar 23 13:28:18.526871 np0000160359 neutron-periodic-workers[103885]: DEBUG oslo.service.backend._threading.loopingcall [None req-30e81bb0-c4df-490c-a2f0-a13cc0d60b97 None None] Fixed interval looping call 'neutron.plugins.ml2.plugin.DhcpAgentSchedulerDbMixin.remove_networks_from_down_agents' sleeping for 36.99 seconds {{(pid=103885) _run_loop /opt/stack/data/venv/lib/python3.12/site-packages/oslo_service/backend/_threading/loopingcall.py:125}}
Mar 23 13:28:23.562834 np0000160359 neutron-periodic-workers[103892]: DEBUG neutron.db.agents_db [None req-56c50d7c-98b6-4634-8d5c-8525ae8b4cc2 None None] Agent healthcheck: found 0 active agents {{(pid=103892) agent_health_check /opt/stack/neutron/neutron/db/agents_db.py:317}}
Mar 23 13:28:23.563580 np0000160359 neutron-periodic-workers[103892]: DEBUG oslo.service.backend._threading.loopingcall [None req-56c50d7c-98b6-4634-8d5c-8525ae8b4cc2 None None] Fixed interval looping call 'neutron.plugins.ml2.plugin.AgentDbMixin.agent_health_check' sleeping for 36.99 seconds {{(pid=103892) _run_loop /opt/stack/data/venv/lib/python3.12/site-packages/oslo_service/backend/_threading/loopingcall.py:125}}
Mar 23 13:28:28.525495 np0000160359 neutron-periodic-workers[103885]: DEBUG dbcounter [-] [103885] Writing DB stats neutron:SELECT=3 {{(pid=103885) stat_writer /opt/stack/data/venv/lib/python3.12/site-packages/dbcounter.py:115}}
Mar 23 13:28:33.561140 np0000160359 neutron-periodic-workers[103892]: DEBUG dbcounter [-] [103892] Writing DB stats neutron:SELECT=1 {{(pid=103892) stat_writer /opt/stack/data/venv/lib/python3.12/site-packages/dbcounter.py:115}}
Mar 23 13:28:58.543064 np0000160359 neutron-periodic-workers[103885]: DEBUG oslo.service.backend._threading.loopingcall [None req-30e81bb0-c4df-490c-a2f0-a13cc0d60b97 None None] Fixed interval looping call 'neutron.plugins.ml2.plugin.DhcpAgentSchedulerDbMixin.remove_networks_from_down_agents' sleeping for 36.99 seconds {{(pid=103885) _run_loop /opt/stack/data/venv/lib/python3.12/site-packages/oslo_service/backend/_threading/loopingcall.py:125}}
Mar 23 13:29:00.559069 np0000160359 neutron-periodic-workers[103892]: DEBUG neutron.db.agents_db [None req-56c50d7c-98b6-4634-8d5c-8525ae8b4cc2 None None] Agent healthcheck: found 0 active agents {{(pid=103892) agent_health_check /opt/stack/neutron/neutron/db/agents_db.py:317}}
Mar 23 13:29:00.559069 np0000160359 neutron-periodic-workers[103892]: DEBUG oslo.service.backend._threading.loopingcall [None req-56c50d7c-98b6-4634-8d5c-8525ae8b4cc2 None None] Fixed interval looping call 'neutron.plugins.ml2.plugin.AgentDbMixin.agent_health_check' sleeping for 36.99 seconds {{(pid=103892) _run_loop /opt/stack/data/venv/lib/python3.12/site-packages/oslo_service/backend/_threading/loopingcall.py:125}}
Mar 23 13:29:08.547464 np0000160359 neutron-periodic-workers[103885]: DEBUG dbcounter [-] [103885] Writing DB stats neutron:SELECT=3 {{(pid=103885) stat_writer /opt/stack/data/venv/lib/python3.12/site-packages/dbcounter.py:115}}
Mar 23 13:29:10.557437 np0000160359 neutron-periodic-workers[103892]: DEBUG dbcounter [-] [103892] Writing DB stats neutron:SELECT=1 {{(pid=103892) stat_writer /opt/stack/data/venv/lib/python3.12/site-packages/dbcounter.py:115}}
Mar 23 13:29:32.551188 np0000160359 neutron-periodic-workers[103898]: DEBUG oslo.service.backend._threading.loopingcall [None req-60aa74ee-7676-4a02-b237-e06dd93d7165 None None] Fixed interval looping call 'neutron.db.quota.driver_nolock.DbQuotaNoLockDriver._remove_expired_reservations' sleeping for 120.00 seconds {{(pid=103898) _run_loop /opt/stack/data/venv/lib/python3.12/site-packages/oslo_service/backend/_threading/loopingcall.py:125}}
Mar 23 13:29:35.527134 np0000160359 neutron-periodic-workers[103885]: DEBUG oslo.service.backend._threading.loopingcall [None req-30e81bb0-c4df-490c-a2f0-a13cc0d60b97 None None] Fixed interval looping call 'neutron.plugins.ml2.plugin.DhcpAgentSchedulerDbMixin.remove_networks_from_down_agents' sleeping for 36.99 seconds {{(pid=103885) _run_loop /opt/stack/data/venv/lib/python3.12/site-packages/oslo_service/backend/_threading/loopingcall.py:125}}
Mar 23 13:29:37.555097 np0000160359 neutron-periodic-workers[103892]: DEBUG neutron.db.agents_db [None req-56c50d7c-98b6-4634-8d5c-8525ae8b4cc2 None None] Agent healthcheck: found 0 active agents {{(pid=103892) agent_health_check /opt/stack/neutron/neutron/db/agents_db.py:317}}
Mar 23 13:29:37.555677 np0000160359 neutron-periodic-workers[103892]: DEBUG oslo.service.backend._threading.loopingcall [None req-56c50d7c-98b6-4634-8d5c-8525ae8b4cc2 None None] Fixed interval looping call 'neutron.plugins.ml2.plugin.AgentDbMixin.agent_health_check' sleeping for 36.99 seconds {{(pid=103892) _run_loop /opt/stack/data/venv/lib/python3.12/site-packages/oslo_service/backend/_threading/loopingcall.py:125}}
Mar 23 13:29:42.550160 np0000160359 neutron-periodic-workers[103898]: DEBUG dbcounter [-] [103898] Writing DB stats neutron:DELETE=1 {{(pid=103898) stat_writer /opt/stack/data/venv/lib/python3.12/site-packages/dbcounter.py:115}}
Mar 23 13:29:45.524323 np0000160359 neutron-periodic-workers[103885]: DEBUG dbcounter [-] [103885] Writing DB stats neutron:SELECT=3 {{(pid=103885) stat_writer /opt/stack/data/venv/lib/python3.12/site-packages/dbcounter.py:115}}
Mar 23 13:29:47.553473 np0000160359 neutron-periodic-workers[103892]: DEBUG dbcounter [-] [103892] Writing DB stats neutron:SELECT=1 {{(pid=103892) stat_writer /opt/stack/data/venv/lib/python3.12/site-packages/dbcounter.py:115}}
Mar 23 13:30:08.497345 np0000160359 neutron-periodic-workers[103877]: DEBUG oslo.service.backend._threading.loopingcall [None req-c9d2e2cf-42b2-4fed-a8d0-4b77eed84832 None None] Fixed interval looping call 'neutron.services.ovn_l3.plugin.L3_NAT_dbonly_mixin._clean_garbage' sleeping for 299.99 seconds {{(pid=103877) _run_loop /opt/stack/data/venv/lib/python3.12/site-packages/oslo_service/backend/_threading/loopingcall.py:125}}
Mar 23 13:30:12.528793 np0000160359 neutron-periodic-workers[103885]: DEBUG oslo.service.backend._threading.loopingcall [None req-30e81bb0-c4df-490c-a2f0-a13cc0d60b97 None None] Fixed interval looping call 'neutron.plugins.ml2.plugin.DhcpAgentSchedulerDbMixin.remove_networks_from_down_agents' sleeping for 36.99 seconds {{(pid=103885) _run_loop /opt/stack/data/venv/lib/python3.12/site-packages/oslo_service/backend/_threading/loopingcall.py:125}}
Mar 23 13:30:14.550060 np0000160359 neutron-periodic-workers[103892]: DEBUG neutron.db.agents_db [None req-56c50d7c-98b6-4634-8d5c-8525ae8b4cc2 None None] Agent healthcheck: found 0 active agents {{(pid=103892) agent_health_check /opt/stack/neutron/neutron/db/agents_db.py:317}}
Mar 23 13:30:14.550644 np0000160359 neutron-periodic-workers[103892]: DEBUG oslo.service.backend._threading.loopingcall [None req-56c50d7c-98b6-4634-8d5c-8525ae8b4cc2 None None] Fixed interval looping call 'neutron.plugins.ml2.plugin.AgentDbMixin.agent_health_check' sleeping for 37.00 seconds {{(pid=103892) _run_loop /opt/stack/data/venv/lib/python3.12/site-packages/oslo_service/backend/_threading/loopingcall.py:125}}
Mar 23 13:30:18.489509 np0000160359 neutron-periodic-workers[103877]: DEBUG dbcounter [-] [103877] Writing DB stats neutron:SELECT=1 {{(pid=103877) stat_writer /opt/stack/data/venv/lib/python3.12/site-packages/dbcounter.py:115}}
Mar 23 13:30:22.527035 np0000160359 neutron-periodic-workers[103885]: DEBUG dbcounter [-] [103885] Writing DB stats neutron:SELECT=3 {{(pid=103885) stat_writer /opt/stack/data/venv/lib/python3.12/site-packages/dbcounter.py:115}}
Mar 23 13:30:24.548326 np0000160359 neutron-periodic-workers[103892]: DEBUG dbcounter [-] [103892] Writing DB stats neutron:SELECT=1 {{(pid=103892) stat_writer /opt/stack/data/venv/lib/python3.12/site-packages/dbcounter.py:115}}
Mar 23 13:30:49.530397 np0000160359 neutron-periodic-workers[103885]: DEBUG oslo.service.backend._threading.loopingcall [None req-30e81bb0-c4df-490c-a2f0-a13cc0d60b97 None None] Fixed interval looping call 'neutron.plugins.ml2.plugin.DhcpAgentSchedulerDbMixin.remove_networks_from_down_agents' sleeping for 36.99 seconds {{(pid=103885) _run_loop /opt/stack/data/venv/lib/python3.12/site-packages/oslo_service/backend/_threading/loopingcall.py:125}}
Mar 23 13:30:51.555261 np0000160359 neutron-periodic-workers[103892]: DEBUG neutron.db.agents_db [None req-56c50d7c-98b6-4634-8d5c-8525ae8b4cc2 None None] Agent healthcheck: found 0 active agents {{(pid=103892) agent_health_check /opt/stack/neutron/neutron/db/agents_db.py:317}}
Mar 23 13:30:51.556198 np0000160359 neutron-periodic-workers[103892]: DEBUG oslo.service.backend._threading.loopingcall [None req-56c50d7c-98b6-4634-8d5c-8525ae8b4cc2 None None] Fixed interval looping call 'neutron.plugins.ml2.plugin.AgentDbMixin.agent_health_check' sleeping for 37.00 seconds {{(pid=103892) _run_loop /opt/stack/data/venv/lib/python3.12/site-packages/oslo_service/backend/_threading/loopingcall.py:125}}
Mar 23 13:30:59.529374 np0000160359 neutron-periodic-workers[103885]: DEBUG dbcounter [-] [103885] Writing DB stats neutron:SELECT=3 {{(pid=103885) stat_writer /opt/stack/data/venv/lib/python3.12/site-packages/dbcounter.py:115}}
Mar 23 13:31:01.553913 np0000160359 neutron-periodic-workers[103892]: DEBUG dbcounter [-] [103892] Writing DB stats neutron:SELECT=1 {{(pid=103892) stat_writer /opt/stack/data/venv/lib/python3.12/site-packages/dbcounter.py:115}}
Mar 23 13:31:26.531117 np0000160359 neutron-periodic-workers[103885]: DEBUG oslo.service.backend._threading.loopingcall [None req-30e81bb0-c4df-490c-a2f0-a13cc0d60b97 None None] Fixed interval looping call 'neutron.plugins.ml2.plugin.DhcpAgentSchedulerDbMixin.remove_networks_from_down_agents' sleeping for 36.99 seconds {{(pid=103885) _run_loop /opt/stack/data/venv/lib/python3.12/site-packages/oslo_service/backend/_threading/loopingcall.py:125}}
Mar 23 13:31:28.560980 np0000160359 neutron-periodic-workers[103892]: DEBUG neutron.db.agents_db [None req-56c50d7c-98b6-4634-8d5c-8525ae8b4cc2 None None] Agent healthcheck: found 0 active agents {{(pid=103892) agent_health_check /opt/stack/neutron/neutron/db/agents_db.py:317}}
Mar 23 13:31:28.561488 np0000160359 neutron-periodic-workers[103892]: DEBUG oslo.service.backend._threading.loopingcall [None req-56c50d7c-98b6-4634-8d5c-8525ae8b4cc2 None None] Fixed interval looping call 'neutron.plugins.ml2.plugin.AgentDbMixin.agent_health_check' sleeping for 36.99 seconds {{(pid=103892) _run_loop /opt/stack/data/venv/lib/python3.12/site-packages/oslo_service/backend/_threading/loopingcall.py:125}}
