May 09 07:21:08.831239 np0000172989 neutron-periodic-workers[105287]: DEBUG cotyledon.oslo_config_glue [-] network_log.rate_limit = 100 {{(pid=105287) log_opt_values /opt/stack/data/venv/lib/python3.12/site-packages/oslo_config/cfg.py:3006}}
May 09 07:21:08.831239 np0000172989 neutron-periodic-workers[105287]: DEBUG cotyledon.oslo_config_glue [-] database.asyncio_connection = **** {{(pid=105287) log_opt_values /opt/stack/data/venv/lib/python3.12/site-packages/oslo_config/cfg.py:3006}}
May 09 07:21:08.831239 np0000172989 neutron-periodic-workers[105287]: DEBUG cotyledon.oslo_config_glue [-] database.asyncio_slave_connection = **** {{(pid=105287) log_opt_values /opt/stack/data/venv/lib/python3.12/site-packages/oslo_config/cfg.py:3006}}
May 09 07:21:08.831454 np0000172989 neutron-periodic-workers[105287]: DEBUG cotyledon.oslo_config_glue [-] database.backend = sqlalchemy {{(pid=105287) log_opt_values /opt/stack/data/venv/lib/python3.12/site-packages/oslo_config/cfg.py:3006}}
May 09 07:21:08.831454 np0000172989 neutron-periodic-workers[105287]: DEBUG cotyledon.oslo_config_glue [-] database.connection = **** {{(pid=105287) log_opt_values /opt/stack/data/venv/lib/python3.12/site-packages/oslo_config/cfg.py:3006}}
May 09 07:21:08.831454 np0000172989 neutron-periodic-workers[105287]: DEBUG cotyledon.oslo_config_glue [-] database.connection_debug = 0 {{(pid=105287) log_opt_values /opt/stack/data/venv/lib/python3.12/site-packages/oslo_config/cfg.py:3006}}
May 09 07:21:08.831454 np0000172989 neutron-periodic-workers[105287]: DEBUG cotyledon.oslo_config_glue [-] database.connection_parameters = {{(pid=105287) log_opt_values /opt/stack/data/venv/lib/python3.12/site-packages/oslo_config/cfg.py:3006}}
May 09 07:21:08.831454 np0000172989 neutron-periodic-workers[105287]: DEBUG cotyledon.oslo_config_glue [-] database.connection_recycle_time = 3600 {{(pid=105287) log_opt_values /opt/stack/data/venv/lib/python3.12/site-packages/oslo_config/cfg.py:3006}}
May 09 07:21:08.831791 np0000172989 neutron-periodic-workers[105287]: DEBUG cotyledon.oslo_config_glue [-] database.connection_trace = False {{(pid=105287) log_opt_values /opt/stack/data/venv/lib/python3.12/site-packages/oslo_config/cfg.py:3006}}
May 09 07:21:08.831791 np0000172989 neutron-periodic-workers[105287]: DEBUG cotyledon.oslo_config_glue [-] database.db_inc_retry_interval = True {{(pid=105287) log_opt_values /opt/stack/data/venv/lib/python3.12/site-packages/oslo_config/cfg.py:3006}}
May 09 07:21:08.831791 np0000172989 neutron-periodic-workers[105287]: DEBUG cotyledon.oslo_config_glue [-] database.db_max_retries = 20 {{(pid=105287) log_opt_values /opt/stack/data/venv/lib/python3.12/site-packages/oslo_config/cfg.py:3006}}
May 09 07:21:08.831791 np0000172989 neutron-periodic-workers[105287]: DEBUG cotyledon.oslo_config_glue [-] database.db_max_retry_interval = 10 {{(pid=105287) log_opt_values /opt/stack/data/venv/lib/python3.12/site-packages/oslo_config/cfg.py:3006}}
May 09 07:21:08.831791 np0000172989 neutron-periodic-workers[105287]: DEBUG cotyledon.oslo_config_glue [-] database.db_retry_interval = 1 {{(pid=105287) log_opt_values /opt/stack/data/venv/lib/python3.12/site-packages/oslo_config/cfg.py:3006}}
May 09 07:21:08.831791 np0000172989 neutron-periodic-workers[105287]: DEBUG cotyledon.oslo_config_glue [-] database.max_overflow = 50 {{(pid=105287) log_opt_values /opt/stack/data/venv/lib/python3.12/site-packages/oslo_config/cfg.py:3006}}
May 09 07:21:08.831791 np0000172989 neutron-periodic-workers[105287]: DEBUG cotyledon.oslo_config_glue [-] database.max_pool_size = 5 {{(pid=105287) log_opt_values /opt/stack/data/venv/lib/python3.12/site-packages/oslo_config/cfg.py:3006}}
May 09 07:21:08.831791 np0000172989 neutron-periodic-workers[105287]: DEBUG cotyledon.oslo_config_glue [-] database.max_retries = 10 {{(pid=105287) log_opt_values /opt/stack/data/venv/lib/python3.12/site-packages/oslo_config/cfg.py:3006}}
May 09 07:21:08.832147 np0000172989 neutron-periodic-workers[105287]: DEBUG cotyledon.oslo_config_glue [-] database.mysql_sql_mode = TRADITIONAL {{(pid=105287) log_opt_values /opt/stack/data/venv/lib/python3.12/site-packages/oslo_config/cfg.py:3006}}
May 09 07:21:08.832147 np0000172989 neutron-periodic-workers[105287]: DEBUG cotyledon.oslo_config_glue [-] database.mysql_wsrep_sync_wait = None {{(pid=105287) log_opt_values /opt/stack/data/venv/lib/python3.12/site-packages/oslo_config/cfg.py:3006}}
May 09 07:21:08.832147 np0000172989 neutron-periodic-workers[105287]: DEBUG cotyledon.oslo_config_glue [-] database.pool_timeout = None {{(pid=105287) log_opt_values /opt/stack/data/venv/lib/python3.12/site-packages/oslo_config/cfg.py:3006}}
May 09 07:21:08.832147 np0000172989 neutron-periodic-workers[105287]: DEBUG cotyledon.oslo_config_glue [-] database.retry_interval = 10 {{(pid=105287) log_opt_values /opt/stack/data/venv/lib/python3.12/site-packages/oslo_config/cfg.py:3006}}
May 09 07:21:08.832147 np0000172989 neutron-periodic-workers[105287]: DEBUG cotyledon.oslo_config_glue [-] database.slave_connection = **** {{(pid=105287) log_opt_values /opt/stack/data/venv/lib/python3.12/site-packages/oslo_config/cfg.py:3006}}
May 09 07:21:08.832147 np0000172989 neutron-periodic-workers[105287]: DEBUG cotyledon.oslo_config_glue [-] database.sqlite_synchronous = True {{(pid=105287) log_opt_values /opt/stack/data/venv/lib/python3.12/site-packages/oslo_config/cfg.py:3006}}
May 09 07:21:08.832147 np0000172989 neutron-periodic-workers[105287]: DEBUG cotyledon.oslo_config_glue [-] database.synchronous_reader = True {{(pid=105287) log_opt_values /opt/stack/data/venv/lib/python3.12/site-packages/oslo_config/cfg.py:3006}}
May 09 07:21:08.832147 np0000172989 neutron-periodic-workers[105287]: DEBUG cotyledon.oslo_config_glue [-] database.use_db_reconnect = False {{(pid=105287) log_opt_values /opt/stack/data/venv/lib/python3.12/site-packages/oslo_config/cfg.py:3006}}
May 09 07:21:08.832480 np0000172989 neutron-periodic-workers[105287]: DEBUG cotyledon.oslo_config_glue [-] ovn.bfd_min_rx = 1000 {{(pid=105287) log_opt_values /opt/stack/data/venv/lib/python3.12/site-packages/oslo_config/cfg.py:3006}}
May 09 07:21:08.832480 np0000172989 neutron-periodic-workers[105287]: DEBUG cotyledon.oslo_config_glue [-] ovn.bfd_min_tx = 100 {{(pid=105287) log_opt_values /opt/stack/data/venv/lib/python3.12/site-packages/oslo_config/cfg.py:3006}}
May 09 07:21:08.832480 np0000172989 neutron-periodic-workers[105287]: DEBUG cotyledon.oslo_config_glue [-] ovn.bfd_mult = 3 {{(pid=105287) log_opt_values /opt/stack/data/venv/lib/python3.12/site-packages/oslo_config/cfg.py:3006}}
May 09 07:21:08.832480 np0000172989 neutron-periodic-workers[105287]: DEBUG cotyledon.oslo_config_glue [-] ovn.broadcast_arps_to_all_routers = True {{(pid=105287) log_opt_values /opt/stack/data/venv/lib/python3.12/site-packages/oslo_config/cfg.py:3006}}
May 09 07:21:08.832480 np0000172989 neutron-periodic-workers[105287]: DEBUG cotyledon.oslo_config_glue [-] ovn.dhcp_default_lease_time = 43200 {{(pid=105287) log_opt_values /opt/stack/data/venv/lib/python3.12/site-packages/oslo_config/cfg.py:3006}}
May 09 07:21:08.832480 np0000172989 neutron-periodic-workers[105287]: DEBUG cotyledon.oslo_config_glue [-] ovn.disable_ovn_dhcp_for_baremetal_ports = False {{(pid=105287) log_opt_values /opt/stack/data/venv/lib/python3.12/site-packages/oslo_config/cfg.py:3006}}
May 09 07:21:08.832480 np0000172989 neutron-periodic-workers[105287]: DEBUG cotyledon.oslo_config_glue [-] ovn.dns_records_ovn_owned = False {{(pid=105287) log_opt_values /opt/stack/data/venv/lib/python3.12/site-packages/oslo_config/cfg.py:3006}}
May 09 07:21:08.832480 np0000172989 neutron-periodic-workers[105287]: DEBUG cotyledon.oslo_config_glue [-] ovn.dns_servers = [] {{(pid=105287) log_opt_values /opt/stack/data/venv/lib/python3.12/site-packages/oslo_config/cfg.py:3006}}
May 09 07:21:08.832783 np0000172989 neutron-periodic-workers[105287]: DEBUG cotyledon.oslo_config_glue [-] ovn.enable_distributed_floating_ip = False {{(pid=105287) log_opt_values /opt/stack/data/venv/lib/python3.12/site-packages/oslo_config/cfg.py:3006}}
May 09 07:21:08.832783 np0000172989 neutron-periodic-workers[105287]: DEBUG cotyledon.oslo_config_glue [-] ovn.fdb_age_threshold = 300 {{(pid=105287) log_opt_values /opt/stack/data/venv/lib/python3.12/site-packages/oslo_config/cfg.py:3006}}
May 09 07:21:08.832783 np0000172989 neutron-periodic-workers[105287]: DEBUG cotyledon.oslo_config_glue [-] ovn.ha_failover_strategy = normal {{(pid=105287) log_opt_values /opt/stack/data/venv/lib/python3.12/site-packages/oslo_config/cfg.py:3006}}
May 09 07:21:08.832783 np0000172989 neutron-periodic-workers[105287]: DEBUG cotyledon.oslo_config_glue [-] ovn.live_migration_activation_strategy = rarp {{(pid=105287) log_opt_values /opt/stack/data/venv/lib/python3.12/site-packages/oslo_config/cfg.py:3006}}
May 09 07:21:08.832783 np0000172989 neutron-periodic-workers[105287]: DEBUG cotyledon.oslo_config_glue [-] ovn.localnet_learn_fdb = False {{(pid=105287) log_opt_values /opt/stack/data/venv/lib/python3.12/site-packages/oslo_config/cfg.py:3006}}
May 09 07:21:08.832783 np0000172989 neutron-periodic-workers[105287]: DEBUG cotyledon.oslo_config_glue [-] ovn.mac_binding_age_threshold = 300 {{(pid=105287) log_opt_values /opt/stack/data/venv/lib/python3.12/site-packages/oslo_config/cfg.py:3006}}
May 09 07:21:08.832996 np0000172989 neutron-periodic-workers[105287]: DEBUG cotyledon.oslo_config_glue [-] ovn.neutron_sync_mode = log {{(pid=105287) log_opt_values /opt/stack/data/venv/lib/python3.12/site-packages/oslo_config/cfg.py:3006}}
May 09 07:21:08.832996 np0000172989 neutron-periodic-workers[105287]: DEBUG cotyledon.oslo_config_glue [-] ovn.ovn_dhcp4_global_options = {} {{(pid=105287) log_opt_values /opt/stack/data/venv/lib/python3.12/site-packages/oslo_config/cfg.py:3006}}
May 09 07:21:08.832996 np0000172989 neutron-periodic-workers[105287]: DEBUG cotyledon.oslo_config_glue [-] ovn.ovn_dhcp6_global_options = {} {{(pid=105287) log_opt_values /opt/stack/data/venv/lib/python3.12/site-packages/oslo_config/cfg.py:3006}}
May 09 07:21:08.832996 np0000172989 neutron-periodic-workers[105287]: DEBUG cotyledon.oslo_config_glue [-] ovn.ovn_l3_scheduler = leastloaded {{(pid=105287) log_opt_values /opt/stack/data/venv/lib/python3.12/site-packages/oslo_config/cfg.py:3006}}
May 09 07:21:08.832996 np0000172989 neutron-periodic-workers[105287]: DEBUG cotyledon.oslo_config_glue [-] ovn.ovn_metadata_enabled = True {{(pid=105287) log_opt_values /opt/stack/data/venv/lib/python3.12/site-packages/oslo_config/cfg.py:3006}}
May 09 07:21:08.833172 np0000172989 neutron-periodic-workers[105287]: DEBUG cotyledon.oslo_config_glue [-] ovn.ovn_nb_ca_cert = /opt/stack/data/CA/int-ca/ca-chain.pem {{(pid=105287) log_opt_values /opt/stack/data/venv/lib/python3.12/site-packages/oslo_config/cfg.py:3006}}
May 09 07:21:08.833172 np0000172989 neutron-periodic-workers[105287]: DEBUG cotyledon.oslo_config_glue [-] ovn.ovn_nb_certificate = /opt/stack/data/CA/int-ca/devstack-cert.crt {{(pid=105287) log_opt_values /opt/stack/data/venv/lib/python3.12/site-packages/oslo_config/cfg.py:3006}}
May 09 07:21:08.833172 np0000172989 neutron-periodic-workers[105287]: DEBUG cotyledon.oslo_config_glue [-] ovn.ovn_nb_connection = ['ssl:199.204.45.89:6641'] {{(pid=105287) log_opt_values /opt/stack/data/venv/lib/python3.12/site-packages/oslo_config/cfg.py:3006}}
May 09 07:21:08.833286 np0000172989 neutron-periodic-workers[105287]: DEBUG cotyledon.oslo_config_glue [-] ovn.ovn_nb_private_key = /opt/stack/data/CA/int-ca/private/devstack-cert.key {{(pid=105287) log_opt_values /opt/stack/data/venv/lib/python3.12/site-packages/oslo_config/cfg.py:3006}}
May 09 07:21:08.833286 np0000172989 neutron-periodic-workers[105287]: DEBUG cotyledon.oslo_config_glue [-] ovn.ovn_router_indirect_snat = False {{(pid=105287) log_opt_values /opt/stack/data/venv/lib/python3.12/site-packages/oslo_config/cfg.py:3006}}
May 09 07:21:08.833286 np0000172989 neutron-periodic-workers[105287]: DEBUG cotyledon.oslo_config_glue [-] ovn.ovn_sb_ca_cert = /opt/stack/data/CA/int-ca/ca-chain.pem {{(pid=105287) log_opt_values /opt/stack/data/venv/lib/python3.12/site-packages/oslo_config/cfg.py:3006}}
May 09 07:21:08.833395 np0000172989 neutron-periodic-workers[105287]: DEBUG cotyledon.oslo_config_glue [-] ovn.ovn_sb_certificate = /opt/stack/data/CA/int-ca/devstack-cert.crt {{(pid=105287) log_opt_values /opt/stack/data/venv/lib/python3.12/site-packages/oslo_config/cfg.py:3006}}
May 09 07:21:08.833395 np0000172989 neutron-periodic-workers[105287]: DEBUG cotyledon.oslo_config_glue [-] ovn.ovn_sb_connection = ['ssl:199.204.45.89:6642'] {{(pid=105287) log_opt_values /opt/stack/data/venv/lib/python3.12/site-packages/oslo_config/cfg.py:3006}}
May 09 07:21:08.833395 np0000172989 neutron-periodic-workers[105287]: DEBUG cotyledon.oslo_config_glue [-] ovn.ovn_sb_private_key = /opt/stack/data/CA/int-ca/private/devstack-cert.key {{(pid=105287) log_opt_values /opt/stack/data/venv/lib/python3.12/site-packages/oslo_config/cfg.py:3006}}
May 09 07:21:08.833511 np0000172989 neutron-periodic-workers[105287]: DEBUG cotyledon.oslo_config_glue [-] ovn.ovs_create_tap = False {{(pid=105287) log_opt_values /opt/stack/data/venv/lib/python3.12/site-packages/oslo_config/cfg.py:3006}}
May 09 07:21:08.833511 np0000172989 neutron-periodic-workers[105287]: DEBUG cotyledon.oslo_config_glue [-] ovn.ovsdb_connection_timeout = 180 {{(pid=105287) log_opt_values /opt/stack/data/venv/lib/python3.12/site-packages/oslo_config/cfg.py:3006}}
May 09 07:21:08.833511 np0000172989 neutron-periodic-workers[105287]: DEBUG cotyledon.oslo_config_glue [-] ovn.ovsdb_log_level = INFO {{(pid=105287) log_opt_values /opt/stack/data/venv/lib/python3.12/site-packages/oslo_config/cfg.py:3006}}
May 09 07:21:08.833638 np0000172989 neutron-periodic-workers[105287]: DEBUG cotyledon.oslo_config_glue [-] ovn.ovsdb_probe_interval = 60000 {{(pid=105287) log_opt_values /opt/stack/data/venv/lib/python3.12/site-packages/oslo_config/cfg.py:3006}}
May 09 07:21:08.833638 np0000172989 neutron-periodic-workers[105287]: DEBUG cotyledon.oslo_config_glue [-] ovn.ovsdb_retry_max_interval = 180 {{(pid=105287) log_opt_values /opt/stack/data/venv/lib/python3.12/site-packages/oslo_config/cfg.py:3006}}
May 09 07:21:08.833711 np0000172989 neutron-periodic-workers[105287]: DEBUG cotyledon.oslo_config_glue [-] ovn.stateless_nat_enabled = False {{(pid=105287) log_opt_values /opt/stack/data/venv/lib/python3.12/site-packages/oslo_config/cfg.py:3006}}
May 09 07:21:08.833711 np0000172989 neutron-periodic-workers[105287]: DEBUG cotyledon.oslo_config_glue [-] ovn.vhost_sock_dir = /var/run/openvswitch {{(pid=105287) log_opt_values /opt/stack/data/venv/lib/python3.12/site-packages/oslo_config/cfg.py:3006}}
May 09 07:21:08.833781 np0000172989 neutron-periodic-workers[105287]: DEBUG cotyledon.oslo_config_glue [-] OVS.bridge_mac_table_size = 50000 {{(pid=105287) log_opt_values /opt/stack/data/venv/lib/python3.12/site-packages/oslo_config/cfg.py:3006}}
May 09 07:21:08.833831 np0000172989 neutron-periodic-workers[105287]: DEBUG cotyledon.oslo_config_glue [-] OVS.igmp_flood = False {{(pid=105287) log_opt_values /opt/stack/data/venv/lib/python3.12/site-packages/oslo_config/cfg.py:3006}}
May 09 07:21:08.833873 np0000172989 neutron-periodic-workers[105287]: DEBUG cotyledon.oslo_config_glue [-] OVS.igmp_flood_reports = True {{(pid=105287) log_opt_values /opt/stack/data/venv/lib/python3.12/site-packages/oslo_config/cfg.py:3006}}
May 09 07:21:08.833912 np0000172989 neutron-periodic-workers[105287]: DEBUG cotyledon.oslo_config_glue [-] OVS.igmp_flood_unregistered = False {{(pid=105287) log_opt_values /opt/stack/data/venv/lib/python3.12/site-packages/oslo_config/cfg.py:3006}}
May 09 07:21:08.833957 np0000172989 neutron-periodic-workers[105287]: DEBUG cotyledon.oslo_config_glue [-] OVS.igmp_snooping_enable = False {{(pid=105287) log_opt_values /opt/stack/data/venv/lib/python3.12/site-packages/oslo_config/cfg.py:3006}}
May 09 07:21:08.833997 np0000172989 neutron-periodic-workers[105287]: DEBUG cotyledon.oslo_config_glue [-] OVS.ovsdb_timeout = 10 {{(pid=105287) log_opt_values /opt/stack/data/venv/lib/python3.12/site-packages/oslo_config/cfg.py:3006}}
May 09 07:21:08.834036 np0000172989 neutron-periodic-workers[105287]: DEBUG cotyledon.oslo_config_glue [-] ovn_nb_global.fdb_removal_limit = 0 {{(pid=105287) log_opt_values /opt/stack/data/venv/lib/python3.12/site-packages/oslo_config/cfg.py:3006}}
May 09 07:21:08.834075 np0000172989 neutron-periodic-workers[105287]: DEBUG cotyledon.oslo_config_glue [-] ovn_nb_global.ignore_lsp_down = False {{(pid=105287) log_opt_values /opt/stack/data/venv/lib/python3.12/site-packages/oslo_config/cfg.py:3006}}
May 09 07:21:08.834168 np0000172989 neutron-periodic-workers[105287]: DEBUG cotyledon.oslo_config_glue [-] ovn_nb_global.mac_binding_removal_limit = 0 {{(pid=105287) log_opt_values /opt/stack/data/venv/lib/python3.12/site-packages/oslo_config/cfg.py:3006}}
May 09 07:21:08.834209 np0000172989 neutron-periodic-workers[105287]: DEBUG cotyledon.oslo_config_glue [-] ******************************************************************************** {{(pid=105287) log_opt_values /opt/stack/data/venv/lib/python3.12/site-packages/oslo_config/cfg.py:3013}}
May 09 07:21:08.834414 np0000172989 neutron-periodic-workers[105287]: DEBUG cotyledon._service_worker [-] Run service ServiceWrapper(0) [105287] {{(pid=105287) wait_forever /opt/stack/data/venv/lib/python3.12/site-packages/cotyledon/_service_worker.py:218}}
May 09 07:21:18.443596 np0000172989 neutron-periodic-workers[104475]: DEBUG dbcounter [-] [104475] Writing DB stats neutron:SELECT=4 {{(pid=104475) stat_writer /opt/stack/data/venv/lib/python3.12/site-packages/dbcounter.py:115}}
May 09 07:21:54.828184 np0000172989 neutron-periodic-workers[105271]: DEBUG oslo_db.sqlalchemy.engines [None req-52ab650f-1a96-448e-99a1-c9d9af82b119 None None] Parent process 104475 forked (105271) with an open database connection, which is being discarded and recreated. {{(pid=105271) checkout /opt/stack/data/venv/lib/python3.12/site-packages/oslo_db/sqlalchemy/engines.py:402}}
May 09 07:21:54.842410 np0000172989 neutron-periodic-workers[105271]: DEBUG dbcounter [-] [105271] Writer thread running {{(pid=105271) stat_writer /opt/stack/data/venv/lib/python3.12/site-packages/dbcounter.py:102}}
May 09 07:21:54.848157 np0000172989 neutron-periodic-workers[105271]: DEBUG neutron.db.agents_db [None req-52ab650f-1a96-448e-99a1-c9d9af82b119 None None] Agent healthcheck: found 0 active agents {{(pid=105271) agent_health_check /opt/stack/neutron/neutron/db/agents_db.py:322}}
May 09 07:21:54.848337 np0000172989 neutron-periodic-workers[105271]: DEBUG oslo.service.backend._threading.loopingcall [None req-52ab650f-1a96-448e-99a1-c9d9af82b119 None None] Fixed interval looping call 'neutron.plugins.ml2.plugin.AgentDbMixin.agent_health_check' sleeping for 36.97 seconds {{(pid=105271) _run_loop /opt/stack/data/venv/lib/python3.12/site-packages/oslo_service/backend/_threading/loopingcall.py:125}}
May 09 07:22:03.812029 np0000172989 neutron-periodic-workers[105262]: DEBUG dbcounter [-] [105262] Writer thread running {{(pid=105262) stat_writer /opt/stack/data/venv/lib/python3.12/site-packages/dbcounter.py:102}}
May 09 07:22:03.824185 np0000172989 neutron-periodic-workers[105262]: DEBUG oslo.service.backend._threading.loopingcall [None req-8a5d4758-44ee-4463-9af3-10641d2a5c7b None None] Fixed interval looping call 'neutron.plugins.ml2.plugin.DhcpAgentSchedulerDbMixin.remove_networks_from_down_agents' sleeping for 36.97 seconds {{(pid=105262) _run_loop /opt/stack/data/venv/lib/python3.12/site-packages/oslo_service/backend/_threading/loopingcall.py:125}}
May 09 07:22:13.823255 np0000172989 neutron-periodic-workers[105262]: DEBUG dbcounter [-] [105262] Writing DB stats neutron:SELECT=3 {{(pid=105262) stat_writer /opt/stack/data/venv/lib/python3.12/site-packages/dbcounter.py:115}}
May 09 07:22:14.843190 np0000172989 neutron-periodic-workers[105271]: DEBUG dbcounter [-] [105271] Writing DB stats neutron:SELECT=1 {{(pid=105271) stat_writer /opt/stack/data/venv/lib/python3.12/site-packages/dbcounter.py:115}}
May 09 07:22:31.824060 np0000172989 neutron-periodic-workers[105271]: DEBUG neutron.db.agents_db [None req-52ab650f-1a96-448e-99a1-c9d9af82b119 None None] Agent healthcheck: found 0 active agents {{(pid=105271) agent_health_check /opt/stack/neutron/neutron/db/agents_db.py:322}}
May 09 07:22:31.824060 np0000172989 neutron-periodic-workers[105271]: DEBUG oslo.service.backend._threading.loopingcall [None req-52ab650f-1a96-448e-99a1-c9d9af82b119 None None] Fixed interval looping call 'neutron.plugins.ml2.plugin.AgentDbMixin.agent_health_check' sleeping for 36.99 seconds {{(pid=105271) _run_loop /opt/stack/data/venv/lib/python3.12/site-packages/oslo_service/backend/_threading/loopingcall.py:125}}
May 09 07:22:40.803282 np0000172989 neutron-periodic-workers[105262]: DEBUG oslo.service.backend._threading.loopingcall [None req-8a5d4758-44ee-4463-9af3-10641d2a5c7b None None] Fixed interval looping call 'neutron.plugins.ml2.plugin.DhcpAgentSchedulerDbMixin.remove_networks_from_down_agents' sleeping for 36.99 seconds {{(pid=105262) _run_loop /opt/stack/data/venv/lib/python3.12/site-packages/oslo_service/backend/_threading/loopingcall.py:125}}
May 09 07:22:41.822164 np0000172989 neutron-periodic-workers[105271]: DEBUG dbcounter [-] [105271] Writing DB stats neutron:SELECT=1 {{(pid=105271) stat_writer /opt/stack/data/venv/lib/python3.12/site-packages/dbcounter.py:115}}
May 09 07:22:50.802261 np0000172989 neutron-periodic-workers[105262]: DEBUG dbcounter [-] [105262] Writing DB stats neutron:SELECT=3 {{(pid=105262) stat_writer /opt/stack/data/venv/lib/python3.12/site-packages/dbcounter.py:115}}
May 09 07:23:08.819960 np0000172989 neutron-periodic-workers[105271]: DEBUG neutron.db.agents_db [None req-52ab650f-1a96-448e-99a1-c9d9af82b119 None None] Agent healthcheck: found 0 active agents {{(pid=105271) agent_health_check /opt/stack/neutron/neutron/db/agents_db.py:322}}
May 09 07:23:08.820699 np0000172989 neutron-periodic-workers[105271]: DEBUG oslo.service.backend._threading.loopingcall [None req-52ab650f-1a96-448e-99a1-c9d9af82b119 None None] Fixed interval looping call 'neutron.plugins.ml2.plugin.AgentDbMixin.agent_health_check' sleeping for 36.99 seconds {{(pid=105271) _run_loop /opt/stack/data/venv/lib/python3.12/site-packages/oslo_service/backend/_threading/loopingcall.py:125}}
May 09 07:23:08.856413 np0000172989 neutron-periodic-workers[105287]: DEBUG dbcounter [-] [105287] Writer thread running {{(pid=105287) stat_writer /opt/stack/data/venv/lib/python3.12/site-packages/dbcounter.py:102}}
May 09 07:23:08.858565 np0000172989 neutron-periodic-workers[105287]: DEBUG oslo.service.backend._threading.loopingcall [None req-e28986cf-a3cc-4563-8604-a50117b95861 None None] Fixed interval looping call 'neutron.db.quota.driver_nolock.DbQuotaNoLockDriver._remove_expired_reservations' sleeping for 119.98 seconds {{(pid=105287) _run_loop /opt/stack/data/venv/lib/python3.12/site-packages/oslo_service/backend/_threading/loopingcall.py:125}}
May 09 07:23:17.803420 np0000172989 neutron-periodic-workers[105262]: DEBUG oslo.service.backend._threading.loopingcall [None req-8a5d4758-44ee-4463-9af3-10641d2a5c7b None None] Fixed interval looping call 'neutron.plugins.ml2.plugin.DhcpAgentSchedulerDbMixin.remove_networks_from_down_agents' sleeping for 36.99 seconds {{(pid=105262) _run_loop /opt/stack/data/venv/lib/python3.12/site-packages/oslo_service/backend/_threading/loopingcall.py:125}}
May 09 07:23:18.818016 np0000172989 neutron-periodic-workers[105271]: DEBUG dbcounter [-] [105271] Writing DB stats neutron:SELECT=1 {{(pid=105271) stat_writer /opt/stack/data/venv/lib/python3.12/site-packages/dbcounter.py:115}}
May 09 07:23:18.857388 np0000172989 neutron-periodic-workers[105287]: DEBUG dbcounter [-] [105287] Writing DB stats neutron:DELETE=1 {{(pid=105287) stat_writer /opt/stack/data/venv/lib/python3.12/site-packages/dbcounter.py:115}}
May 09 07:23:27.802668 np0000172989 neutron-periodic-workers[105262]: DEBUG dbcounter [-] [105262] Writing DB stats neutron:SELECT=3 {{(pid=105262) stat_writer /opt/stack/data/venv/lib/python3.12/site-packages/dbcounter.py:115}}
May 09 07:23:45.814772 np0000172989 neutron-periodic-workers[105271]: DEBUG neutron.db.agents_db [None req-52ab650f-1a96-448e-99a1-c9d9af82b119 None None] Agent healthcheck: found 0 active agents {{(pid=105271) agent_health_check /opt/stack/neutron/neutron/db/agents_db.py:322}}
May 09 07:23:45.815284 np0000172989 neutron-periodic-workers[105271]: DEBUG oslo.service.backend._threading.loopingcall [None req-52ab650f-1a96-448e-99a1-c9d9af82b119 None None] Fixed interval looping call 'neutron.plugins.ml2.plugin.AgentDbMixin.agent_health_check' sleeping for 37.00 seconds {{(pid=105271) _run_loop /opt/stack/data/venv/lib/python3.12/site-packages/oslo_service/backend/_threading/loopingcall.py:125}}
May 09 07:23:54.804546 np0000172989 neutron-periodic-workers[105262]: DEBUG oslo.service.backend._threading.loopingcall [None req-8a5d4758-44ee-4463-9af3-10641d2a5c7b None None] Fixed interval looping call 'neutron.plugins.ml2.plugin.DhcpAgentSchedulerDbMixin.remove_networks_from_down_agents' sleeping for 36.99 seconds {{(pid=105262) _run_loop /opt/stack/data/venv/lib/python3.12/site-packages/oslo_service/backend/_threading/loopingcall.py:125}}
May 09 07:23:55.813441 np0000172989 neutron-periodic-workers[105271]: DEBUG dbcounter [-] [105271] Writing DB stats neutron:SELECT=1 {{(pid=105271) stat_writer /opt/stack/data/venv/lib/python3.12/site-packages/dbcounter.py:115}}
May 09 07:24:04.803107 np0000172989 neutron-periodic-workers[105262]: DEBUG dbcounter [-] [105262] Writing DB stats neutron:SELECT=3 {{(pid=105262) stat_writer /opt/stack/data/venv/lib/python3.12/site-packages/dbcounter.py:115}}
May 09 07:24:22.820677 np0000172989 neutron-periodic-workers[105271]: DEBUG neutron.db.agents_db [None req-52ab650f-1a96-448e-99a1-c9d9af82b119 None None] Agent healthcheck: found 0 active agents {{(pid=105271) agent_health_check /opt/stack/neutron/neutron/db/agents_db.py:322}}
May 09 07:24:22.821375 np0000172989 neutron-periodic-workers[105271]: DEBUG oslo.service.backend._threading.loopingcall [None req-52ab650f-1a96-448e-99a1-c9d9af82b119 None None] Fixed interval looping call 'neutron.plugins.ml2.plugin.AgentDbMixin.agent_health_check' sleeping for 36.99 seconds {{(pid=105271) _run_loop /opt/stack/data/venv/lib/python3.12/site-packages/oslo_service/backend/_threading/loopingcall.py:125}}
May 09 07:24:31.805892 np0000172989 neutron-periodic-workers[105262]: DEBUG oslo.service.backend._threading.loopingcall [None req-8a5d4758-44ee-4463-9af3-10641d2a5c7b None None] Fixed interval looping call 'neutron.plugins.ml2.plugin.DhcpAgentSchedulerDbMixin.remove_networks_from_down_agents' sleeping for 36.99 seconds {{(pid=105262) _run_loop /opt/stack/data/venv/lib/python3.12/site-packages/oslo_service/backend/_threading/loopingcall.py:125}}
May 09 07:24:32.818709 np0000172989 neutron-periodic-workers[105271]: DEBUG dbcounter [-] [105271] Writing DB stats neutron:SELECT=1 {{(pid=105271) stat_writer /opt/stack/data/venv/lib/python3.12/site-packages/dbcounter.py:115}}
May 09 07:24:41.804667 np0000172989 neutron-periodic-workers[105262]: DEBUG dbcounter [-] [105262] Writing DB stats neutron:SELECT=3 {{(pid=105262) stat_writer /opt/stack/data/venv/lib/python3.12/site-packages/dbcounter.py:115}}
May 09 07:24:59.818353 np0000172989 neutron-periodic-workers[105271]: DEBUG neutron.db.agents_db [None req-52ab650f-1a96-448e-99a1-c9d9af82b119 None None] Agent healthcheck: found 0 active agents {{(pid=105271) agent_health_check /opt/stack/neutron/neutron/db/agents_db.py:322}}
May 09 07:24:59.819356 np0000172989 neutron-periodic-workers[105271]: DEBUG oslo.service.backend._threading.loopingcall [None req-52ab650f-1a96-448e-99a1-c9d9af82b119 None None] Fixed interval looping call 'neutron.plugins.ml2.plugin.AgentDbMixin.agent_health_check' sleeping for 36.99 seconds {{(pid=105271) _run_loop /opt/stack/data/venv/lib/python3.12/site-packages/oslo_service/backend/_threading/loopingcall.py:125}}
May 09 07:25:08.805048 np0000172989 neutron-periodic-workers[105262]: DEBUG oslo.service.backend._threading.loopingcall [None req-8a5d4758-44ee-4463-9af3-10641d2a5c7b None None] Fixed interval looping call 'neutron.plugins.ml2.plugin.DhcpAgentSchedulerDbMixin.remove_networks_from_down_agents' sleeping for 36.99 seconds {{(pid=105262) _run_loop /opt/stack/data/venv/lib/python3.12/site-packages/oslo_service/backend/_threading/loopingcall.py:125}}
May 09 07:25:08.844514 np0000172989 neutron-periodic-workers[105287]: DEBUG oslo.service.backend._threading.loopingcall [None req-e28986cf-a3cc-4563-8604-a50117b95861 None None] Fixed interval looping call 'neutron.db.quota.driver_nolock.DbQuotaNoLockDriver._remove_expired_reservations' sleeping for 119.99 seconds {{(pid=105287) _run_loop /opt/stack/data/venv/lib/python3.12/site-packages/oslo_service/backend/_threading/loopingcall.py:125}}
May 09 07:25:09.815928 np0000172989 neutron-periodic-workers[105271]: DEBUG dbcounter [-] [105271] Writing DB stats neutron:SELECT=1 {{(pid=105271) stat_writer /opt/stack/data/venv/lib/python3.12/site-packages/dbcounter.py:115}}
May 09 07:25:18.804303 np0000172989 neutron-periodic-workers[105262]: DEBUG dbcounter [-] [105262] Writing DB stats neutron:SELECT=3 {{(pid=105262) stat_writer /opt/stack/data/venv/lib/python3.12/site-packages/dbcounter.py:115}}
May 09 07:25:18.843080 np0000172989 neutron-periodic-workers[105287]: DEBUG dbcounter [-] [105287] Writing DB stats neutron:DELETE=1 {{(pid=105287) stat_writer /opt/stack/data/venv/lib/python3.12/site-packages/dbcounter.py:115}}
May 09 07:25:24.814383 np0000172989 neutron-periodic-workers[105256]: DEBUG dbcounter [-] [105256] Writer thread running {{(pid=105256) stat_writer /opt/stack/data/venv/lib/python3.12/site-packages/dbcounter.py:102}}
May 09 07:25:24.830680 np0000172989 neutron-periodic-workers[105256]: DEBUG oslo.service.backend._threading.loopingcall [None req-27b1307a-9408-4c2a-8d91-35a8724132a0 None None] Fixed interval looping call 'neutron.services.ovn_l3.plugin.L3_NAT_dbonly_mixin._clean_garbage' sleeping for 299.95 seconds {{(pid=105256) _run_loop /opt/stack/data/venv/lib/python3.12/site-packages/oslo_service/backend/_threading/loopingcall.py:125}}
May 09 07:25:34.815072 np0000172989 neutron-periodic-workers[105256]: DEBUG dbcounter [-] [105256] Writing DB stats neutron:SELECT=1 {{(pid=105256) stat_writer /opt/stack/data/venv/lib/python3.12/site-packages/dbcounter.py:115}}
May 09 07:25:36.815310 np0000172989 neutron-periodic-workers[105271]: DEBUG neutron.db.agents_db [None req-52ab650f-1a96-448e-99a1-c9d9af82b119 None None] Agent healthcheck: found 0 active agents {{(pid=105271) agent_health_check /opt/stack/neutron/neutron/db/agents_db.py:322}}
May 09 07:25:36.816087 np0000172989 neutron-periodic-workers[105271]: DEBUG oslo.service.backend._threading.loopingcall [None req-52ab650f-1a96-448e-99a1-c9d9af82b119 None None] Fixed interval looping call 'neutron.plugins.ml2.plugin.AgentDbMixin.agent_health_check' sleeping for 36.99 seconds {{(pid=105271) _run_loop /opt/stack/data/venv/lib/python3.12/site-packages/oslo_service/backend/_threading/loopingcall.py:125}}
May 09 07:25:45.804043 np0000172989 neutron-periodic-workers[105262]: DEBUG oslo.service.backend._threading.loopingcall [None req-8a5d4758-44ee-4463-9af3-10641d2a5c7b None None] Fixed interval looping call 'neutron.plugins.ml2.plugin.DhcpAgentSchedulerDbMixin.remove_networks_from_down_agents' sleeping for 36.99 seconds {{(pid=105262) _run_loop /opt/stack/data/venv/lib/python3.12/site-packages/oslo_service/backend/_threading/loopingcall.py:125}}
May 09 07:25:46.812885 np0000172989 neutron-periodic-workers[105271]: DEBUG dbcounter [-] [105271] Writing DB stats neutron:SELECT=1 {{(pid=105271) stat_writer /opt/stack/data/venv/lib/python3.12/site-packages/dbcounter.py:115}}
May 09 07:25:55.803176 np0000172989 neutron-periodic-workers[105262]: DEBUG dbcounter [-] [105262] Writing DB stats neutron:SELECT=3 {{(pid=105262) stat_writer /opt/stack/data/venv/lib/python3.12/site-packages/dbcounter.py:115}}
May 09 07:26:13.812361 np0000172989 neutron-periodic-workers[105271]: DEBUG neutron.db.agents_db [None req-52ab650f-1a96-448e-99a1-c9d9af82b119 None None] Agent healthcheck: found 0 active agents {{(pid=105271) agent_health_check /opt/stack/neutron/neutron/db/agents_db.py:322}}
May 09 07:26:13.813111 np0000172989 neutron-periodic-workers[105271]: DEBUG oslo.service.backend._threading.loopingcall [None req-52ab650f-1a96-448e-99a1-c9d9af82b119 None None] Fixed interval looping call 'neutron.plugins.ml2.plugin.AgentDbMixin.agent_health_check' sleeping for 36.99 seconds {{(pid=105271) _run_loop /opt/stack/data/venv/lib/python3.12/site-packages/oslo_service/backend/_threading/loopingcall.py:125}}
May 09 07:26:22.806542 np0000172989 neutron-periodic-workers[105262]: DEBUG oslo.service.backend._threading.loopingcall [None req-8a5d4758-44ee-4463-9af3-10641d2a5c7b None None] Fixed interval looping call 'neutron.plugins.ml2.plugin.DhcpAgentSchedulerDbMixin.remove_networks_from_down_agents' sleeping for 36.99 seconds {{(pid=105262) _run_loop /opt/stack/data/venv/lib/python3.12/site-packages/oslo_service/backend/_threading/loopingcall.py:125}}
May 09 07:26:23.810965 np0000172989 neutron-periodic-workers[105271]: DEBUG dbcounter [-] [105271] Writing DB stats neutron:SELECT=1 {{(pid=105271) stat_writer /opt/stack/data/venv/lib/python3.12/site-packages/dbcounter.py:115}}
May 09 07:26:32.804648 np0000172989 neutron-periodic-workers[105262]: DEBUG dbcounter [-] [105262] Writing DB stats neutron:SELECT=3 {{(pid=105262) stat_writer /opt/stack/data/venv/lib/python3.12/site-packages/dbcounter.py:115}}
May 09 07:26:50.807365 np0000172989 neutron-periodic-workers[105271]: DEBUG neutron.db.agents_db [None req-52ab650f-1a96-448e-99a1-c9d9af82b119 None None] Agent healthcheck: found 0 active agents {{(pid=105271) agent_health_check /opt/stack/neutron/neutron/db/agents_db.py:322}}
May 09 07:26:50.807365 np0000172989 neutron-periodic-workers[105271]: DEBUG oslo.service.backend._threading.loopingcall [None req-52ab650f-1a96-448e-99a1-c9d9af82b119 None None] Fixed interval looping call 'neutron.plugins.ml2.plugin.AgentDbMixin.agent_health_check' sleeping for 37.00 seconds {{(pid=105271) _run_loop /opt/stack/data/venv/lib/python3.12/site-packages/oslo_service/backend/_threading/loopingcall.py:125}}
May 09 07:26:59.804225 np0000172989 neutron-periodic-workers[105262]: DEBUG oslo.service.backend._threading.loopingcall [None req-8a5d4758-44ee-4463-9af3-10641d2a5c7b None None] Fixed interval looping call 'neutron.plugins.ml2.plugin.DhcpAgentSchedulerDbMixin.remove_networks_from_down_agents' sleeping for 36.99 seconds {{(pid=105262) _run_loop /opt/stack/data/venv/lib/python3.12/site-packages/oslo_service/backend/_threading/loopingcall.py:125}}
May 09 07:27:00.808194 np0000172989 neutron-periodic-workers[105271]: DEBUG dbcounter [-] [105271] Writing DB stats neutron:SELECT=1 {{(pid=105271) stat_writer /opt/stack/data/venv/lib/python3.12/site-packages/dbcounter.py:115}}
May 09 07:27:08.840645 np0000172989 neutron-periodic-workers[105287]: DEBUG oslo.service.backend._threading.loopingcall [None req-e28986cf-a3cc-4563-8604-a50117b95861 None None] Fixed interval looping call 'neutron.db.quota.driver_nolock.DbQuotaNoLockDriver._remove_expired_reservations' sleeping for 119.99 seconds {{(pid=105287) _run_loop /opt/stack/data/venv/lib/python3.12/site-packages/oslo_service/backend/_threading/loopingcall.py:125}}
May 09 07:27:09.803458 np0000172989 neutron-periodic-workers[105262]: DEBUG dbcounter [-] [105262] Writing DB stats neutron:SELECT=3 {{(pid=105262) stat_writer /opt/stack/data/venv/lib/python3.12/site-packages/dbcounter.py:115}}
May 09 07:27:18.838406 np0000172989 neutron-periodic-workers[105287]: DEBUG dbcounter [-] [105287] Writing DB stats neutron:DELETE=1 {{(pid=105287) stat_writer /opt/stack/data/venv/lib/python3.12/site-packages/dbcounter.py:115}}
May 09 07:27:27.813563 np0000172989 neutron-periodic-workers[105271]: DEBUG neutron.db.agents_db [None req-52ab650f-1a96-448e-99a1-c9d9af82b119 None None] Agent healthcheck: found 0 active agents {{(pid=105271) agent_health_check /opt/stack/neutron/neutron/db/agents_db.py:322}}
May 09 07:27:27.814288 np0000172989 neutron-periodic-workers[105271]: DEBUG oslo.service.backend._threading.loopingcall [None req-52ab650f-1a96-448e-99a1-c9d9af82b119 None None] Fixed interval looping call 'neutron.plugins.ml2.plugin.AgentDbMixin.agent_health_check' sleeping for 36.99 seconds {{(pid=105271) _run_loop /opt/stack/data/venv/lib/python3.12/site-packages/oslo_service/backend/_threading/loopingcall.py:125}}
May 09 07:27:36.804661 np0000172989 neutron-periodic-workers[105262]: DEBUG oslo.service.backend._threading.loopingcall [None req-8a5d4758-44ee-4463-9af3-10641d2a5c7b None None] Fixed interval looping call 'neutron.plugins.ml2.plugin.DhcpAgentSchedulerDbMixin.remove_networks_from_down_agents' sleeping for 36.99 seconds {{(pid=105262) _run_loop /opt/stack/data/venv/lib/python3.12/site-packages/oslo_service/backend/_threading/loopingcall.py:125}}
May 09 07:27:37.811714 np0000172989 neutron-periodic-workers[105271]: DEBUG dbcounter [-] [105271] Writing DB stats neutron:SELECT=1 {{(pid=105271) stat_writer /opt/stack/data/venv/lib/python3.12/site-packages/dbcounter.py:115}}
May 09 07:27:46.804167 np0000172989 neutron-periodic-workers[105262]: DEBUG dbcounter [-] [105262] Writing DB stats neutron:SELECT=3 {{(pid=105262) stat_writer /opt/stack/data/venv/lib/python3.12/site-packages/dbcounter.py:115}}
May 09 07:28:04.808154 np0000172989 neutron-periodic-workers[105271]: DEBUG neutron.db.agents_db [None req-52ab650f-1a96-448e-99a1-c9d9af82b119 None None] Agent healthcheck: found 0 active agents {{(pid=105271) agent_health_check /opt/stack/neutron/neutron/db/agents_db.py:322}}
May 09 07:28:04.809037 np0000172989 neutron-periodic-workers[105271]: DEBUG oslo.service.backend._threading.loopingcall [None req-52ab650f-1a96-448e-99a1-c9d9af82b119 None None] Fixed interval looping call 'neutron.plugins.ml2.plugin.AgentDbMixin.agent_health_check' sleeping for 37.00 seconds {{(pid=105271) _run_loop /opt/stack/data/venv/lib/python3.12/site-packages/oslo_service/backend/_threading/loopingcall.py:125}}
May 09 07:28:13.801854 np0000172989 neutron-periodic-workers[105262]: DEBUG oslo.service.backend._threading.loopingcall [None req-8a5d4758-44ee-4463-9af3-10641d2a5c7b None None] Fixed interval looping call 'neutron.plugins.ml2.plugin.DhcpAgentSchedulerDbMixin.remove_networks_from_down_agents' sleeping for 36.99 seconds {{(pid=105262) _run_loop /opt/stack/data/venv/lib/python3.12/site-packages/oslo_service/backend/_threading/loopingcall.py:125}}
May 09 07:28:14.807269 np0000172989 neutron-periodic-workers[105271]: DEBUG dbcounter [-] [105271] Writing DB stats neutron:SELECT=1 {{(pid=105271) stat_writer /opt/stack/data/venv/lib/python3.12/site-packages/dbcounter.py:115}}
May 09 07:28:23.801129 np0000172989 neutron-periodic-workers[105262]: DEBUG dbcounter [-] [105262] Writing DB stats neutron:SELECT=3 {{(pid=105262) stat_writer /opt/stack/data/venv/lib/python3.12/site-packages/dbcounter.py:115}}
May 09 07:28:41.812582 np0000172989 neutron-periodic-workers[105271]: DEBUG neutron.db.agents_db [None req-52ab650f-1a96-448e-99a1-c9d9af82b119 None None] Agent healthcheck: found 0 active agents {{(pid=105271) agent_health_check /opt/stack/neutron/neutron/db/agents_db.py:322}}
May 09 07:28:41.813119 np0000172989 neutron-periodic-workers[105271]: DEBUG oslo.service.backend._threading.loopingcall [None req-52ab650f-1a96-448e-99a1-c9d9af82b119 None None] Fixed interval looping call 'neutron.plugins.ml2.plugin.AgentDbMixin.agent_health_check' sleeping for 37.00 seconds {{(pid=105271) _run_loop /opt/stack/data/venv/lib/python3.12/site-packages/oslo_service/backend/_threading/loopingcall.py:125}}
May 09 07:28:50.807285 np0000172989 neutron-periodic-workers[105262]: DEBUG oslo.service.backend._threading.loopingcall [None req-8a5d4758-44ee-4463-9af3-10641d2a5c7b None None] Fixed interval looping call 'neutron.plugins.ml2.plugin.DhcpAgentSchedulerDbMixin.remove_networks_from_down_agents' sleeping for 36.99 seconds {{(pid=105262) _run_loop /opt/stack/data/venv/lib/python3.12/site-packages/oslo_service/backend/_threading/loopingcall.py:125}}
May 09 07:28:51.811981 np0000172989 neutron-periodic-workers[105271]: DEBUG dbcounter [-] [105271] Writing DB stats neutron:SELECT=1 {{(pid=105271) stat_writer /opt/stack/data/venv/lib/python3.12/site-packages/dbcounter.py:115}}
May 09 07:29:00.806053 np0000172989 neutron-periodic-workers[105262]: DEBUG dbcounter [-] [105262] Writing DB stats neutron:SELECT=3 {{(pid=105262) stat_writer /opt/stack/data/venv/lib/python3.12/site-packages/dbcounter.py:115}}
May 09 07:29:08.851250 np0000172989 neutron-periodic-workers[105287]: DEBUG oslo.service.backend._threading.loopingcall [None req-e28986cf-a3cc-4563-8604-a50117b95861 None None] Fixed interval looping call 'neutron.db.quota.driver_nolock.DbQuotaNoLockDriver._remove_expired_reservations' sleeping for 119.98 seconds {{(pid=105287) _run_loop /opt/stack/data/venv/lib/python3.12/site-packages/oslo_service/backend/_threading/loopingcall.py:125}}
May 09 07:29:18.818646 np0000172989 neutron-periodic-workers[105271]: DEBUG neutron.db.agents_db [None req-52ab650f-1a96-448e-99a1-c9d9af82b119 None None] Agent healthcheck: found 0 active agents {{(pid=105271) agent_health_check /opt/stack/neutron/neutron/db/agents_db.py:322}}
May 09 07:29:18.819350 np0000172989 neutron-periodic-workers[105271]: DEBUG oslo.service.backend._threading.loopingcall [None req-52ab650f-1a96-448e-99a1-c9d9af82b119 None None] Fixed interval looping call 'neutron.plugins.ml2.plugin.AgentDbMixin.agent_health_check' sleeping for 36.99 seconds {{(pid=105271) _run_loop /opt/stack/data/venv/lib/python3.12/site-packages/oslo_service/backend/_threading/loopingcall.py:125}}
May 09 07:29:18.846845 np0000172989 neutron-periodic-workers[105287]: DEBUG dbcounter [-] [105287] Writing DB stats neutron:DELETE=1 {{(pid=105287) stat_writer /opt/stack/data/venv/lib/python3.12/site-packages/dbcounter.py:115}}
May 09 07:29:27.808359 np0000172989 neutron-periodic-workers[105262]: DEBUG oslo.service.backend._threading.loopingcall [None req-8a5d4758-44ee-4463-9af3-10641d2a5c7b None None] Fixed interval looping call 'neutron.plugins.ml2.plugin.DhcpAgentSchedulerDbMixin.remove_networks_from_down_agents' sleeping for 36.99 seconds {{(pid=105262) _run_loop /opt/stack/data/venv/lib/python3.12/site-packages/oslo_service/backend/_threading/loopingcall.py:125}}
May 09 07:29:28.818288 np0000172989 neutron-periodic-workers[105271]: DEBUG dbcounter [-] [105271] Writing DB stats neutron:SELECT=1 {{(pid=105271) stat_writer /opt/stack/data/venv/lib/python3.12/site-packages/dbcounter.py:115}}
May 09 07:29:37.807203 np0000172989 neutron-periodic-workers[105262]: DEBUG dbcounter [-] [105262] Writing DB stats neutron:SELECT=3 {{(pid=105262) stat_writer /opt/stack/data/venv/lib/python3.12/site-packages/dbcounter.py:115}}
May 09 07:29:55.816137 np0000172989 neutron-periodic-workers[105271]: DEBUG neutron.db.agents_db [None req-52ab650f-1a96-448e-99a1-c9d9af82b119 None None] Agent healthcheck: found 0 active agents {{(pid=105271) agent_health_check /opt/stack/neutron/neutron/db/agents_db.py:322}}
May 09 07:29:55.816733 np0000172989 neutron-periodic-workers[105271]: DEBUG oslo.service.backend._threading.loopingcall [None req-52ab650f-1a96-448e-99a1-c9d9af82b119 None None] Fixed interval looping call 'neutron.plugins.ml2.plugin.AgentDbMixin.agent_health_check' sleeping for 36.99 seconds {{(pid=105271) _run_loop /opt/stack/data/venv/lib/python3.12/site-packages/oslo_service/backend/_threading/loopingcall.py:125}}
May 09 07:30:04.808120 np0000172989 neutron-periodic-workers[105262]: DEBUG oslo.service.backend._threading.loopingcall [None req-8a5d4758-44ee-4463-9af3-10641d2a5c7b None None] Fixed interval looping call 'neutron.plugins.ml2.plugin.DhcpAgentSchedulerDbMixin.remove_networks_from_down_agents' sleeping for 36.99 seconds {{(pid=105262) _run_loop /opt/stack/data/venv/lib/python3.12/site-packages/oslo_service/backend/_threading/loopingcall.py:125}}
May 09 07:30:05.814558 np0000172989 neutron-periodic-workers[105271]: DEBUG dbcounter [-] [105271] Writing DB stats neutron:SELECT=1 {{(pid=105271) stat_writer /opt/stack/data/venv/lib/python3.12/site-packages/dbcounter.py:115}}
May 09 07:30:14.806324 np0000172989 neutron-periodic-workers[105262]: DEBUG dbcounter [-] [105262] Writing DB stats neutron:SELECT=3 {{(pid=105262) stat_writer /opt/stack/data/venv/lib/python3.12/site-packages/dbcounter.py:115}}
May 09 07:30:24.793212 np0000172989 neutron-periodic-workers[105256]: DEBUG oslo.service.backend._threading.loopingcall [None req-27b1307a-9408-4c2a-8d91-35a8724132a0 None None] Fixed interval looping call 'neutron.services.ovn_l3.plugin.L3_NAT_dbonly_mixin._clean_garbage' sleeping for 299.99 seconds {{(pid=105256) _run_loop /opt/stack/data/venv/lib/python3.12/site-packages/oslo_service/backend/_threading/loopingcall.py:125}}
May 09 07:30:32.814904 np0000172989 neutron-periodic-workers[105271]: DEBUG neutron.db.agents_db [None req-52ab650f-1a96-448e-99a1-c9d9af82b119 None None] Agent healthcheck: found 0 active agents {{(pid=105271) agent_health_check /opt/stack/neutron/neutron/db/agents_db.py:322}}
May 09 07:30:32.814904 np0000172989 neutron-periodic-workers[105271]: DEBUG oslo.service.backend._threading.loopingcall [None req-52ab650f-1a96-448e-99a1-c9d9af82b119 None None] Fixed interval looping call 'neutron.plugins.ml2.plugin.AgentDbMixin.agent_health_check' sleeping for 36.99 seconds {{(pid=105271) _run_loop /opt/stack/data/venv/lib/python3.12/site-packages/oslo_service/backend/_threading/loopingcall.py:125}}
May 09 07:30:34.786099 np0000172989 neutron-periodic-workers[105256]: DEBUG dbcounter [-] [105256] Writing DB stats neutron:SELECT=1 {{(pid=105256) stat_writer /opt/stack/data/venv/lib/python3.12/site-packages/dbcounter.py:115}}
May 09 07:30:41.805290 np0000172989 neutron-periodic-workers[105262]: DEBUG oslo.service.backend._threading.loopingcall [None req-8a5d4758-44ee-4463-9af3-10641d2a5c7b None None] Fixed interval looping call 'neutron.plugins.ml2.plugin.DhcpAgentSchedulerDbMixin.remove_networks_from_down_agents' sleeping for 36.99 seconds {{(pid=105262) _run_loop /opt/stack/data/venv/lib/python3.12/site-packages/oslo_service/backend/_threading/loopingcall.py:125}}
May 09 07:30:42.812235 np0000172989 neutron-periodic-workers[105271]: DEBUG dbcounter [-] [105271] Writing DB stats neutron:SELECT=1 {{(pid=105271) stat_writer /opt/stack/data/venv/lib/python3.12/site-packages/dbcounter.py:115}}
May 09 07:30:51.804570 np0000172989 neutron-periodic-workers[105262]: DEBUG dbcounter [-] [105262] Writing DB stats neutron:SELECT=3 {{(pid=105262) stat_writer /opt/stack/data/venv/lib/python3.12/site-packages/dbcounter.py:115}}
May 09 07:31:08.836795 np0000172989 neutron-periodic-workers[105287]: DEBUG oslo.service.backend._threading.loopingcall [None req-e28986cf-a3cc-4563-8604-a50117b95861 None None] Fixed interval looping call 'neutron.db.quota.driver_nolock.DbQuotaNoLockDriver._remove_expired_reservations' sleeping for 120.00 seconds {{(pid=105287) _run_loop /opt/stack/data/venv/lib/python3.12/site-packages/oslo_service/backend/_threading/loopingcall.py:125}}
May 09 07:31:09.808414 np0000172989 neutron-periodic-workers[105271]: DEBUG neutron.db.agents_db [None req-52ab650f-1a96-448e-99a1-c9d9af82b119 None None] Agent healthcheck: found 0 active agents {{(pid=105271) agent_health_check /opt/stack/neutron/neutron/db/agents_db.py:322}}
May 09 07:31:09.808414 np0000172989 neutron-periodic-workers[105271]: DEBUG oslo.service.backend._threading.loopingcall [None req-52ab650f-1a96-448e-99a1-c9d9af82b119 None None] Fixed interval looping call 'neutron.plugins.ml2.plugin.AgentDbMixin.agent_health_check' sleeping for 37.00 seconds {{(pid=105271) _run_loop /opt/stack/data/venv/lib/python3.12/site-packages/oslo_service/backend/_threading/loopingcall.py:125}}
May 09 07:31:18.805695 np0000172989 neutron-periodic-workers[105262]: DEBUG oslo.service.backend._threading.loopingcall [None req-8a5d4758-44ee-4463-9af3-10641d2a5c7b None None] Fixed interval looping call 'neutron.plugins.ml2.plugin.DhcpAgentSchedulerDbMixin.remove_networks_from_down_agents' sleeping for 36.99 seconds {{(pid=105262) _run_loop /opt/stack/data/venv/lib/python3.12/site-packages/oslo_service/backend/_threading/loopingcall.py:125}}
May 09 07:31:18.835502 np0000172989 neutron-periodic-workers[105287]: DEBUG dbcounter [-] [105287] Writing DB stats neutron:DELETE=1 {{(pid=105287) stat_writer /opt/stack/data/venv/lib/python3.12/site-packages/dbcounter.py:115}}
May 09 07:31:19.808436 np0000172989 neutron-periodic-workers[105271]: DEBUG dbcounter [-] [105271] Writing DB stats neutron:SELECT=1 {{(pid=105271) stat_writer /opt/stack/data/venv/lib/python3.12/site-packages/dbcounter.py:115}}
May 09 07:31:28.804306 np0000172989 neutron-periodic-workers[105262]: DEBUG dbcounter [-] [105262] Writing DB stats neutron:SELECT=3 {{(pid=105262) stat_writer /opt/stack/data/venv/lib/python3.12/site-packages/dbcounter.py:115}}
May 09 07:31:46.812451 np0000172989 neutron-periodic-workers[105271]: DEBUG neutron.db.agents_db [None req-52ab650f-1a96-448e-99a1-c9d9af82b119 None None] Agent healthcheck: found 0 active agents {{(pid=105271) agent_health_check /opt/stack/neutron/neutron/db/agents_db.py:322}}
