2026-05-10 02:01:54.768 10 WARNING neutron.scheduler.dhcp_agent_scheduler [None req-dc3d2f63-4a61-4bbe-bbcd-5e6f414d1e67 4e63bec91cfc44fa98f9cd43ddc51adb 088d5a26f8b94ebcbf20c111e106d5cb - - default default] No more DHCP agents
2026-05-10 02:01:54.770 10 WARNING neutron.api.rpc.agentnotifiers.dhcp_rpc_agent_api [None req-dc3d2f63-4a61-4bbe-bbcd-5e6f414d1e67 4e63bec91cfc44fa98f9cd43ddc51adb 088d5a26f8b94ebcbf20c111e106d5cb - - default default] Unable to schedule network f2bf1466-027c-4d63-96e8-f0fc5b79ac67: no agents available; will retry on subsequent port and subnet creation events.
2026-05-10 02:01:54.993 10 INFO neutron.db.ovn_revision_numbers_db [None req-dc3d2f63-4a61-4bbe-bbcd-5e6f414d1e67 4e63bec91cfc44fa98f9cd43ddc51adb 088d5a26f8b94ebcbf20c111e106d5cb - - default default] Successfully bumped revision number for resource 2e91d44b-93cd-4077-a7fe-c9004fa22dfa (type: router_ports) to 1
2026-05-10 02:01:54.996 10 INFO neutron.wsgi [None req-dc3d2f63-4a61-4bbe-bbcd-5e6f414d1e67 4e63bec91cfc44fa98f9cd43ddc51adb 088d5a26f8b94ebcbf20c111e106d5cb - - default default] 10.0.0.101 "PUT /v2.0/routers/db2f5e18-116c-4f2a-bf07-28191497c4c7/add_router_interface HTTP/1.1" status: 200 len: 503 time: 1.7227294
2026-05-10 02:01:55.047 10 INFO neutron.wsgi [None req-5c110745-c8ca-4a63-bc02-685035e6ea13 4e63bec91cfc44fa98f9cd43ddc51adb 088d5a26f8b94ebcbf20c111e106d5cb - - default default] 10.0.0.101 "GET /v2.0/ports/2e91d44b-93cd-4077-a7fe-c9004fa22dfa HTTP/1.1" status: 200 len: 1135 time: 0.0446439
2026-05-10 02:01:55.338 10 INFO neutron.wsgi [req-0b1a95ca-6f9d-48e7-879d-2a33443fb336 req-c5febeb7-4773-4272-8176-135897e651d7 2d4810a67b0644e7af035efb4a70c5f7 118139fbdd7a4b41aeb3c9ac45644883 - - default default] 10.0.0.246 "GET /v2.0/networks?id=1e416c6d-0f2d-459a-93ba-6a5280078eb1 HTTP/1.1" status: 200 len: 871 time: 0.0967708
2026-05-10 02:01:55.358 10 INFO neutron.wsgi [req-0b1a95ca-6f9d-48e7-879d-2a33443fb336 req-57e37b1d-d47f-415e-9faa-e6d6f4063573 2d4810a67b0644e7af035efb4a70c5f7 118139fbdd7a4b41aeb3c9ac45644883 - - default default] 10.0.0.246 "GET /v2.0/quotas/118139fbdd7a4b41aeb3c9ac45644883 HTTP/1.1" status: 200 len: 386 time: 0.0135245
2026-05-10 02:01:55.494 10 INFO neutron.wsgi [req-0b1a95ca-6f9d-48e7-879d-2a33443fb336 req-3f17e62f-4e62-4e7e-8a09-a3de69363184 2d4810a67b0644e7af035efb4a70c5f7 118139fbdd7a4b41aeb3c9ac45644883 - - default default] 10.0.0.246 "GET /v2.0/ports?tenant_id=118139fbdd7a4b41aeb3c9ac45644883&fields=id HTTP/1.1" status: 200 len: 302 time: 0.1221421
2026-05-10 02:01:55.619 10 INFO neutron.wsgi [req-0b1a95ca-6f9d-48e7-879d-2a33443fb336 req-229d8cda-3f80-4848-8147-30a36c122fbf 071487f74c7148fd846b50b2a68aa9ab 506a88a9e8484628affc56649e365da4 - - be153b6ef6404744af3deace32e5da1d be153b6ef6404744af3deace32e5da1d] 10.0.0.246 "GET /v2.0/networks/1e416c6d-0f2d-459a-93ba-6a5280078eb1?fields=segments HTTP/1.1" status: 200 len: 212 time: 0.1142237
2026-05-10 02:01:55.697 10 WARNING neutron.plugins.ml2.drivers.ovn.mech_driver.ovsdb.ovn_client [None req-4ef3eff0-9626-480d-9dbc-1cf236b23783 - - - - - -] No hosting information found for port c6988032-f7d6-43c7-9b76-d7122882ea4a: RuntimeError: No hosting information found for port c6988032-f7d6-43c7-9b76-d7122882ea4a
2026-05-10 02:01:55.698 10 INFO neutron.plugins.ml2.drivers.ovn.mech_driver.mech_driver [None req-4ef3eff0-9626-480d-9dbc-1cf236b23783 - - - - - -] OVN reports status up for port: 2e91d44b-93cd-4077-a7fe-c9004fa22dfa
2026-05-10 02:01:55.727 10 INFO neutron.plugins.ml2.plugin [None req-4ef3eff0-9626-480d-9dbc-1cf236b23783 - - - - - -] Attempt 1 to provision port 2e91d44b-93cd-4077-a7fe-c9004fa22dfa
2026-05-10 02:01:55.748 9 INFO neutron.wsgi [req-4ef942e6-971e-403b-84b6-a971510e11c1 req-4efa2568-412d-4b0e-a2cf-1c46b227b873 c3984a90032947819b487b939d07f5c9 d1972981836f4c24a21b44afc519e145 - - default default] 10.0.0.246 "GET /v2.0/ports?device_id=4806cbc2-8012-41f7-97fa-01d0422968f5 HTTP/1.1" status: 200 len: 1174 time: 0.0437748
2026-05-10 02:01:55.763 10 INFO neutron.wsgi [req-0b1a95ca-6f9d-48e7-879d-2a33443fb336 req-4a86f433-88c4-4ffa-9bfe-df9f6cd2495a 071487f74c7148fd846b50b2a68aa9ab 506a88a9e8484628affc56649e365da4 - - be153b6ef6404744af3deace32e5da1d be153b6ef6404744af3deace32e5da1d] 10.0.0.246 "GET /v2.0/networks/1e416c6d-0f2d-459a-93ba-6a5280078eb1?fields=provider%3Aphysical_network&fields=provider%3Anetwork_type HTTP/1.1" status: 200 len: 277 time: 0.1370404
2026-05-10 02:01:55.766 10 WARNING neutron.scheduler.dhcp_agent_scheduler [None req-ed581fa8-92aa-45bd-91a3-5a883eeac4cd 4e63bec91cfc44fa98f9cd43ddc51adb 088d5a26f8b94ebcbf20c111e106d5cb - - default default] No more DHCP agents
2026-05-10 02:01:55.768 10 WARNING neutron.api.rpc.agentnotifiers.dhcp_rpc_agent_api [None req-ed581fa8-92aa-45bd-91a3-5a883eeac4cd 4e63bec91cfc44fa98f9cd43ddc51adb 088d5a26f8b94ebcbf20c111e106d5cb - - default default] Unable to schedule network a47b975b-2b2c-4f07-9dd1-fb9eab403117: no agents available; will retry on subsequent port and subnet creation events.
2026-05-10 02:01:55.794 9 INFO neutron.wsgi [req-4ef942e6-971e-403b-84b6-a971510e11c1 req-e868256d-ec24-46cc-9001-2c01d09ae1d1 c3984a90032947819b487b939d07f5c9 d1972981836f4c24a21b44afc519e145 - - default default] 10.0.0.246 "GET /v2.0/security-groups?id=322f554e-0198-49f0-a93a-ead4826b9a78&fields=id&fields=name HTTP/1.1" status: 200 len: 312 time: 0.0376205
2026-05-10 02:01:55.896 9 INFO neutron.wsgi [req-98b7a4f1-f217-45ae-b474-bfb0ee1f8957 req-68e82ffa-387a-489b-9222-b525ccdcf049 2d4810a67b0644e7af035efb4a70c5f7 118139fbdd7a4b41aeb3c9ac45644883 - - default default] 10.0.0.246 "GET /v2.0/ports?device_id=6e89dd91-1f45-45e8-86a1-1ac59d0111ef HTTP/1.1" status: 200 len: 210 time: 0.0254495
2026-05-10 02:01:56.269 10 INFO neutron.db.ovn_revision_numbers_db [None req-ed581fa8-92aa-45bd-91a3-5a883eeac4cd 4e63bec91cfc44fa98f9cd43ddc51adb 088d5a26f8b94ebcbf20c111e106d5cb - - default default] Successfully bumped revision number for resource a0048048-ef8b-4474-bf37-dff783e77830 (type: ports) to 1
2026-05-10 02:01:56.427 10 INFO neutron.db.ovn_revision_numbers_db [None req-4ef3eff0-9626-480d-9dbc-1cf236b23783 - - - - - -] Successfully bumped revision number for resource 2e91d44b-93cd-4077-a7fe-c9004fa22dfa (type: ports) to 2
2026-05-10 02:01:56.609 10 INFO neutron.db.ovn_revision_numbers_db [None req-4ef3eff0-9626-480d-9dbc-1cf236b23783 - - - - - -] Successfully bumped revision number for resource 2e91d44b-93cd-4077-a7fe-c9004fa22dfa (type: router_ports) to 2
2026-05-10 02:01:56.665 9 INFO neutron.wsgi [req-0b1a95ca-6f9d-48e7-879d-2a33443fb336 req-75a83158-6fba-4ac3-945f-1082cfab68be 2d4810a67b0644e7af035efb4a70c5f7 118139fbdd7a4b41aeb3c9ac45644883 - - default default] 199.204.45.129 "GET /v2.0/networks?id=1e416c6d-0f2d-459a-93ba-6a5280078eb1 HTTP/1.1" status: 200 len: 871 time: 0.0891266
2026-05-10 02:01:56.975 10 INFO neutron.db.ovn_revision_numbers_db [None req-ed581fa8-92aa-45bd-91a3-5a883eeac4cd 4e63bec91cfc44fa98f9cd43ddc51adb 088d5a26f8b94ebcbf20c111e106d5cb - - default default] Successfully bumped revision number for resource a0048048-ef8b-4474-bf37-dff783e77830 (type: router_ports) to 1
2026-05-10 02:01:57.002 9 INFO neutron.wsgi [req-0506d8f9-aced-4642-83ca-a8b0a1a3eeaf req-f04680f8-0555-4344-bfd5-3be55b521cd4 2d4810a67b0644e7af035efb4a70c5f7 118139fbdd7a4b41aeb3c9ac45644883 - - default default] 10.0.0.246 "GET /v2.0/ports?device_id=6e89dd91-1f45-45e8-86a1-1ac59d0111ef HTTP/1.1" status: 200 len: 210 time: 0.0258739
2026-05-10 02:01:57.021 10 INFO neutron.wsgi [req-bfb405b0-f8dc-4a62-9e82-6351d9899d55 req-02838322-5284-4399-a6ff-a1ef729a3978 f457cff8929a4d7884534a0dfd97959e 3dbbf197ff654ae6a18d7a86207681c3 - - default default] 10.0.0.246 "GET /v2.0/security-groups?name=tempest-securitygroup--1963926236&fields=id&tenant_id=3dbbf197ff654ae6a18d7a86207681c3 HTTP/1.1" status: 200 len: 267 time: 0.1231458
2026-05-10 02:01:57.079 9 WARNING neutron.plugins.ml2.drivers.ovn.mech_driver.ovsdb.ovn_client [None req-4abb913c-3f33-48cb-a24c-b9cb0af6d460 - - - - - -] No hosting information found for port 6b7e6117-39ef-40cb-a9ea-12f184b17cdd: RuntimeError: No hosting information found for port 6b7e6117-39ef-40cb-a9ea-12f184b17cdd
2026-05-10 02:01:57.079 9 INFO neutron.plugins.ml2.drivers.ovn.mech_driver.mech_driver [None req-4abb913c-3f33-48cb-a24c-b9cb0af6d460 - - - - - -] OVN reports status down for port: f636dd75-6087-451a-a891-4a4fe95b6584
2026-05-10 02:01:57.093 9 WARNING neutron.scheduler.dhcp_agent_scheduler [req-0b1a95ca-6f9d-48e7-879d-2a33443fb336 req-96d0c0b1-8e75-4c77-94cf-a4c11376b537 2d4810a67b0644e7af035efb4a70c5f7 118139fbdd7a4b41aeb3c9ac45644883 - - default default] No more DHCP agents
2026-05-10 02:01:57.098 9 WARNING neutron.api.rpc.agentnotifiers.dhcp_rpc_agent_api [req-0b1a95ca-6f9d-48e7-879d-2a33443fb336 req-96d0c0b1-8e75-4c77-94cf-a4c11376b537 2d4810a67b0644e7af035efb4a70c5f7 118139fbdd7a4b41aeb3c9ac45644883 - - default default] Unable to schedule network 1e416c6d-0f2d-459a-93ba-6a5280078eb1: no agents available; will retry on subsequent port and subnet creation events.
2026-05-10 02:01:57.119 10 INFO neutron.wsgi [req-bfb405b0-f8dc-4a62-9e82-6351d9899d55 req-ade68976-57e3-4644-babc-ed98ac2b2f57 f457cff8929a4d7884534a0dfd97959e 3dbbf197ff654ae6a18d7a86207681c3 - - default default] 10.0.0.246 "GET /v2.0/networks?id=beb72585-b7aa-47fe-b5de-c74d2e4581b4 HTTP/1.1" status: 200 len: 878 time: 0.0894814
2026-05-10 02:01:57.149 10 INFO neutron.wsgi [req-bfb405b0-f8dc-4a62-9e82-6351d9899d55 req-cdc10aa3-ef7d-41da-928d-468eb1b0937e f457cff8929a4d7884534a0dfd97959e 3dbbf197ff654ae6a18d7a86207681c3 - - default default] 10.0.0.246 "GET /v2.0/quotas/3dbbf197ff654ae6a18d7a86207681c3 HTTP/1.1" status: 200 len: 386 time: 0.0202885
2026-05-10 02:01:57.239 10 INFO neutron.db.ovn_revision_numbers_db [None req-ed581fa8-92aa-45bd-91a3-5a883eeac4cd 4e63bec91cfc44fa98f9cd43ddc51adb 088d5a26f8b94ebcbf20c111e106d5cb - - default default] Successfully bumped revision number for resource a0048048-ef8b-4474-bf37-dff783e77830 (type: ports) to 1
2026-05-10 02:01:57.247 9 INFO neutron.notifiers.nova [-] Nova event matching ['req-5315af47-9083-4b78-9953-b3208764ceff'] response: {'server_uuid': '4806cbc2-8012-41f7-97fa-01d0422968f5', 'name': 'network-vif-unplugged', 'status': 'completed', 'tag': 'f636dd75-6087-451a-a891-4a4fe95b6584', 'code': 200}
2026-05-10 02:01:57.295 10 INFO neutron.wsgi [req-bfb405b0-f8dc-4a62-9e82-6351d9899d55 req-a55589be-438b-4d7c-a9cb-e190931cd093 f457cff8929a4d7884534a0dfd97959e 3dbbf197ff654ae6a18d7a86207681c3 - - default default] 10.0.0.246 "GET /v2.0/ports?tenant_id=3dbbf197ff654ae6a18d7a86207681c3&fields=id HTTP/1.1" status: 200 len: 302 time: 0.1365016
2026-05-10 02:01:57.298 9 INFO neutron.db.ovn_revision_numbers_db [req-0b1a95ca-6f9d-48e7-879d-2a33443fb336 req-96d0c0b1-8e75-4c77-94cf-a4c11376b537 2d4810a67b0644e7af035efb4a70c5f7 118139fbdd7a4b41aeb3c9ac45644883 - - default default] Successfully bumped revision number for resource 7b98af2d-ef66-4ee4-a6ca-9aa1aa416bec (type: ports) to 1
2026-05-10 02:01:57.327 9 INFO neutron.wsgi [req-0b1a95ca-6f9d-48e7-879d-2a33443fb336 req-96d0c0b1-8e75-4c77-94cf-a4c11376b537 2d4810a67b0644e7af035efb4a70c5f7 118139fbdd7a4b41aeb3c9ac45644883 - - default default] 199.204.45.129 "POST /v2.0/ports HTTP/1.1" status: 201 len: 1158 time: 0.6554062 /var/lib/openstack/lib/python3.10/site-packages/pycadf/identifier.py:71: UserWarning: Invalid uuid: neutron. To ensure interoperability, identifiers should be a valid uuid. warnings.warn(('Invalid uuid: %s. To ensure interoperability, '
2026-05-10 02:01:57.362 10 WARNING neutron.scheduler.dhcp_agent_scheduler [None req-ed581fa8-92aa-45bd-91a3-5a883eeac4cd 4e63bec91cfc44fa98f9cd43ddc51adb 088d5a26f8b94ebcbf20c111e106d5cb - - default default] No more DHCP agents
2026-05-10 02:01:57.364 10 WARNING neutron.api.rpc.agentnotifiers.dhcp_rpc_agent_api [None req-ed581fa8-92aa-45bd-91a3-5a883eeac4cd 4e63bec91cfc44fa98f9cd43ddc51adb 088d5a26f8b94ebcbf20c111e106d5cb - - default default] Unable to schedule network a47b975b-2b2c-4f07-9dd1-fb9eab403117: no agents available; will retry on subsequent port and subnet creation events.
2026-05-10 02:01:57.393 10 INFO neutron.wsgi [req-bfb405b0-f8dc-4a62-9e82-6351d9899d55 req-1b2028a8-7025-4859-8f30-24cccf0659cb 071487f74c7148fd846b50b2a68aa9ab 506a88a9e8484628affc56649e365da4 - - be153b6ef6404744af3deace32e5da1d be153b6ef6404744af3deace32e5da1d] 10.0.0.246 "GET /v2.0/networks/beb72585-b7aa-47fe-b5de-c74d2e4581b4?fields=segments HTTP/1.1" status: 200 len: 212 time: 0.0765975
2026-05-10 02:01:57.417 9 INFO neutron.db.ovn_revision_numbers_db [None req-4abb913c-3f33-48cb-a24c-b9cb0af6d460 - - - - - -] Successfully bumped revision number for resource f636dd75-6087-451a-a891-4a4fe95b6584 (type: ports) to 5
2026-05-10 02:01:57.435 9 WARNING neutron.plugins.ml2.drivers.ovn.mech_driver.ovsdb.ovn_client [None req-4abb913c-3f33-48cb-a24c-b9cb0af6d460 - - - - - -] Logical_Switch_Port %s host information not removed, the port state is up
2026-05-10 02:01:57.435 9 INFO neutron.plugins.ml2.drivers.ovn.mech_driver.mech_driver [None req-4abb913c-3f33-48cb-a24c-b9cb0af6d460 - - - - - -] OVN reports status up for port: f636dd75-6087-451a-a891-4a4fe95b6584
2026-05-10 02:01:57.463 9 INFO neutron.plugins.ml2.plugin [None req-4abb913c-3f33-48cb-a24c-b9cb0af6d460 - - - - - -] Attempt 1 to provision port f636dd75-6087-451a-a891-4a4fe95b6584
2026-05-10 02:01:57.488 10 INFO neutron.wsgi [req-bfb405b0-f8dc-4a62-9e82-6351d9899d55 req-f48a8a40-038b-40bd-bba8-11728ce05d6c 071487f74c7148fd846b50b2a68aa9ab 506a88a9e8484628affc56649e365da4 - - be153b6ef6404744af3deace32e5da1d be153b6ef6404744af3deace32e5da1d] 10.0.0.246 "GET /v2.0/networks/beb72585-b7aa-47fe-b5de-c74d2e4581b4?fields=provider%3Aphysical_network&fields=provider%3Anetwork_type HTTP/1.1" status: 200 len: 277 time: 0.0812805
2026-05-10 02:01:57.570 10 INFO neutron.db.ovn_revision_numbers_db [None req-ed581fa8-92aa-45bd-91a3-5a883eeac4cd 4e63bec91cfc44fa98f9cd43ddc51adb 088d5a26f8b94ebcbf20c111e106d5cb - - default default] Successfully bumped revision number for resource a0048048-ef8b-4474-bf37-dff783e77830 (type: router_ports) to 1
2026-05-10 02:01:57.575 10 INFO neutron.wsgi [None req-ed581fa8-92aa-45bd-91a3-5a883eeac4cd 4e63bec91cfc44fa98f9cd43ddc51adb 088d5a26f8b94ebcbf20c111e106d5cb - - default default] 10.0.0.101 "PUT /v2.0/routers/db2f5e18-116c-4f2a-bf07-28191497c4c7/add_router_interface HTTP/1.1" status: 200 len: 503 time: 2.5224173
2026-05-10 02:01:57.707 10 INFO neutron.wsgi [None req-1a1d465e-4833-425f-bab5-6639585753fe 4e63bec91cfc44fa98f9cd43ddc51adb 088d5a26f8b94ebcbf20c111e106d5cb - - default default] 10.0.0.101 "GET /v2.0/ports/a0048048-ef8b-4474-bf37-dff783e77830 HTTP/1.1" status: 200 len: 1135 time: 0.1269331
2026-05-10 02:01:57.762 10 INFO neutron.wsgi [None req-7e0c6a1a-e9cd-46f8-bcca-4b6ad6e9079a 4e63bec91cfc44fa98f9cd43ddc51adb 088d5a26f8b94ebcbf20c111e106d5cb - - default default] 10.0.0.101 "GET /v2.0/ports/a0048048-ef8b-4474-bf37-dff783e77830 HTTP/1.1" status: 200 len: 1135 time: 0.0483301 /var/lib/openstack/lib/python3.10/site-packages/pycadf/identifier.py:71: UserWarning: Invalid uuid: neutron. To ensure interoperability, identifiers should be a valid uuid. warnings.warn(('Invalid uuid: %s. To ensure interoperability, '
2026-05-10 02:01:57.813 9 INFO neutron.wsgi [req-f2d2b225-aaf4-4085-974f-63335361d0f4 req-aedba4ea-adb7-4e6c-b79f-356d0cea3df4 f457cff8929a4d7884534a0dfd97959e 3dbbf197ff654ae6a18d7a86207681c3 - - default default] 10.0.0.246 "GET /v2.0/ports?device_id=f9711d0e-8cdf-4b74-a466-630ef62fed7b HTTP/1.1" status: 200 len: 210 time: 0.0318563
2026-05-10 02:01:57.847 9 INFO neutron.db.ovn_revision_numbers_db [req-0b1a95ca-6f9d-48e7-879d-2a33443fb336 req-d699e839-2b4b-4528-81cd-640823526310 071487f74c7148fd846b50b2a68aa9ab 506a88a9e8484628affc56649e365da4 - - be153b6ef6404744af3deace32e5da1d be153b6ef6404744af3deace32e5da1d] Successfully bumped revision number for resource 7b98af2d-ef66-4ee4-a6ca-9aa1aa416bec (type: ports) to 2
2026-05-10 02:01:57.885 9 INFO neutron.db.ovn_revision_numbers_db [None req-4abb913c-3f33-48cb-a24c-b9cb0af6d460 - - - - - -] Successfully bumped revision number for resource f636dd75-6087-451a-a891-4a4fe95b6584 (type: ports) to 6
2026-05-10 02:01:57.962 9 INFO neutron.plugins.ml2.drivers.ovn.mech_driver.mech_driver [None req-4abb913c-3f33-48cb-a24c-b9cb0af6d460 - - - - - -] OVN reports status up for port: a0048048-ef8b-4474-bf37-dff783e77830
2026-05-10 02:01:57.970 10 INFO neutron.wsgi [-] 10.0.0.230 "GET / HTTP/1.1" status: 200 len: 247 time: 0.0027366
2026-05-10 02:01:57.973 10 INFO neutron.wsgi [-] 10.0.0.230 "GET / HTTP/1.1" status: 200 len: 247 time: 0.0020707
2026-05-10 02:01:57.975 9 INFO neutron.plugins.ml2.plugin [None req-4abb913c-3f33-48cb-a24c-b9cb0af6d460 - - - - - -] Attempt 1 to provision port a0048048-ef8b-4474-bf37-dff783e77830
2026-05-10 02:01:58.123 10 INFO neutron.wsgi [req-33aabb29-e79b-4a96-9d6c-077db7a1a126 req-138b6dc9-7dd9-4b04-a0bd-828fa5e41857 2d4810a67b0644e7af035efb4a70c5f7 118139fbdd7a4b41aeb3c9ac45644883 - - default default] 10.0.0.246 "GET /v2.0/ports?device_id=6e89dd91-1f45-45e8-86a1-1ac59d0111ef HTTP/1.1" status: 200 len: 1168 time: 0.0495725
2026-05-10 02:01:58.176 10 INFO neutron.wsgi [req-33aabb29-e79b-4a96-9d6c-077db7a1a126 req-cf7049c3-6a75-44e8-bd09-b5366ee5d7d1 2d4810a67b0644e7af035efb4a70c5f7 118139fbdd7a4b41aeb3c9ac45644883 - - default default] 10.0.0.246 "GET /v2.0/security-groups?id=683b8e02-2d4e-454d-b482-84e01069615a&fields=id&fields=name HTTP/1.1" status: 200 len: 286 time: 0.0456219
2026-05-10 02:01:58.188 9 INFO neutron.db.ovn_revision_numbers_db [req-0b1a95ca-6f9d-48e7-879d-2a33443fb336 req-d699e839-2b4b-4528-81cd-640823526310 071487f74c7148fd846b50b2a68aa9ab 506a88a9e8484628affc56649e365da4 - - be153b6ef6404744af3deace32e5da1d be153b6ef6404744af3deace32e5da1d] Successfully bumped revision number for resource 7b98af2d-ef66-4ee4-a6ca-9aa1aa416bec (type: ports) to 2
2026-05-10 02:01:58.201 9 INFO neutron.wsgi [req-0b1a95ca-6f9d-48e7-879d-2a33443fb336 req-d699e839-2b4b-4528-81cd-640823526310 071487f74c7148fd846b50b2a68aa9ab 506a88a9e8484628affc56649e365da4 - - be153b6ef6404744af3deace32e5da1d be153b6ef6404744af3deace32e5da1d] 199.204.45.129 "PUT /v2.0/ports/7b98af2d-ef66-4ee4-a6ca-9aa1aa416bec HTTP/1.1" status: 200 len: 1376 time: 0.8621683 /var/lib/openstack/lib/python3.10/site-packages/pycadf/identifier.py:71: UserWarning: Invalid uuid: neutron. To ensure interoperability, identifiers should be a valid uuid. warnings.warn(('Invalid uuid: %s. To ensure interoperability, '
2026-05-10 02:01:58.279 9 INFO neutron.wsgi [req-0b1a95ca-6f9d-48e7-879d-2a33443fb336 req-d993232c-9485-43da-a29c-0eb4e404b19c 071487f74c7148fd846b50b2a68aa9ab 506a88a9e8484628affc56649e365da4 - - be153b6ef6404744af3deace32e5da1d be153b6ef6404744af3deace32e5da1d] 199.204.45.129 "GET /v2.0/ports?tenant_id=118139fbdd7a4b41aeb3c9ac45644883&device_id=6e89dd91-1f45-45e8-86a1-1ac59d0111ef HTTP/1.1" status: 200 len: 1407 time: 0.0348091
2026-05-10 02:01:58.318 9 INFO neutron.wsgi [req-0b1a95ca-6f9d-48e7-879d-2a33443fb336 req-aebf4a8d-630a-41b3-b734-f5f07235be23 071487f74c7148fd846b50b2a68aa9ab 506a88a9e8484628affc56649e365da4 - - be153b6ef6404744af3deace32e5da1d be153b6ef6404744af3deace32e5da1d] 199.204.45.129 "GET /v2.0/floatingips?fixed_ip_address=10.100.0.8&port_id=7b98af2d-ef66-4ee4-a6ca-9aa1aa416bec HTTP/1.1" status: 200 len: 217 time: 0.0314846
2026-05-10 02:01:58.351 9 INFO neutron.db.ovn_revision_numbers_db [None req-4abb913c-3f33-48cb-a24c-b9cb0af6d460 - - - - - -] Successfully bumped revision number for resource a0048048-ef8b-4474-bf37-dff783e77830 (type: ports) to 2
2026-05-10 02:01:58.363 9 INFO neutron.wsgi [req-0b1a95ca-6f9d-48e7-879d-2a33443fb336 req-a95e1ad9-8c70-4d35-8545-919bff9b2a1b 071487f74c7148fd846b50b2a68aa9ab 506a88a9e8484628affc56649e365da4 - - be153b6ef6404744af3deace32e5da1d be153b6ef6404744af3deace32e5da1d] 199.204.45.129 "GET /v2.0/subnets?id=7c93cc2c-03e0-4def-94c4-98db7b803033 HTTP/1.1" status: 200 len: 865 time: 0.0315685
2026-05-10 02:01:58.398 9 INFO neutron.wsgi [req-0b1a95ca-6f9d-48e7-879d-2a33443fb336 req-a8bd5b4c-33f2-445b-af61-57556bc5d0f8 071487f74c7148fd846b50b2a68aa9ab 506a88a9e8484628affc56649e365da4 - - be153b6ef6404744af3deace32e5da1d be153b6ef6404744af3deace32e5da1d] 199.204.45.129 "GET /v2.0/ports?network_id=1e416c6d-0f2d-459a-93ba-6a5280078eb1&device_owner=network%3Adhcp HTTP/1.1" status: 200 len: 210 time: 0.0246773
2026-05-10 02:01:58.500 9 INFO neutron.wsgi [req-0b1a95ca-6f9d-48e7-879d-2a33443fb336 req-32ac58e6-f76a-4ebc-b223-8a0e3c7e67db 071487f74c7148fd846b50b2a68aa9ab 506a88a9e8484628affc56649e365da4 - - be153b6ef6404744af3deace32e5da1d be153b6ef6404744af3deace32e5da1d] 199.204.45.129 "GET /v2.0/networks/1e416c6d-0f2d-459a-93ba-6a5280078eb1?fields=segments HTTP/1.1" status: 200 len: 212 time: 0.0879288
2026-05-10 02:01:58.527 9 INFO neutron.db.ovn_revision_numbers_db [None req-4abb913c-3f33-48cb-a24c-b9cb0af6d460 - - - - - -] Successfully bumped revision number for resource a0048048-ef8b-4474-bf37-dff783e77830 (type: router_ports) to 2
2026-05-10 02:01:58.588 9 INFO neutron.wsgi [req-0b1a95ca-6f9d-48e7-879d-2a33443fb336 req-d55ea37b-4f38-4081-86ab-2923c1d90315 071487f74c7148fd846b50b2a68aa9ab 506a88a9e8484628affc56649e365da4 - - be153b6ef6404744af3deace32e5da1d be153b6ef6404744af3deace32e5da1d] 199.204.45.129 "GET /v2.0/networks/1e416c6d-0f2d-459a-93ba-6a5280078eb1?fields=provider%3Aphysical_network&fields=provider%3Anetwork_type HTTP/1.1" status: 200 len: 277 time: 0.0702758
2026-05-10 02:01:58.778 9 INFO neutron.wsgi [req-bfb405b0-f8dc-4a62-9e82-6351d9899d55 req-f45ea513-2b50-48e6-aded-13829473a03a f457cff8929a4d7884534a0dfd97959e 3dbbf197ff654ae6a18d7a86207681c3 - - default default] 199.204.45.129 "GET /v2.0/networks?id=beb72585-b7aa-47fe-b5de-c74d2e4581b4 HTTP/1.1" status: 200 len: 878 time: 0.0814145
2026-05-10 02:01:58.811 10 INFO neutron.wsgi [None req-dc35fe2e-048b-4a7c-97b9-3d91221af6ea 4e63bec91cfc44fa98f9cd43ddc51adb 088d5a26f8b94ebcbf20c111e106d5cb - - default default] 10.0.0.101 "GET /v2.0/ports/a0048048-ef8b-4474-bf37-dff783e77830 HTTP/1.1" status: 200 len: 1137 time: 0.0429249
2026-05-10 02:01:58.866 9 INFO neutron.wsgi [req-bfb405b0-f8dc-4a62-9e82-6351d9899d55 req-1c7b61e7-c3b2-4e0f-9fe4-ecac23d76503 f457cff8929a4d7884534a0dfd97959e 3dbbf197ff654ae6a18d7a86207681c3 - - default default] 199.204.45.129 "GET /v2.0/security-groups?fields=id&fields=name&tenant_id=3dbbf197ff654ae6a18d7a86207681c3 HTTP/1.1" status: 200 len: 380 time: 0.0819764
2026-05-10 02:01:58.940 9 INFO neutron.wsgi [req-6ae7ebc7-5440-4851-9e58-b5af5facba71 req-6a0e5ff3-5aa5-4c7f-9e42-e8d7946f61db f457cff8929a4d7884534a0dfd97959e 3dbbf197ff654ae6a18d7a86207681c3 - - default default] 10.0.0.246 "GET /v2.0/ports?device_id=f9711d0e-8cdf-4b74-a466-630ef62fed7b HTTP/1.1" status: 200 len: 210 time: 0.0408382
2026-05-10 02:01:59.288 9 INFO neutron.notifiers.nova [-] Nova event matching ['req-c77727e8-7f36-4c74-ab6b-677ad82e324c'] response: {'server_uuid': '4806cbc2-8012-41f7-97fa-01d0422968f5', 'name': 'network-vif-plugged', 'status': 'completed', 'tag': 'f636dd75-6087-451a-a891-4a4fe95b6584', 'code': 200}
2026-05-10 02:01:59.289 9 INFO neutron.notifiers.nova [-] Nova event matching ['req-c77727e8-7f36-4c74-ab6b-677ad82e324c'] response: {'server_uuid': '4806cbc2-8012-41f7-97fa-01d0422968f5', 'name': 'network-vif-plugged', 'status': 'completed', 'tag': 'f636dd75-6087-451a-a891-4a4fe95b6584', 'code': 200}
2026-05-10 02:01:59.289 9 INFO neutron.notifiers.nova [-] Nova event matching ['req-c77727e8-7f36-4c74-ab6b-677ad82e324c'] response: {'server_uuid': '4806cbc2-8012-41f7-97fa-01d0422968f5', 'name': 'network-vif-plugged', 'status': 'completed', 'tag': 'f636dd75-6087-451a-a891-4a4fe95b6584', 'code': 200}
2026-05-10 02:01:59.289 9 INFO neutron.notifiers.nova [-] Nova event matching ['req-c77727e8-7f36-4c74-ab6b-677ad82e324c'] response: {'name': 'network-changed', 'server_uuid': '6e89dd91-1f45-45e8-86a1-1ac59d0111ef', 'tag': '7b98af2d-ef66-4ee4-a6ca-9aa1aa416bec', 'status': 'completed', 'code': 200}
2026-05-10 02:01:59.301 9 WARNING neutron.scheduler.dhcp_agent_scheduler [req-bfb405b0-f8dc-4a62-9e82-6351d9899d55 req-de04cb66-27ad-461d-b9cb-176829b8596f f457cff8929a4d7884534a0dfd97959e 3dbbf197ff654ae6a18d7a86207681c3 - - default default] No more DHCP agents
2026-05-10 02:01:59.302 10 INFO neutron.wsgi [req-5907f5ad-7363-4175-b96d-bfb3b4ac17de req-76f6497a-6a26-4cca-9d7d-fee4aa07ca3d 2d4810a67b0644e7af035efb4a70c5f7 118139fbdd7a4b41aeb3c9ac45644883 - - default default] 10.0.0.246 "GET /v2.0/ports?device_id=6e89dd91-1f45-45e8-86a1-1ac59d0111ef HTTP/1.1" status: 200 len: 1168 time: 0.0517881
2026-05-10 02:01:59.304 9 WARNING neutron.api.rpc.agentnotifiers.dhcp_rpc_agent_api [req-bfb405b0-f8dc-4a62-9e82-6351d9899d55 req-de04cb66-27ad-461d-b9cb-176829b8596f f457cff8929a4d7884534a0dfd97959e 3dbbf197ff654ae6a18d7a86207681c3 - - default default] Unable to schedule network beb72585-b7aa-47fe-b5de-c74d2e4581b4: no agents available; will retry on subsequent port and subnet creation events.
2026-05-10 02:01:59.365 10 INFO neutron.wsgi [req-16e42079-a411-454b-829f-361989fcb23f req-dfdbd5bb-b304-4e63-9583-1f5cb6ceafa8 071487f74c7148fd846b50b2a68aa9ab 506a88a9e8484628affc56649e365da4 - - be153b6ef6404744af3deace32e5da1d be153b6ef6404744af3deace32e5da1d] 199.204.45.129 "GET /v2.0/ports?tenant_id=118139fbdd7a4b41aeb3c9ac45644883&device_id=6e89dd91-1f45-45e8-86a1-1ac59d0111ef HTTP/1.1" status: 200 len: 1407 time: 0.0562150
2026-05-10 02:01:59.402 10 INFO neutron.wsgi [req-5907f5ad-7363-4175-b96d-bfb3b4ac17de req-5a51aa25-1de3-4958-a39a-3e235b675178 2d4810a67b0644e7af035efb4a70c5f7 118139fbdd7a4b41aeb3c9ac45644883 - - default default] 10.0.0.246 "GET /v2.0/security-groups?id=683b8e02-2d4e-454d-b482-84e01069615a&fields=id&fields=name HTTP/1.1" status: 200 len: 286 time: 0.0918512
2026-05-10 02:01:59.458 10 INFO neutron.wsgi [req-16e42079-a411-454b-829f-361989fcb23f req-6d98cd44-7c75-403e-a808-b7cc8436451d 071487f74c7148fd846b50b2a68aa9ab 506a88a9e8484628affc56649e365da4 - - be153b6ef6404744af3deace32e5da1d be153b6ef6404744af3deace32e5da1d] 199.204.45.129 "GET /v2.0/networks?id=1e416c6d-0f2d-459a-93ba-6a5280078eb1 HTTP/1.1" status: 200 len: 970 time: 0.0847397
2026-05-10 02:01:59.496 10 INFO neutron.wsgi [req-16e42079-a411-454b-829f-361989fcb23f req-3d3fe3e8-9cf0-4a95-9773-eab7cd6d4725 071487f74c7148fd846b50b2a68aa9ab 506a88a9e8484628affc56649e365da4 - - be153b6ef6404744af3deace32e5da1d be153b6ef6404744af3deace32e5da1d] 199.204.45.129 "GET /v2.0/floatingips?fixed_ip_address=10.100.0.8&port_id=7b98af2d-ef66-4ee4-a6ca-9aa1aa416bec HTTP/1.1" status: 200 len: 217 time: 0.0280321
2026-05-10 02:01:59.527 9 INFO neutron.db.ovn_revision_numbers_db [req-bfb405b0-f8dc-4a62-9e82-6351d9899d55 req-de04cb66-27ad-461d-b9cb-176829b8596f f457cff8929a4d7884534a0dfd97959e 3dbbf197ff654ae6a18d7a86207681c3 - - default default] Successfully bumped revision number for resource a0877544-244b-45f3-9581-1768d005037d (type: ports) to 1
2026-05-10 02:01:59.545 10 INFO neutron.wsgi [req-16e42079-a411-454b-829f-361989fcb23f req-0ae58cc4-bc4d-40fc-b7a0-161fd4a263df 071487f74c7148fd846b50b2a68aa9ab 506a88a9e8484628affc56649e365da4 - - be153b6ef6404744af3deace32e5da1d be153b6ef6404744af3deace32e5da1d] 199.204.45.129 "GET /v2.0/subnets?id=7c93cc2c-03e0-4def-94c4-98db7b803033 HTTP/1.1" status: 200 len: 865 time: 0.0429566
2026-05-10 02:01:59.553 9 INFO neutron.wsgi [req-bfb405b0-f8dc-4a62-9e82-6351d9899d55 req-de04cb66-27ad-461d-b9cb-176829b8596f f457cff8929a4d7884534a0dfd97959e 3dbbf197ff654ae6a18d7a86207681c3 - - default default] 199.204.45.129 "POST /v2.0/ports HTTP/1.1" status: 201 len: 1162 time: 0.6809354 /var/lib/openstack/lib/python3.10/site-packages/pycadf/identifier.py:71: UserWarning: Invalid uuid: neutron. To ensure interoperability, identifiers should be a valid uuid. warnings.warn(('Invalid uuid: %s. To ensure interoperability, '
2026-05-10 02:01:59.576 10 INFO neutron.wsgi [req-16e42079-a411-454b-829f-361989fcb23f req-d6b35c81-0d37-44c1-9439-2031800abfa2 071487f74c7148fd846b50b2a68aa9ab 506a88a9e8484628affc56649e365da4 - - be153b6ef6404744af3deace32e5da1d be153b6ef6404744af3deace32e5da1d] 199.204.45.129 "GET /v2.0/ports?network_id=1e416c6d-0f2d-459a-93ba-6a5280078eb1&device_owner=network%3Adhcp HTTP/1.1" status: 200 len: 210 time: 0.0214226
2026-05-10 02:01:59.661 10 INFO neutron.wsgi [req-16e42079-a411-454b-829f-361989fcb23f req-33a67f59-86b6-4fa3-a945-dfa780a7bea6 071487f74c7148fd846b50b2a68aa9ab 506a88a9e8484628affc56649e365da4 - - be153b6ef6404744af3deace32e5da1d be153b6ef6404744af3deace32e5da1d] 199.204.45.129 "GET /v2.0/networks/1e416c6d-0f2d-459a-93ba-6a5280078eb1?fields=segments HTTP/1.1" status: 200 len: 212 time: 0.0805347 /var/lib/openstack/lib/python3.10/site-packages/pycadf/identifier.py:71: UserWarning: Invalid uuid: neutron. To ensure interoperability, identifiers should be a valid uuid. warnings.warn(('Invalid uuid: %s. To ensure interoperability, '
2026-05-10 02:01:59.719 10 INFO neutron.wsgi [None req-79198de0-0f10-4d29-addf-a0ea1742cd4e 4e63bec91cfc44fa98f9cd43ddc51adb 088d5a26f8b94ebcbf20c111e106d5cb - - default default] 10.0.0.101 "PUT /v2.0/routers/db2f5e18-116c-4f2a-bf07-28191497c4c7/remove_router_interface HTTP/1.1" status: 200 len: 503 time: 0.9030201
2026-05-10 02:01:59.768 10 INFO neutron.wsgi [req-16e42079-a411-454b-829f-361989fcb23f req-028a49e0-f570-4408-9622-4e19f3c3b149 071487f74c7148fd846b50b2a68aa9ab 506a88a9e8484628affc56649e365da4 - - be153b6ef6404744af3deace32e5da1d be153b6ef6404744af3deace32e5da1d] 199.204.45.129 "GET /v2.0/networks/1e416c6d-0f2d-459a-93ba-6a5280078eb1?fields=provider%3Aphysical_network&fields=provider%3Anetwork_type HTTP/1.1" status: 200 len: 277 time: 0.0773702
2026-05-10 02:01:59.821 9 INFO neutron.wsgi [None req-9227bf69-4be0-4d1e-b45b-3cbba67fb2e3 4e63bec91cfc44fa98f9cd43ddc51adb 088d5a26f8b94ebcbf20c111e106d5cb - - default default] 10.0.0.101 "GET /v2.0/ports/2e91d44b-93cd-4077-a7fe-c9004fa22dfa HTTP/1.1" status: 200 len: 1137 time: 0.0965507
2026-05-10 02:01:59.974 9 INFO neutron.db.ovn_revision_numbers_db [req-bfb405b0-f8dc-4a62-9e82-6351d9899d55 req-3e69bcb9-d108-4469-b668-6622caa3901f 071487f74c7148fd846b50b2a68aa9ab 506a88a9e8484628affc56649e365da4 - - be153b6ef6404744af3deace32e5da1d be153b6ef6404744af3deace32e5da1d] Successfully bumped revision number for resource a0877544-244b-45f3-9581-1768d005037d (type: ports) to 2 /var/lib/openstack/lib/python3.10/site-packages/pycadf/identifier.py:71: UserWarning: Invalid uuid: neutron. To ensure interoperability, identifiers should be a valid uuid. warnings.warn(('Invalid uuid: %s. To ensure interoperability, '
2026-05-10 02:02:00.126 9 INFO neutron.wsgi [req-ffaa1852-4207-4bed-937e-80a2c0a93944 req-48985ba4-5a25-48ca-9c03-86c8d7083a0c f457cff8929a4d7884534a0dfd97959e 3dbbf197ff654ae6a18d7a86207681c3 - - default default] 10.0.0.246 "GET /v2.0/ports?device_id=f9711d0e-8cdf-4b74-a466-630ef62fed7b HTTP/1.1" status: 200 len: 1172 time: 0.1106839
2026-05-10 02:02:00.466 9 INFO neutron.wsgi [req-ffaa1852-4207-4bed-937e-80a2c0a93944 req-960f5bc0-e30c-41ce-a077-32ef24e41d37 f457cff8929a4d7884534a0dfd97959e 3dbbf197ff654ae6a18d7a86207681c3 - - default default] 10.0.0.246 "GET /v2.0/security-groups?id=8cf5308c-149c-403e-bf0f-ddb77f862fdf&fields=id&fields=name HTTP/1.1" status: 200 len: 313 time: 0.3328991 /var/lib/openstack/lib/python3.10/site-packages/pycadf/identifier.py:71: UserWarning: Invalid uuid: neutron. To ensure interoperability, identifiers should be a valid uuid. warnings.warn(('Invalid uuid: %s. To ensure interoperability, '
2026-05-10 02:02:00.508 10 INFO neutron.wsgi [None req-eac35e22-4329-484f-a48c-ef71ee508b69 4e63bec91cfc44fa98f9cd43ddc51adb 088d5a26f8b94ebcbf20c111e106d5cb - - default default] 10.0.0.101 "PUT /v2.0/routers/db2f5e18-116c-4f2a-bf07-28191497c4c7/remove_router_interface HTTP/1.1" status: 200 len: 503 time: 0.6802492
2026-05-10 02:02:00.532 9 INFO neutron.db.ovn_revision_numbers_db [req-bfb405b0-f8dc-4a62-9e82-6351d9899d55 req-3e69bcb9-d108-4469-b668-6622caa3901f 071487f74c7148fd846b50b2a68aa9ab 506a88a9e8484628affc56649e365da4 - - be153b6ef6404744af3deace32e5da1d be153b6ef6404744af3deace32e5da1d] Successfully bumped revision number for resource a0877544-244b-45f3-9581-1768d005037d (type: ports) to 2
2026-05-10 02:02:00.541 10 INFO neutron.wsgi [None req-59ec49ee-4834-4563-a61f-a26e7d8cf81b 4e63bec91cfc44fa98f9cd43ddc51adb 088d5a26f8b94ebcbf20c111e106d5cb - - default default] 10.0.0.101 "GET /v2.0/ports?device_id=db2f5e18-116c-4f2a-bf07-28191497c4c7 HTTP/1.1" status: 200 len: 205 time: 0.0238304
2026-05-10 02:02:00.545 9 INFO neutron.wsgi [req-bfb405b0-f8dc-4a62-9e82-6351d9899d55 req-3e69bcb9-d108-4469-b668-6622caa3901f 071487f74c7148fd846b50b2a68aa9ab 506a88a9e8484628affc56649e365da4 - - be153b6ef6404744af3deace32e5da1d be153b6ef6404744af3deace32e5da1d] 199.204.45.129 "PUT /v2.0/ports/a0877544-244b-45f3-9581-1768d005037d HTTP/1.1" status: 200 len: 1380 time: 0.9876442 /var/lib/openstack/lib/python3.10/site-packages/pycadf/identifier.py:71: UserWarning: Invalid uuid: neutron. To ensure interoperability, identifiers should be a valid uuid. warnings.warn(('Invalid uuid: %s. To ensure interoperability, '
2026-05-10 02:02:00.606 10 INFO neutron.wsgi [req-9777bfb4-2e2f-4b99-99f3-a85cf9d0d3cd req-1402fd01-d1a9-475c-82b1-658b4412d08b 2d4810a67b0644e7af035efb4a70c5f7 118139fbdd7a4b41aeb3c9ac45644883 - - default default] 10.0.0.246 "GET /v2.0/ports?device_id=6e89dd91-1f45-45e8-86a1-1ac59d0111ef HTTP/1.1" status: 200 len: 1168 time: 0.1215978
2026-05-10 02:02:00.662 10 INFO neutron.wsgi [req-9777bfb4-2e2f-4b99-99f3-a85cf9d0d3cd req-feb02fd3-606e-4768-a920-fab5dd936b09 2d4810a67b0644e7af035efb4a70c5f7 118139fbdd7a4b41aeb3c9ac45644883 - - default default] 10.0.0.246 "GET /v2.0/security-groups?id=683b8e02-2d4e-454d-b482-84e01069615a&fields=id&fields=name HTTP/1.1" status: 200 len: 286 time: 0.0481842
2026-05-10 02:02:00.664 9 INFO neutron.wsgi [req-bfb405b0-f8dc-4a62-9e82-6351d9899d55 req-dc33b52c-591c-4b78-916f-100feb10cc7c 071487f74c7148fd846b50b2a68aa9ab 506a88a9e8484628affc56649e365da4 - - be153b6ef6404744af3deace32e5da1d be153b6ef6404744af3deace32e5da1d] 199.204.45.129 "GET /v2.0/ports?tenant_id=3dbbf197ff654ae6a18d7a86207681c3&device_id=f9711d0e-8cdf-4b74-a466-630ef62fed7b HTTP/1.1" status: 200 len: 1411 time: 0.0630748
2026-05-10 02:02:00.700 9 INFO neutron.wsgi [req-bfb405b0-f8dc-4a62-9e82-6351d9899d55 req-2b156e86-489a-4b61-a8d4-12f8d9bdf2f0 071487f74c7148fd846b50b2a68aa9ab 506a88a9e8484628affc56649e365da4 - - be153b6ef6404744af3deace32e5da1d be153b6ef6404744af3deace32e5da1d] 199.204.45.129 "GET /v2.0/floatingips?fixed_ip_address=10.100.0.13&port_id=a0877544-244b-45f3-9581-1768d005037d HTTP/1.1" status: 200 len: 217 time: 0.0211215
2026-05-10 02:02:00.798 9 INFO neutron.wsgi [req-bfb405b0-f8dc-4a62-9e82-6351d9899d55 req-8eaa3cc5-b2d2-4884-9aa0-3d07bf3f1ca9 071487f74c7148fd846b50b2a68aa9ab 506a88a9e8484628affc56649e365da4 - - be153b6ef6404744af3deace32e5da1d be153b6ef6404744af3deace32e5da1d] 199.204.45.129 "GET /v2.0/subnets?id=430f1292-eacf-4b94-ad3f-b2fd817b0cf5 HTTP/1.1" status: 200 len: 872 time: 0.0904140
2026-05-10 02:02:00.827 9 INFO neutron.wsgi [None req-b884944f-6472-4dd4-bdbf-e47dda7eaddb 4e63bec91cfc44fa98f9cd43ddc51adb 088d5a26f8b94ebcbf20c111e106d5cb - - default default] 10.0.0.101 "DELETE /v2.0/routers/db2f5e18-116c-4f2a-bf07-28191497c4c7 HTTP/1.1" status: 204 len: 168 time: 0.2812557
2026-05-10 02:02:00.829 9 INFO neutron.wsgi [req-bfb405b0-f8dc-4a62-9e82-6351d9899d55 req-aea9753e-dbcb-422b-aa88-6fb616fd8f08 071487f74c7148fd846b50b2a68aa9ab 506a88a9e8484628affc56649e365da4 - - be153b6ef6404744af3deace32e5da1d be153b6ef6404744af3deace32e5da1d] 199.204.45.129 "GET /v2.0/ports?network_id=beb72585-b7aa-47fe-b5de-c74d2e4581b4&device_owner=network%3Adhcp HTTP/1.1" status: 200 len: 210 time: 0.0257814
2026-05-10 02:02:00.926 9 INFO neutron.wsgi [req-bfb405b0-f8dc-4a62-9e82-6351d9899d55 req-0e8f4ace-3de3-43de-977c-1af59e92d4fb 071487f74c7148fd846b50b2a68aa9ab 506a88a9e8484628affc56649e365da4 - - be153b6ef6404744af3deace32e5da1d be153b6ef6404744af3deace32e5da1d] 199.204.45.129 "GET /v2.0/networks/beb72585-b7aa-47fe-b5de-c74d2e4581b4?fields=segments HTTP/1.1" status: 200 len: 212 time: 0.0870361
2026-05-10 02:02:01.026 9 INFO neutron.wsgi [req-bfb405b0-f8dc-4a62-9e82-6351d9899d55 req-e4203d96-3790-4bf6-b4f7-904e305666c5 071487f74c7148fd846b50b2a68aa9ab 506a88a9e8484628affc56649e365da4 - - be153b6ef6404744af3deace32e5da1d be153b6ef6404744af3deace32e5da1d] 199.204.45.129 "GET /v2.0/networks/beb72585-b7aa-47fe-b5de-c74d2e4581b4?fields=provider%3Aphysical_network&fields=provider%3Anetwork_type HTTP/1.1" status: 200 len: 277 time: 0.0910966
2026-05-10 02:02:01.128 9 INFO neutron.wsgi [None req-f5dce628-715f-41d1-a057-7ec6e60bb358 4e63bec91cfc44fa98f9cd43ddc51adb 088d5a26f8b94ebcbf20c111e106d5cb - - default default] 10.0.0.101 "DELETE /v2.0/subnets/c9925ef3-fbc7-4f8d-b6ae-0467fdd43fce HTTP/1.1" status: 204 len: 168 time: 0.2960470
2026-05-10 02:02:01.335 9 INFO neutron.notifiers.nova [-] Nova event matching ['req-426e357c-ac1f-4fd2-9fe5-6b2ea4f25ddf'] response: {'name': 'network-changed', 'server_uuid': 'f9711d0e-8cdf-4b74-a466-630ef62fed7b', 'tag': 'a0877544-244b-45f3-9581-1768d005037d', 'status': 'completed', 'code': 200}
2026-05-10 02:02:01.367 9 INFO neutron.wsgi [None req-c20d0f63-91ea-4c1a-ac0a-71f8abc90bc4 4e63bec91cfc44fa98f9cd43ddc51adb 088d5a26f8b94ebcbf20c111e106d5cb - - default default] 10.0.0.101 "DELETE /v2.0/subnets/4f200e66-d9aa-4669-baff-7afa5717c0b9 HTTP/1.1" status: 204 len: 168 time: 0.2335675
2026-05-10 02:02:01.400 9 INFO neutron.wsgi [req-703205e0-5d6c-4ac2-bb38-29279384f447 req-1662a866-49a7-4125-b26e-46c054d2ee46 071487f74c7148fd846b50b2a68aa9ab 506a88a9e8484628affc56649e365da4 - - be153b6ef6404744af3deace32e5da1d be153b6ef6404744af3deace32e5da1d] 199.204.45.129 "GET /v2.0/ports?tenant_id=3dbbf197ff654ae6a18d7a86207681c3&device_id=f9711d0e-8cdf-4b74-a466-630ef62fed7b HTTP/1.1" status: 200 len: 1411 time: 0.0369041
2026-05-10 02:02:01.492 9 INFO neutron.wsgi [req-703205e0-5d6c-4ac2-bb38-29279384f447 req-f48a14e4-1c1d-44f7-9fec-9a62aabc2182 071487f74c7148fd846b50b2a68aa9ab 506a88a9e8484628affc56649e365da4 - - be153b6ef6404744af3deace32e5da1d be153b6ef6404744af3deace32e5da1d] 199.204.45.129 "GET /v2.0/networks?id=beb72585-b7aa-47fe-b5de-c74d2e4581b4 HTTP/1.1" status: 200 len: 977 time: 0.0847507
2026-05-10 02:02:01.544 9 INFO neutron.wsgi [req-703205e0-5d6c-4ac2-bb38-29279384f447 req-d44f0c58-bd96-42ab-bafe-7a630dbb10ef 071487f74c7148fd846b50b2a68aa9ab 506a88a9e8484628affc56649e365da4 - - be153b6ef6404744af3deace32e5da1d be153b6ef6404744af3deace32e5da1d] 199.204.45.129 "GET /v2.0/floatingips?fixed_ip_address=10.100.0.13&port_id=a0877544-244b-45f3-9581-1768d005037d HTTP/1.1" status: 200 len: 217 time: 0.0374110
2026-05-10 02:02:01.621 9 INFO neutron.wsgi [req-703205e0-5d6c-4ac2-bb38-29279384f447 req-daf9a0a0-1d26-4d5f-964e-3b8ed0d393d6 071487f74c7148fd846b50b2a68aa9ab 506a88a9e8484628affc56649e365da4 - - be153b6ef6404744af3deace32e5da1d be153b6ef6404744af3deace32e5da1d] 199.204.45.129 "GET /v2.0/subnets?id=430f1292-eacf-4b94-ad3f-b2fd817b0cf5 HTTP/1.1" status: 200 len: 872 time: 0.0638161
2026-05-10 02:02:01.661 9 INFO neutron.wsgi [req-703205e0-5d6c-4ac2-bb38-29279384f447 req-7f78f41a-2737-4a5c-879d-c1027d3fff7d 071487f74c7148fd846b50b2a68aa9ab 506a88a9e8484628affc56649e365da4 - - be153b6ef6404744af3deace32e5da1d be153b6ef6404744af3deace32e5da1d] 199.204.45.129 "GET /v2.0/ports?network_id=beb72585-b7aa-47fe-b5de-c74d2e4581b4&device_owner=network%3Adhcp HTTP/1.1" status: 200 len: 210 time: 0.0300972
2026-05-10 02:02:01.741 9 INFO neutron.wsgi [req-703205e0-5d6c-4ac2-bb38-29279384f447 req-f6f69654-32da-41a1-9cc9-11692dda4d22 071487f74c7148fd846b50b2a68aa9ab 506a88a9e8484628affc56649e365da4 - - be153b6ef6404744af3deace32e5da1d be153b6ef6404744af3deace32e5da1d] 199.204.45.129 "GET /v2.0/networks/beb72585-b7aa-47fe-b5de-c74d2e4581b4?fields=segments HTTP/1.1" status: 200 len: 212 time: 0.0729852
2026-05-10 02:02:01.802 10 INFO neutron.wsgi [req-3a87a2e1-3d60-4172-bade-1ade01370d48 req-f2585204-bbf8-44dc-89a5-63106a6474dd f457cff8929a4d7884534a0dfd97959e 3dbbf197ff654ae6a18d7a86207681c3 - - default default] 10.0.0.246 "GET /v2.0/ports?device_id=f9711d0e-8cdf-4b74-a466-630ef62fed7b HTTP/1.1" status: 200 len: 1172 time: 0.0366569
2026-05-10 02:02:01.861 9 INFO neutron.wsgi [req-703205e0-5d6c-4ac2-bb38-29279384f447 req-d1756043-97bc-4800-b687-fee244593917 071487f74c7148fd846b50b2a68aa9ab 506a88a9e8484628affc56649e365da4 - - be153b6ef6404744af3deace32e5da1d be153b6ef6404744af3deace32e5da1d] 199.204.45.129 "GET /v2.0/networks/beb72585-b7aa-47fe-b5de-c74d2e4581b4?fields=provider%3Aphysical_network&fields=provider%3Anetwork_type HTTP/1.1" status: 200 len: 277 time: 0.1045053
2026-05-10 02:02:01.868 10 INFO neutron.wsgi [req-3a87a2e1-3d60-4172-bade-1ade01370d48 req-ce86bb86-f6c3-4e85-a8ff-033157f9e088 f457cff8929a4d7884534a0dfd97959e 3dbbf197ff654ae6a18d7a86207681c3 - - default default] 10.0.0.246 "GET /v2.0/security-groups?id=8cf5308c-149c-403e-bf0f-ddb77f862fdf&fields=id&fields=name HTTP/1.1" status: 200 len: 313 time: 0.0588830
2026-05-10 02:02:01.886 9 INFO neutron.wsgi [req-df8abad0-eba0-4db9-a07b-12a03f1a4ecf req-45e004e9-058c-4392-bc94-dc6cc3d58a6d 2d4810a67b0644e7af035efb4a70c5f7 118139fbdd7a4b41aeb3c9ac45644883 - - default default] 10.0.0.246 "GET /v2.0/ports?device_id=6e89dd91-1f45-45e8-86a1-1ac59d0111ef HTTP/1.1" status: 200 len: 1168 time: 0.1411405
2026-05-10 02:02:01.942 9 INFO neutron.wsgi [req-df8abad0-eba0-4db9-a07b-12a03f1a4ecf req-7b0d2710-3666-47b1-98f8-a83d2951a252 2d4810a67b0644e7af035efb4a70c5f7 118139fbdd7a4b41aeb3c9ac45644883 - - default default] 10.0.0.246 "GET /v2.0/security-groups?id=683b8e02-2d4e-454d-b482-84e01069615a&fields=id&fields=name HTTP/1.1" status: 200 len: 286 time: 0.0464101
2026-05-10 02:02:02.127 10 INFO neutron.services.segments.plugin [-] Segment ede74a8c-94ed-4e8a-8a30-905cf7aeb61a resource provider aggregate not found
2026-05-10 02:02:02.132 10 INFO neutron.services.segments.plugin [-] Segment ede74a8c-94ed-4e8a-8a30-905cf7aeb61a resource provider aggregate not found
2026-05-10 02:02:02.150 10 INFO neutron.services.segments.plugin [-] Segment ede74a8c-94ed-4e8a-8a30-905cf7aeb61a resource provider not found; error: Placement Client Error (4xx): {"errors": [{"status": 404, "title": "Not Found", "detail": "The resource could not be found.\n\n No resource provider with uuid ede74a8c-94ed-4e8a-8a30-905cf7aeb61a found for delete ", "request_id": "req-12f7a53d-f63c-4f9b-8a04-14e58ab44e5b"}]}
2026-05-10 02:02:02.154 10 INFO neutron.services.segments.plugin [-] Segment ede74a8c-94ed-4e8a-8a30-905cf7aeb61a resource provider not found; error: Placement Client Error (4xx): {"errors": [{"status": 404, "title": "Not Found", "detail": "The resource could not be found.\n\n No resource provider with uuid ede74a8c-94ed-4e8a-8a30-905cf7aeb61a found for delete ", "request_id": "req-af123f24-83e2-4162-817e-0e7e31c866ec"}]}
2026-05-10 02:02:02.183 10 INFO neutron.wsgi [None req-fbb6d81e-7ee6-4f21-aa53-c7f93a3a01c5 4e63bec91cfc44fa98f9cd43ddc51adb 088d5a26f8b94ebcbf20c111e106d5cb - - default default] 10.0.0.101 "DELETE /v2.0/networks/a47b975b-2b2c-4f07-9dd1-fb9eab403117 HTTP/1.1" status: 204 len: 168 time: 0.8105350
2026-05-10 02:02:02.224 10 WARNING neutron.plugins.ml2.drivers.ovn.mech_driver.ovsdb.ovn_client [None req-4ef3eff0-9626-480d-9dbc-1cf236b23783 - - - - - -] No port found with ID 2e91d44b-93cd-4077-a7fe-c9004fa22dfa: RuntimeError: No port found with ID 2e91d44b-93cd-4077-a7fe-c9004fa22dfa
2026-05-10 02:02:02.224 10 INFO neutron.plugins.ml2.drivers.ovn.mech_driver.mech_driver [None req-4ef3eff0-9626-480d-9dbc-1cf236b23783 - - - - - -] OVN reports status up for port: a0877544-244b-45f3-9581-1768d005037d
2026-05-10 02:02:02.234 10 INFO neutron.plugins.ml2.plugin [None req-4ef3eff0-9626-480d-9dbc-1cf236b23783 - - - - - -] Attempt 1 to provision port a0877544-244b-45f3-9581-1768d005037d
2026-05-10 02:02:02.363 10 INFO neutron.notifiers.nova [-] Nova event matching ['req-5045b9bf-1539-479d-8339-0913c264ea9d'] response: {'server_uuid': 'f9711d0e-8cdf-4b74-a466-630ef62fed7b', 'name': 'network-vif-plugged', 'status': 'completed', 'tag': 'a0877544-244b-45f3-9581-1768d005037d', 'code': 200}
2026-05-10 02:02:02.536 10 INFO neutron.db.ovn_revision_numbers_db [None req-4ef3eff0-9626-480d-9dbc-1cf236b23783 - - - - - -] Successfully bumped revision number for resource a0877544-244b-45f3-9581-1768d005037d (type: ports) to 4
2026-05-10 02:02:02.580 9 INFO neutron.services.segments.plugin [-] Segment af95065a-4be4-444a-852d-646d647c72ff resource provider aggregate not found
2026-05-10 02:02:02.609 9 INFO neutron.services.segments.plugin [-] Segment af95065a-4be4-444a-852d-646d647c72ff resource provider not found; error: Placement Client Error (4xx): {"errors": [{"status": 404, "title": "Not Found", "detail": "The resource could not be found.\n\n No resource provider with uuid af95065a-4be4-444a-852d-646d647c72ff found for delete ", "request_id": "req-d7dbf509-a699-4636-9818-092b1b85852f"}]}
2026-05-10 02:02:02.610 9 INFO neutron.services.segments.plugin [-] Segment af95065a-4be4-444a-852d-646d647c72ff resource provider aggregate not found
2026-05-10 02:02:02.630 9 INFO neutron.services.segments.plugin [-] Segment af95065a-4be4-444a-852d-646d647c72ff resource provider not found; error: Placement Client Error (4xx): {"errors": [{"status": 404, "title": "Not Found", "detail": "The resource could not be found.\n\n No resource provider with uuid af95065a-4be4-444a-852d-646d647c72ff found for delete ", "request_id": "req-169bb0d6-55b9-4521-b4b3-06edd996725f"}]}
2026-05-10 02:02:02.652 9 INFO neutron.wsgi [None req-21a7f2e8-b438-4f84-8f9b-32a17bc36211 4e63bec91cfc44fa98f9cd43ddc51adb 088d5a26f8b94ebcbf20c111e106d5cb - - default default] 10.0.0.101 "DELETE /v2.0/networks/f2bf1466-027c-4d63-96e8-f0fc5b79ac67 HTTP/1.1" status: 204 len: 168 time: 0.4631684 /var/lib/openstack/lib/python3.10/site-packages/pycadf/identifier.py:71: UserWarning: Invalid uuid: neutron. To ensure interoperability, identifiers should be a valid uuid. warnings.warn(('Invalid uuid: %s. To ensure interoperability, '
2026-05-10 02:02:02.746 10 INFO neutron.db.segments_db [None req-89b7c4b9-25ec-4d34-92bf-779a6f7565f3 4e63bec91cfc44fa98f9cd43ddc51adb 088d5a26f8b94ebcbf20c111e106d5cb - - default default] Added segment c3921238-9edf-42c6-beb9-85fd3754905b of type geneve for network e1482f87-bbb5-4f9d-abfb-6b08cca7fd04
2026-05-10 02:02:02.900 10 INFO neutron.db.ovn_revision_numbers_db [None req-89b7c4b9-25ec-4d34-92bf-779a6f7565f3 4e63bec91cfc44fa98f9cd43ddc51adb 088d5a26f8b94ebcbf20c111e106d5cb - - default default] Successfully bumped revision number for resource e1482f87-bbb5-4f9d-abfb-6b08cca7fd04 (type: networks) to 1
2026-05-10 02:02:02.989 9 INFO neutron.wsgi [req-c84169e3-f08d-4f73-ac81-628fff979140 req-786bdf9e-d7cb-4b4a-a42c-d76e5f232a23 f457cff8929a4d7884534a0dfd97959e 3dbbf197ff654ae6a18d7a86207681c3 - - default default] 10.0.0.246 "GET /v2.0/ports?device_id=f9711d0e-8cdf-4b74-a466-630ef62fed7b HTTP/1.1" status: 200 len: 1174 time: 0.0526600
2026-05-10 02:02:03.036 9 INFO neutron.wsgi [req-c84169e3-f08d-4f73-ac81-628fff979140 req-2cf4e403-1ed8-415a-a6cf-d5ad0edd9f33 f457cff8929a4d7884534a0dfd97959e 3dbbf197ff654ae6a18d7a86207681c3 - - default default] 10.0.0.246 "GET /v2.0/security-groups?id=8cf5308c-149c-403e-bf0f-ddb77f862fdf&fields=id&fields=name HTTP/1.1" status: 200 len: 313 time: 0.0405200
2026-05-10 02:02:03.047 10 INFO neutron.wsgi [req-ec6d175a-dab3-47be-b7e4-cc70289cee79 req-11250f09-9ff7-44be-af78-265332b1d5e7 2d4810a67b0644e7af035efb4a70c5f7 118139fbdd7a4b41aeb3c9ac45644883 - - default default] 10.0.0.246 "GET /v2.0/ports?device_id=6e89dd91-1f45-45e8-86a1-1ac59d0111ef HTTP/1.1" status: 200 len: 1168 time: 0.0473268
2026-05-10 02:02:03.112 10 INFO neutron.wsgi [req-ec6d175a-dab3-47be-b7e4-cc70289cee79 req-88c1b5dd-e2d5-4e51-87d2-e308227a88f8 2d4810a67b0644e7af035efb4a70c5f7 118139fbdd7a4b41aeb3c9ac45644883 - - default default] 10.0.0.246 "GET /v2.0/security-groups?id=683b8e02-2d4e-454d-b482-84e01069615a&fields=id&fields=name HTTP/1.1" status: 200 len: 286 time: 0.0510685
2026-05-10 02:02:03.118 10 WARNING neutron.scheduler.dhcp_agent_scheduler [None req-89b7c4b9-25ec-4d34-92bf-779a6f7565f3 4e63bec91cfc44fa98f9cd43ddc51adb 088d5a26f8b94ebcbf20c111e106d5cb - - default default] No more DHCP agents
2026-05-10 02:02:03.120 10 WARNING neutron.api.rpc.agentnotifiers.dhcp_rpc_agent_api [None req-89b7c4b9-25ec-4d34-92bf-779a6f7565f3 4e63bec91cfc44fa98f9cd43ddc51adb 088d5a26f8b94ebcbf20c111e106d5cb - - default default] Unable to schedule network e1482f87-bbb5-4f9d-abfb-6b08cca7fd04: no agents available; will retry on subsequent port and subnet creation events.
2026-05-10 02:02:03.212 10 INFO neutron.db.ovn_revision_numbers_db [None req-89b7c4b9-25ec-4d34-92bf-779a6f7565f3 4e63bec91cfc44fa98f9cd43ddc51adb 088d5a26f8b94ebcbf20c111e106d5cb - - default default] Successfully bumped revision number for resource 1c9e4697-f546-4000-8af6-4a3c9aa36a03 (type: ports) to 1
2026-05-10 02:02:03.248 10 INFO neutron.wsgi [None req-89b7c4b9-25ec-4d34-92bf-779a6f7565f3 4e63bec91cfc44fa98f9cd43ddc51adb 088d5a26f8b94ebcbf20c111e106d5cb - - default default] 10.0.0.101 "POST /v2.0/networks HTTP/1.1" status: 201 len: 828 time: 0.5884032
2026-05-10 02:02:03.530 10 WARNING neutron.scheduler.dhcp_agent_scheduler [None req-692009c8-9312-4a99-9beb-f27e83437c6a 4e63bec91cfc44fa98f9cd43ddc51adb 088d5a26f8b94ebcbf20c111e106d5cb - - default default] No more DHCP agents
