2026-05-10 02:04:03.704 10 WARNING neutron.api.rpc.agentnotifiers.dhcp_rpc_agent_api [None req-455abee7-ef31-47f2-918a-e426af2a94cb c2e4af040cdb46a6bc67485936fede77 7c2d186e3378427994fe383e0879853c - - default default] Unable to schedule network 713e0b06-164a-40fb-a808-c56a306ba985: no agents available; will retry on subsequent port and subnet creation events.
2026-05-10 02:04:03.748 9 INFO neutron.wsgi [None req-6bb600a5-3d73-4ef0-996e-c791568e2900 889c2060cfa34880b4f4caeddf143d46 694e5b90b0ca471c8e6ca1f5d41af66b - - default default] 10.0.0.101 "GET /v2.0/subnets HTTP/1.1" status: 200 len: 4803 time: 0.0407364
2026-05-10 02:04:03.749 10 INFO neutron.db.ovn_revision_numbers_db [None req-455abee7-ef31-47f2-918a-e426af2a94cb c2e4af040cdb46a6bc67485936fede77 7c2d186e3378427994fe383e0879853c - - default default] Successfully bumped revision number for resource ef4a171b-c20b-433e-a818-97053b097a66 (type: subnets) to 0
2026-05-10 02:04:03.770 10 INFO neutron.wsgi [None req-455abee7-ef31-47f2-918a-e426af2a94cb c2e4af040cdb46a6bc67485936fede77 7c2d186e3378427994fe383e0879853c - - default default] 10.0.0.101 "POST /v2.0/subnets HTTP/1.1" status: 201 len: 900 time: 0.4229295
2026-05-10 02:04:03.819 9 INFO neutron.wsgi [None req-00dbbc6b-a56b-4035-9ca1-8c2c3936f8e1 889c2060cfa34880b4f4caeddf143d46 694e5b90b0ca471c8e6ca1f5d41af66b - - default default] 10.0.0.101 "GET /v2.0/routers HTTP/1.1" status: 200 len: 878 time: 0.0658917
2026-05-10 02:04:03.877 10 INFO neutron.db.segments_db [None req-e8d7f5b6-907f-4e1a-a671-a1fe064928b2 c2e4af040cdb46a6bc67485936fede77 7c2d186e3378427994fe383e0879853c - - default default] Added segment 02920982-68bc-4a5d-bcdb-f9a4c6451cb1 of type geneve for network 4b3dfd6a-63bf-4a4b-a373-cedbe3dc9603
2026-05-10 02:04:04.006 9 INFO neutron.db.ovn_revision_numbers_db [None req-1c18d768-cb06-4def-9b5c-7425b668c9bd cc0e2c0a908940dd8d50841b22f12e77 2b74a698716a48ec8bba95835a5607c9 - - default default] Successfully bumped revision number for resource ac698993-054c-4286-9526-5009c3fde905 (type: security_groups) to 1
2026-05-10 02:04:04.020 9 INFO neutron.db.ovn_revision_numbers_db [None req-1c18d768-cb06-4def-9b5c-7425b668c9bd cc0e2c0a908940dd8d50841b22f12e77 2b74a698716a48ec8bba95835a5607c9 - - default default] Successfully bumped revision number for resource d9bf79ae-bccf-49de-a7e2-042a2e3f7bfa (type: security_group_rules) to 0
2026-05-10 02:04:04.036 9 INFO neutron.db.ovn_revision_numbers_db [None req-1c18d768-cb06-4def-9b5c-7425b668c9bd cc0e2c0a908940dd8d50841b22f12e77 2b74a698716a48ec8bba95835a5607c9 - - default default] Successfully bumped revision number for resource f6cb2ac6-6931-4c06-b202-038f9b385b01 (type: security_group_rules) to 0
2026-05-10 02:04:04.054 9 INFO neutron.wsgi [None req-1c18d768-cb06-4def-9b5c-7425b668c9bd cc0e2c0a908940dd8d50841b22f12e77 2b74a698716a48ec8bba95835a5607c9 - - default default] 10.0.0.101 "POST /v2.0/security-groups HTTP/1.1" status: 201 len: 1809 time: 0.1764777
2026-05-10 02:04:04.093 10 INFO neutron.db.ovn_revision_numbers_db [None req-e8d7f5b6-907f-4e1a-a671-a1fe064928b2 c2e4af040cdb46a6bc67485936fede77 7c2d186e3378427994fe383e0879853c - - default default] Successfully bumped revision number for resource 4b3dfd6a-63bf-4a4b-a373-cedbe3dc9603 (type: networks) to 1
2026-05-10 02:04:04.161 9 INFO neutron.db.ovn_revision_numbers_db [None req-34eef6c0-9d8a-4faf-8e8c-9b810c64b23b cc0e2c0a908940dd8d50841b22f12e77 2b74a698716a48ec8bba95835a5607c9 - - default default] Successfully bumped revision number for resource fa1dc325-dd35-445a-9381-9f8bca15d7f3 (type: security_group_rules) to 0
2026-05-10 02:04:04.183 9 INFO neutron.wsgi [None req-34eef6c0-9d8a-4faf-8e8c-9b810c64b23b cc0e2c0a908940dd8d50841b22f12e77 2b74a698716a48ec8bba95835a5607c9 - - default default] 10.0.0.101 "POST /v2.0/security-group-rules HTTP/1.1" status: 201 len: 764 time: 0.1245706
2026-05-10 02:04:04.289 9 INFO neutron.db.ovn_revision_numbers_db [None req-dd7359bb-ad5b-49a2-a6c4-ea65ab1e99f0 cc0e2c0a908940dd8d50841b22f12e77 2b74a698716a48ec8bba95835a5607c9 - - default default] Successfully bumped revision number for resource 00e777e3-9e24-4a7b-b942-a5d4b62a12c9 (type: security_group_rules) to 0
2026-05-10 02:04:04.313 9 INFO neutron.wsgi [None req-dd7359bb-ad5b-49a2-a6c4-ea65ab1e99f0 cc0e2c0a908940dd8d50841b22f12e77 2b74a698716a48ec8bba95835a5607c9 - - default default] 10.0.0.101 "POST /v2.0/security-group-rules HTTP/1.1" status: 201 len: 763 time: 0.1246433
2026-05-10 02:04:04.343 10 WARNING neutron.scheduler.dhcp_agent_scheduler [None req-e8d7f5b6-907f-4e1a-a671-a1fe064928b2 c2e4af040cdb46a6bc67485936fede77 7c2d186e3378427994fe383e0879853c - - default default] No more DHCP agents
2026-05-10 02:04:04.347 10 WARNING neutron.api.rpc.agentnotifiers.dhcp_rpc_agent_api [None req-e8d7f5b6-907f-4e1a-a671-a1fe064928b2 c2e4af040cdb46a6bc67485936fede77 7c2d186e3378427994fe383e0879853c - - default default] Unable to schedule network 4b3dfd6a-63bf-4a4b-a373-cedbe3dc9603: no agents available; will retry on subsequent port and subnet creation events.
2026-05-10 02:04:04.446 9 INFO neutron.db.ovn_revision_numbers_db [None req-a20bb0b5-08f3-4b55-8b64-5cbc00d18402 cc0e2c0a908940dd8d50841b22f12e77 2b74a698716a48ec8bba95835a5607c9 - - default default] Successfully bumped revision number for resource da5f2d5a-e032-4a6b-984d-1eb20c5ccbf3 (type: security_group_rules) to 0
2026-05-10 02:04:04.462 10 INFO neutron.db.ovn_revision_numbers_db [None req-e8d7f5b6-907f-4e1a-a671-a1fe064928b2 c2e4af040cdb46a6bc67485936fede77 7c2d186e3378427994fe383e0879853c - - default default] Successfully bumped revision number for resource ab5b459d-e1f7-4155-8666-9c769c84b72c (type: ports) to 1
2026-05-10 02:04:04.469 9 INFO neutron.wsgi [None req-a20bb0b5-08f3-4b55-8b64-5cbc00d18402 cc0e2c0a908940dd8d50841b22f12e77 2b74a698716a48ec8bba95835a5607c9 - - default default] 10.0.0.101 "POST /v2.0/security-group-rules HTTP/1.1" status: 201 len: 769 time: 0.1514940
2026-05-10 02:04:04.497 10 INFO neutron.wsgi [None req-e8d7f5b6-907f-4e1a-a671-a1fe064928b2 c2e4af040cdb46a6bc67485936fede77 7c2d186e3378427994fe383e0879853c - - default default] 10.0.0.101 "POST /v2.0/networks HTTP/1.1" status: 201 len: 837 time: 0.7216716
2026-05-10 02:04:04.670 9 INFO neutron.db.ovn_revision_numbers_db [None req-d24fa4e2-ebb6-43c6-95b4-d773d8d82f64 cc0e2c0a908940dd8d50841b22f12e77 2b74a698716a48ec8bba95835a5607c9 - - default default] Successfully bumped revision number for resource 956a269a-93c6-40a8-89a1-52b9ca8f8a72 (type: security_group_rules) to 0
2026-05-10 02:04:04.707 9 INFO neutron.wsgi [None req-d24fa4e2-ebb6-43c6-95b4-d773d8d82f64 cc0e2c0a908940dd8d50841b22f12e77 2b74a698716a48ec8bba95835a5607c9 - - default default] 10.0.0.101 "POST /v2.0/security-group-rules HTTP/1.1" status: 201 len: 768 time: 0.2339687
2026-05-10 02:04:04.736 9 INFO neutron.db.securitygroups_db [None req-d20f0636-5188-4d1d-91a3-caf83931253e cc0e2c0a908940dd8d50841b22f12e77 2b74a698716a48ec8bba95835a5607c9 - - default default] Project 2b74a698716a48ec8bba95835a5607c9 added a security group rule with legacy IPv6 ICMP protocol name icmp, ipv6-icmp should be used instead. It was automatically converted.
2026-05-10 02:04:04.813 9 WARNING neutron.scheduler.dhcp_agent_scheduler [None req-b0cb87a9-3e46-4b04-8bb9-331d93aff20f c2e4af040cdb46a6bc67485936fede77 7c2d186e3378427994fe383e0879853c - - default default] No more DHCP agents
2026-05-10 02:04:04.817 9 WARNING neutron.api.rpc.agentnotifiers.dhcp_rpc_agent_api [None req-b0cb87a9-3e46-4b04-8bb9-331d93aff20f c2e4af040cdb46a6bc67485936fede77 7c2d186e3378427994fe383e0879853c - - default default] Unable to schedule network 4b3dfd6a-63bf-4a4b-a373-cedbe3dc9603: no agents available; will retry on subsequent port and subnet creation events.
2026-05-10 02:04:04.877 9 INFO neutron.db.ovn_revision_numbers_db [None req-d20f0636-5188-4d1d-91a3-caf83931253e cc0e2c0a908940dd8d50841b22f12e77 2b74a698716a48ec8bba95835a5607c9 - - default default] Successfully bumped revision number for resource 44907555-cc76-44ce-8e04-8bfccc11b1e0 (type: security_group_rules) to 0
2026-05-10 02:04:04.911 9 INFO neutron.wsgi [None req-d20f0636-5188-4d1d-91a3-caf83931253e cc0e2c0a908940dd8d50841b22f12e77 2b74a698716a48ec8bba95835a5607c9 - - default default] 10.0.0.101 "POST /v2.0/security-group-rules HTTP/1.1" status: 201 len: 774 time: 0.1998138
2026-05-10 02:04:04.949 9 INFO neutron.db.securitygroups_db [None req-580e78fb-1cac-488c-bcb1-dfd6fc5170f4 cc0e2c0a908940dd8d50841b22f12e77 2b74a698716a48ec8bba95835a5607c9 - - default default] Project 2b74a698716a48ec8bba95835a5607c9 added a security group rule with legacy IPv6 ICMP protocol name icmp, ipv6-icmp should be used instead. It was automatically converted.
2026-05-10 02:04:05.093 9 INFO neutron.db.ovn_revision_numbers_db [None req-580e78fb-1cac-488c-bcb1-dfd6fc5170f4 cc0e2c0a908940dd8d50841b22f12e77 2b74a698716a48ec8bba95835a5607c9 - - default default] Successfully bumped revision number for resource 9ff712df-41df-48b3-a20a-577393887a26 (type: security_group_rules) to 0
2026-05-10 02:04:05.141 9 INFO neutron.wsgi [None req-580e78fb-1cac-488c-bcb1-dfd6fc5170f4 cc0e2c0a908940dd8d50841b22f12e77 2b74a698716a48ec8bba95835a5607c9 - - default default] 10.0.0.101 "POST /v2.0/security-group-rules HTTP/1.1" status: 201 len: 773 time: 0.2250018
2026-05-10 02:04:05.237 10 INFO neutron.db.ovn_revision_numbers_db [None req-ae3e06d5-9165-4188-b8d9-a43d1499cb09 b477c62976d24feda1acaae2b27b29be b58a4c05e6074359883ff168fa613fe1 - - default default] Successfully bumped revision number for resource 9470f255-06c1-40dc-842d-4efadd9bf7a5 (type: security_groups) to 1
2026-05-10 02:04:05.253 10 INFO neutron.db.ovn_revision_numbers_db [None req-ae3e06d5-9165-4188-b8d9-a43d1499cb09 b477c62976d24feda1acaae2b27b29be b58a4c05e6074359883ff168fa613fe1 - - default default] Successfully bumped revision number for resource 0af2498d-a655-47d9-af25-a5d144e823bc (type: security_group_rules) to 0
2026-05-10 02:04:05.270 10 INFO neutron.db.ovn_revision_numbers_db [None req-ae3e06d5-9165-4188-b8d9-a43d1499cb09 b477c62976d24feda1acaae2b27b29be b58a4c05e6074359883ff168fa613fe1 - - default default] Successfully bumped revision number for resource 7d25a5e9-6f19-4549-8bdd-a63898e94d05 (type: security_group_rules) to 0
2026-05-10 02:04:05.288 10 INFO neutron.db.ovn_revision_numbers_db [None req-ae3e06d5-9165-4188-b8d9-a43d1499cb09 b477c62976d24feda1acaae2b27b29be b58a4c05e6074359883ff168fa613fe1 - - default default] Successfully bumped revision number for resource e1e8937b-7b27-4f2a-9331-50dfb0a1e6e8 (type: security_group_rules) to 0
2026-05-10 02:04:05.305 10 INFO neutron.db.ovn_revision_numbers_db [None req-ae3e06d5-9165-4188-b8d9-a43d1499cb09 b477c62976d24feda1acaae2b27b29be b58a4c05e6074359883ff168fa613fe1 - - default default] Successfully bumped revision number for resource f3375e5d-28f6-4cbe-bdfa-b38e0244d9a7 (type: security_group_rules) to 0
2026-05-10 02:04:05.346 10 INFO neutron.wsgi [None req-ae3e06d5-9165-4188-b8d9-a43d1499cb09 b477c62976d24feda1acaae2b27b29be b58a4c05e6074359883ff168fa613fe1 - - default default] 10.0.0.101 "GET /v2.0/security-groups?tenant_id=cc295671ab824b5aa1352ed96c0be8b2&name=default HTTP/1.1" status: 200 len: 2996 time: 0.4033315
2026-05-10 02:04:05.381 9 INFO neutron.db.ovn_revision_numbers_db [None req-b0cb87a9-3e46-4b04-8bb9-331d93aff20f c2e4af040cdb46a6bc67485936fede77 7c2d186e3378427994fe383e0879853c - - default default] Successfully bumped revision number for resource ab5b459d-e1f7-4155-8666-9c769c84b72c (type: ports) to 2
2026-05-10 02:04:05.412 9 INFO neutron.db.ovn_revision_numbers_db [None req-b0cb87a9-3e46-4b04-8bb9-331d93aff20f c2e4af040cdb46a6bc67485936fede77 7c2d186e3378427994fe383e0879853c - - default default] Successfully bumped revision number for resource c2fa0c90-16dc-4350-b8fe-d47f07b7708c (type: subnets) to 0
2026-05-10 02:04:05.429 9 INFO neutron.wsgi [None req-b0cb87a9-3e46-4b04-8bb9-331d93aff20f c2e4af040cdb46a6bc67485936fede77 7c2d186e3378427994fe383e0879853c - - default default] 10.0.0.101 "POST /v2.0/subnets HTTP/1.1" status: 201 len: 831 time: 0.9250295
2026-05-10 02:04:05.547 10 INFO neutron.wsgi [None req-d028cf31-951b-46ca-a401-662802747897 b477c62976d24feda1acaae2b27b29be b58a4c05e6074359883ff168fa613fe1 - - default default] 10.0.0.101 "DELETE /v2.0/security-groups/9470f255-06c1-40dc-842d-4efadd9bf7a5 HTTP/1.1" status: 204 len: 168 time: 0.1943789
2026-05-10 02:04:05.660 10 INFO neutron.wsgi [None req-96f2bd10-9a61-4c85-bfad-33cb0592af0b cc0e2c0a908940dd8d50841b22f12e77 2b74a698716a48ec8bba95835a5607c9 - - default default] 10.0.0.101 "GET /v2.0/networks HTTP/1.1" status: 200 len: 1492 time: 0.1271570
2026-05-10 02:04:05.679 9 WARNING neutron.scheduler.dhcp_agent_scheduler [None req-0f339d52-9cbf-4c3a-8315-7cbe0130877e c2e4af040cdb46a6bc67485936fede77 7c2d186e3378427994fe383e0879853c - - default default] No more DHCP agents
2026-05-10 02:04:05.681 9 WARNING neutron.api.rpc.agentnotifiers.dhcp_rpc_agent_api [None req-0f339d52-9cbf-4c3a-8315-7cbe0130877e c2e4af040cdb46a6bc67485936fede77 7c2d186e3378427994fe383e0879853c - - default default] Unable to schedule network 4b3dfd6a-63bf-4a4b-a373-cedbe3dc9603: no agents available; will retry on subsequent port and subnet creation events.
2026-05-10 02:04:05.715 9 INFO neutron.db.ovn_revision_numbers_db [None req-0f339d52-9cbf-4c3a-8315-7cbe0130877e c2e4af040cdb46a6bc67485936fede77 7c2d186e3378427994fe383e0879853c - - default default] Successfully bumped revision number for resource 7611dfc0-3373-452d-9fc5-351678094dcd (type: subnets) to 0
2026-05-10 02:04:05.740 9 INFO neutron.wsgi [None req-0f339d52-9cbf-4c3a-8315-7cbe0130877e c2e4af040cdb46a6bc67485936fede77 7c2d186e3378427994fe383e0879853c - - default default] 10.0.0.101 "POST /v2.0/subnets HTTP/1.1" status: 201 len: 904 time: 0.3045404
2026-05-10 02:04:05.805 9 INFO neutron.wsgi [req-4c0ebee7-ca04-4364-9d68-5d38b8455caf req-a45309cb-d636-4ea5-bcfc-b97f51fd930c cc0e2c0a908940dd8d50841b22f12e77 2b74a698716a48ec8bba95835a5607c9 - - default default] 10.0.0.246 "GET /v2.0/security-groups?name=tempest-secgroup-smoke-685142738&fields=id&tenant_id=2b74a698716a48ec8bba95835a5607c9 HTTP/1.1" status: 200 len: 267 time: 0.0521495
2026-05-10 02:04:05.955 9 INFO neutron.wsgi [req-4c0ebee7-ca04-4364-9d68-5d38b8455caf req-ea791063-e4b1-45f9-9864-113bad0041f0 cc0e2c0a908940dd8d50841b22f12e77 2b74a698716a48ec8bba95835a5607c9 - - default default] 10.0.0.246 "GET /v2.0/networks?id=89434eb6-a740-4de5-ac34-ebabee3b1ec1 HTTP/1.1" status: 200 len: 859 time: 0.1353335
2026-05-10 02:04:05.978 9 INFO neutron.wsgi [req-4c0ebee7-ca04-4364-9d68-5d38b8455caf req-e30bb620-2bad-401b-8472-48eea52ff6a5 cc0e2c0a908940dd8d50841b22f12e77 2b74a698716a48ec8bba95835a5607c9 - - default default] 10.0.0.246 "GET /v2.0/quotas/2b74a698716a48ec8bba95835a5607c9 HTTP/1.1" status: 200 len: 386 time: 0.0117812
2026-05-10 02:04:06.390 9 INFO neutron.wsgi [req-4c0ebee7-ca04-4364-9d68-5d38b8455caf req-991d8546-c96e-41de-8451-8a8f96bd578f cc0e2c0a908940dd8d50841b22f12e77 2b74a698716a48ec8bba95835a5607c9 - - default default] 10.0.0.246 "GET /v2.0/ports?tenant_id=2b74a698716a48ec8bba95835a5607c9&fields=id HTTP/1.1" status: 200 len: 302 time: 0.4032528
2026-05-10 02:04:06.479 9 INFO neutron.wsgi [req-4c0ebee7-ca04-4364-9d68-5d38b8455caf req-7b96ed34-a20c-46ef-bf42-b7bf8c070828 071487f74c7148fd846b50b2a68aa9ab 506a88a9e8484628affc56649e365da4 - - be153b6ef6404744af3deace32e5da1d be153b6ef6404744af3deace32e5da1d] 10.0.0.246 "GET /v2.0/networks/89434eb6-a740-4de5-ac34-ebabee3b1ec1?fields=segments HTTP/1.1" status: 200 len: 212 time: 0.0719471
2026-05-10 02:04:06.565 9 INFO neutron.wsgi [req-4c0ebee7-ca04-4364-9d68-5d38b8455caf req-5775e873-2a76-4aaf-9d4f-625bca5ec271 071487f74c7148fd846b50b2a68aa9ab 506a88a9e8484628affc56649e365da4 - - be153b6ef6404744af3deace32e5da1d be153b6ef6404744af3deace32e5da1d] 10.0.0.246 "GET /v2.0/networks/89434eb6-a740-4de5-ac34-ebabee3b1ec1?fields=provider%3Aphysical_network&fields=provider%3Anetwork_type HTTP/1.1" status: 200 len: 277 time: 0.0722539
2026-05-10 02:04:06.608 9 WARNING neutron.scheduler.dhcp_agent_scheduler [None req-73a7ebe4-0cca-487d-b8ac-c43c607dee24 c2e4af040cdb46a6bc67485936fede77 7c2d186e3378427994fe383e0879853c - - default default] No more DHCP agents
2026-05-10 02:04:06.610 9 WARNING neutron.api.rpc.agentnotifiers.dhcp_rpc_agent_api [None req-73a7ebe4-0cca-487d-b8ac-c43c607dee24 c2e4af040cdb46a6bc67485936fede77 7c2d186e3378427994fe383e0879853c - - default default] Unable to schedule network ea0ed169-d079-4bfa-b24a-5ba949b32953: no agents available; will retry on subsequent port and subnet creation events.
2026-05-10 02:04:06.707 10 INFO neutron.wsgi [req-3243fec8-55a3-4d7e-9ef0-1d8cf7863ff6 req-496e62a9-8771-403c-8b33-d5214c7c5163 cc0e2c0a908940dd8d50841b22f12e77 2b74a698716a48ec8bba95835a5607c9 - - default default] 10.0.0.246 "GET /v2.0/ports?device_id=224c44d7-9e3a-4230-9e0b-0f54b77f10ca HTTP/1.1" status: 200 len: 210 time: 0.0220799
2026-05-10 02:04:06.813 9 INFO neutron.db.ovn_revision_numbers_db [None req-73a7ebe4-0cca-487d-b8ac-c43c607dee24 c2e4af040cdb46a6bc67485936fede77 7c2d186e3378427994fe383e0879853c - - default default] Successfully bumped revision number for resource bc60cc1b-5825-4762-b60e-ae382730f14e (type: ports) to 1
2026-05-10 02:04:07.434 9 INFO neutron.plugins.ml2.drivers.ovn.mech_driver.ovsdb.ovsdb_monitor [None req-032b453c-5ae9-412e-8aa2-45e125de7b8c - - - - - -] Router cb7f92f5-9328-4ad0-aca3-bb1aaef27a3b is bound to host instance
2026-05-10 02:04:07.526 9 INFO neutron.db.ovn_revision_numbers_db [None req-73a7ebe4-0cca-487d-b8ac-c43c607dee24 c2e4af040cdb46a6bc67485936fede77 7c2d186e3378427994fe383e0879853c - - default default] Successfully bumped revision number for resource bc60cc1b-5825-4762-b60e-ae382730f14e (type: router_ports) to 1
2026-05-10 02:04:07.566 9 INFO neutron.wsgi [req-4c0ebee7-ca04-4364-9d68-5d38b8455caf req-b9a9427a-3e8c-403c-9269-f5273fccd7d3 cc0e2c0a908940dd8d50841b22f12e77 2b74a698716a48ec8bba95835a5607c9 - - default default] 199.204.45.129 "GET /v2.0/networks?id=89434eb6-a740-4de5-ac34-ebabee3b1ec1 HTTP/1.1" status: 200 len: 859 time: 0.1636155
2026-05-10 02:04:07.659 9 INFO neutron.db.ovn_revision_numbers_db [None req-73a7ebe4-0cca-487d-b8ac-c43c607dee24 c2e4af040cdb46a6bc67485936fede77 7c2d186e3378427994fe383e0879853c - - default default] Successfully bumped revision number for resource cb7f92f5-9328-4ad0-aca3-bb1aaef27a3b (type: routers) to 2
2026-05-10 02:04:07.690 9 INFO neutron.wsgi [None req-73a7ebe4-0cca-487d-b8ac-c43c607dee24 c2e4af040cdb46a6bc67485936fede77 7c2d186e3378427994fe383e0879853c - - default default] 10.0.0.101 "POST /v2.0/routers HTTP/1.1" status: 201 len: 864 time: 1.9441624
2026-05-10 02:04:07.698 9 INFO neutron.wsgi [req-4c0ebee7-ca04-4364-9d68-5d38b8455caf req-adb26df6-0437-4fef-9dc3-96d17762474e cc0e2c0a908940dd8d50841b22f12e77 2b74a698716a48ec8bba95835a5607c9 - - default default] 199.204.45.129 "GET /v2.0/security-groups?fields=id&fields=name&tenant_id=2b74a698716a48ec8bba95835a5607c9 HTTP/1.1" status: 200 len: 379 time: 0.1076159
2026-05-10 02:04:07.820 9 INFO neutron.wsgi [req-a9dd5624-6c6c-41cf-9891-55ee5989cd73 req-29ec77b1-cf8e-4049-9fcf-b8f2fb766f22 cc0e2c0a908940dd8d50841b22f12e77 2b74a698716a48ec8bba95835a5607c9 - - default default] 10.0.0.246 "GET /v2.0/ports?device_id=224c44d7-9e3a-4230-9e0b-0f54b77f10ca HTTP/1.1" status: 200 len: 210 time: 0.0337434
2026-05-10 02:04:08.171 9 WARNING neutron.scheduler.dhcp_agent_scheduler [req-4c0ebee7-ca04-4364-9d68-5d38b8455caf req-f50a1628-4564-4447-bd7b-05375a101ec8 cc0e2c0a908940dd8d50841b22f12e77 2b74a698716a48ec8bba95835a5607c9 - - default default] No more DHCP agents
2026-05-10 02:04:08.178 9 WARNING neutron.api.rpc.agentnotifiers.dhcp_rpc_agent_api [req-4c0ebee7-ca04-4364-9d68-5d38b8455caf req-f50a1628-4564-4447-bd7b-05375a101ec8 cc0e2c0a908940dd8d50841b22f12e77 2b74a698716a48ec8bba95835a5607c9 - - default default] Unable to schedule network 89434eb6-a740-4de5-ac34-ebabee3b1ec1: no agents available; will retry on subsequent port and subnet creation events.
2026-05-10 02:04:08.241 10 WARNING neutron.scheduler.dhcp_agent_scheduler [None req-7e19633d-f1d8-457f-826d-6bd2c48618e8 c2e4af040cdb46a6bc67485936fede77 7c2d186e3378427994fe383e0879853c - - default default] No more DHCP agents
2026-05-10 02:04:08.244 10 WARNING neutron.api.rpc.agentnotifiers.dhcp_rpc_agent_api [None req-7e19633d-f1d8-457f-826d-6bd2c48618e8 c2e4af040cdb46a6bc67485936fede77 7c2d186e3378427994fe383e0879853c - - default default] Unable to schedule network dfbabd14-5d32-4c5b-a1dc-e3d829959e3a: no agents available; will retry on subsequent port and subnet creation events.
2026-05-10 02:04:08.312 9 INFO neutron.db.ovn_revision_numbers_db [None req-032b453c-5ae9-412e-8aa2-45e125de7b8c - - - - - -] Successfully bumped revision number for resource bc60cc1b-5825-4762-b60e-ae382730f14e (type: ports) to 1
2026-05-10 02:04:08.404 9 INFO neutron.db.ovn_revision_numbers_db [req-4c0ebee7-ca04-4364-9d68-5d38b8455caf req-f50a1628-4564-4447-bd7b-05375a101ec8 cc0e2c0a908940dd8d50841b22f12e77 2b74a698716a48ec8bba95835a5607c9 - - default default] Successfully bumped revision number for resource bc44f699-0951-4d81-821b-afa1d706323d (type: ports) to 1
2026-05-10 02:04:08.407 10 INFO neutron.db.ovn_revision_numbers_db [None req-7e19633d-f1d8-457f-826d-6bd2c48618e8 c2e4af040cdb46a6bc67485936fede77 7c2d186e3378427994fe383e0879853c - - default default] Successfully bumped revision number for resource 781ff762-676c-4e7c-8137-7f67a05f121a (type: ports) to 1
2026-05-10 02:04:08.457 9 INFO neutron.wsgi [req-4c0ebee7-ca04-4364-9d68-5d38b8455caf req-f50a1628-4564-4447-bd7b-05375a101ec8 cc0e2c0a908940dd8d50841b22f12e77 2b74a698716a48ec8bba95835a5607c9 - - default default] 199.204.45.129 "POST /v2.0/ports HTTP/1.1" status: 201 len: 1158 time: 0.7494180 /var/lib/openstack/lib/python3.10/site-packages/pycadf/identifier.py:71: UserWarning: Invalid uuid: neutron. To ensure interoperability, identifiers should be a valid uuid. warnings.warn(('Invalid uuid: %s. To ensure interoperability, '
2026-05-10 02:04:08.815 9 WARNING neutron.plugins.ml2.drivers.ovn.mech_driver.ovsdb.ovn_client [None req-4abb913c-3f33-48cb-a24c-b9cb0af6d460 - - - - - -] No hosting information found for port b04194c6-09d9-4814-a9e9-e69c038f8390: RuntimeError: No hosting information found for port b04194c6-09d9-4814-a9e9-e69c038f8390
2026-05-10 02:04:08.816 9 INFO neutron.plugins.ml2.drivers.ovn.mech_driver.mech_driver [None req-4abb913c-3f33-48cb-a24c-b9cb0af6d460 - - - - - -] OVN reports status up for port: bc60cc1b-5825-4762-b60e-ae382730f14e
2026-05-10 02:04:08.839 10 INFO neutron.plugins.ml2.drivers.ovn.mech_driver.mech_driver [None req-4ef3eff0-9626-480d-9dbc-1cf236b23783 - - - - - -] OVN reports status up for port: 781ff762-676c-4e7c-8137-7f67a05f121a
2026-05-10 02:04:08.852 10 INFO neutron.plugins.ml2.plugin [None req-4ef3eff0-9626-480d-9dbc-1cf236b23783 - - - - - -] Attempt 1 to provision port 781ff762-676c-4e7c-8137-7f67a05f121a
2026-05-10 02:04:08.856 9 INFO neutron.plugins.ml2.plugin [None req-4abb913c-3f33-48cb-a24c-b9cb0af6d460 - - - - - -] Attempt 1 to provision port bc60cc1b-5825-4762-b60e-ae382730f14e
2026-05-10 02:04:08.879 10 INFO neutron.db.ovn_revision_numbers_db [None req-7e19633d-f1d8-457f-826d-6bd2c48618e8 c2e4af040cdb46a6bc67485936fede77 7c2d186e3378427994fe383e0879853c - - default default] Successfully bumped revision number for resource 781ff762-676c-4e7c-8137-7f67a05f121a (type: router_ports) to 1
2026-05-10 02:04:09.086 9 INFO neutron.db.ovn_revision_numbers_db [None req-032b453c-5ae9-412e-8aa2-45e125de7b8c - - - - - -] Successfully bumped revision number for resource bc60cc1b-5825-4762-b60e-ae382730f14e (type: router_ports) to 3
2026-05-10 02:04:09.109 10 INFO neutron.wsgi [req-fcaabcbc-6df9-4b24-b175-bbd71e08cc22 req-6be26529-6e3a-4ed9-8d82-3df35d766bb8 cc0e2c0a908940dd8d50841b22f12e77 2b74a698716a48ec8bba95835a5607c9 - - default default] 10.0.0.246 "GET /v2.0/ports?device_id=224c44d7-9e3a-4230-9e0b-0f54b77f10ca HTTP/1.1" status: 200 len: 1156 time: 0.2040064
2026-05-10 02:04:09.193 10 INFO neutron.wsgi [req-fcaabcbc-6df9-4b24-b175-bbd71e08cc22 req-3f1dbe8e-4800-4b4b-896e-3ebc89dd5ffd cc0e2c0a908940dd8d50841b22f12e77 2b74a698716a48ec8bba95835a5607c9 - - default default] 10.0.0.246 "GET /v2.0/security-groups?id=ac698993-054c-4286-9526-5009c3fde905&fields=id&fields=name HTTP/1.1" status: 200 len: 312 time: 0.0750272
2026-05-10 02:04:09.223 10 INFO neutron.db.ovn_revision_numbers_db [None req-7e19633d-f1d8-457f-826d-6bd2c48618e8 c2e4af040cdb46a6bc67485936fede77 7c2d186e3378427994fe383e0879853c - - default default] Successfully bumped revision number for resource 781ff762-676c-4e7c-8137-7f67a05f121a (type: ports) to 1
2026-05-10 02:04:09.292 10 INFO neutron.db.ovn_revision_numbers_db [None req-4ef3eff0-9626-480d-9dbc-1cf236b23783 - - - - - -] Successfully bumped revision number for resource 781ff762-676c-4e7c-8137-7f67a05f121a (type: ports) to 2
2026-05-10 02:04:09.320 10 WARNING neutron.scheduler.dhcp_agent_scheduler [None req-7e19633d-f1d8-457f-826d-6bd2c48618e8 c2e4af040cdb46a6bc67485936fede77 7c2d186e3378427994fe383e0879853c - - default default] No more DHCP agents
2026-05-10 02:04:09.325 10 WARNING neutron.api.rpc.agentnotifiers.dhcp_rpc_agent_api [None req-7e19633d-f1d8-457f-826d-6bd2c48618e8 c2e4af040cdb46a6bc67485936fede77 7c2d186e3378427994fe383e0879853c - - default default] Unable to schedule network dfbabd14-5d32-4c5b-a1dc-e3d829959e3a: no agents available; will retry on subsequent port and subnet creation events.
2026-05-10 02:04:09.360 9 INFO neutron.wsgi [None req-4c25afe4-0650-447f-b5fd-f24df5e2d442 b477c62976d24feda1acaae2b27b29be b58a4c05e6074359883ff168fa613fe1 - - default default] 10.0.0.247 "GET /v2.0/routers HTTP/1.1" status: 200 len: 1521 time: 0.2722507 /var/lib/openstack/lib/python3.10/site-packages/pycadf/identifier.py:71: UserWarning: Invalid uuid: neutron. To ensure interoperability, identifiers should be a valid uuid. warnings.warn(('Invalid uuid: %s. To ensure interoperability, '
2026-05-10 02:04:09.380 9 ERROR ovsdbapp.backend.ovs_idl.transaction [None req-032b453c-5ae9-412e-8aa2-45e125de7b8c - - - - - -]
Traceback (most recent call last): File "/var/lib/openstack/lib/python3.10/site-packages/ovsdbapp/backend/ovs_idl/connection.py", line 118, in run txn.results.put(txn.do_commit())
File "/var/lib/openstack/lib/python3.10/site-packages/ovsdbapp/backend/ovs_idl/transaction.py", line 92, in do_commit command.run_idl(txn)
File "/var/lib/openstack/lib/python3.10/site-packages/neutron/plugins/ml2/drivers/ovn/mech_driver/ovsdb/commands.py", line 825, in run_idl raise ovn_exc.RevisionConflict( neutron.common.ovn.exceptions.RevisionConflict: OVN revision number for bc60cc1b-5825-4762-b60e-ae382730f14e (type: ports) is higher than the given resource. Skipping update 
2026-05-10 02:04:09.380 9 INFO neutron.plugins.ml2.drivers.ovn.mech_driver.ovsdb.impl_idl_ovn [None req-032b453c-5ae9-412e-8aa2-45e125de7b8c - - - - - -] Transaction aborted. Reason: OVN revision number for bc60cc1b-5825-4762-b60e-ae382730f14e (type: ports) is higher than the given resource. Skipping update
2026-05-10 02:04:09.398 9 INFO neutron.wsgi [None req-b18f8277-7cb2-4943-83bd-7b4c8dd1583a b477c62976d24feda1acaae2b27b29be b58a4c05e6074359883ff168fa613fe1 - - default default] 10.0.0.247 "GET /v2.0/agents?binary=ovn-controller HTTP/1.1" status: 200 len: 591 time: 0.0333896
2026-05-10 02:04:09.425 9 INFO neutron.db.ovn_revision_numbers_db [None req-4abb913c-3f33-48cb-a24c-b9cb0af6d460 - - - - - -] Successfully bumped revision number for resource bc60cc1b-5825-4762-b60e-ae382730f14e (type: ports) to 4
2026-05-10 02:04:09.484 9 INFO neutron.wsgi [None req-96e8b6d0-14c9-4400-8261-545ed16275f7 b477c62976d24feda1acaae2b27b29be b58a4c05e6074359883ff168fa613fe1 - - default default] 10.0.0.247 "GET /v2.0/subnets HTTP/1.1" status: 200 len: 6137 time: 0.0833788
2026-05-10 02:04:09.527 9 INFO neutron.wsgi [None req-167d234d-9930-42c9-9032-5b8bc4ec9785 b477c62976d24feda1acaae2b27b29be b58a4c05e6074359883ff168fa613fe1 - - default default] 10.0.0.247 "GET /v2.0/floatingips HTTP/1.1" status: 200 len: 193 time: 0.0373523
2026-05-10 02:04:09.571 9 INFO neutron.db.ovn_revision_numbers_db [req-4c0ebee7-ca04-4364-9d68-5d38b8455caf req-73f22958-7517-414b-9811-93e68fa421cc 071487f74c7148fd846b50b2a68aa9ab 506a88a9e8484628affc56649e365da4 - - be153b6ef6404744af3deace32e5da1d be153b6ef6404744af3deace32e5da1d] Successfully bumped revision number for resource bc44f699-0951-4d81-821b-afa1d706323d (type: ports) to 2
2026-05-10 02:04:09.588 9 INFO neutron.wsgi [None req-dad75a77-c463-40d2-95ba-fbdab9809f6e b477c62976d24feda1acaae2b27b29be b58a4c05e6074359883ff168fa613fe1 - - default default] 10.0.0.247 "GET /v2.0/ports HTTP/1.1" status: 200 len: 14954 time: 0.0561812
2026-05-10 02:04:09.650 9 INFO neutron.wsgi [None req-e0242855-a465-481a-b460-801f7e04b31b b477c62976d24feda1acaae2b27b29be b58a4c05e6074359883ff168fa613fe1 - - default default] 10.0.0.247 "GET /v2.0/subnets HTTP/1.1" status: 200 len: 6137 time: 0.0532708
2026-05-10 02:04:09.680 9 INFO neutron.wsgi [None req-d605cea0-7510-486b-acc5-e65a9baa88ce b477c62976d24feda1acaae2b27b29be b58a4c05e6074359883ff168fa613fe1 - - default default] 10.0.0.247 "GET /v2.0/subnetpools HTTP/1.1" status: 200 len: 193 time: 0.0140235
2026-05-10 02:04:09.698 10 INFO neutron.db.ovn_revision_numbers_db [None req-4ef3eff0-9626-480d-9dbc-1cf236b23783 - - - - - -] Successfully bumped revision number for resource 781ff762-676c-4e7c-8137-7f67a05f121a (type: router_ports) to 2
2026-05-10 02:04:09.790 9 INFO neutron.wsgi [None req-88eebbe4-9b76-4e82-9a7c-364e001a3175 b477c62976d24feda1acaae2b27b29be b58a4c05e6074359883ff168fa613fe1 - - default default] 10.0.0.247 "GET /v2.0/security-groups HTTP/1.1" status: 200 len: 27451 time: 0.1063263
2026-05-10 02:04:09.835 9 INFO neutron.wsgi [None req-f85368bd-40c7-4267-94f7-a5140912ca99 b477c62976d24feda1acaae2b27b29be b58a4c05e6074359883ff168fa613fe1 - - default default] 10.0.0.247 "GET /v2.0/network-ip-availabilities HTTP/1.1" status: 200 len: 3808 time: 0.0376587 /var/lib/openstack/lib/python3.10/site-packages/pycadf/identifier.py:71: UserWarning: Invalid uuid: neutron. To ensure interoperability, identifiers should be a valid uuid. warnings.warn(('Invalid uuid: %s. To ensure interoperability, '
2026-05-10 02:04:09.872 9 INFO neutron.wsgi [None req-e393f40b-de71-49b7-8b89-d813279e650b b477c62976d24feda1acaae2b27b29be b58a4c05e6074359883ff168fa613fe1 - - default default] 10.0.0.247 "GET /v2.0/agents HTTP/1.1" status: 200 len: 997 time: 0.0342171
2026-05-10 02:04:09.878 10 INFO neutron.db.ovn_revision_numbers_db [None req-16ef6f58-feb3-4e75-b828-c639ed18c7fe edb696cc1994485fa03f309093f85845 219d6f47e5bb4e7eb6af5084bf5f0398 - - default default] Successfully bumped revision number for resource 01863c74-9f61-4f34-ade7-c87f6e622f41 (type: security_groups) to 1
2026-05-10 02:04:09.897 9 INFO neutron.db.ovn_revision_numbers_db [None req-4abb913c-3f33-48cb-a24c-b9cb0af6d460 - - - - - -] Successfully bumped revision number for resource bc60cc1b-5825-4762-b60e-ae382730f14e (type: router_ports) to 4
2026-05-10 02:04:09.916 10 INFO neutron.db.ovn_revision_numbers_db [None req-16ef6f58-feb3-4e75-b828-c639ed18c7fe edb696cc1994485fa03f309093f85845 219d6f47e5bb4e7eb6af5084bf5f0398 - - default default] Successfully bumped revision number for resource 1312159c-0f21-4af6-8ffd-3777a83be6d9 (type: security_group_rules) to 0
2026-05-10 02:04:09.941 10 INFO neutron.db.ovn_revision_numbers_db [None req-16ef6f58-feb3-4e75-b828-c639ed18c7fe edb696cc1994485fa03f309093f85845 219d6f47e5bb4e7eb6af5084bf5f0398 - - default default] Successfully bumped revision number for resource 72ba8444-1a4f-4628-a6be-f753fcd8ab32 (type: security_group_rules) to 0
2026-05-10 02:04:09.955 10 INFO neutron.db.ovn_revision_numbers_db [None req-7e19633d-f1d8-457f-826d-6bd2c48618e8 c2e4af040cdb46a6bc67485936fede77 7c2d186e3378427994fe383e0879853c - - default default] Successfully bumped revision number for resource 781ff762-676c-4e7c-8137-7f67a05f121a (type: router_ports) to 2
2026-05-10 02:04:09.958 10 INFO neutron.wsgi [None req-7e19633d-f1d8-457f-826d-6bd2c48618e8 c2e4af040cdb46a6bc67485936fede77 7c2d186e3378427994fe383e0879853c - - default default] 10.0.0.101 "PUT /v2.0/routers/cb7f92f5-9328-4ad0-aca3-bb1aaef27a3b/add_router_interface HTTP/1.1" status: 200 len: 503 time: 2.2610660
2026-05-10 02:04:09.958 10 INFO neutron.db.ovn_revision_numbers_db [None req-16ef6f58-feb3-4e75-b828-c639ed18c7fe edb696cc1994485fa03f309093f85845 219d6f47e5bb4e7eb6af5084bf5f0398 - - default default] Successfully bumped revision number for resource 7833b8d9-120a-4bf5-a4f8-e2aa73942537 (type: security_group_rules) to 0
2026-05-10 02:04:09.986 10 INFO neutron.db.ovn_revision_numbers_db [None req-16ef6f58-feb3-4e75-b828-c639ed18c7fe edb696cc1994485fa03f309093f85845 219d6f47e5bb4e7eb6af5084bf5f0398 - - default default] Successfully bumped revision number for resource d52f3b1c-2078-49b9-8c14-f064fc2f76a2 (type: security_group_rules) to 0
2026-05-10 02:04:10.015 9 INFO neutron.wsgi [None req-bab5e75b-1b74-4442-999b-4cf996357831 b477c62976d24feda1acaae2b27b29be b58a4c05e6074359883ff168fa613fe1 - - default default] 10.0.0.247 "GET /v2.0/networks HTTP/1.1" status: 200 len: 5465 time: 0.1396587
2026-05-10 02:04:10.020 9 INFO neutron.db.ovn_revision_numbers_db [req-4c0ebee7-ca04-4364-9d68-5d38b8455caf req-73f22958-7517-414b-9811-93e68fa421cc 071487f74c7148fd846b50b2a68aa9ab 506a88a9e8484628affc56649e365da4 - - be153b6ef6404744af3deace32e5da1d be153b6ef6404744af3deace32e5da1d] Successfully bumped revision number for resource bc44f699-0951-4d81-821b-afa1d706323d (type: ports) to 2
2026-05-10 02:04:10.038 9 INFO neutron.wsgi [req-4c0ebee7-ca04-4364-9d68-5d38b8455caf req-73f22958-7517-414b-9811-93e68fa421cc 071487f74c7148fd846b50b2a68aa9ab 506a88a9e8484628affc56649e365da4 - - be153b6ef6404744af3deace32e5da1d be153b6ef6404744af3deace32e5da1d] 199.204.45.129 "PUT /v2.0/ports/bc44f699-0951-4d81-821b-afa1d706323d HTTP/1.1" status: 200 len: 1376 time: 1.5689166
2026-05-10 02:04:10.070 10 INFO neutron.db.segments_db [None req-16ef6f58-feb3-4e75-b828-c639ed18c7fe edb696cc1994485fa03f309093f85845 219d6f47e5bb4e7eb6af5084bf5f0398 - - default default] Added segment de4e6f20-fc53-4515-86c9-d5d2f221d92c of type geneve for network b54a4e98-13f7-4f38-a179-468701692398
2026-05-10 02:04:10.079 9 INFO neutron.notifiers.nova [-] Nova event matching ['req-22bcee5a-3a36-4085-b505-2e61567d313b'] response: {'name': 'network-changed', 'server_uuid': '224c44d7-9e3a-4230-9e0b-0f54b77f10ca', 'tag': 'bc44f699-0951-4d81-821b-afa1d706323d', 'status': 'completed', 'code': 200}
2026-05-10 02:04:10.288 10 INFO neutron.db.ovn_revision_numbers_db [None req-16ef6f58-feb3-4e75-b828-c639ed18c7fe edb696cc1994485fa03f309093f85845 219d6f47e5bb4e7eb6af5084bf5f0398 - - default default] Successfully bumped revision number for resource b54a4e98-13f7-4f38-a179-468701692398 (type: networks) to 1
2026-05-10 02:04:10.324 10 INFO neutron.wsgi [req-a5d63276-6982-4d76-a689-98362ea21b1d req-2fd1df7e-3d2d-4c2f-adea-94d3dde35179 cc0e2c0a908940dd8d50841b22f12e77 2b74a698716a48ec8bba95835a5607c9 - - default default] 10.0.0.246 "GET /v2.0/ports?device_id=224c44d7-9e3a-4230-9e0b-0f54b77f10ca HTTP/1.1" status: 200 len: 1168 time: 0.0540969
2026-05-10 02:04:10.415 10 INFO neutron.wsgi [req-a5d63276-6982-4d76-a689-98362ea21b1d req-a3e2e319-a016-4e48-8ea5-365365d873a4 cc0e2c0a908940dd8d50841b22f12e77 2b74a698716a48ec8bba95835a5607c9 - - default default] 10.0.0.246 "GET /v2.0/security-groups?id=ac698993-054c-4286-9526-5009c3fde905&fields=id&fields=name HTTP/1.1" status: 200 len: 312 time: 0.0845459
2026-05-10 02:04:10.439 9 INFO neutron.wsgi [req-4c0ebee7-ca04-4364-9d68-5d38b8455caf req-245ab259-8904-4e2c-bc4a-74b506bfa862 071487f74c7148fd846b50b2a68aa9ab 506a88a9e8484628affc56649e365da4 - - be153b6ef6404744af3deace32e5da1d be153b6ef6404744af3deace32e5da1d] 199.204.45.129 "GET /v2.0/ports?tenant_id=2b74a698716a48ec8bba95835a5607c9&device_id=224c44d7-9e3a-4230-9e0b-0f54b77f10ca HTTP/1.1" status: 200 len: 1407 time: 0.3577302
2026-05-10 02:04:10.488 9 INFO neutron.wsgi [req-4c0ebee7-ca04-4364-9d68-5d38b8455caf req-78d364e9-f970-432c-ad4c-9fe305d7a26d 071487f74c7148fd846b50b2a68aa9ab 506a88a9e8484628affc56649e365da4 - - be153b6ef6404744af3deace32e5da1d be153b6ef6404744af3deace32e5da1d] 199.204.45.129 "GET /v2.0/floatingips?fixed_ip_address=10.100.0.5&port_id=bc44f699-0951-4d81-821b-afa1d706323d HTTP/1.1" status: 200 len: 217 time: 0.0345082
2026-05-10 02:04:10.534 9 INFO neutron.wsgi [req-4c0ebee7-ca04-4364-9d68-5d38b8455caf req-6a678de5-8f65-447d-86d9-e61e9234ec7e 071487f74c7148fd846b50b2a68aa9ab 506a88a9e8484628affc56649e365da4 - - be153b6ef6404744af3deace32e5da1d be153b6ef6404744af3deace32e5da1d] 199.204.45.129 "GET /v2.0/subnets?id=d6935d94-b0e1-4de7-bfca-aa2133ce9916 HTTP/1.1" status: 200 len: 853 time: 0.0417097
2026-05-10 02:04:10.568 9 INFO neutron.wsgi [req-4c0ebee7-ca04-4364-9d68-5d38b8455caf req-a25c630e-4128-46fe-b10c-4b4cbbd7a315 071487f74c7148fd846b50b2a68aa9ab 506a88a9e8484628affc56649e365da4 - - be153b6ef6404744af3deace32e5da1d be153b6ef6404744af3deace32e5da1d] 199.204.45.129 "GET /v2.0/ports?network_id=89434eb6-a740-4de5-ac34-ebabee3b1ec1&device_owner=network%3Adhcp HTTP/1.1" status: 200 len: 210 time: 0.0296099
2026-05-10 02:04:10.598 10 WARNING neutron.scheduler.dhcp_agent_scheduler [None req-16ef6f58-feb3-4e75-b828-c639ed18c7fe edb696cc1994485fa03f309093f85845 219d6f47e5bb4e7eb6af5084bf5f0398 - - default default] No more DHCP agents
2026-05-10 02:04:10.601 10 WARNING neutron.api.rpc.agentnotifiers.dhcp_rpc_agent_api [None req-16ef6f58-feb3-4e75-b828-c639ed18c7fe edb696cc1994485fa03f309093f85845 219d6f47e5bb4e7eb6af5084bf5f0398 - - default default] Unable to schedule network b54a4e98-13f7-4f38-a179-468701692398: no agents available; will retry on subsequent port and subnet creation events.
2026-05-10 02:04:10.634 9 INFO neutron.wsgi [req-4c0ebee7-ca04-4364-9d68-5d38b8455caf req-04195ef8-8636-42f3-9296-0e8ed4c1695a 071487f74c7148fd846b50b2a68aa9ab 506a88a9e8484628affc56649e365da4 - - be153b6ef6404744af3deace32e5da1d be153b6ef6404744af3deace32e5da1d] 199.204.45.129 "GET /v2.0/networks/89434eb6-a740-4de5-ac34-ebabee3b1ec1?fields=segments HTTP/1.1" status: 200 len: 212 time: 0.0584130
2026-05-10 02:04:10.707 9 INFO neutron.wsgi [req-4c0ebee7-ca04-4364-9d68-5d38b8455caf req-a5c8c82b-1243-4dd0-83a7-4c1c99b806d8 071487f74c7148fd846b50b2a68aa9ab 506a88a9e8484628affc56649e365da4 - - be153b6ef6404744af3deace32e5da1d be153b6ef6404744af3deace32e5da1d] 199.204.45.129 "GET /v2.0/networks/89434eb6-a740-4de5-ac34-ebabee3b1ec1?fields=provider%3Aphysical_network&fields=provider%3Anetwork_type HTTP/1.1" status: 200 len: 277 time: 0.0646684
2026-05-10 02:04:10.708 10 INFO neutron.db.ovn_revision_numbers_db [None req-16ef6f58-feb3-4e75-b828-c639ed18c7fe edb696cc1994485fa03f309093f85845 219d6f47e5bb4e7eb6af5084bf5f0398 - - default default] Successfully bumped revision number for resource 31a9ad63-39cb-4940-a1de-e53b210de4ce (type: ports) to 1
2026-05-10 02:04:10.718 10 WARNING neutron.scheduler.dhcp_agent_scheduler [None req-815539f9-c49c-49fe-b18a-5678a131b1e4 c2e4af040cdb46a6bc67485936fede77 7c2d186e3378427994fe383e0879853c - - default default] No more DHCP agents
2026-05-10 02:04:10.728 10 WARNING neutron.api.rpc.agentnotifiers.dhcp_rpc_agent_api [None req-815539f9-c49c-49fe-b18a-5678a131b1e4 c2e4af040cdb46a6bc67485936fede77 7c2d186e3378427994fe383e0879853c - - default default] Unable to schedule network 713e0b06-164a-40fb-a808-c56a306ba985: no agents available; will retry on subsequent port and subnet creation events.
2026-05-10 02:04:10.747 10 INFO neutron.wsgi [None req-16ef6f58-feb3-4e75-b828-c639ed18c7fe edb696cc1994485fa03f309093f85845 219d6f47e5bb4e7eb6af5084bf5f0398 - - default default] 10.0.0.101 "POST /v2.0/networks HTTP/1.1" status: 201 len: 830 time: 1.1230602
2026-05-10 02:04:10.786 9 INFO neutron.wsgi [req-2891da82-24a0-4124-a5b4-266607692ada req-d529ad44-7a92-41ef-af1e-d4be82c8acd5 071487f74c7148fd846b50b2a68aa9ab 506a88a9e8484628affc56649e365da4 - - be153b6ef6404744af3deace32e5da1d be153b6ef6404744af3deace32e5da1d] 199.204.45.129 "GET /v2.0/ports?tenant_id=2b74a698716a48ec8bba95835a5607c9&device_id=224c44d7-9e3a-4230-9e0b-0f54b77f10ca HTTP/1.1" status: 200 len: 1407 time: 0.0321603
2026-05-10 02:04:10.852 9 INFO neutron.wsgi [req-2891da82-24a0-4124-a5b4-266607692ada req-f2a7a350-2e7a-4670-89af-d69753a85288 071487f74c7148fd846b50b2a68aa9ab 506a88a9e8484628affc56649e365da4 - - be153b6ef6404744af3deace32e5da1d be153b6ef6404744af3deace32e5da1d] 199.204.45.129 "GET /v2.0/networks?id=89434eb6-a740-4de5-ac34-ebabee3b1ec1 HTTP/1.1" status: 200 len: 958 time: 0.0582323
2026-05-10 02:04:10.882 10 INFO neutron.db.segments_db [None req-ab792a0f-616d-40e9-baeb-78e67d3719c5 edb696cc1994485fa03f309093f85845 219d6f47e5bb4e7eb6af5084bf5f0398 - - default default] Added segment c20e615f-244f-40e0-b645-0357a674ba3b of type geneve for network 36e3068b-4ed2-4a4f-a62b-7d852d71e3d8
2026-05-10 02:04:10.895 9 INFO neutron.wsgi [req-2891da82-24a0-4124-a5b4-266607692ada req-81011d96-744a-4285-bf22-12a6b8fb7044 071487f74c7148fd846b50b2a68aa9ab 506a88a9e8484628affc56649e365da4 - - be153b6ef6404744af3deace32e5da1d be153b6ef6404744af3deace32e5da1d] 199.204.45.129 "GET /v2.0/floatingips?fixed_ip_address=10.100.0.5&port_id=bc44f699-0951-4d81-821b-afa1d706323d HTTP/1.1" status: 200 len: 217 time: 0.0379028
2026-05-10 02:04:10.948 9 INFO neutron.wsgi [req-2891da82-24a0-4124-a5b4-266607692ada req-746dce11-295f-4ed7-984c-47f5d1de8654 071487f74c7148fd846b50b2a68aa9ab 506a88a9e8484628affc56649e365da4 - - be153b6ef6404744af3deace32e5da1d be153b6ef6404744af3deace32e5da1d] 199.204.45.129 "GET /v2.0/subnets?id=d6935d94-b0e1-4de7-bfca-aa2133ce9916 HTTP/1.1" status: 200 len: 853 time: 0.0404193
2026-05-10 02:04:11.000 9 INFO neutron.wsgi [req-2891da82-24a0-4124-a5b4-266607692ada req-6c7c44b0-d2ba-4e30-8684-ee594810697d 071487f74c7148fd846b50b2a68aa9ab 506a88a9e8484628affc56649e365da4 - - be153b6ef6404744af3deace32e5da1d be153b6ef6404744af3deace32e5da1d] 199.204.45.129 "GET /v2.0/ports?network_id=89434eb6-a740-4de5-ac34-ebabee3b1ec1&device_owner=network%3Adhcp HTTP/1.1" status: 200 len: 210 time: 0.0351658
2026-05-10 02:04:11.015 10 INFO neutron.db.ovn_revision_numbers_db [None req-815539f9-c49c-49fe-b18a-5678a131b1e4 c2e4af040cdb46a6bc67485936fede77 7c2d186e3378427994fe383e0879853c - - default default] Successfully bumped revision number for resource a5d741a3-bfb9-42b1-900a-9dbe502a11b8 (type: ports) to 1
2026-05-10 02:04:11.067 9 INFO neutron.wsgi [req-2891da82-24a0-4124-a5b4-266607692ada req-1c5b116a-66a9-40d4-afa2-f7f224e331f7 071487f74c7148fd846b50b2a68aa9ab 506a88a9e8484628affc56649e365da4 - - be153b6ef6404744af3deace32e5da1d be153b6ef6404744af3deace32e5da1d] 199.204.45.129 "GET /v2.0/networks/89434eb6-a740-4de5-ac34-ebabee3b1ec1?fields=segments HTTP/1.1" status: 200 len: 212 time: 0.0552866
2026-05-10 02:04:11.137 9 INFO neutron.wsgi [req-2891da82-24a0-4124-a5b4-266607692ada req-ac98adbd-30a2-442c-914e-e6cd95df4d4a 071487f74c7148fd846b50b2a68aa9ab 506a88a9e8484628affc56649e365da4 - - be153b6ef6404744af3deace32e5da1d be153b6ef6404744af3deace32e5da1d] 199.204.45.129 "GET /v2.0/networks/89434eb6-a740-4de5-ac34-ebabee3b1ec1?fields=provider%3Aphysical_network&fields=provider%3Anetwork_type HTTP/1.1" status: 200 len: 277 time: 0.0626998
2026-05-10 02:04:11.138 10 INFO neutron.db.ovn_revision_numbers_db [None req-ab792a0f-616d-40e9-baeb-78e67d3719c5 edb696cc1994485fa03f309093f85845 219d6f47e5bb4e7eb6af5084bf5f0398 - - default default] Successfully bumped revision number for resource 36e3068b-4ed2-4a4f-a62b-7d852d71e3d8 (type: networks) to 1
2026-05-10 02:04:11.355 10 WARNING neutron.scheduler.dhcp_agent_scheduler [None req-ab792a0f-616d-40e9-baeb-78e67d3719c5 edb696cc1994485fa03f309093f85845 219d6f47e5bb4e7eb6af5084bf5f0398 - - default default] No more DHCP agents
2026-05-10 02:04:11.359 10 WARNING neutron.api.rpc.agentnotifiers.dhcp_rpc_agent_api [None req-ab792a0f-616d-40e9-baeb-78e67d3719c5 edb696cc1994485fa03f309093f85845 219d6f47e5bb4e7eb6af5084bf5f0398 - - default default] Unable to schedule network 36e3068b-4ed2-4a4f-a62b-7d852d71e3d8: no agents available; will retry on subsequent port and subnet creation events.
2026-05-10 02:04:11.475 10 INFO neutron.db.ovn_revision_numbers_db [None req-ab792a0f-616d-40e9-baeb-78e67d3719c5 edb696cc1994485fa03f309093f85845 219d6f47e5bb4e7eb6af5084bf5f0398 - - default default] Successfully bumped revision number for resource 28b62ab8-ba85-48b1-8a38-ab90a3331c75 (type: ports) to 1
2026-05-10 02:04:11.507 10 INFO neutron.wsgi [None req-ab792a0f-616d-40e9-baeb-78e67d3719c5 edb696cc1994485fa03f309093f85845 219d6f47e5bb4e7eb6af5084bf5f0398 - - default default] 10.0.0.101 "POST /v2.0/networks HTTP/1.1" status: 201 len: 830 time: 0.7515008
2026-05-10 02:04:11.560 9 INFO neutron.wsgi [req-2985b5f8-d6b0-4133-a530-b60b63e12306 req-0069c802-1eb1-4684-8c02-8b56b60421f4 cc0e2c0a908940dd8d50841b22f12e77 2b74a698716a48ec8bba95835a5607c9 - - default default] 10.0.0.246 "GET /v2.0/ports?device_id=224c44d7-9e3a-4230-9e0b-0f54b77f10ca HTTP/1.1" status: 200 len: 1168 time: 0.0842397
2026-05-10 02:04:11.607 9 INFO neutron.wsgi [req-2985b5f8-d6b0-4133-a530-b60b63e12306 req-bdd80f92-c583-4bd3-95d1-60c76201317b cc0e2c0a908940dd8d50841b22f12e77 2b74a698716a48ec8bba95835a5607c9 - - default default] 10.0.0.246 "GET /v2.0/security-groups?id=ac698993-054c-4286-9526-5009c3fde905&fields=id&fields=name HTTP/1.1" status: 200 len: 312 time: 0.0385454
2026-05-10 02:04:11.662 10 INFO neutron.db.segments_db [None req-7a2d4dac-9b64-4f13-9d87-cd160f8ce74f edb696cc1994485fa03f309093f85845 219d6f47e5bb4e7eb6af5084bf5f0398 - - default default] Added segment e3de5e7e-bf73-4dc3-9af5-8e7d96641620 of type geneve for network c6fcfef4-6d74-4a22-91a8-8424afa39847
2026-05-10 02:04:11.749 9 INFO neutron.plugins.ml2.drivers.ovn.mech_driver.mech_driver [None req-4abb913c-3f33-48cb-a24c-b9cb0af6d460 - - - - - -] OVN reports status up for port: a5d741a3-bfb9-42b1-900a-9dbe502a11b8
2026-05-10 02:04:11.757 9 INFO neutron.plugins.ml2.plugin [None req-4abb913c-3f33-48cb-a24c-b9cb0af6d460 - - - - - -] Attempt 1 to provision port a5d741a3-bfb9-42b1-900a-9dbe502a11b8
2026-05-10 02:04:11.789 10 INFO neutron.db.ovn_revision_numbers_db [None req-815539f9-c49c-49fe-b18a-5678a131b1e4 c2e4af040cdb46a6bc67485936fede77 7c2d186e3378427994fe383e0879853c - - default default] Successfully bumped revision number for resource a5d741a3-bfb9-42b1-900a-9dbe502a11b8 (type: router_ports) to 1
2026-05-10 02:04:11.823 10 INFO neutron.db.ovn_revision_numbers_db [None req-7a2d4dac-9b64-4f13-9d87-cd160f8ce74f edb696cc1994485fa03f309093f85845 219d6f47e5bb4e7eb6af5084bf5f0398 - - default default] Successfully bumped revision number for resource c6fcfef4-6d74-4a22-91a8-8424afa39847 (type: networks) to 1
2026-05-10 02:04:12.037 9 INFO neutron.db.ovn_revision_numbers_db [None req-4abb913c-3f33-48cb-a24c-b9cb0af6d460 - - - - - -] Successfully bumped revision number for resource a5d741a3-bfb9-42b1-900a-9dbe502a11b8 (type: ports) to 2
2026-05-10 02:04:12.037 10 INFO neutron.db.ovn_revision_numbers_db [None req-815539f9-c49c-49fe-b18a-5678a131b1e4 c2e4af040cdb46a6bc67485936fede77 7c2d186e3378427994fe383e0879853c - - default default] Successfully bumped revision number for resource a5d741a3-bfb9-42b1-900a-9dbe502a11b8 (type: ports) to 1
2026-05-10 02:04:12.065 10 WARNING neutron.scheduler.dhcp_agent_scheduler [None req-7a2d4dac-9b64-4f13-9d87-cd160f8ce74f edb696cc1994485fa03f309093f85845 219d6f47e5bb4e7eb6af5084bf5f0398 - - default default] No more DHCP agents
2026-05-10 02:04:12.072 10 WARNING neutron.api.rpc.agentnotifiers.dhcp_rpc_agent_api [None req-7a2d4dac-9b64-4f13-9d87-cd160f8ce74f edb696cc1994485fa03f309093f85845 219d6f47e5bb4e7eb6af5084bf5f0398 - - default default] Unable to schedule network c6fcfef4-6d74-4a22-91a8-8424afa39847: no agents available; will retry on subsequent port and subnet creation events.
2026-05-10 02:04:12.161 9 INFO neutron.db.ovn_revision_numbers_db [None req-4abb913c-3f33-48cb-a24c-b9cb0af6d460 - - - - - -] Successfully bumped revision number for resource a5d741a3-bfb9-42b1-900a-9dbe502a11b8 (type: router_ports) to 2
2026-05-10 02:04:12.191 10 WARNING neutron.scheduler.dhcp_agent_scheduler [None req-815539f9-c49c-49fe-b18a-5678a131b1e4 c2e4af040cdb46a6bc67485936fede77 7c2d186e3378427994fe383e0879853c - - default default] No more DHCP agents
2026-05-10 02:04:12.193 10 WARNING neutron.api.rpc.agentnotifiers.dhcp_rpc_agent_api [None req-815539f9-c49c-49fe-b18a-5678a131b1e4 c2e4af040cdb46a6bc67485936fede77 7c2d186e3378427994fe383e0879853c - - default default] Unable to schedule network 713e0b06-164a-40fb-a808-c56a306ba985: no agents available; will retry on subsequent port and subnet creation events.
2026-05-10 02:04:12.214 10 INFO neutron.db.ovn_revision_numbers_db [None req-7a2d4dac-9b64-4f13-9d87-cd160f8ce74f edb696cc1994485fa03f309093f85845 219d6f47e5bb4e7eb6af5084bf5f0398 - - default default] Successfully bumped revision number for resource ede7c605-ee10-46ac-b738-68f1a8659833 (type: ports) to 1
2026-05-10 02:04:12.501 10 INFO neutron.wsgi [None req-7a2d4dac-9b64-4f13-9d87-cd160f8ce74f edb696cc1994485fa03f309093f85845 219d6f47e5bb4e7eb6af5084bf5f0398 - - default default] 10.0.0.101 "POST /v2.0/networks HTTP/1.1" status: 201 len: 831 time: 0.9882331
2026-05-10 02:04:12.591 9 INFO neutron.db.segments_db [None req-833ab99a-2454-4247-8292-4bebac022c76 edb696cc1994485fa03f309093f85845 219d6f47e5bb4e7eb6af5084bf5f0398 - - default default] Added segment a05a62ec-5717-4e09-9089-a5c18c7dfca5 of type geneve for network 24659de0-593e-4f86-b6b4-2bf7222c2eea
