2026-05-10 02:01:02.946 10 INFO neutron.wsgi [req-5a74832c-55ad-40a4-91c8-6e50f8aadf5c req-f97a96ae-8ff8-4c62-a0bc-e97f5efc4295 83b037f34e3f444eaf03a1c295d9fe47 33160cd1f02e47b099e573ede7e9257d - - default default] 199.204.45.129 "GET /v2.0/security-groups?fields=id&fields=name&tenant_id=33160cd1f02e47b099e573ede7e9257d HTTP/1.1" status: 200 len: 379 time: 0.0541663
2026-05-10 02:01:02.948 9 INFO neutron.wsgi [None req-c66a9a3e-0c6a-465b-ae09-f4f2e946d980 b477c62976d24feda1acaae2b27b29be b58a4c05e6074359883ff168fa613fe1 - - default default] 10.0.0.101 "GET /v2.0/security-groups?tenant_id=3ec3a00e55a04b30a7f30ed8ed939461&name=default HTTP/1.1" status: 200 len: 2996 time: 0.3352091
2026-05-10 02:01:03.272 9 INFO neutron.wsgi [None req-f83cf3e8-4aaa-4ae6-9a15-4c4e2e998619 b477c62976d24feda1acaae2b27b29be b58a4c05e6074359883ff168fa613fe1 - - default default] 10.0.0.101 "DELETE /v2.0/security-groups/dfd03154-7a85-4c7e-8646-8d2215fa8345 HTTP/1.1" status: 204 len: 168 time: 0.3184898
2026-05-10 02:01:03.545 10 INFO neutron.wsgi [None req-668f3b1f-e486-49c5-b6e6-641c4d952ec2 b477c62976d24feda1acaae2b27b29be b58a4c05e6074359883ff168fa613fe1 - - default default] 10.0.0.101 "DELETE /v2.0/networks/257fa69a-36de-4ddb-8dc2-61d9ad2d03ed HTTP/1.1" status: 204 len: 168 time: 0.7380674
2026-05-10 02:01:03.550 9 INFO neutron.wsgi [None req-11c525ea-06ee-4753-8476-3326fd763a9b b477c62976d24feda1acaae2b27b29be b58a4c05e6074359883ff168fa613fe1 - - default default] 10.0.0.101 "DELETE /v2.0/routers/e6664e0e-f6de-43b1-b4dc-6761c6fb9c31 HTTP/1.1" status: 204 len: 168 time: 0.7151802
2026-05-10 02:01:03.572 9 INFO neutron.wsgi [req-190497e1-b50d-45d6-87ad-b0bdfaa391b6 req-c40509fc-5ea7-44a3-a62b-be2b7b31e498 83b037f34e3f444eaf03a1c295d9fe47 33160cd1f02e47b099e573ede7e9257d - - default default] 10.0.0.246 "GET /v2.0/ports?device_id=e267e5b7-e5d4-40e1-af31-fc50736e11ec HTTP/1.1" status: 200 len: 210 time: 0.0379922
2026-05-10 02:01:03.625 9 WARNING neutron.plugins.ml2.drivers.ovn.mech_driver.ovsdb.ovn_client [None req-4abb913c-3f33-48cb-a24c-b9cb0af6d460 - - - - - -] No port found with ID 4ab9fd09-5020-4cbf-b342-de37d7535f1d: RuntimeError: No port found with ID 4ab9fd09-5020-4cbf-b342-de37d7535f1d
2026-05-10 02:01:03.626 9 INFO neutron.plugins.ml2.drivers.ovn.mech_driver.mech_driver [None req-4abb913c-3f33-48cb-a24c-b9cb0af6d460 - - - - - -] OVN reports status up for port: 6b788968-e9d8-4222-a52c-d8c6a21f1126
2026-05-10 02:01:03.633 9 INFO neutron.plugins.ml2.plugin [None req-4abb913c-3f33-48cb-a24c-b9cb0af6d460 - - - - - -] Attempt 1 to provision port 6b788968-e9d8-4222-a52c-d8c6a21f1126
2026-05-10 02:01:03.680 10 WARNING neutron.scheduler.dhcp_agent_scheduler [req-5a74832c-55ad-40a4-91c8-6e50f8aadf5c req-6941e67c-c9c7-4f1c-a22f-898b068a15a2 83b037f34e3f444eaf03a1c295d9fe47 33160cd1f02e47b099e573ede7e9257d - - default default] No more DHCP agents
2026-05-10 02:01:03.686 10 WARNING neutron.api.rpc.agentnotifiers.dhcp_rpc_agent_api [req-5a74832c-55ad-40a4-91c8-6e50f8aadf5c req-6941e67c-c9c7-4f1c-a22f-898b068a15a2 83b037f34e3f444eaf03a1c295d9fe47 33160cd1f02e47b099e573ede7e9257d - - default default] Unable to schedule network 02d1da56-5c00-4db6-9b09-954a2dc21b2d: no agents available; will retry on subsequent port and subnet creation events. /var/lib/openstack/lib/python3.10/site-packages/pycadf/identifier.py:71: UserWarning: Invalid uuid: neutron. To ensure interoperability, identifiers should be a valid uuid. warnings.warn(('Invalid uuid: %s. To ensure interoperability, '
2026-05-10 02:01:03.861 10 INFO neutron.wsgi [None req-6533f070-85a5-4af7-b14c-631f564614c7 b477c62976d24feda1acaae2b27b29be b58a4c05e6074359883ff168fa613fe1 - - default default] 10.0.0.101 "GET /v2.0/security-groups?tenant_id=6f2e590e17a6432483502ce2e14b581c&name=default HTTP/1.1" status: 200 len: 2992 time: 0.0825591
2026-05-10 02:01:03.903 10 INFO neutron.wsgi [None req-fd2489c4-017a-46c4-a343-44667217d695 b477c62976d24feda1acaae2b27b29be b58a4c05e6074359883ff168fa613fe1 - - default default] 10.0.0.101 "DELETE /v2.0/subnets/057cfde2-b0fa-450c-a1eb-08add714a5f6 HTTP/1.1" status: 204 len: 168 time: 0.3452108
2026-05-10 02:01:03.915 9 INFO neutron.db.ovn_revision_numbers_db [None req-4abb913c-3f33-48cb-a24c-b9cb0af6d460 - - - - - -] Successfully bumped revision number for resource 6b788968-e9d8-4222-a52c-d8c6a21f1126 (type: ports) to 2
2026-05-10 02:01:03.960 10 INFO neutron.db.ovn_revision_numbers_db [req-5a74832c-55ad-40a4-91c8-6e50f8aadf5c req-6941e67c-c9c7-4f1c-a22f-898b068a15a2 83b037f34e3f444eaf03a1c295d9fe47 33160cd1f02e47b099e573ede7e9257d - - default default] Successfully bumped revision number for resource c0bec486-5826-4c86-95c8-16a530bb5058 (type: ports) to 1
2026-05-10 02:01:03.987 10 INFO neutron.wsgi [req-5a74832c-55ad-40a4-91c8-6e50f8aadf5c req-6941e67c-c9c7-4f1c-a22f-898b068a15a2 83b037f34e3f444eaf03a1c295d9fe47 33160cd1f02e47b099e573ede7e9257d - - default default] 199.204.45.129 "POST /v2.0/ports HTTP/1.1" status: 201 len: 1158 time: 1.0335853
2026-05-10 02:01:04.001 10 INFO neutron.wsgi [req-5a74832c-55ad-40a4-91c8-6e50f8aadf5c req-54f83d28-3a7c-418a-baac-1dff904383fd 83b037f34e3f444eaf03a1c295d9fe47 33160cd1f02e47b099e573ede7e9257d - - default default] 199.204.45.129 "GET /v2.0/extensions HTTP/1.1" status: 200 len: 16525 time: 0.0068216
2026-05-10 02:01:04.019 10 INFO neutron.services.segments.plugin [-] Segment c523fec4-7353-4c4d-b9ca-6923fa0f6ae8 resource provider aggregate not found
2026-05-10 02:01:04.053 10 INFO neutron.services.segments.plugin [-] Segment c523fec4-7353-4c4d-b9ca-6923fa0f6ae8 resource provider aggregate not found
2026-05-10 02:01:04.059 10 INFO neutron.services.segments.plugin [-] Segment c523fec4-7353-4c4d-b9ca-6923fa0f6ae8 resource provider not found; error: Placement Client Error (4xx): {"errors": [{"status": 404, "title": "Not Found", "detail": "The resource could not be found.\n\n No resource provider with uuid c523fec4-7353-4c4d-b9ca-6923fa0f6ae8 found for delete ", "request_id": "req-758692da-d795-4d67-ac7f-ab609c47abdb"}]}
2026-05-10 02:01:04.070 10 INFO neutron.services.segments.plugin [-] Segment c523fec4-7353-4c4d-b9ca-6923fa0f6ae8 resource provider not found; error: Placement Client Error (4xx): {"errors": [{"status": 404, "title": "Not Found", "detail": "The resource could not be found.\n\n No resource provider with uuid c523fec4-7353-4c4d-b9ca-6923fa0f6ae8 found for delete ", "request_id": "req-0dbe7955-1390-4e79-8d07-fb0ef1a22650"}]}
2026-05-10 02:01:04.097 9 INFO neutron.db.ovn_revision_numbers_db [None req-4abb913c-3f33-48cb-a24c-b9cb0af6d460 - - - - - -] Successfully bumped revision number for resource 6b788968-e9d8-4222-a52c-d8c6a21f1126 (type: router_ports) to 2
2026-05-10 02:01:04.128 10 INFO neutron.wsgi [None req-77e87400-7a1f-4878-a3ad-72c69b8beecb b477c62976d24feda1acaae2b27b29be b58a4c05e6074359883ff168fa613fe1 - - default default] 10.0.0.101 "DELETE /v2.0/security-groups/00bd00a2-29d6-4a1d-be61-4dd9a6d76767 HTTP/1.1" status: 204 len: 168 time: 0.2608466
2026-05-10 02:01:04.520 9 INFO neutron.wsgi [None req-1b879b44-878c-4216-9ec6-5005d367b745 b477c62976d24feda1acaae2b27b29be b58a4c05e6074359883ff168fa613fe1 - - default default] 10.0.0.101 "DELETE /v2.0/networks/c2ba1240-295f-40eb-8dc5-9e727b0f3551 HTTP/1.1" status: 204 len: 168 time: 0.6109476
2026-05-10 02:01:04.752 9 INFO neutron.wsgi [None req-6ca8cf79-64d3-4226-9f91-750e406f8e04 b477c62976d24feda1acaae2b27b29be b58a4c05e6074359883ff168fa613fe1 - - default default] 10.0.0.101 "GET /v2.0/security-groups?tenant_id=c287b1333bf24b799666a1fb9590a831&name=default HTTP/1.1" status: 200 len: 2992 time: 0.0417726 /var/lib/openstack/lib/python3.10/site-packages/pycadf/identifier.py:71: UserWarning: Invalid uuid: neutron. To ensure interoperability, identifiers should be a valid uuid. warnings.warn(('Invalid uuid: %s. To ensure interoperability, '
2026-05-10 02:01:04.842 10 INFO neutron.wsgi [req-2904e6db-e2ad-4eeb-8be2-07223c3a1bdc req-5d4be9a4-763a-4ee4-acf5-a5c2f835544d 83b037f34e3f444eaf03a1c295d9fe47 33160cd1f02e47b099e573ede7e9257d - - default default] 10.0.0.246 "GET /v2.0/ports?device_id=e267e5b7-e5d4-40e1-af31-fc50736e11ec HTTP/1.1" status: 200 len: 1168 time: 0.0496726
2026-05-10 02:01:04.910 10 INFO neutron.wsgi [req-2904e6db-e2ad-4eeb-8be2-07223c3a1bdc req-738bcded-2081-48aa-99d1-9ba5907a5d7e 83b037f34e3f444eaf03a1c295d9fe47 33160cd1f02e47b099e573ede7e9257d - - default default] 10.0.0.246 "GET /v2.0/security-groups?id=7d3958cc-b487-4d28-85ba-40ca1fa94684&fields=id&fields=name HTTP/1.1" status: 200 len: 312 time: 0.0624988
2026-05-10 02:01:04.920 10 INFO neutron.db.ovn_revision_numbers_db [req-5a74832c-55ad-40a4-91c8-6e50f8aadf5c req-1238a791-8540-4971-8409-90beeaf3c136 071487f74c7148fd846b50b2a68aa9ab 506a88a9e8484628affc56649e365da4 - - be153b6ef6404744af3deace32e5da1d be153b6ef6404744af3deace32e5da1d] Successfully bumped revision number for resource c0bec486-5826-4c86-95c8-16a530bb5058 (type: ports) to 2
2026-05-10 02:01:05.011 9 INFO neutron.wsgi [None req-c66367b2-1dab-442c-97e5-cf5f60e6aaf3 b477c62976d24feda1acaae2b27b29be b58a4c05e6074359883ff168fa613fe1 - - default default] 10.0.0.101 "DELETE /v2.0/security-groups/4d0ba378-2d98-4db8-9657-ea50d607728a HTTP/1.1" status: 204 len: 168 time: 0.2555788
2026-05-10 02:01:05.084 9 INFO neutron.services.segments.plugin [-] Segment f5c3be53-25b7-4c07-8c35-f2d60da4d5ad resource provider aggregate not found
2026-05-10 02:01:05.103 9 INFO neutron.services.segments.plugin [-] Segment f5c3be53-25b7-4c07-8c35-f2d60da4d5ad resource provider not found; error: Placement Client Error (4xx): {"errors": [{"status": 404, "title": "Not Found", "detail": "The resource could not be found.\n\n No resource provider with uuid f5c3be53-25b7-4c07-8c35-f2d60da4d5ad found for delete ", "request_id": "req-010d900d-5345-4329-bcff-7386af61a788"}]}
2026-05-10 02:01:05.115 9 INFO neutron.services.segments.plugin [-] Segment f5c3be53-25b7-4c07-8c35-f2d60da4d5ad resource provider aggregate not found
2026-05-10 02:01:05.121 10 INFO neutron.db.ovn_revision_numbers_db [req-5a74832c-55ad-40a4-91c8-6e50f8aadf5c req-1238a791-8540-4971-8409-90beeaf3c136 071487f74c7148fd846b50b2a68aa9ab 506a88a9e8484628affc56649e365da4 - - be153b6ef6404744af3deace32e5da1d be153b6ef6404744af3deace32e5da1d] Successfully bumped revision number for resource c0bec486-5826-4c86-95c8-16a530bb5058 (type: ports) to 2
2026-05-10 02:01:05.132 9 INFO neutron.services.segments.plugin [-] Segment f5c3be53-25b7-4c07-8c35-f2d60da4d5ad resource provider not found; error: Placement Client Error (4xx): {"errors": [{"status": 404, "title": "Not Found", "detail": "The resource could not be found.\n\n No resource provider with uuid f5c3be53-25b7-4c07-8c35-f2d60da4d5ad found for delete ", "request_id": "req-efff878a-431b-4ad2-8d0e-d487daf395a2"}]}
2026-05-10 02:01:05.139 10 INFO neutron.wsgi [req-5a74832c-55ad-40a4-91c8-6e50f8aadf5c req-1238a791-8540-4971-8409-90beeaf3c136 071487f74c7148fd846b50b2a68aa9ab 506a88a9e8484628affc56649e365da4 - - be153b6ef6404744af3deace32e5da1d be153b6ef6404744af3deace32e5da1d] 199.204.45.129 "PUT /v2.0/ports/c0bec486-5826-4c86-95c8-16a530bb5058 HTTP/1.1" status: 200 len: 1376 time: 0.7580578 /var/lib/openstack/lib/python3.10/site-packages/pycadf/identifier.py:71: UserWarning: Invalid uuid: neutron. To ensure interoperability, identifiers should be a valid uuid. warnings.warn(('Invalid uuid: %s. To ensure interoperability, '
2026-05-10 02:01:05.219 10 INFO neutron.wsgi [req-5a74832c-55ad-40a4-91c8-6e50f8aadf5c req-16f93971-6d22-4eb9-aa42-c328c7637fbe 071487f74c7148fd846b50b2a68aa9ab 506a88a9e8484628affc56649e365da4 - - be153b6ef6404744af3deace32e5da1d be153b6ef6404744af3deace32e5da1d] 199.204.45.129 "GET /v2.0/ports?tenant_id=33160cd1f02e47b099e573ede7e9257d&device_id=e267e5b7-e5d4-40e1-af31-fc50736e11ec HTTP/1.1" status: 200 len: 1407 time: 0.0440505
2026-05-10 02:01:05.260 10 INFO neutron.wsgi [req-5a74832c-55ad-40a4-91c8-6e50f8aadf5c req-2ffbb9f9-916d-4667-a79f-d1d22cbd3e98 071487f74c7148fd846b50b2a68aa9ab 506a88a9e8484628affc56649e365da4 - - be153b6ef6404744af3deace32e5da1d be153b6ef6404744af3deace32e5da1d] 199.204.45.129 "GET /v2.0/floatingips?fixed_ip_address=10.100.0.8&port_id=c0bec486-5826-4c86-95c8-16a530bb5058 HTTP/1.1" status: 200 len: 217 time: 0.0330658
2026-05-10 02:01:05.314 10 INFO neutron.wsgi [req-5a74832c-55ad-40a4-91c8-6e50f8aadf5c req-dfc92c9b-09c0-4e30-94d5-701ead5f7310 071487f74c7148fd846b50b2a68aa9ab 506a88a9e8484628affc56649e365da4 - - be153b6ef6404744af3deace32e5da1d be153b6ef6404744af3deace32e5da1d] 199.204.45.129 "GET /v2.0/subnets?id=f237ff8e-724c-4c01-9199-a0fbd4ba3fa2 HTTP/1.1" status: 200 len: 863 time: 0.0454626
2026-05-10 02:01:05.347 10 INFO neutron.wsgi [req-5a74832c-55ad-40a4-91c8-6e50f8aadf5c req-4861754b-77e7-4e08-a104-cf846728b5a0 071487f74c7148fd846b50b2a68aa9ab 506a88a9e8484628affc56649e365da4 - - be153b6ef6404744af3deace32e5da1d be153b6ef6404744af3deace32e5da1d] 199.204.45.129 "GET /v2.0/ports?network_id=02d1da56-5c00-4db6-9b09-954a2dc21b2d&device_owner=network%3Adhcp HTTP/1.1" status: 200 len: 210 time: 0.0245614
2026-05-10 02:01:05.406 10 INFO neutron.wsgi [req-5a74832c-55ad-40a4-91c8-6e50f8aadf5c req-c6858ff8-b1c9-4163-8daa-614088ce9478 071487f74c7148fd846b50b2a68aa9ab 506a88a9e8484628affc56649e365da4 - - be153b6ef6404744af3deace32e5da1d be153b6ef6404744af3deace32e5da1d] 199.204.45.129 "GET /v2.0/networks/02d1da56-5c00-4db6-9b09-954a2dc21b2d?fields=segments HTTP/1.1" status: 200 len: 212 time: 0.0494945
2026-05-10 02:01:05.483 10 INFO neutron.wsgi [req-5a74832c-55ad-40a4-91c8-6e50f8aadf5c req-e7727a06-dc00-43f6-8eb7-9fb5b40c2e9c 071487f74c7148fd846b50b2a68aa9ab 506a88a9e8484628affc56649e365da4 - - be153b6ef6404744af3deace32e5da1d be153b6ef6404744af3deace32e5da1d] 199.204.45.129 "GET /v2.0/networks/02d1da56-5c00-4db6-9b09-954a2dc21b2d?fields=provider%3Aphysical_network&fields=provider%3Anetwork_type HTTP/1.1" status: 200 len: 277 time: 0.0670977
2026-05-10 02:01:05.648 10 INFO neutron.notifiers.nova [-] Nova event matching ['req-96f6bd9d-259d-4f94-bb43-9c2e9547f75a'] response: {'name': 'network-changed', 'server_uuid': 'e267e5b7-e5d4-40e1-af31-fc50736e11ec', 'tag': 'c0bec486-5826-4c86-95c8-16a530bb5058', 'status': 'completed', 'code': 200}
2026-05-10 02:01:05.710 10 INFO neutron.wsgi [req-499f9c1f-9257-4067-81d4-40f32ba35def req-8c492fb7-2d63-4198-a194-df1c24f39139 071487f74c7148fd846b50b2a68aa9ab 506a88a9e8484628affc56649e365da4 - - be153b6ef6404744af3deace32e5da1d be153b6ef6404744af3deace32e5da1d] 199.204.45.129 "GET /v2.0/ports?tenant_id=33160cd1f02e47b099e573ede7e9257d&device_id=e267e5b7-e5d4-40e1-af31-fc50736e11ec HTTP/1.1" status: 200 len: 1407 time: 0.0324218
2026-05-10 02:01:05.780 10 INFO neutron.wsgi [req-499f9c1f-9257-4067-81d4-40f32ba35def req-875e6cba-0980-426f-817d-c30d0dc93bf1 071487f74c7148fd846b50b2a68aa9ab 506a88a9e8484628affc56649e365da4 - - be153b6ef6404744af3deace32e5da1d be153b6ef6404744af3deace32e5da1d] 199.204.45.129 "GET /v2.0/networks?id=02d1da56-5c00-4db6-9b09-954a2dc21b2d HTTP/1.1" status: 200 len: 968 time: 0.0647600
2026-05-10 02:01:05.811 10 INFO neutron.wsgi [req-499f9c1f-9257-4067-81d4-40f32ba35def req-18fc9974-7274-4706-8edc-5653e3ef4fa2 071487f74c7148fd846b50b2a68aa9ab 506a88a9e8484628affc56649e365da4 - - be153b6ef6404744af3deace32e5da1d be153b6ef6404744af3deace32e5da1d] 199.204.45.129 "GET /v2.0/floatingips?fixed_ip_address=10.100.0.8&port_id=c0bec486-5826-4c86-95c8-16a530bb5058 HTTP/1.1" status: 200 len: 217 time: 0.0246136
2026-05-10 02:01:05.852 10 INFO neutron.wsgi [req-499f9c1f-9257-4067-81d4-40f32ba35def req-a2baf8c8-bef8-4cdf-84ab-6a87a6c55d19 071487f74c7148fd846b50b2a68aa9ab 506a88a9e8484628affc56649e365da4 - - be153b6ef6404744af3deace32e5da1d be153b6ef6404744af3deace32e5da1d] 199.204.45.129 "GET /v2.0/subnets?id=f237ff8e-724c-4c01-9199-a0fbd4ba3fa2 HTTP/1.1" status: 200 len: 863 time: 0.0315263
2026-05-10 02:01:06.063 10 INFO neutron.wsgi [req-499f9c1f-9257-4067-81d4-40f32ba35def req-b47e73b8-84cc-432f-93ed-5e442458271c 071487f74c7148fd846b50b2a68aa9ab 506a88a9e8484628affc56649e365da4 - - be153b6ef6404744af3deace32e5da1d be153b6ef6404744af3deace32e5da1d] 199.204.45.129 "GET /v2.0/ports?network_id=02d1da56-5c00-4db6-9b09-954a2dc21b2d&device_owner=network%3Adhcp HTTP/1.1" status: 200 len: 210 time: 0.2048738
2026-05-10 02:01:06.145 10 INFO neutron.wsgi [req-499f9c1f-9257-4067-81d4-40f32ba35def req-a1db60bd-b18f-4629-af26-0484426794c2 071487f74c7148fd846b50b2a68aa9ab 506a88a9e8484628affc56649e365da4 - - be153b6ef6404744af3deace32e5da1d be153b6ef6404744af3deace32e5da1d] 199.204.45.129 "GET /v2.0/networks/02d1da56-5c00-4db6-9b09-954a2dc21b2d?fields=segments HTTP/1.1" status: 200 len: 212 time: 0.0731113
2026-05-10 02:01:06.156 10 INFO neutron.wsgi [req-3f5f815e-0ede-4c7a-8b74-ae826e9f1da3 req-975d8146-bf53-47af-bbf3-8d06697542be 83b037f34e3f444eaf03a1c295d9fe47 33160cd1f02e47b099e573ede7e9257d - - default default] 10.0.0.246 "GET /v2.0/ports?device_id=e267e5b7-e5d4-40e1-af31-fc50736e11ec HTTP/1.1" status: 200 len: 1168 time: 0.1019096
2026-05-10 02:01:06.213 10 INFO neutron.wsgi [req-3f5f815e-0ede-4c7a-8b74-ae826e9f1da3 req-3e8f7644-35d2-4525-8a0d-2d2b8807a9ed 83b037f34e3f444eaf03a1c295d9fe47 33160cd1f02e47b099e573ede7e9257d - - default default] 10.0.0.246 "GET /v2.0/security-groups?id=7d3958cc-b487-4d28-85ba-40ca1fa94684&fields=id&fields=name HTTP/1.1" status: 200 len: 312 time: 0.0487218
2026-05-10 02:01:06.252 10 INFO neutron.wsgi [req-499f9c1f-9257-4067-81d4-40f32ba35def req-16ab4cdc-f18a-464d-b278-2f5d6d102006 071487f74c7148fd846b50b2a68aa9ab 506a88a9e8484628affc56649e365da4 - - be153b6ef6404744af3deace32e5da1d be153b6ef6404744af3deace32e5da1d] 199.204.45.129 "GET /v2.0/networks/02d1da56-5c00-4db6-9b09-954a2dc21b2d?fields=provider%3Aphysical_network&fields=provider%3Anetwork_type HTTP/1.1" status: 200 len: 277 time: 0.0947332
2026-05-10 02:01:06.357 9 INFO neutron.db.ovn_revision_numbers_db [None req-32dd755f-56a3-4ff4-9666-da9d44a9b00b b477c62976d24feda1acaae2b27b29be b58a4c05e6074359883ff168fa613fe1 - - default default] Successfully bumped revision number for resource 9969f118-c4cf-4c5f-8b5b-c1d723a059f0 (type: security_groups) to 1
2026-05-10 02:01:06.374 9 INFO neutron.db.ovn_revision_numbers_db [None req-32dd755f-56a3-4ff4-9666-da9d44a9b00b b477c62976d24feda1acaae2b27b29be b58a4c05e6074359883ff168fa613fe1 - - default default] Successfully bumped revision number for resource 38e31f0f-81d6-4445-b14e-fe80502cce67 (type: security_group_rules) to 0
2026-05-10 02:01:06.389 9 INFO neutron.db.ovn_revision_numbers_db [None req-32dd755f-56a3-4ff4-9666-da9d44a9b00b b477c62976d24feda1acaae2b27b29be b58a4c05e6074359883ff168fa613fe1 - - default default] Successfully bumped revision number for resource 3ad0506e-ce9c-4218-83a1-3584c0f74cc5 (type: security_group_rules) to 0
2026-05-10 02:01:06.402 9 INFO neutron.db.ovn_revision_numbers_db [None req-32dd755f-56a3-4ff4-9666-da9d44a9b00b b477c62976d24feda1acaae2b27b29be b58a4c05e6074359883ff168fa613fe1 - - default default] Successfully bumped revision number for resource 3e908b37-c280-43da-b480-d47814e19445 (type: security_group_rules) to 0
2026-05-10 02:01:06.415 9 INFO neutron.db.ovn_revision_numbers_db [None req-32dd755f-56a3-4ff4-9666-da9d44a9b00b b477c62976d24feda1acaae2b27b29be b58a4c05e6074359883ff168fa613fe1 - - default default] Successfully bumped revision number for resource c15be98e-cbf3-426e-818b-ff9db4a64613 (type: security_group_rules) to 0
2026-05-10 02:01:06.474 9 INFO neutron.db.segments_db [None req-32dd755f-56a3-4ff4-9666-da9d44a9b00b b477c62976d24feda1acaae2b27b29be b58a4c05e6074359883ff168fa613fe1 - - default default] Added segment d2c2fe6b-64c2-401c-a038-177abcd907cc of type geneve for network 4d29decc-87a6-4806-a0cd-07426c873df1
2026-05-10 02:01:06.636 9 INFO neutron.db.ovn_revision_numbers_db [None req-32dd755f-56a3-4ff4-9666-da9d44a9b00b b477c62976d24feda1acaae2b27b29be b58a4c05e6074359883ff168fa613fe1 - - default default] Successfully bumped revision number for resource 4d29decc-87a6-4806-a0cd-07426c873df1 (type: networks) to 1
2026-05-10 02:01:06.818 9 WARNING neutron.scheduler.dhcp_agent_scheduler [None req-32dd755f-56a3-4ff4-9666-da9d44a9b00b b477c62976d24feda1acaae2b27b29be b58a4c05e6074359883ff168fa613fe1 - - default default] No more DHCP agents
2026-05-10 02:01:06.821 9 WARNING neutron.api.rpc.agentnotifiers.dhcp_rpc_agent_api [None req-32dd755f-56a3-4ff4-9666-da9d44a9b00b b477c62976d24feda1acaae2b27b29be b58a4c05e6074359883ff168fa613fe1 - - default default] Unable to schedule network 4d29decc-87a6-4806-a0cd-07426c873df1: no agents available; will retry on subsequent port and subnet creation events.
2026-05-10 02:01:06.919 9 INFO neutron.db.ovn_revision_numbers_db [None req-32dd755f-56a3-4ff4-9666-da9d44a9b00b b477c62976d24feda1acaae2b27b29be b58a4c05e6074359883ff168fa613fe1 - - default default] Successfully bumped revision number for resource 61812e04-b723-46a8-95f1-44f80e71643f (type: ports) to 1
2026-05-10 02:01:06.939 9 INFO neutron.wsgi [None req-32dd755f-56a3-4ff4-9666-da9d44a9b00b b477c62976d24feda1acaae2b27b29be b58a4c05e6074359883ff168fa613fe1 - - default default] 10.0.0.101 "POST /v2.0/networks HTTP/1.1" status: 201 len: 954 time: 0.9558554
2026-05-10 02:01:07.108 10 WARNING neutron.scheduler.dhcp_agent_scheduler [None req-a1387bec-390e-4af8-a637-3ac2525812ef b477c62976d24feda1acaae2b27b29be b58a4c05e6074359883ff168fa613fe1 - - default default] No more DHCP agents
2026-05-10 02:01:07.110 10 WARNING neutron.api.rpc.agentnotifiers.dhcp_rpc_agent_api [None req-a1387bec-390e-4af8-a637-3ac2525812ef b477c62976d24feda1acaae2b27b29be b58a4c05e6074359883ff168fa613fe1 - - default default] Unable to schedule network 4d29decc-87a6-4806-a0cd-07426c873df1: no agents available; will retry on subsequent port and subnet creation events.
2026-05-10 02:01:07.423 9 INFO neutron.wsgi [req-717d4469-b965-4548-a4d7-31d4a43f272c req-a2dcf371-04fc-47f5-91ed-c5337b85d4a8 83b037f34e3f444eaf03a1c295d9fe47 33160cd1f02e47b099e573ede7e9257d - - default default] 10.0.0.246 "GET /v2.0/ports?device_id=e267e5b7-e5d4-40e1-af31-fc50736e11ec HTTP/1.1" status: 200 len: 1168 time: 0.1327562
2026-05-10 02:01:07.489 9 INFO neutron.wsgi [req-717d4469-b965-4548-a4d7-31d4a43f272c req-0b7db4d3-3dd6-495e-91c3-60966f1901e8 83b037f34e3f444eaf03a1c295d9fe47 33160cd1f02e47b099e573ede7e9257d - - default default] 10.0.0.246 "GET /v2.0/security-groups?id=7d3958cc-b487-4d28-85ba-40ca1fa94684&fields=id&fields=name HTTP/1.1" status: 200 len: 312 time: 0.0600128
2026-05-10 02:01:07.492 10 INFO neutron.db.ovn_revision_numbers_db [None req-a1387bec-390e-4af8-a637-3ac2525812ef b477c62976d24feda1acaae2b27b29be b58a4c05e6074359883ff168fa613fe1 - - default default] Successfully bumped revision number for resource 61812e04-b723-46a8-95f1-44f80e71643f (type: ports) to 2
2026-05-10 02:01:07.528 10 INFO neutron.db.ovn_revision_numbers_db [None req-a1387bec-390e-4af8-a637-3ac2525812ef b477c62976d24feda1acaae2b27b29be b58a4c05e6074359883ff168fa613fe1 - - default default] Successfully bumped revision number for resource da4ebf32-17ee-4c3a-a38b-cd7b0ca23f89 (type: subnets) to 0
2026-05-10 02:01:07.552 10 INFO neutron.wsgi [None req-a1387bec-390e-4af8-a637-3ac2525812ef b477c62976d24feda1acaae2b27b29be b58a4c05e6074359883ff168fa613fe1 - - default default] 10.0.0.101 "POST /v2.0/subnets HTTP/1.1" status: 201 len: 874 time: 0.6042905
2026-05-10 02:01:08.139 10 WARNING neutron.scheduler.dhcp_agent_scheduler [None req-790da997-913b-45b2-8c08-e0b5d9dc69ac b477c62976d24feda1acaae2b27b29be b58a4c05e6074359883ff168fa613fe1 - - default default] No more DHCP agents
2026-05-10 02:01:08.142 10 WARNING neutron.api.rpc.agentnotifiers.dhcp_rpc_agent_api [None req-790da997-913b-45b2-8c08-e0b5d9dc69ac b477c62976d24feda1acaae2b27b29be b58a4c05e6074359883ff168fa613fe1 - - default default] Unable to schedule network ea0ed169-d079-4bfa-b24a-5ba949b32953: no agents available; will retry on subsequent port and subnet creation events.
2026-05-10 02:01:08.468 10 INFO neutron.db.ovn_revision_numbers_db [None req-790da997-913b-45b2-8c08-e0b5d9dc69ac b477c62976d24feda1acaae2b27b29be b58a4c05e6074359883ff168fa613fe1 - - default default] Successfully bumped revision number for resource 2b0d5f83-271b-42a5-95ad-fe91564859a6 (type: ports) to 1
2026-05-10 02:01:08.496 9 INFO neutron.db.ovn_revision_numbers_db [None req-dadab8f4-9083-4457-a035-d6130bcac094 b477c62976d24feda1acaae2b27b29be b58a4c05e6074359883ff168fa613fe1 - - default default] Successfully bumped revision number for resource 31e53a8c-6ddd-4a21-8e11-0fc6fda7d229 (type: security_groups) to 1
2026-05-10 02:01:08.511 9 INFO neutron.db.ovn_revision_numbers_db [None req-dadab8f4-9083-4457-a035-d6130bcac094 b477c62976d24feda1acaae2b27b29be b58a4c05e6074359883ff168fa613fe1 - - default default] Successfully bumped revision number for resource 4d7dd1f2-53f8-4bab-956f-324e161630c4 (type: security_group_rules) to 0
2026-05-10 02:01:08.526 9 INFO neutron.db.ovn_revision_numbers_db [None req-dadab8f4-9083-4457-a035-d6130bcac094 b477c62976d24feda1acaae2b27b29be b58a4c05e6074359883ff168fa613fe1 - - default default] Successfully bumped revision number for resource 4d820703-714f-4a7e-978d-cd9d03179337 (type: security_group_rules) to 0
2026-05-10 02:01:08.548 9 INFO neutron.db.ovn_revision_numbers_db [None req-dadab8f4-9083-4457-a035-d6130bcac094 b477c62976d24feda1acaae2b27b29be b58a4c05e6074359883ff168fa613fe1 - - default default] Successfully bumped revision number for resource 85d1380c-2cc2-4c5b-8246-030a3bac17ed (type: security_group_rules) to 0
2026-05-10 02:01:08.571 9 INFO neutron.db.ovn_revision_numbers_db [None req-dadab8f4-9083-4457-a035-d6130bcac094 b477c62976d24feda1acaae2b27b29be b58a4c05e6074359883ff168fa613fe1 - - default default] Successfully bumped revision number for resource feb0d150-05f9-4cfa-b72e-36141dbf9095 (type: security_group_rules) to 0
2026-05-10 02:01:08.604 9 INFO neutron.wsgi [None req-dadab8f4-9083-4457-a035-d6130bcac094 b477c62976d24feda1acaae2b27b29be b58a4c05e6074359883ff168fa613fe1 - - default default] 10.0.0.101 "GET /v2.0/security-groups?tenant_id=df081a8e1e314cb18509e0f2b176c908&name=default HTTP/1.1" status: 200 len: 2996 time: 0.5346477
2026-05-10 02:01:08.619 10 INFO neutron.wsgi [req-98b45226-b3e5-4a72-ad03-73c33c9bf723 req-dcba5e47-9ade-424e-9a6b-6be2863a5302 83b037f34e3f444eaf03a1c295d9fe47 33160cd1f02e47b099e573ede7e9257d - - default default] 10.0.0.246 "GET /v2.0/ports?device_id=e267e5b7-e5d4-40e1-af31-fc50736e11ec HTTP/1.1" status: 200 len: 1168 time: 0.0530825
2026-05-10 02:01:08.685 10 INFO neutron.wsgi [req-98b45226-b3e5-4a72-ad03-73c33c9bf723 req-a10d0fe1-4308-4e33-8239-9d7feea86126 83b037f34e3f444eaf03a1c295d9fe47 33160cd1f02e47b099e573ede7e9257d - - default default] 10.0.0.246 "GET /v2.0/security-groups?id=7d3958cc-b487-4d28-85ba-40ca1fa94684&fields=id&fields=name HTTP/1.1" status: 200 len: 312 time: 0.0582311
2026-05-10 02:01:08.815 9 INFO neutron.wsgi [None req-14c79345-a1ac-4fb1-83ab-809d8039784e b477c62976d24feda1acaae2b27b29be b58a4c05e6074359883ff168fa613fe1 - - default default] 10.0.0.101 "DELETE /v2.0/security-groups/31e53a8c-6ddd-4a21-8e11-0fc6fda7d229 HTTP/1.1" status: 204 len: 168 time: 0.2043777
2026-05-10 02:01:09.148 10 INFO neutron.plugins.ml2.drivers.ovn.mech_driver.ovsdb.ovsdb_monitor [None req-1aeb9f6f-1d79-436c-8010-cec9f380edaa - - - - - -] Router 2b1d59c7-e5ea-404a-bda4-08a9ed76466d is bound to host instance
2026-05-10 02:01:09.180 10 INFO neutron.db.ovn_revision_numbers_db [None req-790da997-913b-45b2-8c08-e0b5d9dc69ac b477c62976d24feda1acaae2b27b29be b58a4c05e6074359883ff168fa613fe1 - - default default] Successfully bumped revision number for resource 2b0d5f83-271b-42a5-95ad-fe91564859a6 (type: router_ports) to 1
2026-05-10 02:01:09.287 10 INFO neutron.db.ovn_revision_numbers_db [None req-790da997-913b-45b2-8c08-e0b5d9dc69ac b477c62976d24feda1acaae2b27b29be b58a4c05e6074359883ff168fa613fe1 - - default default] Successfully bumped revision number for resource 2b1d59c7-e5ea-404a-bda4-08a9ed76466d (type: routers) to 2
2026-05-10 02:01:09.308 10 INFO neutron.wsgi [None req-790da997-913b-45b2-8c08-e0b5d9dc69ac b477c62976d24feda1acaae2b27b29be b58a4c05e6074359883ff168fa613fe1 - - default default] 10.0.0.101 "POST /v2.0/routers HTTP/1.1" status: 201 len: 885 time: 1.7513146
2026-05-10 02:01:09.409 9 WARNING neutron.plugins.ml2.drivers.ovn.mech_driver.ovsdb.ovn_client [None req-4abb913c-3f33-48cb-a24c-b9cb0af6d460 - - - - - -] No hosting information found for port 6b788968-e9d8-4222-a52c-d8c6a21f1126: RuntimeError: No hosting information found for port 6b788968-e9d8-4222-a52c-d8c6a21f1126
2026-05-10 02:01:09.410 9 INFO neutron.plugins.ml2.drivers.ovn.mech_driver.mech_driver [None req-4abb913c-3f33-48cb-a24c-b9cb0af6d460 - - - - - -] OVN reports status up for port: 30b133dc-c9b1-4a3d-b287-e63cdb4f5e18
2026-05-10 02:01:09.440 9 INFO neutron.plugins.ml2.drivers.ovn.mech_driver.mech_driver [None req-4abb913c-3f33-48cb-a24c-b9cb0af6d460 - - - - - -] OVN reports status up for port: c0bec486-5826-4c86-95c8-16a530bb5058
2026-05-10 02:01:09.468 9 INFO neutron.plugins.ml2.plugin [None req-4abb913c-3f33-48cb-a24c-b9cb0af6d460 - - - - - -] Attempt 1 to provision port c0bec486-5826-4c86-95c8-16a530bb5058
2026-05-10 02:01:09.483 9 INFO neutron.wsgi [None req-b9cc029e-d073-459e-81dd-37a988aea31d b477c62976d24feda1acaae2b27b29be b58a4c05e6074359883ff168fa613fe1 - - default default] 10.0.0.247 "GET /v2.0/security-groups HTTP/1.1" status: 200 len: 25093 time: 0.3315096
2026-05-10 02:01:09.584 9 INFO neutron.wsgi [None req-4b14d79f-1e71-4a61-b3f5-f3d942d61055 b477c62976d24feda1acaae2b27b29be b58a4c05e6074359883ff168fa613fe1 - - default default] 10.0.0.247 "GET /v2.0/routers HTTP/1.1" status: 200 len: 1539 time: 0.0909729
2026-05-10 02:01:09.600 9 INFO neutron.wsgi [None req-ff273f2b-87f0-47d7-81dc-0dccf10ad0bb b477c62976d24feda1acaae2b27b29be b58a4c05e6074359883ff168fa613fe1 - - default default] 10.0.0.247 "GET /v2.0/agents?binary=ovn-controller HTTP/1.1" status: 200 len: 591 time: 0.0143661
2026-05-10 02:01:09.637 9 INFO neutron.wsgi [None req-535630a2-4c42-4fb5-8f93-d3f107124ca7 b477c62976d24feda1acaae2b27b29be b58a4c05e6074359883ff168fa613fe1 - - default default] 10.0.0.247 "GET /v2.0/floatingips HTTP/1.1" status: 200 len: 730 time: 0.0362473
2026-05-10 02:01:09.670 9 INFO neutron.wsgi [None req-5fc2f08d-54f9-4cf5-b9cf-6c07d9dde783 b477c62976d24feda1acaae2b27b29be b58a4c05e6074359883ff168fa613fe1 - - default default] 10.0.0.247 "GET /v2.0/network-ip-availabilities HTTP/1.1" status: 200 len: 2240 time: 0.0283499
2026-05-10 02:01:09.719 9 INFO neutron.wsgi [None req-e222f68c-9399-4a15-b00f-3d7e5dadf5a4 b477c62976d24feda1acaae2b27b29be b58a4c05e6074359883ff168fa613fe1 - - default default] 10.0.0.247 "GET /v2.0/subnets HTTP/1.1" status: 200 len: 2753 time: 0.0477078
2026-05-10 02:01:09.740 9 INFO neutron.wsgi [None req-9bbe321e-60a3-4d1c-89e6-92d4eb97fa1d b477c62976d24feda1acaae2b27b29be b58a4c05e6074359883ff168fa613fe1 - - default default] 10.0.0.247 "GET /v2.0/subnetpools HTTP/1.1" status: 200 len: 193 time: 0.0142560
2026-05-10 02:01:09.759 9 INFO neutron.wsgi [None req-68a2d953-0bb1-4b7a-99c9-c23be4e71a69 b477c62976d24feda1acaae2b27b29be b58a4c05e6074359883ff168fa613fe1 - - default default] 10.0.0.247 "GET /v2.0/agents HTTP/1.1" status: 200 len: 997 time: 0.0181098
2026-05-10 02:01:09.832 9 INFO neutron.wsgi [req-267109ec-5aa9-4c5e-b74e-b19665c33946 req-f6515c38-8ff2-4e06-8a71-160581428f5a 83b037f34e3f444eaf03a1c295d9fe47 33160cd1f02e47b099e573ede7e9257d - - default default] 10.0.0.246 "GET /v2.0/ports?device_id=e267e5b7-e5d4-40e1-af31-fc50736e11ec HTTP/1.1" status: 200 len: 1170 time: 0.0668354
2026-05-10 02:01:09.835 9 INFO neutron.wsgi [None req-660f7860-09da-4e47-8270-48ed33af2388 b477c62976d24feda1acaae2b27b29be b58a4c05e6074359883ff168fa613fe1 - - default default] 10.0.0.247 "GET /v2.0/subnets HTTP/1.1" status: 200 len: 2753 time: 0.0698960
2026-05-10 02:01:10.051 9 INFO neutron.wsgi [None req-048f785b-8b04-4ae4-9e33-9bc9a0051da7 b477c62976d24feda1acaae2b27b29be b58a4c05e6074359883ff168fa613fe1 - - default default] 10.0.0.247 "GET /v2.0/ports HTTP/1.1" status: 200 len: 12823 time: 0.2074690
2026-05-10 02:01:10.055 9 INFO neutron.wsgi [req-267109ec-5aa9-4c5e-b74e-b19665c33946 req-ca6830f5-4f45-4b8d-9b5b-bcffd90804d7 83b037f34e3f444eaf03a1c295d9fe47 33160cd1f02e47b099e573ede7e9257d - - default default] 10.0.0.246 "GET /v2.0/security-groups?id=7d3958cc-b487-4d28-85ba-40ca1fa94684&fields=id&fields=name HTTP/1.1" status: 200 len: 312 time: 0.2112341
2026-05-10 02:01:10.119 9 INFO neutron.db.ovn_revision_numbers_db [None req-4abb913c-3f33-48cb-a24c-b9cb0af6d460 - - - - - -] Successfully bumped revision number for resource c0bec486-5826-4c86-95c8-16a530bb5058 (type: ports) to 4
2026-05-10 02:01:10.124 9 INFO neutron.notifiers.nova [-] Nova event matching ['req-9fd242af-28f6-41e6-ae42-49bbc987df4e'] response: {'server_uuid': 'e267e5b7-e5d4-40e1-af31-fc50736e11ec', 'name': 'network-vif-plugged', 'status': 'completed', 'tag': 'c0bec486-5826-4c86-95c8-16a530bb5058', 'code': 200}
2026-05-10 02:01:10.136 10 INFO neutron.db.ovn_revision_numbers_db [None req-1aeb9f6f-1d79-436c-8010-cec9f380edaa - - - - - -] Successfully bumped revision number for resource 2b0d5f83-271b-42a5-95ad-fe91564859a6 (type: ports) to 1
2026-05-10 02:01:10.142 10 WARNING neutron.scheduler.dhcp_agent_scheduler [None req-2cabb034-ec6b-4761-a118-4d5773243041 b477c62976d24feda1acaae2b27b29be b58a4c05e6074359883ff168fa613fe1 - - default default] No more DHCP agents
2026-05-10 02:01:10.144 10 WARNING neutron.api.rpc.agentnotifiers.dhcp_rpc_agent_api [None req-2cabb034-ec6b-4761-a118-4d5773243041 b477c62976d24feda1acaae2b27b29be b58a4c05e6074359883ff168fa613fe1 - - default default] Unable to schedule network 4d29decc-87a6-4806-a0cd-07426c873df1: no agents available; will retry on subsequent port and subnet creation events.
2026-05-10 02:01:10.163 9 INFO neutron.wsgi [None req-964145b0-75cc-43e6-b876-b78ee3764746 b477c62976d24feda1acaae2b27b29be b58a4c05e6074359883ff168fa613fe1 - - default default] 10.0.0.247 "GET /v2.0/networks HTTP/1.1" status: 200 len: 3874 time: 0.1028986
2026-05-10 02:01:10.199 9 INFO neutron.plugins.ml2.drivers.ovn.mech_driver.mech_driver [None req-4abb913c-3f33-48cb-a24c-b9cb0af6d460 - - - - - -] OVN reports status up for port: 2b0d5f83-271b-42a5-95ad-fe91564859a6
2026-05-10 02:01:10.213 9 INFO neutron.plugins.ml2.plugin [None req-4abb913c-3f33-48cb-a24c-b9cb0af6d460 - - - - - -] Attempt 1 to provision port 2b0d5f83-271b-42a5-95ad-fe91564859a6
2026-05-10 02:01:10.216 9 INFO neutron.db.ovn_revision_numbers_db [None req-8eafabd8-74e6-4973-9b35-4a052f2b8f2e b477c62976d24feda1acaae2b27b29be b58a4c05e6074359883ff168fa613fe1 - - default default] Successfully bumped revision number for resource a9f50986-3db2-472f-9561-22eabac3f553 (type: security_groups) to 1
2026-05-10 02:01:10.247 9 INFO neutron.db.ovn_revision_numbers_db [None req-8eafabd8-74e6-4973-9b35-4a052f2b8f2e b477c62976d24feda1acaae2b27b29be b58a4c05e6074359883ff168fa613fe1 - - default default] Successfully bumped revision number for resource 0d6f54b4-9147-41c1-bee1-5fbcfd3a8395 (type: security_group_rules) to 0
2026-05-10 02:01:10.260 9 INFO neutron.db.ovn_revision_numbers_db [None req-8eafabd8-74e6-4973-9b35-4a052f2b8f2e b477c62976d24feda1acaae2b27b29be b58a4c05e6074359883ff168fa613fe1 - - default default] Successfully bumped revision number for resource 5090265a-e010-471b-b8f6-e73e1ad72e8e (type: security_group_rules) to 0
2026-05-10 02:01:10.276 9 INFO neutron.db.ovn_revision_numbers_db [None req-8eafabd8-74e6-4973-9b35-4a052f2b8f2e b477c62976d24feda1acaae2b27b29be b58a4c05e6074359883ff168fa613fe1 - - default default] Successfully bumped revision number for resource 5f0fdfaf-26f2-4ea8-83be-0a03de95e34a (type: security_group_rules) to 0
2026-05-10 02:01:10.292 9 INFO neutron.db.ovn_revision_numbers_db [None req-8eafabd8-74e6-4973-9b35-4a052f2b8f2e b477c62976d24feda1acaae2b27b29be b58a4c05e6074359883ff168fa613fe1 - - default default] Successfully bumped revision number for resource f54450ca-8597-422b-8209-25894b2d6e10 (type: security_group_rules) to 0
2026-05-10 02:01:10.317 9 INFO neutron.wsgi [None req-8eafabd8-74e6-4973-9b35-4a052f2b8f2e b477c62976d24feda1acaae2b27b29be b58a4c05e6074359883ff168fa613fe1 - - default default] 10.0.0.101 "GET /v2.0/security-groups?tenant_id=c18595ff8d8a41149260035cc3717c28&name=default HTTP/1.1" status: 200 len: 2996 time: 0.5684588 /var/lib/openstack/lib/python3.10/site-packages/pycadf/identifier.py:71: UserWarning: Invalid uuid: neutron. To ensure interoperability, identifiers should be a valid uuid. warnings.warn(('Invalid uuid: %s. To ensure interoperability, '
2026-05-10 02:01:10.406 10 INFO neutron.db.ovn_revision_numbers_db [None req-2cabb034-ec6b-4761-a118-4d5773243041 b477c62976d24feda1acaae2b27b29be b58a4c05e6074359883ff168fa613fe1 - - default default] Successfully bumped revision number for resource 71eeac04-74fa-47bd-884d-4ea2e626733b (type: ports) to 1
2026-05-10 02:01:10.518 10 INFO neutron.db.ovn_revision_numbers_db [None req-1aeb9f6f-1d79-436c-8010-cec9f380edaa - - - - - -] Successfully bumped revision number for resource 2b0d5f83-271b-42a5-95ad-fe91564859a6 (type: router_ports) to 3
2026-05-10 02:01:10.519 9 INFO neutron.wsgi [None req-6233444b-7c14-48fa-8739-08016f550fa5 b477c62976d24feda1acaae2b27b29be b58a4c05e6074359883ff168fa613fe1 - - default default] 10.0.0.101 "DELETE /v2.0/security-groups/a9f50986-3db2-472f-9561-22eabac3f553 HTTP/1.1" status: 204 len: 168 time: 0.1962132
2026-05-10 02:01:10.779 10 INFO neutron.db.ovn_revision_numbers_db [None req-1aeb9f6f-1d79-436c-8010-cec9f380edaa - - - - - -] Successfully bumped revision number for resource 2b0d5f83-271b-42a5-95ad-fe91564859a6 (type: ports) to 2
2026-05-10 02:01:10.813 9 INFO neutron.db.ovn_revision_numbers_db [None req-64fd7c9b-7366-47e7-a8e6-488796d14e58 b477c62976d24feda1acaae2b27b29be b58a4c05e6074359883ff168fa613fe1 - - default default] Successfully bumped revision number for resource bd44f168-e0c5-4f6c-a0e2-a3a16b7aeea5 (type: security_groups) to 1
2026-05-10 02:01:10.826 9 INFO neutron.db.ovn_revision_numbers_db [None req-64fd7c9b-7366-47e7-a8e6-488796d14e58 b477c62976d24feda1acaae2b27b29be b58a4c05e6074359883ff168fa613fe1 - - default default] Successfully bumped revision number for resource 5325153e-5330-4e11-bc37-2dfb30872af9 (type: security_group_rules) to 0
2026-05-10 02:01:10.856 9 INFO neutron.db.ovn_revision_numbers_db [None req-64fd7c9b-7366-47e7-a8e6-488796d14e58 b477c62976d24feda1acaae2b27b29be b58a4c05e6074359883ff168fa613fe1 - - default default] Successfully bumped revision number for resource 632c980d-3a66-4cf4-9198-dcd76b3d2fe6 (type: security_group_rules) to 0
2026-05-10 02:01:10.872 9 INFO neutron.db.ovn_revision_numbers_db [None req-64fd7c9b-7366-47e7-a8e6-488796d14e58 b477c62976d24feda1acaae2b27b29be b58a4c05e6074359883ff168fa613fe1 - - default default] Successfully bumped revision number for resource 66bf7edd-5305-4f62-959e-980654b49f0a (type: security_group_rules) to 0
2026-05-10 02:01:10.884 9 INFO neutron.db.ovn_revision_numbers_db [None req-64fd7c9b-7366-47e7-a8e6-488796d14e58 b477c62976d24feda1acaae2b27b29be b58a4c05e6074359883ff168fa613fe1 - - default default] Successfully bumped revision number for resource fa9a5b1b-d5d8-4e4e-97fe-952b7d2d077b (type: security_group_rules) to 0
2026-05-10 02:01:10.905 9 INFO neutron.wsgi [None req-64fd7c9b-7366-47e7-a8e6-488796d14e58 b477c62976d24feda1acaae2b27b29be b58a4c05e6074359883ff168fa613fe1 - - default default] 10.0.0.101 "GET /v2.0/security-groups?tenant_id=f8d56cd6d0a64bc998d801c8a70ab79c&name=default HTTP/1.1" status: 200 len: 2996 time: 0.2018540
2026-05-10 02:01:10.969 9 INFO neutron.plugins.ml2.drivers.ovn.mech_driver.mech_driver [None req-4abb913c-3f33-48cb-a24c-b9cb0af6d460 - - - - - -] OVN reports status up for port: 71eeac04-74fa-47bd-884d-4ea2e626733b
2026-05-10 02:01:10.980 9 INFO neutron.plugins.ml2.plugin [None req-4abb913c-3f33-48cb-a24c-b9cb0af6d460 - - - - - -] Attempt 1 to provision port 71eeac04-74fa-47bd-884d-4ea2e626733b
2026-05-10 02:01:11.001 10 INFO neutron.db.ovn_revision_numbers_db [None req-2cabb034-ec6b-4761-a118-4d5773243041 b477c62976d24feda1acaae2b27b29be b58a4c05e6074359883ff168fa613fe1 - - default default] Successfully bumped revision number for resource 71eeac04-74fa-47bd-884d-4ea2e626733b (type: router_ports) to 1
2026-05-10 02:01:11.115 10 INFO neutron.db.ovn_revision_numbers_db [None req-1aeb9f6f-1d79-436c-8010-cec9f380edaa - - - - - -] Successfully bumped revision number for resource 2b0d5f83-271b-42a5-95ad-fe91564859a6 (type: ports) to 4
2026-05-10 02:01:11.160 9 INFO neutron.wsgi [req-40e92f11-9a68-4e92-b7b9-4b4a7fb69820 req-09aa9a8d-36e6-4cd1-990b-4277d00a9473 83b037f34e3f444eaf03a1c295d9fe47 33160cd1f02e47b099e573ede7e9257d - - default default] 10.0.0.246 "GET /v2.0/ports?device_id=e267e5b7-e5d4-40e1-af31-fc50736e11ec HTTP/1.1" status: 200 len: 1170 time: 0.0429418
2026-05-10 02:01:11.207 9 INFO neutron.wsgi [None req-c127c1d5-94f4-4b70-b2e3-9bb1a4e92833 b477c62976d24feda1acaae2b27b29be b58a4c05e6074359883ff168fa613fe1 - - default default] 10.0.0.101 "DELETE /v2.0/security-groups/bd44f168-e0c5-4f6c-a0e2-a3a16b7aeea5 HTTP/1.1" status: 204 len: 168 time: 0.2938726
2026-05-10 02:01:11.254 9 INFO neutron.wsgi [req-40e92f11-9a68-4e92-b7b9-4b4a7fb69820 req-253cd0d6-c257-4071-966d-f7ec81e9a2d6 83b037f34e3f444eaf03a1c295d9fe47 33160cd1f02e47b099e573ede7e9257d - - default default] 10.0.0.246 "GET /v2.0/security-groups?id=7d3958cc-b487-4d28-85ba-40ca1fa94684&fields=id&fields=name HTTP/1.1" status: 200 len: 312 time: 0.0855114
2026-05-10 02:01:11.255 10 INFO neutron.db.ovn_revision_numbers_db [None req-2cabb034-ec6b-4761-a118-4d5773243041 b477c62976d24feda1acaae2b27b29be b58a4c05e6074359883ff168fa613fe1 - - default default] Successfully bumped revision number for resource 71eeac04-74fa-47bd-884d-4ea2e626733b (type: ports) to 1
2026-05-10 02:01:11.336 9 INFO neutron.db.ovn_revision_numbers_db [None req-4abb913c-3f33-48cb-a24c-b9cb0af6d460 - - - - - -] Successfully bumped revision number for resource 71eeac04-74fa-47bd-884d-4ea2e626733b (type: ports) to 2
2026-05-10 02:01:11.343 10 WARNING neutron.scheduler.dhcp_agent_scheduler [None req-2cabb034-ec6b-4761-a118-4d5773243041 b477c62976d24feda1acaae2b27b29be b58a4c05e6074359883ff168fa613fe1 - - default default] No more DHCP agents
2026-05-10 02:01:11.351 10 WARNING neutron.api.rpc.agentnotifiers.dhcp_rpc_agent_api [None req-2cabb034-ec6b-4761-a118-4d5773243041 b477c62976d24feda1acaae2b27b29be b58a4c05e6074359883ff168fa613fe1 - - default default] Unable to schedule network 4d29decc-87a6-4806-a0cd-07426c873df1: no agents available; will retry on subsequent port and subnet creation events.
2026-05-10 02:01:11.458 9 INFO neutron.db.ovn_revision_numbers_db [None req-4abb913c-3f33-48cb-a24c-b9cb0af6d460 - - - - - -] Successfully bumped revision number for resource 71eeac04-74fa-47bd-884d-4ea2e626733b (type: router_ports) to 2
2026-05-10 02:01:11.793 10 INFO neutron.wsgi [req-0e113bfe-49d3-41ae-bca2-c3f1bebe0e71 req-c7c61ae0-610c-48d4-a92b-fc099a362f89 83b037f34e3f444eaf03a1c295d9fe47 33160cd1f02e47b099e573ede7e9257d - - default default] 10.0.0.246 "GET /v2.0/ports?device_id=e267e5b7-e5d4-40e1-af31-fc50736e11ec HTTP/1.1" status: 200 len: 1170 time: 0.4274950
2026-05-10 02:01:11.799 10 INFO neutron.db.ovn_revision_numbers_db [None req-1aeb9f6f-1d79-436c-8010-cec9f380edaa - - - - - -] Successfully bumped revision number for resource 2b0d5f83-271b-42a5-95ad-fe91564859a6 (type: router_ports) to 4
2026-05-10 02:01:12.176 9 INFO neutron.notifiers.nova [-] Nova event matching ['req-20e9d6cb-ce2e-4c78-bfc9-838a5938eacd'] response: {'server_uuid': 'e267e5b7-e5d4-40e1-af31-fc50736e11ec', 'name': 'network-vif-plugged', 'status': 'completed', 'tag': 'c0bec486-5826-4c86-95c8-16a530bb5058', 'code': 200}
2026-05-10 02:01:12.177 9 INFO neutron.db.l3_db [None req-92715fbc-1f7d-4a6a-8e5d-ccabd9535032 83b037f34e3f444eaf03a1c295d9fe47 33160cd1f02e47b099e573ede7e9257d - - default default] Floating IP 03014e10-76c0-4664-baed-2e65057dba51 associated. External IP: 10.96.250.216, port: c0bec486-5826-4c86-95c8-16a530bb5058.
2026-05-10 02:01:12.315 10 INFO neutron.db.ovn_revision_numbers_db [None req-2cabb034-ec6b-4761-a118-4d5773243041 b477c62976d24feda1acaae2b27b29be b58a4c05e6074359883ff168fa613fe1 - - default default] Successfully bumped revision number for resource 71eeac04-74fa-47bd-884d-4ea2e626733b (type: router_ports) to 2
2026-05-10 02:01:12.318 10 INFO neutron.wsgi [None req-2cabb034-ec6b-4761-a118-4d5773243041 b477c62976d24feda1acaae2b27b29be b58a4c05e6074359883ff168fa613fe1 - - default default] 10.0.0.101 "PUT /v2.0/routers/2b1d59c7-e5ea-404a-bda4-08a9ed76466d/add_router_interface HTTP/1.1" status: 200 len: 503 time: 3.0058279
2026-05-10 02:01:12.577 9 INFO neutron.db.ovn_revision_numbers_db [None req-92715fbc-1f7d-4a6a-8e5d-ccabd9535032 83b037f34e3f444eaf03a1c295d9fe47 33160cd1f02e47b099e573ede7e9257d - - default default] Successfully bumped revision number for resource 03014e10-76c0-4664-baed-2e65057dba51 (type: floatingips) to 1
2026-05-10 02:01:12.705 9 INFO neutron.db.ovn_revision_numbers_db [None req-92715fbc-1f7d-4a6a-8e5d-ccabd9535032 83b037f34e3f444eaf03a1c295d9fe47 33160cd1f02e47b099e573ede7e9257d - - default default] Successfully bumped revision number for resource 03014e10-76c0-4664-baed-2e65057dba51 (type: floatingips) to 2
2026-05-10 02:01:12.735 9 INFO neutron.wsgi [None req-92715fbc-1f7d-4a6a-8e5d-ccabd9535032 83b037f34e3f444eaf03a1c295d9fe47 33160cd1f02e47b099e573ede7e9257d - - default default] 10.0.0.101 "PUT /v2.0/floatingips/03014e10-76c0-4664-baed-2e65057dba51 HTTP/1.1" status: 200 len: 1049 time: 0.9299054
2026-05-10 02:01:12.881 9 INFO neutron.wsgi [req-e3c68e0d-1247-4420-8d4d-45108b93d527 req-f3b3fa6b-bfc6-4f7c-a8ef-96bc61eed9ea 83b037f34e3f444eaf03a1c295d9fe47 33160cd1f02e47b099e573ede7e9257d - - default default] 10.0.0.246 "GET /v2.0/ports?device_id=e267e5b7-e5d4-40e1-af31-fc50736e11ec HTTP/1.1" status: 200 len: 1170 time: 0.0937934
2026-05-10 02:01:12.934 9 INFO neutron.wsgi [req-e3c68e0d-1247-4420-8d4d-45108b93d527 req-45af8726-2cc9-43f5-97d3-f0f630b4b2f5 83b037f34e3f444eaf03a1c295d9fe47 33160cd1f02e47b099e573ede7e9257d - - default default] 10.0.0.246 "GET /v2.0/security-groups?id=7d3958cc-b487-4d28-85ba-40ca1fa94684&fields=id&fields=name HTTP/1.1" status: 200 len: 312 time: 0.0456517
2026-05-10 02:01:12.969 9 INFO neutron.wsgi [-] 10.0.0.230 "GET / HTTP/1.1" status: 200 len: 247 time: 0.0028474
2026-05-10 02:01:12.974 10 INFO neutron.wsgi [-] 10.0.0.230 "GET / HTTP/1.1" status: 200 len: 247 time: 0.0073156
2026-05-10 02:01:13.162 9 INFO neutron.db.ovn_revision_numbers_db [None req-3bebbf9f-7e03-4f57-9f4c-1a370704d753 78f5325332344274bfc3f33feae0f944 6ee940777cec4572a45145b473891aee - - default default] Successfully bumped revision number for resource 2a950038-ebd9-49d3-9277-f2c343707b8a (type: security_groups) to 1
2026-05-10 02:01:13.185 9 INFO neutron.db.ovn_revision_numbers_db [None req-3bebbf9f-7e03-4f57-9f4c-1a370704d753 78f5325332344274bfc3f33feae0f944 6ee940777cec4572a45145b473891aee - - default default] Successfully bumped revision number for resource 5ec02a69-553c-4582-a3ed-7f7da603db69 (type: security_group_rules) to 0
2026-05-10 02:01:13.220 9 INFO neutron.db.ovn_revision_numbers_db [None req-3bebbf9f-7e03-4f57-9f4c-1a370704d753 78f5325332344274bfc3f33feae0f944 6ee940777cec4572a45145b473891aee - - default default] Successfully bumped revision number for resource 7fc98726-5f4b-47bd-9f98-5fa998150e38 (type: security_group_rules) to 0
2026-05-10 02:01:13.244 9 INFO neutron.wsgi [None req-3bebbf9f-7e03-4f57-9f4c-1a370704d753 78f5325332344274bfc3f33feae0f944 6ee940777cec4572a45145b473891aee - - default default] 10.0.0.101 "POST /v2.0/security-groups HTTP/1.1" status: 201 len: 1796 time: 0.2239547
2026-05-10 02:01:13.431 9 INFO neutron.wsgi [req-31271693-59e9-46a8-9378-1cd7e8338ad1 req-982de09e-9d61-4c9f-b193-6d0ec58f3ab0 83b037f34e3f444eaf03a1c295d9fe47 33160cd1f02e47b099e573ede7e9257d - - default default] 10.0.0.246 "GET /v2.0/ports?device_id=e267e5b7-e5d4-40e1-af31-fc50736e11ec HTTP/1.1" status: 200 len: 1170 time: 0.0509474
2026-05-10 02:01:13.434 9 INFO neutron.db.ovn_revision_numbers_db [None req-ac8d6b92-4ef5-413c-b5ef-4be3c5429dfd 78f5325332344274bfc3f33feae0f944 6ee940777cec4572a45145b473891aee - - default default] Successfully bumped revision number for resource 709def18-b062-4ea4-9189-68621e45bb41 (type: security_group_rules) to 0
2026-05-10 02:01:13.469 9 INFO neutron.wsgi [None req-ac8d6b92-4ef5-413c-b5ef-4be3c5429dfd 78f5325332344274bfc3f33feae0f944 6ee940777cec4572a45145b473891aee - - default default] 10.0.0.101 "POST /v2.0/security-group-rules HTTP/1.1" status: 201 len: 764 time: 0.2207084 /var/lib/openstack/lib/python3.10/site-packages/pycadf/identifier.py:71: UserWarning: Invalid uuid: neutron. To ensure interoperability, identifiers should be a valid uuid. warnings.warn(('Invalid uuid: %s. To ensure interoperability, '
2026-05-10 02:01:13.510 9 INFO neutron.wsgi [req-31271693-59e9-46a8-9378-1cd7e8338ad1 req-2eedfa21-a29a-49b1-9fcc-80de1efb9db2 83b037f34e3f444eaf03a1c295d9fe47 33160cd1f02e47b099e573ede7e9257d - - default default] 10.0.0.246 "GET /v2.0/security-groups?id=7d3958cc-b487-4d28-85ba-40ca1fa94684&fields=id&fields=name HTTP/1.1" status: 200 len: 312 time: 0.0663943
2026-05-10 02:01:13.625 10 INFO neutron.db.ovn_revision_numbers_db [None req-1735f00c-e8aa-48b4-8016-11eee46bd4f0 78f5325332344274bfc3f33feae0f944 6ee940777cec4572a45145b473891aee - - default default] Successfully bumped revision number for resource 4e847aa9-d56d-4f09-8663-355873e444bb (type: security_group_rules) to 0
2026-05-10 02:01:13.650 10 INFO neutron.wsgi [None req-1735f00c-e8aa-48b4-8016-11eee46bd4f0 78f5325332344274bfc3f33feae0f944 6ee940777cec4572a45145b473891aee - - default default] 10.0.0.101 "POST /v2.0/security-group-rules HTTP/1.1" status: 201 len: 769 time: 0.1625433
