2026-05-10 02:01:28.511 10 INFO neutron.wsgi [None req-2934032e-13e0-4f6b-9119-48ed30546764 c3984a90032947819b487b939d07f5c9 d1972981836f4c24a21b44afc519e145 - - default default] 10.0.0.101 "POST /v2.0/security-groups HTTP/1.1" status: 201 len: 1796 time: 0.2156816
2026-05-10 02:01:28.591 9 INFO neutron.db.ovn_revision_numbers_db [None req-736703ac-2bd3-4c22-88ec-5b6a997e4eed 6f272c7937fc462aa8a7bcda352f5ed3 ddb189f29922415da73638c61461c0fd - - default default] Successfully bumped revision number for resource b72fe1ac-7fe7-43f5-a4dd-027366484987 (type: ports) to 1
2026-05-10 02:01:28.631 9 WARNING neutron.scheduler.dhcp_agent_scheduler [None req-736703ac-2bd3-4c22-88ec-5b6a997e4eed 6f272c7937fc462aa8a7bcda352f5ed3 ddb189f29922415da73638c61461c0fd - - default default] No more DHCP agents
2026-05-10 02:01:28.634 9 WARNING neutron.api.rpc.agentnotifiers.dhcp_rpc_agent_api [None req-736703ac-2bd3-4c22-88ec-5b6a997e4eed 6f272c7937fc462aa8a7bcda352f5ed3 ddb189f29922415da73638c61461c0fd - - default default] Unable to schedule network cefb666f-45c1-4b1b-adee-3ffb82383126: no agents available; will retry on subsequent port and subnet creation events.
2026-05-10 02:01:28.642 10 INFO neutron.db.ovn_revision_numbers_db [None req-c6a7bd70-b2f7-4ea6-bc3b-408e87e4ad8a c3984a90032947819b487b939d07f5c9 d1972981836f4c24a21b44afc519e145 - - default default] Successfully bumped revision number for resource 5c24d35d-6126-45bf-80a8-270e30682ade (type: security_group_rules) to 0
2026-05-10 02:01:28.673 10 INFO neutron.wsgi [None req-c6a7bd70-b2f7-4ea6-bc3b-408e87e4ad8a c3984a90032947819b487b939d07f5c9 d1972981836f4c24a21b44afc519e145 - - default default] 10.0.0.101 "POST /v2.0/security-group-rules HTTP/1.1" status: 201 len: 764 time: 0.1568980 /var/lib/openstack/lib/python3.10/site-packages/pycadf/identifier.py:71: UserWarning: Invalid uuid: neutron. To ensure interoperability, identifiers should be a valid uuid. warnings.warn(('Invalid uuid: %s. To ensure interoperability, '
2026-05-10 02:01:28.729 10 INFO neutron.db.ovn_revision_numbers_db [None req-8ee9f4fe-f1dc-44aa-b315-dc3bc7d75047 4a48c60a6a00481baaacc4d97ef38f9e 33268605d00943d5b96a2a97017e585c - - default default] Successfully bumped revision number for resource e5f13acd-ac82-46be-a720-cb9c40c5d492 (type: security_groups) to 1
2026-05-10 02:01:28.733 9 INFO neutron.db.ovn_revision_numbers_db [None req-736703ac-2bd3-4c22-88ec-5b6a997e4eed 6f272c7937fc462aa8a7bcda352f5ed3 ddb189f29922415da73638c61461c0fd - - default default] Successfully bumped revision number for resource 3df02d17-47f9-47be-80c1-2419e4b2a0e5 (type: ports) to 1
2026-05-10 02:01:28.743 10 INFO neutron.db.ovn_revision_numbers_db [None req-8ee9f4fe-f1dc-44aa-b315-dc3bc7d75047 4a48c60a6a00481baaacc4d97ef38f9e 33268605d00943d5b96a2a97017e585c - - default default] Successfully bumped revision number for resource 2bc01b47-ee46-4c71-9644-384d1cc390f8 (type: security_group_rules) to 0
2026-05-10 02:01:28.757 10 INFO neutron.db.ovn_revision_numbers_db [None req-8ee9f4fe-f1dc-44aa-b315-dc3bc7d75047 4a48c60a6a00481baaacc4d97ef38f9e 33268605d00943d5b96a2a97017e585c - - default default] Successfully bumped revision number for resource 2dc044d3-9062-471e-a190-bf15a659729b (type: security_group_rules) to 0
2026-05-10 02:01:28.764 9 INFO neutron.wsgi [None req-736703ac-2bd3-4c22-88ec-5b6a997e4eed 6f272c7937fc462aa8a7bcda352f5ed3 ddb189f29922415da73638c61461c0fd - - default default] 10.0.0.101 "POST /v2.0/ports HTTP/1.1" status: 201 len: 1705 time: 0.7675896
2026-05-10 02:01:28.786 10 INFO neutron.db.ovn_revision_numbers_db [None req-8ee9f4fe-f1dc-44aa-b315-dc3bc7d75047 4a48c60a6a00481baaacc4d97ef38f9e 33268605d00943d5b96a2a97017e585c - - default default] Successfully bumped revision number for resource 9e865afb-c1fa-42f9-8cdd-9714d2297714 (type: security_group_rules) to 0
2026-05-10 02:01:28.812 10 INFO neutron.db.ovn_revision_numbers_db [None req-8ee9f4fe-f1dc-44aa-b315-dc3bc7d75047 4a48c60a6a00481baaacc4d97ef38f9e 33268605d00943d5b96a2a97017e585c - - default default] Successfully bumped revision number for resource e16ee909-89e6-4b13-a5b2-65582a2e4357 (type: security_group_rules) to 0
2026-05-10 02:01:28.814 9 INFO neutron.db.ovn_revision_numbers_db [None req-78149859-1f62-417e-9b26-ae2daedf08cc c3984a90032947819b487b939d07f5c9 d1972981836f4c24a21b44afc519e145 - - default default] Successfully bumped revision number for resource 72eb1ab2-e19c-4dcc-a3ba-60a2c71fc62c (type: security_group_rules) to 0
2026-05-10 02:01:28.838 9 INFO neutron.wsgi [None req-78149859-1f62-417e-9b26-ae2daedf08cc c3984a90032947819b487b939d07f5c9 d1972981836f4c24a21b44afc519e145 - - default default] 10.0.0.101 "POST /v2.0/security-group-rules HTTP/1.1" status: 201 len: 769 time: 0.1601653
2026-05-10 02:01:29.125 10 INFO neutron.wsgi [None req-adeaf7d6-9c2a-4244-82b7-d4682f59724c 6f272c7937fc462aa8a7bcda352f5ed3 ddb189f29922415da73638c61461c0fd - - default default] 10.0.0.101 "GET /v2.0/ports HTTP/1.1" status: 200 len: 3212 time: 0.3564298
2026-05-10 02:01:29.174 10 INFO neutron.db.ovn_revision_numbers_db [None req-8ee9f4fe-f1dc-44aa-b315-dc3bc7d75047 4a48c60a6a00481baaacc4d97ef38f9e 33268605d00943d5b96a2a97017e585c - - default default] Successfully bumped revision number for resource f2c4ddc5-a16c-4e38-92cf-d9dd144e76c0 (type: security_groups) to 1
2026-05-10 02:01:29.199 10 INFO neutron.db.ovn_revision_numbers_db [None req-8ee9f4fe-f1dc-44aa-b315-dc3bc7d75047 4a48c60a6a00481baaacc4d97ef38f9e 33268605d00943d5b96a2a97017e585c - - default default] Successfully bumped revision number for resource 05cda0f7-992d-49c0-9a8d-f5bc4abd1235 (type: security_group_rules) to 0
2026-05-10 02:01:29.214 10 INFO neutron.db.ovn_revision_numbers_db [None req-8ee9f4fe-f1dc-44aa-b315-dc3bc7d75047 4a48c60a6a00481baaacc4d97ef38f9e 33268605d00943d5b96a2a97017e585c - - default default] Successfully bumped revision number for resource e69358cb-803b-40af-827d-4e256f20a5af (type: security_group_rules) to 0
2026-05-10 02:01:29.245 10 INFO neutron.wsgi [None req-8ee9f4fe-f1dc-44aa-b315-dc3bc7d75047 4a48c60a6a00481baaacc4d97ef38f9e 33268605d00943d5b96a2a97017e585c - - default default] 10.0.0.101 "POST /v2.0/security-groups HTTP/1.1" status: 201 len: 1760 time: 0.7988038
2026-05-10 02:01:29.282 9 WARNING neutron.scheduler.dhcp_agent_scheduler [None req-198b954f-2ad5-41ad-86f3-b5b2622f01f6 c3984a90032947819b487b939d07f5c9 d1972981836f4c24a21b44afc519e145 - - default default] No more DHCP agents
2026-05-10 02:01:29.286 9 WARNING neutron.api.rpc.agentnotifiers.dhcp_rpc_agent_api [None req-198b954f-2ad5-41ad-86f3-b5b2622f01f6 c3984a90032947819b487b939d07f5c9 d1972981836f4c24a21b44afc519e145 - - default default] Unable to schedule network ea0ed169-d079-4bfa-b24a-5ba949b32953: no agents available; will retry on subsequent port and subnet creation events.
2026-05-10 02:01:29.315 10 INFO neutron.wsgi [None req-af73bbbf-6060-4ebc-9790-fd91cb576d29 4a48c60a6a00481baaacc4d97ef38f9e 33268605d00943d5b96a2a97017e585c - - default default] 10.0.0.101 "GET /v2.0/security-groups HTTP/1.1" status: 200 len: 4538 time: 0.0574260
2026-05-10 02:01:29.394 10 INFO neutron.wsgi [None req-59098c03-9c64-47f0-91aa-de16ba6da87e 6f272c7937fc462aa8a7bcda352f5ed3 ddb189f29922415da73638c61461c0fd - - default default] 10.0.0.101 "DELETE /v2.0/ports/b72fe1ac-7fe7-43f5-a4dd-027366484987 HTTP/1.1" status: 204 len: 168 time: 0.2599411
2026-05-10 02:01:29.508 9 INFO neutron.db.ovn_revision_numbers_db [None req-adc85c1d-0556-4d09-b6cf-14237f84472b 4a48c60a6a00481baaacc4d97ef38f9e 33268605d00943d5b96a2a97017e585c - - default default] Successfully bumped revision number for resource f2c4ddc5-a16c-4e38-92cf-d9dd144e76c0 (type: security_groups) to 2
2026-05-10 02:01:29.511 9 INFO neutron.wsgi [None req-adc85c1d-0556-4d09-b6cf-14237f84472b 4a48c60a6a00481baaacc4d97ef38f9e 33268605d00943d5b96a2a97017e585c - - default default] 10.0.0.101 "PUT /v2.0/security-groups/f2c4ddc5-a16c-4e38-92cf-d9dd144e76c0 HTTP/1.1" status: 200 len: 1794 time: 0.1884224
2026-05-10 02:01:29.548 10 INFO neutron.wsgi [None req-26ebba4c-f709-4e01-acdf-902aac6cde93 4a48c60a6a00481baaacc4d97ef38f9e 33268605d00943d5b96a2a97017e585c - - default default] 10.0.0.101 "GET /v2.0/security-groups/f2c4ddc5-a16c-4e38-92cf-d9dd144e76c0 HTTP/1.1" status: 200 len: 1794 time: 0.0317626
2026-05-10 02:01:29.671 10 INFO neutron.wsgi [None req-86c551e9-2197-4000-938a-b3d096aca870 4a48c60a6a00481baaacc4d97ef38f9e 33268605d00943d5b96a2a97017e585c - - default default] 10.0.0.101 "DELETE /v2.0/security-groups/f2c4ddc5-a16c-4e38-92cf-d9dd144e76c0 HTTP/1.1" status: 204 len: 168 time: 0.1178448
2026-05-10 02:01:29.709 10 INFO neutron.wsgi [None req-3ffa0673-9a12-4452-952e-b95edf34ef5c 4a48c60a6a00481baaacc4d97ef38f9e 33268605d00943d5b96a2a97017e585c - - default default] 10.0.0.101 "GET /v2.0/security-groups HTTP/1.1" status: 200 len: 2996 time: 0.0319180
2026-05-10 02:01:29.723 10 INFO neutron.api.v2.resource [None req-8181e16a-ead6-4369-9cc8-36217db7f559 4a48c60a6a00481baaacc4d97ef38f9e 33268605d00943d5b96a2a97017e585c - - default default] delete failed (client error): The resource could not be found.
2026-05-10 02:01:29.724 10 INFO neutron.wsgi [None req-8181e16a-ead6-4369-9cc8-36217db7f559 4a48c60a6a00481baaacc4d97ef38f9e 33268605d00943d5b96a2a97017e585c - - default default] 10.0.0.101 "DELETE /v2.0/security-groups/f2c4ddc5-a16c-4e38-92cf-d9dd144e76c0 HTTP/1.1" status: 404 len: 347 time: 0.0103843
2026-05-10 02:01:29.775 9 INFO neutron.wsgi [None req-f9118777-7b6a-4039-981d-2899094947d2 6f272c7937fc462aa8a7bcda352f5ed3 ddb189f29922415da73638c61461c0fd - - default default] 10.0.0.101 "DELETE /v2.0/ports/3df02d17-47f9-47be-80c1-2419e4b2a0e5 HTTP/1.1" status: 204 len: 168 time: 0.3726697
2026-05-10 02:01:29.832 9 INFO neutron.db.ovn_revision_numbers_db [None req-198b954f-2ad5-41ad-86f3-b5b2622f01f6 c3984a90032947819b487b939d07f5c9 d1972981836f4c24a21b44afc519e145 - - default default] Successfully bumped revision number for resource 7a678cbd-6343-4492-ab16-c7f5b0ed9aaa (type: floatingips) to 0
2026-05-10 02:01:29.855 9 INFO neutron.wsgi [None req-198b954f-2ad5-41ad-86f3-b5b2622f01f6 c3984a90032947819b487b939d07f5c9 d1972981836f4c24a21b44afc519e145 - - default default] 10.0.0.101 "POST /v2.0/floatingips HTTP/1.1" status: 201 len: 751 time: 1.0112376
2026-05-10 02:01:29.903 10 INFO neutron.db.ovn_revision_numbers_db [None req-6e003773-e20e-4c90-b5a4-9d1b616a99b6 4a48c60a6a00481baaacc4d97ef38f9e 33268605d00943d5b96a2a97017e585c - - default default] Successfully bumped revision number for resource 179e42b2-702d-487e-a417-e531a09d7673 (type: security_groups) to 1
2026-05-10 02:01:29.922 10 INFO neutron.db.ovn_revision_numbers_db [None req-6e003773-e20e-4c90-b5a4-9d1b616a99b6 4a48c60a6a00481baaacc4d97ef38f9e 33268605d00943d5b96a2a97017e585c - - default default] Successfully bumped revision number for resource 62bfc1d8-79dd-4ab9-9010-7c9b6153acb1 (type: security_group_rules) to 0
2026-05-10 02:01:29.925 9 INFO neutron.wsgi [None req-8f1f20c5-2d1f-41c0-86b3-a1df60640a6f 6f272c7937fc462aa8a7bcda352f5ed3 ddb189f29922415da73638c61461c0fd - - default default] 10.0.0.101 "GET /v2.0/ports HTTP/1.1" status: 200 len: 1718 time: 0.1434019
2026-05-10 02:01:29.946 10 INFO neutron.db.ovn_revision_numbers_db [None req-6e003773-e20e-4c90-b5a4-9d1b616a99b6 4a48c60a6a00481baaacc4d97ef38f9e 33268605d00943d5b96a2a97017e585c - - default default] Successfully bumped revision number for resource dfefab2f-3bdf-4c1f-814c-a5c99232d8dd (type: security_group_rules) to 0
2026-05-10 02:01:29.974 10 INFO neutron.wsgi [None req-6e003773-e20e-4c90-b5a4-9d1b616a99b6 4a48c60a6a00481baaacc4d97ef38f9e 33268605d00943d5b96a2a97017e585c - - default default] 10.0.0.101 "POST /v2.0/security-groups HTTP/1.1" status: 201 len: 1760 time: 0.2433445
2026-05-10 02:01:30.030 9 INFO neutron.db.segments_db [None req-a7534178-c38e-4242-9d6f-9023a3c726c1 6f272c7937fc462aa8a7bcda352f5ed3 ddb189f29922415da73638c61461c0fd - - default default] Added segment f9c623e9-27e2-43a2-ab01-d1a2f734490d of type geneve for network 1e664229-575b-4415-8d93-e6d0b56d7dd2
2026-05-10 02:01:30.128 10 INFO neutron.db.ovn_revision_numbers_db [None req-d2b60dd2-993c-4e71-9025-177fcc2edbe6 4a48c60a6a00481baaacc4d97ef38f9e 33268605d00943d5b96a2a97017e585c - - default default] Successfully bumped revision number for resource 1ec3ab26-cf9d-4d98-a6fd-f984decde059 (type: security_group_rules) to 0
2026-05-10 02:01:30.158 10 INFO neutron.wsgi [None req-d2b60dd2-993c-4e71-9025-177fcc2edbe6 4a48c60a6a00481baaacc4d97ef38f9e 33268605d00943d5b96a2a97017e585c - - default default] 10.0.0.101 "POST /v2.0/security-group-rules HTTP/1.1" status: 201 len: 768 time: 0.1786571
2026-05-10 02:01:30.174 9 INFO neutron.db.ovn_revision_numbers_db [None req-a7534178-c38e-4242-9d6f-9023a3c726c1 6f272c7937fc462aa8a7bcda352f5ed3 ddb189f29922415da73638c61461c0fd - - default default] Successfully bumped revision number for resource 1e664229-575b-4415-8d93-e6d0b56d7dd2 (type: networks) to 1
2026-05-10 02:01:30.181 10 INFO neutron.wsgi [None req-cb1c1ce2-3f7e-4a37-8ec9-d2f12c6eb05c 4a48c60a6a00481baaacc4d97ef38f9e 33268605d00943d5b96a2a97017e585c - - default default] 10.0.0.101 "GET /v2.0/security-group-rules/1ec3ab26-cf9d-4d98-a6fd-f984decde059 HTTP/1.1" status: 200 len: 763 time: 0.0173233
2026-05-10 02:01:30.223 10 INFO neutron.wsgi [None req-d3469e2f-3738-4391-9210-61ad62e93143 4a48c60a6a00481baaacc4d97ef38f9e 33268605d00943d5b96a2a97017e585c - - default default] 10.0.0.101 "GET /v2.0/security-group-rules HTTP/1.1" status: 200 len: 4113 time: 0.0371222
2026-05-10 02:01:30.326 10 INFO neutron.wsgi [req-081ffdad-7dcb-4f8b-be29-d2806369f97c req-e5a41c25-ef4b-4028-a071-f3ce9d310314 c3984a90032947819b487b939d07f5c9 d1972981836f4c24a21b44afc519e145 - - default default] 10.0.0.246 "GET /v2.0/security-groups?name=tempest-securitygroup--768003488&fields=id&tenant_id=d1972981836f4c24a21b44afc519e145 HTTP/1.1" status: 200 len: 267 time: 0.0483723
2026-05-10 02:01:30.353 9 WARNING neutron.scheduler.dhcp_agent_scheduler [None req-a7534178-c38e-4242-9d6f-9023a3c726c1 6f272c7937fc462aa8a7bcda352f5ed3 ddb189f29922415da73638c61461c0fd - - default default] No more DHCP agents
2026-05-10 02:01:30.356 9 WARNING neutron.api.rpc.agentnotifiers.dhcp_rpc_agent_api [None req-a7534178-c38e-4242-9d6f-9023a3c726c1 6f272c7937fc462aa8a7bcda352f5ed3 ddb189f29922415da73638c61461c0fd - - default default] Unable to schedule network 1e664229-575b-4415-8d93-e6d0b56d7dd2: no agents available; will retry on subsequent port and subnet creation events.
2026-05-10 02:01:30.402 10 INFO neutron.wsgi [None req-7cfb42f5-1c91-415b-9e06-b2c8ca12601d 4a48c60a6a00481baaacc4d97ef38f9e 33268605d00943d5b96a2a97017e585c - - default default] 10.0.0.101 "DELETE /v2.0/security-group-rules/1ec3ab26-cf9d-4d98-a6fd-f984decde059 HTTP/1.1" status: 204 len: 168 time: 0.1750078
2026-05-10 02:01:30.442 10 INFO neutron.wsgi [req-081ffdad-7dcb-4f8b-be29-d2806369f97c req-c2fe6d32-662a-4d12-8629-9904b9ee9537 c3984a90032947819b487b939d07f5c9 d1972981836f4c24a21b44afc519e145 - - default default] 10.0.0.246 "GET /v2.0/networks?id=985103fb-d195-4b76-862f-13aba22c85f5 HTTP/1.1" status: 200 len: 875 time: 0.1024554
2026-05-10 02:01:30.451 9 INFO neutron.db.ovn_revision_numbers_db [None req-a7534178-c38e-4242-9d6f-9023a3c726c1 6f272c7937fc462aa8a7bcda352f5ed3 ddb189f29922415da73638c61461c0fd - - default default] Successfully bumped revision number for resource 4d2ba051-df85-48cc-a1b9-832d1e725306 (type: ports) to 1
2026-05-10 02:01:30.464 10 INFO neutron.wsgi [req-081ffdad-7dcb-4f8b-be29-d2806369f97c req-4dc93974-40b3-4884-ade3-bc08473d2a8f c3984a90032947819b487b939d07f5c9 d1972981836f4c24a21b44afc519e145 - - default default] 10.0.0.246 "GET /v2.0/quotas/d1972981836f4c24a21b44afc519e145 HTTP/1.1" status: 200 len: 386 time: 0.0158236
2026-05-10 02:01:30.481 9 INFO neutron.wsgi [None req-a7534178-c38e-4242-9d6f-9023a3c726c1 6f272c7937fc462aa8a7bcda352f5ed3 ddb189f29922415da73638c61461c0fd - - default default] 10.0.0.101 "POST /v2.0/networks HTTP/1.1" status: 201 len: 848 time: 0.5489230
2026-05-10 02:01:30.500 10 INFO neutron.wsgi [None req-99b81fd1-b255-43eb-85b1-e8d5cc63b566 4a48c60a6a00481baaacc4d97ef38f9e 33268605d00943d5b96a2a97017e585c - - default default] 10.0.0.101 "GET /v2.0/security-group-rules HTTP/1.1" status: 200 len: 3567 time: 0.0908492
2026-05-10 02:01:30.613 9 INFO neutron.db.ovn_revision_numbers_db [None req-1ea4e5a3-46b7-40db-b0f5-c7a9fd86ab97 4a48c60a6a00481baaacc4d97ef38f9e 33268605d00943d5b96a2a97017e585c - - default default] Successfully bumped revision number for resource 04d04b36-9c3e-46bf-ab11-5da3fcbd7690 (type: security_group_rules) to 0
2026-05-10 02:01:30.618 10 INFO neutron.wsgi [req-081ffdad-7dcb-4f8b-be29-d2806369f97c req-ac691b9e-2181-491b-9459-16c3ad4fce15 c3984a90032947819b487b939d07f5c9 d1972981836f4c24a21b44afc519e145 - - default default] 10.0.0.246 "GET /v2.0/ports?tenant_id=d1972981836f4c24a21b44afc519e145&fields=id HTTP/1.1" status: 200 len: 302 time: 0.1463156
2026-05-10 02:01:30.636 9 INFO neutron.wsgi [None req-1ea4e5a3-46b7-40db-b0f5-c7a9fd86ab97 4a48c60a6a00481baaacc4d97ef38f9e 33268605d00943d5b96a2a97017e585c - - default default] 10.0.0.101 "POST /v2.0/security-group-rules HTTP/1.1" status: 201 len: 768 time: 0.1314414
2026-05-10 02:01:30.658 9 INFO neutron.wsgi [None req-cc3dba46-a033-41c9-a884-7401b155006f 4a48c60a6a00481baaacc4d97ef38f9e 33268605d00943d5b96a2a97017e585c - - default default] 10.0.0.101 "GET /v2.0/security-group-rules/04d04b36-9c3e-46bf-ab11-5da3fcbd7690 HTTP/1.1" status: 200 len: 763 time: 0.0147104
2026-05-10 02:01:30.671 10 INFO neutron.db.segments_db [None req-f16a72cc-c11e-49e3-8208-07170015131d 6f272c7937fc462aa8a7bcda352f5ed3 ddb189f29922415da73638c61461c0fd - - default default] Added segment 9f652ba2-179a-4c0f-9361-3a96fc529bab of type geneve for network a0c1601b-b729-45c6-a08b-0da8f5bdc77a
2026-05-10 02:01:30.703 9 INFO neutron.wsgi [None req-fe9996eb-160c-46fd-9c2f-e2be5b83eeb8 4a48c60a6a00481baaacc4d97ef38f9e 33268605d00943d5b96a2a97017e585c - - default default] 10.0.0.101 "GET /v2.0/security-group-rules HTTP/1.1" status: 200 len: 4113 time: 0.0419188
2026-05-10 02:01:30.717 10 INFO neutron.wsgi [req-081ffdad-7dcb-4f8b-be29-d2806369f97c req-592f04e1-7625-4578-b2f8-3bd4d2bff37c 071487f74c7148fd846b50b2a68aa9ab 506a88a9e8484628affc56649e365da4 - - be153b6ef6404744af3deace32e5da1d be153b6ef6404744af3deace32e5da1d] 10.0.0.246 "GET /v2.0/networks/985103fb-d195-4b76-862f-13aba22c85f5?fields=segments HTTP/1.1" status: 200 len: 212 time: 0.0839064
2026-05-10 02:01:30.835 10 INFO neutron.wsgi [req-081ffdad-7dcb-4f8b-be29-d2806369f97c req-eb2ce38e-9578-44c7-b583-bd54aaf7d095 071487f74c7148fd846b50b2a68aa9ab 506a88a9e8484628affc56649e365da4 - - be153b6ef6404744af3deace32e5da1d be153b6ef6404744af3deace32e5da1d] 10.0.0.246 "GET /v2.0/networks/985103fb-d195-4b76-862f-13aba22c85f5?fields=provider%3Aphysical_network&fields=provider%3Anetwork_type HTTP/1.1" status: 200 len: 277 time: 0.1095400
2026-05-10 02:01:30.852 10 INFO neutron.db.ovn_revision_numbers_db [None req-f16a72cc-c11e-49e3-8208-07170015131d 6f272c7937fc462aa8a7bcda352f5ed3 ddb189f29922415da73638c61461c0fd - - default default] Successfully bumped revision number for resource a0c1601b-b729-45c6-a08b-0da8f5bdc77a (type: networks) to 1
2026-05-10 02:01:30.871 9 INFO neutron.wsgi [req-62ade745-00a0-42e9-9039-3944081a41d2 req-a7bd0d14-8d72-4510-9420-56fbc653e53c 071487f74c7148fd846b50b2a68aa9ab 506a88a9e8484628affc56649e365da4 - - be153b6ef6404744af3deace32e5da1d be153b6ef6404744af3deace32e5da1d] 10.0.0.162 "GET /v2.0/ports?device_id=826fd5a4-dc42-45c6-8ab0-86d4a61a7f0b HTTP/1.1" status: 200 len: 1413 time: 0.1849849
2026-05-10 02:01:30.883 9 INFO neutron.wsgi [None req-6e9e2a07-478c-4905-b114-8bc875a256d1 4a48c60a6a00481baaacc4d97ef38f9e 33268605d00943d5b96a2a97017e585c - - default default] 10.0.0.101 "DELETE /v2.0/security-group-rules/04d04b36-9c3e-46bf-ab11-5da3fcbd7690 HTTP/1.1" status: 204 len: 168 time: 0.1742897
2026-05-10 02:01:30.930 9 INFO neutron.wsgi [req-62ade745-00a0-42e9-9039-3944081a41d2 req-aa4ebf1b-be76-4f69-be56-7772ac381e18 071487f74c7148fd846b50b2a68aa9ab 506a88a9e8484628affc56649e365da4 - - be153b6ef6404744af3deace32e5da1d be153b6ef6404744af3deace32e5da1d] 10.0.0.162 "GET /v2.0/security-groups?id=2a950038-ebd9-49d3-9277-f2c343707b8a&fields=id&fields=name HTTP/1.1" status: 200 len: 312 time: 0.0524113
2026-05-10 02:01:30.965 10 INFO neutron.wsgi [None req-aae049b3-feef-43c0-b4a4-39eb82d4f4ea 4a48c60a6a00481baaacc4d97ef38f9e 33268605d00943d5b96a2a97017e585c - - default default] 10.0.0.101 "GET /v2.0/security-group-rules HTTP/1.1" status: 200 len: 3567 time: 0.0757689
2026-05-10 02:01:30.994 9 INFO neutron.wsgi [req-28e8df85-ec9f-40d3-b85a-7c8b57bc6522 req-4bc71800-400e-4631-98e9-154e478bdf9a c3984a90032947819b487b939d07f5c9 d1972981836f4c24a21b44afc519e145 - - default default] 10.0.0.246 "GET /v2.0/ports?device_id=4806cbc2-8012-41f7-97fa-01d0422968f5 HTTP/1.1" status: 200 len: 210 time: 0.0304554
2026-05-10 02:01:31.035 10 INFO neutron.db.securitygroups_db [None req-625297c8-9526-4510-8a2f-d71d2fe63190 4a48c60a6a00481baaacc4d97ef38f9e 33268605d00943d5b96a2a97017e585c - - default default] Project 33268605d00943d5b96a2a97017e585c added a security group rule with legacy IPv6 ICMP protocol name icmp, ipv6-icmp should be used instead. It was automatically converted.
2026-05-10 02:01:31.124 10 WARNING neutron.scheduler.dhcp_agent_scheduler [None req-f16a72cc-c11e-49e3-8208-07170015131d 6f272c7937fc462aa8a7bcda352f5ed3 ddb189f29922415da73638c61461c0fd - - default default] No more DHCP agents
2026-05-10 02:01:31.129 10 WARNING neutron.api.rpc.agentnotifiers.dhcp_rpc_agent_api [None req-f16a72cc-c11e-49e3-8208-07170015131d 6f272c7937fc462aa8a7bcda352f5ed3 ddb189f29922415da73638c61461c0fd - - default default] Unable to schedule network a0c1601b-b729-45c6-a08b-0da8f5bdc77a: no agents available; will retry on subsequent port and subnet creation events.
2026-05-10 02:01:31.193 10 INFO neutron.db.ovn_revision_numbers_db [None req-625297c8-9526-4510-8a2f-d71d2fe63190 4a48c60a6a00481baaacc4d97ef38f9e 33268605d00943d5b96a2a97017e585c - - default default] Successfully bumped revision number for resource 238915e2-c6af-44a1-99dc-b49f5ecf20e4 (type: security_group_rules) to 0
2026-05-10 02:01:31.225 10 INFO neutron.db.ovn_revision_numbers_db [None req-f16a72cc-c11e-49e3-8208-07170015131d 6f272c7937fc462aa8a7bcda352f5ed3 ddb189f29922415da73638c61461c0fd - - default default] Successfully bumped revision number for resource 6c9fc8ef-5fd9-4da0-85ca-9e2515e0a3e4 (type: ports) to 1
2026-05-10 02:01:31.229 10 INFO neutron.wsgi [None req-625297c8-9526-4510-8a2f-d71d2fe63190 4a48c60a6a00481baaacc4d97ef38f9e 33268605d00943d5b96a2a97017e585c - - default default] 10.0.0.101 "POST /v2.0/security-group-rules HTTP/1.1" status: 201 len: 774 time: 0.2560689
2026-05-10 02:01:31.248 10 INFO neutron.wsgi [None req-f16a72cc-c11e-49e3-8208-07170015131d 6f272c7937fc462aa8a7bcda352f5ed3 ddb189f29922415da73638c61461c0fd - - default default] 10.0.0.101 "POST /v2.0/networks HTTP/1.1" status: 201 len: 849 time: 0.7622819
2026-05-10 02:01:31.261 9 INFO neutron.wsgi [None req-dd6f16e1-acfd-4174-a5f6-47a7fbee93cf 4a48c60a6a00481baaacc4d97ef38f9e 33268605d00943d5b96a2a97017e585c - - default default] 10.0.0.101 "GET /v2.0/security-group-rules/238915e2-c6af-44a1-99dc-b49f5ecf20e4 HTTP/1.1" status: 200 len: 769 time: 0.0256274
2026-05-10 02:01:31.314 10 INFO neutron.wsgi [None req-88b40c87-7322-47c6-98ec-95907f44f214 4a48c60a6a00481baaacc4d97ef38f9e 33268605d00943d5b96a2a97017e585c - - default default] 10.0.0.101 "GET /v2.0/security-group-rules HTTP/1.1" status: 200 len: 4119 time: 0.0468824
2026-05-10 02:01:31.414 9 INFO neutron.wsgi [None req-2f3647f2-1764-4bdf-9cd0-c6eb919ca9b8 4a48c60a6a00481baaacc4d97ef38f9e 33268605d00943d5b96a2a97017e585c - - default default] 10.0.0.101 "DELETE /v2.0/security-group-rules/238915e2-c6af-44a1-99dc-b49f5ecf20e4 HTTP/1.1" status: 204 len: 168 time: 0.0946810
2026-05-10 02:01:31.447 9 INFO neutron.wsgi [None req-50510cc9-0ea4-446a-917c-aa494cf9f373 4a48c60a6a00481baaacc4d97ef38f9e 33268605d00943d5b96a2a97017e585c - - default default] 10.0.0.101 "GET /v2.0/security-group-rules HTTP/1.1" status: 200 len: 3567 time: 0.0294914
2026-05-10 02:01:31.577 9 INFO neutron.wsgi [None req-f37469c5-25d8-4b8f-a44a-c236f225d8e1 4a48c60a6a00481baaacc4d97ef38f9e 33268605d00943d5b96a2a97017e585c - - default default] 10.0.0.101 "DELETE /v2.0/security-groups/179e42b2-702d-487e-a417-e531a09d7673 HTTP/1.1" status: 204 len: 168 time: 0.1252019
2026-05-10 02:01:31.648 9 INFO neutron.wsgi [None req-e0a918be-abb9-4be1-97a8-52a742a1b302 4a48c60a6a00481baaacc4d97ef38f9e 33268605d00943d5b96a2a97017e585c - - default default] 10.0.0.101 "GET /v2.0/security-groups HTTP/1.1" status: 200 len: 2996 time: 0.0663176
2026-05-10 02:01:31.691 9 INFO neutron.wsgi [None req-74f96009-c480-4348-a985-8e7b1f5add4d 4a48c60a6a00481baaacc4d97ef38f9e 33268605d00943d5b96a2a97017e585c - - default default] 10.0.0.101 "GET /v2.0/security-groups HTTP/1.1" status: 200 len: 2996 time: 0.0368602
2026-05-10 02:01:31.820 9 INFO neutron.wsgi [req-081ffdad-7dcb-4f8b-be29-d2806369f97c req-82367302-2c4a-417f-9915-dd9830dd9730 c3984a90032947819b487b939d07f5c9 d1972981836f4c24a21b44afc519e145 - - default default] 199.204.45.129 "GET /v2.0/networks?id=985103fb-d195-4b76-862f-13aba22c85f5 HTTP/1.1" status: 200 len: 875 time: 0.0871284
2026-05-10 02:01:31.823 10 WARNING neutron.scheduler.dhcp_agent_scheduler [None req-32cf22b9-2493-4582-9541-4c43c5929c3b 6f272c7937fc462aa8a7bcda352f5ed3 ddb189f29922415da73638c61461c0fd - - default default] No more DHCP agents
2026-05-10 02:01:31.827 10 WARNING neutron.api.rpc.agentnotifiers.dhcp_rpc_agent_api [None req-32cf22b9-2493-4582-9541-4c43c5929c3b 6f272c7937fc462aa8a7bcda352f5ed3 ddb189f29922415da73638c61461c0fd - - default default] Unable to schedule network 1e664229-575b-4415-8d93-e6d0b56d7dd2: no agents available; will retry on subsequent port and subnet creation events.
2026-05-10 02:01:31.879 9 INFO neutron.wsgi [req-081ffdad-7dcb-4f8b-be29-d2806369f97c req-22ccbb52-a1fb-4ce5-8d53-8352e06cc0a0 c3984a90032947819b487b939d07f5c9 d1972981836f4c24a21b44afc519e145 - - default default] 199.204.45.129 "GET /v2.0/security-groups?fields=id&fields=name&tenant_id=d1972981836f4c24a21b44afc519e145 HTTP/1.1" status: 200 len: 379 time: 0.0505250
2026-05-10 02:01:32.082 10 INFO neutron.wsgi [req-2e738c39-da83-446e-a705-5dc8dd589441 req-5b6313f3-fe58-4e54-b446-f41ebdf148d0 c3984a90032947819b487b939d07f5c9 d1972981836f4c24a21b44afc519e145 - - default default] 10.0.0.246 "GET /v2.0/ports?device_id=4806cbc2-8012-41f7-97fa-01d0422968f5 HTTP/1.1" status: 200 len: 210 time: 0.0265856 /var/lib/openstack/lib/python3.10/site-packages/pycadf/identifier.py:71: UserWarning: Invalid uuid: neutron. To ensure interoperability, identifiers should be a valid uuid. warnings.warn(('Invalid uuid: %s. To ensure interoperability, '
2026-05-10 02:01:32.222 9 WARNING neutron.scheduler.dhcp_agent_scheduler [req-081ffdad-7dcb-4f8b-be29-d2806369f97c req-3def7c22-a17c-4870-a717-4c9286c27d14 c3984a90032947819b487b939d07f5c9 d1972981836f4c24a21b44afc519e145 - - default default] No more DHCP agents
2026-05-10 02:01:32.226 9 WARNING neutron.api.rpc.agentnotifiers.dhcp_rpc_agent_api [req-081ffdad-7dcb-4f8b-be29-d2806369f97c req-3def7c22-a17c-4870-a717-4c9286c27d14 c3984a90032947819b487b939d07f5c9 d1972981836f4c24a21b44afc519e145 - - default default] Unable to schedule network 985103fb-d195-4b76-862f-13aba22c85f5: no agents available; will retry on subsequent port and subnet creation events.
2026-05-10 02:01:32.298 9 INFO neutron.wsgi [req-5064e698-91ba-4174-bc91-97585318e9c0 req-ecdcb88d-011a-45d4-b80f-42ba573f0ab3 78f5325332344274bfc3f33feae0f944 6ee940777cec4572a45145b473891aee - - default default] 10.0.0.246 "GET /v2.0/ports?device_id=826fd5a4-dc42-45c6-8ab0-86d4a61a7f0b HTTP/1.1" status: 200 len: 1174 time: 0.1133952 /var/lib/openstack/lib/python3.10/site-packages/pycadf/identifier.py:71: UserWarning: Invalid uuid: neutron. To ensure interoperability, identifiers should be a valid uuid. warnings.warn(('Invalid uuid: %s. To ensure interoperability, '
2026-05-10 02:01:32.418 9 INFO neutron.db.ovn_revision_numbers_db [req-081ffdad-7dcb-4f8b-be29-d2806369f97c req-3def7c22-a17c-4870-a717-4c9286c27d14 c3984a90032947819b487b939d07f5c9 d1972981836f4c24a21b44afc519e145 - - default default] Successfully bumped revision number for resource f636dd75-6087-451a-a891-4a4fe95b6584 (type: ports) to 1
2026-05-10 02:01:32.429 10 INFO neutron.db.ovn_revision_numbers_db [None req-32cf22b9-2493-4582-9541-4c43c5929c3b 6f272c7937fc462aa8a7bcda352f5ed3 ddb189f29922415da73638c61461c0fd - - default default] Successfully bumped revision number for resource 4d2ba051-df85-48cc-a1b9-832d1e725306 (type: ports) to 2
2026-05-10 02:01:32.433 9 INFO neutron.wsgi [None req-c1da3c65-d689-42c7-a748-db9eaf4d904c b477c62976d24feda1acaae2b27b29be b58a4c05e6074359883ff168fa613fe1 - - default default] 10.0.0.101 "GET /v2.0/security-groups?tenant_id=33268605d00943d5b96a2a97017e585c&name=default HTTP/1.1" status: 200 len: 2996 time: 0.1701300
2026-05-10 02:01:32.447 9 INFO neutron.wsgi [req-081ffdad-7dcb-4f8b-be29-d2806369f97c req-3def7c22-a17c-4870-a717-4c9286c27d14 c3984a90032947819b487b939d07f5c9 d1972981836f4c24a21b44afc519e145 - - default default] 199.204.45.129 "POST /v2.0/ports HTTP/1.1" status: 201 len: 1162 time: 0.5635362
2026-05-10 02:01:32.476 10 INFO neutron.wsgi [req-424c0106-5542-412e-91fd-2c0ae4db7607 req-3f964ead-3734-4308-879f-b59155dfca61 78f5325332344274bfc3f33feae0f944 6ee940777cec4572a45145b473891aee - - default default] 10.0.0.246 "GET /v2.0/ports/96ae2052-51eb-4ef1-8870-1f75b359577f HTTP/1.1" status: 200 len: 1171 time: 0.1351287
2026-05-10 02:01:32.492 10 INFO neutron.db.ovn_revision_numbers_db [None req-32cf22b9-2493-4582-9541-4c43c5929c3b 6f272c7937fc462aa8a7bcda352f5ed3 ddb189f29922415da73638c61461c0fd - - default default] Successfully bumped revision number for resource 4288020f-9bfd-4b7c-8239-8542e3bfa936 (type: subnets) to 0
2026-05-10 02:01:32.530 10 WARNING neutron.scheduler.dhcp_agent_scheduler [None req-32cf22b9-2493-4582-9541-4c43c5929c3b 6f272c7937fc462aa8a7bcda352f5ed3 ddb189f29922415da73638c61461c0fd - - default default] No more DHCP agents
2026-05-10 02:01:32.535 10 WARNING neutron.api.rpc.agentnotifiers.dhcp_rpc_agent_api [None req-32cf22b9-2493-4582-9541-4c43c5929c3b 6f272c7937fc462aa8a7bcda352f5ed3 ddb189f29922415da73638c61461c0fd - - default default] Unable to schedule network a0c1601b-b729-45c6-a08b-0da8f5bdc77a: no agents available; will retry on subsequent port and subnet creation events.
2026-05-10 02:01:32.706 10 INFO neutron.wsgi [req-1c5d79f8-c88a-4f58-a75d-77837edcbe7b req-ac8392ec-45ae-440e-91d6-36e02937e5ce 78f5325332344274bfc3f33feae0f944 6ee940777cec4572a45145b473891aee - - default default] 199.204.45.129 "GET /v2.0/subnets?network_id=4d29decc-87a6-4806-a0cd-07426c873df1 HTTP/1.1" status: 200 len: 859 time: 0.0895963
2026-05-10 02:01:32.731 9 INFO neutron.wsgi [req-62f38820-624b-4e2c-90d3-9adde1517742 req-049980ff-837f-41cb-b213-1708750f27e7 071487f74c7148fd846b50b2a68aa9ab 506a88a9e8484628affc56649e365da4 - - be153b6ef6404744af3deace32e5da1d be153b6ef6404744af3deace32e5da1d] 199.204.45.129 "GET /v2.0/ports?device_id=826fd5a4-dc42-45c6-8ab0-86d4a61a7f0b&fields=binding%3Ahost_id&fields=binding%3Avif_type HTTP/1.1" status: 200 len: 265 time: 0.0394256
2026-05-10 02:01:32.787 10 INFO neutron.wsgi [req-1c5d79f8-c88a-4f58-a75d-77837edcbe7b req-fba10094-ab51-4f28-9233-023da3226bf0 78f5325332344274bfc3f33feae0f944 6ee940777cec4572a45145b473891aee - - default default] 199.204.45.129 "GET /v2.0/ports?device_id=826fd5a4-dc42-45c6-8ab0-86d4a61a7f0b&device_owner=compute%3Anova&network_id=4d29decc-87a6-4806-a0cd-07426c873df1 HTTP/1.1" status: 200 len: 1174 time: 0.0722475
2026-05-10 02:01:32.879 10 INFO neutron.wsgi [None req-c8c74107-8e63-43a9-8f7b-f366ad13fef4 b477c62976d24feda1acaae2b27b29be b58a4c05e6074359883ff168fa613fe1 - - default default] 10.0.0.101 "DELETE /v2.0/security-groups/e5f13acd-ac82-46be-a720-cb9c40c5d492 HTTP/1.1" status: 204 len: 168 time: 0.4414551
2026-05-10 02:01:32.910 9 INFO neutron.db.ovn_revision_numbers_db [req-081ffdad-7dcb-4f8b-be29-d2806369f97c req-323abd3e-8478-46bc-92f7-41d5ea7fdb95 071487f74c7148fd846b50b2a68aa9ab 506a88a9e8484628affc56649e365da4 - - be153b6ef6404744af3deace32e5da1d be153b6ef6404744af3deace32e5da1d] Successfully bumped revision number for resource f636dd75-6087-451a-a891-4a4fe95b6584 (type: ports) to 2
2026-05-10 02:01:33.121 9 INFO neutron.db.ovn_revision_numbers_db [req-081ffdad-7dcb-4f8b-be29-d2806369f97c req-323abd3e-8478-46bc-92f7-41d5ea7fdb95 071487f74c7148fd846b50b2a68aa9ab 506a88a9e8484628affc56649e365da4 - - be153b6ef6404744af3deace32e5da1d be153b6ef6404744af3deace32e5da1d] Successfully bumped revision number for resource f636dd75-6087-451a-a891-4a4fe95b6584 (type: ports) to 2
2026-05-10 02:01:33.148 9 INFO neutron.wsgi [req-081ffdad-7dcb-4f8b-be29-d2806369f97c req-323abd3e-8478-46bc-92f7-41d5ea7fdb95 071487f74c7148fd846b50b2a68aa9ab 506a88a9e8484628affc56649e365da4 - - be153b6ef6404744af3deace32e5da1d be153b6ef6404744af3deace32e5da1d] 199.204.45.129 "PUT /v2.0/ports/f636dd75-6087-451a-a891-4a4fe95b6584 HTTP/1.1" status: 200 len: 1380 time: 0.6924648
2026-05-10 02:01:33.181 9 INFO neutron.notifiers.nova [-] Nova event matching ['req-734ca9ac-f87c-4ed1-8a24-c3388c22ef1f'] response: {'name': 'network-changed', 'server_uuid': '4806cbc2-8012-41f7-97fa-01d0422968f5', 'tag': 'f636dd75-6087-451a-a891-4a4fe95b6584', 'status': 'completed', 'code': 200} /var/lib/openstack/lib/python3.10/site-packages/pycadf/identifier.py:71: UserWarning: Invalid uuid: neutron. To ensure interoperability, identifiers should be a valid uuid. warnings.warn(('Invalid uuid: %s. To ensure interoperability, '
2026-05-10 02:01:33.221 9 INFO neutron.wsgi [req-081ffdad-7dcb-4f8b-be29-d2806369f97c req-dca71bf7-ed30-4729-a6df-7d347537b9e9 071487f74c7148fd846b50b2a68aa9ab 506a88a9e8484628affc56649e365da4 - - be153b6ef6404744af3deace32e5da1d be153b6ef6404744af3deace32e5da1d] 199.204.45.129 "GET /v2.0/ports?tenant_id=d1972981836f4c24a21b44afc519e145&device_id=4806cbc2-8012-41f7-97fa-01d0422968f5 HTTP/1.1" status: 200 len: 1411 time: 0.0335484
2026-05-10 02:01:33.259 9 INFO neutron.wsgi [req-081ffdad-7dcb-4f8b-be29-d2806369f97c req-5c0d604e-c6bb-4453-b59c-0f6bdd6e98a3 071487f74c7148fd846b50b2a68aa9ab 506a88a9e8484628affc56649e365da4 - - be153b6ef6404744af3deace32e5da1d be153b6ef6404744af3deace32e5da1d] 199.204.45.129 "GET /v2.0/floatingips?fixed_ip_address=10.100.0.10&port_id=f636dd75-6087-451a-a891-4a4fe95b6584 HTTP/1.1" status: 200 len: 217 time: 0.0293894
2026-05-10 02:01:33.292 9 INFO neutron.wsgi [req-081ffdad-7dcb-4f8b-be29-d2806369f97c req-d188709f-df5b-4aa6-b2d4-c78f77b0041e 071487f74c7148fd846b50b2a68aa9ab 506a88a9e8484628affc56649e365da4 - - be153b6ef6404744af3deace32e5da1d be153b6ef6404744af3deace32e5da1d] 199.204.45.129 "GET /v2.0/subnets?id=5599262c-ca85-4fe5-a1d5-e939534aca97 HTTP/1.1" status: 200 len: 869 time: 0.0269878
2026-05-10 02:01:33.315 9 INFO neutron.wsgi [req-081ffdad-7dcb-4f8b-be29-d2806369f97c req-436a2b7e-6dac-4df4-8a06-d4dd8b876beb 071487f74c7148fd846b50b2a68aa9ab 506a88a9e8484628affc56649e365da4 - - be153b6ef6404744af3deace32e5da1d be153b6ef6404744af3deace32e5da1d] 199.204.45.129 "GET /v2.0/ports?network_id=985103fb-d195-4b76-862f-13aba22c85f5&device_owner=network%3Adhcp HTTP/1.1" status: 200 len: 210 time: 0.0182629
2026-05-10 02:01:33.367 10 INFO neutron.wsgi [req-fb4ead75-e8c4-4e6d-9c77-91bef635d747 req-aac7e24a-abb7-470b-a5d6-113935a1a469 c3984a90032947819b487b939d07f5c9 d1972981836f4c24a21b44afc519e145 - - default default] 10.0.0.246 "GET /v2.0/ports?device_id=4806cbc2-8012-41f7-97fa-01d0422968f5 HTTP/1.1" status: 200 len: 1172 time: 0.0586145
2026-05-10 02:01:33.387 9 INFO neutron.wsgi [req-081ffdad-7dcb-4f8b-be29-d2806369f97c req-84b515c9-1b81-4752-ae2f-74f1514dd811 071487f74c7148fd846b50b2a68aa9ab 506a88a9e8484628affc56649e365da4 - - be153b6ef6404744af3deace32e5da1d be153b6ef6404744af3deace32e5da1d] 199.204.45.129 "GET /v2.0/networks/985103fb-d195-4b76-862f-13aba22c85f5?fields=segments HTTP/1.1" status: 200 len: 212 time: 0.0644841
2026-05-10 02:01:33.437 10 INFO neutron.wsgi [req-fb4ead75-e8c4-4e6d-9c77-91bef635d747 req-5989d681-bc7f-40c5-913e-5d45169a675c c3984a90032947819b487b939d07f5c9 d1972981836f4c24a21b44afc519e145 - - default default] 10.0.0.246 "GET /v2.0/security-groups?id=322f554e-0198-49f0-a93a-ead4826b9a78&fields=id&fields=name HTTP/1.1" status: 200 len: 312 time: 0.0619564
2026-05-10 02:01:33.476 9 INFO neutron.wsgi [req-081ffdad-7dcb-4f8b-be29-d2806369f97c req-a47ce619-6bc7-4c7b-8542-8e57fa25e02a 071487f74c7148fd846b50b2a68aa9ab 506a88a9e8484628affc56649e365da4 - - be153b6ef6404744af3deace32e5da1d be153b6ef6404744af3deace32e5da1d] 199.204.45.129 "GET /v2.0/networks/985103fb-d195-4b76-862f-13aba22c85f5?fields=provider%3Aphysical_network&fields=provider%3Anetwork_type HTTP/1.1" status: 200 len: 277 time: 0.0787337
2026-05-10 02:01:33.511 10 INFO neutron.db.ovn_revision_numbers_db [None req-32cf22b9-2493-4582-9541-4c43c5929c3b 6f272c7937fc462aa8a7bcda352f5ed3 ddb189f29922415da73638c61461c0fd - - default default] Successfully bumped revision number for resource 6c9fc8ef-5fd9-4da0-85ca-9e2515e0a3e4 (type: ports) to 2
2026-05-10 02:01:33.546 9 INFO neutron.wsgi [req-2dc0bf7c-999f-40d2-a687-1f58c27b5a7a req-42a2fcd1-80a7-44fa-bee9-52f4b355ef4b 071487f74c7148fd846b50b2a68aa9ab 506a88a9e8484628affc56649e365da4 - - be153b6ef6404744af3deace32e5da1d be153b6ef6404744af3deace32e5da1d] 199.204.45.129 "GET /v2.0/ports?tenant_id=d1972981836f4c24a21b44afc519e145&device_id=4806cbc2-8012-41f7-97fa-01d0422968f5 HTTP/1.1" status: 200 len: 1411 time: 0.0298197
2026-05-10 02:01:33.566 10 INFO neutron.db.ovn_revision_numbers_db [None req-32cf22b9-2493-4582-9541-4c43c5929c3b 6f272c7937fc462aa8a7bcda352f5ed3 ddb189f29922415da73638c61461c0fd - - default default] Successfully bumped revision number for resource f55479b9-6173-4991-a9a0-d3c4cd4d0d6e (type: subnets) to 0
2026-05-10 02:01:33.583 10 INFO neutron.wsgi [None req-32cf22b9-2493-4582-9541-4c43c5929c3b 6f272c7937fc462aa8a7bcda352f5ed3 ddb189f29922415da73638c61461c0fd - - default default] 10.0.0.101 "POST /v2.0/subnets HTTP/1.1" status: 201 len: 1424 time: 2.2936671 /var/lib/openstack/lib/python3.10/site-packages/pycadf/identifier.py:71: UserWarning: Invalid uuid: neutron. To ensure interoperability, identifiers should be a valid uuid. warnings.warn(('Invalid uuid: %s. To ensure interoperability, '
2026-05-10 02:01:33.639 9 INFO neutron.wsgi [req-2dc0bf7c-999f-40d2-a687-1f58c27b5a7a req-dc4a6a83-0214-4177-bfb8-c47da256dd39 071487f74c7148fd846b50b2a68aa9ab 506a88a9e8484628affc56649e365da4 - - be153b6ef6404744af3deace32e5da1d be153b6ef6404744af3deace32e5da1d] 199.204.45.129 "GET /v2.0/networks?id=985103fb-d195-4b76-862f-13aba22c85f5 HTTP/1.1" status: 200 len: 974 time: 0.0838399
2026-05-10 02:01:33.656 10 INFO neutron.db.ovn_revision_numbers_db [req-1c5d79f8-c88a-4f58-a75d-77837edcbe7b req-3227e24f-4ad1-4c1a-b2d2-90752f39dcae 78f5325332344274bfc3f33feae0f944 6ee940777cec4572a45145b473891aee - - default default] Successfully bumped revision number for resource 96ae2052-51eb-4ef1-8870-1f75b359577f (type: ports) to 5
2026-05-10 02:01:33.673 10 INFO neutron.wsgi [None req-81c629dc-5357-40fc-aa13-b200231c44bf 6f272c7937fc462aa8a7bcda352f5ed3 ddb189f29922415da73638c61461c0fd - - default default] 10.0.0.101 "GET /v2.0/subnets HTTP/1.1" status: 200 len: 2032 time: 0.0819862
2026-05-10 02:01:33.695 10 INFO neutron.wsgi [req-1c5d79f8-c88a-4f58-a75d-77837edcbe7b req-3227e24f-4ad1-4c1a-b2d2-90752f39dcae 78f5325332344274bfc3f33feae0f944 6ee940777cec4572a45145b473891aee - - default default] 199.204.45.129 "PUT /v2.0/ports/96ae2052-51eb-4ef1-8870-1f75b359577f HTTP/1.1" status: 200 len: 1353 time: 0.9025676
2026-05-10 02:01:33.755 10 INFO neutron.notifiers.nova [-] Nova event matching ['req-87fc1338-ffec-4a52-834f-a0c76a2c0c86'] response: {'name': 'network-changed', 'server_uuid': '826fd5a4-dc42-45c6-8ab0-86d4a61a7f0b', 'tag': '96ae2052-51eb-4ef1-8870-1f75b359577f', 'status': 'completed', 'code': 200}
2026-05-10 02:01:33.789 10 INFO neutron.wsgi [req-1c5d79f8-c88a-4f58-a75d-77837edcbe7b req-58dcdb62-f05e-4106-b1dc-6929893ccea8 071487f74c7148fd846b50b2a68aa9ab 506a88a9e8484628affc56649e365da4 - - be153b6ef6404744af3deace32e5da1d be153b6ef6404744af3deace32e5da1d] 199.204.45.129 "GET /v2.0/ports?tenant_id=6ee940777cec4572a45145b473891aee&device_id=826fd5a4-dc42-45c6-8ab0-86d4a61a7f0b HTTP/1.1" status: 200 len: 1594 time: 0.0609915
2026-05-10 02:01:33.869 9 INFO neutron.plugins.ml2.drivers.ovn.mech_driver.mech_driver [None req-4abb913c-3f33-48cb-a24c-b9cb0af6d460 - - - - - -] OVN reports status up for port: f636dd75-6087-451a-a891-4a4fe95b6584
2026-05-10 02:01:33.873 9 INFO neutron.wsgi [req-2dc0bf7c-999f-40d2-a687-1f58c27b5a7a req-967d8ec0-b428-492e-8816-6f0c6dfb2abc 071487f74c7148fd846b50b2a68aa9ab 506a88a9e8484628affc56649e365da4 - - be153b6ef6404744af3deace32e5da1d be153b6ef6404744af3deace32e5da1d] 199.204.45.129 "GET /v2.0/floatingips?fixed_ip_address=10.100.0.10&port_id=f636dd75-6087-451a-a891-4a4fe95b6584 HTTP/1.1" status: 200 len: 217 time: 0.2273157
2026-05-10 02:01:33.881 9 INFO neutron.plugins.ml2.plugin [None req-4abb913c-3f33-48cb-a24c-b9cb0af6d460 - - - - - -] Attempt 1 to provision port f636dd75-6087-451a-a891-4a4fe95b6584
2026-05-10 02:01:33.886 10 INFO neutron.wsgi [req-1c5d79f8-c88a-4f58-a75d-77837edcbe7b req-da3436c4-abcf-4ff4-b9df-472c926e0bb0 071487f74c7148fd846b50b2a68aa9ab 506a88a9e8484628affc56649e365da4 - - be153b6ef6404744af3deace32e5da1d be153b6ef6404744af3deace32e5da1d] 199.204.45.129 "GET /v2.0/networks?id=4d29decc-87a6-4806-a0cd-07426c873df1 HTTP/1.1" status: 200 len: 982 time: 0.0880589
2026-05-10 02:01:33.917 10 INFO neutron.wsgi [req-1c5d79f8-c88a-4f58-a75d-77837edcbe7b req-ea6a67f0-5ae0-4b43-96cb-fedcca6c68a8 071487f74c7148fd846b50b2a68aa9ab 506a88a9e8484628affc56649e365da4 - - be153b6ef6404744af3deace32e5da1d be153b6ef6404744af3deace32e5da1d] 199.204.45.129 "GET /v2.0/floatingips?fixed_ip_address=10.100.0.10&port_id=96ae2052-51eb-4ef1-8870-1f75b359577f HTTP/1.1" status: 200 len: 217 time: 0.0247974
2026-05-10 02:01:33.918 9 INFO neutron.wsgi [req-2dc0bf7c-999f-40d2-a687-1f58c27b5a7a req-81ac45e6-71a2-469f-827e-1c6fb698c4fd 071487f74c7148fd846b50b2a68aa9ab 506a88a9e8484628affc56649e365da4 - - be153b6ef6404744af3deace32e5da1d be153b6ef6404744af3deace32e5da1d] 199.204.45.129 "GET /v2.0/subnets?id=5599262c-ca85-4fe5-a1d5-e939534aca97 HTTP/1.1" status: 200 len: 869 time: 0.0390818
2026-05-10 02:01:33.949 9 INFO neutron.wsgi [req-2dc0bf7c-999f-40d2-a687-1f58c27b5a7a req-caf49777-9450-4269-847c-27358fd1ccc2 071487f74c7148fd846b50b2a68aa9ab 506a88a9e8484628affc56649e365da4 - - be153b6ef6404744af3deace32e5da1d be153b6ef6404744af3deace32e5da1d] 199.204.45.129 "GET /v2.0/ports?network_id=985103fb-d195-4b76-862f-13aba22c85f5&device_owner=network%3Adhcp HTTP/1.1" status: 200 len: 210 time: 0.0221572
2026-05-10 02:01:33.996 10 WARNING neutron.plugins.ml2.drivers.ovn.mech_driver.ovsdb.ovn_client [None req-4ef3eff0-9626-480d-9dbc-1cf236b23783 - - - - - -] No hosting information found for port 570546cd-e103-4d3d-bdc1-3db49258c902: RuntimeError: No hosting information found for port 570546cd-e103-4d3d-bdc1-3db49258c902
2026-05-10 02:01:34.001 10 INFO neutron.wsgi [req-1c5d79f8-c88a-4f58-a75d-77837edcbe7b req-5373dd29-9294-43c6-a8c8-9e81e7e93f58 071487f74c7148fd846b50b2a68aa9ab 506a88a9e8484628affc56649e365da4 - - be153b6ef6404744af3deace32e5da1d be153b6ef6404744af3deace32e5da1d] 199.204.45.129 "GET /v2.0/floatingips?fixed_ip_address=10.100.0.12&port_id=96ae2052-51eb-4ef1-8870-1f75b359577f HTTP/1.1" status: 200 len: 1060 time: 0.0685022
2026-05-10 02:01:34.026 9 INFO neutron.wsgi [req-2dc0bf7c-999f-40d2-a687-1f58c27b5a7a req-e082c6c6-12a2-465e-b922-ec8681db5144 071487f74c7148fd846b50b2a68aa9ab 506a88a9e8484628affc56649e365da4 - - be153b6ef6404744af3deace32e5da1d be153b6ef6404744af3deace32e5da1d] 199.204.45.129 "GET /v2.0/networks/985103fb-d195-4b76-862f-13aba22c85f5?fields=segments HTTP/1.1" status: 200 len: 212 time: 0.0669427
2026-05-10 02:01:34.048 10 INFO neutron.wsgi [req-1c5d79f8-c88a-4f58-a75d-77837edcbe7b req-44d605fe-1835-4c6a-94b5-0cba19f650bd 071487f74c7148fd846b50b2a68aa9ab 506a88a9e8484628affc56649e365da4 - - be153b6ef6404744af3deace32e5da1d be153b6ef6404744af3deace32e5da1d] 199.204.45.129 "GET /v2.0/subnets?id=da4ebf32-17ee-4c3a-a38b-cd7b0ca23f89 HTTP/1.1" status: 200 len: 877 time: 0.0407257
2026-05-10 02:01:34.078 10 INFO neutron.wsgi [req-1c5d79f8-c88a-4f58-a75d-77837edcbe7b req-e93b83e2-543d-40f0-a1e0-23343ea6121f 071487f74c7148fd846b50b2a68aa9ab 506a88a9e8484628affc56649e365da4 - - be153b6ef6404744af3deace32e5da1d be153b6ef6404744af3deace32e5da1d] 199.204.45.129 "GET /v2.0/ports?network_id=4d29decc-87a6-4806-a0cd-07426c873df1&device_owner=network%3Adhcp HTTP/1.1" status: 200 len: 210 time: 0.0237837
2026-05-10 02:01:34.102 9 INFO neutron.wsgi [req-2dc0bf7c-999f-40d2-a687-1f58c27b5a7a req-3460ff2d-5b75-49b4-811a-017f1a5b3982 071487f74c7148fd846b50b2a68aa9ab 506a88a9e8484628affc56649e365da4 - - be153b6ef6404744af3deace32e5da1d be153b6ef6404744af3deace32e5da1d] 199.204.45.129 "GET /v2.0/networks/985103fb-d195-4b76-862f-13aba22c85f5?fields=provider%3Aphysical_network&fields=provider%3Anetwork_type HTTP/1.1" status: 200 len: 277 time: 0.0674090
2026-05-10 02:01:34.116 10 INFO neutron.wsgi [None req-ba7b8ba6-fbb6-4546-b5bf-68c60be3ec5a 6f272c7937fc462aa8a7bcda352f5ed3 ddb189f29922415da73638c61461c0fd - - default default] 10.0.0.101 "DELETE /v2.0/subnets/4288020f-9bfd-4b7c-8239-8542e3bfa936 HTTP/1.1" status: 204 len: 168 time: 0.4335842
2026-05-10 02:01:34.154 10 INFO neutron.wsgi [req-1c5d79f8-c88a-4f58-a75d-77837edcbe7b req-7de4a2c2-3f8f-480f-b84c-b5d1bedd8ed6 071487f74c7148fd846b50b2a68aa9ab 506a88a9e8484628affc56649e365da4 - - be153b6ef6404744af3deace32e5da1d be153b6ef6404744af3deace32e5da1d] 199.204.45.129 "GET /v2.0/networks/4d29decc-87a6-4806-a0cd-07426c873df1?fields=segments HTTP/1.1" status: 200 len: 212 time: 0.0665181
2026-05-10 02:01:34.225 10 INFO neutron.wsgi [req-1c5d79f8-c88a-4f58-a75d-77837edcbe7b req-04ec590a-0dce-4987-9ab8-7a43792f313d 071487f74c7148fd846b50b2a68aa9ab 506a88a9e8484628affc56649e365da4 - - be153b6ef6404744af3deace32e5da1d be153b6ef6404744af3deace32e5da1d] 199.204.45.129 "GET /v2.0/networks/4d29decc-87a6-4806-a0cd-07426c873df1?fields=provider%3Aphysical_network&fields=provider%3Anetwork_type HTTP/1.1" status: 200 len: 277 time: 0.0568893
2026-05-10 02:01:34.311 9 INFO neutron.db.ovn_revision_numbers_db [None req-4abb913c-3f33-48cb-a24c-b9cb0af6d460 - - - - - -] Successfully bumped revision number for resource f636dd75-6087-451a-a891-4a4fe95b6584 (type: ports) to 4
2026-05-10 02:01:34.355 10 INFO neutron.wsgi [req-62f38820-624b-4e2c-90d3-9adde1517742 req-38a3f50c-4664-4642-8ca5-83f769ecdeeb 071487f74c7148fd846b50b2a68aa9ab 506a88a9e8484628affc56649e365da4 - - be153b6ef6404744af3deace32e5da1d be153b6ef6404744af3deace32e5da1d] 199.204.45.129 "GET /v2.0/ports?tenant_id=6ee940777cec4572a45145b473891aee&device_id=826fd5a4-dc42-45c6-8ab0-86d4a61a7f0b HTTP/1.1" status: 200 len: 1594 time: 0.0429575
2026-05-10 02:01:34.404 9 INFO neutron.wsgi [None req-ce781c9c-b32d-4ebc-a234-c76d51db0f4e 6f272c7937fc462aa8a7bcda352f5ed3 ddb189f29922415da73638c61461c0fd - - default default] 10.0.0.101 "DELETE /v2.0/subnets/f55479b9-6173-4991-a9a0-d3c4cd4d0d6e HTTP/1.1" status: 204 len: 168 time: 0.2801971 /var/lib/openstack/lib/python3.10/site-packages/pycadf/identifier.py:71: UserWarning: Invalid uuid: neutron. To ensure interoperability, identifiers should be a valid uuid. warnings.warn(('Invalid uuid: %s. To ensure interoperability, '
2026-05-10 02:01:34.442 10 INFO neutron.wsgi [req-62f38820-624b-4e2c-90d3-9adde1517742 req-135d0e53-e76f-4d0f-8e2c-83f03bebde7f 071487f74c7148fd846b50b2a68aa9ab 506a88a9e8484628affc56649e365da4 - - be153b6ef6404744af3deace32e5da1d be153b6ef6404744af3deace32e5da1d] 199.204.45.129 "GET /v2.0/networks?id=4d29decc-87a6-4806-a0cd-07426c873df1 HTTP/1.1" status: 200 len: 982 time: 0.0657611
2026-05-10 02:01:34.466 9 INFO neutron.wsgi [None req-d4b3a942-ddfc-4f92-a356-b8788aa3d967 6f272c7937fc462aa8a7bcda352f5ed3 ddb189f29922415da73638c61461c0fd - - default default] 10.0.0.101 "GET /v2.0/subnets HTTP/1.1" status: 200 len: 820 time: 0.0530777
2026-05-10 02:01:34.477 10 INFO neutron.wsgi [req-62f38820-624b-4e2c-90d3-9adde1517742 req-cdd1339a-5271-4a27-980c-16c1daab8119 071487f74c7148fd846b50b2a68aa9ab 506a88a9e8484628affc56649e365da4 - - be153b6ef6404744af3deace32e5da1d be153b6ef6404744af3deace32e5da1d] 199.204.45.129 "GET /v2.0/floatingips?fixed_ip_address=10.100.0.10&port_id=96ae2052-51eb-4ef1-8870-1f75b359577f HTTP/1.1" status: 200 len: 217 time: 0.0276232
2026-05-10 02:01:34.526 10 INFO neutron.wsgi [req-62f38820-624b-4e2c-90d3-9adde1517742 req-e8c28215-5f32-452f-9bfd-a64047c2ac48 071487f74c7148fd846b50b2a68aa9ab 506a88a9e8484628affc56649e365da4 - - be153b6ef6404744af3deace32e5da1d be153b6ef6404744af3deace32e5da1d] 199.204.45.129 "GET /v2.0/floatingips?fixed_ip_address=10.100.0.12&port_id=96ae2052-51eb-4ef1-8870-1f75b359577f HTTP/1.1" status: 200 len: 1060 time: 0.0441036
2026-05-10 02:01:34.566 10 INFO neutron.wsgi [req-62f38820-624b-4e2c-90d3-9adde1517742 req-386fce88-9d87-44e3-803a-419752bff474 071487f74c7148fd846b50b2a68aa9ab 506a88a9e8484628affc56649e365da4 - - be153b6ef6404744af3deace32e5da1d be153b6ef6404744af3deace32e5da1d] 199.204.45.129 "GET /v2.0/subnets?id=da4ebf32-17ee-4c3a-a38b-cd7b0ca23f89 HTTP/1.1" status: 200 len: 877 time: 0.0312505
