2026-05-10 02:02:25.601 10 WARNING neutron.api.rpc.agentnotifiers.dhcp_rpc_agent_api [None req-54171102-fe2a-4df6-9881-b1a709b13d69 b477c62976d24feda1acaae2b27b29be b58a4c05e6074359883ff168fa613fe1 - - default default] Unable to schedule network 16e27575-8e12-4f28-abe7-5afc6d2a950a: no agents available; will retry on subsequent port and subnet creation events.
2026-05-10 02:02:25.631 9 WARNING neutron.plugins.ml2.drivers.ovn.mech_driver.ovsdb.ovn_client [None req-4abb913c-3f33-48cb-a24c-b9cb0af6d460 - - - - - -] No port found with ID 1ede20e7-980e-4c93-af05-d411b0f78cfe: RuntimeError: No port found with ID 1ede20e7-980e-4c93-af05-d411b0f78cfe
2026-05-10 02:02:25.631 9 INFO neutron.plugins.ml2.drivers.ovn.mech_driver.mech_driver [None req-4abb913c-3f33-48cb-a24c-b9cb0af6d460 - - - - - -] OVN reports status up for port: adcebb6e-05db-4439-a0eb-4811b8d3f540
2026-05-10 02:02:25.669 9 INFO neutron.plugins.ml2.plugin [None req-4abb913c-3f33-48cb-a24c-b9cb0af6d460 - - - - - -] Attempt 1 to provision port adcebb6e-05db-4439-a0eb-4811b8d3f540
2026-05-10 02:02:25.697 10 INFO neutron.db.ovn_revision_numbers_db [None req-a5e59646-fbb1-454e-9725-ba265bba5672 b477c62976d24feda1acaae2b27b29be b58a4c05e6074359883ff168fa613fe1 - - default default] Successfully bumped revision number for resource c815c412-b6be-4500-b207-c65ed2f7ff5b (type: security_groups) to 1
2026-05-10 02:02:25.716 9 INFO neutron.wsgi [req-64bc8b34-a47c-4257-9686-fecdd70148e4 req-37bf37c0-c08d-4723-a594-9113c3f9b44a 9413acb74c50440cab8c9e0741617bd7 b16570c379f34576a9684aa27c6d0cad - - default default] 199.204.45.129 "GET /v2.0/networks?id=964688ba-b8c4-4bb1-bf42-21c493e47357 HTTP/1.1" status: 200 len: 875 time: 0.1329422
2026-05-10 02:02:25.721 10 INFO neutron.db.ovn_revision_numbers_db [None req-a5e59646-fbb1-454e-9725-ba265bba5672 b477c62976d24feda1acaae2b27b29be b58a4c05e6074359883ff168fa613fe1 - - default default] Successfully bumped revision number for resource 561deb22-e9f4-4752-8eee-ce999ac182ed (type: security_group_rules) to 0
2026-05-10 02:02:25.742 10 INFO neutron.db.ovn_revision_numbers_db [None req-a5e59646-fbb1-454e-9725-ba265bba5672 b477c62976d24feda1acaae2b27b29be b58a4c05e6074359883ff168fa613fe1 - - default default] Successfully bumped revision number for resource 8833f2ef-abbb-4a63-94b8-bf8f58897a81 (type: security_group_rules) to 0
2026-05-10 02:02:25.779 10 INFO neutron.db.ovn_revision_numbers_db [None req-a5e59646-fbb1-454e-9725-ba265bba5672 b477c62976d24feda1acaae2b27b29be b58a4c05e6074359883ff168fa613fe1 - - default default] Successfully bumped revision number for resource e7e5d3c8-1fc0-46f6-a94b-c258ef2ebca1 (type: security_group_rules) to 0
2026-05-10 02:02:25.799 10 INFO neutron.db.ovn_revision_numbers_db [None req-a5e59646-fbb1-454e-9725-ba265bba5672 b477c62976d24feda1acaae2b27b29be b58a4c05e6074359883ff168fa613fe1 - - default default] Successfully bumped revision number for resource f3ded2fa-aff9-43eb-8148-81715090185a (type: security_group_rules) to 0
2026-05-10 02:02:25.801 9 INFO neutron.wsgi [req-64bc8b34-a47c-4257-9686-fecdd70148e4 req-8cfedd73-b4fa-45cb-b1cf-91f3d538a5c9 9413acb74c50440cab8c9e0741617bd7 b16570c379f34576a9684aa27c6d0cad - - default default] 199.204.45.129 "GET /v2.0/security-groups?fields=id&fields=name&tenant_id=b16570c379f34576a9684aa27c6d0cad HTTP/1.1" status: 200 len: 380 time: 0.0765781
2026-05-10 02:02:25.855 10 INFO neutron.wsgi [None req-a5e59646-fbb1-454e-9725-ba265bba5672 b477c62976d24feda1acaae2b27b29be b58a4c05e6074359883ff168fa613fe1 - - default default] 10.0.0.101 "GET /v2.0/security-groups?tenant_id=3afe2153d5eb4e2785aa8a5fcd94b9e4&name=default HTTP/1.1" status: 200 len: 2996 time: 0.4359875
2026-05-10 02:02:26.026 9 INFO neutron.db.ovn_revision_numbers_db [None req-032b453c-5ae9-412e-8aa2-45e125de7b8c - - - - - -] Successfully bumped revision number for resource b26c4dad-72e6-4fd4-b0ad-3e49251bc5c6 (type: router_ports) to 4
2026-05-10 02:02:26.065 9 INFO neutron.wsgi [req-2866b8b3-30cf-450b-9737-7a0ed99331aa req-92179046-8684-4fe2-b729-7c102daf5623 9413acb74c50440cab8c9e0741617bd7 b16570c379f34576a9684aa27c6d0cad - - default default] 10.0.0.246 "GET /v2.0/ports?device_id=2b7bd5c6-4103-4fa6-9fae-eec62396dfd5 HTTP/1.1" status: 200 len: 210 time: 0.0383084
2026-05-10 02:02:26.148 9 INFO neutron.db.ovn_revision_numbers_db [None req-4abb913c-3f33-48cb-a24c-b9cb0af6d460 - - - - - -] Successfully bumped revision number for resource adcebb6e-05db-4439-a0eb-4811b8d3f540 (type: ports) to 2
2026-05-10 02:02:26.232 10 INFO neutron.wsgi [None req-bdb850e6-e427-46a0-9f0e-fbfee6cace1e b477c62976d24feda1acaae2b27b29be b58a4c05e6074359883ff168fa613fe1 - - default default] 10.0.0.101 "DELETE /v2.0/security-groups/c815c412-b6be-4500-b207-c65ed2f7ff5b HTTP/1.1" status: 204 len: 168 time: 0.3706872
2026-05-10 02:02:26.306 9 INFO neutron.db.ovn_revision_numbers_db [None req-4abb913c-3f33-48cb-a24c-b9cb0af6d460 - - - - - -] Successfully bumped revision number for resource adcebb6e-05db-4439-a0eb-4811b8d3f540 (type: router_ports) to 2
2026-05-10 02:02:26.335 10 INFO neutron.db.ovn_revision_numbers_db [None req-54171102-fe2a-4df6-9881-b1a709b13d69 b477c62976d24feda1acaae2b27b29be b58a4c05e6074359883ff168fa613fe1 - - default default] Successfully bumped revision number for resource a0d41c90-98ac-4716-ac8c-4f86ebe4b389 (type: router_ports) to 1
2026-05-10 02:02:26.338 10 INFO neutron.wsgi [None req-54171102-fe2a-4df6-9881-b1a709b13d69 b477c62976d24feda1acaae2b27b29be b58a4c05e6074359883ff168fa613fe1 - - default default] 10.0.0.101 "PUT /v2.0/routers/5a45f76e-e90b-4b39-bf92-3bb294353735/add_router_interface HTTP/1.1" status: 200 len: 503 time: 2.3363152
2026-05-10 02:02:26.343 9 WARNING neutron.scheduler.dhcp_agent_scheduler [req-64bc8b34-a47c-4257-9686-fecdd70148e4 req-e1bbcce2-5a61-4c88-b8a3-4bb1affb581c 9413acb74c50440cab8c9e0741617bd7 b16570c379f34576a9684aa27c6d0cad - - default default] No more DHCP agents
2026-05-10 02:02:26.345 9 WARNING neutron.api.rpc.agentnotifiers.dhcp_rpc_agent_api [req-64bc8b34-a47c-4257-9686-fecdd70148e4 req-e1bbcce2-5a61-4c88-b8a3-4bb1affb581c 9413acb74c50440cab8c9e0741617bd7 b16570c379f34576a9684aa27c6d0cad - - default default] Unable to schedule network 964688ba-b8c4-4bb1-bf42-21c493e47357: no agents available; will retry on subsequent port and subnet creation events.
2026-05-10 02:02:26.496 9 INFO neutron.db.ovn_revision_numbers_db [req-64bc8b34-a47c-4257-9686-fecdd70148e4 req-e1bbcce2-5a61-4c88-b8a3-4bb1affb581c 9413acb74c50440cab8c9e0741617bd7 b16570c379f34576a9684aa27c6d0cad - - default default] Successfully bumped revision number for resource 5e79a092-88e4-4a2b-9eef-4c9527624822 (type: ports) to 1
2026-05-10 02:02:26.516 9 INFO neutron.wsgi [req-64bc8b34-a47c-4257-9686-fecdd70148e4 req-e1bbcce2-5a61-4c88-b8a3-4bb1affb581c 9413acb74c50440cab8c9e0741617bd7 b16570c379f34576a9684aa27c6d0cad - - default default] 199.204.45.129 "POST /v2.0/ports HTTP/1.1" status: 201 len: 1162 time: 0.6564369 /var/lib/openstack/lib/python3.10/site-packages/pycadf/identifier.py:71: UserWarning: Invalid uuid: neutron. To ensure interoperability, identifiers should be a valid uuid. warnings.warn(('Invalid uuid: %s. To ensure interoperability, '
2026-05-10 02:02:26.957 9 INFO neutron.db.ovn_revision_numbers_db [req-64bc8b34-a47c-4257-9686-fecdd70148e4 req-03ec2f25-dc73-458e-b4c1-22b6b49d1398 071487f74c7148fd846b50b2a68aa9ab 506a88a9e8484628affc56649e365da4 - - be153b6ef6404744af3deace32e5da1d be153b6ef6404744af3deace32e5da1d] Successfully bumped revision number for resource 5e79a092-88e4-4a2b-9eef-4c9527624822 (type: ports) to 2 /var/lib/openstack/lib/python3.10/site-packages/pycadf/identifier.py:71: UserWarning: Invalid uuid: neutron. To ensure interoperability, identifiers should be a valid uuid. warnings.warn(('Invalid uuid: %s. To ensure interoperability, '
2026-05-10 02:02:27.182 9 INFO neutron.wsgi [req-95fdfc1c-5b1c-4b05-8e42-08a2c0554013 req-21158dc3-d48f-4b6a-8cd3-3b9ee2fc0f72 9413acb74c50440cab8c9e0741617bd7 b16570c379f34576a9684aa27c6d0cad - - default default] 10.0.0.246 "GET /v2.0/ports?device_id=2b7bd5c6-4103-4fa6-9fae-eec62396dfd5 HTTP/1.1" status: 200 len: 1172 time: 0.0533853
2026-05-10 02:02:27.202 9 INFO neutron.db.ovn_revision_numbers_db [req-64bc8b34-a47c-4257-9686-fecdd70148e4 req-03ec2f25-dc73-458e-b4c1-22b6b49d1398 071487f74c7148fd846b50b2a68aa9ab 506a88a9e8484628affc56649e365da4 - - be153b6ef6404744af3deace32e5da1d be153b6ef6404744af3deace32e5da1d] Successfully bumped revision number for resource 5e79a092-88e4-4a2b-9eef-4c9527624822 (type: ports) to 2
2026-05-10 02:02:27.223 9 INFO neutron.wsgi [req-64bc8b34-a47c-4257-9686-fecdd70148e4 req-03ec2f25-dc73-458e-b4c1-22b6b49d1398 071487f74c7148fd846b50b2a68aa9ab 506a88a9e8484628affc56649e365da4 - - be153b6ef6404744af3deace32e5da1d be153b6ef6404744af3deace32e5da1d] 199.204.45.129 "PUT /v2.0/ports/5e79a092-88e4-4a2b-9eef-4c9527624822 HTTP/1.1" status: 200 len: 1380 time: 0.6971822
2026-05-10 02:02:27.233 9 INFO neutron.wsgi [req-95fdfc1c-5b1c-4b05-8e42-08a2c0554013 req-536d851d-d07d-4700-b0b5-3b81b721913b 9413acb74c50440cab8c9e0741617bd7 b16570c379f34576a9684aa27c6d0cad - - default default] 10.0.0.246 "GET /v2.0/security-groups?id=b5995384-6cde-4d3d-bb96-f8da1e4e7b0d&fields=id&fields=name HTTP/1.1" status: 200 len: 313 time: 0.0418818
2026-05-10 02:02:27.265 9 INFO neutron.notifiers.nova [-] Nova event matching ['req-1c39197e-2947-4501-a339-10423f70a669'] response: {'name': 'network-changed', 'server_uuid': '2b7bd5c6-4103-4fa6-9fae-eec62396dfd5', 'tag': '5e79a092-88e4-4a2b-9eef-4c9527624822', 'status': 'completed', 'code': 200}
2026-05-10 02:02:27.306 9 INFO neutron.wsgi [req-64bc8b34-a47c-4257-9686-fecdd70148e4 req-40e62cb3-adeb-4e92-a624-0de1283700d1 071487f74c7148fd846b50b2a68aa9ab 506a88a9e8484628affc56649e365da4 - - be153b6ef6404744af3deace32e5da1d be153b6ef6404744af3deace32e5da1d] 199.204.45.129 "GET /v2.0/ports?tenant_id=b16570c379f34576a9684aa27c6d0cad&device_id=2b7bd5c6-4103-4fa6-9fae-eec62396dfd5 HTTP/1.1" status: 200 len: 1411 time: 0.0342286
2026-05-10 02:02:27.326 10 INFO neutron.wsgi [req-64813387-0270-4457-9755-89bcbb3e0d2d req-6baac328-1575-408c-bcb0-ccd2ca173b2b 60083fca52284243b2b238f0fba8b2b6 344f7a39f6f04819b08ad07b80f74cd4 - - default default] 10.0.0.246 "GET /v2.0/networks?id=16e27575-8e12-4f28-abe7-5afc6d2a950a HTTP/1.1" status: 200 len: 876 time: 0.0853436
2026-05-10 02:02:27.332 9 INFO neutron.wsgi [req-64bc8b34-a47c-4257-9686-fecdd70148e4 req-9bbbc19a-d986-43ad-a068-5f3607b14dfb 071487f74c7148fd846b50b2a68aa9ab 506a88a9e8484628affc56649e365da4 - - be153b6ef6404744af3deace32e5da1d be153b6ef6404744af3deace32e5da1d] 199.204.45.129 "GET /v2.0/floatingips?fixed_ip_address=10.100.0.13&port_id=5e79a092-88e4-4a2b-9eef-4c9527624822 HTTP/1.1" status: 200 len: 217 time: 0.0209968
2026-05-10 02:02:27.349 10 INFO neutron.wsgi [req-64813387-0270-4457-9755-89bcbb3e0d2d req-0e44a300-f3f6-4262-837a-fc42c2e5c218 60083fca52284243b2b238f0fba8b2b6 344f7a39f6f04819b08ad07b80f74cd4 - - default default] 10.0.0.246 "GET /v2.0/quotas/344f7a39f6f04819b08ad07b80f74cd4 HTTP/1.1" status: 200 len: 386 time: 0.0141511
2026-05-10 02:02:27.362 9 INFO neutron.wsgi [req-64bc8b34-a47c-4257-9686-fecdd70148e4 req-2ee632c9-4eec-494e-a1a6-4b4498be061d 071487f74c7148fd846b50b2a68aa9ab 506a88a9e8484628affc56649e365da4 - - be153b6ef6404744af3deace32e5da1d be153b6ef6404744af3deace32e5da1d] 199.204.45.129 "GET /v2.0/subnets?id=44695c40-e062-4739-a1b0-947b29cfda9d HTTP/1.1" status: 200 len: 869 time: 0.0241160
2026-05-10 02:02:27.381 9 INFO neutron.wsgi [req-64bc8b34-a47c-4257-9686-fecdd70148e4 req-d26c9dba-6bad-416b-af60-8459061c8ea4 071487f74c7148fd846b50b2a68aa9ab 506a88a9e8484628affc56649e365da4 - - be153b6ef6404744af3deace32e5da1d be153b6ef6404744af3deace32e5da1d] 199.204.45.129 "GET /v2.0/ports?network_id=964688ba-b8c4-4bb1-bf42-21c493e47357&device_owner=network%3Adhcp HTTP/1.1" status: 200 len: 210 time: 0.0151050
2026-05-10 02:02:27.423 10 INFO neutron.db.ovn_revision_numbers_db [None req-c5b88499-1656-498f-9193-62228ddc3c47 b477c62976d24feda1acaae2b27b29be b58a4c05e6074359883ff168fa613fe1 - - default default] Successfully bumped revision number for resource 1c9aa8fc-2c3b-45f9-891c-ad72632cb5bc (type: security_groups) to 1
2026-05-10 02:02:27.437 9 INFO neutron.wsgi [req-64bc8b34-a47c-4257-9686-fecdd70148e4 req-b943f869-bb7d-4ba3-9dff-522d099b3d80 071487f74c7148fd846b50b2a68aa9ab 506a88a9e8484628affc56649e365da4 - - be153b6ef6404744af3deace32e5da1d be153b6ef6404744af3deace32e5da1d] 199.204.45.129 "GET /v2.0/networks/964688ba-b8c4-4bb1-bf42-21c493e47357?fields=segments HTTP/1.1" status: 200 len: 212 time: 0.0466034
2026-05-10 02:02:27.445 10 INFO neutron.wsgi [req-64813387-0270-4457-9755-89bcbb3e0d2d req-1d844752-8ce9-4b91-8b79-a9dc3487ee6f 60083fca52284243b2b238f0fba8b2b6 344f7a39f6f04819b08ad07b80f74cd4 - - default default] 10.0.0.246 "GET /v2.0/ports?tenant_id=344f7a39f6f04819b08ad07b80f74cd4&fields=id HTTP/1.1" status: 200 len: 302 time: 0.0888293
2026-05-10 02:02:27.451 10 INFO neutron.db.ovn_revision_numbers_db [None req-c5b88499-1656-498f-9193-62228ddc3c47 b477c62976d24feda1acaae2b27b29be b58a4c05e6074359883ff168fa613fe1 - - default default] Successfully bumped revision number for resource 7da53987-6c4f-4a22-bb19-1b82bcc81e1f (type: security_group_rules) to 0
2026-05-10 02:02:27.479 10 INFO neutron.db.ovn_revision_numbers_db [None req-c5b88499-1656-498f-9193-62228ddc3c47 b477c62976d24feda1acaae2b27b29be b58a4c05e6074359883ff168fa613fe1 - - default default] Successfully bumped revision number for resource 85ac3051-9648-4969-b098-03f150fa0314 (type: security_group_rules) to 0
2026-05-10 02:02:27.491 9 INFO neutron.wsgi [req-64bc8b34-a47c-4257-9686-fecdd70148e4 req-5a36b237-42c8-49f7-9ee7-cd13822ff5d2 071487f74c7148fd846b50b2a68aa9ab 506a88a9e8484628affc56649e365da4 - - be153b6ef6404744af3deace32e5da1d be153b6ef6404744af3deace32e5da1d] 199.204.45.129 "GET /v2.0/networks/964688ba-b8c4-4bb1-bf42-21c493e47357?fields=provider%3Aphysical_network&fields=provider%3Anetwork_type HTTP/1.1" status: 200 len: 277 time: 0.0479903
2026-05-10 02:02:27.501 10 INFO neutron.db.ovn_revision_numbers_db [None req-c5b88499-1656-498f-9193-62228ddc3c47 b477c62976d24feda1acaae2b27b29be b58a4c05e6074359883ff168fa613fe1 - - default default] Successfully bumped revision number for resource ca3f8b51-987f-41aa-826c-349151db72e1 (type: security_group_rules) to 0
2026-05-10 02:02:27.519 10 INFO neutron.db.ovn_revision_numbers_db [None req-c5b88499-1656-498f-9193-62228ddc3c47 b477c62976d24feda1acaae2b27b29be b58a4c05e6074359883ff168fa613fe1 - - default default] Successfully bumped revision number for resource ef314389-ec49-40cc-a07d-4f8be9288359 (type: security_group_rules) to 0
2026-05-10 02:02:27.535 10 INFO neutron.wsgi [req-64813387-0270-4457-9755-89bcbb3e0d2d req-2b270578-1cf5-4ce5-9c6d-168f0f05b652 071487f74c7148fd846b50b2a68aa9ab 506a88a9e8484628affc56649e365da4 - - be153b6ef6404744af3deace32e5da1d be153b6ef6404744af3deace32e5da1d] 10.0.0.246 "GET /v2.0/networks/16e27575-8e12-4f28-abe7-5afc6d2a950a?fields=segments HTTP/1.1" status: 200 len: 212 time: 0.0772152
2026-05-10 02:02:27.544 10 INFO neutron.wsgi [None req-c5b88499-1656-498f-9193-62228ddc3c47 b477c62976d24feda1acaae2b27b29be b58a4c05e6074359883ff168fa613fe1 - - default default] 10.0.0.101 "GET /v2.0/security-groups?tenant_id=a1f9c723bfcb4429b62fe282135179ca&name=default HTTP/1.1" status: 200 len: 2996 time: 0.4494057
2026-05-10 02:02:27.568 9 INFO neutron.wsgi [req-a31ec9df-df69-4697-bcb8-ee1a56dd0745 req-dc4aa70f-117d-4d03-ac58-28d71691055c 071487f74c7148fd846b50b2a68aa9ab 506a88a9e8484628affc56649e365da4 - - be153b6ef6404744af3deace32e5da1d be153b6ef6404744af3deace32e5da1d] 199.204.45.129 "GET /v2.0/ports?tenant_id=b16570c379f34576a9684aa27c6d0cad&device_id=2b7bd5c6-4103-4fa6-9fae-eec62396dfd5 HTTP/1.1" status: 200 len: 1411 time: 0.0330818
2026-05-10 02:02:27.613 10 INFO neutron.wsgi [req-64813387-0270-4457-9755-89bcbb3e0d2d req-f7a53e14-a370-4287-a713-09b331fd9140 071487f74c7148fd846b50b2a68aa9ab 506a88a9e8484628affc56649e365da4 - - be153b6ef6404744af3deace32e5da1d be153b6ef6404744af3deace32e5da1d] 10.0.0.246 "GET /v2.0/networks/16e27575-8e12-4f28-abe7-5afc6d2a950a?fields=provider%3Aphysical_network&fields=provider%3Anetwork_type HTTP/1.1" status: 200 len: 277 time: 0.0682266
2026-05-10 02:02:27.636 9 INFO neutron.wsgi [req-a31ec9df-df69-4697-bcb8-ee1a56dd0745 req-59daf444-d4c9-4767-a9a5-7cb817afd2b4 071487f74c7148fd846b50b2a68aa9ab 506a88a9e8484628affc56649e365da4 - - be153b6ef6404744af3deace32e5da1d be153b6ef6404744af3deace32e5da1d] 199.204.45.129 "GET /v2.0/networks?id=964688ba-b8c4-4bb1-bf42-21c493e47357 HTTP/1.1" status: 200 len: 974 time: 0.0622849
2026-05-10 02:02:27.886 10 INFO neutron.wsgi [None req-d76bef23-eb1d-4a08-939f-e8d9a4aa4714 b477c62976d24feda1acaae2b27b29be b58a4c05e6074359883ff168fa613fe1 - - default default] 10.0.0.101 "DELETE /v2.0/security-groups/1c9aa8fc-2c3b-45f9-891c-ad72632cb5bc HTTP/1.1" status: 204 len: 168 time: 0.3339856
2026-05-10 02:02:27.896 9 INFO neutron.wsgi [req-a31ec9df-df69-4697-bcb8-ee1a56dd0745 req-cb273f05-55c8-4195-871e-823f3877edab 071487f74c7148fd846b50b2a68aa9ab 506a88a9e8484628affc56649e365da4 - - be153b6ef6404744af3deace32e5da1d be153b6ef6404744af3deace32e5da1d] 199.204.45.129 "GET /v2.0/floatingips?fixed_ip_address=10.100.0.13&port_id=5e79a092-88e4-4a2b-9eef-4c9527624822 HTTP/1.1" status: 200 len: 217 time: 0.2522538
2026-05-10 02:02:27.919 9 INFO neutron.wsgi [req-f4d50677-0f05-435c-a3cf-7e4b75c2d569 req-a6e9052f-f00e-4bc6-986d-ca115d96619a 60083fca52284243b2b238f0fba8b2b6 344f7a39f6f04819b08ad07b80f74cd4 - - default default] 10.0.0.246 "GET /v2.0/ports?device_id=70241977-426e-4feb-8db7-04a7f8d0f9b4 HTTP/1.1" status: 200 len: 210 time: 0.0337052
2026-05-10 02:02:27.943 9 INFO neutron.wsgi [req-a31ec9df-df69-4697-bcb8-ee1a56dd0745 req-8d35399f-027b-4dea-8c04-04af87f6dff5 071487f74c7148fd846b50b2a68aa9ab 506a88a9e8484628affc56649e365da4 - - be153b6ef6404744af3deace32e5da1d be153b6ef6404744af3deace32e5da1d] 199.204.45.129 "GET /v2.0/subnets?id=44695c40-e062-4739-a1b0-947b29cfda9d HTTP/1.1" status: 200 len: 869 time: 0.0418308
2026-05-10 02:02:27.970 10 INFO neutron.wsgi [-] 10.0.0.230 "GET / HTTP/1.1" status: 200 len: 247 time: 0.0029404
2026-05-10 02:02:27.974 9 INFO neutron.wsgi [req-a31ec9df-df69-4697-bcb8-ee1a56dd0745 req-edc0576c-c298-45f3-a450-49f42905bb3d 071487f74c7148fd846b50b2a68aa9ab 506a88a9e8484628affc56649e365da4 - - be153b6ef6404744af3deace32e5da1d be153b6ef6404744af3deace32e5da1d] 199.204.45.129 "GET /v2.0/ports?network_id=964688ba-b8c4-4bb1-bf42-21c493e47357&device_owner=network%3Adhcp HTTP/1.1" status: 200 len: 210 time: 0.0226035
2026-05-10 02:02:27.974 10 INFO neutron.wsgi [-] 10.0.0.230 "GET / HTTP/1.1" status: 200 len: 247 time: 0.0021999
2026-05-10 02:02:28.019 10 INFO neutron.wsgi [-] 10.0.0.101 "GET / HTTP/1.1" status: 200 len: 279 time: 0.0020247
2026-05-10 02:02:28.051 9 INFO neutron.wsgi [req-a31ec9df-df69-4697-bcb8-ee1a56dd0745 req-49611aa0-1a1d-4243-97ed-d706ac772e86 071487f74c7148fd846b50b2a68aa9ab 506a88a9e8484628affc56649e365da4 - - be153b6ef6404744af3deace32e5da1d be153b6ef6404744af3deace32e5da1d] 199.204.45.129 "GET /v2.0/networks/964688ba-b8c4-4bb1-bf42-21c493e47357?fields=segments HTTP/1.1" status: 200 len: 212 time: 0.0694664
2026-05-10 02:02:28.112 9 INFO neutron.wsgi [req-a31ec9df-df69-4697-bcb8-ee1a56dd0745 req-5f562267-6aae-4d6d-964a-950bcdd65e38 071487f74c7148fd846b50b2a68aa9ab 506a88a9e8484628affc56649e365da4 - - be153b6ef6404744af3deace32e5da1d be153b6ef6404744af3deace32e5da1d] 199.204.45.129 "GET /v2.0/networks/964688ba-b8c4-4bb1-bf42-21c493e47357?fields=provider%3Aphysical_network&fields=provider%3Anetwork_type HTTP/1.1" status: 200 len: 277 time: 0.0550001
2026-05-10 02:02:28.123 10 INFO neutron.wsgi [None req-e01c9428-1590-4a1c-918b-b105c67c3db5 43661348259d4dd6bc7811559e848aa6 c6b2bcd4d3a84c3ca6cc4f39ce7c4a37 - - default default] 10.0.0.101 "GET /v2.0/ HTTP/1.1" status: 200 len: 826 time: 0.0995693
2026-05-10 02:02:28.403 10 INFO neutron.wsgi [req-c195e986-2903-4957-ab83-2b2d68012876 req-d8abf3ba-9f04-4fe0-844f-a18910c0da8d 9413acb74c50440cab8c9e0741617bd7 b16570c379f34576a9684aa27c6d0cad - - default default] 10.0.0.246 "GET /v2.0/ports?device_id=2b7bd5c6-4103-4fa6-9fae-eec62396dfd5 HTTP/1.1" status: 200 len: 1172 time: 0.1152618
2026-05-10 02:02:28.448 10 INFO neutron.wsgi [req-c195e986-2903-4957-ab83-2b2d68012876 req-4e1c1494-f505-4577-bb1f-28bd00c0a05b 9413acb74c50440cab8c9e0741617bd7 b16570c379f34576a9684aa27c6d0cad - - default default] 10.0.0.246 "GET /v2.0/security-groups?id=b5995384-6cde-4d3d-bb96-f8da1e4e7b0d&fields=id&fields=name HTTP/1.1" status: 200 len: 313 time: 0.0387809
2026-05-10 02:02:28.648 9 INFO neutron.wsgi [req-64813387-0270-4457-9755-89bcbb3e0d2d req-d920156c-e377-453f-a43f-4ea98748c4ae 60083fca52284243b2b238f0fba8b2b6 344f7a39f6f04819b08ad07b80f74cd4 - - default default] 199.204.45.129 "GET /v2.0/networks?id=16e27575-8e12-4f28-abe7-5afc6d2a950a HTTP/1.1" status: 200 len: 876 time: 0.0798290
2026-05-10 02:02:28.859 10 INFO neutron.db.ovn_revision_numbers_db [None req-a6ef7ff8-4fe9-4231-a39a-29e9a4582775 b477c62976d24feda1acaae2b27b29be b58a4c05e6074359883ff168fa613fe1 - - default default] Successfully bumped revision number for resource 234fe033-3286-4e7b-9fde-3c8b68d1b7f3 (type: security_groups) to 1
2026-05-10 02:02:28.874 10 INFO neutron.db.ovn_revision_numbers_db [None req-a6ef7ff8-4fe9-4231-a39a-29e9a4582775 b477c62976d24feda1acaae2b27b29be b58a4c05e6074359883ff168fa613fe1 - - default default] Successfully bumped revision number for resource 849d6565-28ee-4866-b25b-2dcf7057fffd (type: security_group_rules) to 0
2026-05-10 02:02:28.892 10 INFO neutron.db.ovn_revision_numbers_db [None req-a6ef7ff8-4fe9-4231-a39a-29e9a4582775 b477c62976d24feda1acaae2b27b29be b58a4c05e6074359883ff168fa613fe1 - - default default] Successfully bumped revision number for resource cc11000a-fc79-48fc-88e1-c08c4abca5f2 (type: security_group_rules) to 0
2026-05-10 02:02:28.923 10 INFO neutron.db.ovn_revision_numbers_db [None req-a6ef7ff8-4fe9-4231-a39a-29e9a4582775 b477c62976d24feda1acaae2b27b29be b58a4c05e6074359883ff168fa613fe1 - - default default] Successfully bumped revision number for resource e1e5e9fa-f7ae-4833-8778-fe26d0befe79 (type: security_group_rules) to 0
2026-05-10 02:02:28.939 10 INFO neutron.db.ovn_revision_numbers_db [None req-a6ef7ff8-4fe9-4231-a39a-29e9a4582775 b477c62976d24feda1acaae2b27b29be b58a4c05e6074359883ff168fa613fe1 - - default default] Successfully bumped revision number for resource f8ab9c21-45ee-48fc-b1ad-26e173d51201 (type: security_group_rules) to 0
2026-05-10 02:02:28.970 10 INFO neutron.wsgi [None req-a6ef7ff8-4fe9-4231-a39a-29e9a4582775 b477c62976d24feda1acaae2b27b29be b58a4c05e6074359883ff168fa613fe1 - - default default] 10.0.0.101 "GET /v2.0/security-groups?tenant_id=c6b2bcd4d3a84c3ca6cc4f39ce7c4a37&name=default HTTP/1.1" status: 200 len: 2996 time: 0.3297272
2026-05-10 02:02:29.046 9 INFO neutron.wsgi [req-6a19c5cc-b200-479a-ba63-dc549455bda5 req-a999ae38-b765-4f76-8cbd-30649425cd20 60083fca52284243b2b238f0fba8b2b6 344f7a39f6f04819b08ad07b80f74cd4 - - default default] 10.0.0.246 "GET /v2.0/ports?device_id=70241977-426e-4feb-8db7-04a7f8d0f9b4 HTTP/1.1" status: 200 len: 210 time: 0.0487061
2026-05-10 02:02:29.115 9 WARNING neutron.scheduler.dhcp_agent_scheduler [req-64813387-0270-4457-9755-89bcbb3e0d2d req-1128fb5f-7abf-412f-a5e4-e3867d4e23be 60083fca52284243b2b238f0fba8b2b6 344f7a39f6f04819b08ad07b80f74cd4 - - default default] No more DHCP agents
2026-05-10 02:02:29.116 9 WARNING neutron.api.rpc.agentnotifiers.dhcp_rpc_agent_api [req-64813387-0270-4457-9755-89bcbb3e0d2d req-1128fb5f-7abf-412f-a5e4-e3867d4e23be 60083fca52284243b2b238f0fba8b2b6 344f7a39f6f04819b08ad07b80f74cd4 - - default default] Unable to schedule network 16e27575-8e12-4f28-abe7-5afc6d2a950a: no agents available; will retry on subsequent port and subnet creation events.
2026-05-10 02:02:29.285 9 INFO neutron.wsgi [None req-6996fc5e-b41b-4fbf-8abb-bb82d3011b50 b477c62976d24feda1acaae2b27b29be b58a4c05e6074359883ff168fa613fe1 - - default default] 10.0.0.101 "DELETE /v2.0/security-groups/234fe033-3286-4e7b-9fde-3c8b68d1b7f3 HTTP/1.1" status: 204 len: 168 time: 0.3096406
2026-05-10 02:02:29.300 9 INFO neutron.db.ovn_revision_numbers_db [req-64813387-0270-4457-9755-89bcbb3e0d2d req-1128fb5f-7abf-412f-a5e4-e3867d4e23be 60083fca52284243b2b238f0fba8b2b6 344f7a39f6f04819b08ad07b80f74cd4 - - default default] Successfully bumped revision number for resource fd8f06ff-1b52-44a8-b4ff-2898f5a96ae7 (type: ports) to 1
2026-05-10 02:02:29.332 9 INFO neutron.wsgi [req-64813387-0270-4457-9755-89bcbb3e0d2d req-1128fb5f-7abf-412f-a5e4-e3867d4e23be 60083fca52284243b2b238f0fba8b2b6 344f7a39f6f04819b08ad07b80f74cd4 - - default default] 199.204.45.129 "POST /v2.0/ports HTTP/1.1" status: 201 len: 1158 time: 0.6753988 /var/lib/openstack/lib/python3.10/site-packages/pycadf/identifier.py:71: UserWarning: Invalid uuid: neutron. To ensure interoperability, identifiers should be a valid uuid. warnings.warn(('Invalid uuid: %s. To ensure interoperability, '
2026-05-10 02:02:29.563 10 INFO neutron.wsgi [req-9b8a240e-0d37-486b-acc0-0d03d94e5f73 req-4fab17db-fd00-4fec-8c73-9ad65f4306b6 9413acb74c50440cab8c9e0741617bd7 b16570c379f34576a9684aa27c6d0cad - - default default] 10.0.0.246 "GET /v2.0/ports?device_id=2b7bd5c6-4103-4fa6-9fae-eec62396dfd5 HTTP/1.1" status: 200 len: 1172 time: 0.0355487
2026-05-10 02:02:29.609 10 INFO neutron.wsgi [req-9b8a240e-0d37-486b-acc0-0d03d94e5f73 req-6c32da30-7dbc-47c5-be1c-2fc13f53f391 9413acb74c50440cab8c9e0741617bd7 b16570c379f34576a9684aa27c6d0cad - - default default] 10.0.0.246 "GET /v2.0/security-groups?id=b5995384-6cde-4d3d-bb96-f8da1e4e7b0d&fields=id&fields=name HTTP/1.1" status: 200 len: 313 time: 0.0375497
2026-05-10 02:02:29.764 9 INFO neutron.db.ovn_revision_numbers_db [req-64813387-0270-4457-9755-89bcbb3e0d2d req-f11e5fec-4484-4940-ab89-e17e463724a4 071487f74c7148fd846b50b2a68aa9ab 506a88a9e8484628affc56649e365da4 - - be153b6ef6404744af3deace32e5da1d be153b6ef6404744af3deace32e5da1d] Successfully bumped revision number for resource fd8f06ff-1b52-44a8-b4ff-2898f5a96ae7 (type: ports) to 2
2026-05-10 02:02:29.974 9 INFO neutron.db.ovn_revision_numbers_db [req-64813387-0270-4457-9755-89bcbb3e0d2d req-f11e5fec-4484-4940-ab89-e17e463724a4 071487f74c7148fd846b50b2a68aa9ab 506a88a9e8484628affc56649e365da4 - - be153b6ef6404744af3deace32e5da1d be153b6ef6404744af3deace32e5da1d] Successfully bumped revision number for resource fd8f06ff-1b52-44a8-b4ff-2898f5a96ae7 (type: ports) to 2
2026-05-10 02:02:29.992 9 INFO neutron.wsgi [req-64813387-0270-4457-9755-89bcbb3e0d2d req-f11e5fec-4484-4940-ab89-e17e463724a4 071487f74c7148fd846b50b2a68aa9ab 506a88a9e8484628affc56649e365da4 - - be153b6ef6404744af3deace32e5da1d be153b6ef6404744af3deace32e5da1d] 199.204.45.129 "PUT /v2.0/ports/fd8f06ff-1b52-44a8-b4ff-2898f5a96ae7 HTTP/1.1" status: 200 len: 1376 time: 0.6488891
2026-05-10 02:02:30.029 9 INFO neutron.notifiers.nova [-] Nova event matching ['req-38bb0a7d-0e6a-4164-ad49-1d1f00529cc1'] response: {'name': 'network-changed', 'server_uuid': '70241977-426e-4feb-8db7-04a7f8d0f9b4', 'tag': 'fd8f06ff-1b52-44a8-b4ff-2898f5a96ae7', 'status': 'completed', 'code': 200} /var/lib/openstack/lib/python3.10/site-packages/pycadf/identifier.py:71: UserWarning: Invalid uuid: neutron. To ensure interoperability, identifiers should be a valid uuid. warnings.warn(('Invalid uuid: %s. To ensure interoperability, '
2026-05-10 02:02:30.064 9 INFO neutron.wsgi [req-64813387-0270-4457-9755-89bcbb3e0d2d req-4f641ab7-b30e-456b-86e4-97fff0f2afa0 071487f74c7148fd846b50b2a68aa9ab 506a88a9e8484628affc56649e365da4 - - be153b6ef6404744af3deace32e5da1d be153b6ef6404744af3deace32e5da1d] 199.204.45.129 "GET /v2.0/ports?tenant_id=344f7a39f6f04819b08ad07b80f74cd4&device_id=70241977-426e-4feb-8db7-04a7f8d0f9b4 HTTP/1.1" status: 200 len: 1407 time: 0.0331373
2026-05-10 02:02:30.096 9 INFO neutron.wsgi [req-64813387-0270-4457-9755-89bcbb3e0d2d req-8beb4d2a-123b-4961-b476-0660b7fab1d0 071487f74c7148fd846b50b2a68aa9ab 506a88a9e8484628affc56649e365da4 - - be153b6ef6404744af3deace32e5da1d be153b6ef6404744af3deace32e5da1d] 199.204.45.129 "GET /v2.0/floatingips?fixed_ip_address=10.100.0.8&port_id=fd8f06ff-1b52-44a8-b4ff-2898f5a96ae7 HTTP/1.1" status: 200 len: 217 time: 0.0233665
2026-05-10 02:02:30.134 9 INFO neutron.wsgi [req-64813387-0270-4457-9755-89bcbb3e0d2d req-2eb99c7b-0da5-465a-ba17-6117a4515dca 071487f74c7148fd846b50b2a68aa9ab 506a88a9e8484628affc56649e365da4 - - be153b6ef6404744af3deace32e5da1d be153b6ef6404744af3deace32e5da1d] 199.204.45.129 "GET /v2.0/subnets?id=61cab415-ac25-4e89-973c-c0ae7f2f7463 HTTP/1.1" status: 200 len: 870 time: 0.0300291
2026-05-10 02:02:30.154 10 INFO neutron.wsgi [req-8ea9155e-300a-4614-b845-bff6f1ffd11d req-d6e994cb-2529-4524-b0fa-18a26fcb0acb 60083fca52284243b2b238f0fba8b2b6 344f7a39f6f04819b08ad07b80f74cd4 - - default default] 10.0.0.246 "GET /v2.0/ports?device_id=70241977-426e-4feb-8db7-04a7f8d0f9b4 HTTP/1.1" status: 200 len: 1168 time: 0.0401864
2026-05-10 02:02:30.176 9 INFO neutron.wsgi [req-64813387-0270-4457-9755-89bcbb3e0d2d req-96b33e2c-9430-42b5-a37f-5bc7b5492303 071487f74c7148fd846b50b2a68aa9ab 506a88a9e8484628affc56649e365da4 - - be153b6ef6404744af3deace32e5da1d be153b6ef6404744af3deace32e5da1d] 199.204.45.129 "GET /v2.0/ports?network_id=16e27575-8e12-4f28-abe7-5afc6d2a950a&device_owner=network%3Adhcp HTTP/1.1" status: 200 len: 210 time: 0.0362573
2026-05-10 02:02:30.203 10 INFO neutron.wsgi [req-8ea9155e-300a-4614-b845-bff6f1ffd11d req-69abdfb6-c3f3-4866-b3ae-b8c2d8a26398 60083fca52284243b2b238f0fba8b2b6 344f7a39f6f04819b08ad07b80f74cd4 - - default default] 10.0.0.246 "GET /v2.0/security-groups?id=f1b6b85d-c71f-4015-bd8c-f0d93b82ef2a&fields=id&fields=name HTTP/1.1" status: 200 len: 286 time: 0.0439174
2026-05-10 02:02:30.244 9 INFO neutron.wsgi [req-64813387-0270-4457-9755-89bcbb3e0d2d req-2918c77d-fe76-4ad0-aebe-791782cfbe7c 071487f74c7148fd846b50b2a68aa9ab 506a88a9e8484628affc56649e365da4 - - be153b6ef6404744af3deace32e5da1d be153b6ef6404744af3deace32e5da1d] 199.204.45.129 "GET /v2.0/networks/16e27575-8e12-4f28-abe7-5afc6d2a950a?fields=segments HTTP/1.1" status: 200 len: 212 time: 0.0627110
2026-05-10 02:02:30.310 9 INFO neutron.wsgi [req-64813387-0270-4457-9755-89bcbb3e0d2d req-6dd01e02-762e-441c-aa0a-7b6996a16da3 071487f74c7148fd846b50b2a68aa9ab 506a88a9e8484628affc56649e365da4 - - be153b6ef6404744af3deace32e5da1d be153b6ef6404744af3deace32e5da1d] 199.204.45.129 "GET /v2.0/networks/16e27575-8e12-4f28-abe7-5afc6d2a950a?fields=provider%3Aphysical_network&fields=provider%3Anetwork_type HTTP/1.1" status: 200 len: 277 time: 0.0586469
2026-05-10 02:02:30.396 9 INFO neutron.wsgi [req-e1f7fec3-8cd0-42db-b7da-adf3df2b5db0 req-628a8953-cb75-4725-b679-fe0b0425b178 071487f74c7148fd846b50b2a68aa9ab 506a88a9e8484628affc56649e365da4 - - be153b6ef6404744af3deace32e5da1d be153b6ef6404744af3deace32e5da1d] 199.204.45.129 "GET /v2.0/ports?tenant_id=344f7a39f6f04819b08ad07b80f74cd4&device_id=70241977-426e-4feb-8db7-04a7f8d0f9b4 HTTP/1.1" status: 200 len: 1407 time: 0.0321004
2026-05-10 02:02:30.455 9 INFO neutron.wsgi [req-e1f7fec3-8cd0-42db-b7da-adf3df2b5db0 req-d7e45cf1-d4d4-4fe6-a107-2a3423da2f23 071487f74c7148fd846b50b2a68aa9ab 506a88a9e8484628affc56649e365da4 - - be153b6ef6404744af3deace32e5da1d be153b6ef6404744af3deace32e5da1d] 199.204.45.129 "GET /v2.0/networks?id=16e27575-8e12-4f28-abe7-5afc6d2a950a HTTP/1.1" status: 200 len: 975 time: 0.0532959
2026-05-10 02:02:30.494 9 INFO neutron.wsgi [req-e1f7fec3-8cd0-42db-b7da-adf3df2b5db0 req-4007fcff-71c0-43b8-a79b-82eccddcc4a9 071487f74c7148fd846b50b2a68aa9ab 506a88a9e8484628affc56649e365da4 - - be153b6ef6404744af3deace32e5da1d be153b6ef6404744af3deace32e5da1d] 199.204.45.129 "GET /v2.0/floatingips?fixed_ip_address=10.100.0.8&port_id=fd8f06ff-1b52-44a8-b4ff-2898f5a96ae7 HTTP/1.1" status: 200 len: 217 time: 0.0342827
2026-05-10 02:02:30.528 10 INFO neutron.plugins.ml2.drivers.ovn.mech_driver.mech_driver [None req-4ef3eff0-9626-480d-9dbc-1cf236b23783 - - - - - -] OVN reports status up for port: fd8f06ff-1b52-44a8-b4ff-2898f5a96ae7
2026-05-10 02:02:30.545 10 INFO neutron.plugins.ml2.plugin [None req-4ef3eff0-9626-480d-9dbc-1cf236b23783 - - - - - -] Attempt 1 to provision port fd8f06ff-1b52-44a8-b4ff-2898f5a96ae7
2026-05-10 02:02:30.560 9 INFO neutron.wsgi [req-e1f7fec3-8cd0-42db-b7da-adf3df2b5db0 req-42b62c13-e79f-49ee-9417-eb52b0d6d466 071487f74c7148fd846b50b2a68aa9ab 506a88a9e8484628affc56649e365da4 - - be153b6ef6404744af3deace32e5da1d be153b6ef6404744af3deace32e5da1d] 199.204.45.129 "GET /v2.0/subnets?id=61cab415-ac25-4e89-973c-c0ae7f2f7463 HTTP/1.1" status: 200 len: 870 time: 0.0487506
2026-05-10 02:02:30.604 9 INFO neutron.wsgi [req-e1f7fec3-8cd0-42db-b7da-adf3df2b5db0 req-bd597e70-6a8b-49d7-8ec1-33d99f77da80 071487f74c7148fd846b50b2a68aa9ab 506a88a9e8484628affc56649e365da4 - - be153b6ef6404744af3deace32e5da1d be153b6ef6404744af3deace32e5da1d] 199.204.45.129 "GET /v2.0/ports?network_id=16e27575-8e12-4f28-abe7-5afc6d2a950a&device_owner=network%3Adhcp HTTP/1.1" status: 200 len: 210 time: 0.0392592
2026-05-10 02:02:30.703 10 INFO neutron.notifiers.nova [-] Nova event matching ['req-454fb41c-331b-4be8-ae98-7442cd4422fd'] response: {'server_uuid': '70241977-426e-4feb-8db7-04a7f8d0f9b4', 'name': 'network-vif-plugged', 'status': 'completed', 'tag': 'fd8f06ff-1b52-44a8-b4ff-2898f5a96ae7', 'code': 200}
2026-05-10 02:02:30.739 9 INFO neutron.wsgi [req-e1f7fec3-8cd0-42db-b7da-adf3df2b5db0 req-eb52c576-8776-4474-bc8e-957e14f3406b 071487f74c7148fd846b50b2a68aa9ab 506a88a9e8484628affc56649e365da4 - - be153b6ef6404744af3deace32e5da1d be153b6ef6404744af3deace32e5da1d] 199.204.45.129 "GET /v2.0/networks/16e27575-8e12-4f28-abe7-5afc6d2a950a?fields=segments HTTP/1.1" status: 200 len: 212 time: 0.1273980
2026-05-10 02:02:30.840 9 INFO neutron.wsgi [req-2ccb9f2d-2ca7-47c5-b810-22f85bebe673 req-b89b47a3-4958-45e9-836c-fcb991871f66 9413acb74c50440cab8c9e0741617bd7 b16570c379f34576a9684aa27c6d0cad - - default default] 10.0.0.246 "GET /v2.0/ports?device_id=2b7bd5c6-4103-4fa6-9fae-eec62396dfd5 HTTP/1.1" status: 200 len: 1172 time: 0.1489129
2026-05-10 02:02:30.848 9 INFO neutron.wsgi [req-e1f7fec3-8cd0-42db-b7da-adf3df2b5db0 req-7e299fa5-f1a1-4ba8-82d8-abc566704851 071487f74c7148fd846b50b2a68aa9ab 506a88a9e8484628affc56649e365da4 - - be153b6ef6404744af3deace32e5da1d be153b6ef6404744af3deace32e5da1d] 199.204.45.129 "GET /v2.0/networks/16e27575-8e12-4f28-abe7-5afc6d2a950a?fields=provider%3Aphysical_network&fields=provider%3Anetwork_type HTTP/1.1" status: 200 len: 277 time: 0.0949731
2026-05-10 02:02:30.901 10 INFO neutron.db.ovn_revision_numbers_db [None req-4ef3eff0-9626-480d-9dbc-1cf236b23783 - - - - - -] Successfully bumped revision number for resource fd8f06ff-1b52-44a8-b4ff-2898f5a96ae7 (type: ports) to 4
2026-05-10 02:02:30.910 9 INFO neutron.wsgi [req-2ccb9f2d-2ca7-47c5-b810-22f85bebe673 req-096a4a00-66f6-4ea9-992f-2cd2d71631f0 9413acb74c50440cab8c9e0741617bd7 b16570c379f34576a9684aa27c6d0cad - - default default] 10.0.0.246 "GET /v2.0/security-groups?id=b5995384-6cde-4d3d-bb96-f8da1e4e7b0d&fields=id&fields=name HTTP/1.1" status: 200 len: 313 time: 0.0613165 /var/lib/openstack/lib/python3.10/site-packages/pycadf/identifier.py:71: UserWarning: Invalid uuid: neutron. To ensure interoperability, identifiers should be a valid uuid. warnings.warn(('Invalid uuid: %s. To ensure interoperability, '
2026-05-10 02:02:31.323 10 INFO neutron.wsgi [req-89c962e5-c60a-4c7b-bfc3-9f6b81705f60 req-505f5bd8-bfd0-4b67-81da-901ca0d3f66f 60083fca52284243b2b238f0fba8b2b6 344f7a39f6f04819b08ad07b80f74cd4 - - default default] 10.0.0.246 "GET /v2.0/ports?device_id=70241977-426e-4feb-8db7-04a7f8d0f9b4 HTTP/1.1" status: 200 len: 1170 time: 0.0433190
2026-05-10 02:02:31.383 9 WARNING neutron.plugins.ml2.drivers.ovn.mech_driver.ovsdb.ovn_client [None req-4abb913c-3f33-48cb-a24c-b9cb0af6d460 - - - - - -] No hosting information found for port adcebb6e-05db-4439-a0eb-4811b8d3f540: RuntimeError: No hosting information found for port adcebb6e-05db-4439-a0eb-4811b8d3f540
2026-05-10 02:02:31.383 9 INFO neutron.plugins.ml2.drivers.ovn.mech_driver.mech_driver [None req-4abb913c-3f33-48cb-a24c-b9cb0af6d460 - - - - - -] OVN reports status up for port: a0d41c90-98ac-4716-ac8c-4f86ebe4b389
2026-05-10 02:02:31.384 10 INFO neutron.wsgi [req-89c962e5-c60a-4c7b-bfc3-9f6b81705f60 req-0d279cad-2190-4d76-aabd-5b68a4b97dbb 60083fca52284243b2b238f0fba8b2b6 344f7a39f6f04819b08ad07b80f74cd4 - - default default] 10.0.0.246 "GET /v2.0/security-groups?id=f1b6b85d-c71f-4015-bd8c-f0d93b82ef2a&fields=id&fields=name HTTP/1.1" status: 200 len: 286 time: 0.0538950
2026-05-10 02:02:31.392 9 INFO neutron.plugins.ml2.plugin [None req-4abb913c-3f33-48cb-a24c-b9cb0af6d460 - - - - - -] Attempt 1 to provision port a0d41c90-98ac-4716-ac8c-4f86ebe4b389
2026-05-10 02:02:31.655 9 INFO neutron.db.ovn_revision_numbers_db [None req-4abb913c-3f33-48cb-a24c-b9cb0af6d460 - - - - - -] Successfully bumped revision number for resource a0d41c90-98ac-4716-ac8c-4f86ebe4b389 (type: ports) to 2
2026-05-10 02:02:31.759 10 INFO neutron.plugins.ml2.drivers.ovn.mech_driver.mech_driver [None req-4ef3eff0-9626-480d-9dbc-1cf236b23783 - - - - - -] OVN reports status down for port: fd8f06ff-1b52-44a8-b4ff-2898f5a96ae7
2026-05-10 02:02:31.823 9 INFO neutron.db.ovn_revision_numbers_db [None req-4abb913c-3f33-48cb-a24c-b9cb0af6d460 - - - - - -] Successfully bumped revision number for resource a0d41c90-98ac-4716-ac8c-4f86ebe4b389 (type: router_ports) to 2
2026-05-10 02:02:31.839 9 INFO neutron.wsgi [req-7ecd5857-553a-4b23-8a20-2e5108be140a req-d2d39f33-a654-47c5-bdcf-e9a51554e7db 60083fca52284243b2b238f0fba8b2b6 344f7a39f6f04819b08ad07b80f74cd4 - - default default] 10.0.0.246 "GET /v2.0/ports?device_id=70241977-426e-4feb-8db7-04a7f8d0f9b4 HTTP/1.1" status: 200 len: 1170 time: 0.1290767
2026-05-10 02:02:31.928 9 INFO neutron.wsgi [req-7ecd5857-553a-4b23-8a20-2e5108be140a req-39c718e7-c80d-44f9-b13b-71f9c4c1ab19 60083fca52284243b2b238f0fba8b2b6 344f7a39f6f04819b08ad07b80f74cd4 - - default default] 10.0.0.246 "GET /v2.0/security-groups?id=f1b6b85d-c71f-4015-bd8c-f0d93b82ef2a&fields=id&fields=name HTTP/1.1" status: 200 len: 286 time: 0.0800722
2026-05-10 02:02:32.038 10 INFO neutron.wsgi [req-c5603848-666f-494e-9b72-74c9c2abbedb req-1d8919a9-7782-40b7-9241-6bbd0dad1275 9413acb74c50440cab8c9e0741617bd7 b16570c379f34576a9684aa27c6d0cad - - default default] 10.0.0.246 "GET /v2.0/ports?device_id=2b7bd5c6-4103-4fa6-9fae-eec62396dfd5 HTTP/1.1" status: 200 len: 1172 time: 0.0441954
2026-05-10 02:02:32.069 9 INFO neutron.wsgi [req-e99299e5-f89e-424a-955d-f7785f07ea98 req-3c9261b3-a5c0-4805-8822-ac44713156d6 60083fca52284243b2b238f0fba8b2b6 344f7a39f6f04819b08ad07b80f74cd4 - - default default] 199.204.45.129 "GET /v2.0/ports?device_id=70241977-426e-4feb-8db7-04a7f8d0f9b4 HTTP/1.1" status: 200 len: 1168 time: 0.0382333
2026-05-10 02:02:32.104 10 INFO neutron.wsgi [req-c5603848-666f-494e-9b72-74c9c2abbedb req-ea0f9867-8e44-41b9-8898-b0adf1dc21a2 9413acb74c50440cab8c9e0741617bd7 b16570c379f34576a9684aa27c6d0cad - - default default] 10.0.0.246 "GET /v2.0/security-groups?id=b5995384-6cde-4d3d-bb96-f8da1e4e7b0d&fields=id&fields=name HTTP/1.1" status: 200 len: 313 time: 0.0556040
2026-05-10 02:02:32.142 10 INFO neutron.db.ovn_revision_numbers_db [None req-4ef3eff0-9626-480d-9dbc-1cf236b23783 - - - - - -] Successfully bumped revision number for resource fd8f06ff-1b52-44a8-b4ff-2898f5a96ae7 (type: ports) to 5
2026-05-10 02:02:32.378 9 INFO neutron.wsgi [req-e99299e5-f89e-424a-955d-f7785f07ea98 req-1e5acf28-f3ad-427c-940c-456b8fd78926 60083fca52284243b2b238f0fba8b2b6 344f7a39f6f04819b08ad07b80f74cd4 - - default default] 199.204.45.129 "DELETE /v2.0/ports/fd8f06ff-1b52-44a8-b4ff-2898f5a96ae7 HTTP/1.1" status: 204 len: 173 time: 0.3020644
2026-05-10 02:02:32.422 9 INFO neutron.notifiers.nova [-] Nova event matching ['req-8dca2fe6-0a0a-4ec1-a768-a0bdcf1fca78'] response: {'server_uuid': '70241977-426e-4feb-8db7-04a7f8d0f9b4', 'name': 'network-vif-deleted', 'tag': 'fd8f06ff-1b52-44a8-b4ff-2898f5a96ae7', 'status': 'completed', 'code': 200} /var/lib/openstack/lib/python3.10/site-packages/pycadf/identifier.py:71: UserWarning: Invalid uuid: neutron. To ensure interoperability, identifiers should be a valid uuid. warnings.warn(('Invalid uuid: %s. To ensure interoperability, '
2026-05-10 02:02:32.606 10 INFO neutron.db.ovn_revision_numbers_db [None req-fa6a358e-b516-4337-ad98-151c63ebf2f6 fed1ba40eb07467894a4fa2e271c8e84 ad70327a723f47bcac4b050f82931b9b - - default default] Successfully bumped revision number for resource 58c17531-55a0-4742-95f3-b62bb264ba86 (type: security_groups) to 1
2026-05-10 02:02:32.627 10 INFO neutron.db.ovn_revision_numbers_db [None req-fa6a358e-b516-4337-ad98-151c63ebf2f6 fed1ba40eb07467894a4fa2e271c8e84 ad70327a723f47bcac4b050f82931b9b - - default default] Successfully bumped revision number for resource 0868b00d-b672-4bd8-b685-a4da321bfb29 (type: security_group_rules) to 0
2026-05-10 02:02:32.643 10 INFO neutron.db.ovn_revision_numbers_db [None req-fa6a358e-b516-4337-ad98-151c63ebf2f6 fed1ba40eb07467894a4fa2e271c8e84 ad70327a723f47bcac4b050f82931b9b - - default default] Successfully bumped revision number for resource e0401075-11f8-4a2e-ab64-bc28378a9732 (type: security_group_rules) to 0
2026-05-10 02:02:32.658 10 INFO neutron.db.ovn_revision_numbers_db [None req-fa6a358e-b516-4337-ad98-151c63ebf2f6 fed1ba40eb07467894a4fa2e271c8e84 ad70327a723f47bcac4b050f82931b9b - - default default] Successfully bumped revision number for resource e882edfe-bed4-47ce-acda-38818fbacad9 (type: security_group_rules) to 0
2026-05-10 02:02:32.675 10 INFO neutron.db.ovn_revision_numbers_db [None req-fa6a358e-b516-4337-ad98-151c63ebf2f6 fed1ba40eb07467894a4fa2e271c8e84 ad70327a723f47bcac4b050f82931b9b - - default default] Successfully bumped revision number for resource e9817eb2-8591-4890-b51f-33a9e7b1db57 (type: security_group_rules) to 0
2026-05-10 02:02:32.717 9 INFO neutron.wsgi [req-9907d86e-e1ed-41b6-9c2d-795b4d938ad5 req-deee9f8a-b83a-4691-ac6a-6fbad3b1a52a 071487f74c7148fd846b50b2a68aa9ab 506a88a9e8484628affc56649e365da4 - - be153b6ef6404744af3deace32e5da1d be153b6ef6404744af3deace32e5da1d] 199.204.45.129 "GET /v2.0/ports?device_id=70241977-426e-4feb-8db7-04a7f8d0f9b4&fields=binding%3Ahost_id&fields=binding%3Avif_type HTTP/1.1" status: 200 len: 210 time: 0.0249138
2026-05-10 02:02:32.732 10 INFO neutron.db.segments_db [None req-fa6a358e-b516-4337-ad98-151c63ebf2f6 fed1ba40eb07467894a4fa2e271c8e84 ad70327a723f47bcac4b050f82931b9b - - default default] Added segment 52c9e686-ee52-4b90-b902-fef3eeb3f117 of type geneve for network 1a6f88c5-628b-4afd-a494-baea362d7f8b
2026-05-10 02:02:32.734 10 INFO neutron.notifiers.nova [-] Nova event matching ['req-c3876a33-48fe-4c1c-8e25-8fd4401ae824'] response: {'server_uuid': '70241977-426e-4feb-8db7-04a7f8d0f9b4', 'name': 'network-vif-plugged', 'status': 'completed', 'tag': 'fd8f06ff-1b52-44a8-b4ff-2898f5a96ae7', 'code': 200}
2026-05-10 02:02:32.734 10 INFO neutron.notifiers.nova [-] Nova event matching ['req-c3876a33-48fe-4c1c-8e25-8fd4401ae824'] response: {'server_uuid': '70241977-426e-4feb-8db7-04a7f8d0f9b4', 'name': 'network-vif-unplugged', 'status': 'completed', 'tag': 'fd8f06ff-1b52-44a8-b4ff-2898f5a96ae7', 'code': 200}
2026-05-10 02:02:32.734 10 INFO neutron.notifiers.nova [-] Nova event matching ['req-c3876a33-48fe-4c1c-8e25-8fd4401ae824'] response: {'server_uuid': '70241977-426e-4feb-8db7-04a7f8d0f9b4', 'name': 'network-vif-plugged', 'status': 'completed', 'tag': 'fd8f06ff-1b52-44a8-b4ff-2898f5a96ae7', 'code': 200}
2026-05-10 02:02:32.780 9 INFO neutron.wsgi [req-9907d86e-e1ed-41b6-9c2d-795b4d938ad5 req-955f83f9-70b7-4447-bfa8-be8c2036de71 071487f74c7148fd846b50b2a68aa9ab 506a88a9e8484628affc56649e365da4 - - be153b6ef6404744af3deace32e5da1d be153b6ef6404744af3deace32e5da1d] 199.204.45.129 "GET /v2.0/ports?tenant_id=344f7a39f6f04819b08ad07b80f74cd4&device_id=70241977-426e-4feb-8db7-04a7f8d0f9b4 HTTP/1.1" status: 200 len: 210 time: 0.0222895
2026-05-10 02:02:32.874 10 INFO neutron.db.ovn_revision_numbers_db [None req-fa6a358e-b516-4337-ad98-151c63ebf2f6 fed1ba40eb07467894a4fa2e271c8e84 ad70327a723f47bcac4b050f82931b9b - - default default] Successfully bumped revision number for resource 1a6f88c5-628b-4afd-a494-baea362d7f8b (type: networks) to 1
2026-05-10 02:02:32.899 9 INFO neutron.wsgi [req-9907d86e-e1ed-41b6-9c2d-795b4d938ad5 req-3bb97596-14bb-433a-a808-a57277e1de3b 071487f74c7148fd846b50b2a68aa9ab 506a88a9e8484628affc56649e365da4 - - be153b6ef6404744af3deace32e5da1d be153b6ef6404744af3deace32e5da1d] 199.204.45.129 "GET /v2.0/networks?tenant_id=344f7a39f6f04819b08ad07b80f74cd4&shared=False HTTP/1.1" status: 200 len: 975 time: 0.0967989
2026-05-10 02:02:32.986 9 INFO neutron.wsgi [req-9907d86e-e1ed-41b6-9c2d-795b4d938ad5 req-83721c64-e8ee-4d61-aae2-14d5f939efb9 071487f74c7148fd846b50b2a68aa9ab 506a88a9e8484628affc56649e365da4 - - be153b6ef6404744af3deace32e5da1d be153b6ef6404744af3deace32e5da1d] 199.204.45.129 "GET /v2.0/networks?shared=True HTTP/1.1" status: 200 len: 952 time: 0.0800774
2026-05-10 02:02:33.042 10 WARNING neutron.scheduler.dhcp_agent_scheduler [None req-fa6a358e-b516-4337-ad98-151c63ebf2f6 fed1ba40eb07467894a4fa2e271c8e84 ad70327a723f47bcac4b050f82931b9b - - default default] No more DHCP agents
2026-05-10 02:02:33.045 10 WARNING neutron.api.rpc.agentnotifiers.dhcp_rpc_agent_api [None req-fa6a358e-b516-4337-ad98-151c63ebf2f6 fed1ba40eb07467894a4fa2e271c8e84 ad70327a723f47bcac4b050f82931b9b - - default default] Unable to schedule network 1a6f88c5-628b-4afd-a494-baea362d7f8b: no agents available; will retry on subsequent port and subnet creation events.
2026-05-10 02:02:33.135 10 INFO neutron.db.ovn_revision_numbers_db [None req-fa6a358e-b516-4337-ad98-151c63ebf2f6 fed1ba40eb07467894a4fa2e271c8e84 ad70327a723f47bcac4b050f82931b9b - - default default] Successfully bumped revision number for resource 458c2aa7-6bfe-49b4-8939-c630c5c3cd53 (type: ports) to 1
2026-05-10 02:02:33.157 10 INFO neutron.wsgi [None req-fa6a358e-b516-4337-ad98-151c63ebf2f6 fed1ba40eb07467894a4fa2e271c8e84 ad70327a723f47bcac4b050f82931b9b - - default default] 10.0.0.101 "POST /v2.0/networks HTTP/1.1" status: 201 len: 830 time: 0.7814152
2026-05-10 02:02:33.236 10 INFO neutron.wsgi [req-ac818782-36e2-4137-bb87-6f23fc75cd20 req-b0477d22-bcef-4788-a925-2191b03dcaf6 9413acb74c50440cab8c9e0741617bd7 b16570c379f34576a9684aa27c6d0cad - - default default] 10.0.0.246 "GET /v2.0/ports?device_id=2b7bd5c6-4103-4fa6-9fae-eec62396dfd5 HTTP/1.1" status: 200 len: 1172 time: 0.0623946
2026-05-10 02:02:33.311 10 INFO neutron.wsgi [req-ac818782-36e2-4137-bb87-6f23fc75cd20 req-20611c9c-4cbd-4b7e-be73-019ec7b1fda2 9413acb74c50440cab8c9e0741617bd7 b16570c379f34576a9684aa27c6d0cad - - default default] 10.0.0.246 "GET /v2.0/security-groups?id=b5995384-6cde-4d3d-bb96-f8da1e4e7b0d&fields=id&fields=name HTTP/1.1" status: 200 len: 313 time: 0.0626509
2026-05-10 02:02:33.356 9 INFO neutron.db.ovn_revision_numbers_db [None req-41f40d4e-d8d0-4cd9-8374-eb2db37caa98 b477c62976d24feda1acaae2b27b29be b58a4c05e6074359883ff168fa613fe1 - - default default] Successfully bumped revision number for resource 4c4a0b53-1452-42d0-9669-1c86305b005c (type: security_groups) to 1
2026-05-10 02:02:33.376 9 INFO neutron.db.ovn_revision_numbers_db [None req-41f40d4e-d8d0-4cd9-8374-eb2db37caa98 b477c62976d24feda1acaae2b27b29be b58a4c05e6074359883ff168fa613fe1 - - default default] Successfully bumped revision number for resource 148c132e-3295-4603-b69d-c22f6a6afbad (type: security_group_rules) to 0
2026-05-10 02:02:33.409 9 INFO neutron.db.ovn_revision_numbers_db [None req-41f40d4e-d8d0-4cd9-8374-eb2db37caa98 b477c62976d24feda1acaae2b27b29be b58a4c05e6074359883ff168fa613fe1 - - default default] Successfully bumped revision number for resource 8bb7c7c1-c4f0-4c3d-ab82-15c27e6f5b2e (type: security_group_rules) to 0
2026-05-10 02:02:33.426 9 INFO neutron.db.ovn_revision_numbers_db [None req-41f40d4e-d8d0-4cd9-8374-eb2db37caa98 b477c62976d24feda1acaae2b27b29be b58a4c05e6074359883ff168fa613fe1 - - default default] Successfully bumped revision number for resource 918fc057-a3c5-4cf2-ae16-225dae162787 (type: security_group_rules) to 0
2026-05-10 02:02:33.451 9 INFO neutron.db.ovn_revision_numbers_db [None req-41f40d4e-d8d0-4cd9-8374-eb2db37caa98 b477c62976d24feda1acaae2b27b29be b58a4c05e6074359883ff168fa613fe1 - - default default] Successfully bumped revision number for resource bd250b0b-a317-4ccd-a35b-4d11206a2bd0 (type: security_group_rules) to 0
2026-05-10 02:02:33.473 10 WARNING neutron.scheduler.dhcp_agent_scheduler [None req-eb5ba0bb-47fa-407f-8c85-bbcd80782fe7 fed1ba40eb07467894a4fa2e271c8e84 ad70327a723f47bcac4b050f82931b9b - - default default] No more DHCP agents
2026-05-10 02:02:33.478 10 WARNING neutron.api.rpc.agentnotifiers.dhcp_rpc_agent_api [None req-eb5ba0bb-47fa-407f-8c85-bbcd80782fe7 fed1ba40eb07467894a4fa2e271c8e84 ad70327a723f47bcac4b050f82931b9b - - default default] Unable to schedule network 1a6f88c5-628b-4afd-a494-baea362d7f8b: no agents available; will retry on subsequent port and subnet creation events.
2026-05-10 02:02:33.481 9 INFO neutron.wsgi [None req-41f40d4e-d8d0-4cd9-8374-eb2db37caa98 b477c62976d24feda1acaae2b27b29be b58a4c05e6074359883ff168fa613fe1 - - default default] 10.0.0.101 "GET /v2.0/security-groups?tenant_id=d7685ae4b7834ec7819ead2dd1f8e740&name=default HTTP/1.1" status: 200 len: 2996 time: 0.4271684
2026-05-10 02:02:33.578 10 INFO neutron.db.ovn_revision_numbers_db [None req-eb5ba0bb-47fa-407f-8c85-bbcd80782fe7 fed1ba40eb07467894a4fa2e271c8e84 ad70327a723f47bcac4b050f82931b9b - - default default] Successfully bumped revision number for resource c913f4d1-d91f-4352-8099-d2ade5792bd6 (type: ports) to 1
