2026-05-10 02:04:52.541 10 INFO neutron.wsgi [None req-e9b165b5-f467-4d0e-8551-7e859146e0a3 3d4c395fcb394d96a668c2b8ca00f7b8 15c646bd5ccf47e18573486808a6c1ed - - default default] 10.0.0.101 "DELETE /v2.0/ports/cee5da39-b368-4673-bd00-7d5f3b7b6170/tags/red HTTP/1.1" status: 204 len: 168 time: 0.0445492
2026-05-10 02:04:52.578 10 INFO neutron.wsgi [None req-8f77cda1-510b-4e7d-8a26-3782043cdf08 3d4c395fcb394d96a668c2b8ca00f7b8 15c646bd5ccf47e18573486808a6c1ed - - default default] 10.0.0.101 "GET /v2.0/ports/cee5da39-b368-4673-bd00-7d5f3b7b6170/tags HTTP/1.1" status: 200 len: 223 time: 0.0302913
2026-05-10 02:04:52.616 10 INFO neutron.api.v2.resource [None req-71e51047-5ab0-47f5-8f67-752324f3b018 3d4c395fcb394d96a668c2b8ca00f7b8 15c646bd5ccf47e18573486808a6c1ed - - default default] delete failed (client error): The resource could not be found.
2026-05-10 02:04:52.618 10 INFO neutron.wsgi [None req-71e51047-5ab0-47f5-8f67-752324f3b018 3d4c395fcb394d96a668c2b8ca00f7b8 15c646bd5ccf47e18573486808a6c1ed - - default default] 10.0.0.101 "DELETE /v2.0/ports/cee5da39-b368-4673-bd00-7d5f3b7b6170/tags/green HTTP/1.1" status: 404 len: 299 time: 0.0349050
2026-05-10 02:04:52.676 10 INFO neutron.wsgi [None req-9881bf64-f180-4bca-8f87-405d18067842 3d4c395fcb394d96a668c2b8ca00f7b8 15c646bd5ccf47e18573486808a6c1ed - - default default] 10.0.0.101 "DELETE /v2.0/ports/cee5da39-b368-4673-bd00-7d5f3b7b6170/tags HTTP/1.1" status: 204 len: 168 time: 0.0495484
2026-05-10 02:04:52.699 9 INFO neutron.db.ovn_revision_numbers_db [None req-54bdd428-7fba-4878-9ec9-8a8886f283f3 b477c62976d24feda1acaae2b27b29be b58a4c05e6074359883ff168fa613fe1 - - default default] Successfully bumped revision number for resource 10c364fe-dcd7-4065-8e79-ca4e0f5f6d0d (type: ports) to 2
2026-05-10 02:04:52.708 9 INFO neutron.wsgi [None req-54bdd428-7fba-4878-9ec9-8a8886f283f3 b477c62976d24feda1acaae2b27b29be b58a4c05e6074359883ff168fa613fe1 - - default default] 199.204.45.129 "PUT /v2.0/ports/10c364fe-dcd7-4065-8e79-ca4e0f5f6d0d HTTP/1.1" status: 200 len: 1328 time: 0.3592503
2026-05-10 02:04:52.709 10 INFO neutron.wsgi [None req-ee3be965-fb4a-419d-9688-96053c8a1d5b 3d4c395fcb394d96a668c2b8ca00f7b8 15c646bd5ccf47e18573486808a6c1ed - - default default] 10.0.0.101 "GET /v2.0/ports/cee5da39-b368-4673-bd00-7d5f3b7b6170/tags HTTP/1.1" status: 200 len: 205 time: 0.0289657 /var/lib/openstack/lib/python3.10/site-packages/pycadf/identifier.py:71: UserWarning: Invalid uuid: neutron. To ensure interoperability, identifiers should be a valid uuid. warnings.warn(('Invalid uuid: %s. To ensure interoperability, '
2026-05-10 02:04:52.728 9 INFO neutron.wsgi [None req-30c82dbd-3f52-477d-b344-dda422a49851 b477c62976d24feda1acaae2b27b29be b58a4c05e6074359883ff168fa613fe1 - - default default] 199.204.45.129 "GET /v2.0/extensions/security-group HTTP/1.1" status: 200 len: 369 time: 0.0051942
2026-05-10 02:04:52.745 9 INFO neutron.wsgi [None req-d5f51f52-1983-43a9-8ff5-b64ddb43e9af b477c62976d24feda1acaae2b27b29be b58a4c05e6074359883ff168fa613fe1 - - default default] 199.204.45.129 "GET /v2.0/extensions/dns-integration HTTP/1.1" status: 200 len: 371 time: 0.0063818
2026-05-10 02:04:52.756 9 INFO neutron.wsgi [None req-a895cbe0-63a0-492c-ae04-3a17b2ce3a51 b477c62976d24feda1acaae2b27b29be b58a4c05e6074359883ff168fa613fe1 - - default default] 199.204.45.129 "GET /v2.0/extensions/qos HTTP/1.1" status: 200 len: 365 time: 0.0047412
2026-05-10 02:04:52.765 9 INFO neutron.wsgi [None req-78472f79-4359-4815-8c44-17c4f59d72a5 b477c62976d24feda1acaae2b27b29be b58a4c05e6074359883ff168fa613fe1 - - default default] 199.204.45.129 "GET /v2.0/extensions/allowed-address-pairs HTTP/1.1" status: 200 len: 383 time: 0.0031786
2026-05-10 02:04:52.813 9 INFO neutron.wsgi [None req-a074b58c-75bb-48bf-bdb8-aa7c3294fdff b477c62976d24feda1acaae2b27b29be b58a4c05e6074359883ff168fa613fe1 - - default default] 199.204.45.129 "GET /v2.0/subnets/8ec78f55-a648-4e11-b01c-c5c9f8e06d4c HTTP/1.1" status: 200 len: 851 time: 0.0421886
2026-05-10 02:04:52.977 9 INFO neutron.wsgi [None req-9969508f-ed7b-4fa4-baa5-47185bc8bb47 3d4c395fcb394d96a668c2b8ca00f7b8 15c646bd5ccf47e18573486808a6c1ed - - default default] 10.0.0.101 "DELETE /v2.0/ports/cee5da39-b368-4673-bd00-7d5f3b7b6170 HTTP/1.1" status: 204 len: 168 time: 0.2636490
2026-05-10 02:04:53.332 9 INFO neutron.services.segments.plugin [-] Segment 1d4031ae-ebd9-45c6-963e-befbe48ea19f resource provider aggregate not found
2026-05-10 02:04:53.337 9 INFO neutron.services.segments.plugin [-] Segment 1d4031ae-ebd9-45c6-963e-befbe48ea19f resource provider aggregate not found
2026-05-10 02:04:53.352 9 INFO neutron.services.segments.plugin [-] Segment 1d4031ae-ebd9-45c6-963e-befbe48ea19f resource provider not found; error: Placement Client Error (4xx): {"errors": [{"status": 404, "title": "Not Found", "detail": "The resource could not be found.\n\n No resource provider with uuid 1d4031ae-ebd9-45c6-963e-befbe48ea19f found for delete ", "request_id": "req-8731d0d3-8641-4373-ac13-d449777301ec"}]}
2026-05-10 02:04:53.354 9 INFO neutron.services.segments.plugin [-] Segment 1d4031ae-ebd9-45c6-963e-befbe48ea19f resource provider not found; error: Placement Client Error (4xx): {"errors": [{"status": 404, "title": "Not Found", "detail": "The resource could not be found.\n\n No resource provider with uuid 1d4031ae-ebd9-45c6-963e-befbe48ea19f found for delete ", "request_id": "req-33feb84b-3774-4384-8424-cb08880301cf"}]}
2026-05-10 02:04:53.384 9 INFO neutron.wsgi [None req-f4080ead-8240-462b-9c40-acb3db1ed528 3d4c395fcb394d96a668c2b8ca00f7b8 15c646bd5ccf47e18573486808a6c1ed - - default default] 10.0.0.101 "DELETE /v2.0/networks/d53efc6f-fad0-44fc-af83-7c420caf17f6 HTTP/1.1" status: 204 len: 168 time: 0.4001529
2026-05-10 02:04:54.170 9 INFO neutron.db.ovn_revision_numbers_db [None req-b8aefdab-7673-4f74-a0cc-c632d7994360 b477c62976d24feda1acaae2b27b29be b58a4c05e6074359883ff168fa613fe1 - - default default] Successfully bumped revision number for resource 7097c269-7abc-42be-b592-2ff391c003d8 (type: security_groups) to 1
2026-05-10 02:04:54.184 9 INFO neutron.db.ovn_revision_numbers_db [None req-b8aefdab-7673-4f74-a0cc-c632d7994360 b477c62976d24feda1acaae2b27b29be b58a4c05e6074359883ff168fa613fe1 - - default default] Successfully bumped revision number for resource af2368c3-4577-4886-b7b0-0e4048cd5c3a (type: security_group_rules) to 0
2026-05-10 02:04:54.198 9 INFO neutron.db.ovn_revision_numbers_db [None req-b8aefdab-7673-4f74-a0cc-c632d7994360 b477c62976d24feda1acaae2b27b29be b58a4c05e6074359883ff168fa613fe1 - - default default] Successfully bumped revision number for resource c1554d40-9c47-46e8-b4a2-6e0bb3884137 (type: security_group_rules) to 0
2026-05-10 02:04:54.217 9 INFO neutron.db.ovn_revision_numbers_db [None req-b8aefdab-7673-4f74-a0cc-c632d7994360 b477c62976d24feda1acaae2b27b29be b58a4c05e6074359883ff168fa613fe1 - - default default] Successfully bumped revision number for resource c96f52f5-8dc1-4e20-ae06-0d0b0418ca0e (type: security_group_rules) to 0
2026-05-10 02:04:54.230 9 INFO neutron.db.ovn_revision_numbers_db [None req-b8aefdab-7673-4f74-a0cc-c632d7994360 b477c62976d24feda1acaae2b27b29be b58a4c05e6074359883ff168fa613fe1 - - default default] Successfully bumped revision number for resource efc2e577-d87b-4398-8212-cc337c18b99a (type: security_group_rules) to 0
2026-05-10 02:04:54.254 9 INFO neutron.wsgi [None req-b8aefdab-7673-4f74-a0cc-c632d7994360 b477c62976d24feda1acaae2b27b29be b58a4c05e6074359883ff168fa613fe1 - - default default] 10.0.0.101 "GET /v2.0/security-groups?tenant_id=0283355d828149efbbbd5d198c37e690&name=default HTTP/1.1" status: 200 len: 3000 time: 0.2688768
2026-05-10 02:04:54.444 9 INFO neutron.wsgi [None req-e834be04-60da-4700-a253-01d6927bd34f b477c62976d24feda1acaae2b27b29be b58a4c05e6074359883ff168fa613fe1 - - default default] 10.0.0.101 "DELETE /v2.0/security-groups/7097c269-7abc-42be-b592-2ff391c003d8 HTTP/1.1" status: 204 len: 168 time: 0.1858857
2026-05-10 02:04:54.450 9 INFO neutron.plugins.ml2.drivers.ovn.mech_driver.mech_driver [None req-4abb913c-3f33-48cb-a24c-b9cb0af6d460 - - - - - -] OVN reports status down for port: bda8110a-0e8e-465d-8176-ffe69378152d
2026-05-10 02:04:54.476 10 INFO neutron.wsgi [req-a8aa5db2-4d01-4c62-b6ae-e06dbed8e640 req-5af57f7a-a6bc-43d6-a8a5-a9726aff8b08 cc0e2c0a908940dd8d50841b22f12e77 2b74a698716a48ec8bba95835a5607c9 - - default default] 10.0.0.246 "GET /v2.0/ports?device_id=9b73cfff-3254-4f9d-a5ff-1635741a8276 HTTP/1.1" status: 200 len: 1174 time: 0.0865057
2026-05-10 02:04:54.522 10 INFO neutron.wsgi [req-a8aa5db2-4d01-4c62-b6ae-e06dbed8e640 req-ec627125-3b55-408a-bc3a-a3f9113cb12b cc0e2c0a908940dd8d50841b22f12e77 2b74a698716a48ec8bba95835a5607c9 - - default default] 10.0.0.246 "GET /v2.0/security-groups?id=9abd5f3b-ddf2-43c4-ab04-7232cd84fe65&fields=id&fields=name HTTP/1.1" status: 200 len: 312 time: 0.0397923
2026-05-10 02:04:54.572 9 INFO neutron.notifiers.nova [-] Nova event matching ['req-0e6819ff-b9ce-4840-9f29-629ca7db03e0'] response: {'server_uuid': '9b73cfff-3254-4f9d-a5ff-1635741a8276', 'name': 'network-vif-unplugged', 'status': 'completed', 'tag': 'bda8110a-0e8e-465d-8176-ffe69378152d', 'code': 200}
2026-05-10 02:04:54.622 9 INFO neutron.wsgi [None req-59efbff0-2576-4e58-bd75-3518c54eb963 b477c62976d24feda1acaae2b27b29be b58a4c05e6074359883ff168fa613fe1 - - default default] 10.0.0.101 "GET /v2.0/security-groups?tenant_id=15c646bd5ccf47e18573486808a6c1ed&name=default HTTP/1.1" status: 200 len: 2996 time: 0.0696771
2026-05-10 02:04:54.760 10 INFO neutron.wsgi [req-244fd5c5-7ce7-4972-be37-d54fc038439c req-54b709b1-3814-487f-9b46-4c47dd549bde cc0e2c0a908940dd8d50841b22f12e77 2b74a698716a48ec8bba95835a5607c9 - - default default] 199.204.45.129 "GET /v2.0/ports?device_id=9b73cfff-3254-4f9d-a5ff-1635741a8276 HTTP/1.1" status: 200 len: 1172 time: 0.0430498
2026-05-10 02:04:54.781 9 INFO neutron.db.ovn_revision_numbers_db [None req-4abb913c-3f33-48cb-a24c-b9cb0af6d460 - - - - - -] Successfully bumped revision number for resource bda8110a-0e8e-465d-8176-ffe69378152d (type: ports) to 5
2026-05-10 02:04:54.869 9 INFO neutron.wsgi [None req-cc0ded81-9276-43ac-a744-f22e1ce098e5 b477c62976d24feda1acaae2b27b29be b58a4c05e6074359883ff168fa613fe1 - - default default] 10.0.0.101 "DELETE /v2.0/security-groups/f2f81a20-9e87-4922-a0e3-227cb754df0b HTTP/1.1" status: 204 len: 168 time: 0.2402227
2026-05-10 02:04:55.130 10 INFO neutron.db.l3_db [req-244fd5c5-7ce7-4972-be37-d54fc038439c req-0535a99f-9a01-4759-868f-0f1bf884a43f cc0e2c0a908940dd8d50841b22f12e77 2b74a698716a48ec8bba95835a5607c9 - - default default] Floating IP f3dbe33f-4363-46c6-8d07-90c788b9683e disassociated. External IP: 10.96.250.218, port: bda8110a-0e8e-465d-8176-ffe69378152d.
2026-05-10 02:04:55.276 10 INFO neutron.wsgi [req-244fd5c5-7ce7-4972-be37-d54fc038439c req-0535a99f-9a01-4759-868f-0f1bf884a43f cc0e2c0a908940dd8d50841b22f12e77 2b74a698716a48ec8bba95835a5607c9 - - default default] 199.204.45.129 "DELETE /v2.0/ports/bda8110a-0e8e-465d-8176-ffe69378152d HTTP/1.1" status: 204 len: 173 time: 0.5129344
2026-05-10 02:04:55.326 10 INFO neutron.notifiers.nova [-] Nova event matching ['req-25c7b3c8-3d0b-4a81-8df2-b1a42f981c83'] response: {'server_uuid': '9b73cfff-3254-4f9d-a5ff-1635741a8276', 'name': 'network-vif-deleted', 'tag': 'bda8110a-0e8e-465d-8176-ffe69378152d', 'status': 'completed', 'code': 200} /var/lib/openstack/lib/python3.10/site-packages/pycadf/identifier.py:71: UserWarning: Invalid uuid: neutron. To ensure interoperability, identifiers should be a valid uuid. warnings.warn(('Invalid uuid: %s. To ensure interoperability, '
2026-05-10 02:04:55.735 9 INFO neutron.wsgi [req-ccaa19f7-3b09-445c-9f47-43d4f57b6a6a req-623439db-9161-4450-85fa-cbbc51d5bff1 cc0e2c0a908940dd8d50841b22f12e77 2b74a698716a48ec8bba95835a5607c9 - - default default] 10.0.0.246 "GET /v2.0/ports?device_id=9b73cfff-3254-4f9d-a5ff-1635741a8276 HTTP/1.1" status: 200 len: 210 time: 0.0428560
2026-05-10 02:04:56.614 9 INFO neutron.notifiers.nova [-] Nova event matching ['req-a6546de9-8af6-428b-9b0f-a2944b7dfbf9'] response: {'server_uuid': '9b73cfff-3254-4f9d-a5ff-1635741a8276', 'name': 'network-vif-plugged', 'status': 'completed', 'tag': 'bda8110a-0e8e-465d-8176-ffe69378152d', 'code': 200}
2026-05-10 02:04:56.930 10 INFO neutron.wsgi [None req-5ae36e18-8adb-4575-b085-88fa0c27ffeb cc0e2c0a908940dd8d50841b22f12e77 2b74a698716a48ec8bba95835a5607c9 - - default default] 10.0.0.101 "DELETE /v2.0/security-groups/9abd5f3b-ddf2-43c4-ab04-7232cd84fe65 HTTP/1.1" status: 204 len: 168 time: 0.1325643
2026-05-10 02:04:57.293 10 INFO neutron.wsgi [None req-ea8c8bac-f047-479b-9e43-a06420d2ebe6 cc0e2c0a908940dd8d50841b22f12e77 2b74a698716a48ec8bba95835a5607c9 - - default default] 10.0.0.101 "DELETE /v2.0/floatingips/f3dbe33f-4363-46c6-8d07-90c788b9683e HTTP/1.1" status: 204 len: 168 time: 0.3297849
2026-05-10 02:04:57.477 10 INFO neutron.wsgi [req-8574ed63-d104-4bee-92a0-eec746dc7a73 req-4f9ed013-2033-4385-8a1c-f2db4d2420aa cc0e2c0a908940dd8d50841b22f12e77 2b74a698716a48ec8bba95835a5607c9 - - default default] 10.0.0.246 "GET /v2.0/ports?device_id=224c44d7-9e3a-4230-9e0b-0f54b77f10ca HTTP/1.1" status: 200 len: 1170 time: 0.0409102
2026-05-10 02:04:57.504 10 INFO neutron.plugins.ml2.drivers.ovn.mech_driver.mech_driver [None req-4ef3eff0-9626-480d-9dbc-1cf236b23783 - - - - - -] OVN reports status down for port: bc44f699-0951-4d81-821b-afa1d706323d
2026-05-10 02:04:57.544 10 INFO neutron.wsgi [req-8574ed63-d104-4bee-92a0-eec746dc7a73 req-30b3f15d-e46f-4154-a01a-00e215137fa4 cc0e2c0a908940dd8d50841b22f12e77 2b74a698716a48ec8bba95835a5607c9 - - default default] 10.0.0.246 "GET /v2.0/security-groups?id=ac698993-054c-4286-9526-5009c3fde905&fields=id&fields=name HTTP/1.1" status: 200 len: 312 time: 0.0617037
2026-05-10 02:04:57.651 10 INFO neutron.notifiers.nova [-] Nova event matching ['req-5b8e18ef-1ae8-4a39-8b2d-b55d421e7d11'] response: {'server_uuid': '224c44d7-9e3a-4230-9e0b-0f54b77f10ca', 'name': 'network-vif-unplugged', 'status': 'completed', 'tag': 'bc44f699-0951-4d81-821b-afa1d706323d', 'code': 200}
2026-05-10 02:04:57.797 10 INFO neutron.wsgi [req-673be2fc-54a4-4a7f-a91d-ec0e4987a1a7 req-b402b6d3-e7a5-40cd-afec-d0ed3e35e851 cc0e2c0a908940dd8d50841b22f12e77 2b74a698716a48ec8bba95835a5607c9 - - default default] 199.204.45.129 "GET /v2.0/ports?device_id=224c44d7-9e3a-4230-9e0b-0f54b77f10ca HTTP/1.1" status: 200 len: 1168 time: 0.0354080
2026-05-10 02:04:57.830 10 INFO neutron.db.ovn_revision_numbers_db [None req-4ef3eff0-9626-480d-9dbc-1cf236b23783 - - - - - -] Successfully bumped revision number for resource bc44f699-0951-4d81-821b-afa1d706323d (type: ports) to 5
2026-05-10 02:04:57.970 9 INFO neutron.wsgi [-] 10.0.0.230 "GET / HTTP/1.1" status: 200 len: 247 time: 0.0026658
2026-05-10 02:04:57.973 9 INFO neutron.wsgi [-] 10.0.0.230 "GET / HTTP/1.1" status: 200 len: 247 time: 0.0019920
2026-05-10 02:04:58.081 10 INFO neutron.wsgi [req-673be2fc-54a4-4a7f-a91d-ec0e4987a1a7 req-0bda20d3-cb27-47dd-8374-44161f7efd03 cc0e2c0a908940dd8d50841b22f12e77 2b74a698716a48ec8bba95835a5607c9 - - default default] 199.204.45.129 "DELETE /v2.0/ports/bc44f699-0951-4d81-821b-afa1d706323d HTTP/1.1" status: 204 len: 173 time: 0.2769511 /var/lib/openstack/lib/python3.10/site-packages/pycadf/identifier.py:71: UserWarning: Invalid uuid: neutron. To ensure interoperability, identifiers should be a valid uuid. warnings.warn(('Invalid uuid: %s. To ensure interoperability, '
2026-05-10 02:04:58.613 10 INFO neutron.db.ovn_revision_numbers_db [None req-e726278f-4d4a-4573-8ad3-a86375430064 5421e8a186f04f65a389129df44cd264 22f1e876f7d54910a12b4f5c9c392300 - - default default] Successfully bumped revision number for resource cba22577-2215-4c5c-94a2-615059135fce (type: routers) to 1
2026-05-10 02:04:58.630 10 INFO neutron.wsgi [None req-e726278f-4d4a-4573-8ad3-a86375430064 5421e8a186f04f65a389129df44cd264 22f1e876f7d54910a12b4f5c9c392300 - - default default] 10.0.0.101 "POST /v2.0/routers HTTP/1.1" status: 201 len: 654 time: 0.5662217
2026-05-10 02:04:58.703 9 INFO neutron.wsgi [None req-8099fb5e-ea3e-4a50-9661-9b1e3d450b4c 5421e8a186f04f65a389129df44cd264 22f1e876f7d54910a12b4f5c9c392300 - - default default] 10.0.0.101 "PUT /v2.0/routers/cba22577-2215-4c5c-94a2-615059135fce/tags HTTP/1.1" status: 200 len: 218 time: 0.0669017
2026-05-10 02:04:58.760 10 INFO neutron.wsgi [None req-37288e1d-9abc-4dbf-8ea4-904cc842fa90 5421e8a186f04f65a389129df44cd264 22f1e876f7d54910a12b4f5c9c392300 - - default default] 10.0.0.101 "GET /v2.0/routers/cba22577-2215-4c5c-94a2-615059135fce/tags HTTP/1.1" status: 200 len: 218 time: 0.0517683
2026-05-10 02:04:58.771 9 INFO neutron.wsgi [None req-9bdc5b9e-9bc3-4e75-ba94-22a5f08795ea cc0e2c0a908940dd8d50841b22f12e77 2b74a698716a48ec8bba95835a5607c9 - - default default] 10.0.0.101 "DELETE /v2.0/security-groups/ac698993-054c-4286-9526-5009c3fde905 HTTP/1.1" status: 204 len: 168 time: 0.1675382
2026-05-10 02:04:58.833 10 INFO neutron.wsgi [None req-c6e594e7-41da-4e44-9ced-92d78ee0d156 5421e8a186f04f65a389129df44cd264 22f1e876f7d54910a12b4f5c9c392300 - - default default] 10.0.0.101 "PUT /v2.0/routers/cba22577-2215-4c5c-94a2-615059135fce/tags/green HTTP/1.1" status: 201 len: 201 time: 0.0671494
2026-05-10 02:04:58.890 10 INFO neutron.wsgi [None req-e4e565f3-bae9-4100-8ef0-cc976182993f 5421e8a186f04f65a389129df44cd264 22f1e876f7d54910a12b4f5c9c392300 - - default default] 10.0.0.101 "GET /v2.0/routers/cba22577-2215-4c5c-94a2-615059135fce/tags HTTP/1.1" status: 200 len: 227 time: 0.0517170
2026-05-10 02:04:58.937 10 INFO neutron.wsgi [None req-66053280-4971-47fc-8aa6-5eb9f8bb4bb4 5421e8a186f04f65a389129df44cd264 22f1e876f7d54910a12b4f5c9c392300 - - default default] 10.0.0.101 "PUT /v2.0/routers/cba22577-2215-4c5c-94a2-615059135fce/tags/red HTTP/1.1" status: 201 len: 201 time: 0.0427186
2026-05-10 02:04:58.987 10 INFO neutron.wsgi [None req-6639309a-96a4-4bc5-9b4f-e4f3b257d697 5421e8a186f04f65a389129df44cd264 22f1e876f7d54910a12b4f5c9c392300 - - default default] 10.0.0.101 "GET /v2.0/routers/cba22577-2215-4c5c-94a2-615059135fce/tags HTTP/1.1" status: 200 len: 227 time: 0.0452435
2026-05-10 02:04:59.056 10 INFO neutron.wsgi [None req-f1b3e212-6367-4e10-b3e9-a675b847b61b 5421e8a186f04f65a389129df44cd264 22f1e876f7d54910a12b4f5c9c392300 - - default default] 10.0.0.101 "PUT /v2.0/routers/cba22577-2215-4c5c-94a2-615059135fce/tags/black.or.white HTTP/1.1" status: 201 len: 201 time: 0.0644257
2026-05-10 02:04:59.114 10 INFO neutron.wsgi [None req-b88f7924-3e17-4968-a554-634b54c87624 5421e8a186f04f65a389129df44cd264 22f1e876f7d54910a12b4f5c9c392300 - - default default] 10.0.0.101 "GET /v2.0/routers/cba22577-2215-4c5c-94a2-615059135fce/tags HTTP/1.1" status: 200 len: 245 time: 0.0505981
2026-05-10 02:04:59.183 10 INFO neutron.wsgi [None req-b86314af-2de0-4cf6-a4fd-d50ae002d68c 5421e8a186f04f65a389129df44cd264 22f1e876f7d54910a12b4f5c9c392300 - - default default] 10.0.0.101 "PUT /v2.0/routers/cba22577-2215-4c5c-94a2-615059135fce/tags HTTP/1.1" status: 200 len: 230 time: 0.0635006
2026-05-10 02:04:59.230 10 INFO neutron.wsgi [None req-86907599-4128-4566-a93c-a4bf87f52c68 5421e8a186f04f65a389129df44cd264 22f1e876f7d54910a12b4f5c9c392300 - - default default] 10.0.0.101 "GET /v2.0/routers/cba22577-2215-4c5c-94a2-615059135fce/tags HTTP/1.1" status: 200 len: 230 time: 0.0397131
2026-05-10 02:04:59.291 10 INFO neutron.wsgi [None req-fab11709-8886-47d7-ad86-2c60811209a5 5421e8a186f04f65a389129df44cd264 22f1e876f7d54910a12b4f5c9c392300 - - default default] 10.0.0.101 "GET /v2.0/routers/cba22577-2215-4c5c-94a2-615059135fce/tags/red HTTP/1.1" status: 204 len: 168 time: 0.0568609
2026-05-10 02:04:59.333 10 INFO neutron.api.v2.resource [None req-02893f42-c42b-42a3-a19e-078bdaf8dcea 5421e8a186f04f65a389129df44cd264 22f1e876f7d54910a12b4f5c9c392300 - - default default] show failed (client error): The resource could not be found.
2026-05-10 02:04:59.334 10 INFO neutron.wsgi [None req-02893f42-c42b-42a3-a19e-078bdaf8dcea 5421e8a186f04f65a389129df44cd264 22f1e876f7d54910a12b4f5c9c392300 - - default default] 10.0.0.101 "GET /v2.0/routers/cba22577-2215-4c5c-94a2-615059135fce/tags/green HTTP/1.1" status: 404 len: 299 time: 0.0397339
2026-05-10 02:04:59.388 10 INFO neutron.wsgi [None req-7a9ac0ca-e6da-43d8-81e3-fd1bf05cb4cd 5421e8a186f04f65a389129df44cd264 22f1e876f7d54910a12b4f5c9c392300 - - default default] 10.0.0.101 "DELETE /v2.0/routers/cba22577-2215-4c5c-94a2-615059135fce/tags/red HTTP/1.1" status: 204 len: 168 time: 0.0485582
2026-05-10 02:04:59.440 9 INFO neutron.wsgi [None req-9dff5da8-afe1-4258-ad82-a208ade40fee 5421e8a186f04f65a389129df44cd264 22f1e876f7d54910a12b4f5c9c392300 - - default default] 10.0.0.101 "GET /v2.0/routers/cba22577-2215-4c5c-94a2-615059135fce/tags HTTP/1.1" status: 200 len: 223 time: 0.0477834
2026-05-10 02:04:59.515 9 INFO neutron.api.v2.resource [None req-feb83431-9a37-4e31-a717-4a640992598b 5421e8a186f04f65a389129df44cd264 22f1e876f7d54910a12b4f5c9c392300 - - default default] delete failed (client error): The resource could not be found.
2026-05-10 02:04:59.516 9 INFO neutron.wsgi [None req-feb83431-9a37-4e31-a717-4a640992598b 5421e8a186f04f65a389129df44cd264 22f1e876f7d54910a12b4f5c9c392300 - - default default] 10.0.0.101 "DELETE /v2.0/routers/cba22577-2215-4c5c-94a2-615059135fce/tags/green HTTP/1.1" status: 404 len: 299 time: 0.0722947
2026-05-10 02:04:59.592 10 INFO neutron.wsgi [None req-c9c6bfde-fd7e-4c43-8d9a-52683b01c1b0 5421e8a186f04f65a389129df44cd264 22f1e876f7d54910a12b4f5c9c392300 - - default default] 10.0.0.101 "DELETE /v2.0/routers/cba22577-2215-4c5c-94a2-615059135fce/tags HTTP/1.1" status: 204 len: 168 time: 0.0691121
2026-05-10 02:04:59.648 10 INFO neutron.wsgi [None req-89232591-e47b-420b-a3e7-b00454e2ad42 5421e8a186f04f65a389129df44cd264 22f1e876f7d54910a12b4f5c9c392300 - - default default] 10.0.0.101 "GET /v2.0/routers/cba22577-2215-4c5c-94a2-615059135fce/tags HTTP/1.1" status: 200 len: 205 time: 0.0509765
2026-05-10 02:04:59.689 10 INFO neutron.notifiers.nova [-] Nova event matching ['req-09691e0b-dbe6-48b2-a607-8cc24295ca63'] response: {'server_uuid': '224c44d7-9e3a-4230-9e0b-0f54b77f10ca', 'name': 'network-vif-plugged', 'status': 'completed', 'tag': 'bc44f699-0951-4d81-821b-afa1d706323d', 'code': 200}
2026-05-10 02:04:59.689 10 INFO neutron.notifiers.nova [-] Nova event matching ['req-09691e0b-dbe6-48b2-a607-8cc24295ca63'] response: {'server_uuid': '224c44d7-9e3a-4230-9e0b-0f54b77f10ca', 'name': 'network-vif-deleted', 'tag': 'bc44f699-0951-4d81-821b-afa1d706323d', 'status': 'completed', 'code': 200}
2026-05-10 02:04:59.707 10 INFO neutron.wsgi [None req-30e876b6-7a38-43d2-8b20-349bb2da5068 5421e8a186f04f65a389129df44cd264 22f1e876f7d54910a12b4f5c9c392300 - - default default] 10.0.0.101 "GET /v2.0/routers/cba22577-2215-4c5c-94a2-615059135fce HTTP/1.1" status: 200 len: 655 time: 0.0480897
2026-05-10 02:05:00.030 9 INFO neutron.wsgi [None req-33721a40-1b52-454d-ae0f-3b776729fcd2 cc0e2c0a908940dd8d50841b22f12e77 2b74a698716a48ec8bba95835a5607c9 - - default default] 10.0.0.101 "PUT /v2.0/routers/72c5e30d-3c47-41a1-9936-d514c5de273e/remove_router_interface HTTP/1.1" status: 200 len: 503 time: 1.2262154 /var/lib/openstack/lib/python3.10/site-packages/pycadf/identifier.py:71: UserWarning: Invalid uuid: neutron. To ensure interoperability, identifiers should be a valid uuid. warnings.warn(('Invalid uuid: %s. To ensure interoperability, '
2026-05-10 02:05:00.196 10 INFO neutron.db.ovn_revision_numbers_db [None req-de3a50c5-a65b-4355-af8b-ac8bb5396753 5421e8a186f04f65a389129df44cd264 22f1e876f7d54910a12b4f5c9c392300 - - default default] Successfully bumped revision number for resource cba22577-2215-4c5c-94a2-615059135fce (type: routers) to 7
2026-05-10 02:05:00.200 10 INFO neutron.wsgi [None req-de3a50c5-a65b-4355-af8b-ac8bb5396753 5421e8a186f04f65a389129df44cd264 22f1e876f7d54910a12b4f5c9c392300 - - default default] 10.0.0.101 "PUT /v2.0/routers/cba22577-2215-4c5c-94a2-615059135fce HTTP/1.1" status: 200 len: 655 time: 0.4875996
2026-05-10 02:05:00.241 9 INFO neutron.wsgi [None req-bdcf477e-f2f4-4ff6-8eac-7d7c71e942bf 5421e8a186f04f65a389129df44cd264 22f1e876f7d54910a12b4f5c9c392300 - - default default] 10.0.0.101 "GET /v2.0/ports?device_id=cba22577-2215-4c5c-94a2-615059135fce HTTP/1.1" status: 200 len: 205 time: 0.0372479
2026-05-10 02:05:00.268 9 INFO neutron.wsgi [req-51e05b20-ce37-414f-a4db-45b9c88c1697 req-e25c7012-d113-410d-a7ed-03d64c0f6bc6 b477c62976d24feda1acaae2b27b29be b58a4c05e6074359883ff168fa613fe1 - - default default] 10.0.0.246 "GET /v2.0/security-groups?id=cfb62e23-5140-48d3-ab20-8edacf792a2b&fields=id HTTP/1.1" status: 200 len: 267 time: 0.0889461
2026-05-10 02:05:00.359 9 INFO neutron.wsgi [req-51e05b20-ce37-414f-a4db-45b9c88c1697 req-cf066280-c596-42a2-ad9f-7ecbf7b057a0 b477c62976d24feda1acaae2b27b29be b58a4c05e6074359883ff168fa613fe1 - - default default] 10.0.0.246 "GET /v2.0/networks?id=57edcdc6-b61b-4207-89a2-6dae94ca0ac9 HTTP/1.1" status: 200 len: 937 time: 0.0837131
2026-05-10 02:05:00.378 9 INFO neutron.wsgi [None req-1562fb0a-66f1-4775-80f5-253ddc8a4a0f cc0e2c0a908940dd8d50841b22f12e77 2b74a698716a48ec8bba95835a5607c9 - - default default] 10.0.0.101 "DELETE /v2.0/subnets/d6935d94-b0e1-4de7-bfca-aa2133ce9916 HTTP/1.1" status: 204 len: 168 time: 0.3393674
2026-05-10 02:05:00.383 9 INFO neutron.wsgi [req-51e05b20-ce37-414f-a4db-45b9c88c1697 req-4cc292ff-463f-4bcc-992f-3e09e0294154 b477c62976d24feda1acaae2b27b29be b58a4c05e6074359883ff168fa613fe1 - - default default] 10.0.0.246 "GET /v2.0/quotas/b58a4c05e6074359883ff168fa613fe1 HTTP/1.1" status: 200 len: 385 time: 0.0186179
2026-05-10 02:05:00.488 10 INFO neutron.wsgi [None req-d6214a8e-88cf-41d7-b2f5-6aa8a71d95ec 5421e8a186f04f65a389129df44cd264 22f1e876f7d54910a12b4f5c9c392300 - - default default] 10.0.0.101 "DELETE /v2.0/routers/cba22577-2215-4c5c-94a2-615059135fce HTTP/1.1" status: 204 len: 168 time: 0.2426414
2026-05-10 02:05:00.497 9 INFO neutron.wsgi [req-51e05b20-ce37-414f-a4db-45b9c88c1697 req-80b542bd-9afb-4cb1-a1a1-c1872750f5ab b477c62976d24feda1acaae2b27b29be b58a4c05e6074359883ff168fa613fe1 - - default default] 10.0.0.246 "GET /v2.0/ports?tenant_id=b58a4c05e6074359883ff168fa613fe1&fields=id HTTP/1.1" status: 200 len: 348 time: 0.1068847
2026-05-10 02:05:00.605 9 INFO neutron.wsgi [req-51e05b20-ce37-414f-a4db-45b9c88c1697 req-7786e2aa-29e8-41fd-af06-71a585f6efdd 071487f74c7148fd846b50b2a68aa9ab 506a88a9e8484628affc56649e365da4 - - be153b6ef6404744af3deace32e5da1d be153b6ef6404744af3deace32e5da1d] 10.0.0.246 "GET /v2.0/networks/57edcdc6-b61b-4207-89a2-6dae94ca0ac9?fields=segments HTTP/1.1" status: 200 len: 212 time: 0.0955248
2026-05-10 02:05:00.715 9 INFO neutron.wsgi [req-51e05b20-ce37-414f-a4db-45b9c88c1697 req-6b2a5d98-c451-43d0-8050-15daac385c1c 071487f74c7148fd846b50b2a68aa9ab 506a88a9e8484628affc56649e365da4 - - be153b6ef6404744af3deace32e5da1d be153b6ef6404744af3deace32e5da1d] 10.0.0.246 "GET /v2.0/networks/57edcdc6-b61b-4207-89a2-6dae94ca0ac9?fields=provider%3Aphysical_network&fields=provider%3Anetwork_type HTTP/1.1" status: 200 len: 277 time: 0.1023703
2026-05-10 02:05:01.146 10 INFO neutron.wsgi [req-76cb072c-235a-4ee9-a011-99d87595f506 req-af2766e7-0deb-4c4e-b19d-879b3e6b269a b477c62976d24feda1acaae2b27b29be b58a4c05e6074359883ff168fa613fe1 - - default default] 10.0.0.246 "GET /v2.0/ports?device_id=1c7b42fd-1168-4725-a451-cec8bafe4c34 HTTP/1.1" status: 200 len: 210 time: 0.0195317
2026-05-10 02:05:01.237 9 INFO neutron.wsgi [req-c8a42cf9-13f2-404a-aca5-636e949fbf7c req-e1d692f2-c690-4899-bc54-d292449cdd50 b477c62976d24feda1acaae2b27b29be b58a4c05e6074359883ff168fa613fe1 - - default default] 10.0.0.246 "GET /v2.0/ports?device_id=1c7b42fd-1168-4725-a451-cec8bafe4c34 HTTP/1.1" status: 200 len: 210 time: 0.0323069
2026-05-10 02:05:01.301 9 INFO neutron.wsgi [None req-27d60084-4fe4-410d-a377-d5f6642abef5 cc0e2c0a908940dd8d50841b22f12e77 2b74a698716a48ec8bba95835a5607c9 - - default default] 10.0.0.101 "DELETE /v2.0/routers/72c5e30d-3c47-41a1-9936-d514c5de273e HTTP/1.1" status: 204 len: 168 time: 0.9196396
2026-05-10 02:05:01.394 10 INFO neutron.db.ovn_revision_numbers_db [None req-8529c5d9-c0a5-4af5-8047-d29f7e8973fc b477c62976d24feda1acaae2b27b29be b58a4c05e6074359883ff168fa613fe1 - - default default] Successfully bumped revision number for resource 304bc531-2e83-4c29-aadd-4e7fb8ef40c9 (type: security_groups) to 1
2026-05-10 02:05:01.417 10 INFO neutron.db.ovn_revision_numbers_db [None req-8529c5d9-c0a5-4af5-8047-d29f7e8973fc b477c62976d24feda1acaae2b27b29be b58a4c05e6074359883ff168fa613fe1 - - default default] Successfully bumped revision number for resource 1bdcb041-20e2-4a8a-b297-3f4849027bfd (type: security_group_rules) to 0
2026-05-10 02:05:01.434 10 INFO neutron.db.ovn_revision_numbers_db [None req-8529c5d9-c0a5-4af5-8047-d29f7e8973fc b477c62976d24feda1acaae2b27b29be b58a4c05e6074359883ff168fa613fe1 - - default default] Successfully bumped revision number for resource 375c27b5-90ad-4fb6-9c30-7c966f3fa3fd (type: security_group_rules) to 0
2026-05-10 02:05:01.454 10 INFO neutron.db.ovn_revision_numbers_db [None req-8529c5d9-c0a5-4af5-8047-d29f7e8973fc b477c62976d24feda1acaae2b27b29be b58a4c05e6074359883ff168fa613fe1 - - default default] Successfully bumped revision number for resource 4f173a30-b7a7-4951-8108-fbb9df8d1062 (type: security_group_rules) to 0
2026-05-10 02:05:01.471 10 INFO neutron.db.ovn_revision_numbers_db [None req-8529c5d9-c0a5-4af5-8047-d29f7e8973fc b477c62976d24feda1acaae2b27b29be b58a4c05e6074359883ff168fa613fe1 - - default default] Successfully bumped revision number for resource 8764593f-a89a-4e40-9d3e-5241b4780fc1 (type: security_group_rules) to 0
2026-05-10 02:05:01.501 10 INFO neutron.wsgi [None req-8529c5d9-c0a5-4af5-8047-d29f7e8973fc b477c62976d24feda1acaae2b27b29be b58a4c05e6074359883ff168fa613fe1 - - default default] 10.0.0.101 "GET /v2.0/security-groups?tenant_id=fd9a2dfb275a456a899af2545c3947e2&name=default HTTP/1.1" status: 200 len: 3000 time: 0.3317573
2026-05-10 02:05:01.675 9 INFO neutron.services.segments.plugin [-] Segment 04b21828-2ab8-4c7e-a5b3-78a242450fa3 resource provider aggregate not found
2026-05-10 02:05:01.680 9 INFO neutron.services.segments.plugin [-] Segment 04b21828-2ab8-4c7e-a5b3-78a242450fa3 resource provider aggregate not found
2026-05-10 02:05:01.696 10 INFO neutron.wsgi [None req-54447b47-1e82-4dce-9d1c-77a1d514f75f b477c62976d24feda1acaae2b27b29be b58a4c05e6074359883ff168fa613fe1 - - default default] 10.0.0.101 "DELETE /v2.0/security-groups/304bc531-2e83-4c29-aadd-4e7fb8ef40c9 HTTP/1.1" status: 204 len: 168 time: 0.1899343
2026-05-10 02:05:01.710 9 INFO neutron.services.segments.plugin [-] Segment 04b21828-2ab8-4c7e-a5b3-78a242450fa3 resource provider not found; error: Placement Client Error (4xx): {"errors": [{"status": 404, "title": "Not Found", "detail": "The resource could not be found.\n\n No resource provider with uuid 04b21828-2ab8-4c7e-a5b3-78a242450fa3 found for delete ", "request_id": "req-0f8c78e7-c52b-4c64-ae72-1cbab974a8d5"}]}
2026-05-10 02:05:01.723 9 INFO neutron.services.segments.plugin [-] Segment 04b21828-2ab8-4c7e-a5b3-78a242450fa3 resource provider not found; error: Placement Client Error (4xx): {"errors": [{"status": 404, "title": "Not Found", "detail": "The resource could not be found.\n\n No resource provider with uuid 04b21828-2ab8-4c7e-a5b3-78a242450fa3 found for delete ", "request_id": "req-64bffe0d-afae-4bd2-ae1e-6758e044fd6d"}]}
2026-05-10 02:05:01.741 9 INFO neutron.wsgi [None req-550b10c9-11dc-488d-bf08-8ae1cd38a98c cc0e2c0a908940dd8d50841b22f12e77 2b74a698716a48ec8bba95835a5607c9 - - default default] 10.0.0.101 "DELETE /v2.0/networks/89434eb6-a740-4de5-ac34-ebabee3b1ec1 HTTP/1.1" status: 204 len: 168 time: 0.4354494
2026-05-10 02:05:01.891 10 INFO neutron.wsgi [req-51e05b20-ce37-414f-a4db-45b9c88c1697 req-d3eee7dc-509b-400a-b74b-37624919a0bd b477c62976d24feda1acaae2b27b29be b58a4c05e6074359883ff168fa613fe1 - - default default] 199.204.45.129 "GET /v2.0/networks?id=57edcdc6-b61b-4207-89a2-6dae94ca0ac9 HTTP/1.1" status: 200 len: 937 time: 0.0702333
2026-05-10 02:05:01.917 9 INFO neutron.db.ovn_revision_numbers_db [None req-20f16406-fead-44d2-8ee2-0abea06ace9d b477c62976d24feda1acaae2b27b29be b58a4c05e6074359883ff168fa613fe1 - - default default] Successfully bumped revision number for resource a29d868e-a767-4236-ba76-377de68a9dad (type: security_groups) to 1
2026-05-10 02:05:01.932 9 INFO neutron.db.ovn_revision_numbers_db [None req-20f16406-fead-44d2-8ee2-0abea06ace9d b477c62976d24feda1acaae2b27b29be b58a4c05e6074359883ff168fa613fe1 - - default default] Successfully bumped revision number for resource 29a023c3-2a41-4aed-8c3e-280ade95168f (type: security_group_rules) to 0
2026-05-10 02:05:01.947 10 INFO neutron.wsgi [req-51e05b20-ce37-414f-a4db-45b9c88c1697 req-2789ef1e-e016-43eb-926c-d70ade49dde4 b477c62976d24feda1acaae2b27b29be b58a4c05e6074359883ff168fa613fe1 - - default default] 199.204.45.129 "GET /v2.0/security-groups?fields=id&fields=name&tenant_id=b58a4c05e6074359883ff168fa613fe1 HTTP/1.1" status: 200 len: 542 time: 0.0478673
2026-05-10 02:05:01.947 9 INFO neutron.db.ovn_revision_numbers_db [None req-20f16406-fead-44d2-8ee2-0abea06ace9d b477c62976d24feda1acaae2b27b29be b58a4c05e6074359883ff168fa613fe1 - - default default] Successfully bumped revision number for resource 64cd3450-0a55-4250-ae2f-28d7f229fe0c (type: security_group_rules) to 0
2026-05-10 02:05:01.965 9 INFO neutron.db.ovn_revision_numbers_db [None req-20f16406-fead-44d2-8ee2-0abea06ace9d b477c62976d24feda1acaae2b27b29be b58a4c05e6074359883ff168fa613fe1 - - default default] Successfully bumped revision number for resource 8a67183a-ca7d-463b-ad47-83ee883a25f2 (type: security_group_rules) to 0
2026-05-10 02:05:01.988 9 INFO neutron.db.ovn_revision_numbers_db [None req-20f16406-fead-44d2-8ee2-0abea06ace9d b477c62976d24feda1acaae2b27b29be b58a4c05e6074359883ff168fa613fe1 - - default default] Successfully bumped revision number for resource e8dacecc-4176-49dd-adb1-301fde7b5056 (type: security_group_rules) to 0
2026-05-10 02:05:02.013 9 INFO neutron.wsgi [None req-20f16406-fead-44d2-8ee2-0abea06ace9d b477c62976d24feda1acaae2b27b29be b58a4c05e6074359883ff168fa613fe1 - - default default] 10.0.0.101 "GET /v2.0/security-groups?tenant_id=22f1e876f7d54910a12b4f5c9c392300&name=default HTTP/1.1" status: 200 len: 3000 time: 0.2365468
2026-05-10 02:05:02.255 9 INFO neutron.wsgi [None req-fbd91929-779c-4a6e-94da-addff680b8d1 b477c62976d24feda1acaae2b27b29be b58a4c05e6074359883ff168fa613fe1 - - default default] 10.0.0.101 "DELETE /v2.0/security-groups/a29d868e-a767-4236-ba76-377de68a9dad HTTP/1.1" status: 204 len: 168 time: 0.2354612
2026-05-10 02:05:02.272 10 WARNING neutron.scheduler.dhcp_agent_scheduler [req-51e05b20-ce37-414f-a4db-45b9c88c1697 req-67e9db27-506b-47c4-92b7-80d0ac191cee b477c62976d24feda1acaae2b27b29be b58a4c05e6074359883ff168fa613fe1 - - default default] No more DHCP agents
2026-05-10 02:05:02.277 10 WARNING neutron.api.rpc.agentnotifiers.dhcp_rpc_agent_api [req-51e05b20-ce37-414f-a4db-45b9c88c1697 req-67e9db27-506b-47c4-92b7-80d0ac191cee b477c62976d24feda1acaae2b27b29be b58a4c05e6074359883ff168fa613fe1 - - default default] Unable to schedule network 57edcdc6-b61b-4207-89a2-6dae94ca0ac9: no agents available; will retry on subsequent port and subnet creation events.
2026-05-10 02:05:02.451 10 INFO neutron.db.ovn_revision_numbers_db [req-51e05b20-ce37-414f-a4db-45b9c88c1697 req-67e9db27-506b-47c4-92b7-80d0ac191cee b477c62976d24feda1acaae2b27b29be b58a4c05e6074359883ff168fa613fe1 - - default default] Successfully bumped revision number for resource 8460e4e3-8ca8-4193-b09d-af42713b6633 (type: ports) to 1
2026-05-10 02:05:02.473 10 INFO neutron.wsgi [req-51e05b20-ce37-414f-a4db-45b9c88c1697 req-67e9db27-506b-47c4-92b7-80d0ac191cee b477c62976d24feda1acaae2b27b29be b58a4c05e6074359883ff168fa613fe1 - - default default] 199.204.45.129 "POST /v2.0/ports HTTP/1.1" status: 201 len: 1287 time: 0.5174854 /var/lib/openstack/lib/python3.10/site-packages/pycadf/identifier.py:71: UserWarning: Invalid uuid: neutron. To ensure interoperability, identifiers should be a valid uuid. warnings.warn(('Invalid uuid: %s. To ensure interoperability, '
2026-05-10 02:05:02.740 9 INFO neutron.wsgi [None req-167befa0-407b-4744-baea-48ba8fbcdefd b477c62976d24feda1acaae2b27b29be b58a4c05e6074359883ff168fa613fe1 - - default default] 10.0.0.101 "GET /v2.0/security-groups?tenant_id=2b74a698716a48ec8bba95835a5607c9&name=default HTTP/1.1" status: 200 len: 2996 time: 0.2555315
2026-05-10 02:05:02.960 9 INFO neutron.wsgi [None req-09899668-2976-4895-93c4-2991e27b7f46 b477c62976d24feda1acaae2b27b29be b58a4c05e6074359883ff168fa613fe1 - - default default] 10.0.0.101 "DELETE /v2.0/security-groups/1ec26587-42be-47ba-9887-d81158902f1e HTTP/1.1" status: 204 len: 168 time: 0.2136626
2026-05-10 02:05:03.112 10 INFO neutron.db.ovn_revision_numbers_db [req-51e05b20-ce37-414f-a4db-45b9c88c1697 req-a8d2c113-c917-417c-b7f0-ef54e9a665df 071487f74c7148fd846b50b2a68aa9ab 506a88a9e8484628affc56649e365da4 - - be153b6ef6404744af3deace32e5da1d be153b6ef6404744af3deace32e5da1d] Successfully bumped revision number for resource 8460e4e3-8ca8-4193-b09d-af42713b6633 (type: ports) to 2
2026-05-10 02:05:03.183 9 INFO neutron.db.ovn_revision_numbers_db [None req-b9a25bf3-e31d-4bec-8f41-eec8daae036f b477c62976d24feda1acaae2b27b29be b58a4c05e6074359883ff168fa613fe1 - - default default] Successfully bumped revision number for resource 898ca493-2bb5-4235-a2ff-d55376faa054 (type: security_groups) to 1
2026-05-10 02:05:03.197 9 INFO neutron.db.ovn_revision_numbers_db [None req-b9a25bf3-e31d-4bec-8f41-eec8daae036f b477c62976d24feda1acaae2b27b29be b58a4c05e6074359883ff168fa613fe1 - - default default] Successfully bumped revision number for resource 4213dfe9-183d-4f9d-a339-e63d9363bfc7 (type: security_group_rules) to 0
2026-05-10 02:05:03.212 9 INFO neutron.db.ovn_revision_numbers_db [None req-b9a25bf3-e31d-4bec-8f41-eec8daae036f b477c62976d24feda1acaae2b27b29be b58a4c05e6074359883ff168fa613fe1 - - default default] Successfully bumped revision number for resource 80d19477-0e4b-4af7-8937-ddf7c29b831f (type: security_group_rules) to 0
2026-05-10 02:05:03.227 9 INFO neutron.db.ovn_revision_numbers_db [None req-b9a25bf3-e31d-4bec-8f41-eec8daae036f b477c62976d24feda1acaae2b27b29be b58a4c05e6074359883ff168fa613fe1 - - default default] Successfully bumped revision number for resource 96973a8a-daac-4d23-a3c8-b8ef02aad7c8 (type: security_group_rules) to 0
2026-05-10 02:05:03.238 9 INFO neutron.db.ovn_revision_numbers_db [None req-b9a25bf3-e31d-4bec-8f41-eec8daae036f b477c62976d24feda1acaae2b27b29be b58a4c05e6074359883ff168fa613fe1 - - default default] Successfully bumped revision number for resource cd4e8d01-a77a-4285-84a4-ce1cc7fefc10 (type: security_group_rules) to 0
2026-05-10 02:05:03.262 9 INFO neutron.wsgi [None req-b9a25bf3-e31d-4bec-8f41-eec8daae036f b477c62976d24feda1acaae2b27b29be b58a4c05e6074359883ff168fa613fe1 - - default default] 10.0.0.101 "GET /v2.0/security-groups?tenant_id=694e5b90b0ca471c8e6ca1f5d41af66b&name=default HTTP/1.1" status: 200 len: 3000 time: 0.1914036
2026-05-10 02:05:03.326 10 INFO neutron.db.ovn_revision_numbers_db [req-51e05b20-ce37-414f-a4db-45b9c88c1697 req-a8d2c113-c917-417c-b7f0-ef54e9a665df 071487f74c7148fd846b50b2a68aa9ab 506a88a9e8484628affc56649e365da4 - - be153b6ef6404744af3deace32e5da1d be153b6ef6404744af3deace32e5da1d] Successfully bumped revision number for resource 8460e4e3-8ca8-4193-b09d-af42713b6633 (type: ports) to 2
2026-05-10 02:05:03.350 10 INFO neutron.wsgi [req-51e05b20-ce37-414f-a4db-45b9c88c1697 req-a8d2c113-c917-417c-b7f0-ef54e9a665df 071487f74c7148fd846b50b2a68aa9ab 506a88a9e8484628affc56649e365da4 - - be153b6ef6404744af3deace32e5da1d be153b6ef6404744af3deace32e5da1d] 199.204.45.129 "PUT /v2.0/ports/8460e4e3-8ca8-4193-b09d-af42713b6633 HTTP/1.1" status: 200 len: 1384 time: 0.8711298
2026-05-10 02:05:03.394 10 INFO neutron.notifiers.nova [-] Nova event matching ['req-f429abd5-3c23-4de4-af16-cc22fd82530f'] response: {'name': 'network-changed', 'server_uuid': '1c7b42fd-1168-4725-a451-cec8bafe4c34', 'tag': '8460e4e3-8ca8-4193-b09d-af42713b6633', 'status': 'completed', 'code': 200} /var/lib/openstack/lib/python3.10/site-packages/pycadf/identifier.py:71: UserWarning: Invalid uuid: neutron. To ensure interoperability, identifiers should be a valid uuid. warnings.warn(('Invalid uuid: %s. To ensure interoperability, '
2026-05-10 02:05:03.442 10 INFO neutron.wsgi [req-51e05b20-ce37-414f-a4db-45b9c88c1697 req-1a8da28e-14b0-4207-9f15-c1963010d6ed 071487f74c7148fd846b50b2a68aa9ab 506a88a9e8484628affc56649e365da4 - - be153b6ef6404744af3deace32e5da1d be153b6ef6404744af3deace32e5da1d] 199.204.45.129 "GET /v2.0/ports?tenant_id=b58a4c05e6074359883ff168fa613fe1&device_id=1c7b42fd-1168-4725-a451-cec8bafe4c34 HTTP/1.1" status: 200 len: 1415 time: 0.0517056
2026-05-10 02:05:03.443 9 INFO neutron.wsgi [req-438b560b-d152-4a2a-b059-bbcadf48d394 req-3670aee1-91f4-4f5b-a29c-8a32bb765193 b477c62976d24feda1acaae2b27b29be b58a4c05e6074359883ff168fa613fe1 - - default default] 10.0.0.246 "GET /v2.0/ports?device_id=1c7b42fd-1168-4725-a451-cec8bafe4c34 HTTP/1.1" status: 200 len: 1415 time: 0.0504472
2026-05-10 02:05:03.470 10 INFO neutron.wsgi [req-51e05b20-ce37-414f-a4db-45b9c88c1697 req-060313d5-f717-4fa1-afde-751a9f45437b 071487f74c7148fd846b50b2a68aa9ab 506a88a9e8484628affc56649e365da4 - - be153b6ef6404744af3deace32e5da1d be153b6ef6404744af3deace32e5da1d] 199.204.45.129 "GET /v2.0/floatingips?fixed_ip_address=172.24.1.229&port_id=8460e4e3-8ca8-4193-b09d-af42713b6633 HTTP/1.1" status: 200 len: 217 time: 0.0230796
2026-05-10 02:05:03.486 9 INFO neutron.wsgi [req-438b560b-d152-4a2a-b059-bbcadf48d394 req-af28ec93-c18e-4bdb-bc05-c2670bcdcff5 b477c62976d24feda1acaae2b27b29be b58a4c05e6074359883ff168fa613fe1 - - default default] 10.0.0.246 "GET /v2.0/security-groups?id=cfb62e23-5140-48d3-ab20-8edacf792a2b&fields=id&fields=name HTTP/1.1" status: 200 len: 294 time: 0.0348268
2026-05-10 02:05:03.511 10 INFO neutron.wsgi [req-51e05b20-ce37-414f-a4db-45b9c88c1697 req-df569f6d-cd9a-4797-bb61-9519ff3d2a4f 071487f74c7148fd846b50b2a68aa9ab 506a88a9e8484628affc56649e365da4 - - be153b6ef6404744af3deace32e5da1d be153b6ef6404744af3deace32e5da1d] 199.204.45.129 "GET /v2.0/subnets?id=324326c8-5bfb-4e02-bce4-35150582e542 HTTP/1.1" status: 200 len: 829 time: 0.0331297
2026-05-10 02:05:03.512 9 INFO neutron.wsgi [None req-02eb3d7d-90ae-4a49-bd4d-3ec18dbd419a b477c62976d24feda1acaae2b27b29be b58a4c05e6074359883ff168fa613fe1 - - default default] 10.0.0.101 "DELETE /v2.0/security-groups/898ca493-2bb5-4235-a2ff-d55376faa054 HTTP/1.1" status: 204 len: 168 time: 0.2462790
2026-05-10 02:05:03.540 10 INFO neutron.wsgi [req-51e05b20-ce37-414f-a4db-45b9c88c1697 req-aeaa9d8f-85ec-45c4-b592-8f40d59bda19 071487f74c7148fd846b50b2a68aa9ab 506a88a9e8484628affc56649e365da4 - - be153b6ef6404744af3deace32e5da1d be153b6ef6404744af3deace32e5da1d] 199.204.45.129 "GET /v2.0/ports?network_id=57edcdc6-b61b-4207-89a2-6dae94ca0ac9&device_owner=network%3Adhcp HTTP/1.1" status: 200 len: 210 time: 0.0213675
2026-05-10 02:05:03.601 10 INFO neutron.wsgi [req-0594cc05-2a12-4065-aeb3-6c9d5046a84a req-653f7c7e-2631-47f1-95fd-aaf3c3033b75 b477c62976d24feda1acaae2b27b29be b58a4c05e6074359883ff168fa613fe1 - - default default] 10.0.0.246 "GET /v2.0/ports?device_id=1c7b42fd-1168-4725-a451-cec8bafe4c34 HTTP/1.1" status: 200 len: 1415 time: 0.0383785
2026-05-10 02:05:03.617 10 INFO neutron.wsgi [req-51e05b20-ce37-414f-a4db-45b9c88c1697 req-c8d4a981-4be1-466c-8fd9-7b1a72fe6672 071487f74c7148fd846b50b2a68aa9ab 506a88a9e8484628affc56649e365da4 - - be153b6ef6404744af3deace32e5da1d be153b6ef6404744af3deace32e5da1d] 199.204.45.129 "GET /v2.0/networks/57edcdc6-b61b-4207-89a2-6dae94ca0ac9?fields=segments HTTP/1.1" status: 200 len: 212 time: 0.0692475
2026-05-10 02:05:03.687 10 INFO neutron.wsgi [req-51e05b20-ce37-414f-a4db-45b9c88c1697 req-029eaebc-5760-411d-abe4-0570cd8342f0 071487f74c7148fd846b50b2a68aa9ab 506a88a9e8484628affc56649e365da4 - - be153b6ef6404744af3deace32e5da1d be153b6ef6404744af3deace32e5da1d] 199.204.45.129 "GET /v2.0/networks/57edcdc6-b61b-4207-89a2-6dae94ca0ac9?fields=provider%3Aphysical_network&fields=provider%3Anetwork_type HTTP/1.1" status: 200 len: 277 time: 0.0625646
2026-05-10 02:05:03.778 10 INFO neutron.wsgi [req-ff138c2b-5999-4e21-9216-c676d9883774 req-230c102a-4b97-404e-a6c2-983cd080d1f8 071487f74c7148fd846b50b2a68aa9ab 506a88a9e8484628affc56649e365da4 - - be153b6ef6404744af3deace32e5da1d be153b6ef6404744af3deace32e5da1d] 199.204.45.129 "GET /v2.0/ports?tenant_id=b58a4c05e6074359883ff168fa613fe1&device_id=1c7b42fd-1168-4725-a451-cec8bafe4c34 HTTP/1.1" status: 200 len: 1415 time: 0.0346940
2026-05-10 02:05:03.838 10 INFO neutron.wsgi [req-ff138c2b-5999-4e21-9216-c676d9883774 req-abd0f75a-f69b-45f8-b111-e8d3f4992118 071487f74c7148fd846b50b2a68aa9ab 506a88a9e8484628affc56649e365da4 - - be153b6ef6404744af3deace32e5da1d be153b6ef6404744af3deace32e5da1d] 199.204.45.129 "GET /v2.0/networks?id=57edcdc6-b61b-4207-89a2-6dae94ca0ac9 HTTP/1.1" status: 200 len: 937 time: 0.0544546
2026-05-10 02:05:03.889 10 INFO neutron.wsgi [req-ff138c2b-5999-4e21-9216-c676d9883774 req-8c7d746c-8c5f-4873-baed-8572ddb965b7 071487f74c7148fd846b50b2a68aa9ab 506a88a9e8484628affc56649e365da4 - - be153b6ef6404744af3deace32e5da1d be153b6ef6404744af3deace32e5da1d] 199.204.45.129 "GET /v2.0/floatingips?fixed_ip_address=172.24.1.229&port_id=8460e4e3-8ca8-4193-b09d-af42713b6633 HTTP/1.1" status: 200 len: 217 time: 0.0473180
2026-05-10 02:05:03.923 10 INFO neutron.wsgi [req-ff138c2b-5999-4e21-9216-c676d9883774 req-108e55dc-d95a-4294-b965-660937bafa30 071487f74c7148fd846b50b2a68aa9ab 506a88a9e8484628affc56649e365da4 - - be153b6ef6404744af3deace32e5da1d be153b6ef6404744af3deace32e5da1d] 199.204.45.129 "GET /v2.0/subnets?id=324326c8-5bfb-4e02-bce4-35150582e542 HTTP/1.1" status: 200 len: 829 time: 0.0295992
2026-05-10 02:05:03.924 9 INFO neutron.wsgi [req-a860e2e6-b6c7-4247-afd5-6364f21b246c req-ba2627a9-2b7e-4cd8-88cc-bccfdc864595 071487f74c7148fd846b50b2a68aa9ab 506a88a9e8484628affc56649e365da4 - - be153b6ef6404744af3deace32e5da1d be153b6ef6404744af3deace32e5da1d] 199.204.45.129 "GET /v2.0/ports?device_id=1c7b42fd-1168-4725-a451-cec8bafe4c34 HTTP/1.1" status: 200 len: 1415 time: 0.0380125
2026-05-10 02:05:03.956 10 INFO neutron.wsgi [req-ff138c2b-5999-4e21-9216-c676d9883774 req-aa237f51-8a79-4985-8026-af5add0bed97 071487f74c7148fd846b50b2a68aa9ab 506a88a9e8484628affc56649e365da4 - - be153b6ef6404744af3deace32e5da1d be153b6ef6404744af3deace32e5da1d] 199.204.45.129 "GET /v2.0/ports?network_id=57edcdc6-b61b-4207-89a2-6dae94ca0ac9&device_owner=network%3Adhcp HTTP/1.1" status: 200 len: 210 time: 0.0213373
2026-05-10 02:05:03.989 9 INFO neutron.wsgi [req-a860e2e6-b6c7-4247-afd5-6364f21b246c req-4a240041-7a83-44b3-ab52-ae0097ead0b1 071487f74c7148fd846b50b2a68aa9ab 506a88a9e8484628affc56649e365da4 - - be153b6ef6404744af3deace32e5da1d be153b6ef6404744af3deace32e5da1d] 199.204.45.129 "GET /v2.0/security-groups?id=cfb62e23-5140-48d3-ab20-8edacf792a2b&fields=id&fields=name HTTP/1.1" status: 200 len: 294 time: 0.0539074
2026-05-10 02:05:04.037 10 INFO neutron.wsgi [req-ff138c2b-5999-4e21-9216-c676d9883774 req-e63fa324-3b22-4f15-8bc7-ef7a0e793774 071487f74c7148fd846b50b2a68aa9ab 506a88a9e8484628affc56649e365da4 - - be153b6ef6404744af3deace32e5da1d be153b6ef6404744af3deace32e5da1d] 199.204.45.129 "GET /v2.0/networks/57edcdc6-b61b-4207-89a2-6dae94ca0ac9?fields=segments HTTP/1.1" status: 200 len: 212 time: 0.0740852
2026-05-10 02:05:04.112 9 INFO neutron.plugins.ml2.drivers.ovn.mech_driver.mech_driver [None req-4abb913c-3f33-48cb-a24c-b9cb0af6d460 - - - - - -] OVN reports status up for port: 8460e4e3-8ca8-4193-b09d-af42713b6633
2026-05-10 02:05:04.134 10 INFO neutron.wsgi [req-ff138c2b-5999-4e21-9216-c676d9883774 req-cdfeae93-53d2-4a34-86f7-06618bebc3da 071487f74c7148fd846b50b2a68aa9ab 506a88a9e8484628affc56649e365da4 - - be153b6ef6404744af3deace32e5da1d be153b6ef6404744af3deace32e5da1d] 199.204.45.129 "GET /v2.0/networks/57edcdc6-b61b-4207-89a2-6dae94ca0ac9?fields=provider%3Aphysical_network&fields=provider%3Anetwork_type HTTP/1.1" status: 200 len: 277 time: 0.0883279
2026-05-10 02:05:04.139 9 INFO neutron.plugins.ml2.plugin [None req-4abb913c-3f33-48cb-a24c-b9cb0af6d460 - - - - - -] Attempt 1 to provision port 8460e4e3-8ca8-4193-b09d-af42713b6633
2026-05-10 02:05:04.305 9 INFO neutron.notifiers.nova [-] Nova event matching ['req-2c2eef81-6169-4097-a7a5-06edafbf6dab'] response: {'server_uuid': '1c7b42fd-1168-4725-a451-cec8bafe4c34', 'name': 'network-vif-plugged', 'status': 'completed', 'tag': '8460e4e3-8ca8-4193-b09d-af42713b6633', 'code': 200}
2026-05-10 02:05:04.476 9 INFO neutron.db.ovn_revision_numbers_db [None req-4abb913c-3f33-48cb-a24c-b9cb0af6d460 - - - - - -] Successfully bumped revision number for resource 8460e4e3-8ca8-4193-b09d-af42713b6633 (type: ports) to 4
2026-05-10 02:05:05.726 10 INFO neutron.db.ovn_revision_numbers_db [None req-8261e692-c72c-4664-8d96-96c9d985f1d4 b477c62976d24feda1acaae2b27b29be b58a4c05e6074359883ff168fa613fe1 - - default default] Successfully bumped revision number for resource cc856df7-d1f5-45a5-8d43-8c6e6b463d02 (type: security_groups) to 1
2026-05-10 02:05:05.744 10 INFO neutron.db.ovn_revision_numbers_db [None req-8261e692-c72c-4664-8d96-96c9d985f1d4 b477c62976d24feda1acaae2b27b29be b58a4c05e6074359883ff168fa613fe1 - - default default] Successfully bumped revision number for resource 29f6314d-4265-4bbf-946b-971bc28747e5 (type: security_group_rules) to 0
2026-05-10 02:05:05.760 10 INFO neutron.db.ovn_revision_numbers_db [None req-8261e692-c72c-4664-8d96-96c9d985f1d4 b477c62976d24feda1acaae2b27b29be b58a4c05e6074359883ff168fa613fe1 - - default default] Successfully bumped revision number for resource 68a53e80-9b8a-4993-8aad-9b8ae504000a (type: security_group_rules) to 0
