2026-05-10 02:02:56.816 10 INFO neutron.db.ovn_revision_numbers_db [None req-d9e1ffb6-e869-4eb2-b95f-f9fce115eabf 575a6606d7544ddea3a6fcc741381bf7 924b5e38a6d64cb9aadfd23c0cbb7ea6 - - default default] Successfully bumped revision number for resource 82cb018a-f5f8-4a8d-bc2c-417f7533b016 (type: security_group_rules) to 0
2026-05-10 02:02:56.828 10 INFO neutron.db.ovn_revision_numbers_db [None req-d9e1ffb6-e869-4eb2-b95f-f9fce115eabf 575a6606d7544ddea3a6fcc741381bf7 924b5e38a6d64cb9aadfd23c0cbb7ea6 - - default default] Successfully bumped revision number for resource acf2ef2b-cd21-443a-835a-6da60f4fd732 (type: security_group_rules) to 0
2026-05-10 02:02:56.830 9 INFO neutron.db.ovn_revision_numbers_db [None req-04a08bb5-e1bf-43df-b818-b525424f0e2d b477c62976d24feda1acaae2b27b29be b58a4c05e6074359883ff168fa613fe1 - - default default] Successfully bumped revision number for resource 111ce608-3e47-4895-9a25-694b61d49032 (type: security_groups) to 1
2026-05-10 02:02:56.855 10 INFO neutron.db.ovn_revision_numbers_db [None req-d9e1ffb6-e869-4eb2-b95f-f9fce115eabf 575a6606d7544ddea3a6fcc741381bf7 924b5e38a6d64cb9aadfd23c0cbb7ea6 - - default default] Successfully bumped revision number for resource e9aba092-7b38-496b-bcea-82d2c03038fd (type: security_group_rules) to 0
2026-05-10 02:02:56.882 9 INFO neutron.db.ovn_revision_numbers_db [None req-04a08bb5-e1bf-43df-b818-b525424f0e2d b477c62976d24feda1acaae2b27b29be b58a4c05e6074359883ff168fa613fe1 - - default default] Successfully bumped revision number for resource 034f3e6f-b888-4dd1-9112-ceb7b4c9c324 (type: security_group_rules) to 0
2026-05-10 02:02:56.911 9 INFO neutron.db.ovn_revision_numbers_db [None req-04a08bb5-e1bf-43df-b818-b525424f0e2d b477c62976d24feda1acaae2b27b29be b58a4c05e6074359883ff168fa613fe1 - - default default] Successfully bumped revision number for resource 46816163-db5d-430f-a392-ca66d011bc44 (type: security_group_rules) to 0
2026-05-10 02:02:56.920 10 INFO neutron.db.segments_db [None req-d9e1ffb6-e869-4eb2-b95f-f9fce115eabf 575a6606d7544ddea3a6fcc741381bf7 924b5e38a6d64cb9aadfd23c0cbb7ea6 - - default default] Added segment d2bfb9e2-5adb-40ce-81bf-68868482c81e of type geneve for network 2fec2534-1bc1-4cdd-8448-07bf27fd4d2b
2026-05-10 02:02:56.950 9 INFO neutron.db.ovn_revision_numbers_db [None req-04a08bb5-e1bf-43df-b818-b525424f0e2d b477c62976d24feda1acaae2b27b29be b58a4c05e6074359883ff168fa613fe1 - - default default] Successfully bumped revision number for resource 9783ad22-c3a6-4d9a-b06e-e6ffb7b6df02 (type: security_group_rules) to 0
2026-05-10 02:02:56.973 9 INFO neutron.db.ovn_revision_numbers_db [None req-04a08bb5-e1bf-43df-b818-b525424f0e2d b477c62976d24feda1acaae2b27b29be b58a4c05e6074359883ff168fa613fe1 - - default default] Successfully bumped revision number for resource a183e799-de44-47de-9ced-f3e50059a834 (type: security_group_rules) to 0
2026-05-10 02:02:57.025 9 INFO neutron.wsgi [None req-04a08bb5-e1bf-43df-b818-b525424f0e2d b477c62976d24feda1acaae2b27b29be b58a4c05e6074359883ff168fa613fe1 - - default default] 10.0.0.101 "GET /v2.0/security-groups?tenant_id=b65b176f650b4817863928eae76c1b33&name=default HTTP/1.1" status: 200 len: 2996 time: 0.5575428
2026-05-10 02:02:57.082 9 INFO neutron.wsgi [None req-8bb794b5-9ab1-431e-ba82-d90d68fc4996 6bfd36c7993a499a8c70494761062c43 40c774aa3fa64995b0be174ce3431e1a - - default default] 10.0.0.101 "PUT /v2.0/routers/3cc9709f-9104-43ea-93ff-0de00d8d975c HTTP/1.1" status: 200 len: 655 time: 0.4812405
2026-05-10 02:02:57.095 10 INFO neutron.db.ovn_revision_numbers_db [None req-d9e1ffb6-e869-4eb2-b95f-f9fce115eabf 575a6606d7544ddea3a6fcc741381bf7 924b5e38a6d64cb9aadfd23c0cbb7ea6 - - default default] Successfully bumped revision number for resource 2fec2534-1bc1-4cdd-8448-07bf27fd4d2b (type: networks) to 1
2026-05-10 02:02:57.104 9 INFO neutron.wsgi [None req-6c1d52e0-8324-404a-8276-011d887d57da 6bfd36c7993a499a8c70494761062c43 40c774aa3fa64995b0be174ce3431e1a - - default default] 10.0.0.101 "GET /v2.0/ports?device_id=3cc9709f-9104-43ea-93ff-0de00d8d975c HTTP/1.1" status: 200 len: 205 time: 0.0160487
2026-05-10 02:02:57.281 10 WARNING neutron.scheduler.dhcp_agent_scheduler [None req-d9e1ffb6-e869-4eb2-b95f-f9fce115eabf 575a6606d7544ddea3a6fcc741381bf7 924b5e38a6d64cb9aadfd23c0cbb7ea6 - - default default] No more DHCP agents
2026-05-10 02:02:57.283 10 WARNING neutron.api.rpc.agentnotifiers.dhcp_rpc_agent_api [None req-d9e1ffb6-e869-4eb2-b95f-f9fce115eabf 575a6606d7544ddea3a6fcc741381bf7 924b5e38a6d64cb9aadfd23c0cbb7ea6 - - default default] Unable to schedule network 2fec2534-1bc1-4cdd-8448-07bf27fd4d2b: no agents available; will retry on subsequent port and subnet creation events.
2026-05-10 02:02:57.350 9 INFO neutron.wsgi [None req-07cceec6-a2f3-4cf2-89ec-74ff875e85e7 6bfd36c7993a499a8c70494761062c43 40c774aa3fa64995b0be174ce3431e1a - - default default] 10.0.0.101 "DELETE /v2.0/routers/3cc9709f-9104-43ea-93ff-0de00d8d975c HTTP/1.1" status: 204 len: 168 time: 0.2402022
2026-05-10 02:02:57.359 10 INFO neutron.db.ovn_revision_numbers_db [None req-d9e1ffb6-e869-4eb2-b95f-f9fce115eabf 575a6606d7544ddea3a6fcc741381bf7 924b5e38a6d64cb9aadfd23c0cbb7ea6 - - default default] Successfully bumped revision number for resource a05e20bb-b82a-4b9e-b218-deca9215f0f0 (type: ports) to 1
2026-05-10 02:02:57.381 9 INFO neutron.wsgi [None req-eb58498b-9f21-4326-9220-51d88d927d11 b477c62976d24feda1acaae2b27b29be b58a4c05e6074359883ff168fa613fe1 - - default default] 10.0.0.101 "DELETE /v2.0/security-groups/111ce608-3e47-4895-9a25-694b61d49032 HTTP/1.1" status: 204 len: 168 time: 0.3499341
2026-05-10 02:02:57.387 10 INFO neutron.wsgi [None req-d9e1ffb6-e869-4eb2-b95f-f9fce115eabf 575a6606d7544ddea3a6fcc741381bf7 924b5e38a6d64cb9aadfd23c0cbb7ea6 - - default default] 10.0.0.101 "POST /v2.0/networks HTTP/1.1" status: 201 len: 848 time: 0.7855511
2026-05-10 02:02:57.583 9 INFO neutron.db.ovn_revision_numbers_db [None req-cefc3580-ff11-46ef-8efa-f50d7fd93a3a b477c62976d24feda1acaae2b27b29be b58a4c05e6074359883ff168fa613fe1 - - default default] Successfully bumped revision number for resource 6106e9ca-0252-4984-a6bf-917e123d0fce (type: security_groups) to 1
2026-05-10 02:02:57.598 9 INFO neutron.db.ovn_revision_numbers_db [None req-cefc3580-ff11-46ef-8efa-f50d7fd93a3a b477c62976d24feda1acaae2b27b29be b58a4c05e6074359883ff168fa613fe1 - - default default] Successfully bumped revision number for resource 115d4cc4-4007-4bb8-a0ff-d7a19fd68755 (type: security_group_rules) to 0
2026-05-10 02:02:57.613 9 INFO neutron.db.ovn_revision_numbers_db [None req-cefc3580-ff11-46ef-8efa-f50d7fd93a3a b477c62976d24feda1acaae2b27b29be b58a4c05e6074359883ff168fa613fe1 - - default default] Successfully bumped revision number for resource 8391a0db-2465-4f13-8ab1-4e4de25724ff (type: security_group_rules) to 0
2026-05-10 02:02:57.629 9 INFO neutron.db.ovn_revision_numbers_db [None req-cefc3580-ff11-46ef-8efa-f50d7fd93a3a b477c62976d24feda1acaae2b27b29be b58a4c05e6074359883ff168fa613fe1 - - default default] Successfully bumped revision number for resource c7cf4e60-d7b7-4fb7-a07d-cc770dbd302f (type: security_group_rules) to 0
2026-05-10 02:02:57.634 10 WARNING neutron.scheduler.dhcp_agent_scheduler [None req-4ce3229e-68ef-4cd5-8295-7a26efb601a7 575a6606d7544ddea3a6fcc741381bf7 924b5e38a6d64cb9aadfd23c0cbb7ea6 - - default default] No more DHCP agents
2026-05-10 02:02:57.637 10 WARNING neutron.api.rpc.agentnotifiers.dhcp_rpc_agent_api [None req-4ce3229e-68ef-4cd5-8295-7a26efb601a7 575a6606d7544ddea3a6fcc741381bf7 924b5e38a6d64cb9aadfd23c0cbb7ea6 - - default default] Unable to schedule network 2fec2534-1bc1-4cdd-8448-07bf27fd4d2b: no agents available; will retry on subsequent port and subnet creation events.
2026-05-10 02:02:57.644 9 INFO neutron.db.ovn_revision_numbers_db [None req-cefc3580-ff11-46ef-8efa-f50d7fd93a3a b477c62976d24feda1acaae2b27b29be b58a4c05e6074359883ff168fa613fe1 - - default default] Successfully bumped revision number for resource d5abbb37-5415-4ea4-b971-34171b8fd1c7 (type: security_group_rules) to 0
2026-05-10 02:02:57.666 10 INFO neutron.db.ovn_revision_numbers_db [None req-4ce3229e-68ef-4cd5-8295-7a26efb601a7 575a6606d7544ddea3a6fcc741381bf7 924b5e38a6d64cb9aadfd23c0cbb7ea6 - - default default] Successfully bumped revision number for resource 3386c191-ba7f-46ee-8f3e-f2649bedc4dd (type: subnets) to 0
2026-05-10 02:02:57.667 9 INFO neutron.wsgi [None req-cefc3580-ff11-46ef-8efa-f50d7fd93a3a b477c62976d24feda1acaae2b27b29be b58a4c05e6074359883ff168fa613fe1 - - default default] 10.0.0.101 "GET /v2.0/security-groups?tenant_id=b5ba4492f78c4dd18ce70b8671d77a12&name=default HTTP/1.1" status: 200 len: 2996 time: 0.1895769
2026-05-10 02:02:57.679 10 INFO neutron.wsgi [None req-4ce3229e-68ef-4cd5-8295-7a26efb601a7 575a6606d7544ddea3a6fcc741381bf7 924b5e38a6d64cb9aadfd23c0cbb7ea6 - - default default] 10.0.0.101 "POST /v2.0/subnets HTTP/1.1" status: 201 len: 802 time: 0.2874672
2026-05-10 02:02:57.872 9 INFO neutron.wsgi [None req-3f9898e9-000c-4ea2-89c4-c6b1ad34a29e b477c62976d24feda1acaae2b27b29be b58a4c05e6074359883ff168fa613fe1 - - default default] 10.0.0.101 "DELETE /v2.0/security-groups/6106e9ca-0252-4984-a6bf-917e123d0fce HTTP/1.1" status: 204 len: 168 time: 0.2010818
2026-05-10 02:02:57.970 9 INFO neutron.wsgi [-] 10.0.0.230 "GET / HTTP/1.1" status: 200 len: 247 time: 0.0025485
2026-05-10 02:02:57.972 9 INFO neutron.wsgi [-] 10.0.0.230 "GET / HTTP/1.1" status: 200 len: 247 time: 0.0015764
2026-05-10 02:02:58.191 10 WARNING neutron.scheduler.dhcp_agent_scheduler [None req-0fa5fd00-b5fb-4481-93a9-96670ecbedec 575a6606d7544ddea3a6fcc741381bf7 924b5e38a6d64cb9aadfd23c0cbb7ea6 - - default default] No more DHCP agents
2026-05-10 02:02:58.195 10 WARNING neutron.api.rpc.agentnotifiers.dhcp_rpc_agent_api [None req-0fa5fd00-b5fb-4481-93a9-96670ecbedec 575a6606d7544ddea3a6fcc741381bf7 924b5e38a6d64cb9aadfd23c0cbb7ea6 - - default default] Unable to schedule network ea0ed169-d079-4bfa-b24a-5ba949b32953: no agents available; will retry on subsequent port and subnet creation events.
2026-05-10 02:02:58.454 10 INFO neutron.db.ovn_revision_numbers_db [None req-0fa5fd00-b5fb-4481-93a9-96670ecbedec 575a6606d7544ddea3a6fcc741381bf7 924b5e38a6d64cb9aadfd23c0cbb7ea6 - - default default] Successfully bumped revision number for resource eafe91d9-a00b-4dbd-8c14-878fac2c4537 (type: ports) to 1
2026-05-10 02:02:58.678 10 INFO neutron.db.ovn_revision_numbers_db [None req-75e23a08-d7a6-4dfb-94e6-f0facf50a89f b477c62976d24feda1acaae2b27b29be b58a4c05e6074359883ff168fa613fe1 - - default default] Successfully bumped revision number for resource 3342a6c6-eefd-43ce-a9b6-f1fc24fca5e0 (type: security_groups) to 1
2026-05-10 02:02:58.692 10 INFO neutron.db.ovn_revision_numbers_db [None req-75e23a08-d7a6-4dfb-94e6-f0facf50a89f b477c62976d24feda1acaae2b27b29be b58a4c05e6074359883ff168fa613fe1 - - default default] Successfully bumped revision number for resource bb96d2b2-8866-47ea-afec-740011d1d363 (type: security_group_rules) to 0
2026-05-10 02:02:58.723 10 INFO neutron.db.ovn_revision_numbers_db [None req-75e23a08-d7a6-4dfb-94e6-f0facf50a89f b477c62976d24feda1acaae2b27b29be b58a4c05e6074359883ff168fa613fe1 - - default default] Successfully bumped revision number for resource bf74d8e7-6a0b-48ad-b250-a3cc47d4721a (type: security_group_rules) to 0
2026-05-10 02:02:58.749 10 INFO neutron.db.ovn_revision_numbers_db [None req-75e23a08-d7a6-4dfb-94e6-f0facf50a89f b477c62976d24feda1acaae2b27b29be b58a4c05e6074359883ff168fa613fe1 - - default default] Successfully bumped revision number for resource d884b9a1-aa50-4440-9a16-c72d5bf8726b (type: security_group_rules) to 0
2026-05-10 02:02:58.773 10 INFO neutron.db.ovn_revision_numbers_db [None req-75e23a08-d7a6-4dfb-94e6-f0facf50a89f b477c62976d24feda1acaae2b27b29be b58a4c05e6074359883ff168fa613fe1 - - default default] Successfully bumped revision number for resource fb7e6cbf-5abb-483e-8627-24c1f6cf8d71 (type: security_group_rules) to 0
2026-05-10 02:02:58.813 10 INFO neutron.wsgi [None req-75e23a08-d7a6-4dfb-94e6-f0facf50a89f b477c62976d24feda1acaae2b27b29be b58a4c05e6074359883ff168fa613fe1 - - default default] 10.0.0.101 "GET /v2.0/security-groups?tenant_id=40c774aa3fa64995b0be174ce3431e1a&name=default HTTP/1.1" status: 200 len: 2996 time: 0.5986469
2026-05-10 02:02:59.346 10 INFO neutron.wsgi [None req-cb91051e-b285-4eab-906b-0fd5adccb656 b477c62976d24feda1acaae2b27b29be b58a4c05e6074359883ff168fa613fe1 - - default default] 10.0.0.101 "DELETE /v2.0/security-groups/3342a6c6-eefd-43ce-a9b6-f1fc24fca5e0 HTTP/1.1" status: 204 len: 168 time: 0.5271611
2026-05-10 02:02:59.409 10 INFO neutron.plugins.ml2.drivers.ovn.mech_driver.mech_driver [None req-4ef3eff0-9626-480d-9dbc-1cf236b23783 - - - - - -] OVN reports status up for port: eafe91d9-a00b-4dbd-8c14-878fac2c4537
2026-05-10 02:02:59.429 10 INFO neutron.plugins.ml2.plugin [None req-4ef3eff0-9626-480d-9dbc-1cf236b23783 - - - - - -] Attempt 1 to provision port eafe91d9-a00b-4dbd-8c14-878fac2c4537
2026-05-10 02:02:59.451 10 INFO neutron.db.ovn_revision_numbers_db [None req-0fa5fd00-b5fb-4481-93a9-96670ecbedec 575a6606d7544ddea3a6fcc741381bf7 924b5e38a6d64cb9aadfd23c0cbb7ea6 - - default default] Successfully bumped revision number for resource eafe91d9-a00b-4dbd-8c14-878fac2c4537 (type: router_ports) to 1
2026-05-10 02:02:59.537 10 INFO neutron.db.ovn_revision_numbers_db [None req-0fa5fd00-b5fb-4481-93a9-96670ecbedec 575a6606d7544ddea3a6fcc741381bf7 924b5e38a6d64cb9aadfd23c0cbb7ea6 - - default default] Successfully bumped revision number for resource f5f1bb14-7434-4da3-bccf-288af4c5b76e (type: routers) to 2
2026-05-10 02:02:59.551 10 INFO neutron.wsgi [None req-0fa5fd00-b5fb-4481-93a9-96670ecbedec 575a6606d7544ddea3a6fcc741381bf7 924b5e38a6d64cb9aadfd23c0cbb7ea6 - - default default] 10.0.0.101 "POST /v2.0/routers HTTP/1.1" status: 201 len: 875 time: 1.8665569
2026-05-10 02:02:59.711 9 INFO neutron.db.ovn_revision_numbers_db [None req-245261a3-cbb1-4789-8cb6-bf152f210d20 b477c62976d24feda1acaae2b27b29be b58a4c05e6074359883ff168fa613fe1 - - default default] Successfully bumped revision number for resource cd50eaef-eeb0-4eca-b988-b07aca36121d (type: security_groups) to 1
2026-05-10 02:02:59.730 9 INFO neutron.db.ovn_revision_numbers_db [None req-245261a3-cbb1-4789-8cb6-bf152f210d20 b477c62976d24feda1acaae2b27b29be b58a4c05e6074359883ff168fa613fe1 - - default default] Successfully bumped revision number for resource 450ac190-128b-4d78-a01c-34c667266cc5 (type: security_group_rules) to 0
2026-05-10 02:02:59.752 9 INFO neutron.db.ovn_revision_numbers_db [None req-245261a3-cbb1-4789-8cb6-bf152f210d20 b477c62976d24feda1acaae2b27b29be b58a4c05e6074359883ff168fa613fe1 - - default default] Successfully bumped revision number for resource 95c46d13-e443-4a5b-8db1-478cbb50b202 (type: security_group_rules) to 0
2026-05-10 02:02:59.769 9 INFO neutron.db.ovn_revision_numbers_db [None req-245261a3-cbb1-4789-8cb6-bf152f210d20 b477c62976d24feda1acaae2b27b29be b58a4c05e6074359883ff168fa613fe1 - - default default] Successfully bumped revision number for resource c04c8ffa-fadd-4a26-921c-bd04e272d419 (type: security_group_rules) to 0
2026-05-10 02:02:59.786 9 INFO neutron.db.ovn_revision_numbers_db [None req-245261a3-cbb1-4789-8cb6-bf152f210d20 b477c62976d24feda1acaae2b27b29be b58a4c05e6074359883ff168fa613fe1 - - default default] Successfully bumped revision number for resource e514fbd4-1e7d-4cbb-bb79-c533a0a188f7 (type: security_group_rules) to 0
2026-05-10 02:02:59.811 9 INFO neutron.wsgi [None req-245261a3-cbb1-4789-8cb6-bf152f210d20 b477c62976d24feda1acaae2b27b29be b58a4c05e6074359883ff168fa613fe1 - - default default] 10.0.0.101 "GET /v2.0/security-groups?tenant_id=07735a0a48614fa89ee94f9995825a70&name=default HTTP/1.1" status: 200 len: 2996 time: 0.2462199
2026-05-10 02:03:00.080 9 INFO neutron.wsgi [None req-45478bee-4e88-4c96-8b48-86cbe7ee4e92 b477c62976d24feda1acaae2b27b29be b58a4c05e6074359883ff168fa613fe1 - - default default] 10.0.0.101 "DELETE /v2.0/security-groups/cd50eaef-eeb0-4eca-b988-b07aca36121d HTTP/1.1" status: 204 len: 168 time: 0.2624652
2026-05-10 02:03:00.237 10 WARNING neutron.scheduler.dhcp_agent_scheduler [None req-f15bad15-a576-4f3c-8776-cb31a3020afe 575a6606d7544ddea3a6fcc741381bf7 924b5e38a6d64cb9aadfd23c0cbb7ea6 - - default default] No more DHCP agents
2026-05-10 02:03:00.240 10 WARNING neutron.api.rpc.agentnotifiers.dhcp_rpc_agent_api [None req-f15bad15-a576-4f3c-8776-cb31a3020afe 575a6606d7544ddea3a6fcc741381bf7 924b5e38a6d64cb9aadfd23c0cbb7ea6 - - default default] Unable to schedule network 2fec2534-1bc1-4cdd-8448-07bf27fd4d2b: no agents available; will retry on subsequent port and subnet creation events.
2026-05-10 02:03:00.295 10 INFO neutron.db.ovn_revision_numbers_db [None req-e9ba00cd-23ef-4c6f-ab5d-fb8b152eb26c 819ed5a517b54ec18457fcdd0126ac83 c15860cb61e844e88fc0d07c705f2a7e - - default default] Successfully bumped revision number for resource 7b1f2db6-d734-4ae1-b44e-b05dfe512a1f (type: security_groups) to 1
2026-05-10 02:03:00.328 10 INFO neutron.db.ovn_revision_numbers_db [None req-e9ba00cd-23ef-4c6f-ab5d-fb8b152eb26c 819ed5a517b54ec18457fcdd0126ac83 c15860cb61e844e88fc0d07c705f2a7e - - default default] Successfully bumped revision number for resource 02c705c7-5a9e-4731-b8a8-9531ae76af25 (type: security_group_rules) to 0
2026-05-10 02:03:00.369 10 INFO neutron.db.ovn_revision_numbers_db [None req-e9ba00cd-23ef-4c6f-ab5d-fb8b152eb26c 819ed5a517b54ec18457fcdd0126ac83 c15860cb61e844e88fc0d07c705f2a7e - - default default] Successfully bumped revision number for resource f24cc325-3976-44d2-a93c-96784b1aa395 (type: security_group_rules) to 0
2026-05-10 02:03:00.402 10 INFO neutron.db.ovn_revision_numbers_db [None req-e9ba00cd-23ef-4c6f-ab5d-fb8b152eb26c 819ed5a517b54ec18457fcdd0126ac83 c15860cb61e844e88fc0d07c705f2a7e - - default default] Successfully bumped revision number for resource fa0f9d6e-3a32-4600-bdfc-8b9088fd21cd (type: security_group_rules) to 0
2026-05-10 02:03:00.419 9 INFO neutron.db.ovn_revision_numbers_db [None req-076a0192-8044-4475-8477-126c43e82cb8 b477c62976d24feda1acaae2b27b29be b58a4c05e6074359883ff168fa613fe1 - - default default] Successfully bumped revision number for resource e67356f8-eb0d-4e97-99ae-7c441f84f141 (type: security_groups) to 1
2026-05-10 02:03:00.420 10 INFO neutron.db.ovn_revision_numbers_db [None req-e9ba00cd-23ef-4c6f-ab5d-fb8b152eb26c 819ed5a517b54ec18457fcdd0126ac83 c15860cb61e844e88fc0d07c705f2a7e - - default default] Successfully bumped revision number for resource fbb0376e-c71b-46f4-9db5-48fb8ca3bb6d (type: security_group_rules) to 0
2026-05-10 02:03:00.454 9 INFO neutron.db.ovn_revision_numbers_db [None req-076a0192-8044-4475-8477-126c43e82cb8 b477c62976d24feda1acaae2b27b29be b58a4c05e6074359883ff168fa613fe1 - - default default] Successfully bumped revision number for resource 55cb9043-8ea6-4e25-9509-6e7a2750e6b0 (type: security_group_rules) to 0
2026-05-10 02:03:00.484 9 INFO neutron.db.ovn_revision_numbers_db [None req-076a0192-8044-4475-8477-126c43e82cb8 b477c62976d24feda1acaae2b27b29be b58a4c05e6074359883ff168fa613fe1 - - default default] Successfully bumped revision number for resource b710bed4-6ef0-40c0-bb40-fa8e906939b5 (type: security_group_rules) to 0
2026-05-10 02:03:00.495 10 INFO neutron.db.ovn_revision_numbers_db [None req-f15bad15-a576-4f3c-8776-cb31a3020afe 575a6606d7544ddea3a6fcc741381bf7 924b5e38a6d64cb9aadfd23c0cbb7ea6 - - default default] Successfully bumped revision number for resource e68fd0c7-b136-4746-8cbd-f85b72d123ad (type: ports) to 1
2026-05-10 02:03:00.500 9 INFO neutron.db.ovn_revision_numbers_db [None req-076a0192-8044-4475-8477-126c43e82cb8 b477c62976d24feda1acaae2b27b29be b58a4c05e6074359883ff168fa613fe1 - - default default] Successfully bumped revision number for resource d7735d8c-45e7-4249-991c-510fdbd25e17 (type: security_group_rules) to 0
2026-05-10 02:03:00.514 9 INFO neutron.db.ovn_revision_numbers_db [None req-076a0192-8044-4475-8477-126c43e82cb8 b477c62976d24feda1acaae2b27b29be b58a4c05e6074359883ff168fa613fe1 - - default default] Successfully bumped revision number for resource faeb93cc-ca80-42df-bdfa-1d4f42ce0f34 (type: security_group_rules) to 0
2026-05-10 02:03:00.543 10 INFO neutron.db.segments_db [None req-e9ba00cd-23ef-4c6f-ab5d-fb8b152eb26c 819ed5a517b54ec18457fcdd0126ac83 c15860cb61e844e88fc0d07c705f2a7e - - default default] Added segment f735eed5-e6ef-4990-ae4b-5dfb312556df of type geneve for network 80712a8e-d0de-43f5-b3ab-9e520e7a79a6
2026-05-10 02:03:00.554 9 INFO neutron.wsgi [None req-076a0192-8044-4475-8477-126c43e82cb8 b477c62976d24feda1acaae2b27b29be b58a4c05e6074359883ff168fa613fe1 - - default default] 10.0.0.101 "GET /v2.0/security-groups?tenant_id=9855e586e6ab4b229cf5f0c794a93404&name=default HTTP/1.1" status: 200 len: 2996 time: 0.2831821
2026-05-10 02:03:00.692 10 INFO neutron.db.segments_db [None req-e9ba00cd-23ef-4c6f-ab5d-fb8b152eb26c 819ed5a517b54ec18457fcdd0126ac83 c15860cb61e844e88fc0d07c705f2a7e - - default default] Added segment 0980580f-2dd0-4b96-b0dd-3a7da26e650b of type geneve for network 1e815324-2939-4323-b7cf-a28fc44f076c
2026-05-10 02:03:00.744 9 INFO neutron.wsgi [None req-887983e4-c0e8-4f47-b7ba-e63f4499f994 b477c62976d24feda1acaae2b27b29be b58a4c05e6074359883ff168fa613fe1 - - default default] 10.0.0.101 "DELETE /v2.0/security-groups/e67356f8-eb0d-4e97-99ae-7c441f84f141 HTTP/1.1" status: 204 len: 168 time: 0.1847196
2026-05-10 02:03:00.895 10 INFO neutron.db.ovn_revision_numbers_db [None req-e9ba00cd-23ef-4c6f-ab5d-fb8b152eb26c 819ed5a517b54ec18457fcdd0126ac83 c15860cb61e844e88fc0d07c705f2a7e - - default default] Successfully bumped revision number for resource 80712a8e-d0de-43f5-b3ab-9e520e7a79a6 (type: networks) to 1
2026-05-10 02:03:00.913 9 INFO neutron.db.ovn_revision_numbers_db [None req-6639f2b4-8683-4ecd-b81a-da4c3c31651c ba20994d71aa44fbae1f8c4efa9617a6 965ce6096bbb47f88671e3c32c8e93e7 - - default default] Successfully bumped revision number for resource db45081b-f395-481d-9ef9-d80c37511e87 (type: security_groups) to 1
2026-05-10 02:03:00.932 9 INFO neutron.db.ovn_revision_numbers_db [None req-6639f2b4-8683-4ecd-b81a-da4c3c31651c ba20994d71aa44fbae1f8c4efa9617a6 965ce6096bbb47f88671e3c32c8e93e7 - - default default] Successfully bumped revision number for resource 004edb81-7aba-4b33-bccf-5368cec55056 (type: security_group_rules) to 0
2026-05-10 02:03:00.955 9 INFO neutron.db.ovn_revision_numbers_db [None req-6639f2b4-8683-4ecd-b81a-da4c3c31651c ba20994d71aa44fbae1f8c4efa9617a6 965ce6096bbb47f88671e3c32c8e93e7 - - default default] Successfully bumped revision number for resource 2f438810-cb12-4336-8fbd-c3dceb19050f (type: security_group_rules) to 0
2026-05-10 02:03:00.971 9 INFO neutron.db.ovn_revision_numbers_db [None req-6639f2b4-8683-4ecd-b81a-da4c3c31651c ba20994d71aa44fbae1f8c4efa9617a6 965ce6096bbb47f88671e3c32c8e93e7 - - default default] Successfully bumped revision number for resource 5a217545-ac73-4c54-a7ff-b9a407291a0a (type: security_group_rules) to 0
2026-05-10 02:03:00.985 9 INFO neutron.db.ovn_revision_numbers_db [None req-6639f2b4-8683-4ecd-b81a-da4c3c31651c ba20994d71aa44fbae1f8c4efa9617a6 965ce6096bbb47f88671e3c32c8e93e7 - - default default] Successfully bumped revision number for resource 8c8a7179-1d69-4ca7-b54c-2bd51f1dadfa (type: security_group_rules) to 0
2026-05-10 02:03:01.063 9 INFO neutron.db.ovn_revision_numbers_db [None req-6639f2b4-8683-4ecd-b81a-da4c3c31651c ba20994d71aa44fbae1f8c4efa9617a6 965ce6096bbb47f88671e3c32c8e93e7 - - default default] Successfully bumped revision number for resource d46aa36c-99cd-4ab0-b10b-8379d38ff88a (type: security_groups) to 1
2026-05-10 02:03:01.076 9 INFO neutron.db.ovn_revision_numbers_db [None req-6639f2b4-8683-4ecd-b81a-da4c3c31651c ba20994d71aa44fbae1f8c4efa9617a6 965ce6096bbb47f88671e3c32c8e93e7 - - default default] Successfully bumped revision number for resource ddb89cd9-7c3d-456e-8046-8543d8871187 (type: security_group_rules) to 0
2026-05-10 02:03:01.088 9 INFO neutron.db.ovn_revision_numbers_db [None req-6639f2b4-8683-4ecd-b81a-da4c3c31651c ba20994d71aa44fbae1f8c4efa9617a6 965ce6096bbb47f88671e3c32c8e93e7 - - default default] Successfully bumped revision number for resource ff574769-0661-45f9-9868-3f939eb8a18e (type: security_group_rules) to 0
2026-05-10 02:03:01.109 9 INFO neutron.wsgi [None req-6639f2b4-8683-4ecd-b81a-da4c3c31651c ba20994d71aa44fbae1f8c4efa9617a6 965ce6096bbb47f88671e3c32c8e93e7 - - default default] 10.0.0.101 "POST /v2.0/security-groups HTTP/1.1" status: 201 len: 1737 time: 0.4198649
2026-05-10 02:03:01.235 9 INFO neutron.db.ovn_revision_numbers_db [None req-a782aefe-e35e-457c-bcef-6621222686b6 ba20994d71aa44fbae1f8c4efa9617a6 965ce6096bbb47f88671e3c32c8e93e7 - - default default] Successfully bumped revision number for resource df66676d-3a63-4a36-87bf-e144b1634f6b (type: security_groups) to 1
2026-05-10 02:03:01.250 9 INFO neutron.db.ovn_revision_numbers_db [None req-a782aefe-e35e-457c-bcef-6621222686b6 ba20994d71aa44fbae1f8c4efa9617a6 965ce6096bbb47f88671e3c32c8e93e7 - - default default] Successfully bumped revision number for resource 112290e6-7a4b-4084-b825-a65000bbfc08 (type: security_group_rules) to 0
2026-05-10 02:03:01.265 9 INFO neutron.db.ovn_revision_numbers_db [None req-a782aefe-e35e-457c-bcef-6621222686b6 ba20994d71aa44fbae1f8c4efa9617a6 965ce6096bbb47f88671e3c32c8e93e7 - - default default] Successfully bumped revision number for resource 2ba674cf-9b7f-4e0d-83de-4de054fff379 (type: security_group_rules) to 0
2026-05-10 02:03:01.284 9 INFO neutron.wsgi [None req-a782aefe-e35e-457c-bcef-6621222686b6 ba20994d71aa44fbae1f8c4efa9617a6 965ce6096bbb47f88671e3c32c8e93e7 - - default default] 10.0.0.101 "POST /v2.0/security-groups HTTP/1.1" status: 201 len: 1737 time: 0.1685920
2026-05-10 02:03:01.411 9 INFO neutron.db.ovn_revision_numbers_db [None req-826079ba-cde8-4d02-bb27-bab8ad5fdfff ba20994d71aa44fbae1f8c4efa9617a6 965ce6096bbb47f88671e3c32c8e93e7 - - default default] Successfully bumped revision number for resource baa374c2-9dad-4c7a-aecf-3363d502a928 (type: security_groups) to 1
2026-05-10 02:03:01.426 9 INFO neutron.db.ovn_revision_numbers_db [None req-826079ba-cde8-4d02-bb27-bab8ad5fdfff ba20994d71aa44fbae1f8c4efa9617a6 965ce6096bbb47f88671e3c32c8e93e7 - - default default] Successfully bumped revision number for resource 1d0b7d5d-cee6-428d-978c-cb95be41774d (type: security_group_rules) to 0
2026-05-10 02:03:01.430 10 WARNING neutron.scheduler.dhcp_agent_scheduler [None req-e9ba00cd-23ef-4c6f-ab5d-fb8b152eb26c 819ed5a517b54ec18457fcdd0126ac83 c15860cb61e844e88fc0d07c705f2a7e - - default default] No more DHCP agents
2026-05-10 02:03:01.434 10 WARNING neutron.api.rpc.agentnotifiers.dhcp_rpc_agent_api [None req-e9ba00cd-23ef-4c6f-ab5d-fb8b152eb26c 819ed5a517b54ec18457fcdd0126ac83 c15860cb61e844e88fc0d07c705f2a7e - - default default] Unable to schedule network 80712a8e-d0de-43f5-b3ab-9e520e7a79a6: no agents available; will retry on subsequent port and subnet creation events.
2026-05-10 02:03:01.439 9 INFO neutron.db.ovn_revision_numbers_db [None req-826079ba-cde8-4d02-bb27-bab8ad5fdfff ba20994d71aa44fbae1f8c4efa9617a6 965ce6096bbb47f88671e3c32c8e93e7 - - default default] Successfully bumped revision number for resource 268c31aa-e502-4bb1-aa2c-f7d597d93caa (type: security_group_rules) to 0
2026-05-10 02:03:01.457 9 INFO neutron.wsgi [None req-826079ba-cde8-4d02-bb27-bab8ad5fdfff ba20994d71aa44fbae1f8c4efa9617a6 965ce6096bbb47f88671e3c32c8e93e7 - - default default] 10.0.0.101 "POST /v2.0/security-groups HTTP/1.1" status: 201 len: 1737 time: 0.1688054
2026-05-10 02:03:01.495 10 INFO neutron.db.ovn_revision_numbers_db [None req-f15bad15-a576-4f3c-8776-cb31a3020afe 575a6606d7544ddea3a6fcc741381bf7 924b5e38a6d64cb9aadfd23c0cbb7ea6 - - default default] Successfully bumped revision number for resource e68fd0c7-b136-4746-8cbd-f85b72d123ad (type: router_ports) to 1
2026-05-10 02:03:01.557 10 INFO neutron.db.ovn_revision_numbers_db [None req-e9ba00cd-23ef-4c6f-ab5d-fb8b152eb26c 819ed5a517b54ec18457fcdd0126ac83 c15860cb61e844e88fc0d07c705f2a7e - - default default] Successfully bumped revision number for resource 849f0917-f060-4367-aa28-bf9706fffca0 (type: ports) to 1
2026-05-10 02:03:01.594 9 INFO neutron.db.ovn_revision_numbers_db [None req-bf0da48d-d8ef-4539-9acb-843151cef64d ba20994d71aa44fbae1f8c4efa9617a6 965ce6096bbb47f88671e3c32c8e93e7 - - default default] Successfully bumped revision number for resource 1093de69-6914-4ebe-ae39-5931ab8f1f92 (type: security_groups) to 1
2026-05-10 02:03:01.611 9 INFO neutron.db.ovn_revision_numbers_db [None req-bf0da48d-d8ef-4539-9acb-843151cef64d ba20994d71aa44fbae1f8c4efa9617a6 965ce6096bbb47f88671e3c32c8e93e7 - - default default] Successfully bumped revision number for resource 87c66714-afe8-45de-b8d1-d525bfbb8d3b (type: security_group_rules) to 0
2026-05-10 02:03:01.628 9 INFO neutron.db.ovn_revision_numbers_db [None req-bf0da48d-d8ef-4539-9acb-843151cef64d ba20994d71aa44fbae1f8c4efa9617a6 965ce6096bbb47f88671e3c32c8e93e7 - - default default] Successfully bumped revision number for resource afc888a2-b02e-4793-a9e8-2a1cd4608199 (type: security_group_rules) to 0
2026-05-10 02:03:01.647 9 INFO neutron.wsgi [None req-bf0da48d-d8ef-4539-9acb-843151cef64d ba20994d71aa44fbae1f8c4efa9617a6 965ce6096bbb47f88671e3c32c8e93e7 - - default default] 10.0.0.101 "POST /v2.0/security-groups HTTP/1.1" status: 201 len: 1737 time: 0.1836138
2026-05-10 02:03:01.660 10 INFO neutron.db.ovn_revision_numbers_db [None req-e9ba00cd-23ef-4c6f-ab5d-fb8b152eb26c 819ed5a517b54ec18457fcdd0126ac83 c15860cb61e844e88fc0d07c705f2a7e - - default default] Successfully bumped revision number for resource 1e815324-2939-4323-b7cf-a28fc44f076c (type: networks) to 1
2026-05-10 02:03:01.733 10 INFO neutron.db.ovn_revision_numbers_db [None req-f15bad15-a576-4f3c-8776-cb31a3020afe 575a6606d7544ddea3a6fcc741381bf7 924b5e38a6d64cb9aadfd23c0cbb7ea6 - - default default] Successfully bumped revision number for resource e68fd0c7-b136-4746-8cbd-f85b72d123ad (type: ports) to 1
2026-05-10 02:03:01.764 9 INFO neutron.db.ovn_revision_numbers_db [None req-57b01825-2ac5-45ec-bc5a-4c1f3dcc5008 ba20994d71aa44fbae1f8c4efa9617a6 965ce6096bbb47f88671e3c32c8e93e7 - - default default] Successfully bumped revision number for resource 77587a8a-8700-4510-a4ad-a6a122d8f7a6 (type: security_groups) to 1
2026-05-10 02:03:01.784 9 INFO neutron.db.ovn_revision_numbers_db [None req-57b01825-2ac5-45ec-bc5a-4c1f3dcc5008 ba20994d71aa44fbae1f8c4efa9617a6 965ce6096bbb47f88671e3c32c8e93e7 - - default default] Successfully bumped revision number for resource 0fc955a3-a82a-471b-9420-01fe818ca98d (type: security_group_rules) to 0
2026-05-10 02:03:01.808 9 INFO neutron.db.ovn_revision_numbers_db [None req-57b01825-2ac5-45ec-bc5a-4c1f3dcc5008 ba20994d71aa44fbae1f8c4efa9617a6 965ce6096bbb47f88671e3c32c8e93e7 - - default default] Successfully bumped revision number for resource 61e2e339-d00e-4f21-abd5-4fbd9119af77 (type: security_group_rules) to 0
2026-05-10 02:03:01.828 9 INFO neutron.wsgi [None req-57b01825-2ac5-45ec-bc5a-4c1f3dcc5008 ba20994d71aa44fbae1f8c4efa9617a6 965ce6096bbb47f88671e3c32c8e93e7 - - default default] 10.0.0.101 "POST /v2.0/security-groups HTTP/1.1" status: 201 len: 1737 time: 0.1761212
2026-05-10 02:03:01.836 10 WARNING neutron.scheduler.dhcp_agent_scheduler [None req-f15bad15-a576-4f3c-8776-cb31a3020afe 575a6606d7544ddea3a6fcc741381bf7 924b5e38a6d64cb9aadfd23c0cbb7ea6 - - default default] No more DHCP agents
2026-05-10 02:03:01.837 10 WARNING neutron.api.rpc.agentnotifiers.dhcp_rpc_agent_api [None req-f15bad15-a576-4f3c-8776-cb31a3020afe 575a6606d7544ddea3a6fcc741381bf7 924b5e38a6d64cb9aadfd23c0cbb7ea6 - - default default] Unable to schedule network 2fec2534-1bc1-4cdd-8448-07bf27fd4d2b: no agents available; will retry on subsequent port and subnet creation events.
2026-05-10 02:03:01.862 9 INFO neutron.wsgi [None req-333ceef0-4809-466c-a9e2-9b60294ae171 ba20994d71aa44fbae1f8c4efa9617a6 965ce6096bbb47f88671e3c32c8e93e7 - - default default] 10.0.0.101 "PUT /v2.0/security-groups/d46aa36c-99cd-4ab0-b10b-8379d38ff88a/tags HTTP/1.1" status: 200 len: 210 time: 0.0286908
2026-05-10 02:03:01.871 10 WARNING neutron.scheduler.dhcp_agent_scheduler [None req-e9ba00cd-23ef-4c6f-ab5d-fb8b152eb26c 819ed5a517b54ec18457fcdd0126ac83 c15860cb61e844e88fc0d07c705f2a7e - - default default] No more DHCP agents
2026-05-10 02:03:01.872 10 WARNING neutron.api.rpc.agentnotifiers.dhcp_rpc_agent_api [None req-e9ba00cd-23ef-4c6f-ab5d-fb8b152eb26c 819ed5a517b54ec18457fcdd0126ac83 c15860cb61e844e88fc0d07c705f2a7e - - default default] Unable to schedule network 1e815324-2939-4323-b7cf-a28fc44f076c: no agents available; will retry on subsequent port and subnet creation events.
2026-05-10 02:03:01.903 9 INFO neutron.wsgi [None req-e6fc211d-c402-4436-9fd8-3fcd48c11025 ba20994d71aa44fbae1f8c4efa9617a6 965ce6096bbb47f88671e3c32c8e93e7 - - default default] 10.0.0.101 "PUT /v2.0/security-groups/df66676d-3a63-4a36-87bf-e144b1634f6b/tags HTTP/1.1" status: 200 len: 218 time: 0.0364597
2026-05-10 02:03:01.945 9 INFO neutron.wsgi [None req-d77408bd-e680-46aa-881f-07c744742410 ba20994d71aa44fbae1f8c4efa9617a6 965ce6096bbb47f88671e3c32c8e93e7 - - default default] 10.0.0.101 "PUT /v2.0/security-groups/baa374c2-9dad-4c7a-aecf-3363d502a928/tags HTTP/1.1" status: 200 len: 227 time: 0.0337663
2026-05-10 02:03:01.996 9 INFO neutron.wsgi [None req-d70afaba-b605-4f45-a8f2-ac252b7d827d ba20994d71aa44fbae1f8c4efa9617a6 965ce6096bbb47f88671e3c32c8e93e7 - - default default] 10.0.0.101 "PUT /v2.0/security-groups/1093de69-6914-4ebe-ae39-5931ab8f1f92/tags HTTP/1.1" status: 200 len: 212 time: 0.0468347
2026-05-10 02:03:02.010 10 INFO neutron.db.ovn_revision_numbers_db [None req-e9ba00cd-23ef-4c6f-ab5d-fb8b152eb26c 819ed5a517b54ec18457fcdd0126ac83 c15860cb61e844e88fc0d07c705f2a7e - - default default] Successfully bumped revision number for resource 09e7dd78-225f-4241-b83b-a2963ac232e0 (type: ports) to 1
2026-05-10 02:03:02.051 9 INFO neutron.wsgi [None req-59a3e3b8-801c-4db7-ac5c-3688039dd010 ba20994d71aa44fbae1f8c4efa9617a6 965ce6096bbb47f88671e3c32c8e93e7 - - default default] 10.0.0.101 "GET /v2.0/security-groups?tags=red HTTP/1.1" status: 200 len: 4813 time: 0.0491681
2026-05-10 02:03:02.068 10 INFO neutron.wsgi [None req-e9ba00cd-23ef-4c6f-ab5d-fb8b152eb26c 819ed5a517b54ec18457fcdd0126ac83 c15860cb61e844e88fc0d07c705f2a7e - - default default] 10.0.0.101 "POST /v2.0/networks HTTP/1.1" status: 201 len: 1445 time: 2.2725813
2026-05-10 02:03:02.134 9 INFO neutron.wsgi [None req-298d4885-456f-4928-9ab2-133bf3648adf ba20994d71aa44fbae1f8c4efa9617a6 965ce6096bbb47f88671e3c32c8e93e7 - - default default] 10.0.0.101 "GET /v2.0/security-groups?tags=red%2Cblue HTTP/1.1" status: 200 len: 3289 time: 0.0775819
2026-05-10 02:03:02.186 9 INFO neutron.wsgi [None req-1a8e28ae-cff9-406c-ab0e-c2c73b162868 819ed5a517b54ec18457fcdd0126ac83 c15860cb61e844e88fc0d07c705f2a7e - - default default] 10.0.0.101 "GET /v2.0/networks HTTP/1.1" status: 200 len: 2051 time: 0.1133473
2026-05-10 02:03:02.206 9 INFO neutron.wsgi [None req-0629cdd6-1128-42a0-bd78-072e0e2a6b8e ba20994d71aa44fbae1f8c4efa9617a6 965ce6096bbb47f88671e3c32c8e93e7 - - default default] 10.0.0.101 "GET /v2.0/security-groups?tags-any=blue HTTP/1.1" status: 200 len: 3289 time: 0.0642548
2026-05-10 02:03:02.279 10 INFO neutron.wsgi [None req-71b8d865-aa91-40fc-aef0-9a084bdfada5 ba20994d71aa44fbae1f8c4efa9617a6 965ce6096bbb47f88671e3c32c8e93e7 - - default default] 10.0.0.101 "GET /v2.0/security-groups?tags-any=red%2Cblue HTTP/1.1" status: 200 len: 4813 time: 0.0672860
2026-05-10 02:03:02.292 10 INFO neutron.db.ovn_revision_numbers_db [None req-f15bad15-a576-4f3c-8776-cb31a3020afe 575a6606d7544ddea3a6fcc741381bf7 924b5e38a6d64cb9aadfd23c0cbb7ea6 - - default default] Successfully bumped revision number for resource e68fd0c7-b136-4746-8cbd-f85b72d123ad (type: router_ports) to 1
2026-05-10 02:03:02.294 10 INFO neutron.wsgi [None req-f15bad15-a576-4f3c-8776-cb31a3020afe 575a6606d7544ddea3a6fcc741381bf7 924b5e38a6d64cb9aadfd23c0cbb7ea6 - - default default] 10.0.0.101 "PUT /v2.0/routers/f5f1bb14-7434-4da3-bccf-288af4c5b76e/add_router_interface HTTP/1.1" status: 200 len: 503 time: 2.7376928
2026-05-10 02:03:02.341 9 INFO neutron.wsgi [None req-9db0defd-0470-4ff1-b807-be5a9847e215 ba20994d71aa44fbae1f8c4efa9617a6 965ce6096bbb47f88671e3c32c8e93e7 - - default default] 10.0.0.101 "GET /v2.0/security-groups?not-tags=red HTTP/1.1" status: 200 len: 6041 time: 0.0560713
2026-05-10 02:03:02.432 9 INFO neutron.wsgi [None req-652ba314-3b8a-4bc6-9bf5-91a536bce91d ba20994d71aa44fbae1f8c4efa9617a6 965ce6096bbb47f88671e3c32c8e93e7 - - default default] 10.0.0.101 "GET /v2.0/security-groups?not-tags=red%2Cblue HTTP/1.1" status: 200 len: 7565 time: 0.0856333
2026-05-10 02:03:02.636 10 WARNING neutron.scheduler.dhcp_agent_scheduler [None req-e60531aa-2d1a-4417-aeb0-ed93ee753ff8 575a6606d7544ddea3a6fcc741381bf7 924b5e38a6d64cb9aadfd23c0cbb7ea6 - - default default] No more DHCP agents
2026-05-10 02:03:02.639 10 WARNING neutron.api.rpc.agentnotifiers.dhcp_rpc_agent_api [None req-e60531aa-2d1a-4417-aeb0-ed93ee753ff8 575a6606d7544ddea3a6fcc741381bf7 924b5e38a6d64cb9aadfd23c0cbb7ea6 - - default default] Unable to schedule network 2fec2534-1bc1-4cdd-8448-07bf27fd4d2b: no agents available; will retry on subsequent port and subnet creation events.
2026-05-10 02:03:02.703 9 INFO neutron.wsgi [None req-b70467a5-c410-4ce1-88be-a78a5f907268 ba20994d71aa44fbae1f8c4efa9617a6 965ce6096bbb47f88671e3c32c8e93e7 - - default default] 10.0.0.101 "GET /v2.0/security-groups?not-tags-any=blue HTTP/1.1" status: 200 len: 7565 time: 0.2655339
2026-05-10 02:03:02.771 9 INFO neutron.wsgi [None req-edfbb8e4-ced9-449c-9cd1-38072136f093 ba20994d71aa44fbae1f8c4efa9617a6 965ce6096bbb47f88671e3c32c8e93e7 - - default default] 10.0.0.101 "GET /v2.0/security-groups?not-tags-any=red%2Cblue HTTP/1.1" status: 200 len: 6041 time: 0.0618308
2026-05-10 02:03:02.808 10 INFO neutron.db.ovn_revision_numbers_db [None req-e60531aa-2d1a-4417-aeb0-ed93ee753ff8 575a6606d7544ddea3a6fcc741381bf7 924b5e38a6d64cb9aadfd23c0cbb7ea6 - - default default] Successfully bumped revision number for resource 22e19b14-64f8-4e79-b6c2-4b14dd152356 (type: ports) to 1
2026-05-10 02:03:02.835 10 INFO neutron.wsgi [None req-e60531aa-2d1a-4417-aeb0-ed93ee753ff8 575a6606d7544ddea3a6fcc741381bf7 924b5e38a6d64cb9aadfd23c0cbb7ea6 - - default default] 10.0.0.101 "POST /v2.0/ports HTTP/1.1" status: 201 len: 1157 time: 0.5367424 /var/lib/openstack/lib/python3.10/site-packages/pycadf/identifier.py:71: UserWarning: Invalid uuid: neutron. To ensure interoperability, identifiers should be a valid uuid. warnings.warn(('Invalid uuid: %s. To ensure interoperability, '
2026-05-10 02:03:02.850 9 INFO neutron.services.segments.plugin [-] Segment f735eed5-e6ef-4990-ae4b-5dfb312556df resource provider aggregate not found
2026-05-10 02:03:02.855 9 INFO neutron.services.segments.plugin [-] Segment f735eed5-e6ef-4990-ae4b-5dfb312556df resource provider aggregate not found
2026-05-10 02:03:02.874 9 INFO neutron.services.segments.plugin [-] Segment f735eed5-e6ef-4990-ae4b-5dfb312556df resource provider not found; error: Placement Client Error (4xx): {"errors": [{"status": 404, "title": "Not Found", "detail": "The resource could not be found.\n\n No resource provider with uuid f735eed5-e6ef-4990-ae4b-5dfb312556df found for delete ", "request_id": "req-576deb54-d1fc-4285-9a1b-c994204042a4"}]}
2026-05-10 02:03:02.876 9 INFO neutron.services.segments.plugin [-] Segment f735eed5-e6ef-4990-ae4b-5dfb312556df resource provider not found; error: Placement Client Error (4xx): {"errors": [{"status": 404, "title": "Not Found", "detail": "The resource could not be found.\n\n No resource provider with uuid f735eed5-e6ef-4990-ae4b-5dfb312556df found for delete ", "request_id": "req-6bdf01b4-ea1c-442f-bd59-22a362e80903"}]}
2026-05-10 02:03:02.902 9 INFO neutron.wsgi [None req-f8293a57-0f6e-4a3b-ae29-b8212b2f23f1 819ed5a517b54ec18457fcdd0126ac83 c15860cb61e844e88fc0d07c705f2a7e - - default default] 10.0.0.101 "DELETE /v2.0/networks/80712a8e-d0de-43f5-b3ab-9e520e7a79a6 HTTP/1.1" status: 204 len: 168 time: 0.7079623
2026-05-10 02:03:02.966 9 INFO neutron.wsgi [None req-82c628b2-f0e5-40a6-b73e-4343043ba53c ba20994d71aa44fbae1f8c4efa9617a6 965ce6096bbb47f88671e3c32c8e93e7 - - default default] 10.0.0.101 "DELETE /v2.0/security-groups/d46aa36c-99cd-4ab0-b10b-8379d38ff88a HTTP/1.1" status: 204 len: 168 time: 0.1845269
2026-05-10 02:03:03.132 9 INFO neutron.wsgi [None req-2343c4f5-1069-440d-b198-7c08d969a256 ba20994d71aa44fbae1f8c4efa9617a6 965ce6096bbb47f88671e3c32c8e93e7 - - default default] 10.0.0.101 "DELETE /v2.0/security-groups/df66676d-3a63-4a36-87bf-e144b1634f6b HTTP/1.1" status: 204 len: 168 time: 0.1614118
2026-05-10 02:03:03.202 10 WARNING neutron.scheduler.dhcp_agent_scheduler [None req-7dd61b3d-a3a8-4ce1-8b03-ade687f9cc3a 575a6606d7544ddea3a6fcc741381bf7 924b5e38a6d64cb9aadfd23c0cbb7ea6 - - default default] No more DHCP agents
2026-05-10 02:03:03.205 10 WARNING neutron.api.rpc.agentnotifiers.dhcp_rpc_agent_api [None req-7dd61b3d-a3a8-4ce1-8b03-ade687f9cc3a 575a6606d7544ddea3a6fcc741381bf7 924b5e38a6d64cb9aadfd23c0cbb7ea6 - - default default] Unable to schedule network 2fec2534-1bc1-4cdd-8448-07bf27fd4d2b: no agents available; will retry on subsequent port and subnet creation events.
2026-05-10 02:03:03.322 9 INFO neutron.wsgi [None req-ceabe5eb-2edd-4303-a7ea-a9e873c18f25 ba20994d71aa44fbae1f8c4efa9617a6 965ce6096bbb47f88671e3c32c8e93e7 - - default default] 10.0.0.101 "DELETE /v2.0/security-groups/baa374c2-9dad-4c7a-aecf-3363d502a928 HTTP/1.1" status: 204 len: 168 time: 0.1833446 /var/lib/openstack/lib/python3.10/site-packages/pycadf/identifier.py:71: UserWarning: Invalid uuid: neutron. To ensure interoperability, identifiers should be a valid uuid. warnings.warn(('Invalid uuid: %s. To ensure interoperability, '
2026-05-10 02:03:03.358 9 INFO neutron.wsgi [None req-61f30924-9d38-43f4-b3cf-9eb5691bb4f0 819ed5a517b54ec18457fcdd0126ac83 c15860cb61e844e88fc0d07c705f2a7e - - default default] 10.0.0.101 "DELETE /v2.0/networks/1e815324-2939-4323-b7cf-a28fc44f076c HTTP/1.1" status: 204 len: 168 time: 0.4501927
2026-05-10 02:03:03.463 10 INFO neutron.db.ovn_revision_numbers_db [None req-7dd61b3d-a3a8-4ce1-8b03-ade687f9cc3a 575a6606d7544ddea3a6fcc741381bf7 924b5e38a6d64cb9aadfd23c0cbb7ea6 - - default default] Successfully bumped revision number for resource fbfe45d0-3ba8-454f-b40f-2d7a5f0db7fd (type: ports) to 1
2026-05-10 02:03:03.497 10 INFO neutron.wsgi [None req-0efb4a31-befd-4ab3-b631-8505e2667f29 819ed5a517b54ec18457fcdd0126ac83 c15860cb61e844e88fc0d07c705f2a7e - - default default] 10.0.0.101 "GET /v2.0/networks HTTP/1.1" status: 200 len: 845 time: 0.1316631
2026-05-10 02:03:03.507 10 INFO neutron.wsgi [None req-7dd61b3d-a3a8-4ce1-8b03-ade687f9cc3a 575a6606d7544ddea3a6fcc741381bf7 924b5e38a6d64cb9aadfd23c0cbb7ea6 - - default default] 10.0.0.101 "POST /v2.0/ports HTTP/1.1" status: 201 len: 1153 time: 0.6645525
2026-05-10 02:03:03.586 10 INFO neutron.wsgi [None req-d7313aff-b344-4369-85f7-9f189279ea95 ba20994d71aa44fbae1f8c4efa9617a6 965ce6096bbb47f88671e3c32c8e93e7 - - default default] 10.0.0.101 "DELETE /v2.0/security-groups/1093de69-6914-4ebe-ae39-5931ab8f1f92 HTTP/1.1" status: 204 len: 168 time: 0.2580981
2026-05-10 02:03:03.607 9 INFO neutron.db.segments_db [None req-fda30d26-d187-4333-970e-610879d4a083 819ed5a517b54ec18457fcdd0126ac83 c15860cb61e844e88fc0d07c705f2a7e - - default default] Added segment 9cdcf6a4-f110-4ba9-b574-20da050ffc7b of type geneve for network a7e11acc-6a6e-4e94-a5b2-c08df5586ebd
2026-05-10 02:03:03.791 9 INFO neutron.wsgi [None req-95ba3b1e-3aea-44b1-adc2-d43b2517c7c8 ba20994d71aa44fbae1f8c4efa9617a6 965ce6096bbb47f88671e3c32c8e93e7 - - default default] 10.0.0.101 "DELETE /v2.0/security-groups/77587a8a-8700-4510-a4ad-a6a122d8f7a6 HTTP/1.1" status: 204 len: 168 time: 0.1999695
2026-05-10 02:03:03.792 9 INFO neutron.db.ovn_revision_numbers_db [None req-fda30d26-d187-4333-970e-610879d4a083 819ed5a517b54ec18457fcdd0126ac83 c15860cb61e844e88fc0d07c705f2a7e - - default default] Successfully bumped revision number for resource a7e11acc-6a6e-4e94-a5b2-c08df5586ebd (type: networks) to 1
2026-05-10 02:03:03.822 10 WARNING neutron.scheduler.dhcp_agent_scheduler [None req-3c002c96-fb92-4b46-bc82-9edb9e9a3985 575a6606d7544ddea3a6fcc741381bf7 924b5e38a6d64cb9aadfd23c0cbb7ea6 - - default default] No more DHCP agents
2026-05-10 02:03:03.825 10 WARNING neutron.api.rpc.agentnotifiers.dhcp_rpc_agent_api [None req-3c002c96-fb92-4b46-bc82-9edb9e9a3985 575a6606d7544ddea3a6fcc741381bf7 924b5e38a6d64cb9aadfd23c0cbb7ea6 - - default default] Unable to schedule network ea0ed169-d079-4bfa-b24a-5ba949b32953: no agents available; will retry on subsequent port and subnet creation events.
2026-05-10 02:03:04.026 9 WARNING neutron.scheduler.dhcp_agent_scheduler [None req-fda30d26-d187-4333-970e-610879d4a083 819ed5a517b54ec18457fcdd0126ac83 c15860cb61e844e88fc0d07c705f2a7e - - default default] No more DHCP agents
2026-05-10 02:03:04.029 9 WARNING neutron.api.rpc.agentnotifiers.dhcp_rpc_agent_api [None req-fda30d26-d187-4333-970e-610879d4a083 819ed5a517b54ec18457fcdd0126ac83 c15860cb61e844e88fc0d07c705f2a7e - - default default] Unable to schedule network a7e11acc-6a6e-4e94-a5b2-c08df5586ebd: no agents available; will retry on subsequent port and subnet creation events.
2026-05-10 02:03:04.142 9 INFO neutron.db.ovn_revision_numbers_db [None req-fda30d26-d187-4333-970e-610879d4a083 819ed5a517b54ec18457fcdd0126ac83 c15860cb61e844e88fc0d07c705f2a7e - - default default] Successfully bumped revision number for resource 98322543-a95e-41a7-8fd4-f3712b825f37 (type: ports) to 1
2026-05-10 02:03:04.163 9 INFO neutron.wsgi [None req-fda30d26-d187-4333-970e-610879d4a083 819ed5a517b54ec18457fcdd0126ac83 c15860cb61e844e88fc0d07c705f2a7e - - default default] 10.0.0.101 "POST /v2.0/networks HTTP/1.1" status: 201 len: 853 time: 0.6573954
2026-05-10 02:03:04.236 9 INFO neutron.db.segments_db [None req-04978842-a447-4e35-b086-eabd53ed4824 819ed5a517b54ec18457fcdd0126ac83 c15860cb61e844e88fc0d07c705f2a7e - - default default] Added segment ba7bc545-e75d-442d-b575-282228411fbe of type geneve for network b50c34ac-99bb-4647-b62c-e60fcdcbe831
2026-05-10 02:03:04.305 10 WARNING neutron.plugins.ml2.drivers.ovn.mech_driver.ovsdb.ovn_client [None req-4ef3eff0-9626-480d-9dbc-1cf236b23783 - - - - - -] No hosting information found for port eafe91d9-a00b-4dbd-8c14-878fac2c4537: RuntimeError: No hosting information found for port eafe91d9-a00b-4dbd-8c14-878fac2c4537
2026-05-10 02:03:04.305 10 INFO neutron.plugins.ml2.drivers.ovn.mech_driver.mech_driver [None req-4ef3eff0-9626-480d-9dbc-1cf236b23783 - - - - - -] OVN reports status up for port: e68fd0c7-b136-4746-8cbd-f85b72d123ad
2026-05-10 02:03:04.316 10 INFO neutron.plugins.ml2.plugin [None req-4ef3eff0-9626-480d-9dbc-1cf236b23783 - - - - - -] Attempt 1 to provision port e68fd0c7-b136-4746-8cbd-f85b72d123ad
2026-05-10 02:03:04.393 9 INFO neutron.db.ovn_revision_numbers_db [None req-04978842-a447-4e35-b086-eabd53ed4824 819ed5a517b54ec18457fcdd0126ac83 c15860cb61e844e88fc0d07c705f2a7e - - default default] Successfully bumped revision number for resource b50c34ac-99bb-4647-b62c-e60fcdcbe831 (type: networks) to 1
2026-05-10 02:03:04.561 10 INFO neutron.db.l3_db [None req-3c002c96-fb92-4b46-bc82-9edb9e9a3985 575a6606d7544ddea3a6fcc741381bf7 924b5e38a6d64cb9aadfd23c0cbb7ea6 - - default default] Floating IP ebc4c657-a5c3-43c8-bd3b-cc8e4b352fae associated. External IP: 10.96.250.213, port: fbfe45d0-3ba8-454f-b40f-2d7a5f0db7fd.
2026-05-10 02:03:04.585 9 WARNING neutron.scheduler.dhcp_agent_scheduler [None req-04978842-a447-4e35-b086-eabd53ed4824 819ed5a517b54ec18457fcdd0126ac83 c15860cb61e844e88fc0d07c705f2a7e - - default default] No more DHCP agents
2026-05-10 02:03:04.588 9 WARNING neutron.api.rpc.agentnotifiers.dhcp_rpc_agent_api [None req-04978842-a447-4e35-b086-eabd53ed4824 819ed5a517b54ec18457fcdd0126ac83 c15860cb61e844e88fc0d07c705f2a7e - - default default] Unable to schedule network b50c34ac-99bb-4647-b62c-e60fcdcbe831: no agents available; will retry on subsequent port and subnet creation events.
2026-05-10 02:03:04.693 9 INFO neutron.db.ovn_revision_numbers_db [None req-04978842-a447-4e35-b086-eabd53ed4824 819ed5a517b54ec18457fcdd0126ac83 c15860cb61e844e88fc0d07c705f2a7e - - default default] Successfully bumped revision number for resource 4cfc21d8-615a-4807-999a-835b32eadc21 (type: ports) to 1
2026-05-10 02:03:04.717 9 INFO neutron.wsgi [None req-04978842-a447-4e35-b086-eabd53ed4824 819ed5a517b54ec18457fcdd0126ac83 c15860cb61e844e88fc0d07c705f2a7e - - default default] 10.0.0.101 "POST /v2.0/networks HTTP/1.1" status: 201 len: 852 time: 0.5491161
2026-05-10 02:03:04.782 10 INFO neutron.db.ovn_revision_numbers_db [None req-3c002c96-fb92-4b46-bc82-9edb9e9a3985 575a6606d7544ddea3a6fcc741381bf7 924b5e38a6d64cb9aadfd23c0cbb7ea6 - - default default] Successfully bumped revision number for resource ebc4c657-a5c3-43c8-bd3b-cc8e4b352fae (type: floatingips) to 0 /var/lib/openstack/lib/python3.10/site-packages/pycadf/identifier.py:71: UserWarning: Invalid uuid: neutron. To ensure interoperability, identifiers should be a valid uuid. warnings.warn(('Invalid uuid: %s. To ensure interoperability, '
2026-05-10 02:03:04.855 9 INFO neutron.wsgi [None req-a3c56d43-2fa9-4bc0-8cae-e02d9aa704b1 b477c62976d24feda1acaae2b27b29be b58a4c05e6074359883ff168fa613fe1 - - default default] 10.0.0.101 "GET /v2.0/security-groups?tenant_id=965ce6096bbb47f88671e3c32c8e93e7&name=default HTTP/1.1" status: 200 len: 2996 time: 0.2174661
2026-05-10 02:03:04.900 9 INFO neutron.services.segments.plugin [-] Segment 0980580f-2dd0-4b96-b0dd-3a7da26e650b resource provider aggregate not found
2026-05-10 02:03:04.912 9 INFO neutron.services.segments.plugin [-] Segment 0980580f-2dd0-4b96-b0dd-3a7da26e650b resource provider aggregate not found
