2026-05-10 02:01:20.601 9 INFO neutron.wsgi [None req-37a2eea4-6c80-4156-9d1b-f1c0fa65114d d4d9f374e4d84b6d9ca1aff0bfd6fd09 a6c2a11f31f440fe9d22545185952d4c - - default default] 10.0.0.101 "GET /v2.0/extensions/qos-rule-type-filter HTTP/1.1" status: 200 len: 567 time: 0.0052280
2026-05-10 02:01:20.609 9 INFO neutron.wsgi [None req-7bb86974-24e3-4b54-9114-ba1afb34701d d4d9f374e4d84b6d9ca1aff0bfd6fd09 a6c2a11f31f440fe9d22545185952d4c - - default default] 10.0.0.101 "GET /v2.0/extensions/qos-rules-alias HTTP/1.1" status: 200 len: 448 time: 0.0049419
2026-05-10 02:01:20.619 9 INFO neutron.wsgi [None req-e6ebaaee-524d-4365-ad96-100206a88644 d4d9f374e4d84b6d9ca1aff0bfd6fd09 a6c2a11f31f440fe9d22545185952d4c - - default default] 10.0.0.101 "GET /v2.0/extensions/quota-check-limit HTTP/1.1" status: 200 len: 420 time: 0.0051255
2026-05-10 02:01:20.628 9 INFO neutron.wsgi [None req-f6f62d64-69cd-4753-9f76-6c6dcf4beefe d4d9f374e4d84b6d9ca1aff0bfd6fd09 a6c2a11f31f440fe9d22545185952d4c - - default default] 10.0.0.101 "GET /v2.0/extensions/quotas HTTP/1.1" status: 200 len: 386 time: 0.0051045
2026-05-10 02:01:20.636 9 INFO neutron.wsgi [None req-7657b3bc-3831-424b-ace7-0f61832c9b55 d4d9f374e4d84b6d9ca1aff0bfd6fd09 a6c2a11f31f440fe9d22545185952d4c - - default default] 10.0.0.101 "GET /v2.0/extensions/quota_details HTTP/1.1" status: 200 len: 407 time: 0.0047264
2026-05-10 02:01:20.644 9 INFO neutron.wsgi [None req-061075e9-b96f-4650-b664-e026a4ba49f2 d4d9f374e4d84b6d9ca1aff0bfd6fd09 a6c2a11f31f440fe9d22545185952d4c - - default default] 10.0.0.101 "GET /v2.0/extensions/rbac-policies HTTP/1.1" status: 200 len: 417 time: 0.0047016
2026-05-10 02:01:20.656 10 INFO neutron.wsgi [None req-7aab37ee-ef39-4cb5-abcc-aa4086e103e6 d4d9f374e4d84b6d9ca1aff0bfd6fd09 a6c2a11f31f440fe9d22545185952d4c - - default default] 10.0.0.101 "GET /v2.0/extensions/rbac-address-scope HTTP/1.1" status: 200 len: 384 time: 0.0077717
2026-05-10 02:01:20.662 10 INFO neutron.wsgi [None req-eed2e2fe-5bb8-4b34-a535-b990c8fa7006 d4d9f374e4d84b6d9ca1aff0bfd6fd09 a6c2a11f31f440fe9d22545185952d4c - - default default] 10.0.0.101 "GET /v2.0/extensions/rbac-security-groups HTTP/1.1" status: 200 len: 404 time: 0.0028889
2026-05-10 02:01:20.673 10 INFO neutron.wsgi [None req-e76020d7-0344-4f1d-8b5d-eac18774603c d4d9f374e4d84b6d9ca1aff0bfd6fd09 a6c2a11f31f440fe9d22545185952d4c - - default default] 10.0.0.101 "GET /v2.0/extensions/revision-if-match HTTP/1.1" status: 200 len: 441 time: 0.0052433
2026-05-10 02:01:20.692 10 INFO neutron.wsgi [None req-5afd45d0-2987-48e3-a157-332494f2bc62 d4d9f374e4d84b6d9ca1aff0bfd6fd09 a6c2a11f31f440fe9d22545185952d4c - - default default] 10.0.0.101 "GET /v2.0/extensions/standard-attr-revisions HTTP/1.1" status: 200 len: 423 time: 0.0084479
2026-05-10 02:01:20.704 10 INFO neutron.wsgi [None req-1789252a-94fc-46e5-9178-e0562f36c3d5 d4d9f374e4d84b6d9ca1aff0bfd6fd09 a6c2a11f31f440fe9d22545185952d4c - - default default] 10.0.0.101 "GET /v2.0/extensions/router_availability_zone HTTP/1.1" status: 200 len: 391 time: 0.0049436
2026-05-10 02:01:20.714 10 INFO neutron.wsgi [None req-3f1b4ce5-1207-4783-bfd9-f753747452b4 d4d9f374e4d84b6d9ca1aff0bfd6fd09 a6c2a11f31f440fe9d22545185952d4c - - default default] 10.0.0.101 "GET /v2.0/extensions/security-groups-normalized-cidr HTTP/1.1" status: 200 len: 445 time: 0.0054533
2026-05-10 02:01:20.725 10 INFO neutron.wsgi [None req-6e21853d-9474-4df5-ab00-11b957776870 d4d9f374e4d84b6d9ca1aff0bfd6fd09 a6c2a11f31f440fe9d22545185952d4c - - default default] 10.0.0.101 "GET /v2.0/extensions/security-groups-remote-address-group HTTP/1.1" status: 200 len: 448 time: 0.0054641
2026-05-10 02:01:20.735 10 INFO neutron.wsgi [None req-cdb6af64-cad0-470d-a855-302173b7b990 d4d9f374e4d84b6d9ca1aff0bfd6fd09 a6c2a11f31f440fe9d22545185952d4c - - default default] 10.0.0.101 "GET /v2.0/extensions/security-groups-shared-filtering HTTP/1.1" status: 200 len: 435 time: 0.0041940
2026-05-10 02:01:20.741 10 INFO neutron.wsgi [None req-7c01b670-df66-4311-9df4-bfd30e83a987 d4d9f374e4d84b6d9ca1aff0bfd6fd09 a6c2a11f31f440fe9d22545185952d4c - - default default] 10.0.0.101 "GET /v2.0/extensions/security-group HTTP/1.1" status: 200 len: 364 time: 0.0039542
2026-05-10 02:01:20.748 10 INFO neutron.wsgi [None req-1abbdeb6-26d2-4877-a613-eaf809a082a3 d4d9f374e4d84b6d9ca1aff0bfd6fd09 a6c2a11f31f440fe9d22545185952d4c - - default default] 10.0.0.101 "GET /v2.0/extensions/segment HTTP/1.1" status: 200 len: 339 time: 0.0036581
2026-05-10 02:01:20.755 10 INFO neutron.wsgi [None req-ad659cbc-e313-4e38-848a-eec813039391 d4d9f374e4d84b6d9ca1aff0bfd6fd09 a6c2a11f31f440fe9d22545185952d4c - - default default] 10.0.0.101 "GET /v2.0/extensions/segments-peer-subnet-host-routes HTTP/1.1" status: 200 len: 427 time: 0.0037158
2026-05-10 02:01:20.762 10 INFO neutron.wsgi [None req-6452947b-43bb-419c-90e6-131ac0065996 d4d9f374e4d84b6d9ca1aff0bfd6fd09 a6c2a11f31f440fe9d22545185952d4c - - default default] 10.0.0.101 "GET /v2.0/extensions/service-type HTTP/1.1" status: 200 len: 415 time: 0.0039749
2026-05-10 02:01:20.769 10 INFO neutron.wsgi [None req-5a7f3b8f-8395-4899-9837-e6228a5a9fe7 d4d9f374e4d84b6d9ca1aff0bfd6fd09 a6c2a11f31f440fe9d22545185952d4c - - default default] 10.0.0.101 "GET /v2.0/extensions/sorting HTTP/1.1" status: 200 len: 377 time: 0.0037017
2026-05-10 02:01:20.779 9 INFO neutron.wsgi [None req-a1f25330-3a3b-4b98-9b42-5bee46203d11 d4d9f374e4d84b6d9ca1aff0bfd6fd09 a6c2a11f31f440fe9d22545185952d4c - - default default] 10.0.0.101 "GET /v2.0/extensions/standard-attr-segment HTTP/1.1" status: 200 len: 406 time: 0.0061905
2026-05-10 02:01:20.788 10 INFO neutron.wsgi [None req-6eef68db-5787-48f2-bedc-439fc811416b d4d9f374e4d84b6d9ca1aff0bfd6fd09 a6c2a11f31f440fe9d22545185952d4c - - default default] 10.0.0.101 "GET /v2.0/extensions/standard-attr-description HTTP/1.1" status: 200 len: 408 time: 0.0059037
2026-05-10 02:01:20.795 10 INFO neutron.wsgi [None req-8ad12e3f-ce63-4a38-b04c-14041220d441 d4d9f374e4d84b6d9ca1aff0bfd6fd09 a6c2a11f31f440fe9d22545185952d4c - - default default] 10.0.0.101 "GET /v2.0/extensions/stateful-security-group HTTP/1.1" status: 200 len: 402 time: 0.0039957
2026-05-10 02:01:20.803 10 INFO neutron.wsgi [None req-3673610b-90b9-4d8f-ac6b-866e2437c36e d4d9f374e4d84b6d9ca1aff0bfd6fd09 a6c2a11f31f440fe9d22545185952d4c - - default default] 10.0.0.101 "GET /v2.0/extensions/subnet-dns-publish-fixed-ip HTTP/1.1" status: 200 len: 421 time: 0.0043514
2026-05-10 02:01:20.810 10 INFO neutron.wsgi [None req-b7c401fa-8ca8-4070-b5ff-8bf205b57b90 d4d9f374e4d84b6d9ca1aff0bfd6fd09 a6c2a11f31f440fe9d22545185952d4c - - default default] 10.0.0.101 "GET /v2.0/extensions/subnet-segmentid-writable HTTP/1.1" status: 200 len: 421 time: 0.0042012
2026-05-10 02:01:20.818 10 INFO neutron.wsgi [None req-78b88ba0-4aad-4016-ab73-643b233bce5b d4d9f374e4d84b6d9ca1aff0bfd6fd09 a6c2a11f31f440fe9d22545185952d4c - - default default] 10.0.0.101 "GET /v2.0/extensions/subnet-service-types HTTP/1.1" status: 200 len: 400 time: 0.0041080
2026-05-10 02:01:20.827 9 INFO neutron.wsgi [None req-18d630a7-97e6-4c5e-924c-7b00d5dd7392 d4d9f374e4d84b6d9ca1aff0bfd6fd09 a6c2a11f31f440fe9d22545185952d4c - - default default] 10.0.0.101 "GET /v2.0/extensions/subnet_allocation HTTP/1.1" status: 200 len: 388 time: 0.0063610
2026-05-10 02:01:20.837 10 INFO neutron.wsgi [None req-a87eadd3-f71f-4d63-a4a8-eaee234135db d4d9f374e4d84b6d9ca1aff0bfd6fd09 a6c2a11f31f440fe9d22545185952d4c - - default default] 10.0.0.101 "GET /v2.0/extensions/subnetpool-prefix-ops HTTP/1.1" status: 200 len: 418 time: 0.0068104
2026-05-10 02:01:20.846 10 INFO neutron.wsgi [None req-5057f16b-9a57-4d64-a198-79db5f099117 d4d9f374e4d84b6d9ca1aff0bfd6fd09 a6c2a11f31f440fe9d22545185952d4c - - default default] 10.0.0.101 "GET /v2.0/extensions/standard-attr-tag HTTP/1.1" status: 200 len: 537 time: 0.0041571
2026-05-10 02:01:20.866 10 INFO neutron.wsgi [None req-03f39baf-3a31-4f5b-bbf6-863a99f3d267 d4d9f374e4d84b6d9ca1aff0bfd6fd09 a6c2a11f31f440fe9d22545185952d4c - - default default] 10.0.0.101 "GET /v2.0/extensions/standard-attr-timestamp HTTP/1.1" status: 200 len: 449 time: 0.0059772
2026-05-10 02:01:20.884 10 INFO neutron.wsgi [None req-61fcc442-abae-4c29-a91d-3568cd257dd8 d4d9f374e4d84b6d9ca1aff0bfd6fd09 a6c2a11f31f440fe9d22545185952d4c - - default default] 10.0.0.101 "GET /v2.0/extensions/trunk HTTP/1.1" status: 200 len: 358 time: 0.0058324
2026-05-10 02:01:20.893 10 INFO neutron.wsgi [None req-22be5465-9ded-4d71-9d39-0731532e8d71 d4d9f374e4d84b6d9ca1aff0bfd6fd09 a6c2a11f31f440fe9d22545185952d4c - - default default] 10.0.0.101 "GET /v2.0/extensions/trunk-details HTTP/1.1" status: 200 len: 362 time: 0.0042636
2026-05-10 02:01:21.271 10 INFO neutron.wsgi [req-a2c2b235-8168-411c-b9e8-81735c3a2b2c req-f02dd493-d859-462f-915f-5d3014c78b5f 78f5325332344274bfc3f33feae0f944 6ee940777cec4572a45145b473891aee - - default default] 10.0.0.246 "GET /v2.0/ports?device_id=826fd5a4-dc42-45c6-8ab0-86d4a61a7f0b HTTP/1.1" status: 200 len: 1174 time: 0.0379913
2026-05-10 02:01:21.312 10 INFO neutron.wsgi [req-a2c2b235-8168-411c-b9e8-81735c3a2b2c req-a38fabdf-1b23-4dc2-ab79-0d99a666ab98 78f5325332344274bfc3f33feae0f944 6ee940777cec4572a45145b473891aee - - default default] 10.0.0.246 "GET /v2.0/security-groups?id=2a950038-ebd9-49d3-9277-f2c343707b8a&fields=id&fields=name HTTP/1.1" status: 200 len: 312 time: 0.0359447
2026-05-10 02:01:21.503 9 INFO neutron.wsgi [req-a8035b4b-9e17-4704-a640-d507edeb6e61 req-a74bb4bd-34f1-4661-889c-5dddf27020e1 78f5325332344274bfc3f33feae0f944 6ee940777cec4572a45145b473891aee - - default default] 10.0.0.246 "GET /v2.0/ports?device_id=826fd5a4-dc42-45c6-8ab0-86d4a61a7f0b HTTP/1.1" status: 200 len: 1174 time: 0.1007209
2026-05-10 02:01:21.624 10 INFO neutron.notifiers.nova [-] Nova event matching ['req-2bf8d366-2826-42b5-b0e7-619e864aba51'] response: {'server_uuid': '826fd5a4-dc42-45c6-8ab0-86d4a61a7f0b', 'name': 'network-vif-plugged', 'status': 'completed', 'tag': '96ae2052-51eb-4ef1-8870-1f75b359577f', 'code': 200}
2026-05-10 02:01:21.677 10 INFO neutron.db.ovn_revision_numbers_db [None req-3df29d22-adb4-45b0-9a61-4b47f8188e1d b477c62976d24feda1acaae2b27b29be b58a4c05e6074359883ff168fa613fe1 - - default default] Successfully bumped revision number for resource 1ef62ccd-36ce-4ccb-a653-ec5d6873ba7e (type: security_groups) to 1
2026-05-10 02:01:21.691 10 INFO neutron.db.ovn_revision_numbers_db [None req-3df29d22-adb4-45b0-9a61-4b47f8188e1d b477c62976d24feda1acaae2b27b29be b58a4c05e6074359883ff168fa613fe1 - - default default] Successfully bumped revision number for resource 02392db3-0d75-4c53-822c-88515fe6cdea (type: security_group_rules) to 0
2026-05-10 02:01:21.704 10 INFO neutron.db.ovn_revision_numbers_db [None req-3df29d22-adb4-45b0-9a61-4b47f8188e1d b477c62976d24feda1acaae2b27b29be b58a4c05e6074359883ff168fa613fe1 - - default default] Successfully bumped revision number for resource 16c86efb-6529-4527-ac1b-48fa4764ab88 (type: security_group_rules) to 0
2026-05-10 02:01:21.732 10 INFO neutron.db.ovn_revision_numbers_db [None req-3df29d22-adb4-45b0-9a61-4b47f8188e1d b477c62976d24feda1acaae2b27b29be b58a4c05e6074359883ff168fa613fe1 - - default default] Successfully bumped revision number for resource 9fb717b9-4b42-4c6d-91b8-6c23211bc792 (type: security_group_rules) to 0
2026-05-10 02:01:21.746 9 INFO neutron.db.l3_db [None req-84a4fac9-ddee-4d2f-a4f6-e3ed116aa59d 78f5325332344274bfc3f33feae0f944 6ee940777cec4572a45145b473891aee - - default default] Floating IP 7759fa35-dd43-4310-87ae-996b41e06efb associated. External IP: 10.96.250.213, port: 96ae2052-51eb-4ef1-8870-1f75b359577f.
2026-05-10 02:01:21.754 10 INFO neutron.db.ovn_revision_numbers_db [None req-3df29d22-adb4-45b0-9a61-4b47f8188e1d b477c62976d24feda1acaae2b27b29be b58a4c05e6074359883ff168fa613fe1 - - default default] Successfully bumped revision number for resource b811eea1-4887-48d3-9cb5-079db36b6435 (type: security_group_rules) to 0
2026-05-10 02:01:21.802 10 INFO neutron.wsgi [None req-3df29d22-adb4-45b0-9a61-4b47f8188e1d b477c62976d24feda1acaae2b27b29be b58a4c05e6074359883ff168fa613fe1 - - default default] 10.0.0.101 "GET /v2.0/security-groups?tenant_id=a6c2a11f31f440fe9d22545185952d4c&name=default HTTP/1.1" status: 200 len: 2996 time: 0.3805048
2026-05-10 02:01:21.944 9 INFO neutron.db.ovn_revision_numbers_db [None req-84a4fac9-ddee-4d2f-a4f6-e3ed116aa59d 78f5325332344274bfc3f33feae0f944 6ee940777cec4572a45145b473891aee - - default default] Successfully bumped revision number for resource 7759fa35-dd43-4310-87ae-996b41e06efb (type: floatingips) to 1
2026-05-10 02:01:22.054 9 INFO neutron.db.ovn_revision_numbers_db [None req-84a4fac9-ddee-4d2f-a4f6-e3ed116aa59d 78f5325332344274bfc3f33feae0f944 6ee940777cec4572a45145b473891aee - - default default] Successfully bumped revision number for resource 7759fa35-dd43-4310-87ae-996b41e06efb (type: floatingips) to 2
2026-05-10 02:01:22.076 9 INFO neutron.wsgi [None req-84a4fac9-ddee-4d2f-a4f6-e3ed116aa59d 78f5325332344274bfc3f33feae0f944 6ee940777cec4572a45145b473891aee - - default default] 10.0.0.101 "PUT /v2.0/floatingips/7759fa35-dd43-4310-87ae-996b41e06efb HTTP/1.1" status: 200 len: 1050 time: 0.5604877
2026-05-10 02:01:22.085 10 INFO neutron.wsgi [None req-c95910f5-7c1c-431f-941b-3b123ff1af17 b477c62976d24feda1acaae2b27b29be b58a4c05e6074359883ff168fa613fe1 - - default default] 10.0.0.101 "DELETE /v2.0/security-groups/1ef62ccd-36ce-4ccb-a653-ec5d6873ba7e HTTP/1.1" status: 204 len: 168 time: 0.2785780
2026-05-10 02:01:22.116 9 INFO neutron.notifiers.nova [-] Nova event matching ['req-82955027-4312-4697-a537-ca69ec8876e2'] response: {'name': 'network-changed', 'server_uuid': '826fd5a4-dc42-45c6-8ab0-86d4a61a7f0b', 'tag': '96ae2052-51eb-4ef1-8870-1f75b359577f', 'status': 'completed', 'code': 200} /var/lib/openstack/lib/python3.10/site-packages/pycadf/identifier.py:71: UserWarning: Invalid uuid: neutron. To ensure interoperability, identifiers should be a valid uuid. warnings.warn(('Invalid uuid: %s. To ensure interoperability, '
2026-05-10 02:01:22.167 10 INFO neutron.wsgi [req-d6e55820-5258-4628-9d70-244edec0083a req-21e5189a-305d-4b06-9f33-6a755d2932d2 78f5325332344274bfc3f33feae0f944 6ee940777cec4572a45145b473891aee - - default default] 10.0.0.246 "GET /v2.0/ports?device_id=826fd5a4-dc42-45c6-8ab0-86d4a61a7f0b HTTP/1.1" status: 200 len: 1174 time: 0.0467660
2026-05-10 02:01:22.176 9 INFO neutron.wsgi [req-0d4a5535-cc76-4bd1-a2b3-18ecd856c836 req-36176b96-2ad0-4145-8adc-61c1b15593df 071487f74c7148fd846b50b2a68aa9ab 506a88a9e8484628affc56649e365da4 - - be153b6ef6404744af3deace32e5da1d be153b6ef6404744af3deace32e5da1d] 199.204.45.129 "GET /v2.0/ports?tenant_id=6ee940777cec4572a45145b473891aee&device_id=826fd5a4-dc42-45c6-8ab0-86d4a61a7f0b HTTP/1.1" status: 200 len: 1413 time: 0.0295193
2026-05-10 02:01:22.216 10 INFO neutron.wsgi [req-d6e55820-5258-4628-9d70-244edec0083a req-5a2a4eb1-3144-432d-b760-22f93a582cb8 78f5325332344274bfc3f33feae0f944 6ee940777cec4572a45145b473891aee - - default default] 10.0.0.246 "GET /v2.0/security-groups?id=2a950038-ebd9-49d3-9277-f2c343707b8a&fields=id&fields=name HTTP/1.1" status: 200 len: 312 time: 0.0413306
2026-05-10 02:01:22.420 9 INFO neutron.wsgi [req-0d4a5535-cc76-4bd1-a2b3-18ecd856c836 req-c42ccd70-1bac-4c4c-acba-33fb2101f728 071487f74c7148fd846b50b2a68aa9ab 506a88a9e8484628affc56649e365da4 - - be153b6ef6404744af3deace32e5da1d be153b6ef6404744af3deace32e5da1d] 199.204.45.129 "GET /v2.0/networks?id=4d29decc-87a6-4806-a0cd-07426c873df1 HTTP/1.1" status: 200 len: 982 time: 0.2367334
2026-05-10 02:01:22.474 9 INFO neutron.wsgi [req-0d4a5535-cc76-4bd1-a2b3-18ecd856c836 req-5af1dc1a-d549-4c42-b8d1-3285cab5177b 071487f74c7148fd846b50b2a68aa9ab 506a88a9e8484628affc56649e365da4 - - be153b6ef6404744af3deace32e5da1d be153b6ef6404744af3deace32e5da1d] 199.204.45.129 "GET /v2.0/floatingips?fixed_ip_address=10.100.0.12&port_id=96ae2052-51eb-4ef1-8870-1f75b359577f HTTP/1.1" status: 200 len: 1060 time: 0.0465393
2026-05-10 02:01:22.516 9 INFO neutron.wsgi [req-0d4a5535-cc76-4bd1-a2b3-18ecd856c836 req-291dcf4a-bf5e-460d-b105-e4b40e5c28d4 071487f74c7148fd846b50b2a68aa9ab 506a88a9e8484628affc56649e365da4 - - be153b6ef6404744af3deace32e5da1d be153b6ef6404744af3deace32e5da1d] 199.204.45.129 "GET /v2.0/subnets?id=da4ebf32-17ee-4c3a-a38b-cd7b0ca23f89 HTTP/1.1" status: 200 len: 877 time: 0.0338235
2026-05-10 02:01:22.543 9 INFO neutron.wsgi [req-0d4a5535-cc76-4bd1-a2b3-18ecd856c836 req-3e07cf5f-3ba6-4422-a630-ce617e1816a5 071487f74c7148fd846b50b2a68aa9ab 506a88a9e8484628affc56649e365da4 - - be153b6ef6404744af3deace32e5da1d be153b6ef6404744af3deace32e5da1d] 199.204.45.129 "GET /v2.0/ports?network_id=4d29decc-87a6-4806-a0cd-07426c873df1&device_owner=network%3Adhcp HTTP/1.1" status: 200 len: 210 time: 0.0203531
2026-05-10 02:01:22.559 9 INFO neutron.db.ovn_revision_numbers_db [None req-f5f939fd-1413-4001-929d-3f185936a4a5 b477c62976d24feda1acaae2b27b29be b58a4c05e6074359883ff168fa613fe1 - - default default] Successfully bumped revision number for resource 934b989b-15c3-4023-96ff-9dca1e700263 (type: security_groups) to 1
2026-05-10 02:01:22.572 10 INFO neutron.db.ovn_revision_numbers_db [None req-f849bcf9-c082-49a7-8852-cd52f27f3865 b477c62976d24feda1acaae2b27b29be b58a4c05e6074359883ff168fa613fe1 - - default default] Successfully bumped revision number for resource 80d1d402-34c2-4522-99ba-c198e85ef1fc (type: security_groups) to 1
2026-05-10 02:01:22.585 9 INFO neutron.db.ovn_revision_numbers_db [None req-f5f939fd-1413-4001-929d-3f185936a4a5 b477c62976d24feda1acaae2b27b29be b58a4c05e6074359883ff168fa613fe1 - - default default] Successfully bumped revision number for resource 2c84c05d-07a7-471a-83b7-3ef5c43a0870 (type: security_group_rules) to 0
2026-05-10 02:01:22.586 10 INFO neutron.db.ovn_revision_numbers_db [None req-f849bcf9-c082-49a7-8852-cd52f27f3865 b477c62976d24feda1acaae2b27b29be b58a4c05e6074359883ff168fa613fe1 - - default default] Successfully bumped revision number for resource 15c1cc45-4a3c-4b6e-95e0-b2b20fb86fd1 (type: security_group_rules) to 0
2026-05-10 02:01:22.601 9 INFO neutron.db.ovn_revision_numbers_db [None req-f5f939fd-1413-4001-929d-3f185936a4a5 b477c62976d24feda1acaae2b27b29be b58a4c05e6074359883ff168fa613fe1 - - default default] Successfully bumped revision number for resource 4fbe64d3-02a8-45bd-9042-f3fe0f059dba (type: security_group_rules) to 0
2026-05-10 02:01:22.604 9 INFO neutron.wsgi [req-0d4a5535-cc76-4bd1-a2b3-18ecd856c836 req-e9fb817f-9332-4302-a090-afc4f64b44c4 071487f74c7148fd846b50b2a68aa9ab 506a88a9e8484628affc56649e365da4 - - be153b6ef6404744af3deace32e5da1d be153b6ef6404744af3deace32e5da1d] 199.204.45.129 "GET /v2.0/networks/4d29decc-87a6-4806-a0cd-07426c873df1?fields=segments HTTP/1.1" status: 200 len: 212 time: 0.0525329
2026-05-10 02:01:22.623 9 INFO neutron.db.ovn_revision_numbers_db [None req-f5f939fd-1413-4001-929d-3f185936a4a5 b477c62976d24feda1acaae2b27b29be b58a4c05e6074359883ff168fa613fe1 - - default default] Successfully bumped revision number for resource 9b3c552e-5555-4e36-b981-8bedf9f3716c (type: security_group_rules) to 0
2026-05-10 02:01:22.647 9 INFO neutron.db.ovn_revision_numbers_db [None req-f5f939fd-1413-4001-929d-3f185936a4a5 b477c62976d24feda1acaae2b27b29be b58a4c05e6074359883ff168fa613fe1 - - default default] Successfully bumped revision number for resource f2cc98eb-8661-4076-8db2-fe4e82f7ebd3 (type: security_group_rules) to 0
2026-05-10 02:01:22.654 10 INFO neutron.db.ovn_revision_numbers_db [None req-f849bcf9-c082-49a7-8852-cd52f27f3865 b477c62976d24feda1acaae2b27b29be b58a4c05e6074359883ff168fa613fe1 - - default default] Successfully bumped revision number for resource 1f953f98-83dc-450d-aa82-d1285a769e28 (type: security_group_rules) to 0
2026-05-10 02:01:22.668 9 INFO neutron.wsgi [req-0d4a5535-cc76-4bd1-a2b3-18ecd856c836 req-f8c17fad-8aa5-401f-af57-98c907d6dfde 071487f74c7148fd846b50b2a68aa9ab 506a88a9e8484628affc56649e365da4 - - be153b6ef6404744af3deace32e5da1d be153b6ef6404744af3deace32e5da1d] 199.204.45.129 "GET /v2.0/networks/4d29decc-87a6-4806-a0cd-07426c873df1?fields=provider%3Aphysical_network&fields=provider%3Anetwork_type HTTP/1.1" status: 200 len: 277 time: 0.0588171
2026-05-10 02:01:22.672 10 INFO neutron.db.ovn_revision_numbers_db [None req-f849bcf9-c082-49a7-8852-cd52f27f3865 b477c62976d24feda1acaae2b27b29be b58a4c05e6074359883ff168fa613fe1 - - default default] Successfully bumped revision number for resource 3af44217-52a2-4375-9787-7b840d1ed772 (type: security_group_rules) to 0
2026-05-10 02:01:22.686 10 INFO neutron.db.ovn_revision_numbers_db [None req-f849bcf9-c082-49a7-8852-cd52f27f3865 b477c62976d24feda1acaae2b27b29be b58a4c05e6074359883ff168fa613fe1 - - default default] Successfully bumped revision number for resource 3e5f4b21-186f-4481-8962-fa70733bc450 (type: security_group_rules) to 0
2026-05-10 02:01:22.695 9 INFO neutron.db.segments_db [None req-f5f939fd-1413-4001-929d-3f185936a4a5 b477c62976d24feda1acaae2b27b29be b58a4c05e6074359883ff168fa613fe1 - - default default] Added segment d46e105c-46bc-4969-8c4e-eaaac3c8c786 of type geneve for network 985103fb-d195-4b76-862f-13aba22c85f5
2026-05-10 02:01:22.710 10 INFO neutron.wsgi [None req-f849bcf9-c082-49a7-8852-cd52f27f3865 b477c62976d24feda1acaae2b27b29be b58a4c05e6074359883ff168fa613fe1 - - default default] 10.0.0.101 "GET /v2.0/security-groups?tenant_id=6c4cc2f8d5a14f32a4f56eb63f460dd9&name=default HTTP/1.1" status: 200 len: 2996 time: 0.3463523
2026-05-10 02:01:22.809 9 INFO neutron.db.ovn_revision_numbers_db [None req-f5f939fd-1413-4001-929d-3f185936a4a5 b477c62976d24feda1acaae2b27b29be b58a4c05e6074359883ff168fa613fe1 - - default default] Successfully bumped revision number for resource 985103fb-d195-4b76-862f-13aba22c85f5 (type: networks) to 1
2026-05-10 02:01:22.915 10 INFO neutron.wsgi [None req-a1b904ab-88bd-4053-a5bf-0460261e6a2c b477c62976d24feda1acaae2b27b29be b58a4c05e6074359883ff168fa613fe1 - - default default] 10.0.0.101 "DELETE /v2.0/security-groups/80d1d402-34c2-4522-99ba-c198e85ef1fc HTTP/1.1" status: 204 len: 168 time: 0.2006757
2026-05-10 02:01:22.979 9 WARNING neutron.scheduler.dhcp_agent_scheduler [None req-f5f939fd-1413-4001-929d-3f185936a4a5 b477c62976d24feda1acaae2b27b29be b58a4c05e6074359883ff168fa613fe1 - - default default] No more DHCP agents
2026-05-10 02:01:22.982 9 WARNING neutron.api.rpc.agentnotifiers.dhcp_rpc_agent_api [None req-f5f939fd-1413-4001-929d-3f185936a4a5 b477c62976d24feda1acaae2b27b29be b58a4c05e6074359883ff168fa613fe1 - - default default] Unable to schedule network 985103fb-d195-4b76-862f-13aba22c85f5: no agents available; will retry on subsequent port and subnet creation events.
2026-05-10 02:01:23.061 9 INFO neutron.db.ovn_revision_numbers_db [None req-f5f939fd-1413-4001-929d-3f185936a4a5 b477c62976d24feda1acaae2b27b29be b58a4c05e6074359883ff168fa613fe1 - - default default] Successfully bumped revision number for resource 73b4fd6c-5f93-4b6c-96da-7bfc261cf62a (type: ports) to 1
2026-05-10 02:01:23.084 9 INFO neutron.wsgi [None req-f5f939fd-1413-4001-929d-3f185936a4a5 b477c62976d24feda1acaae2b27b29be b58a4c05e6074359883ff168fa613fe1 - - default default] 10.0.0.101 "POST /v2.0/networks HTTP/1.1" status: 201 len: 946 time: 1.1479087
2026-05-10 02:01:23.117 10 INFO neutron.db.ovn_revision_numbers_db [None req-3c06eecb-3d56-4606-b2ce-a3928ba34e4f b477c62976d24feda1acaae2b27b29be b58a4c05e6074359883ff168fa613fe1 - - default default] Successfully bumped revision number for resource db1c338c-4077-4719-9128-a12fea21acdb (type: security_groups) to 1
2026-05-10 02:01:23.135 10 INFO neutron.db.ovn_revision_numbers_db [None req-3c06eecb-3d56-4606-b2ce-a3928ba34e4f b477c62976d24feda1acaae2b27b29be b58a4c05e6074359883ff168fa613fe1 - - default default] Successfully bumped revision number for resource 5ad6191d-6bc0-49d6-aabc-3585ca8cc7b3 (type: security_group_rules) to 0
2026-05-10 02:01:23.148 10 INFO neutron.db.ovn_revision_numbers_db [None req-3c06eecb-3d56-4606-b2ce-a3928ba34e4f b477c62976d24feda1acaae2b27b29be b58a4c05e6074359883ff168fa613fe1 - - default default] Successfully bumped revision number for resource aacf6852-9802-473e-b4d9-d735bd1fe815 (type: security_group_rules) to 0
2026-05-10 02:01:23.163 10 INFO neutron.db.ovn_revision_numbers_db [None req-3c06eecb-3d56-4606-b2ce-a3928ba34e4f b477c62976d24feda1acaae2b27b29be b58a4c05e6074359883ff168fa613fe1 - - default default] Successfully bumped revision number for resource c9a1bbe4-ce2b-443a-8cf9-f8e69aab9159 (type: security_group_rules) to 0
2026-05-10 02:01:23.176 10 INFO neutron.db.ovn_revision_numbers_db [None req-3c06eecb-3d56-4606-b2ce-a3928ba34e4f b477c62976d24feda1acaae2b27b29be b58a4c05e6074359883ff168fa613fe1 - - default default] Successfully bumped revision number for resource e8de60a7-fcf3-4734-b437-e0e8f0aeaa51 (type: security_group_rules) to 0
2026-05-10 02:01:23.197 10 INFO neutron.wsgi [None req-3c06eecb-3d56-4606-b2ce-a3928ba34e4f b477c62976d24feda1acaae2b27b29be b58a4c05e6074359883ff168fa613fe1 - - default default] 10.0.0.101 "GET /v2.0/security-groups?tenant_id=7ff3ac3cf78444f9a349eb249470f0d1&name=default HTTP/1.1" status: 200 len: 2996 time: 0.1909192
2026-05-10 02:01:23.243 9 WARNING neutron.scheduler.dhcp_agent_scheduler [None req-037d5f00-54f4-44ba-8586-84da7b8ada2f b477c62976d24feda1acaae2b27b29be b58a4c05e6074359883ff168fa613fe1 - - default default] No more DHCP agents
2026-05-10 02:01:23.245 9 WARNING neutron.api.rpc.agentnotifiers.dhcp_rpc_agent_api [None req-037d5f00-54f4-44ba-8586-84da7b8ada2f b477c62976d24feda1acaae2b27b29be b58a4c05e6074359883ff168fa613fe1 - - default default] Unable to schedule network 985103fb-d195-4b76-862f-13aba22c85f5: no agents available; will retry on subsequent port and subnet creation events.
2026-05-10 02:01:23.417 10 INFO neutron.wsgi [None req-96ddf045-78d8-4b62-9af0-1acbee1e8997 b477c62976d24feda1acaae2b27b29be b58a4c05e6074359883ff168fa613fe1 - - default default] 10.0.0.101 "DELETE /v2.0/security-groups/db1c338c-4077-4719-9128-a12fea21acdb HTTP/1.1" status: 204 len: 168 time: 0.2145605
2026-05-10 02:01:23.779 9 INFO neutron.db.ovn_revision_numbers_db [None req-037d5f00-54f4-44ba-8586-84da7b8ada2f b477c62976d24feda1acaae2b27b29be b58a4c05e6074359883ff168fa613fe1 - - default default] Successfully bumped revision number for resource 73b4fd6c-5f93-4b6c-96da-7bfc261cf62a (type: ports) to 2
2026-05-10 02:01:23.835 9 INFO neutron.db.ovn_revision_numbers_db [None req-037d5f00-54f4-44ba-8586-84da7b8ada2f b477c62976d24feda1acaae2b27b29be b58a4c05e6074359883ff168fa613fe1 - - default default] Successfully bumped revision number for resource 5599262c-ca85-4fe5-a1d5-e939534aca97 (type: subnets) to 0
2026-05-10 02:01:23.850 9 INFO neutron.wsgi [None req-037d5f00-54f4-44ba-8586-84da7b8ada2f b477c62976d24feda1acaae2b27b29be b58a4c05e6074359883ff168fa613fe1 - - default default] 10.0.0.101 "POST /v2.0/subnets HTTP/1.1" status: 201 len: 866 time: 0.7593181
2026-05-10 02:01:24.128 10 INFO neutron.db.ovn_revision_numbers_db [None req-12a902d4-621c-40bb-bccb-d650a0861c64 6f272c7937fc462aa8a7bcda352f5ed3 ddb189f29922415da73638c61461c0fd - - default default] Successfully bumped revision number for resource d3ce8965-7c24-4d76-94ca-fa5fb3f31f3a (type: security_groups) to 1
2026-05-10 02:01:24.145 10 INFO neutron.db.ovn_revision_numbers_db [None req-12a902d4-621c-40bb-bccb-d650a0861c64 6f272c7937fc462aa8a7bcda352f5ed3 ddb189f29922415da73638c61461c0fd - - default default] Successfully bumped revision number for resource 6039d972-b49c-4738-a049-bcf39f03a10c (type: security_group_rules) to 0
2026-05-10 02:01:24.164 10 INFO neutron.db.ovn_revision_numbers_db [None req-12a902d4-621c-40bb-bccb-d650a0861c64 6f272c7937fc462aa8a7bcda352f5ed3 ddb189f29922415da73638c61461c0fd - - default default] Successfully bumped revision number for resource 708c58b5-d3f5-48a2-a50b-17ea07d3aca6 (type: security_group_rules) to 0
2026-05-10 02:01:24.187 10 INFO neutron.db.ovn_revision_numbers_db [None req-12a902d4-621c-40bb-bccb-d650a0861c64 6f272c7937fc462aa8a7bcda352f5ed3 ddb189f29922415da73638c61461c0fd - - default default] Successfully bumped revision number for resource e3aa728a-4154-4099-91c3-2878caf11728 (type: security_group_rules) to 0
2026-05-10 02:01:24.201 10 INFO neutron.db.ovn_revision_numbers_db [None req-12a902d4-621c-40bb-bccb-d650a0861c64 6f272c7937fc462aa8a7bcda352f5ed3 ddb189f29922415da73638c61461c0fd - - default default] Successfully bumped revision number for resource e3d3ed56-d1af-409b-bda5-08c9f8014898 (type: security_group_rules) to 0
2026-05-10 02:01:24.264 10 INFO neutron.db.segments_db [None req-12a902d4-621c-40bb-bccb-d650a0861c64 6f272c7937fc462aa8a7bcda352f5ed3 ddb189f29922415da73638c61461c0fd - - default default] Added segment d8ce7e7f-398e-4aeb-b7a3-bd991a333813 of type geneve for network 51260083-13bc-41cc-8cd3-b06cf337a1a9
2026-05-10 02:01:24.302 9 WARNING neutron.scheduler.dhcp_agent_scheduler [None req-65beafec-337a-487d-aa71-923ba875bcdd b477c62976d24feda1acaae2b27b29be b58a4c05e6074359883ff168fa613fe1 - - default default] No more DHCP agents
2026-05-10 02:01:24.305 9 WARNING neutron.api.rpc.agentnotifiers.dhcp_rpc_agent_api [None req-65beafec-337a-487d-aa71-923ba875bcdd b477c62976d24feda1acaae2b27b29be b58a4c05e6074359883ff168fa613fe1 - - default default] Unable to schedule network ea0ed169-d079-4bfa-b24a-5ba949b32953: no agents available; will retry on subsequent port and subnet creation events.
2026-05-10 02:01:24.408 10 INFO neutron.db.segments_db [None req-12a902d4-621c-40bb-bccb-d650a0861c64 6f272c7937fc462aa8a7bcda352f5ed3 ddb189f29922415da73638c61461c0fd - - default default] Added segment e29f2993-7d11-4173-9313-c611b61569fe of type geneve for network 1872120b-7f46-4507-98c8-ecec43d280e3
2026-05-10 02:01:24.455 9 INFO neutron.db.ovn_revision_numbers_db [None req-65beafec-337a-487d-aa71-923ba875bcdd b477c62976d24feda1acaae2b27b29be b58a4c05e6074359883ff168fa613fe1 - - default default] Successfully bumped revision number for resource 6a295645-5447-4601-b5ce-78ddccf18534 (type: ports) to 1
2026-05-10 02:01:24.599 10 INFO neutron.db.ovn_revision_numbers_db [None req-12a902d4-621c-40bb-bccb-d650a0861c64 6f272c7937fc462aa8a7bcda352f5ed3 ddb189f29922415da73638c61461c0fd - - default default] Successfully bumped revision number for resource 51260083-13bc-41cc-8cd3-b06cf337a1a9 (type: networks) to 1
2026-05-10 02:01:24.794 10 WARNING neutron.scheduler.dhcp_agent_scheduler [None req-12a902d4-621c-40bb-bccb-d650a0861c64 6f272c7937fc462aa8a7bcda352f5ed3 ddb189f29922415da73638c61461c0fd - - default default] No more DHCP agents
2026-05-10 02:01:24.797 10 WARNING neutron.api.rpc.agentnotifiers.dhcp_rpc_agent_api [None req-12a902d4-621c-40bb-bccb-d650a0861c64 6f272c7937fc462aa8a7bcda352f5ed3 ddb189f29922415da73638c61461c0fd - - default default] Unable to schedule network 51260083-13bc-41cc-8cd3-b06cf337a1a9: no agents available; will retry on subsequent port and subnet creation events.
2026-05-10 02:01:24.872 10 INFO neutron.db.ovn_revision_numbers_db [None req-12a902d4-621c-40bb-bccb-d650a0861c64 6f272c7937fc462aa8a7bcda352f5ed3 ddb189f29922415da73638c61461c0fd - - default default] Successfully bumped revision number for resource 7a832f84-279a-40af-b0f7-d2430e9cd4a5 (type: ports) to 1
2026-05-10 02:01:24.950 10 INFO neutron.db.ovn_revision_numbers_db [None req-12a902d4-621c-40bb-bccb-d650a0861c64 6f272c7937fc462aa8a7bcda352f5ed3 ddb189f29922415da73638c61461c0fd - - default default] Successfully bumped revision number for resource 1872120b-7f46-4507-98c8-ecec43d280e3 (type: networks) to 1
2026-05-10 02:01:25.051 10 INFO neutron.plugins.ml2.drivers.ovn.mech_driver.mech_driver [None req-4ef3eff0-9626-480d-9dbc-1cf236b23783 - - - - - -] OVN reports status up for port: 6a295645-5447-4601-b5ce-78ddccf18534
2026-05-10 02:01:25.054 9 INFO neutron.plugins.ml2.drivers.ovn.mech_driver.ovsdb.ovsdb_monitor [None req-032b453c-5ae9-412e-8aa2-45e125de7b8c - - - - - -] Router 70a8cf09-8e1b-40a1-baf9-1362af2af351 is bound to host instance
2026-05-10 02:01:25.061 10 INFO neutron.plugins.ml2.plugin [None req-4ef3eff0-9626-480d-9dbc-1cf236b23783 - - - - - -] Attempt 1 to provision port 6a295645-5447-4601-b5ce-78ddccf18534
2026-05-10 02:01:25.077 9 INFO neutron.db.ovn_revision_numbers_db [None req-65beafec-337a-487d-aa71-923ba875bcdd b477c62976d24feda1acaae2b27b29be b58a4c05e6074359883ff168fa613fe1 - - default default] Successfully bumped revision number for resource 6a295645-5447-4601-b5ce-78ddccf18534 (type: router_ports) to 1
2026-05-10 02:01:25.171 10 WARNING neutron.scheduler.dhcp_agent_scheduler [None req-12a902d4-621c-40bb-bccb-d650a0861c64 6f272c7937fc462aa8a7bcda352f5ed3 ddb189f29922415da73638c61461c0fd - - default default] No more DHCP agents
2026-05-10 02:01:25.174 10 WARNING neutron.api.rpc.agentnotifiers.dhcp_rpc_agent_api [None req-12a902d4-621c-40bb-bccb-d650a0861c64 6f272c7937fc462aa8a7bcda352f5ed3 ddb189f29922415da73638c61461c0fd - - default default] Unable to schedule network 1872120b-7f46-4507-98c8-ecec43d280e3: no agents available; will retry on subsequent port and subnet creation events.
2026-05-10 02:01:25.183 9 INFO neutron.db.ovn_revision_numbers_db [None req-65beafec-337a-487d-aa71-923ba875bcdd b477c62976d24feda1acaae2b27b29be b58a4c05e6074359883ff168fa613fe1 - - default default] Successfully bumped revision number for resource 70a8cf09-8e1b-40a1-baf9-1362af2af351 (type: routers) to 2
2026-05-10 02:01:25.256 10 INFO neutron.db.ovn_revision_numbers_db [None req-12a902d4-621c-40bb-bccb-d650a0861c64 6f272c7937fc462aa8a7bcda352f5ed3 ddb189f29922415da73638c61461c0fd - - default default] Successfully bumped revision number for resource 650a0d8c-0516-42b0-8499-c25e3512e43a (type: ports) to 1
2026-05-10 02:01:25.278 10 INFO neutron.wsgi [None req-12a902d4-621c-40bb-bccb-d650a0861c64 6f272c7937fc462aa8a7bcda352f5ed3 ddb189f29922415da73638c61461c0fd - - default default] 10.0.0.101 "POST /v2.0/networks HTTP/1.1" status: 201 len: 1445 time: 1.4078102
2026-05-10 02:01:25.380 10 INFO neutron.wsgi [None req-cd781d94-559a-4f25-a4a1-0465b3734b25 6f272c7937fc462aa8a7bcda352f5ed3 ddb189f29922415da73638c61461c0fd - - default default] 10.0.0.101 "GET /v2.0/networks HTTP/1.1" status: 200 len: 2051 time: 0.0975993
2026-05-10 02:01:25.395 9 INFO neutron.wsgi [None req-65beafec-337a-487d-aa71-923ba875bcdd b477c62976d24feda1acaae2b27b29be b58a4c05e6074359883ff168fa613fe1 - - default default] 10.0.0.101 "POST /v2.0/routers HTTP/1.1" status: 201 len: 877 time: 1.5397513
2026-05-10 02:01:25.771 9 INFO neutron.db.ovn_revision_numbers_db [None req-032b453c-5ae9-412e-8aa2-45e125de7b8c - - - - - -] Successfully bumped revision number for resource 6a295645-5447-4601-b5ce-78ddccf18534 (type: ports) to 1
2026-05-10 02:01:26.017 9 INFO neutron.db.ovn_revision_numbers_db [None req-032b453c-5ae9-412e-8aa2-45e125de7b8c - - - - - -] Successfully bumped revision number for resource 6a295645-5447-4601-b5ce-78ddccf18534 (type: router_ports) to 3
2026-05-10 02:01:26.061 10 INFO neutron.services.segments.plugin [-] Segment d8ce7e7f-398e-4aeb-b7a3-bd991a333813 resource provider aggregate not found
2026-05-10 02:01:26.066 10 INFO neutron.services.segments.plugin [-] Segment d8ce7e7f-398e-4aeb-b7a3-bd991a333813 resource provider aggregate not found
2026-05-10 02:01:26.076 10 INFO neutron.services.segments.plugin [-] Segment d8ce7e7f-398e-4aeb-b7a3-bd991a333813 resource provider not found; error: Placement Client Error (4xx): {"errors": [{"status": 404, "title": "Not Found", "detail": "The resource could not be found.\n\n No resource provider with uuid d8ce7e7f-398e-4aeb-b7a3-bd991a333813 found for delete ", "request_id": "req-debd61f1-4e01-4e84-8441-804cb37740d0"}]}
2026-05-10 02:01:26.089 10 INFO neutron.services.segments.plugin [-] Segment d8ce7e7f-398e-4aeb-b7a3-bd991a333813 resource provider not found; error: Placement Client Error (4xx): {"errors": [{"status": 404, "title": "Not Found", "detail": "The resource could not be found.\n\n No resource provider with uuid d8ce7e7f-398e-4aeb-b7a3-bd991a333813 found for delete ", "request_id": "req-6ad8bc3c-db79-470c-9618-d2745b8bb617"}]}
2026-05-10 02:01:26.141 10 INFO neutron.wsgi [None req-722a1390-b29c-4ea6-b7d7-3f17d628f77a 6f272c7937fc462aa8a7bcda352f5ed3 ddb189f29922415da73638c61461c0fd - - default default] 10.0.0.101 "DELETE /v2.0/networks/51260083-13bc-41cc-8cd3-b06cf337a1a9 HTTP/1.1" status: 204 len: 168 time: 0.7556174
2026-05-10 02:01:26.181 10 INFO neutron.db.ovn_revision_numbers_db [None req-6679e077-2aa8-4cb2-a8ff-1eae6d570772 b477c62976d24feda1acaae2b27b29be b58a4c05e6074359883ff168fa613fe1 - - default default] Successfully bumped revision number for resource b47aebbf-cb6e-443b-925f-1e8e600a1b15 (type: security_groups) to 1
2026-05-10 02:01:26.210 10 WARNING neutron.scheduler.dhcp_agent_scheduler [None req-041417dc-0594-4b9b-90c2-c5245568ed90 b477c62976d24feda1acaae2b27b29be b58a4c05e6074359883ff168fa613fe1 - - default default] No more DHCP agents
2026-05-10 02:01:26.212 10 INFO neutron.db.ovn_revision_numbers_db [None req-6679e077-2aa8-4cb2-a8ff-1eae6d570772 b477c62976d24feda1acaae2b27b29be b58a4c05e6074359883ff168fa613fe1 - - default default] Successfully bumped revision number for resource 10507c11-61ec-418e-b149-b37fa6a2a547 (type: security_group_rules) to 0
2026-05-10 02:01:26.214 10 WARNING neutron.api.rpc.agentnotifiers.dhcp_rpc_agent_api [None req-041417dc-0594-4b9b-90c2-c5245568ed90 b477c62976d24feda1acaae2b27b29be b58a4c05e6074359883ff168fa613fe1 - - default default] Unable to schedule network 985103fb-d195-4b76-862f-13aba22c85f5: no agents available; will retry on subsequent port and subnet creation events.
2026-05-10 02:01:26.231 9 INFO neutron.db.ovn_revision_numbers_db [None req-032b453c-5ae9-412e-8aa2-45e125de7b8c - - - - - -] Successfully bumped revision number for resource 6a295645-5447-4601-b5ce-78ddccf18534 (type: ports) to 2
2026-05-10 02:01:26.247 10 INFO neutron.db.ovn_revision_numbers_db [None req-6679e077-2aa8-4cb2-a8ff-1eae6d570772 b477c62976d24feda1acaae2b27b29be b58a4c05e6074359883ff168fa613fe1 - - default default] Successfully bumped revision number for resource b53b6381-1f11-4b22-8f62-1479c5a24253 (type: security_group_rules) to 0
2026-05-10 02:01:26.270 10 INFO neutron.db.ovn_revision_numbers_db [None req-6679e077-2aa8-4cb2-a8ff-1eae6d570772 b477c62976d24feda1acaae2b27b29be b58a4c05e6074359883ff168fa613fe1 - - default default] Successfully bumped revision number for resource bcad5aac-b65c-4d34-bfaf-6a5103f99ddd (type: security_group_rules) to 0
2026-05-10 02:01:26.290 10 INFO neutron.db.ovn_revision_numbers_db [None req-6679e077-2aa8-4cb2-a8ff-1eae6d570772 b477c62976d24feda1acaae2b27b29be b58a4c05e6074359883ff168fa613fe1 - - default default] Successfully bumped revision number for resource efa72b76-7b59-439e-947f-ad662b26838b (type: security_group_rules) to 0
2026-05-10 02:01:26.329 10 INFO neutron.wsgi [None req-6679e077-2aa8-4cb2-a8ff-1eae6d570772 b477c62976d24feda1acaae2b27b29be b58a4c05e6074359883ff168fa613fe1 - - default default] 10.0.0.101 "GET /v2.0/security-groups?tenant_id=9e043af997f2451ba4a642b5e7df498f&name=default HTTP/1.1" status: 200 len: 2996 time: 0.5302730
2026-05-10 02:01:26.418 10 INFO neutron.db.ovn_revision_numbers_db [None req-041417dc-0594-4b9b-90c2-c5245568ed90 b477c62976d24feda1acaae2b27b29be b58a4c05e6074359883ff168fa613fe1 - - default default] Successfully bumped revision number for resource 570546cd-e103-4d3d-bdc1-3db49258c902 (type: ports) to 1
2026-05-10 02:01:26.577 9 INFO neutron.db.ovn_revision_numbers_db [None req-032b453c-5ae9-412e-8aa2-45e125de7b8c - - - - - -] Successfully bumped revision number for resource 6a295645-5447-4601-b5ce-78ddccf18534 (type: ports) to 4
2026-05-10 02:01:26.675 9 INFO neutron.services.segments.plugin [-] Segment e29f2993-7d11-4173-9313-c611b61569fe resource provider aggregate not found
2026-05-10 02:01:26.682 9 INFO neutron.services.segments.plugin [-] Segment e29f2993-7d11-4173-9313-c611b61569fe resource provider aggregate not found
2026-05-10 02:01:26.705 9 INFO neutron.services.segments.plugin [-] Segment e29f2993-7d11-4173-9313-c611b61569fe resource provider not found; error: Placement Client Error (4xx): {"errors": [{"status": 404, "title": "Not Found", "detail": "The resource could not be found.\n\n No resource provider with uuid e29f2993-7d11-4173-9313-c611b61569fe found for delete ", "request_id": "req-f317fd2f-9d19-466f-8abf-675cc6ff5eaa"}]}
2026-05-10 02:01:26.714 9 INFO neutron.services.segments.plugin [-] Segment e29f2993-7d11-4173-9313-c611b61569fe resource provider not found; error: Placement Client Error (4xx): {"errors": [{"status": 404, "title": "Not Found", "detail": "The resource could not be found.\n\n No resource provider with uuid e29f2993-7d11-4173-9313-c611b61569fe found for delete ", "request_id": "req-f93628e0-60b0-4dc5-80fe-0e948dc8351c"}]}
2026-05-10 02:01:26.747 9 INFO neutron.wsgi [None req-e2204a4f-783a-441f-8002-691070859a13 6f272c7937fc462aa8a7bcda352f5ed3 ddb189f29922415da73638c61461c0fd - - default default] 10.0.0.101 "DELETE /v2.0/networks/1872120b-7f46-4507-98c8-ecec43d280e3 HTTP/1.1" status: 204 len: 168 time: 0.6004484
2026-05-10 02:01:26.751 9 INFO neutron.wsgi [None req-1ea022d4-77e8-4626-bf33-b07f400a4420 b477c62976d24feda1acaae2b27b29be b58a4c05e6074359883ff168fa613fe1 - - default default] 10.0.0.101 "DELETE /v2.0/security-groups/b47aebbf-cb6e-443b-925f-1e8e600a1b15 HTTP/1.1" status: 204 len: 168 time: 0.4149811
2026-05-10 02:01:26.843 10 INFO neutron.wsgi [None req-c6bdbaca-b1a6-488e-b0b2-17f1397d979c 6f272c7937fc462aa8a7bcda352f5ed3 ddb189f29922415da73638c61461c0fd - - default default] 10.0.0.101 "GET /v2.0/networks HTTP/1.1" status: 200 len: 845 time: 0.0916834
2026-05-10 02:01:26.923 10 INFO neutron.db.ovn_revision_numbers_db [None req-041417dc-0594-4b9b-90c2-c5245568ed90 b477c62976d24feda1acaae2b27b29be b58a4c05e6074359883ff168fa613fe1 - - default default] Successfully bumped revision number for resource 570546cd-e103-4d3d-bdc1-3db49258c902 (type: router_ports) to 1
2026-05-10 02:01:26.936 9 INFO neutron.db.ovn_revision_numbers_db [None req-032b453c-5ae9-412e-8aa2-45e125de7b8c - - - - - -] Successfully bumped revision number for resource 6a295645-5447-4601-b5ce-78ddccf18534 (type: router_ports) to 4
2026-05-10 02:01:26.964 9 INFO neutron.db.segments_db [None req-dcdfd799-00de-4356-a22f-2eb10e41bc6b 6f272c7937fc462aa8a7bcda352f5ed3 ddb189f29922415da73638c61461c0fd - - default default] Added segment b4ea1730-b5db-4003-9b09-ae6b966f0961 of type geneve for network 5683e165-1ea9-412f-b043-4ee634c58191
2026-05-10 02:01:27.070 10 INFO neutron.db.ovn_revision_numbers_db [None req-041417dc-0594-4b9b-90c2-c5245568ed90 b477c62976d24feda1acaae2b27b29be b58a4c05e6074359883ff168fa613fe1 - - default default] Successfully bumped revision number for resource 570546cd-e103-4d3d-bdc1-3db49258c902 (type: ports) to 1
2026-05-10 02:01:27.121 9 INFO neutron.db.ovn_revision_numbers_db [None req-dcdfd799-00de-4356-a22f-2eb10e41bc6b 6f272c7937fc462aa8a7bcda352f5ed3 ddb189f29922415da73638c61461c0fd - - default default] Successfully bumped revision number for resource 5683e165-1ea9-412f-b043-4ee634c58191 (type: networks) to 1
2026-05-10 02:01:27.125 10 WARNING neutron.scheduler.dhcp_agent_scheduler [None req-041417dc-0594-4b9b-90c2-c5245568ed90 b477c62976d24feda1acaae2b27b29be b58a4c05e6074359883ff168fa613fe1 - - default default] No more DHCP agents
2026-05-10 02:01:27.126 10 WARNING neutron.api.rpc.agentnotifiers.dhcp_rpc_agent_api [None req-041417dc-0594-4b9b-90c2-c5245568ed90 b477c62976d24feda1acaae2b27b29be b58a4c05e6074359883ff168fa613fe1 - - default default] Unable to schedule network 985103fb-d195-4b76-862f-13aba22c85f5: no agents available; will retry on subsequent port and subnet creation events.
2026-05-10 02:01:27.315 9 WARNING neutron.scheduler.dhcp_agent_scheduler [None req-dcdfd799-00de-4356-a22f-2eb10e41bc6b 6f272c7937fc462aa8a7bcda352f5ed3 ddb189f29922415da73638c61461c0fd - - default default] No more DHCP agents
2026-05-10 02:01:27.318 9 WARNING neutron.api.rpc.agentnotifiers.dhcp_rpc_agent_api [None req-dcdfd799-00de-4356-a22f-2eb10e41bc6b 6f272c7937fc462aa8a7bcda352f5ed3 ddb189f29922415da73638c61461c0fd - - default default] Unable to schedule network 5683e165-1ea9-412f-b043-4ee634c58191: no agents available; will retry on subsequent port and subnet creation events.
2026-05-10 02:01:27.408 9 INFO neutron.db.ovn_revision_numbers_db [None req-dcdfd799-00de-4356-a22f-2eb10e41bc6b 6f272c7937fc462aa8a7bcda352f5ed3 ddb189f29922415da73638c61461c0fd - - default default] Successfully bumped revision number for resource 63d7657c-257d-4789-9224-fcd9cf8de537 (type: ports) to 1
2026-05-10 02:01:27.429 9 INFO neutron.wsgi [None req-dcdfd799-00de-4356-a22f-2eb10e41bc6b 6f272c7937fc462aa8a7bcda352f5ed3 ddb189f29922415da73638c61461c0fd - - default default] 10.0.0.101 "POST /v2.0/networks HTTP/1.1" status: 201 len: 849 time: 0.5761132
2026-05-10 02:01:27.522 9 INFO neutron.db.segments_db [None req-dbebb347-bb67-4a5b-9574-7c8c2d4bc882 6f272c7937fc462aa8a7bcda352f5ed3 ddb189f29922415da73638c61461c0fd - - default default] Added segment 48a441a6-81e0-40dd-ac47-803bdf576d85 of type geneve for network cefb666f-45c1-4b1b-adee-3ffb82383126
2026-05-10 02:01:27.649 10 INFO neutron.db.ovn_revision_numbers_db [None req-041417dc-0594-4b9b-90c2-c5245568ed90 b477c62976d24feda1acaae2b27b29be b58a4c05e6074359883ff168fa613fe1 - - default default] Successfully bumped revision number for resource 570546cd-e103-4d3d-bdc1-3db49258c902 (type: router_ports) to 1
2026-05-10 02:01:27.652 10 INFO neutron.wsgi [None req-041417dc-0594-4b9b-90c2-c5245568ed90 b477c62976d24feda1acaae2b27b29be b58a4c05e6074359883ff168fa613fe1 - - default default] 10.0.0.101 "PUT /v2.0/routers/70a8cf09-8e1b-40a1-baf9-1362af2af351/add_router_interface HTTP/1.1" status: 200 len: 503 time: 2.2501805
2026-05-10 02:01:27.685 9 INFO neutron.db.ovn_revision_numbers_db [None req-dbebb347-bb67-4a5b-9574-7c8c2d4bc882 6f272c7937fc462aa8a7bcda352f5ed3 ddb189f29922415da73638c61461c0fd - - default default] Successfully bumped revision number for resource cefb666f-45c1-4b1b-adee-3ffb82383126 (type: networks) to 1
2026-05-10 02:01:27.858 9 WARNING neutron.scheduler.dhcp_agent_scheduler [None req-dbebb347-bb67-4a5b-9574-7c8c2d4bc882 6f272c7937fc462aa8a7bcda352f5ed3 ddb189f29922415da73638c61461c0fd - - default default] No more DHCP agents
2026-05-10 02:01:27.862 9 WARNING neutron.api.rpc.agentnotifiers.dhcp_rpc_agent_api [None req-dbebb347-bb67-4a5b-9574-7c8c2d4bc882 6f272c7937fc462aa8a7bcda352f5ed3 ddb189f29922415da73638c61461c0fd - - default default] Unable to schedule network cefb666f-45c1-4b1b-adee-3ffb82383126: no agents available; will retry on subsequent port and subnet creation events.
2026-05-10 02:01:27.913 10 INFO neutron.plugins.ml2.drivers.ovn.mech_driver.mech_driver [None req-4ef3eff0-9626-480d-9dbc-1cf236b23783 - - - - - -] OVN reports status up for port: 570546cd-e103-4d3d-bdc1-3db49258c902
2026-05-10 02:01:27.918 10 INFO neutron.plugins.ml2.plugin [None req-4ef3eff0-9626-480d-9dbc-1cf236b23783 - - - - - -] Attempt 1 to provision port 570546cd-e103-4d3d-bdc1-3db49258c902
2026-05-10 02:01:27.956 9 INFO neutron.db.ovn_revision_numbers_db [None req-dbebb347-bb67-4a5b-9574-7c8c2d4bc882 6f272c7937fc462aa8a7bcda352f5ed3 ddb189f29922415da73638c61461c0fd - - default default] Successfully bumped revision number for resource 0186a972-a760-433f-872d-d76d232556f6 (type: ports) to 1
2026-05-10 02:01:27.969 10 INFO neutron.wsgi [-] 10.0.0.230 "GET / HTTP/1.1" status: 200 len: 247 time: 0.0022807
2026-05-10 02:01:27.971 10 INFO neutron.wsgi [-] 10.0.0.230 "GET / HTTP/1.1" status: 200 len: 247 time: 0.0013499
2026-05-10 02:01:27.991 9 INFO neutron.wsgi [None req-dbebb347-bb67-4a5b-9574-7c8c2d4bc882 6f272c7937fc462aa8a7bcda352f5ed3 ddb189f29922415da73638c61461c0fd - - default default] 10.0.0.101 "POST /v2.0/networks HTTP/1.1" status: 201 len: 848 time: 0.5574863
2026-05-10 02:01:28.209 10 INFO neutron.db.ovn_revision_numbers_db [None req-4ef3eff0-9626-480d-9dbc-1cf236b23783 - - - - - -] Successfully bumped revision number for resource 570546cd-e103-4d3d-bdc1-3db49258c902 (type: ports) to 2
2026-05-10 02:01:28.366 10 INFO neutron.db.ovn_revision_numbers_db [None req-4ef3eff0-9626-480d-9dbc-1cf236b23783 - - - - - -] Successfully bumped revision number for resource 570546cd-e103-4d3d-bdc1-3db49258c902 (type: router_ports) to 2
2026-05-10 02:01:28.458 10 INFO neutron.db.ovn_revision_numbers_db [None req-2934032e-13e0-4f6b-9119-48ed30546764 c3984a90032947819b487b939d07f5c9 d1972981836f4c24a21b44afc519e145 - - default default] Successfully bumped revision number for resource 322f554e-0198-49f0-a93a-ead4826b9a78 (type: security_groups) to 1
2026-05-10 02:01:28.475 10 INFO neutron.db.ovn_revision_numbers_db [None req-2934032e-13e0-4f6b-9119-48ed30546764 c3984a90032947819b487b939d07f5c9 d1972981836f4c24a21b44afc519e145 - - default default] Successfully bumped revision number for resource 4aa23646-9b45-4c5b-9e97-39acd129a1d1 (type: security_group_rules) to 0
2026-05-10 02:01:28.489 10 INFO neutron.db.ovn_revision_numbers_db [None req-2934032e-13e0-4f6b-9119-48ed30546764 c3984a90032947819b487b939d07f5c9 d1972981836f4c24a21b44afc519e145 - - default default] Successfully bumped revision number for resource f77bc478-4530-4a4b-bee4-a8b504feaec7 (type: security_group_rules) to 0
2026-05-10 02:01:28.497 9 WARNING neutron.scheduler.dhcp_agent_scheduler [None req-736703ac-2bd3-4c22-88ec-5b6a997e4eed 6f272c7937fc462aa8a7bcda352f5ed3 ddb189f29922415da73638c61461c0fd - - default default] No more DHCP agents
2026-05-10 02:01:28.500 9 WARNING neutron.api.rpc.agentnotifiers.dhcp_rpc_agent_api [None req-736703ac-2bd3-4c22-88ec-5b6a997e4eed 6f272c7937fc462aa8a7bcda352f5ed3 ddb189f29922415da73638c61461c0fd - - default default] Unable to schedule network 5683e165-1ea9-412f-b043-4ee634c58191: no agents available; will retry on subsequent port and subnet creation events.
