2026-05-10 02:00:54.383 9 INFO neutron.db.ovn_revision_numbers_db [None req-032b453c-5ae9-412e-8aa2-45e125de7b8c - - - - - -] Successfully bumped revision number for resource 6419af6e-5dc9-40be-8cf5-e1f349064baa (type: ports) to 2
2026-05-10 02:00:54.466 10 WARNING neutron.scheduler.dhcp_agent_scheduler [None req-401d1344-a69f-4593-8ccb-b2c6b726f93b b477c62976d24feda1acaae2b27b29be b58a4c05e6074359883ff168fa613fe1 - - default default] No more DHCP agents
2026-05-10 02:00:54.476 10 WARNING neutron.api.rpc.agentnotifiers.dhcp_rpc_agent_api [None req-401d1344-a69f-4593-8ccb-b2c6b726f93b b477c62976d24feda1acaae2b27b29be b58a4c05e6074359883ff168fa613fe1 - - default default] Unable to schedule network c2ba1240-295f-40eb-8dc5-9e727b0f3551: no agents available; will retry on subsequent port and subnet creation events.
2026-05-10 02:00:54.529 10 INFO neutron.db.ovn_revision_numbers_db [None req-c6abb3d5-a776-4ce6-a055-6850bbeb7a39 b477c62976d24feda1acaae2b27b29be b58a4c05e6074359883ff168fa613fe1 - - default default] Successfully bumped revision number for resource 4ab9fd09-5020-4cbf-b342-de37d7535f1d (type: router_ports) to 1
2026-05-10 02:00:54.781 9 WARNING neutron.scheduler.dhcp_agent_scheduler [None req-e655b16d-39bc-4672-911e-6506e015129f b477c62976d24feda1acaae2b27b29be b58a4c05e6074359883ff168fa613fe1 - - default default] No more DHCP agents
2026-05-10 02:00:54.788 9 WARNING neutron.api.rpc.agentnotifiers.dhcp_rpc_agent_api [None req-e655b16d-39bc-4672-911e-6506e015129f b477c62976d24feda1acaae2b27b29be b58a4c05e6074359883ff168fa613fe1 - - default default] Unable to schedule network 02d1da56-5c00-4db6-9b09-954a2dc21b2d: no agents available; will retry on subsequent port and subnet creation events.
2026-05-10 02:00:54.852 10 INFO neutron.db.ovn_revision_numbers_db [None req-1aeb9f6f-1d79-436c-8010-cec9f380edaa - - - - - -] Successfully bumped revision number for resource 5f5dfc1b-91b9-4fe9-964f-a77ed6af7d63 (type: router_ports) to 3
2026-05-10 02:00:54.888 9 INFO neutron.db.ovn_revision_numbers_db [None req-032b453c-5ae9-412e-8aa2-45e125de7b8c - - - - - -] Successfully bumped revision number for resource 6419af6e-5dc9-40be-8cf5-e1f349064baa (type: ports) to 4
2026-05-10 02:00:54.901 10 INFO neutron.db.ovn_revision_numbers_db [None req-401d1344-a69f-4593-8ccb-b2c6b726f93b b477c62976d24feda1acaae2b27b29be b58a4c05e6074359883ff168fa613fe1 - - default default] Successfully bumped revision number for resource 30b133dc-c9b1-4a3d-b287-e63cdb4f5e18 (type: ports) to 1
2026-05-10 02:00:54.928 10 INFO neutron.db.ovn_revision_numbers_db [None req-c6abb3d5-a776-4ce6-a055-6850bbeb7a39 b477c62976d24feda1acaae2b27b29be b58a4c05e6074359883ff168fa613fe1 - - default default] Successfully bumped revision number for resource 4ab9fd09-5020-4cbf-b342-de37d7535f1d (type: ports) to 1
2026-05-10 02:00:54.991 9 INFO neutron.db.ovn_revision_numbers_db [None req-e655b16d-39bc-4672-911e-6506e015129f b477c62976d24feda1acaae2b27b29be b58a4c05e6074359883ff168fa613fe1 - - default default] Successfully bumped revision number for resource 6b788968-e9d8-4222-a52c-d8c6a21f1126 (type: ports) to 1
2026-05-10 02:00:55.073 10 WARNING neutron.scheduler.dhcp_agent_scheduler [None req-c6abb3d5-a776-4ce6-a055-6850bbeb7a39 b477c62976d24feda1acaae2b27b29be b58a4c05e6074359883ff168fa613fe1 - - default default] No more DHCP agents
2026-05-10 02:00:55.080 10 WARNING neutron.api.rpc.agentnotifiers.dhcp_rpc_agent_api [None req-c6abb3d5-a776-4ce6-a055-6850bbeb7a39 b477c62976d24feda1acaae2b27b29be b58a4c05e6074359883ff168fa613fe1 - - default default] Unable to schedule network 257fa69a-36de-4ddb-8dc2-61d9ad2d03ed: no agents available; will retry on subsequent port and subnet creation events.
2026-05-10 02:00:55.097 10 INFO neutron.db.ovn_revision_numbers_db [None req-1aeb9f6f-1d79-436c-8010-cec9f380edaa - - - - - -] Successfully bumped revision number for resource 5f5dfc1b-91b9-4fe9-964f-a77ed6af7d63 (type: ports) to 2
2026-05-10 02:00:55.302 9 INFO neutron.db.ovn_revision_numbers_db [None req-032b453c-5ae9-412e-8aa2-45e125de7b8c - - - - - -] Successfully bumped revision number for resource 6419af6e-5dc9-40be-8cf5-e1f349064baa (type: router_ports) to 4
2026-05-10 02:00:55.554 9 INFO neutron.plugins.ml2.drivers.ovn.mech_driver.mech_driver [None req-4abb913c-3f33-48cb-a24c-b9cb0af6d460 - - - - - -] OVN reports status up for port: 5f5dfc1b-91b9-4fe9-964f-a77ed6af7d63
2026-05-10 02:00:55.573 9 INFO neutron.plugins.ml2.plugin [None req-4abb913c-3f33-48cb-a24c-b9cb0af6d460 - - - - - -] Attempt 1 to provision port 5f5dfc1b-91b9-4fe9-964f-a77ed6af7d63
2026-05-10 02:00:55.609 9 INFO neutron.db.ovn_revision_numbers_db [None req-e655b16d-39bc-4672-911e-6506e015129f b477c62976d24feda1acaae2b27b29be b58a4c05e6074359883ff168fa613fe1 - - default default] Successfully bumped revision number for resource 6b788968-e9d8-4222-a52c-d8c6a21f1126 (type: router_ports) to 1
2026-05-10 02:00:55.630 10 INFO neutron.db.ovn_revision_numbers_db [None req-1aeb9f6f-1d79-436c-8010-cec9f380edaa - - - - - -] Successfully bumped revision number for resource 5f5dfc1b-91b9-4fe9-964f-a77ed6af7d63 (type: ports) to 4
2026-05-10 02:00:55.789 9 INFO neutron.plugins.ml2.drivers.ovn.mech_driver.mech_driver [None req-4abb913c-3f33-48cb-a24c-b9cb0af6d460 - - - - - -] OVN reports status up for port: a5bf6068-ccca-42f1-96da-6655809721ab
2026-05-10 02:00:55.797 9 INFO neutron.plugins.ml2.plugin [None req-4abb913c-3f33-48cb-a24c-b9cb0af6d460 - - - - - -] Attempt 1 to provision port a5bf6068-ccca-42f1-96da-6655809721ab
2026-05-10 02:00:55.838 10 INFO neutron.db.ovn_revision_numbers_db [None req-401d1344-a69f-4593-8ccb-b2c6b726f93b b477c62976d24feda1acaae2b27b29be b58a4c05e6074359883ff168fa613fe1 - - default default] Successfully bumped revision number for resource 30b133dc-c9b1-4a3d-b287-e63cdb4f5e18 (type: router_ports) to 1
2026-05-10 02:00:55.871 9 INFO neutron.db.ovn_revision_numbers_db [None req-e655b16d-39bc-4672-911e-6506e015129f b477c62976d24feda1acaae2b27b29be b58a4c05e6074359883ff168fa613fe1 - - default default] Successfully bumped revision number for resource 6b788968-e9d8-4222-a52c-d8c6a21f1126 (type: ports) to 1
2026-05-10 02:00:55.933 9 WARNING neutron.scheduler.dhcp_agent_scheduler [None req-e655b16d-39bc-4672-911e-6506e015129f b477c62976d24feda1acaae2b27b29be b58a4c05e6074359883ff168fa613fe1 - - default default] No more DHCP agents
2026-05-10 02:00:55.940 9 WARNING neutron.api.rpc.agentnotifiers.dhcp_rpc_agent_api [None req-e655b16d-39bc-4672-911e-6506e015129f b477c62976d24feda1acaae2b27b29be b58a4c05e6074359883ff168fa613fe1 - - default default] Unable to schedule network 02d1da56-5c00-4db6-9b09-954a2dc21b2d: no agents available; will retry on subsequent port and subnet creation events.
2026-05-10 02:00:56.155 10 INFO neutron.db.ovn_revision_numbers_db [None req-401d1344-a69f-4593-8ccb-b2c6b726f93b b477c62976d24feda1acaae2b27b29be b58a4c05e6074359883ff168fa613fe1 - - default default] Successfully bumped revision number for resource 30b133dc-c9b1-4a3d-b287-e63cdb4f5e18 (type: ports) to 1
2026-05-10 02:00:56.291 10 INFO neutron.db.ovn_revision_numbers_db [None req-1aeb9f6f-1d79-436c-8010-cec9f380edaa - - - - - -] Successfully bumped revision number for resource 5f5dfc1b-91b9-4fe9-964f-a77ed6af7d63 (type: router_ports) to 4
2026-05-10 02:00:56.305 10 WARNING neutron.scheduler.dhcp_agent_scheduler [None req-401d1344-a69f-4593-8ccb-b2c6b726f93b b477c62976d24feda1acaae2b27b29be b58a4c05e6074359883ff168fa613fe1 - - default default] No more DHCP agents
2026-05-10 02:00:56.312 10 WARNING neutron.api.rpc.agentnotifiers.dhcp_rpc_agent_api [None req-401d1344-a69f-4593-8ccb-b2c6b726f93b b477c62976d24feda1acaae2b27b29be b58a4c05e6074359883ff168fa613fe1 - - default default] Unable to schedule network c2ba1240-295f-40eb-8dc5-9e727b0f3551: no agents available; will retry on subsequent port and subnet creation events.
2026-05-10 02:00:56.345 10 INFO neutron.plugins.ml2.drivers.ovn.mech_driver.ovsdb.ovsdb_monitor [None req-1aeb9f6f-1d79-436c-8010-cec9f380edaa - - - - - -] Router 5640ef11-3e68-4027-80ac-fee8dacb469f is bound to host instance
2026-05-10 02:00:56.354 9 INFO neutron.db.ovn_revision_numbers_db [None req-f4b4ed93-29b2-4b22-af52-c6876c82e7e0 b477c62976d24feda1acaae2b27b29be b58a4c05e6074359883ff168fa613fe1 - - default default] Successfully bumped revision number for resource 37afd381-d3b3-43e3-a283-3b528c46af6b (type: security_groups) to 1
2026-05-10 02:00:56.378 9 INFO neutron.db.ovn_revision_numbers_db [None req-f4b4ed93-29b2-4b22-af52-c6876c82e7e0 b477c62976d24feda1acaae2b27b29be b58a4c05e6074359883ff168fa613fe1 - - default default] Successfully bumped revision number for resource 09feb627-c0ad-4dce-af2c-3214656b176b (type: security_group_rules) to 0
2026-05-10 02:00:56.400 9 INFO neutron.db.ovn_revision_numbers_db [None req-f4b4ed93-29b2-4b22-af52-c6876c82e7e0 b477c62976d24feda1acaae2b27b29be b58a4c05e6074359883ff168fa613fe1 - - default default] Successfully bumped revision number for resource 215cfca5-dade-49e2-b001-2464261ab200 (type: security_group_rules) to 0
2026-05-10 02:00:56.416 9 INFO neutron.db.ovn_revision_numbers_db [None req-f4b4ed93-29b2-4b22-af52-c6876c82e7e0 b477c62976d24feda1acaae2b27b29be b58a4c05e6074359883ff168fa613fe1 - - default default] Successfully bumped revision number for resource 5ea480e8-d3e8-49ea-8c94-148b0fa8f279 (type: security_group_rules) to 0
2026-05-10 02:00:56.431 9 INFO neutron.db.ovn_revision_numbers_db [None req-f4b4ed93-29b2-4b22-af52-c6876c82e7e0 b477c62976d24feda1acaae2b27b29be b58a4c05e6074359883ff168fa613fe1 - - default default] Successfully bumped revision number for resource 73295408-c142-4070-b384-35f5a41155dd (type: security_group_rules) to 0
2026-05-10 02:00:56.465 9 INFO neutron.wsgi [None req-f4b4ed93-29b2-4b22-af52-c6876c82e7e0 b477c62976d24feda1acaae2b27b29be b58a4c05e6074359883ff168fa613fe1 - - default default] 10.0.0.101 "GET /v2.0/security-groups?tenant_id=2a6e7163dbd3468cab26e5fa0392a97b&name=default HTTP/1.1" status: 200 len: 2992 time: 0.5304487
2026-05-10 02:00:56.558 10 INFO neutron.db.ovn_revision_numbers_db [None req-c6abb3d5-a776-4ce6-a055-6850bbeb7a39 b477c62976d24feda1acaae2b27b29be b58a4c05e6074359883ff168fa613fe1 - - default default] Successfully bumped revision number for resource 4ab9fd09-5020-4cbf-b342-de37d7535f1d (type: router_ports) to 1
2026-05-10 02:00:56.561 10 INFO neutron.wsgi [None req-c6abb3d5-a776-4ce6-a055-6850bbeb7a39 b477c62976d24feda1acaae2b27b29be b58a4c05e6074359883ff168fa613fe1 - - default default] 10.0.0.101 "PUT /v2.0/routers/5cf98c1a-fdb3-4bea-986b-a8e9d2892195/add_router_interface HTTP/1.1" status: 200 len: 503 time: 3.8380125
2026-05-10 02:00:56.784 9 INFO neutron.db.ovn_revision_numbers_db [None req-e655b16d-39bc-4672-911e-6506e015129f b477c62976d24feda1acaae2b27b29be b58a4c05e6074359883ff168fa613fe1 - - default default] Successfully bumped revision number for resource 6b788968-e9d8-4222-a52c-d8c6a21f1126 (type: router_ports) to 1
2026-05-10 02:00:56.786 9 INFO neutron.wsgi [None req-e655b16d-39bc-4672-911e-6506e015129f b477c62976d24feda1acaae2b27b29be b58a4c05e6074359883ff168fa613fe1 - - default default] 10.0.0.101 "PUT /v2.0/routers/5640ef11-3e68-4027-80ac-fee8dacb469f/add_router_interface HTTP/1.1" status: 200 len: 503 time: 2.7316890
2026-05-10 02:00:56.793 9 INFO neutron.wsgi [None req-5f7e5b8c-57e7-4a14-a32a-1957d7a3c36b b477c62976d24feda1acaae2b27b29be b58a4c05e6074359883ff168fa613fe1 - - default default] 10.0.0.101 "DELETE /v2.0/security-groups/37afd381-d3b3-43e3-a283-3b528c46af6b HTTP/1.1" status: 204 len: 168 time: 0.3134556
2026-05-10 02:00:57.021 9 INFO neutron.db.ovn_revision_numbers_db [None req-710b184a-7f74-4b3e-9028-3c4de62b1461 b477c62976d24feda1acaae2b27b29be b58a4c05e6074359883ff168fa613fe1 - - default default] Successfully bumped revision number for resource 15d03f1d-e070-4e11-ac8c-93bd13e494a4 (type: security_groups) to 1
2026-05-10 02:00:57.035 9 INFO neutron.db.ovn_revision_numbers_db [None req-710b184a-7f74-4b3e-9028-3c4de62b1461 b477c62976d24feda1acaae2b27b29be b58a4c05e6074359883ff168fa613fe1 - - default default] Successfully bumped revision number for resource 2459385c-b415-43b9-b566-066311cf201c (type: security_group_rules) to 0
2026-05-10 02:00:57.047 9 INFO neutron.db.ovn_revision_numbers_db [None req-710b184a-7f74-4b3e-9028-3c4de62b1461 b477c62976d24feda1acaae2b27b29be b58a4c05e6074359883ff168fa613fe1 - - default default] Successfully bumped revision number for resource 6f8cf173-9311-49ef-b464-bc39de5e7c0a (type: security_group_rules) to 0
2026-05-10 02:00:57.060 9 INFO neutron.db.ovn_revision_numbers_db [None req-710b184a-7f74-4b3e-9028-3c4de62b1461 b477c62976d24feda1acaae2b27b29be b58a4c05e6074359883ff168fa613fe1 - - default default] Successfully bumped revision number for resource a499b98a-0e99-4a31-9ce4-e540529f2089 (type: security_group_rules) to 0
2026-05-10 02:00:57.073 9 INFO neutron.db.ovn_revision_numbers_db [None req-710b184a-7f74-4b3e-9028-3c4de62b1461 b477c62976d24feda1acaae2b27b29be b58a4c05e6074359883ff168fa613fe1 - - default default] Successfully bumped revision number for resource e79a7702-6c89-4cd9-9758-0a068fb29d95 (type: security_group_rules) to 0
2026-05-10 02:00:57.098 9 INFO neutron.wsgi [None req-710b184a-7f74-4b3e-9028-3c4de62b1461 b477c62976d24feda1acaae2b27b29be b58a4c05e6074359883ff168fa613fe1 - - default default] 10.0.0.101 "GET /v2.0/security-groups?tenant_id=bb93746f674543beae269e50e3b24810&name=default HTTP/1.1" status: 200 len: 2992 time: 0.1993456
2026-05-10 02:00:57.319 10 INFO neutron.db.ovn_revision_numbers_db [None req-1aeb9f6f-1d79-436c-8010-cec9f380edaa - - - - - -] Successfully bumped revision number for resource a5bf6068-ccca-42f1-96da-6655809721ab (type: ports) to 1
2026-05-10 02:00:57.343 9 INFO neutron.wsgi [None req-ee454e46-2500-4dad-9209-183775bc54e6 b477c62976d24feda1acaae2b27b29be b58a4c05e6074359883ff168fa613fe1 - - default default] 10.0.0.101 "DELETE /v2.0/security-groups/15d03f1d-e070-4e11-ac8c-93bd13e494a4 HTTP/1.1" status: 204 len: 168 time: 0.2287929
2026-05-10 02:00:57.413 10 INFO neutron.db.ovn_revision_numbers_db [None req-401d1344-a69f-4593-8ccb-b2c6b726f93b b477c62976d24feda1acaae2b27b29be b58a4c05e6074359883ff168fa613fe1 - - default default] Successfully bumped revision number for resource 30b133dc-c9b1-4a3d-b287-e63cdb4f5e18 (type: router_ports) to 1
2026-05-10 02:00:57.416 10 INFO neutron.wsgi [None req-401d1344-a69f-4593-8ccb-b2c6b726f93b b477c62976d24feda1acaae2b27b29be b58a4c05e6074359883ff168fa613fe1 - - default default] 10.0.0.101 "PUT /v2.0/routers/e6664e0e-f6de-43b1-b4dc-6761c6fb9c31/add_router_interface HTTP/1.1" status: 200 len: 503 time: 3.8268993
2026-05-10 02:00:57.449 9 INFO neutron.db.ovn_revision_numbers_db [None req-0ec50b53-9e88-413c-b841-f10105a7ac44 83b037f34e3f444eaf03a1c295d9fe47 33160cd1f02e47b099e573ede7e9257d - - default default] Successfully bumped revision number for resource 7d3958cc-b487-4d28-85ba-40ca1fa94684 (type: security_groups) to 1
2026-05-10 02:00:57.474 9 INFO neutron.db.ovn_revision_numbers_db [None req-0ec50b53-9e88-413c-b841-f10105a7ac44 83b037f34e3f444eaf03a1c295d9fe47 33160cd1f02e47b099e573ede7e9257d - - default default] Successfully bumped revision number for resource 077deef2-dc40-4283-bf91-86df4d6a13f4 (type: security_group_rules) to 0
2026-05-10 02:00:57.492 9 INFO neutron.db.ovn_revision_numbers_db [None req-0ec50b53-9e88-413c-b841-f10105a7ac44 83b037f34e3f444eaf03a1c295d9fe47 33160cd1f02e47b099e573ede7e9257d - - default default] Successfully bumped revision number for resource 3f1727dd-edef-4aa7-8d66-87088a57cd76 (type: security_group_rules) to 0
2026-05-10 02:00:57.516 9 INFO neutron.wsgi [None req-0ec50b53-9e88-413c-b841-f10105a7ac44 83b037f34e3f444eaf03a1c295d9fe47 33160cd1f02e47b099e573ede7e9257d - - default default] 10.0.0.101 "POST /v2.0/security-groups HTTP/1.1" status: 201 len: 1794 time: 0.1921277
2026-05-10 02:00:57.641 9 INFO neutron.db.ovn_revision_numbers_db [None req-b28565ee-9101-4dc5-add7-c9c4cfb6d81f 83b037f34e3f444eaf03a1c295d9fe47 33160cd1f02e47b099e573ede7e9257d - - default default] Successfully bumped revision number for resource cb8cd1cd-9d5a-4118-b509-08c58e0eb883 (type: security_group_rules) to 0
2026-05-10 02:00:57.672 10 INFO neutron.db.ovn_revision_numbers_db [None req-1aeb9f6f-1d79-436c-8010-cec9f380edaa - - - - - -] Successfully bumped revision number for resource a5bf6068-ccca-42f1-96da-6655809721ab (type: router_ports) to 3
2026-05-10 02:00:57.803 9 INFO neutron.wsgi [None req-b28565ee-9101-4dc5-add7-c9c4cfb6d81f 83b037f34e3f444eaf03a1c295d9fe47 33160cd1f02e47b099e573ede7e9257d - - default default] 10.0.0.101 "POST /v2.0/security-group-rules HTTP/1.1" status: 201 len: 764 time: 0.2809644
2026-05-10 02:00:57.828 10 INFO neutron.db.ovn_revision_numbers_db [None req-1aeb9f6f-1d79-436c-8010-cec9f380edaa - - - - - -] Successfully bumped revision number for resource a5bf6068-ccca-42f1-96da-6655809721ab (type: ports) to 2
2026-05-10 02:00:57.949 9 INFO neutron.db.ovn_revision_numbers_db [req-6cfd463e-9b1a-4925-85fd-e33b6ddc7e5e req-ac61ddd4-58be-4d94-98ea-c4bd42fafb18 30d8054d428e4bb6810ee15d6cd96d52 6f2e590e17a6432483502ce2e14b581c - - default default] Successfully bumped revision number for resource 4ce3f83b-e672-4cd1-aec8-2c4106289a60 (type: security_groups) to 1
2026-05-10 02:00:57.955 9 INFO neutron.plugins.ml2.drivers.ovn.mech_driver.mech_driver [None req-4abb913c-3f33-48cb-a24c-b9cb0af6d460 - - - - - -] OVN reports status up for port: 4ab9fd09-5020-4cbf-b342-de37d7535f1d
2026-05-10 02:00:57.969 9 INFO neutron.wsgi [-] 10.0.0.230 "GET / HTTP/1.1" status: 200 len: 247 time: 0.0015061
2026-05-10 02:00:57.970 9 INFO neutron.wsgi [-] 10.0.0.230 "GET / HTTP/1.1" status: 200 len: 247 time: 0.0009189
2026-05-10 02:00:57.972 9 INFO neutron.plugins.ml2.plugin [None req-4abb913c-3f33-48cb-a24c-b9cb0af6d460 - - - - - -] Attempt 1 to provision port 4ab9fd09-5020-4cbf-b342-de37d7535f1d
2026-05-10 02:00:57.984 9 INFO neutron.db.ovn_revision_numbers_db [req-6cfd463e-9b1a-4925-85fd-e33b6ddc7e5e req-ac61ddd4-58be-4d94-98ea-c4bd42fafb18 30d8054d428e4bb6810ee15d6cd96d52 6f2e590e17a6432483502ce2e14b581c - - default default] Successfully bumped revision number for resource 0ed23687-16fd-4ad8-8819-c53b116c01f5 (type: security_group_rules) to 0
2026-05-10 02:00:58.011 9 INFO neutron.db.ovn_revision_numbers_db [None req-8aaafd35-8df2-4ba6-8f86-913d7619f2cc 83b037f34e3f444eaf03a1c295d9fe47 33160cd1f02e47b099e573ede7e9257d - - default default] Successfully bumped revision number for resource 728c4d33-9ee3-4dc0-afee-50f47fa195ed (type: security_group_rules) to 0
2026-05-10 02:00:58.019 9 INFO neutron.db.ovn_revision_numbers_db [req-6cfd463e-9b1a-4925-85fd-e33b6ddc7e5e req-ac61ddd4-58be-4d94-98ea-c4bd42fafb18 30d8054d428e4bb6810ee15d6cd96d52 6f2e590e17a6432483502ce2e14b581c - - default default] Successfully bumped revision number for resource a255f94f-f407-4a85-8bdf-ec7068cd439d (type: security_group_rules) to 0
2026-05-10 02:00:58.048 9 INFO neutron.wsgi [req-6cfd463e-9b1a-4925-85fd-e33b6ddc7e5e req-ac61ddd4-58be-4d94-98ea-c4bd42fafb18 30d8054d428e4bb6810ee15d6cd96d52 6f2e590e17a6432483502ce2e14b581c - - default default] 10.0.0.246 "POST /v2.0/security-groups HTTP/1.1" status: 201 len: 1822 time: 0.5746882
2026-05-10 02:00:58.055 9 INFO neutron.wsgi [None req-8aaafd35-8df2-4ba6-8f86-913d7619f2cc 83b037f34e3f444eaf03a1c295d9fe47 33160cd1f02e47b099e573ede7e9257d - - default default] 10.0.0.101 "POST /v2.0/security-group-rules HTTP/1.1" status: 201 len: 769 time: 0.2461247
2026-05-10 02:00:58.160 10 INFO neutron.db.ovn_revision_numbers_db [None req-1aeb9f6f-1d79-436c-8010-cec9f380edaa - - - - - -] Successfully bumped revision number for resource a5bf6068-ccca-42f1-96da-6655809721ab (type: ports) to 4
2026-05-10 02:00:58.278 9 INFO neutron.db.ovn_revision_numbers_db [req-65be6c29-78b6-4aef-b81a-995219de201e req-14f62b29-c3ea-4a00-b378-4c78df2b51c7 30d8054d428e4bb6810ee15d6cd96d52 6f2e590e17a6432483502ce2e14b581c - - default default] Successfully bumped revision number for resource e3d2e98f-293d-48e0-9d98-e4fe36970c36 (type: security_groups) to 1
2026-05-10 02:00:58.318 9 INFO neutron.db.ovn_revision_numbers_db [req-65be6c29-78b6-4aef-b81a-995219de201e req-14f62b29-c3ea-4a00-b378-4c78df2b51c7 30d8054d428e4bb6810ee15d6cd96d52 6f2e590e17a6432483502ce2e14b581c - - default default] Successfully bumped revision number for resource e2ae271d-8824-4d30-b1c2-ee35a6dcf385 (type: security_group_rules) to 0
2026-05-10 02:00:58.347 9 INFO neutron.db.ovn_revision_numbers_db [req-65be6c29-78b6-4aef-b81a-995219de201e req-14f62b29-c3ea-4a00-b378-4c78df2b51c7 30d8054d428e4bb6810ee15d6cd96d52 6f2e590e17a6432483502ce2e14b581c - - default default] Successfully bumped revision number for resource ee1960b9-98e0-458e-aa63-a9116611bc50 (type: security_group_rules) to 0
2026-05-10 02:00:58.376 9 INFO neutron.wsgi [req-65be6c29-78b6-4aef-b81a-995219de201e req-14f62b29-c3ea-4a00-b378-4c78df2b51c7 30d8054d428e4bb6810ee15d6cd96d52 6f2e590e17a6432483502ce2e14b581c - - default default] 10.0.0.246 "POST /v2.0/security-groups HTTP/1.1" status: 201 len: 1822 time: 0.3076341
2026-05-10 02:00:58.378 9 INFO neutron.db.ovn_revision_numbers_db [None req-4abb913c-3f33-48cb-a24c-b9cb0af6d460 - - - - - -] Successfully bumped revision number for resource 4ab9fd09-5020-4cbf-b342-de37d7535f1d (type: ports) to 2
2026-05-10 02:00:58.541 9 INFO neutron.db.ovn_revision_numbers_db [None req-4abb913c-3f33-48cb-a24c-b9cb0af6d460 - - - - - -] Successfully bumped revision number for resource 4ab9fd09-5020-4cbf-b342-de37d7535f1d (type: router_ports) to 2
2026-05-10 02:00:58.561 9 INFO neutron.db.ovn_revision_numbers_db [req-256f5d07-0590-4839-9fda-31fdb899840e req-5d2a6211-a680-4a86-9d79-100f928260a6 30d8054d428e4bb6810ee15d6cd96d52 6f2e590e17a6432483502ce2e14b581c - - default default] Successfully bumped revision number for resource 7aa832de-91c0-482e-952a-dd2e593996e7 (type: security_groups) to 1
2026-05-10 02:00:58.589 9 INFO neutron.db.ovn_revision_numbers_db [req-256f5d07-0590-4839-9fda-31fdb899840e req-5d2a6211-a680-4a86-9d79-100f928260a6 30d8054d428e4bb6810ee15d6cd96d52 6f2e590e17a6432483502ce2e14b581c - - default default] Successfully bumped revision number for resource 10518c85-e13a-41cf-9653-8c1b7faac2cd (type: security_group_rules) to 0
2026-05-10 02:00:58.605 9 INFO neutron.db.ovn_revision_numbers_db [req-256f5d07-0590-4839-9fda-31fdb899840e req-5d2a6211-a680-4a86-9d79-100f928260a6 30d8054d428e4bb6810ee15d6cd96d52 6f2e590e17a6432483502ce2e14b581c - - default default] Successfully bumped revision number for resource 688ae2e7-24cc-4d78-b7a2-9b378d30a464 (type: security_group_rules) to 0
2026-05-10 02:00:58.623 9 INFO neutron.wsgi [req-256f5d07-0590-4839-9fda-31fdb899840e req-5d2a6211-a680-4a86-9d79-100f928260a6 30d8054d428e4bb6810ee15d6cd96d52 6f2e590e17a6432483502ce2e14b581c - - default default] 10.0.0.246 "POST /v2.0/security-groups HTTP/1.1" status: 201 len: 1821 time: 0.2135894
2026-05-10 02:00:58.696 9 INFO neutron.wsgi [req-8ba4eea9-9f88-4f26-9e5e-c0c7354b4eb6 req-78f61af4-bae8-4b25-bb1e-7221a5aceac6 30d8054d428e4bb6810ee15d6cd96d52 6f2e590e17a6432483502ce2e14b581c - - default default] 10.0.0.246 "GET /v2.0/security-groups?tenant_id=6f2e590e17a6432483502ce2e14b581c HTTP/1.1" status: 200 len: 7793 time: 0.0494330
2026-05-10 02:00:58.705 10 WARNING neutron.scheduler.dhcp_agent_scheduler [None req-4cc0af87-c48c-4194-99d0-86de4f4863f8 83b037f34e3f444eaf03a1c295d9fe47 33160cd1f02e47b099e573ede7e9257d - - default default] No more DHCP agents
2026-05-10 02:00:58.713 10 WARNING neutron.api.rpc.agentnotifiers.dhcp_rpc_agent_api [None req-4cc0af87-c48c-4194-99d0-86de4f4863f8 83b037f34e3f444eaf03a1c295d9fe47 33160cd1f02e47b099e573ede7e9257d - - default default] Unable to schedule network ea0ed169-d079-4bfa-b24a-5ba949b32953: no agents available; will retry on subsequent port and subnet creation events.
2026-05-10 02:00:58.738 9 INFO neutron.wsgi [req-8ba4eea9-9f88-4f26-9e5e-c0c7354b4eb6 req-37d88501-bd27-4d81-a454-033cabe31f70 30d8054d428e4bb6810ee15d6cd96d52 6f2e590e17a6432483502ce2e14b581c - - default default] 10.0.0.246 "GET /v2.0/security-groups/00bd00a2-29d6-4a1d-be61-4dd9a6d76767 HTTP/1.1" status: 200 len: 2994 time: 0.0346990
2026-05-10 02:00:58.778 9 INFO neutron.wsgi [req-8ba4eea9-9f88-4f26-9e5e-c0c7354b4eb6 req-1523817e-1b1a-4eb0-91f3-1db72e41532b 30d8054d428e4bb6810ee15d6cd96d52 6f2e590e17a6432483502ce2e14b581c - - default default] 10.0.0.246 "GET /v2.0/security-groups/00bd00a2-29d6-4a1d-be61-4dd9a6d76767 HTTP/1.1" status: 200 len: 2994 time: 0.0326409
2026-05-10 02:00:58.781 10 INFO neutron.db.ovn_revision_numbers_db [None req-1aeb9f6f-1d79-436c-8010-cec9f380edaa - - - - - -] Successfully bumped revision number for resource a5bf6068-ccca-42f1-96da-6655809721ab (type: router_ports) to 4
2026-05-10 02:00:58.824 10 INFO neutron.db.ovn_revision_numbers_db [req-a39bc28e-6fe9-4316-aad1-12e2b7d2ec3b req-3b60a31f-18c4-4ef2-8212-6390b08e048e 60b2cf5da151442d9b57e7e2e1b00977 c287b1333bf24b799666a1fb9590a831 - - default default] Successfully bumped revision number for resource 172f4d19-954f-46ce-8cf0-68aff6b8419e (type: security_groups) to 1
2026-05-10 02:00:58.847 9 INFO neutron.wsgi [req-e3bcbbb6-461d-4512-953d-c392f8fe8259 req-830b559a-8097-417c-9985-0f039b2470da 30d8054d428e4bb6810ee15d6cd96d52 6f2e590e17a6432483502ce2e14b581c - - default default] 10.0.0.246 "GET /v2.0/security-groups/4ce3f83b-e672-4cd1-aec8-2c4106289a60 HTTP/1.1" status: 200 len: 1817 time: 0.0451472
2026-05-10 02:00:58.848 10 INFO neutron.db.ovn_revision_numbers_db [req-a39bc28e-6fe9-4316-aad1-12e2b7d2ec3b req-3b60a31f-18c4-4ef2-8212-6390b08e048e 60b2cf5da151442d9b57e7e2e1b00977 c287b1333bf24b799666a1fb9590a831 - - default default] Successfully bumped revision number for resource 368718c7-f329-4956-95fb-dd240f841070 (type: security_group_rules) to 0
2026-05-10 02:00:58.875 10 INFO neutron.db.ovn_revision_numbers_db [req-a39bc28e-6fe9-4316-aad1-12e2b7d2ec3b req-3b60a31f-18c4-4ef2-8212-6390b08e048e 60b2cf5da151442d9b57e7e2e1b00977 c287b1333bf24b799666a1fb9590a831 - - default default] Successfully bumped revision number for resource b226394e-4f18-4d5a-b5c5-21df1f8c7e6d (type: security_group_rules) to 0
2026-05-10 02:00:58.903 10 INFO neutron.wsgi [req-a39bc28e-6fe9-4316-aad1-12e2b7d2ec3b req-3b60a31f-18c4-4ef2-8212-6390b08e048e 60b2cf5da151442d9b57e7e2e1b00977 c287b1333bf24b799666a1fb9590a831 - - default default] 10.0.0.246 "POST /v2.0/security-groups HTTP/1.1" status: 201 len: 1827 time: 0.7194123
2026-05-10 02:00:58.978 10 INFO neutron.wsgi [req-f74c6c3e-de04-4948-8b6f-429ee5d4bb60 req-156f6941-2638-4dc1-ae91-efe98e3208a3 60b2cf5da151442d9b57e7e2e1b00977 c287b1333bf24b799666a1fb9590a831 - - default default] 10.0.0.246 "GET /v2.0/security-groups/172f4d19-954f-46ce-8cf0-68aff6b8419e HTTP/1.1" status: 200 len: 1822 time: 0.0455184
2026-05-10 02:00:58.986 9 INFO neutron.wsgi [req-e3bcbbb6-461d-4512-953d-c392f8fe8259 req-df6ab37b-4ea1-416c-b07d-49a06185d336 30d8054d428e4bb6810ee15d6cd96d52 6f2e590e17a6432483502ce2e14b581c - - default default] 10.0.0.246 "DELETE /v2.0/security-groups/4ce3f83b-e672-4cd1-aec8-2c4106289a60 HTTP/1.1" status: 204 len: 173 time: 0.1316214
2026-05-10 02:00:59.016 9 INFO neutron.api.v2.resource [req-9e3fc6de-6d87-4fb4-814e-e67af9a615d2 req-bf105c3c-2a7e-47e5-ad8a-581d28b0f229 30d8054d428e4bb6810ee15d6cd96d52 6f2e590e17a6432483502ce2e14b581c - - default default] show failed (client error): The resource could not be found.
2026-05-10 02:00:59.017 9 INFO neutron.wsgi [req-9e3fc6de-6d87-4fb4-814e-e67af9a615d2 req-bf105c3c-2a7e-47e5-ad8a-581d28b0f229 30d8054d428e4bb6810ee15d6cd96d52 6f2e590e17a6432483502ce2e14b581c - - default default] 10.0.0.246 "GET /v2.0/security-groups/4ce3f83b-e672-4cd1-aec8-2c4106289a60 HTTP/1.1" status: 404 len: 352 time: 0.0148230
2026-05-10 02:00:59.066 9 INFO neutron.wsgi [req-ec8c3635-080a-47d7-82f6-5cff2ddb5234 req-6d82bbd9-5b1c-4027-bc9d-58333842549d 30d8054d428e4bb6810ee15d6cd96d52 6f2e590e17a6432483502ce2e14b581c - - default default] 10.0.0.246 "GET /v2.0/security-groups/e3d2e98f-293d-48e0-9d98-e4fe36970c36 HTTP/1.1" status: 200 len: 1817 time: 0.0305798
2026-05-10 02:00:59.103 10 INFO neutron.db.ovn_revision_numbers_db [None req-4cc0af87-c48c-4194-99d0-86de4f4863f8 83b037f34e3f444eaf03a1c295d9fe47 33160cd1f02e47b099e573ede7e9257d - - default default] Successfully bumped revision number for resource 03014e10-76c0-4664-baed-2e65057dba51 (type: floatingips) to 0
2026-05-10 02:00:59.120 10 INFO neutron.wsgi [None req-4cc0af87-c48c-4194-99d0-86de4f4863f8 83b037f34e3f444eaf03a1c295d9fe47 33160cd1f02e47b099e573ede7e9257d - - default default] 10.0.0.101 "POST /v2.0/floatingips HTTP/1.1" status: 201 len: 751 time: 1.0573025
2026-05-10 02:00:59.178 10 INFO neutron.db.ovn_revision_numbers_db [req-f74c6c3e-de04-4948-8b6f-429ee5d4bb60 req-99c792e1-1ef1-4e80-8a23-99bc50722183 60b2cf5da151442d9b57e7e2e1b00977 c287b1333bf24b799666a1fb9590a831 - - default default] Successfully bumped revision number for resource 59ff21de-247d-4342-a02f-1ff9ed27f755 (type: security_group_rules) to 0
2026-05-10 02:00:59.190 9 INFO neutron.wsgi [req-ec8c3635-080a-47d7-82f6-5cff2ddb5234 req-1cd046e2-0e6b-4de6-9e2c-f2ce97743689 30d8054d428e4bb6810ee15d6cd96d52 6f2e590e17a6432483502ce2e14b581c - - default default] 10.0.0.246 "DELETE /v2.0/security-groups/e3d2e98f-293d-48e0-9d98-e4fe36970c36 HTTP/1.1" status: 204 len: 173 time: 0.1163485
2026-05-10 02:00:59.203 10 INFO neutron.wsgi [req-f74c6c3e-de04-4948-8b6f-429ee5d4bb60 req-99c792e1-1ef1-4e80-8a23-99bc50722183 60b2cf5da151442d9b57e7e2e1b00977 c287b1333bf24b799666a1fb9590a831 - - default default] 10.0.0.246 "POST /v2.0/security-group-rules HTTP/1.1" status: 201 len: 786 time: 0.2153776
2026-05-10 02:00:59.225 9 INFO neutron.api.v2.resource [req-28a58df3-3aab-45eb-beba-032c995c706c req-8e43c25e-19aa-4ccb-87e8-e6fc56124d86 30d8054d428e4bb6810ee15d6cd96d52 6f2e590e17a6432483502ce2e14b581c - - default default] show failed (client error): The resource could not be found.
2026-05-10 02:00:59.227 9 INFO neutron.wsgi [req-28a58df3-3aab-45eb-beba-032c995c706c req-8e43c25e-19aa-4ccb-87e8-e6fc56124d86 30d8054d428e4bb6810ee15d6cd96d52 6f2e590e17a6432483502ce2e14b581c - - default default] 10.0.0.246 "GET /v2.0/security-groups/e3d2e98f-293d-48e0-9d98-e4fe36970c36 HTTP/1.1" status: 404 len: 352 time: 0.0176032
2026-05-10 02:00:59.279 9 INFO neutron.wsgi [req-d52e44f9-a5ef-4898-ba34-0fe9414d0ec5 req-cc072bcf-1916-4e04-9e26-f60d11486b50 30d8054d428e4bb6810ee15d6cd96d52 6f2e590e17a6432483502ce2e14b581c - - default default] 10.0.0.246 "GET /v2.0/security-groups/7aa832de-91c0-482e-952a-dd2e593996e7 HTTP/1.1" status: 200 len: 1816 time: 0.0333731
2026-05-10 02:00:59.359 10 INFO neutron.db.ovn_revision_numbers_db [req-62301aad-8ef2-414b-bd6a-0bf1dd7b6bf6 req-953a6b19-a3ad-4866-8298-5b03ecd37c9b 60b2cf5da151442d9b57e7e2e1b00977 c287b1333bf24b799666a1fb9590a831 - - default default] Successfully bumped revision number for resource 70847cd1-c921-44f2-a59e-ab1fa51cc84c (type: security_groups) to 1
2026-05-10 02:00:59.385 10 INFO neutron.db.ovn_revision_numbers_db [req-62301aad-8ef2-414b-bd6a-0bf1dd7b6bf6 req-953a6b19-a3ad-4866-8298-5b03ecd37c9b 60b2cf5da151442d9b57e7e2e1b00977 c287b1333bf24b799666a1fb9590a831 - - default default] Successfully bumped revision number for resource d2268ff8-60ea-4c43-b168-345d2edf1a46 (type: security_group_rules) to 0
2026-05-10 02:00:59.404 10 INFO neutron.db.ovn_revision_numbers_db [req-62301aad-8ef2-414b-bd6a-0bf1dd7b6bf6 req-953a6b19-a3ad-4866-8298-5b03ecd37c9b 60b2cf5da151442d9b57e7e2e1b00977 c287b1333bf24b799666a1fb9590a831 - - default default] Successfully bumped revision number for resource ed395e9b-174d-496f-9a06-38996d0e5eaf (type: security_group_rules) to 0
2026-05-10 02:00:59.427 9 INFO neutron.wsgi [req-d52e44f9-a5ef-4898-ba34-0fe9414d0ec5 req-a51ef27a-f23c-4305-a42c-98f4a5051c0e 30d8054d428e4bb6810ee15d6cd96d52 6f2e590e17a6432483502ce2e14b581c - - default default] 10.0.0.246 "DELETE /v2.0/security-groups/7aa832de-91c0-482e-952a-dd2e593996e7 HTTP/1.1" status: 204 len: 173 time: 0.1406405
2026-05-10 02:00:59.432 10 INFO neutron.wsgi [req-62301aad-8ef2-414b-bd6a-0bf1dd7b6bf6 req-953a6b19-a3ad-4866-8298-5b03ecd37c9b 60b2cf5da151442d9b57e7e2e1b00977 c287b1333bf24b799666a1fb9590a831 - - default default] 10.0.0.246 "POST /v2.0/security-groups HTTP/1.1" status: 201 len: 1826 time: 0.1950550
2026-05-10 02:00:59.476 10 INFO neutron.api.v2.resource [req-51cbc9cd-da90-4eaf-a7da-721b9305647f req-0b1e0c70-169e-45e1-8ee6-fe57a932b760 30d8054d428e4bb6810ee15d6cd96d52 6f2e590e17a6432483502ce2e14b581c - - default default] show failed (client error): The resource could not be found.
2026-05-10 02:00:59.477 10 INFO neutron.wsgi [req-51cbc9cd-da90-4eaf-a7da-721b9305647f req-0b1e0c70-169e-45e1-8ee6-fe57a932b760 30d8054d428e4bb6810ee15d6cd96d52 6f2e590e17a6432483502ce2e14b581c - - default default] 10.0.0.246 "GET /v2.0/security-groups/7aa832de-91c0-482e-952a-dd2e593996e7 HTTP/1.1" status: 404 len: 352 time: 0.0240140
2026-05-10 02:00:59.505 9 INFO neutron.wsgi [req-1c9f3daf-f7ee-4e4c-92c7-46fd3ee183e4 req-ff342da2-c44b-4503-a722-1721a0b31ece 60b2cf5da151442d9b57e7e2e1b00977 c287b1333bf24b799666a1fb9590a831 - - default default] 10.0.0.246 "GET /v2.0/security-groups/70847cd1-c921-44f2-a59e-ab1fa51cc84c HTTP/1.1" status: 200 len: 1821 time: 0.0520830
2026-05-10 02:00:59.536 10 INFO neutron.wsgi [req-59c157cc-ac32-47d3-ab89-5aa49ae8ddbe req-b88dd7fa-c13e-4427-ac8e-3298d2abf8cf 30d8054d428e4bb6810ee15d6cd96d52 6f2e590e17a6432483502ce2e14b581c - - default default] 10.0.0.246 "GET /v2.0/security-groups?tenant_id=6f2e590e17a6432483502ce2e14b581c HTTP/1.1" status: 200 len: 2997 time: 0.0414128
2026-05-10 02:00:59.586 10 INFO neutron.wsgi [req-59c157cc-ac32-47d3-ab89-5aa49ae8ddbe req-45ffcdd1-84af-4894-bcfd-17829acf9db4 30d8054d428e4bb6810ee15d6cd96d52 6f2e590e17a6432483502ce2e14b581c - - default default] 10.0.0.246 "GET /v2.0/security-groups/00bd00a2-29d6-4a1d-be61-4dd9a6d76767 HTTP/1.1" status: 200 len: 2994 time: 0.0402167
2026-05-10 02:00:59.624 10 INFO neutron.wsgi [req-59c157cc-ac32-47d3-ab89-5aa49ae8ddbe req-55a7f73b-f3b8-42e5-bd32-0b14ba170675 30d8054d428e4bb6810ee15d6cd96d52 6f2e590e17a6432483502ce2e14b581c - - default default] 10.0.0.246 "GET /v2.0/security-groups/00bd00a2-29d6-4a1d-be61-4dd9a6d76767 HTTP/1.1" status: 200 len: 2994 time: 0.0295231
2026-05-10 02:00:59.666 9 INFO neutron.db.ovn_revision_numbers_db [req-1c9f3daf-f7ee-4e4c-92c7-46fd3ee183e4 req-a5ec09ef-c3f9-4fed-b9f1-30a4e12ccf68 60b2cf5da151442d9b57e7e2e1b00977 c287b1333bf24b799666a1fb9590a831 - - default default] Successfully bumped revision number for resource 19943d89-a1ae-41dd-a10f-1f8bd352fe9c (type: security_group_rules) to 0
2026-05-10 02:00:59.709 9 INFO neutron.wsgi [req-1c9f3daf-f7ee-4e4c-92c7-46fd3ee183e4 req-a5ec09ef-c3f9-4fed-b9f1-30a4e12ccf68 60b2cf5da151442d9b57e7e2e1b00977 c287b1333bf24b799666a1fb9590a831 - - default default] 10.0.0.246 "POST /v2.0/security-group-rules HTTP/1.1" status: 201 len: 786 time: 0.1959805
2026-05-10 02:00:59.740 9 INFO neutron.api.v2.resource [req-74e34fdf-a23f-4cb2-9334-ff3c179dec42 req-a30a91fb-5b8d-4407-8351-1968f0765624 30d8054d428e4bb6810ee15d6cd96d52 6f2e590e17a6432483502ce2e14b581c - - default default] show failed (client error): The resource could not be found.
2026-05-10 02:00:59.742 9 INFO neutron.wsgi [req-74e34fdf-a23f-4cb2-9334-ff3c179dec42 req-a30a91fb-5b8d-4407-8351-1968f0765624 30d8054d428e4bb6810ee15d6cd96d52 6f2e590e17a6432483502ce2e14b581c - - default default] 10.0.0.246 "GET /v2.0/security-groups/7aa832de-91c0-482e-952a-dd2e593996e7 HTTP/1.1" status: 404 len: 352 time: 0.0183353
2026-05-10 02:00:59.752 10 INFO neutron.wsgi [req-5a74832c-55ad-40a4-91c8-6e50f8aadf5c req-180ce96d-2192-4d42-bcd8-e07cda4425e1 83b037f34e3f444eaf03a1c295d9fe47 33160cd1f02e47b099e573ede7e9257d - - default default] 10.0.0.246 "GET /v2.0/security-groups?name=tempest-securitygroup--893887608&fields=id&tenant_id=33160cd1f02e47b099e573ede7e9257d HTTP/1.1" status: 200 len: 267 time: 0.0513370
2026-05-10 02:00:59.797 9 INFO neutron.wsgi [req-bbe1f200-6e3d-42ae-b676-20f64755c1f3 req-177faaae-0f44-48a8-91d5-828e9edc1a67 60b2cf5da151442d9b57e7e2e1b00977 c287b1333bf24b799666a1fb9590a831 - - default default] 10.0.0.246 "GET /v2.0/security-groups/70847cd1-c921-44f2-a59e-ab1fa51cc84c HTTP/1.1" status: 200 len: 2414 time: 0.0387061
2026-05-10 02:00:59.858 10 INFO neutron.wsgi [req-5a74832c-55ad-40a4-91c8-6e50f8aadf5c req-4b6207fc-1614-47bf-b399-a96d78f3b28c 83b037f34e3f444eaf03a1c295d9fe47 33160cd1f02e47b099e573ede7e9257d - - default default] 10.0.0.246 "GET /v2.0/networks?id=02d1da56-5c00-4db6-9b09-954a2dc21b2d HTTP/1.1" status: 200 len: 869 time: 0.0996609
2026-05-10 02:00:59.875 10 INFO neutron.wsgi [req-5a74832c-55ad-40a4-91c8-6e50f8aadf5c req-abfc4742-0488-490c-a7f1-7f9d548c958a 83b037f34e3f444eaf03a1c295d9fe47 33160cd1f02e47b099e573ede7e9257d - - default default] 10.0.0.246 "GET /v2.0/quotas/33160cd1f02e47b099e573ede7e9257d HTTP/1.1" status: 200 len: 386 time: 0.0098321
2026-05-10 02:00:59.935 9 INFO neutron.db.ovn_revision_numbers_db [req-bbe1f200-6e3d-42ae-b676-20f64755c1f3 req-4ee5d9ee-faa6-4e5e-970a-de3953a6403a 60b2cf5da151442d9b57e7e2e1b00977 c287b1333bf24b799666a1fb9590a831 - - default default] Successfully bumped revision number for resource 0948a0bb-5046-45ac-83bd-b2009e9bbe13 (type: security_group_rules) to 0
2026-05-10 02:00:59.959 9 INFO neutron.wsgi [req-bbe1f200-6e3d-42ae-b676-20f64755c1f3 req-4ee5d9ee-faa6-4e5e-970a-de3953a6403a 60b2cf5da151442d9b57e7e2e1b00977 c287b1333bf24b799666a1fb9590a831 - - default default] 10.0.0.246 "POST /v2.0/security-group-rules HTTP/1.1" status: 201 len: 791 time: 0.1538830
2026-05-10 02:00:59.987 10 INFO neutron.wsgi [req-5a74832c-55ad-40a4-91c8-6e50f8aadf5c req-0274f8fa-8fa6-43fe-9a75-87ec40a8d380 83b037f34e3f444eaf03a1c295d9fe47 33160cd1f02e47b099e573ede7e9257d - - default default] 10.0.0.246 "GET /v2.0/ports?tenant_id=33160cd1f02e47b099e573ede7e9257d&fields=id HTTP/1.1" status: 200 len: 302 time: 0.1063914
2026-05-10 02:00:59.995 9 INFO neutron.api.v2.resource [req-e737b9dc-1dbc-46b7-b278-c57d66b190f4 req-f03b1a4c-fa60-4cc4-bc3c-c715e58f9aee 30d8054d428e4bb6810ee15d6cd96d52 6f2e590e17a6432483502ce2e14b581c - - default default] show failed (client error): The resource could not be found.
2026-05-10 02:00:59.996 9 INFO neutron.wsgi [req-e737b9dc-1dbc-46b7-b278-c57d66b190f4 req-f03b1a4c-fa60-4cc4-bc3c-c715e58f9aee 30d8054d428e4bb6810ee15d6cd96d52 6f2e590e17a6432483502ce2e14b581c - - default default] 10.0.0.246 "GET /v2.0/security-groups/e3d2e98f-293d-48e0-9d98-e4fe36970c36 HTTP/1.1" status: 404 len: 352 time: 0.0161152
2026-05-10 02:01:00.047 9 INFO neutron.wsgi [req-7f422778-a27b-47e6-afe1-d38abb2186d2 req-d4e04cd8-34ee-47a2-9aa8-a09c4a846b1d 60b2cf5da151442d9b57e7e2e1b00977 c287b1333bf24b799666a1fb9590a831 - - default default] 10.0.0.246 "GET /v2.0/security-groups/70847cd1-c921-44f2-a59e-ab1fa51cc84c HTTP/1.1" status: 200 len: 3012 time: 0.0347376
2026-05-10 02:01:00.078 9 INFO neutron.api.v2.resource [req-42a0ffc0-7293-4642-8124-2d9c4eac753d req-9e82c641-5d29-49d6-9853-23521e847d5e 30d8054d428e4bb6810ee15d6cd96d52 6f2e590e17a6432483502ce2e14b581c - - default default] show failed (client error): The resource could not be found.
2026-05-10 02:01:00.079 9 INFO neutron.wsgi [req-42a0ffc0-7293-4642-8124-2d9c4eac753d req-9e82c641-5d29-49d6-9853-23521e847d5e 30d8054d428e4bb6810ee15d6cd96d52 6f2e590e17a6432483502ce2e14b581c - - default default] 10.0.0.246 "GET /v2.0/security-groups/4ce3f83b-e672-4cd1-aec8-2c4106289a60 HTTP/1.1" status: 404 len: 352 time: 0.0157356
2026-05-10 02:01:00.122 9 INFO neutron.wsgi [req-098e769a-535a-4d5c-805c-c328880f6cf2 req-1387e37e-2003-491a-9927-bbda305aea06 60b2cf5da151442d9b57e7e2e1b00977 c287b1333bf24b799666a1fb9590a831 - - default default] 10.0.0.246 "GET /v2.0/security-group-rules/0948a0bb-5046-45ac-83bd-b2009e9bbe13 HTTP/1.1" status: 200 len: 783 time: 0.0256658
2026-05-10 02:01:00.283 9 INFO neutron.wsgi [req-098e769a-535a-4d5c-805c-c328880f6cf2 req-6062217f-7d5a-467a-9b68-e6e22ce7ed26 60b2cf5da151442d9b57e7e2e1b00977 c287b1333bf24b799666a1fb9590a831 - - default default] 10.0.0.246 "GET /v2.0/security-groups/70847cd1-c921-44f2-a59e-ab1fa51cc84c HTTP/1.1" status: 200 len: 3012 time: 0.1499310
2026-05-10 02:01:00.486 10 INFO neutron.wsgi [req-5a74832c-55ad-40a4-91c8-6e50f8aadf5c req-36f77063-386a-4f3f-920e-bab46e112d80 071487f74c7148fd846b50b2a68aa9ab 506a88a9e8484628affc56649e365da4 - - be153b6ef6404744af3deace32e5da1d be153b6ef6404744af3deace32e5da1d] 10.0.0.246 "GET /v2.0/extensions HTTP/1.1" status: 200 len: 16525 time: 0.0572832
2026-05-10 02:01:00.565 9 INFO neutron.wsgi [req-098e769a-535a-4d5c-805c-c328880f6cf2 req-b5446f71-315a-4c7a-93e5-2bb1e06d6b78 60b2cf5da151442d9b57e7e2e1b00977 c287b1333bf24b799666a1fb9590a831 - - default default] 10.0.0.246 "DELETE /v2.0/security-group-rules/0948a0bb-5046-45ac-83bd-b2009e9bbe13 HTTP/1.1" status: 204 len: 173 time: 0.2688754
2026-05-10 02:01:00.651 9 INFO neutron.wsgi [req-4c73ea02-1092-4be0-883c-4a9940d40a8b req-24d87f2e-4030-41b3-9b6d-e332c30b222d 60b2cf5da151442d9b57e7e2e1b00977 c287b1333bf24b799666a1fb9590a831 - - default default] 10.0.0.246 "GET /v2.0/security-groups/70847cd1-c921-44f2-a59e-ab1fa51cc84c HTTP/1.1" status: 200 len: 2414 time: 0.0628498
2026-05-10 02:01:00.738 10 INFO neutron.wsgi [req-5a74832c-55ad-40a4-91c8-6e50f8aadf5c req-eee60051-e298-4dec-b884-b72868d09f03 071487f74c7148fd846b50b2a68aa9ab 506a88a9e8484628affc56649e365da4 - - be153b6ef6404744af3deace32e5da1d be153b6ef6404744af3deace32e5da1d] 10.0.0.246 "GET /v2.0/networks/02d1da56-5c00-4db6-9b09-954a2dc21b2d?fields=segments HTTP/1.1" status: 200 len: 212 time: 0.2435308
2026-05-10 02:01:00.833 10 INFO neutron.wsgi [req-5a74832c-55ad-40a4-91c8-6e50f8aadf5c req-45903df2-eab6-4417-a574-a767891385b2 071487f74c7148fd846b50b2a68aa9ab 506a88a9e8484628affc56649e365da4 - - be153b6ef6404744af3deace32e5da1d be153b6ef6404744af3deace32e5da1d] 10.0.0.246 "GET /v2.0/networks/02d1da56-5c00-4db6-9b09-954a2dc21b2d?fields=provider%3Aphysical_network&fields=provider%3Anetwork_type HTTP/1.1" status: 200 len: 277 time: 0.0659976
2026-05-10 02:01:01.071 9 INFO neutron.wsgi [req-4c73ea02-1092-4be0-883c-4a9940d40a8b req-7516b303-4977-468a-ac22-cfee49567cf5 60b2cf5da151442d9b57e7e2e1b00977 c287b1333bf24b799666a1fb9590a831 - - default default] 10.0.0.246 "DELETE /v2.0/security-groups/70847cd1-c921-44f2-a59e-ab1fa51cc84c HTTP/1.1" status: 204 len: 173 time: 0.4115610
2026-05-10 02:01:01.076 10 INFO neutron.wsgi [req-2dfa5666-836e-4755-9c74-680396c07ba6 req-8013850f-3e37-45c9-8675-a12a424fe760 83b037f34e3f444eaf03a1c295d9fe47 33160cd1f02e47b099e573ede7e9257d - - default default] 10.0.0.246 "GET /v2.0/ports?device_id=e267e5b7-e5d4-40e1-af31-fc50736e11ec HTTP/1.1" status: 200 len: 210 time: 0.0436454
2026-05-10 02:01:01.139 9 INFO neutron.wsgi [req-b4bf9e5a-821f-42a8-96e8-bab7893999b9 req-0cce69f7-40e0-46c4-8de0-051cbff982a6 60b2cf5da151442d9b57e7e2e1b00977 c287b1333bf24b799666a1fb9590a831 - - default default] 10.0.0.246 "GET /v2.0/security-groups/172f4d19-954f-46ce-8cf0-68aff6b8419e HTTP/1.1" status: 200 len: 2415 time: 0.0407631
2026-05-10 02:01:01.364 9 INFO neutron.wsgi [req-b4bf9e5a-821f-42a8-96e8-bab7893999b9 req-456ebf64-1a19-4aae-bf3a-6e4e936406d9 60b2cf5da151442d9b57e7e2e1b00977 c287b1333bf24b799666a1fb9590a831 - - default default] 10.0.0.246 "DELETE /v2.0/security-groups/172f4d19-954f-46ce-8cf0-68aff6b8419e HTTP/1.1" status: 204 len: 173 time: 0.2170355
2026-05-10 02:01:01.879 10 INFO neutron.db.ovn_revision_numbers_db [None req-13b50103-426f-48c3-a0d5-e12b72a974c3 b477c62976d24feda1acaae2b27b29be b58a4c05e6074359883ff168fa613fe1 - - default default] Successfully bumped revision number for resource ed228248-ce6e-4e6d-b453-8eee04582944 (type: security_groups) to 1
2026-05-10 02:01:01.901 10 INFO neutron.db.ovn_revision_numbers_db [None req-13b50103-426f-48c3-a0d5-e12b72a974c3 b477c62976d24feda1acaae2b27b29be b58a4c05e6074359883ff168fa613fe1 - - default default] Successfully bumped revision number for resource 234a5ab1-ddce-4d43-afc0-68bdccd1e801 (type: security_group_rules) to 0
2026-05-10 02:01:01.919 10 INFO neutron.db.ovn_revision_numbers_db [None req-13b50103-426f-48c3-a0d5-e12b72a974c3 b477c62976d24feda1acaae2b27b29be b58a4c05e6074359883ff168fa613fe1 - - default default] Successfully bumped revision number for resource 347a96b2-5b85-46e3-986e-37710e0784e6 (type: security_group_rules) to 0
2026-05-10 02:01:01.928 9 INFO neutron.wsgi [None req-a3222232-8554-4c10-8683-c5552e9a7ec2 b477c62976d24feda1acaae2b27b29be b58a4c05e6074359883ff168fa613fe1 - - default default] 10.0.0.101 "PUT /v2.0/routers/5cf98c1a-fdb3-4bea-986b-a8e9d2892195/remove_router_interface HTTP/1.1" status: 200 len: 503 time: 1.8409061
2026-05-10 02:01:01.957 10 INFO neutron.db.ovn_revision_numbers_db [None req-13b50103-426f-48c3-a0d5-e12b72a974c3 b477c62976d24feda1acaae2b27b29be b58a4c05e6074359883ff168fa613fe1 - - default default] Successfully bumped revision number for resource c5c43e85-cc42-4143-bfa0-e859dfd1c049 (type: security_group_rules) to 0
2026-05-10 02:01:01.985 10 INFO neutron.db.ovn_revision_numbers_db [None req-13b50103-426f-48c3-a0d5-e12b72a974c3 b477c62976d24feda1acaae2b27b29be b58a4c05e6074359883ff168fa613fe1 - - default default] Successfully bumped revision number for resource fb5f934e-e584-428f-b926-0bcc70ad03d5 (type: security_group_rules) to 0
2026-05-10 02:01:02.023 10 INFO neutron.wsgi [None req-13b50103-426f-48c3-a0d5-e12b72a974c3 b477c62976d24feda1acaae2b27b29be b58a4c05e6074359883ff168fa613fe1 - - default default] 10.0.0.101 "GET /v2.0/security-groups?tenant_id=e9198980ecc9425ca6248bac418a1d8d&name=default HTTP/1.1" status: 200 len: 2996 time: 0.4674315 /var/lib/openstack/lib/python3.10/site-packages/pycadf/identifier.py:71: UserWarning: Invalid uuid: neutron. To ensure interoperability, identifiers should be a valid uuid. warnings.warn(('Invalid uuid: %s. To ensure interoperability, '
2026-05-10 02:01:02.377 10 INFO neutron.wsgi [req-23265454-35c5-4ed0-ab5a-520ed28254f3 req-402719d8-792f-4a37-a09e-e7aed7b22eda 83b037f34e3f444eaf03a1c295d9fe47 33160cd1f02e47b099e573ede7e9257d - - default default] 10.0.0.246 "GET /v2.0/ports?device_id=e267e5b7-e5d4-40e1-af31-fc50736e11ec HTTP/1.1" status: 200 len: 210 time: 0.0335858
2026-05-10 02:01:02.500 9 INFO neutron.wsgi [None req-ca537989-79fb-41f6-aed8-d589b2da9090 b477c62976d24feda1acaae2b27b29be b58a4c05e6074359883ff168fa613fe1 - - default default] 10.0.0.101 "DELETE /v2.0/security-groups/ed228248-ce6e-4e6d-b453-8eee04582944 HTTP/1.1" status: 204 len: 168 time: 0.4704792
2026-05-10 02:01:02.603 10 INFO neutron.wsgi [None req-41ffeaaf-9d09-491a-9b00-c67bf0963f6e b477c62976d24feda1acaae2b27b29be b58a4c05e6074359883ff168fa613fe1 - - default default] 10.0.0.101 "DELETE /v2.0/routers/5cf98c1a-fdb3-4bea-986b-a8e9d2892195 HTTP/1.1" status: 204 len: 168 time: 0.6684954
2026-05-10 02:01:02.767 9 INFO neutron.db.ovn_revision_numbers_db [None req-c66a9a3e-0c6a-465b-ae09-f4f2e946d980 b477c62976d24feda1acaae2b27b29be b58a4c05e6074359883ff168fa613fe1 - - default default] Successfully bumped revision number for resource dfd03154-7a85-4c7e-8646-8d2215fa8345 (type: security_groups) to 1
2026-05-10 02:01:02.801 10 INFO neutron.wsgi [None req-8df60d04-8df7-4e9d-8441-569702c75795 b477c62976d24feda1acaae2b27b29be b58a4c05e6074359883ff168fa613fe1 - - default default] 10.0.0.101 "DELETE /v2.0/subnets/75a228d5-1ddf-4f0e-800c-3668bd60ebd4 HTTP/1.1" status: 204 len: 168 time: 0.1932976
2026-05-10 02:01:02.809 9 INFO neutron.db.ovn_revision_numbers_db [None req-c66a9a3e-0c6a-465b-ae09-f4f2e946d980 b477c62976d24feda1acaae2b27b29be b58a4c05e6074359883ff168fa613fe1 - - default default] Successfully bumped revision number for resource 0b4cf456-8b3e-4e2d-aa6f-5f0b76d1b568 (type: security_group_rules) to 0
2026-05-10 02:01:02.831 9 INFO neutron.wsgi [None req-7c1e7627-3c31-4b2a-9b00-084455481436 b477c62976d24feda1acaae2b27b29be b58a4c05e6074359883ff168fa613fe1 - - default default] 10.0.0.101 "PUT /v2.0/routers/e6664e0e-f6de-43b1-b4dc-6761c6fb9c31/remove_router_interface HTTP/1.1" status: 200 len: 503 time: 1.4566979 /var/lib/openstack/lib/python3.10/site-packages/pycadf/identifier.py:71: UserWarning: Invalid uuid: neutron. To ensure interoperability, identifiers should be a valid uuid. warnings.warn(('Invalid uuid: %s. To ensure interoperability, '
2026-05-10 02:01:02.841 9 INFO neutron.db.ovn_revision_numbers_db [None req-c66a9a3e-0c6a-465b-ae09-f4f2e946d980 b477c62976d24feda1acaae2b27b29be b58a4c05e6074359883ff168fa613fe1 - - default default] Successfully bumped revision number for resource 298db624-bc94-49fd-b3be-44e274c1a769 (type: security_group_rules) to 0
2026-05-10 02:01:02.868 10 INFO neutron.wsgi [req-5a74832c-55ad-40a4-91c8-6e50f8aadf5c req-dab6af8f-1ac8-440a-9591-0a95aac89ded 83b037f34e3f444eaf03a1c295d9fe47 33160cd1f02e47b099e573ede7e9257d - - default default] 199.204.45.129 "GET /v2.0/networks?id=02d1da56-5c00-4db6-9b09-954a2dc21b2d HTTP/1.1" status: 200 len: 869 time: 0.2024293
2026-05-10 02:01:02.887 9 INFO neutron.db.ovn_revision_numbers_db [None req-c66a9a3e-0c6a-465b-ae09-f4f2e946d980 b477c62976d24feda1acaae2b27b29be b58a4c05e6074359883ff168fa613fe1 - - default default] Successfully bumped revision number for resource 52f87bc3-0931-4196-aa59-06a5c5f7a981 (type: security_group_rules) to 0
2026-05-10 02:01:02.903 9 INFO neutron.db.ovn_revision_numbers_db [None req-c66a9a3e-0c6a-465b-ae09-f4f2e946d980 b477c62976d24feda1acaae2b27b29be b58a4c05e6074359883ff168fa613fe1 - - default default] Successfully bumped revision number for resource c3248730-99b2-4bc5-9e7d-a3bc64d697a0 (type: security_group_rules) to 0
