2026-05-10 02:03:22.415 10 INFO neutron.wsgi [None req-cfd9eba8-9478-415b-9de5-a6e29eda5602 ca88c66014b94a17a1376e3837c10f59 4975dca65be94d3a8ad4dc0432e8e495 - - default default] 10.0.0.101 "DELETE /v2.0/networks/6994e58b-7f98-411c-8e6c-edd1c502bef9 HTTP/1.1" status: 204 len: 168 time: 0.5075688
2026-05-10 02:03:22.437 9 INFO neutron.db.ovn_revision_numbers_db [None req-f379cab8-98f2-4ef1-b7b8-f52acc07d454 e2383259e5dd4a508645e5c02d72043c 825d51acd2804a53be8e3e71cb0b0427 - - default default] Successfully bumped revision number for resource 7a721939-23fa-4686-b290-88d6d783f06f (type: ports) to 1
2026-05-10 02:03:22.439 9 INFO neutron.pecan_wsgi.hooks.translation [None req-337fb497-ebef-4b16-bce0-1dbe7beec3f4 ca88c66014b94a17a1376e3837c10f59 4975dca65be94d3a8ad4dc0432e8e495 - - default default] DELETE failed (client error): The resource could not be found.
2026-05-10 02:03:22.441 9 INFO neutron.wsgi [None req-337fb497-ebef-4b16-bce0-1dbe7beec3f4 ca88c66014b94a17a1376e3837c10f59 4975dca65be94d3a8ad4dc0432e8e495 - - default default] 10.0.0.101 "DELETE /v2.0/networks/6994e58b-7f98-411c-8e6c-edd1c502bef9 HTTP/1.1" status: 404 len: 339 time: 0.0188789
2026-05-10 02:03:22.559 10 INFO neutron.wsgi [None req-2017761d-c5af-4c10-a231-d23f785b5182 ca88c66014b94a17a1376e3837c10f59 4975dca65be94d3a8ad4dc0432e8e495 - - default default] 10.0.0.101 "GET /v2.0/networks?router%3Aexternal=True HTTP/1.1" status: 200 len: 845 time: 0.1093483
2026-05-10 02:03:22.623 9 INFO neutron.wsgi [None req-e37283e7-9d3b-440d-b480-25bf5e4c1517 ca88c66014b94a17a1376e3837c10f59 4975dca65be94d3a8ad4dc0432e8e495 - - default default] 10.0.0.101 "GET /v2.0/subnets?network_id=ea0ed169-d079-4bfa-b24a-5ba949b32953 HTTP/1.1" status: 200 len: 820 time: 0.0585945
2026-05-10 02:03:22.627 10 INFO neutron.db.ovn_revision_numbers_db [None req-c003a985-ab82-4925-901a-83d45e4320e0 b477c62976d24feda1acaae2b27b29be b58a4c05e6074359883ff168fa613fe1 - - default default] Successfully bumped revision number for resource 328ed559-ce91-436d-b43a-a863ec438630 (type: security_groups) to 1
2026-05-10 02:03:22.635 9 INFO neutron.wsgi [None req-9ee3149e-c4db-4751-a425-bd5f7a3ec874 ca88c66014b94a17a1376e3837c10f59 4975dca65be94d3a8ad4dc0432e8e495 - - default default] 10.0.0.101 "GET /v2.0/extensions HTTP/1.1" status: 200 len: 16520 time: 0.0068164
2026-05-10 02:03:22.651 10 INFO neutron.db.ovn_revision_numbers_db [None req-c003a985-ab82-4925-901a-83d45e4320e0 b477c62976d24feda1acaae2b27b29be b58a4c05e6074359883ff168fa613fe1 - - default default] Successfully bumped revision number for resource 23884b94-e7d8-4916-9749-6bf29f7936e1 (type: security_group_rules) to 0
2026-05-10 02:03:22.679 10 INFO neutron.db.ovn_revision_numbers_db [None req-c003a985-ab82-4925-901a-83d45e4320e0 b477c62976d24feda1acaae2b27b29be b58a4c05e6074359883ff168fa613fe1 - - default default] Successfully bumped revision number for resource acfadee7-6d67-43a0-b12e-329f03c345ee (type: security_group_rules) to 0
2026-05-10 02:03:22.696 10 INFO neutron.db.ovn_revision_numbers_db [None req-c003a985-ab82-4925-901a-83d45e4320e0 b477c62976d24feda1acaae2b27b29be b58a4c05e6074359883ff168fa613fe1 - - default default] Successfully bumped revision number for resource e73b1867-01c3-4e4a-a905-d77cb088113e (type: security_group_rules) to 0
2026-05-10 02:03:22.713 10 INFO neutron.wsgi [None req-a1c761fa-15e6-424f-921e-fe9294baf7a2 ca88c66014b94a17a1376e3837c10f59 4975dca65be94d3a8ad4dc0432e8e495 - - default default] 10.0.0.101 "GET /v2.0/networks HTTP/1.1" status: 200 len: 1506 time: 0.0718544
2026-05-10 02:03:22.719 10 INFO neutron.db.ovn_revision_numbers_db [None req-c003a985-ab82-4925-901a-83d45e4320e0 b477c62976d24feda1acaae2b27b29be b58a4c05e6074359883ff168fa613fe1 - - default default] Successfully bumped revision number for resource f2b71a8e-6c64-486c-b39f-4a145fd19b57 (type: security_group_rules) to 0
2026-05-10 02:03:22.757 10 INFO neutron.wsgi [None req-c003a985-ab82-4925-901a-83d45e4320e0 b477c62976d24feda1acaae2b27b29be b58a4c05e6074359883ff168fa613fe1 - - default default] 10.0.0.101 "GET /v2.0/security-groups?tenant_id=7bb65aa62b924a5398476df3865bad33&name=default HTTP/1.1" status: 200 len: 2996 time: 0.4371009
2026-05-10 02:03:22.768 10 INFO neutron.wsgi [None req-9044bf96-64d6-40c2-be83-542463dfa29c ca88c66014b94a17a1376e3837c10f59 4975dca65be94d3a8ad4dc0432e8e495 - - default default] 10.0.0.101 "GET /v2.0/subnets HTTP/1.1" status: 200 len: 1460 time: 0.0476463
2026-05-10 02:03:22.846 10 INFO neutron.wsgi [None req-d32e7dbd-2fe4-4d6b-a895-8c0f2caa465f ca88c66014b94a17a1376e3837c10f59 4975dca65be94d3a8ad4dc0432e8e495 - - default default] 10.0.0.101 "GET /v2.0/networks/234fa1f6-5ec6-4971-ab49-f6b071fee341 HTTP/1.1" status: 200 len: 865 time: 0.0699584
2026-05-10 02:03:22.902 10 INFO neutron.wsgi [None req-1a522122-33ec-4870-83b4-cad15be517f5 ca88c66014b94a17a1376e3837c10f59 4975dca65be94d3a8ad4dc0432e8e495 - - default default] 10.0.0.101 "GET /v2.0/subnets/531d0eb6-8b5b-448e-8fff-9430c2d0eeee HTTP/1.1" status: 200 len: 843 time: 0.0469928
2026-05-10 02:03:22.929 10 INFO neutron.pecan_wsgi.hooks.translation [None req-88d850a7-de3e-4ff2-a237-de27e53c6d70 ca88c66014b94a17a1376e3837c10f59 4975dca65be94d3a8ad4dc0432e8e495 - - default default] DELETE failed (client error): The resource could not be found.
2026-05-10 02:03:22.932 10 INFO neutron.wsgi [None req-88d850a7-de3e-4ff2-a237-de27e53c6d70 ca88c66014b94a17a1376e3837c10f59 4975dca65be94d3a8ad4dc0432e8e495 - - default default] 10.0.0.101 "DELETE /v2.0/subnets/2e3a4bc1-b8f1-43d3-a72f-05de05256b6e HTTP/1.1" status: 404 len: 337 time: 0.0235429
2026-05-10 02:03:22.954 10 INFO neutron.pecan_wsgi.hooks.translation [None req-00f20115-f4fc-4949-aed3-617048055647 ca88c66014b94a17a1376e3837c10f59 4975dca65be94d3a8ad4dc0432e8e495 - - default default] DELETE failed (client error): The resource could not be found.
2026-05-10 02:03:22.957 10 INFO neutron.wsgi [None req-00f20115-f4fc-4949-aed3-617048055647 ca88c66014b94a17a1376e3837c10f59 4975dca65be94d3a8ad4dc0432e8e495 - - default default] 10.0.0.101 "DELETE /v2.0/networks/6994e58b-7f98-411c-8e6c-edd1c502bef9 HTTP/1.1" status: 404 len: 339 time: 0.0193331
2026-05-10 02:03:22.991 10 INFO neutron.plugins.ml2.drivers.ovn.mech_driver.mech_driver [None req-4ef3eff0-9626-480d-9dbc-1cf236b23783 - - - - - -] OVN reports status up for port: 7a721939-23fa-4686-b290-88d6d783f06f
2026-05-10 02:03:23.001 10 INFO neutron.plugins.ml2.plugin [None req-4ef3eff0-9626-480d-9dbc-1cf236b23783 - - - - - -] Attempt 1 to provision port 7a721939-23fa-4686-b290-88d6d783f06f
2026-05-10 02:03:23.030 9 INFO neutron.db.ovn_revision_numbers_db [None req-f379cab8-98f2-4ef1-b7b8-f52acc07d454 e2383259e5dd4a508645e5c02d72043c 825d51acd2804a53be8e3e71cb0b0427 - - default default] Successfully bumped revision number for resource 7a721939-23fa-4686-b290-88d6d783f06f (type: router_ports) to 1
2026-05-10 02:03:23.094 9 INFO neutron.wsgi [None req-7298baa5-9cce-4b13-8fb9-813b45214525 b477c62976d24feda1acaae2b27b29be b58a4c05e6074359883ff168fa613fe1 - - default default] 10.0.0.101 "DELETE /v2.0/security-groups/328ed559-ce91-436d-b43a-a863ec438630 HTTP/1.1" status: 204 len: 168 time: 0.3318291
2026-05-10 02:03:23.151 9 INFO neutron.db.ovn_revision_numbers_db [None req-f379cab8-98f2-4ef1-b7b8-f52acc07d454 e2383259e5dd4a508645e5c02d72043c 825d51acd2804a53be8e3e71cb0b0427 - - default default] Successfully bumped revision number for resource 7a721939-23fa-4686-b290-88d6d783f06f (type: ports) to 1
2026-05-10 02:03:23.212 10 INFO neutron.wsgi [None req-c8c3f88b-72da-4aa7-a3e8-7c673a8e04c9 ca88c66014b94a17a1376e3837c10f59 4975dca65be94d3a8ad4dc0432e8e495 - - default default] 10.0.0.101 "DELETE /v2.0/subnets/531d0eb6-8b5b-448e-8fff-9430c2d0eeee HTTP/1.1" status: 204 len: 168 time: 0.2500029
2026-05-10 02:03:23.268 9 WARNING neutron.scheduler.dhcp_agent_scheduler [None req-f379cab8-98f2-4ef1-b7b8-f52acc07d454 e2383259e5dd4a508645e5c02d72043c 825d51acd2804a53be8e3e71cb0b0427 - - default default] No more DHCP agents
2026-05-10 02:03:23.272 9 WARNING neutron.api.rpc.agentnotifiers.dhcp_rpc_agent_api [None req-f379cab8-98f2-4ef1-b7b8-f52acc07d454 e2383259e5dd4a508645e5c02d72043c 825d51acd2804a53be8e3e71cb0b0427 - - default default] Unable to schedule network b6ba658f-3b66-401c-8831-61f86ca966d3: no agents available; will retry on subsequent port and subnet creation events.
2026-05-10 02:03:23.328 10 INFO neutron.services.segments.plugin [-] Segment 42f975c0-458a-48f0-9946-36c11a6b0bda resource provider aggregate not found
2026-05-10 02:03:23.340 10 INFO neutron.services.segments.plugin [-] Segment 42f975c0-458a-48f0-9946-36c11a6b0bda resource provider aggregate not found
2026-05-10 02:03:23.346 10 INFO neutron.services.segments.plugin [-] Segment 42f975c0-458a-48f0-9946-36c11a6b0bda resource provider not found; error: Placement Client Error (4xx): {"errors": [{"status": 404, "title": "Not Found", "detail": "The resource could not be found.\n\n No resource provider with uuid 42f975c0-458a-48f0-9946-36c11a6b0bda found for delete ", "request_id": "req-b3a0cbc6-e57c-4f7a-868e-d1908a017b31"}]}
2026-05-10 02:03:23.355 10 INFO neutron.services.segments.plugin [-] Segment 42f975c0-458a-48f0-9946-36c11a6b0bda resource provider not found; error: Placement Client Error (4xx): {"errors": [{"status": 404, "title": "Not Found", "detail": "The resource could not be found.\n\n No resource provider with uuid 42f975c0-458a-48f0-9946-36c11a6b0bda found for delete ", "request_id": "req-753e0915-b8bd-4e5f-8f2c-8d11a16b3d8d"}]}
2026-05-10 02:03:23.363 10 INFO neutron.db.ovn_revision_numbers_db [None req-4ef3eff0-9626-480d-9dbc-1cf236b23783 - - - - - -] Successfully bumped revision number for resource 7a721939-23fa-4686-b290-88d6d783f06f (type: ports) to 2
2026-05-10 02:03:23.419 9 INFO neutron.db.ovn_revision_numbers_db [None req-f548651b-1de6-4efb-822e-37e0b1ef7945 b477c62976d24feda1acaae2b27b29be b58a4c05e6074359883ff168fa613fe1 - - default default] Successfully bumped revision number for resource 4a70262b-c5b5-4767-9407-0df9526a2a5a (type: security_groups) to 1
2026-05-10 02:03:23.461 9 INFO neutron.db.ovn_revision_numbers_db [None req-f548651b-1de6-4efb-822e-37e0b1ef7945 b477c62976d24feda1acaae2b27b29be b58a4c05e6074359883ff168fa613fe1 - - default default] Successfully bumped revision number for resource 12f68a3a-622e-4fed-ae9b-f11d86dba05f (type: security_group_rules) to 0
2026-05-10 02:03:23.498 9 INFO neutron.db.ovn_revision_numbers_db [None req-f548651b-1de6-4efb-822e-37e0b1ef7945 b477c62976d24feda1acaae2b27b29be b58a4c05e6074359883ff168fa613fe1 - - default default] Successfully bumped revision number for resource 9097ac06-9097-44bb-96a6-4e1caaff0297 (type: security_group_rules) to 0
2026-05-10 02:03:23.500 10 INFO neutron.db.ovn_revision_numbers_db [None req-4ef3eff0-9626-480d-9dbc-1cf236b23783 - - - - - -] Successfully bumped revision number for resource 7a721939-23fa-4686-b290-88d6d783f06f (type: router_ports) to 2
2026-05-10 02:03:23.520 9 INFO neutron.db.ovn_revision_numbers_db [None req-f548651b-1de6-4efb-822e-37e0b1ef7945 b477c62976d24feda1acaae2b27b29be b58a4c05e6074359883ff168fa613fe1 - - default default] Successfully bumped revision number for resource ba7f3a40-b525-45fd-9274-6c04fe6f9dc0 (type: security_group_rules) to 0
2026-05-10 02:03:23.548 9 INFO neutron.db.ovn_revision_numbers_db [None req-f379cab8-98f2-4ef1-b7b8-f52acc07d454 e2383259e5dd4a508645e5c02d72043c 825d51acd2804a53be8e3e71cb0b0427 - - default default] Successfully bumped revision number for resource 7a721939-23fa-4686-b290-88d6d783f06f (type: router_ports) to 2
2026-05-10 02:03:23.550 9 INFO neutron.wsgi [None req-f379cab8-98f2-4ef1-b7b8-f52acc07d454 e2383259e5dd4a508645e5c02d72043c 825d51acd2804a53be8e3e71cb0b0427 - - default default] 10.0.0.101 "PUT /v2.0/routers/1f03201a-cbbe-474f-9145-fc652de32d8c/add_router_interface HTTP/1.1" status: 200 len: 503 time: 1.7093327
2026-05-10 02:03:23.551 9 INFO neutron.db.ovn_revision_numbers_db [None req-f548651b-1de6-4efb-822e-37e0b1ef7945 b477c62976d24feda1acaae2b27b29be b58a4c05e6074359883ff168fa613fe1 - - default default] Successfully bumped revision number for resource cf610f70-a484-4ed8-be0e-1703b5e651e6 (type: security_group_rules) to 0
2026-05-10 02:03:23.586 9 INFO neutron.wsgi [None req-f548651b-1de6-4efb-822e-37e0b1ef7945 b477c62976d24feda1acaae2b27b29be b58a4c05e6074359883ff168fa613fe1 - - default default] 10.0.0.101 "GET /v2.0/security-groups?tenant_id=32aef30a4c2049dbb36832b7acb814c3&name=default HTTP/1.1" status: 200 len: 2996 time: 0.3839319
2026-05-10 02:03:23.660 10 INFO neutron.wsgi [None req-dc1dabc0-fe22-48a9-8890-4a56bf7e212f e2383259e5dd4a508645e5c02d72043c 825d51acd2804a53be8e3e71cb0b0427 - - default default] 10.0.0.101 "GET /v2.0/ports/7a721939-23fa-4686-b290-88d6d783f06f HTTP/1.1" status: 200 len: 1149 time: 0.1010375
2026-05-10 02:03:23.704 10 INFO neutron.wsgi [None req-0b7cdd9d-ad1c-4c30-a2c8-776da0b2d78f e2383259e5dd4a508645e5c02d72043c 825d51acd2804a53be8e3e71cb0b0427 - - default default] 10.0.0.101 "GET /v2.0/ports/7a721939-23fa-4686-b290-88d6d783f06f HTTP/1.1" status: 200 len: 1149 time: 0.0346556
2026-05-10 02:03:23.923 9 INFO neutron.services.segments.plugin [-] Segment 5c70a7e1-d192-482b-a93d-f8e4c706e1cb resource provider aggregate not found
2026-05-10 02:03:23.928 9 INFO neutron.services.segments.plugin [-] Segment 5c70a7e1-d192-482b-a93d-f8e4c706e1cb resource provider aggregate not found
2026-05-10 02:03:23.943 9 INFO neutron.services.segments.plugin [-] Segment 5c70a7e1-d192-482b-a93d-f8e4c706e1cb resource provider not found; error: Placement Client Error (4xx): {"errors": [{"status": 404, "title": "Not Found", "detail": "The resource could not be found.\n\n No resource provider with uuid 5c70a7e1-d192-482b-a93d-f8e4c706e1cb found for delete ", "request_id": "req-ba063c40-9062-41d9-bf83-302513f1ff11"}]}
2026-05-10 02:03:23.944 9 INFO neutron.services.segments.plugin [-] Segment 5c70a7e1-d192-482b-a93d-f8e4c706e1cb resource provider not found; error: Placement Client Error (4xx): {"errors": [{"status": 404, "title": "Not Found", "detail": "The resource could not be found.\n\n No resource provider with uuid 5c70a7e1-d192-482b-a93d-f8e4c706e1cb found for delete ", "request_id": "req-dff678f9-da31-48f4-8954-00a7ae021980"}]}
2026-05-10 02:03:23.970 9 INFO neutron.wsgi [None req-00d81a21-85bf-415f-a2f4-2c57e2270276 ca88c66014b94a17a1376e3837c10f59 4975dca65be94d3a8ad4dc0432e8e495 - - default default] 10.0.0.101 "DELETE /v2.0/networks/234fa1f6-5ec6-4971-ab49-f6b071fee341 HTTP/1.1" status: 204 len: 168 time: 0.7518384
2026-05-10 02:03:24.046 9 INFO neutron.wsgi [None req-db1df43c-e916-4960-8027-aad09a0cd23c b477c62976d24feda1acaae2b27b29be b58a4c05e6074359883ff168fa613fe1 - - default default] 10.0.0.101 "DELETE /v2.0/security-groups/4a70262b-c5b5-4767-9407-0df9526a2a5a HTTP/1.1" status: 204 len: 168 time: 0.4550796
2026-05-10 02:03:24.194 9 INFO neutron.wsgi [None req-02f31a79-8166-448d-a2e8-ce09aa77ff6d b477c62976d24feda1acaae2b27b29be b58a4c05e6074359883ff168fa613fe1 - - default default] 10.0.0.101 "GET /v2.0/security-groups?tenant_id=5e8f8bb23ef547d4aeccabbd97370ac5&name=default HTTP/1.1" status: 200 len: 2996 time: 0.0507052
2026-05-10 02:03:24.384 10 INFO neutron.wsgi [None req-5183373c-8afe-4bfe-8f98-16fc82c614a2 e2383259e5dd4a508645e5c02d72043c 825d51acd2804a53be8e3e71cb0b0427 - - default default] 10.0.0.101 "PUT /v2.0/routers/1f03201a-cbbe-474f-9145-fc652de32d8c/remove_router_interface HTTP/1.1" status: 200 len: 503 time: 0.6748736
2026-05-10 02:03:24.422 9 INFO neutron.wsgi [None req-89b1b52f-f7af-4d3c-82b3-49bdaf46a82c b477c62976d24feda1acaae2b27b29be b58a4c05e6074359883ff168fa613fe1 - - default default] 10.0.0.101 "DELETE /v2.0/security-groups/7326e9d7-d185-4da4-b9e3-969f74d34aa8 HTTP/1.1" status: 204 len: 168 time: 0.2226713
2026-05-10 02:03:24.476 9 INFO neutron.wsgi [None req-bf99e23a-e884-41b2-a3e5-a807382cd978 e2383259e5dd4a508645e5c02d72043c 825d51acd2804a53be8e3e71cb0b0427 - - default default] 10.0.0.101 "GET /v2.0/ports/5096dc70-fc95-4ecc-a072-125b6afd7d98 HTTP/1.1" status: 200 len: 1141 time: 0.0881193 /var/lib/openstack/lib/python3.10/site-packages/pycadf/identifier.py:71: UserWarning: Invalid uuid: neutron. To ensure interoperability, identifiers should be a valid uuid. warnings.warn(('Invalid uuid: %s. To ensure interoperability, '
2026-05-10 02:03:24.769 10 INFO neutron.wsgi [None req-30c8eb48-a10d-4cee-859a-36ac6b9b5ff7 b477c62976d24feda1acaae2b27b29be b58a4c05e6074359883ff168fa613fe1 - - default default] 10.0.0.101 "GET /v2.0/security-groups?tenant_id=4975dca65be94d3a8ad4dc0432e8e495&name=default HTTP/1.1" status: 200 len: 2996 time: 0.2472551
2026-05-10 02:03:24.952 10 INFO neutron.wsgi [None req-38815feb-63a5-474e-8a7a-7ec05237df23 b477c62976d24feda1acaae2b27b29be b58a4c05e6074359883ff168fa613fe1 - - default default] 10.0.0.101 "DELETE /v2.0/security-groups/93dd3af3-7b97-4bd8-818b-84d8ba02837d HTTP/1.1" status: 204 len: 168 time: 0.1771097
2026-05-10 02:03:25.044 9 INFO neutron.wsgi [None req-f7848173-bb28-4258-bfc7-f2507f881cb8 e2383259e5dd4a508645e5c02d72043c 825d51acd2804a53be8e3e71cb0b0427 - - default default] 10.0.0.101 "PUT /v2.0/routers/1f03201a-cbbe-474f-9145-fc652de32d8c/remove_router_interface HTTP/1.1" status: 200 len: 503 time: 0.5631781 /var/lib/openstack/lib/python3.10/site-packages/pycadf/identifier.py:71: UserWarning: Invalid uuid: neutron. To ensure interoperability, identifiers should be a valid uuid. warnings.warn(('Invalid uuid: %s. To ensure interoperability, '
2026-05-10 02:03:25.073 9 INFO neutron.wsgi [None req-37a0e245-9140-4000-9f23-1d0f08abb592 e2383259e5dd4a508645e5c02d72043c 825d51acd2804a53be8e3e71cb0b0427 - - default default] 10.0.0.101 "GET /v2.0/ports?device_id=1f03201a-cbbe-474f-9145-fc652de32d8c HTTP/1.1" status: 200 len: 205 time: 0.0236824
2026-05-10 02:03:25.266 9 INFO neutron.wsgi [None req-ba6bf1ca-d59e-4266-a454-6650c67d73c8 e2383259e5dd4a508645e5c02d72043c 825d51acd2804a53be8e3e71cb0b0427 - - default default] 10.0.0.101 "DELETE /v2.0/routers/1f03201a-cbbe-474f-9145-fc652de32d8c HTTP/1.1" status: 204 len: 168 time: 0.1882913
2026-05-10 02:03:25.420 9 INFO neutron.wsgi [None req-4d8ca3bc-b591-4320-9a75-4e987a5588b1 e2383259e5dd4a508645e5c02d72043c 825d51acd2804a53be8e3e71cb0b0427 - - default default] 10.0.0.101 "DELETE /v2.0/subnets/4d4f16bc-90c3-48f0-8424-d52490eb68e9 HTTP/1.1" status: 204 len: 168 time: 0.1492124
2026-05-10 02:03:25.585 9 INFO neutron.wsgi [None req-25782005-d880-4e85-86cb-33a3b66e3a82 e2383259e5dd4a508645e5c02d72043c 825d51acd2804a53be8e3e71cb0b0427 - - default default] 10.0.0.101 "DELETE /v2.0/subnets/b623c4f6-3d6e-49f6-a651-d58882a820a7 HTTP/1.1" status: 204 len: 168 time: 0.1618259
2026-05-10 02:03:25.937 9 INFO neutron.wsgi [None req-1fbace17-d7d5-4259-9a3e-c803d21d0604 e2383259e5dd4a508645e5c02d72043c 825d51acd2804a53be8e3e71cb0b0427 - - default default] 10.0.0.101 "DELETE /v2.0/networks/b6ba658f-3b66-401c-8831-61f86ca966d3 HTTP/1.1" status: 204 len: 168 time: 0.3477318
2026-05-10 02:03:25.962 9 INFO neutron.services.segments.plugin [-] Segment 74f3440b-f886-4c71-a55f-c00e58ce0f60 resource provider aggregate not found
2026-05-10 02:03:25.970 9 INFO neutron.services.segments.plugin [-] Segment 74f3440b-f886-4c71-a55f-c00e58ce0f60 resource provider aggregate not found
2026-05-10 02:03:25.987 9 INFO neutron.services.segments.plugin [-] Segment 74f3440b-f886-4c71-a55f-c00e58ce0f60 resource provider not found; error: Placement Client Error (4xx): {"errors": [{"status": 404, "title": "Not Found", "detail": "The resource could not be found.\n\n No resource provider with uuid 74f3440b-f886-4c71-a55f-c00e58ce0f60 found for delete ", "request_id": "req-7eccc892-0f1f-4b69-a483-b433f691b798"}]}
2026-05-10 02:03:25.989 9 INFO neutron.services.segments.plugin [-] Segment 74f3440b-f886-4c71-a55f-c00e58ce0f60 resource provider not found; error: Placement Client Error (4xx): {"errors": [{"status": 404, "title": "Not Found", "detail": "The resource could not be found.\n\n No resource provider with uuid 74f3440b-f886-4c71-a55f-c00e58ce0f60 found for delete ", "request_id": "req-5c8a22eb-efe0-4768-b1eb-fa341d07baf9"}]}
2026-05-10 02:03:26.316 10 INFO neutron.services.segments.plugin [-] Segment 78769f71-ac8d-4c04-a9b6-5cf29225c4aa resource provider aggregate not found
2026-05-10 02:03:26.322 10 INFO neutron.services.segments.plugin [-] Segment 78769f71-ac8d-4c04-a9b6-5cf29225c4aa resource provider aggregate not found
2026-05-10 02:03:26.341 10 INFO neutron.services.segments.plugin [-] Segment 78769f71-ac8d-4c04-a9b6-5cf29225c4aa resource provider not found; error: Placement Client Error (4xx): {"errors": [{"status": 404, "title": "Not Found", "detail": "The resource could not be found.\n\n No resource provider with uuid 78769f71-ac8d-4c04-a9b6-5cf29225c4aa found for delete ", "request_id": "req-1347f14e-dc10-4e6e-93cc-fb0577e02f3f"}]}
2026-05-10 02:03:26.342 10 INFO neutron.services.segments.plugin [-] Segment 78769f71-ac8d-4c04-a9b6-5cf29225c4aa resource provider not found; error: Placement Client Error (4xx): {"errors": [{"status": 404, "title": "Not Found", "detail": "The resource could not be found.\n\n No resource provider with uuid 78769f71-ac8d-4c04-a9b6-5cf29225c4aa found for delete ", "request_id": "req-2310230a-7332-4303-9204-2d0c9f5d8421"}]}
2026-05-10 02:03:26.375 10 INFO neutron.wsgi [None req-58191b83-c7de-439a-b7c1-e9fd3b7e8f49 e2383259e5dd4a508645e5c02d72043c 825d51acd2804a53be8e3e71cb0b0427 - - default default] 10.0.0.101 "DELETE /v2.0/networks/7bdcbb88-9f98-4af6-8bbb-d0da43878c57 HTTP/1.1" status: 204 len: 168 time: 0.4339323
2026-05-10 02:03:26.457 9 WARNING neutron.plugins.ml2.drivers.ovn.mech_driver.ovsdb.ovn_client [None req-4abb913c-3f33-48cb-a24c-b9cb0af6d460 - - - - - -] No port found with ID 5096dc70-fc95-4ecc-a072-125b6afd7d98: RuntimeError: No port found with ID 5096dc70-fc95-4ecc-a072-125b6afd7d98
2026-05-10 02:03:26.464 10 INFO neutron.db.segments_db [None req-28e446d9-7b22-44b2-8bb1-e1cfdfd374c6 e2383259e5dd4a508645e5c02d72043c 825d51acd2804a53be8e3e71cb0b0427 - - default default] Added segment b25c8af6-e336-4373-a343-06b8a8f009f8 of type geneve for network 4147e134-e027-4ef6-9ed8-c339cac4f973
2026-05-10 02:03:26.597 10 INFO neutron.db.ovn_revision_numbers_db [None req-28e446d9-7b22-44b2-8bb1-e1cfdfd374c6 e2383259e5dd4a508645e5c02d72043c 825d51acd2804a53be8e3e71cb0b0427 - - default default] Successfully bumped revision number for resource 4147e134-e027-4ef6-9ed8-c339cac4f973 (type: networks) to 1
2026-05-10 02:03:26.802 10 WARNING neutron.scheduler.dhcp_agent_scheduler [None req-28e446d9-7b22-44b2-8bb1-e1cfdfd374c6 e2383259e5dd4a508645e5c02d72043c 825d51acd2804a53be8e3e71cb0b0427 - - default default] No more DHCP agents
2026-05-10 02:03:26.804 10 WARNING neutron.api.rpc.agentnotifiers.dhcp_rpc_agent_api [None req-28e446d9-7b22-44b2-8bb1-e1cfdfd374c6 e2383259e5dd4a508645e5c02d72043c 825d51acd2804a53be8e3e71cb0b0427 - - default default] Unable to schedule network 4147e134-e027-4ef6-9ed8-c339cac4f973: no agents available; will retry on subsequent port and subnet creation events.
2026-05-10 02:03:26.890 10 INFO neutron.db.ovn_revision_numbers_db [None req-28e446d9-7b22-44b2-8bb1-e1cfdfd374c6 e2383259e5dd4a508645e5c02d72043c 825d51acd2804a53be8e3e71cb0b0427 - - default default] Successfully bumped revision number for resource 33ee9cbc-de43-4c66-bf4a-c125746eab49 (type: ports) to 1
2026-05-10 02:03:26.923 10 INFO neutron.wsgi [None req-28e446d9-7b22-44b2-8bb1-e1cfdfd374c6 e2383259e5dd4a508645e5c02d72043c 825d51acd2804a53be8e3e71cb0b0427 - - default default] 10.0.0.101 "POST /v2.0/networks HTTP/1.1" status: 201 len: 832 time: 0.5409009
2026-05-10 02:03:27.007 9 INFO neutron.db.ovn_revision_numbers_db [None req-b66ca6d2-2729-4b66-9cd6-3086e0182aad d0bd3eaf32dc40979be9405aa67d772e 5292e03827eb45088ac9c2c9f23d6634 - - default default] Successfully bumped revision number for resource f0a52fc7-da20-4c0e-b658-ebeb88684636 (type: security_groups) to 1
2026-05-10 02:03:27.032 9 INFO neutron.db.ovn_revision_numbers_db [None req-b66ca6d2-2729-4b66-9cd6-3086e0182aad d0bd3eaf32dc40979be9405aa67d772e 5292e03827eb45088ac9c2c9f23d6634 - - default default] Successfully bumped revision number for resource 42d99e9e-c1a8-4e66-8076-1b751562c756 (type: security_group_rules) to 0
2026-05-10 02:03:27.056 9 INFO neutron.db.ovn_revision_numbers_db [None req-b66ca6d2-2729-4b66-9cd6-3086e0182aad d0bd3eaf32dc40979be9405aa67d772e 5292e03827eb45088ac9c2c9f23d6634 - - default default] Successfully bumped revision number for resource 4fc174b9-1771-4f68-9080-f5a09c4e7946 (type: security_group_rules) to 0
2026-05-10 02:03:27.098 9 INFO neutron.db.ovn_revision_numbers_db [None req-b66ca6d2-2729-4b66-9cd6-3086e0182aad d0bd3eaf32dc40979be9405aa67d772e 5292e03827eb45088ac9c2c9f23d6634 - - default default] Successfully bumped revision number for resource 645fa5be-0ef5-4dc3-82f4-3c1533048d49 (type: security_group_rules) to 0
2026-05-10 02:03:27.116 9 INFO neutron.db.ovn_revision_numbers_db [None req-b66ca6d2-2729-4b66-9cd6-3086e0182aad d0bd3eaf32dc40979be9405aa67d772e 5292e03827eb45088ac9c2c9f23d6634 - - default default] Successfully bumped revision number for resource 939499a5-7652-448f-a970-3130d2812958 (type: security_group_rules) to 0
2026-05-10 02:03:27.172 9 INFO neutron.db.segments_db [None req-b66ca6d2-2729-4b66-9cd6-3086e0182aad d0bd3eaf32dc40979be9405aa67d772e 5292e03827eb45088ac9c2c9f23d6634 - - default default] Added segment 2cb7218c-0ecf-4d27-a7d3-087b236c4605 of type geneve for network 547b0bdc-57cf-4ea9-9170-5fee3b644731
2026-05-10 02:03:27.229 9 WARNING neutron.scheduler.dhcp_agent_scheduler [None req-8674205f-68ea-408b-a00a-7243ab0872da e2383259e5dd4a508645e5c02d72043c 825d51acd2804a53be8e3e71cb0b0427 - - default default] No more DHCP agents
2026-05-10 02:03:27.239 9 WARNING neutron.api.rpc.agentnotifiers.dhcp_rpc_agent_api [None req-8674205f-68ea-408b-a00a-7243ab0872da e2383259e5dd4a508645e5c02d72043c 825d51acd2804a53be8e3e71cb0b0427 - - default default] Unable to schedule network 4147e134-e027-4ef6-9ed8-c339cac4f973: no agents available; will retry on subsequent port and subnet creation events.
2026-05-10 02:03:27.280 9 INFO neutron.db.ovn_revision_numbers_db [None req-8674205f-68ea-408b-a00a-7243ab0872da e2383259e5dd4a508645e5c02d72043c 825d51acd2804a53be8e3e71cb0b0427 - - default default] Successfully bumped revision number for resource e694d741-321e-4651-8083-773c9085a5a7 (type: subnets) to 0
2026-05-10 02:03:27.314 9 INFO neutron.wsgi [None req-8674205f-68ea-408b-a00a-7243ab0872da e2383259e5dd4a508645e5c02d72043c 825d51acd2804a53be8e3e71cb0b0427 - - default default] 10.0.0.101 "POST /v2.0/subnets HTTP/1.1" status: 201 len: 821 time: 0.3843257
2026-05-10 02:03:27.348 9 INFO neutron.db.ovn_revision_numbers_db [None req-b66ca6d2-2729-4b66-9cd6-3086e0182aad d0bd3eaf32dc40979be9405aa67d772e 5292e03827eb45088ac9c2c9f23d6634 - - default default] Successfully bumped revision number for resource 547b0bdc-57cf-4ea9-9170-5fee3b644731 (type: networks) to 1
2026-05-10 02:03:27.514 9 INFO neutron.db.ovn_revision_numbers_db [None req-9744eb3e-70e7-4b75-a7be-131856aa30a3 e2383259e5dd4a508645e5c02d72043c 825d51acd2804a53be8e3e71cb0b0427 - - default default] Successfully bumped revision number for resource 310b3c37-2775-4280-a812-b7b9a40b43ce (type: routers) to 1
2026-05-10 02:03:27.541 9 INFO neutron.wsgi [None req-9744eb3e-70e7-4b75-a7be-131856aa30a3 e2383259e5dd4a508645e5c02d72043c 825d51acd2804a53be8e3e71cb0b0427 - - default default] 10.0.0.101 "POST /v2.0/routers HTTP/1.1" status: 201 len: 691 time: 0.2209585
2026-05-10 02:03:27.771 10 WARNING neutron.scheduler.dhcp_agent_scheduler [None req-33005678-6922-4dba-9888-dfab9fa034e3 d9f536748d9e480a87f220cb83669a19 caf8b2a4b5b44f9286c8eac38bec161d - - default default] No more DHCP agents
2026-05-10 02:03:27.773 10 WARNING neutron.api.rpc.agentnotifiers.dhcp_rpc_agent_api [None req-33005678-6922-4dba-9888-dfab9fa034e3 d9f536748d9e480a87f220cb83669a19 caf8b2a4b5b44f9286c8eac38bec161d - - default default] Unable to schedule network ea0ed169-d079-4bfa-b24a-5ba949b32953: no agents available; will retry on subsequent port and subnet creation events.
2026-05-10 02:03:27.823 9 WARNING neutron.scheduler.dhcp_agent_scheduler [None req-b66ca6d2-2729-4b66-9cd6-3086e0182aad d0bd3eaf32dc40979be9405aa67d772e 5292e03827eb45088ac9c2c9f23d6634 - - default default] No more DHCP agents
2026-05-10 02:03:27.826 9 WARNING neutron.api.rpc.agentnotifiers.dhcp_rpc_agent_api [None req-b66ca6d2-2729-4b66-9cd6-3086e0182aad d0bd3eaf32dc40979be9405aa67d772e 5292e03827eb45088ac9c2c9f23d6634 - - default default] Unable to schedule network 547b0bdc-57cf-4ea9-9170-5fee3b644731: no agents available; will retry on subsequent port and subnet creation events.
2026-05-10 02:03:27.857 10 WARNING neutron.plugins.ml2.drivers.ovn.mech_driver.ovsdb.ovn_client [None req-4ef3eff0-9626-480d-9dbc-1cf236b23783 - - - - - -] No port found with ID 7a721939-23fa-4686-b290-88d6d783f06f: RuntimeError: No port found with ID 7a721939-23fa-4686-b290-88d6d783f06f
2026-05-10 02:03:27.938 9 INFO neutron.db.ovn_revision_numbers_db [None req-b66ca6d2-2729-4b66-9cd6-3086e0182aad d0bd3eaf32dc40979be9405aa67d772e 5292e03827eb45088ac9c2c9f23d6634 - - default default] Successfully bumped revision number for resource 39dfa0bd-efa1-45b4-b47b-8bd0ed5cfbdf (type: ports) to 1
2026-05-10 02:03:27.968 9 INFO neutron.wsgi [-] 10.0.0.230 "GET / HTTP/1.1" status: 200 len: 247 time: 0.0013194
2026-05-10 02:03:27.970 9 INFO neutron.wsgi [-] 10.0.0.230 "GET / HTTP/1.1" status: 200 len: 247 time: 0.0009086
2026-05-10 02:03:27.973 9 INFO neutron.wsgi [None req-b66ca6d2-2729-4b66-9cd6-3086e0182aad d0bd3eaf32dc40979be9405aa67d772e 5292e03827eb45088ac9c2c9f23d6634 - - default default] 10.0.0.101 "POST /v2.0/networks HTTP/1.1" status: 201 len: 847 time: 1.3146560
2026-05-10 02:03:28.207 9 WARNING neutron.scheduler.dhcp_agent_scheduler [None req-0db37592-f68b-46cb-91ca-de08ace4b572 e2383259e5dd4a508645e5c02d72043c 825d51acd2804a53be8e3e71cb0b0427 - - default default] No more DHCP agents
2026-05-10 02:03:28.210 9 WARNING neutron.api.rpc.agentnotifiers.dhcp_rpc_agent_api [None req-0db37592-f68b-46cb-91ca-de08ace4b572 e2383259e5dd4a508645e5c02d72043c 825d51acd2804a53be8e3e71cb0b0427 - - default default] Unable to schedule network 4147e134-e027-4ef6-9ed8-c339cac4f973: no agents available; will retry on subsequent port and subnet creation events.
2026-05-10 02:03:28.281 9 WARNING neutron.scheduler.dhcp_agent_scheduler [None req-5ba0da52-6a12-4e0f-9db7-71bb9ea3737a d0bd3eaf32dc40979be9405aa67d772e 5292e03827eb45088ac9c2c9f23d6634 - - default default] No more DHCP agents
2026-05-10 02:03:28.284 9 WARNING neutron.api.rpc.agentnotifiers.dhcp_rpc_agent_api [None req-5ba0da52-6a12-4e0f-9db7-71bb9ea3737a d0bd3eaf32dc40979be9405aa67d772e 5292e03827eb45088ac9c2c9f23d6634 - - default default] Unable to schedule network 547b0bdc-57cf-4ea9-9170-5fee3b644731: no agents available; will retry on subsequent port and subnet creation events.
2026-05-10 02:03:28.337 10 INFO neutron.db.ovn_revision_numbers_db [None req-33005678-6922-4dba-9888-dfab9fa034e3 d9f536748d9e480a87f220cb83669a19 caf8b2a4b5b44f9286c8eac38bec161d - - default default] Successfully bumped revision number for resource 59aae742-fc7b-40ef-952a-94c7945be85d (type: floatingips) to 0
2026-05-10 02:03:28.362 10 INFO neutron.wsgi [None req-33005678-6922-4dba-9888-dfab9fa034e3 d9f536748d9e480a87f220cb83669a19 caf8b2a4b5b44f9286c8eac38bec161d - - default default] 10.0.0.101 "POST /v2.0/floatingips HTTP/1.1" status: 201 len: 751 time: 0.9150791
2026-05-10 02:03:28.381 9 INFO neutron.db.ovn_revision_numbers_db [None req-0db37592-f68b-46cb-91ca-de08ace4b572 e2383259e5dd4a508645e5c02d72043c 825d51acd2804a53be8e3e71cb0b0427 - - default default] Successfully bumped revision number for resource 64d08eaa-2190-46c5-b1fe-8d0c6480626d (type: ports) to 1
2026-05-10 02:03:28.395 9 INFO neutron.db.ovn_revision_numbers_db [None req-5ba0da52-6a12-4e0f-9db7-71bb9ea3737a d0bd3eaf32dc40979be9405aa67d772e 5292e03827eb45088ac9c2c9f23d6634 - - default default] Successfully bumped revision number for resource 17c70b9b-34b7-4513-b16a-61c97bbf16e1 (type: ports) to 1
2026-05-10 02:03:28.406 9 INFO neutron.wsgi [None req-0db37592-f68b-46cb-91ca-de08ace4b572 e2383259e5dd4a508645e5c02d72043c 825d51acd2804a53be8e3e71cb0b0427 - - default default] 10.0.0.101 "POST /v2.0/ports HTTP/1.1" status: 201 len: 1163 time: 0.8606539 /var/lib/openstack/lib/python3.10/site-packages/pycadf/identifier.py:71: UserWarning: Invalid uuid: neutron. To ensure interoperability, identifiers should be a valid uuid. warnings.warn(('Invalid uuid: %s. To ensure interoperability, '
2026-05-10 02:03:28.418 10 INFO neutron.wsgi [None req-3a401fe4-28dd-453c-bbbf-ec73d1470113 d9f536748d9e480a87f220cb83669a19 caf8b2a4b5b44f9286c8eac38bec161d - - default default] 10.0.0.101 "PUT /v2.0/floatingips/59aae742-fc7b-40ef-952a-94c7945be85d/tags HTTP/1.1" status: 200 len: 218 time: 0.0467851
2026-05-10 02:03:28.418 9 INFO neutron.wsgi [None req-5ba0da52-6a12-4e0f-9db7-71bb9ea3737a d0bd3eaf32dc40979be9405aa67d772e 5292e03827eb45088ac9c2c9f23d6634 - - default default] 10.0.0.101 "POST /v2.0/ports HTTP/1.1" status: 201 len: 977 time: 0.4392765
2026-05-10 02:03:28.460 10 INFO neutron.wsgi [None req-0d032852-0e3d-43fa-b509-19251940b8e3 d9f536748d9e480a87f220cb83669a19 caf8b2a4b5b44f9286c8eac38bec161d - - default default] 10.0.0.101 "GET /v2.0/floatingips/59aae742-fc7b-40ef-952a-94c7945be85d/tags HTTP/1.1" status: 200 len: 218 time: 0.0373826
2026-05-10 02:03:28.527 10 INFO neutron.wsgi [None req-05c8040e-bd4e-4048-8051-ae286a3c4716 d9f536748d9e480a87f220cb83669a19 caf8b2a4b5b44f9286c8eac38bec161d - - default default] 10.0.0.101 "PUT /v2.0/floatingips/59aae742-fc7b-40ef-952a-94c7945be85d/tags/green HTTP/1.1" status: 201 len: 201 time: 0.0587142
2026-05-10 02:03:28.570 10 INFO neutron.wsgi [None req-641a800b-dd92-4866-a021-b7d0a3d2f76c d9f536748d9e480a87f220cb83669a19 caf8b2a4b5b44f9286c8eac38bec161d - - default default] 10.0.0.101 "GET /v2.0/floatingips/59aae742-fc7b-40ef-952a-94c7945be85d/tags HTTP/1.1" status: 200 len: 227 time: 0.0372319
2026-05-10 02:03:28.575 10 INFO neutron.db.segments_db [None req-93787146-8893-470e-ae3a-7581fe04e9ba d0bd3eaf32dc40979be9405aa67d772e 5292e03827eb45088ac9c2c9f23d6634 - - default default] Added segment 1e438064-5556-4a29-83f9-b79640296548 of type geneve for network 2cd56193-9405-433e-a33f-046fc5ac937a
2026-05-10 02:03:28.610 10 INFO neutron.wsgi [None req-e2271f83-69ab-45b2-8afc-d42fe588e807 d9f536748d9e480a87f220cb83669a19 caf8b2a4b5b44f9286c8eac38bec161d - - default default] 10.0.0.101 "PUT /v2.0/floatingips/59aae742-fc7b-40ef-952a-94c7945be85d/tags/red HTTP/1.1" status: 201 len: 201 time: 0.0357690
2026-05-10 02:03:28.653 10 INFO neutron.wsgi [None req-a756c6cf-d186-4f48-a2bd-be45c98bbb29 d9f536748d9e480a87f220cb83669a19 caf8b2a4b5b44f9286c8eac38bec161d - - default default] 10.0.0.101 "GET /v2.0/floatingips/59aae742-fc7b-40ef-952a-94c7945be85d/tags HTTP/1.1" status: 200 len: 227 time: 0.0361576
2026-05-10 02:03:28.724 9 INFO neutron.wsgi [None req-c73d3fcc-7491-401b-a200-85a1db1aece9 d9f536748d9e480a87f220cb83669a19 caf8b2a4b5b44f9286c8eac38bec161d - - default default] 10.0.0.101 "PUT /v2.0/floatingips/59aae742-fc7b-40ef-952a-94c7945be85d/tags/black.or.white HTTP/1.1" status: 201 len: 201 time: 0.0667028
2026-05-10 02:03:28.761 9 INFO neutron.wsgi [None req-33174ce7-e7cd-4336-82f1-31ebf166971f d9f536748d9e480a87f220cb83669a19 caf8b2a4b5b44f9286c8eac38bec161d - - default default] 10.0.0.101 "GET /v2.0/floatingips/59aae742-fc7b-40ef-952a-94c7945be85d/tags HTTP/1.1" status: 200 len: 245 time: 0.0315294
2026-05-10 02:03:28.776 10 INFO neutron.db.ovn_revision_numbers_db [None req-93787146-8893-470e-ae3a-7581fe04e9ba d0bd3eaf32dc40979be9405aa67d772e 5292e03827eb45088ac9c2c9f23d6634 - - default default] Successfully bumped revision number for resource 2cd56193-9405-433e-a33f-046fc5ac937a (type: networks) to 1
2026-05-10 02:03:28.841 10 INFO neutron.wsgi [None req-ef27b262-7799-4734-91ff-9231752ca382 d9f536748d9e480a87f220cb83669a19 caf8b2a4b5b44f9286c8eac38bec161d - - default default] 10.0.0.101 "PUT /v2.0/floatingips/59aae742-fc7b-40ef-952a-94c7945be85d/tags HTTP/1.1" status: 200 len: 230 time: 0.0746756 /var/lib/openstack/lib/python3.10/site-packages/pycadf/identifier.py:71: UserWarning: Invalid uuid: neutron. To ensure interoperability, identifiers should be a valid uuid. warnings.warn(('Invalid uuid: %s. To ensure interoperability, '
2026-05-10 02:03:28.881 10 INFO neutron.plugins.ml2.drivers.ovn.mech_driver.mech_driver [None req-4ef3eff0-9626-480d-9dbc-1cf236b23783 - - - - - -] OVN reports status up for port: 64d08eaa-2190-46c5-b1fe-8d0c6480626d
2026-05-10 02:03:28.889 9 INFO neutron.wsgi [None req-b9c23268-e4d7-4db2-a6cb-46c6484f92bc d9f536748d9e480a87f220cb83669a19 caf8b2a4b5b44f9286c8eac38bec161d - - default default] 10.0.0.101 "GET /v2.0/floatingips/59aae742-fc7b-40ef-952a-94c7945be85d/tags HTTP/1.1" status: 200 len: 230 time: 0.0417311
2026-05-10 02:03:28.899 10 INFO neutron.plugins.ml2.plugin [None req-4ef3eff0-9626-480d-9dbc-1cf236b23783 - - - - - -] Attempt 1 to provision port 64d08eaa-2190-46c5-b1fe-8d0c6480626d
2026-05-10 02:03:28.919 9 INFO neutron.db.ovn_revision_numbers_db [None req-4090b5ca-bce5-4501-a9e3-920bc970b3ff e2383259e5dd4a508645e5c02d72043c 825d51acd2804a53be8e3e71cb0b0427 - - default default] Successfully bumped revision number for resource 64d08eaa-2190-46c5-b1fe-8d0c6480626d (type: router_ports) to 2
2026-05-10 02:03:28.922 9 INFO neutron.wsgi [None req-8b255d90-e3b2-48a6-ad0b-04e8825d230e d9f536748d9e480a87f220cb83669a19 caf8b2a4b5b44f9286c8eac38bec161d - - default default] 10.0.0.101 "GET /v2.0/floatingips/59aae742-fc7b-40ef-952a-94c7945be85d/tags/red HTTP/1.1" status: 204 len: 168 time: 0.0244231
2026-05-10 02:03:28.953 9 INFO neutron.api.v2.resource [None req-02cb090d-c4c4-4d54-a90c-ad7a6fda511b d9f536748d9e480a87f220cb83669a19 caf8b2a4b5b44f9286c8eac38bec161d - - default default] show failed (client error): The resource could not be found.
2026-05-10 02:03:28.955 9 INFO neutron.wsgi [None req-02cb090d-c4c4-4d54-a90c-ad7a6fda511b d9f536748d9e480a87f220cb83669a19 caf8b2a4b5b44f9286c8eac38bec161d - - default default] 10.0.0.101 "GET /v2.0/floatingips/59aae742-fc7b-40ef-952a-94c7945be85d/tags/green HTTP/1.1" status: 404 len: 299 time: 0.0264132
2026-05-10 02:03:28.986 10 WARNING neutron.scheduler.dhcp_agent_scheduler [None req-93787146-8893-470e-ae3a-7581fe04e9ba d0bd3eaf32dc40979be9405aa67d772e 5292e03827eb45088ac9c2c9f23d6634 - - default default] No more DHCP agents
2026-05-10 02:03:28.988 10 WARNING neutron.api.rpc.agentnotifiers.dhcp_rpc_agent_api [None req-93787146-8893-470e-ae3a-7581fe04e9ba d0bd3eaf32dc40979be9405aa67d772e 5292e03827eb45088ac9c2c9f23d6634 - - default default] Unable to schedule network 2cd56193-9405-433e-a33f-046fc5ac937a: no agents available; will retry on subsequent port and subnet creation events.
2026-05-10 02:03:29.010 9 INFO neutron.wsgi [None req-01a7a26e-ba2d-4684-af98-9e0f1849afbd d9f536748d9e480a87f220cb83669a19 caf8b2a4b5b44f9286c8eac38bec161d - - default default] 10.0.0.101 "DELETE /v2.0/floatingips/59aae742-fc7b-40ef-952a-94c7945be85d/tags/red HTTP/1.1" status: 204 len: 168 time: 0.0479550
2026-05-10 02:03:29.070 9 INFO neutron.wsgi [None req-30d07866-a6fd-4987-ab57-7ab56599844e d9f536748d9e480a87f220cb83669a19 caf8b2a4b5b44f9286c8eac38bec161d - - default default] 10.0.0.101 "GET /v2.0/floatingips/59aae742-fc7b-40ef-952a-94c7945be85d/tags HTTP/1.1" status: 200 len: 223 time: 0.0535719
2026-05-10 02:03:29.113 10 INFO neutron.db.ovn_revision_numbers_db [None req-93787146-8893-470e-ae3a-7581fe04e9ba d0bd3eaf32dc40979be9405aa67d772e 5292e03827eb45088ac9c2c9f23d6634 - - default default] Successfully bumped revision number for resource 87e5f674-8cfd-47ab-bb35-342a22871819 (type: ports) to 1
2026-05-10 02:03:29.115 9 INFO neutron.db.ovn_revision_numbers_db [None req-4090b5ca-bce5-4501-a9e3-920bc970b3ff e2383259e5dd4a508645e5c02d72043c 825d51acd2804a53be8e3e71cb0b0427 - - default default] Successfully bumped revision number for resource 64d08eaa-2190-46c5-b1fe-8d0c6480626d (type: ports) to 2
2026-05-10 02:03:29.118 10 INFO neutron.api.v2.resource [None req-8abf59f2-8c15-44e1-9d4f-cbc49d552747 d9f536748d9e480a87f220cb83669a19 caf8b2a4b5b44f9286c8eac38bec161d - - default default] delete failed (client error): The resource could not be found.
2026-05-10 02:03:29.119 10 INFO neutron.wsgi [None req-8abf59f2-8c15-44e1-9d4f-cbc49d552747 d9f536748d9e480a87f220cb83669a19 caf8b2a4b5b44f9286c8eac38bec161d - - default default] 10.0.0.101 "DELETE /v2.0/floatingips/59aae742-fc7b-40ef-952a-94c7945be85d/tags/green HTTP/1.1" status: 404 len: 299 time: 0.0431142
2026-05-10 02:03:29.143 10 INFO neutron.wsgi [None req-93787146-8893-470e-ae3a-7581fe04e9ba d0bd3eaf32dc40979be9405aa67d772e 5292e03827eb45088ac9c2c9f23d6634 - - default default] 10.0.0.101 "POST /v2.0/networks HTTP/1.1" status: 201 len: 834 time: 0.7141862
2026-05-10 02:03:29.203 9 INFO neutron.wsgi [None req-7ab3a75c-c961-4515-a080-7cf863f4c93a d9f536748d9e480a87f220cb83669a19 caf8b2a4b5b44f9286c8eac38bec161d - - default default] 10.0.0.101 "DELETE /v2.0/floatingips/59aae742-fc7b-40ef-952a-94c7945be85d/tags HTTP/1.1" status: 204 len: 168 time: 0.0792661
2026-05-10 02:03:29.228 10 INFO neutron.db.ovn_revision_numbers_db [None req-4ef3eff0-9626-480d-9dbc-1cf236b23783 - - - - - -] Successfully bumped revision number for resource 64d08eaa-2190-46c5-b1fe-8d0c6480626d (type: ports) to 3
2026-05-10 02:03:29.257 9 INFO neutron.wsgi [None req-f00cb0ef-1cb5-4b53-8aae-bb053cb656cd d9f536748d9e480a87f220cb83669a19 caf8b2a4b5b44f9286c8eac38bec161d - - default default] 10.0.0.101 "GET /v2.0/floatingips/59aae742-fc7b-40ef-952a-94c7945be85d/tags HTTP/1.1" status: 200 len: 205 time: 0.0450950 /var/lib/openstack/lib/python3.10/site-packages/pycadf/identifier.py:71: UserWarning: Invalid uuid: neutron. To ensure interoperability, identifiers should be a valid uuid. warnings.warn(('Invalid uuid: %s. To ensure interoperability, '
2026-05-10 02:03:29.386 10 INFO neutron.db.ovn_revision_numbers_db [None req-4ef3eff0-9626-480d-9dbc-1cf236b23783 - - - - - -] Successfully bumped revision number for resource 64d08eaa-2190-46c5-b1fe-8d0c6480626d (type: router_ports) to 3
2026-05-10 02:03:29.568 9 WARNING neutron.scheduler.dhcp_agent_scheduler [None req-8519c266-5e18-4576-bd6d-6a130d65672b d0bd3eaf32dc40979be9405aa67d772e 5292e03827eb45088ac9c2c9f23d6634 - - default default] No more DHCP agents
2026-05-10 02:03:29.571 9 WARNING neutron.api.rpc.agentnotifiers.dhcp_rpc_agent_api [None req-8519c266-5e18-4576-bd6d-6a130d65672b d0bd3eaf32dc40979be9405aa67d772e 5292e03827eb45088ac9c2c9f23d6634 - - default default] Unable to schedule network 2cd56193-9405-433e-a33f-046fc5ac937a: no agents available; will retry on subsequent port and subnet creation events.
2026-05-10 02:03:29.622 9 INFO neutron.db.ovn_revision_numbers_db [None req-8519c266-5e18-4576-bd6d-6a130d65672b d0bd3eaf32dc40979be9405aa67d772e 5292e03827eb45088ac9c2c9f23d6634 - - default default] Successfully bumped revision number for resource 2cd268c5-1c7e-473f-9e63-48cf69731011 (type: subnets) to 0
2026-05-10 02:03:29.633 10 INFO neutron.wsgi [None req-11a4a212-a533-4fe5-85b7-b395576a00b0 d9f536748d9e480a87f220cb83669a19 caf8b2a4b5b44f9286c8eac38bec161d - - default default] 10.0.0.101 "DELETE /v2.0/floatingips/59aae742-fc7b-40ef-952a-94c7945be85d HTTP/1.1" status: 204 len: 168 time: 0.3689191
2026-05-10 02:03:29.644 9 INFO neutron.wsgi [None req-8519c266-5e18-4576-bd6d-6a130d65672b d0bd3eaf32dc40979be9405aa67d772e 5292e03827eb45088ac9c2c9f23d6634 - - default default] 10.0.0.101 "POST /v2.0/subnets HTTP/1.1" status: 201 len: 821 time: 0.4940181
2026-05-10 02:03:29.993 9 INFO neutron.db.ovn_revision_numbers_db [None req-4090b5ca-bce5-4501-a9e3-920bc970b3ff e2383259e5dd4a508645e5c02d72043c 825d51acd2804a53be8e3e71cb0b0427 - - default default] Successfully bumped revision number for resource 64d08eaa-2190-46c5-b1fe-8d0c6480626d (type: ports) to 3
2026-05-10 02:03:30.011 10 WARNING neutron.scheduler.dhcp_agent_scheduler [None req-c9ec158b-1a8e-4392-a62a-26d8468963f1 d0bd3eaf32dc40979be9405aa67d772e 5292e03827eb45088ac9c2c9f23d6634 - - default default] No more DHCP agents
2026-05-10 02:03:30.015 10 WARNING neutron.api.rpc.agentnotifiers.dhcp_rpc_agent_api [None req-c9ec158b-1a8e-4392-a62a-26d8468963f1 d0bd3eaf32dc40979be9405aa67d772e 5292e03827eb45088ac9c2c9f23d6634 - - default default] Unable to schedule network 2cd56193-9405-433e-a33f-046fc5ac937a: no agents available; will retry on subsequent port and subnet creation events.
2026-05-10 02:03:30.062 9 WARNING neutron.scheduler.dhcp_agent_scheduler [None req-4090b5ca-bce5-4501-a9e3-920bc970b3ff e2383259e5dd4a508645e5c02d72043c 825d51acd2804a53be8e3e71cb0b0427 - - default default] No more DHCP agents
2026-05-10 02:03:30.063 9 WARNING neutron.api.rpc.agentnotifiers.dhcp_rpc_agent_api [None req-4090b5ca-bce5-4501-a9e3-920bc970b3ff e2383259e5dd4a508645e5c02d72043c 825d51acd2804a53be8e3e71cb0b0427 - - default default] Unable to schedule network 4147e134-e027-4ef6-9ed8-c339cac4f973: no agents available; will retry on subsequent port and subnet creation events.
2026-05-10 02:03:30.113 10 INFO neutron.db.ovn_revision_numbers_db [None req-c9ec158b-1a8e-4392-a62a-26d8468963f1 d0bd3eaf32dc40979be9405aa67d772e 5292e03827eb45088ac9c2c9f23d6634 - - default default] Successfully bumped revision number for resource 5a0341f9-108a-41d1-a123-5477961b78f8 (type: ports) to 1
2026-05-10 02:03:30.135 10 INFO neutron.wsgi [None req-c9ec158b-1a8e-4392-a62a-26d8468963f1 d0bd3eaf32dc40979be9405aa67d772e 5292e03827eb45088ac9c2c9f23d6634 - - default default] 10.0.0.101 "POST /v2.0/ports HTTP/1.1" status: 201 len: 1161 time: 0.4857397 /var/lib/openstack/lib/python3.10/site-packages/pycadf/identifier.py:71: UserWarning: Invalid uuid: neutron. To ensure interoperability, identifiers should be a valid uuid. warnings.warn(('Invalid uuid: %s. To ensure interoperability, '
2026-05-10 02:03:30.263 9 INFO neutron.db.ovn_revision_numbers_db [None req-4090b5ca-bce5-4501-a9e3-920bc970b3ff e2383259e5dd4a508645e5c02d72043c 825d51acd2804a53be8e3e71cb0b0427 - - default default] Successfully bumped revision number for resource 64d08eaa-2190-46c5-b1fe-8d0c6480626d (type: router_ports) to 3
2026-05-10 02:03:30.266 9 INFO neutron.wsgi [None req-4090b5ca-bce5-4501-a9e3-920bc970b3ff e2383259e5dd4a508645e5c02d72043c 825d51acd2804a53be8e3e71cb0b0427 - - default default] 10.0.0.101 "PUT /v2.0/routers/310b3c37-2775-4280-a812-b7b9a40b43ce/add_router_interface HTTP/1.1" status: 200 len: 503 time: 1.8550098 /var/lib/openstack/lib/python3.10/site-packages/pycadf/identifier.py:71: UserWarning: Invalid uuid: neutron. To ensure interoperability, identifiers should be a valid uuid. warnings.warn(('Invalid uuid: %s. To ensure interoperability, '
2026-05-10 02:03:30.302 9 INFO neutron.wsgi [None req-93a4d294-8a7e-44c0-8644-cedd11c74b9e e2383259e5dd4a508645e5c02d72043c 825d51acd2804a53be8e3e71cb0b0427 - - default default] 10.0.0.101 "GET /v2.0/ports/64d08eaa-2190-46c5-b1fe-8d0c6480626d HTTP/1.1" status: 200 len: 1221 time: 0.0311465
2026-05-10 02:03:30.454 10 INFO neutron.wsgi [None req-09b9a28f-5b51-4269-89fa-bc02625657ea d0bd3eaf32dc40979be9405aa67d772e 5292e03827eb45088ac9c2c9f23d6634 - - default default] 10.0.0.101 "DELETE /v2.0/ports/5a0341f9-108a-41d1-a123-5477961b78f8 HTTP/1.1" status: 204 len: 168 time: 0.3137064
2026-05-10 02:03:30.480 10 INFO neutron.pecan_wsgi.hooks.translation [None req-45516f1b-b557-4de4-8b49-e4a0c2f9f2ce d0bd3eaf32dc40979be9405aa67d772e 5292e03827eb45088ac9c2c9f23d6634 - - default default] DELETE failed (client error): The resource could not be found.
2026-05-10 02:03:30.482 10 INFO neutron.wsgi [None req-45516f1b-b557-4de4-8b49-e4a0c2f9f2ce d0bd3eaf32dc40979be9405aa67d772e 5292e03827eb45088ac9c2c9f23d6634 - - default default] 10.0.0.101 "DELETE /v2.0/ports/5a0341f9-108a-41d1-a123-5477961b78f8 HTTP/1.1" status: 404 len: 333 time: 0.0221915 /var/lib/openstack/lib/python3.10/site-packages/pycadf/identifier.py:71: UserWarning: Invalid uuid: neutron. To ensure interoperability, identifiers should be a valid uuid. warnings.warn(('Invalid uuid: %s. To ensure interoperability, '
2026-05-10 02:03:30.509 9 INFO neutron.pecan_wsgi.hooks.translation [None req-7f311eb5-15ff-4a3e-bb56-1825528b8e0a d0bd3eaf32dc40979be9405aa67d772e 5292e03827eb45088ac9c2c9f23d6634 - - default default] GET failed (client error): The resource could not be found.
2026-05-10 02:03:30.511 9 INFO neutron.wsgi [None req-7f311eb5-15ff-4a3e-bb56-1825528b8e0a d0bd3eaf32dc40979be9405aa67d772e 5292e03827eb45088ac9c2c9f23d6634 - - default default] 10.0.0.101 "GET /v2.0/ports/5a0341f9-108a-41d1-a123-5477961b78f8 HTTP/1.1" status: 404 len: 333 time: 0.0232704
2026-05-10 02:03:30.528 10 INFO neutron.db.ovn_revision_numbers_db [None req-ded4445a-a553-4a2b-9dd0-e3c1a008fd8e b477c62976d24feda1acaae2b27b29be b58a4c05e6074359883ff168fa613fe1 - - default default] Successfully bumped revision number for resource 4710d6c8-867f-437d-b46f-29b69669d9d4 (type: security_groups) to 1
2026-05-10 02:03:30.545 10 INFO neutron.db.ovn_revision_numbers_db [None req-ded4445a-a553-4a2b-9dd0-e3c1a008fd8e b477c62976d24feda1acaae2b27b29be b58a4c05e6074359883ff168fa613fe1 - - default default] Successfully bumped revision number for resource 64ac6007-b35f-4ea2-a9c8-2cd9cbb58260 (type: security_group_rules) to 0
2026-05-10 02:03:30.567 10 INFO neutron.db.ovn_revision_numbers_db [None req-ded4445a-a553-4a2b-9dd0-e3c1a008fd8e b477c62976d24feda1acaae2b27b29be b58a4c05e6074359883ff168fa613fe1 - - default default] Successfully bumped revision number for resource 67e53b89-b4e8-4d57-848e-4e914e3052f6 (type: security_group_rules) to 0
