2026-05-10 02:01:13.759 10 INFO neutron.wsgi [req-b5976c6a-82ab-4c62-afaf-aba3f6e2628b req-f96b4074-26ca-4802-be94-763818cb479e 83b037f34e3f444eaf03a1c295d9fe47 33160cd1f02e47b099e573ede7e9257d - - default default] 199.204.45.129 "GET /v2.0/ports?device_id=e267e5b7-e5d4-40e1-af31-fc50736e11ec HTTP/1.1" status: 200 len: 1170 time: 0.0554197
2026-05-10 02:01:13.795 9 INFO neutron.db.ovn_revision_numbers_db [None req-7123448e-c8ab-479c-9b7e-c04c60ce8cd0 b477c62976d24feda1acaae2b27b29be b58a4c05e6074359883ff168fa613fe1 - - default default] Successfully bumped revision number for resource 7924995e-1d5b-4845-a6d6-0ff2dc62768c (type: security_groups) to 1
2026-05-10 02:01:13.844 9 INFO neutron.db.ovn_revision_numbers_db [None req-7123448e-c8ab-479c-9b7e-c04c60ce8cd0 b477c62976d24feda1acaae2b27b29be b58a4c05e6074359883ff168fa613fe1 - - default default] Successfully bumped revision number for resource 2a009a53-105e-4843-8d65-ffbbea624954 (type: security_group_rules) to 0
2026-05-10 02:01:13.861 9 INFO neutron.db.ovn_revision_numbers_db [None req-7123448e-c8ab-479c-9b7e-c04c60ce8cd0 b477c62976d24feda1acaae2b27b29be b58a4c05e6074359883ff168fa613fe1 - - default default] Successfully bumped revision number for resource 3d4f29b7-5e8b-4548-8dcf-f179e4ec4e1f (type: security_group_rules) to 0
2026-05-10 02:01:13.877 9 INFO neutron.db.ovn_revision_numbers_db [None req-7123448e-c8ab-479c-9b7e-c04c60ce8cd0 b477c62976d24feda1acaae2b27b29be b58a4c05e6074359883ff168fa613fe1 - - default default] Successfully bumped revision number for resource b3af1244-c6ea-445c-891b-69cfd9b286c7 (type: security_group_rules) to 0
2026-05-10 02:01:13.889 9 INFO neutron.db.ovn_revision_numbers_db [None req-7123448e-c8ab-479c-9b7e-c04c60ce8cd0 b477c62976d24feda1acaae2b27b29be b58a4c05e6074359883ff168fa613fe1 - - default default] Successfully bumped revision number for resource ce9f4f50-4a4a-4069-b186-f8edb1f10d4c (type: security_group_rules) to 0
2026-05-10 02:01:13.913 9 INFO neutron.wsgi [None req-7123448e-c8ab-479c-9b7e-c04c60ce8cd0 b477c62976d24feda1acaae2b27b29be b58a4c05e6074359883ff168fa613fe1 - - default default] 10.0.0.101 "GET /v2.0/security-groups?tenant_id=fe258536c0b24508b0a65c8a270a006e&name=default HTTP/1.1" status: 200 len: 2996 time: 0.3583221
2026-05-10 02:01:14.165 10 WARNING neutron.scheduler.dhcp_agent_scheduler [None req-d22f84a8-987d-41bd-9819-4cf38cc8345b 78f5325332344274bfc3f33feae0f944 6ee940777cec4572a45145b473891aee - - default default] No more DHCP agents
2026-05-10 02:01:14.168 10 WARNING neutron.api.rpc.agentnotifiers.dhcp_rpc_agent_api [None req-d22f84a8-987d-41bd-9819-4cf38cc8345b 78f5325332344274bfc3f33feae0f944 6ee940777cec4572a45145b473891aee - - default default] Unable to schedule network ea0ed169-d079-4bfa-b24a-5ba949b32953: no agents available; will retry on subsequent port and subnet creation events.
2026-05-10 02:01:14.226 9 INFO neutron.notifiers.nova [-] Nova event matching ['req-e00218f6-23d7-4ebe-a42d-79f8f776de16'] response: {'name': 'network-changed', 'server_uuid': 'e267e5b7-e5d4-40e1-af31-fc50736e11ec', 'tag': 'c0bec486-5826-4c86-95c8-16a530bb5058', 'status': 'completed', 'code': 200}
2026-05-10 02:01:14.296 9 INFO neutron.wsgi [req-57049fa8-7604-4fbc-8ed8-feb1805e7330 req-b26a1996-fc48-4988-b08d-897e5e4643ae 071487f74c7148fd846b50b2a68aa9ab 506a88a9e8484628affc56649e365da4 - - be153b6ef6404744af3deace32e5da1d be153b6ef6404744af3deace32e5da1d] 199.204.45.129 "GET /v2.0/ports?tenant_id=33160cd1f02e47b099e573ede7e9257d&device_id=e267e5b7-e5d4-40e1-af31-fc50736e11ec HTTP/1.1" status: 200 len: 1409 time: 0.0499148
2026-05-10 02:01:14.370 9 INFO neutron.db.ovn_revision_numbers_db [None req-611f9f0f-602a-4737-adbb-9f4bc7491268 b477c62976d24feda1acaae2b27b29be b58a4c05e6074359883ff168fa613fe1 - - default default] Successfully bumped revision number for resource a5921c51-7c9d-4ee7-b24d-ff3e8a0f7ea2 (type: security_groups) to 1
2026-05-10 02:01:14.390 9 INFO neutron.wsgi [req-57049fa8-7604-4fbc-8ed8-feb1805e7330 req-d081f698-a36a-48fe-a5a3-ab4e7ba14ed5 071487f74c7148fd846b50b2a68aa9ab 506a88a9e8484628affc56649e365da4 - - be153b6ef6404744af3deace32e5da1d be153b6ef6404744af3deace32e5da1d] 199.204.45.129 "GET /v2.0/networks?id=02d1da56-5c00-4db6-9b09-954a2dc21b2d HTTP/1.1" status: 200 len: 968 time: 0.0847890
2026-05-10 02:01:14.391 9 INFO neutron.db.ovn_revision_numbers_db [None req-611f9f0f-602a-4737-adbb-9f4bc7491268 b477c62976d24feda1acaae2b27b29be b58a4c05e6074359883ff168fa613fe1 - - default default] Successfully bumped revision number for resource 49fc80ad-b93e-4641-8a77-8da97d66ab16 (type: security_group_rules) to 0
2026-05-10 02:01:14.427 9 INFO neutron.db.ovn_revision_numbers_db [None req-611f9f0f-602a-4737-adbb-9f4bc7491268 b477c62976d24feda1acaae2b27b29be b58a4c05e6074359883ff168fa613fe1 - - default default] Successfully bumped revision number for resource 843c40d3-ed79-4b06-a7b6-4ef8f3fa5d3b (type: security_group_rules) to 0
2026-05-10 02:01:14.451 10 INFO neutron.db.l3_db [req-b5976c6a-82ab-4c62-afaf-aba3f6e2628b req-54dc7feb-f388-4e2e-963e-1eefeac75577 83b037f34e3f444eaf03a1c295d9fe47 33160cd1f02e47b099e573ede7e9257d - - default default] Floating IP 03014e10-76c0-4664-baed-2e65057dba51 disassociated. External IP: 10.96.250.216, port: c0bec486-5826-4c86-95c8-16a530bb5058.
2026-05-10 02:01:14.466 9 INFO neutron.wsgi [req-57049fa8-7604-4fbc-8ed8-feb1805e7330 req-cbf94d52-d738-4751-a4d5-e4b2bbdb4ba6 071487f74c7148fd846b50b2a68aa9ab 506a88a9e8484628affc56649e365da4 - - be153b6ef6404744af3deace32e5da1d be153b6ef6404744af3deace32e5da1d] 199.204.45.129 "GET /v2.0/floatingips?fixed_ip_address=10.100.0.8&port_id=c0bec486-5826-4c86-95c8-16a530bb5058 HTTP/1.1" status: 200 len: 1059 time: 0.0684338
2026-05-10 02:01:14.466 9 INFO neutron.db.ovn_revision_numbers_db [None req-611f9f0f-602a-4737-adbb-9f4bc7491268 b477c62976d24feda1acaae2b27b29be b58a4c05e6074359883ff168fa613fe1 - - default default] Successfully bumped revision number for resource a2d70aa3-85bc-4a44-8eb2-a2808bd00019 (type: security_group_rules) to 0
2026-05-10 02:01:14.490 9 INFO neutron.db.ovn_revision_numbers_db [None req-611f9f0f-602a-4737-adbb-9f4bc7491268 b477c62976d24feda1acaae2b27b29be b58a4c05e6074359883ff168fa613fe1 - - default default] Successfully bumped revision number for resource bcbb6f84-b620-4bf1-8edd-198e1454cd13 (type: security_group_rules) to 0
2026-05-10 02:01:14.522 9 INFO neutron.wsgi [None req-611f9f0f-602a-4737-adbb-9f4bc7491268 b477c62976d24feda1acaae2b27b29be b58a4c05e6074359883ff168fa613fe1 - - default default] 10.0.0.101 "GET /v2.0/security-groups?tenant_id=cafef1d3a22e4f609ca726599e55a4dd&name=default HTTP/1.1" status: 200 len: 2996 time: 0.4467158
2026-05-10 02:01:14.528 9 INFO neutron.wsgi [req-57049fa8-7604-4fbc-8ed8-feb1805e7330 req-c8d69794-0e9f-4604-ac61-4cfa1cb8ce19 071487f74c7148fd846b50b2a68aa9ab 506a88a9e8484628affc56649e365da4 - - be153b6ef6404744af3deace32e5da1d be153b6ef6404744af3deace32e5da1d] 199.204.45.129 "GET /v2.0/subnets?id=f237ff8e-724c-4c01-9199-a0fbd4ba3fa2 HTTP/1.1" status: 200 len: 863 time: 0.0528252
2026-05-10 02:01:14.572 9 INFO neutron.wsgi [req-57049fa8-7604-4fbc-8ed8-feb1805e7330 req-f217155e-d778-4653-b290-247b22a2724a 071487f74c7148fd846b50b2a68aa9ab 506a88a9e8484628affc56649e365da4 - - be153b6ef6404744af3deace32e5da1d be153b6ef6404744af3deace32e5da1d] 199.204.45.129 "GET /v2.0/ports?network_id=02d1da56-5c00-4db6-9b09-954a2dc21b2d&device_owner=network%3Adhcp HTTP/1.1" status: 200 len: 210 time: 0.0352263
2026-05-10 02:01:14.608 10 INFO neutron.wsgi [None req-9d18beaa-327d-47ab-98c8-5331946274ab b477c62976d24feda1acaae2b27b29be b58a4c05e6074359883ff168fa613fe1 - - default default] 10.0.0.101 "DELETE /v2.0/security-groups/7924995e-1d5b-4845-a6d6-0ff2dc62768c HTTP/1.1" status: 204 len: 168 time: 0.6893485
2026-05-10 02:01:14.642 9 INFO neutron.wsgi [req-5d7b57eb-cc1a-4360-bf02-6c9db8aba643 req-ae8654d1-6d75-4b03-a0de-5b96ec005fce 83b037f34e3f444eaf03a1c295d9fe47 33160cd1f02e47b099e573ede7e9257d - - default default] 10.0.0.246 "GET /v2.0/ports?device_id=e267e5b7-e5d4-40e1-af31-fc50736e11ec HTTP/1.1" status: 200 len: 1170 time: 0.0719182
2026-05-10 02:01:14.686 9 INFO neutron.wsgi [req-57049fa8-7604-4fbc-8ed8-feb1805e7330 req-3461e0f0-9569-4f8d-9cf7-e854e486b910 071487f74c7148fd846b50b2a68aa9ab 506a88a9e8484628affc56649e365da4 - - be153b6ef6404744af3deace32e5da1d be153b6ef6404744af3deace32e5da1d] 199.204.45.129 "GET /v2.0/networks/02d1da56-5c00-4db6-9b09-954a2dc21b2d?fields=segments HTTP/1.1" status: 200 len: 212 time: 0.1037395
2026-05-10 02:01:14.719 9 INFO neutron.wsgi [req-5d7b57eb-cc1a-4360-bf02-6c9db8aba643 req-70287e50-a2e0-45b0-89a3-c8cd5e612981 83b037f34e3f444eaf03a1c295d9fe47 33160cd1f02e47b099e573ede7e9257d - - default default] 10.0.0.246 "GET /v2.0/security-groups?id=7d3958cc-b487-4d28-85ba-40ca1fa94684&fields=id&fields=name HTTP/1.1" status: 200 len: 312 time: 0.0696955 /var/lib/openstack/lib/python3.10/site-packages/pycadf/identifier.py:71: UserWarning: Invalid uuid: neutron. To ensure interoperability, identifiers should be a valid uuid. warnings.warn(('Invalid uuid: %s. To ensure interoperability, '
2026-05-10 02:01:14.764 10 INFO neutron.wsgi [req-b5976c6a-82ab-4c62-afaf-aba3f6e2628b req-54dc7feb-f388-4e2e-963e-1eefeac75577 83b037f34e3f444eaf03a1c295d9fe47 33160cd1f02e47b099e573ede7e9257d - - default default] 199.204.45.129 "DELETE /v2.0/ports/c0bec486-5826-4c86-95c8-16a530bb5058 HTTP/1.1" status: 204 len: 173 time: 0.9988160
2026-05-10 02:01:14.784 9 INFO neutron.wsgi [req-57049fa8-7604-4fbc-8ed8-feb1805e7330 req-c6f10a81-907b-4a41-a91b-ae8c3fd08967 071487f74c7148fd846b50b2a68aa9ab 506a88a9e8484628affc56649e365da4 - - be153b6ef6404744af3deace32e5da1d be153b6ef6404744af3deace32e5da1d] 199.204.45.129 "GET /v2.0/networks/02d1da56-5c00-4db6-9b09-954a2dc21b2d?fields=provider%3Aphysical_network&fields=provider%3Anetwork_type HTTP/1.1" status: 200 len: 277 time: 0.0893109
2026-05-10 02:01:14.818 10 INFO neutron.notifiers.nova [-] Nova event matching ['req-e86ccca7-fc36-48c6-8185-bbfd6554b3e3'] response: {'server_uuid': 'e267e5b7-e5d4-40e1-af31-fc50736e11ec', 'name': 'network-vif-deleted', 'tag': 'c0bec486-5826-4c86-95c8-16a530bb5058', 'status': 'completed', 'code': 200}
2026-05-10 02:01:14.869 9 INFO neutron.wsgi [None req-36031fee-d48d-40bf-8119-574dd63e43a9 b477c62976d24feda1acaae2b27b29be b58a4c05e6074359883ff168fa613fe1 - - default default] 10.0.0.101 "DELETE /v2.0/security-groups/a5921c51-7c9d-4ee7-b24d-ff3e8a0f7ea2 HTTP/1.1" status: 204 len: 168 time: 0.3409891
2026-05-10 02:01:14.902 10 INFO neutron.db.ovn_revision_numbers_db [None req-d22f84a8-987d-41bd-9819-4cf38cc8345b 78f5325332344274bfc3f33feae0f944 6ee940777cec4572a45145b473891aee - - default default] Successfully bumped revision number for resource 7759fa35-dd43-4310-87ae-996b41e06efb (type: floatingips) to 0
2026-05-10 02:01:14.918 10 INFO neutron.wsgi [None req-d22f84a8-987d-41bd-9819-4cf38cc8345b 78f5325332344274bfc3f33feae0f944 6ee940777cec4572a45145b473891aee - - default default] 10.0.0.101 "POST /v2.0/floatingips HTTP/1.1" status: 201 len: 751 time: 1.2625141
2026-05-10 02:01:14.924 10 INFO neutron.db.ovn_revision_numbers_db [None req-227755ce-b468-46e4-a129-5736598456e7 b477c62976d24feda1acaae2b27b29be b58a4c05e6074359883ff168fa613fe1 - - default default] Successfully bumped revision number for resource 9b239fdd-fb88-45ca-b207-7eb5a2e622f6 (type: security_groups) to 1
2026-05-10 02:01:14.941 10 INFO neutron.db.ovn_revision_numbers_db [None req-227755ce-b468-46e4-a129-5736598456e7 b477c62976d24feda1acaae2b27b29be b58a4c05e6074359883ff168fa613fe1 - - default default] Successfully bumped revision number for resource 598513a3-1317-4a82-b1c6-33aec6a00d12 (type: security_group_rules) to 0
2026-05-10 02:01:14.958 10 INFO neutron.db.ovn_revision_numbers_db [None req-227755ce-b468-46e4-a129-5736598456e7 b477c62976d24feda1acaae2b27b29be b58a4c05e6074359883ff168fa613fe1 - - default default] Successfully bumped revision number for resource cbfc474f-ae06-4674-9d71-386fd0d5f4e4 (type: security_group_rules) to 0
2026-05-10 02:01:14.973 10 INFO neutron.db.ovn_revision_numbers_db [None req-227755ce-b468-46e4-a129-5736598456e7 b477c62976d24feda1acaae2b27b29be b58a4c05e6074359883ff168fa613fe1 - - default default] Successfully bumped revision number for resource dea47941-d31c-45de-90e2-38faa3a1094e (type: security_group_rules) to 0
2026-05-10 02:01:14.987 10 INFO neutron.db.ovn_revision_numbers_db [None req-227755ce-b468-46e4-a129-5736598456e7 b477c62976d24feda1acaae2b27b29be b58a4c05e6074359883ff168fa613fe1 - - default default] Successfully bumped revision number for resource ffa171d3-361b-4be0-ba4d-2cdae178fcb4 (type: security_group_rules) to 0
2026-05-10 02:01:15.014 10 INFO neutron.wsgi [None req-227755ce-b468-46e4-a129-5736598456e7 b477c62976d24feda1acaae2b27b29be b58a4c05e6074359883ff168fa613fe1 - - default default] 10.0.0.101 "GET /v2.0/security-groups?tenant_id=233cd636b4cc4849affe6ede61f17fdb&name=default HTTP/1.1" status: 200 len: 2996 time: 0.2990997
2026-05-10 02:01:15.234 10 INFO neutron.wsgi [None req-6aee4f42-52bf-46b6-80ca-d203f70955b4 b477c62976d24feda1acaae2b27b29be b58a4c05e6074359883ff168fa613fe1 - - default default] 10.0.0.101 "DELETE /v2.0/security-groups/9b239fdd-fb88-45ca-b207-7eb5a2e622f6 HTTP/1.1" status: 204 len: 168 time: 0.2148709
2026-05-10 02:01:15.433 9 INFO neutron.wsgi [req-4ae5f384-4ac1-4de9-96ac-6ef29deef8b0 req-1837a0c9-b2e0-40b9-bdc5-6f90f9f9e57a 78f5325332344274bfc3f33feae0f944 6ee940777cec4572a45145b473891aee - - default default] 10.0.0.246 "GET /v2.0/security-groups?name=tempest-securitygroup--532897027&fields=id&tenant_id=6ee940777cec4572a45145b473891aee HTTP/1.1" status: 200 len: 267 time: 0.0603862
2026-05-10 02:01:15.537 9 INFO neutron.wsgi [req-4ae5f384-4ac1-4de9-96ac-6ef29deef8b0 req-9217ef8f-aeef-459a-822f-4a4707c33a6c 78f5325332344274bfc3f33feae0f944 6ee940777cec4572a45145b473891aee - - default default] 10.0.0.246 "GET /v2.0/networks?id=4d29decc-87a6-4806-a0cd-07426c873df1 HTTP/1.1" status: 200 len: 883 time: 0.0971327
2026-05-10 02:01:15.551 9 INFO neutron.wsgi [req-4ae5f384-4ac1-4de9-96ac-6ef29deef8b0 req-e08dcf49-225b-4914-b691-1a4d68e15820 78f5325332344274bfc3f33feae0f944 6ee940777cec4572a45145b473891aee - - default default] 10.0.0.246 "GET /v2.0/quotas/6ee940777cec4572a45145b473891aee HTTP/1.1" status: 200 len: 386 time: 0.0096323
2026-05-10 02:01:15.827 9 INFO neutron.wsgi [req-4ae5f384-4ac1-4de9-96ac-6ef29deef8b0 req-3c77dab6-e6f0-4bc2-8441-725c4d7fd39f 78f5325332344274bfc3f33feae0f944 6ee940777cec4572a45145b473891aee - - default default] 10.0.0.246 "GET /v2.0/ports?tenant_id=6ee940777cec4572a45145b473891aee&fields=id HTTP/1.1" status: 200 len: 302 time: 0.2685525
2026-05-10 02:01:15.946 10 INFO neutron.wsgi [None req-5b35de3d-ec6c-4ba7-adf9-3c319ada6ccc 83b037f34e3f444eaf03a1c295d9fe47 33160cd1f02e47b099e573ede7e9257d - - default default] 10.0.0.101 "DELETE /v2.0/security-groups/7d3958cc-b487-4d28-85ba-40ca1fa94684 HTTP/1.1" status: 204 len: 168 time: 0.1445518
2026-05-10 02:01:15.958 10 INFO neutron.api.v2.resource [None req-f020f546-fc5d-4533-bccd-630a3411ea0a 83b037f34e3f444eaf03a1c295d9fe47 33160cd1f02e47b099e573ede7e9257d - - default default] show failed (client error): The resource could not be found.
2026-05-10 02:01:15.960 10 INFO neutron.wsgi [None req-f020f546-fc5d-4533-bccd-630a3411ea0a 83b037f34e3f444eaf03a1c295d9fe47 33160cd1f02e47b099e573ede7e9257d - - default default] 10.0.0.101 "GET /v2.0/security-groups/7d3958cc-b487-4d28-85ba-40ca1fa94684 HTTP/1.1" status: 404 len: 347 time: 0.0099978
2026-05-10 02:01:16.284 10 INFO neutron.wsgi [None req-3282b97d-478e-4632-b55b-e7414952417f 83b037f34e3f444eaf03a1c295d9fe47 33160cd1f02e47b099e573ede7e9257d - - default default] 10.0.0.101 "DELETE /v2.0/floatingips/03014e10-76c0-4664-baed-2e65057dba51 HTTP/1.1" status: 204 len: 168 time: 0.3214293
2026-05-10 02:01:16.314 9 INFO neutron.wsgi [req-4ae5f384-4ac1-4de9-96ac-6ef29deef8b0 req-601f95e4-2692-4fb8-af71-ca406b8ffb07 071487f74c7148fd846b50b2a68aa9ab 506a88a9e8484628affc56649e365da4 - - be153b6ef6404744af3deace32e5da1d be153b6ef6404744af3deace32e5da1d] 10.0.0.246 "GET /v2.0/extensions HTTP/1.1" status: 200 len: 16525 time: 0.1233764
2026-05-10 02:01:16.374 9 INFO neutron.wsgi [req-4ae5f384-4ac1-4de9-96ac-6ef29deef8b0 req-1bbc607f-50bf-4fa9-9bd9-278aa989404f 071487f74c7148fd846b50b2a68aa9ab 506a88a9e8484628affc56649e365da4 - - be153b6ef6404744af3deace32e5da1d be153b6ef6404744af3deace32e5da1d] 10.0.0.246 "GET /v2.0/networks/4d29decc-87a6-4806-a0cd-07426c873df1?fields=segments HTTP/1.1" status: 200 len: 212 time: 0.0552180
2026-05-10 02:01:16.436 9 INFO neutron.wsgi [req-4ae5f384-4ac1-4de9-96ac-6ef29deef8b0 req-88bb972e-1590-4fff-9f3d-6a2361dd69a6 071487f74c7148fd846b50b2a68aa9ab 506a88a9e8484628affc56649e365da4 - - be153b6ef6404744af3deace32e5da1d be153b6ef6404744af3deace32e5da1d] 10.0.0.246 "GET /v2.0/networks/4d29decc-87a6-4806-a0cd-07426c873df1?fields=provider%3Aphysical_network&fields=provider%3Anetwork_type HTTP/1.1" status: 200 len: 277 time: 0.0560613
2026-05-10 02:01:16.609 10 INFO neutron.wsgi [req-c9a80652-c059-446c-b9cf-e92c6fc271aa req-3d3723a9-0ec7-4ffc-80db-bcaa4f10c546 78f5325332344274bfc3f33feae0f944 6ee940777cec4572a45145b473891aee - - default default] 10.0.0.246 "GET /v2.0/ports?device_id=826fd5a4-dc42-45c6-8ab0-86d4a61a7f0b HTTP/1.1" status: 200 len: 210 time: 0.0247500
2026-05-10 02:01:17.030 9 WARNING neutron.plugins.ml2.drivers.ovn.mech_driver.ovsdb.ovn_client [None req-4abb913c-3f33-48cb-a24c-b9cb0af6d460 - - - - - -] No hosting information found for port 71eeac04-74fa-47bd-884d-4ea2e626733b: RuntimeError: No hosting information found for port 71eeac04-74fa-47bd-884d-4ea2e626733b
2026-05-10 02:01:17.030 9 INFO neutron.plugins.ml2.drivers.ovn.mech_driver.mech_driver [None req-4abb913c-3f33-48cb-a24c-b9cb0af6d460 - - - - - -] OVN reports status down for port: c0bec486-5826-4c86-95c8-16a530bb5058
2026-05-10 02:01:17.323 9 INFO neutron.wsgi [req-4ae5f384-4ac1-4de9-96ac-6ef29deef8b0 req-7a83c6a7-7121-410e-be48-574f58c56d51 78f5325332344274bfc3f33feae0f944 6ee940777cec4572a45145b473891aee - - default default] 199.204.45.129 "GET /v2.0/networks?id=4d29decc-87a6-4806-a0cd-07426c873df1 HTTP/1.1" status: 200 len: 883 time: 0.0681500
2026-05-10 02:01:17.383 9 INFO neutron.wsgi [req-4ae5f384-4ac1-4de9-96ac-6ef29deef8b0 req-183da35f-d4a0-4fb1-9d2d-3613c7be3fc8 78f5325332344274bfc3f33feae0f944 6ee940777cec4572a45145b473891aee - - default default] 199.204.45.129 "GET /v2.0/security-groups?fields=id&fields=name&tenant_id=6ee940777cec4572a45145b473891aee HTTP/1.1" status: 200 len: 379 time: 0.0481889
2026-05-10 02:01:17.470 10 INFO neutron.wsgi [None req-fc5c5f19-395a-4e32-a798-c132b793d664 b477c62976d24feda1acaae2b27b29be b58a4c05e6074359883ff168fa613fe1 - - default default] 10.0.0.101 "PUT /v2.0/routers/5640ef11-3e68-4027-80ac-fee8dacb469f/remove_router_interface HTTP/1.1" status: 200 len: 503 time: 1.1806169 /var/lib/openstack/lib/python3.10/site-packages/pycadf/identifier.py:71: UserWarning: Invalid uuid: neutron. To ensure interoperability, identifiers should be a valid uuid. warnings.warn(('Invalid uuid: %s. To ensure interoperability, '
2026-05-10 02:01:17.534 9 INFO neutron.db.ovn_revision_numbers_db [None req-4a36ef61-3f58-40ea-b4cc-551ef42f90c4 b477c62976d24feda1acaae2b27b29be b58a4c05e6074359883ff168fa613fe1 - - default default] Successfully bumped revision number for resource 8b19055f-03fc-47e7-9670-dd81d5746590 (type: security_groups) to 1
2026-05-10 02:01:17.557 9 INFO neutron.db.ovn_revision_numbers_db [None req-4a36ef61-3f58-40ea-b4cc-551ef42f90c4 b477c62976d24feda1acaae2b27b29be b58a4c05e6074359883ff168fa613fe1 - - default default] Successfully bumped revision number for resource 677c850b-89d8-4510-8a74-195d14fdf5cb (type: security_group_rules) to 0
2026-05-10 02:01:17.594 9 INFO neutron.db.ovn_revision_numbers_db [None req-4a36ef61-3f58-40ea-b4cc-551ef42f90c4 b477c62976d24feda1acaae2b27b29be b58a4c05e6074359883ff168fa613fe1 - - default default] Successfully bumped revision number for resource c76056c1-f6e8-411b-8bc0-f4af8bcee9c0 (type: security_group_rules) to 0
2026-05-10 02:01:17.620 9 INFO neutron.db.ovn_revision_numbers_db [None req-4a36ef61-3f58-40ea-b4cc-551ef42f90c4 b477c62976d24feda1acaae2b27b29be b58a4c05e6074359883ff168fa613fe1 - - default default] Successfully bumped revision number for resource c8bb6f3c-66c1-4958-a734-32be48bcf520 (type: security_group_rules) to 0
2026-05-10 02:01:17.643 9 INFO neutron.db.ovn_revision_numbers_db [None req-4a36ef61-3f58-40ea-b4cc-551ef42f90c4 b477c62976d24feda1acaae2b27b29be b58a4c05e6074359883ff168fa613fe1 - - default default] Successfully bumped revision number for resource cb4896e3-1819-41a1-bff9-8a53bdd627e2 (type: security_group_rules) to 0
2026-05-10 02:01:17.668 9 INFO neutron.wsgi [None req-4a36ef61-3f58-40ea-b4cc-551ef42f90c4 b477c62976d24feda1acaae2b27b29be b58a4c05e6074359883ff168fa613fe1 - - default default] 10.0.0.101 "GET /v2.0/security-groups?tenant_id=53a82f797e894942ab4b68478ea65c31&name=default HTTP/1.1" status: 200 len: 2996 time: 0.4796944
2026-05-10 02:01:17.732 9 INFO neutron.wsgi [req-5181aef5-8e40-41bb-b4b0-5734a3cc0782 req-e78ae31a-d550-4b80-8929-95d13dadf071 78f5325332344274bfc3f33feae0f944 6ee940777cec4572a45145b473891aee - - default default] 10.0.0.246 "GET /v2.0/ports?device_id=826fd5a4-dc42-45c6-8ab0-86d4a61a7f0b HTTP/1.1" status: 200 len: 210 time: 0.0488667
2026-05-10 02:01:17.886 9 WARNING neutron.scheduler.dhcp_agent_scheduler [req-4ae5f384-4ac1-4de9-96ac-6ef29deef8b0 req-49d5cb3f-15b4-4b49-b6ef-a68fa923be21 78f5325332344274bfc3f33feae0f944 6ee940777cec4572a45145b473891aee - - default default] No more DHCP agents
2026-05-10 02:01:17.891 9 WARNING neutron.api.rpc.agentnotifiers.dhcp_rpc_agent_api [req-4ae5f384-4ac1-4de9-96ac-6ef29deef8b0 req-49d5cb3f-15b4-4b49-b6ef-a68fa923be21 78f5325332344274bfc3f33feae0f944 6ee940777cec4572a45145b473891aee - - default default] Unable to schedule network 4d29decc-87a6-4806-a0cd-07426c873df1: no agents available; will retry on subsequent port and subnet creation events.
2026-05-10 02:01:18.009 9 INFO neutron.wsgi [None req-22db78b3-9ecd-4492-9103-f3dfbc976a53 b477c62976d24feda1acaae2b27b29be b58a4c05e6074359883ff168fa613fe1 - - default default] 10.0.0.101 "DELETE /v2.0/security-groups/8b19055f-03fc-47e7-9670-dd81d5746590 HTTP/1.1" status: 204 len: 168 time: 0.3347471
2026-05-10 02:01:18.079 9 INFO neutron.db.ovn_revision_numbers_db [req-4ae5f384-4ac1-4de9-96ac-6ef29deef8b0 req-49d5cb3f-15b4-4b49-b6ef-a68fa923be21 78f5325332344274bfc3f33feae0f944 6ee940777cec4572a45145b473891aee - - default default] Successfully bumped revision number for resource 96ae2052-51eb-4ef1-8870-1f75b359577f (type: ports) to 1
2026-05-10 02:01:18.103 9 INFO neutron.wsgi [req-4ae5f384-4ac1-4de9-96ac-6ef29deef8b0 req-49d5cb3f-15b4-4b49-b6ef-a68fa923be21 78f5325332344274bfc3f33feae0f944 6ee940777cec4572a45145b473891aee - - default default] 199.204.45.129 "POST /v2.0/ports HTTP/1.1" status: 201 len: 1162 time: 0.6951203 /var/lib/openstack/lib/python3.10/site-packages/pycadf/identifier.py:71: UserWarning: Invalid uuid: neutron. To ensure interoperability, identifiers should be a valid uuid. warnings.warn(('Invalid uuid: %s. To ensure interoperability, '
2026-05-10 02:01:18.303 10 INFO neutron.wsgi [None req-2a118872-50e0-4492-bfee-59ee3518a036 b477c62976d24feda1acaae2b27b29be b58a4c05e6074359883ff168fa613fe1 - - default default] 10.0.0.101 "DELETE /v2.0/routers/5640ef11-3e68-4027-80ac-fee8dacb469f HTTP/1.1" status: 204 len: 168 time: 0.8242435
2026-05-10 02:01:18.566 9 INFO neutron.db.ovn_revision_numbers_db [req-4ae5f384-4ac1-4de9-96ac-6ef29deef8b0 req-d79186ef-0698-4a99-bb10-5422cebf6ca9 071487f74c7148fd846b50b2a68aa9ab 506a88a9e8484628affc56649e365da4 - - be153b6ef6404744af3deace32e5da1d be153b6ef6404744af3deace32e5da1d] Successfully bumped revision number for resource 96ae2052-51eb-4ef1-8870-1f75b359577f (type: ports) to 2
2026-05-10 02:01:18.574 10 INFO neutron.wsgi [None req-77a20d1f-8302-4e7b-ac6b-9bc4a22d3d38 b477c62976d24feda1acaae2b27b29be b58a4c05e6074359883ff168fa613fe1 - - default default] 10.0.0.101 "DELETE /v2.0/subnets/f237ff8e-724c-4c01-9199-a0fbd4ba3fa2 HTTP/1.1" status: 204 len: 168 time: 0.2627664
2026-05-10 02:01:18.808 9 INFO neutron.db.ovn_revision_numbers_db [req-4ae5f384-4ac1-4de9-96ac-6ef29deef8b0 req-d79186ef-0698-4a99-bb10-5422cebf6ca9 071487f74c7148fd846b50b2a68aa9ab 506a88a9e8484628affc56649e365da4 - - be153b6ef6404744af3deace32e5da1d be153b6ef6404744af3deace32e5da1d] Successfully bumped revision number for resource 96ae2052-51eb-4ef1-8870-1f75b359577f (type: ports) to 2
2026-05-10 02:01:18.827 9 INFO neutron.wsgi [req-4ae5f384-4ac1-4de9-96ac-6ef29deef8b0 req-d79186ef-0698-4a99-bb10-5422cebf6ca9 071487f74c7148fd846b50b2a68aa9ab 506a88a9e8484628affc56649e365da4 - - be153b6ef6404744af3deace32e5da1d be153b6ef6404744af3deace32e5da1d] 199.204.45.129 "PUT /v2.0/ports/96ae2052-51eb-4ef1-8870-1f75b359577f HTTP/1.1" status: 200 len: 1380 time: 0.7166669
2026-05-10 02:01:18.863 9 INFO neutron.notifiers.nova [-] Nova event matching ['req-42f2f034-9f8a-4805-9d18-8c24cabb0af5'] response: {'name': 'network-changed', 'server_uuid': '826fd5a4-dc42-45c6-8ab0-86d4a61a7f0b', 'tag': '96ae2052-51eb-4ef1-8870-1f75b359577f', 'status': 'completed', 'code': 200} /var/lib/openstack/lib/python3.10/site-packages/pycadf/identifier.py:71: UserWarning: Invalid uuid: neutron. To ensure interoperability, identifiers should be a valid uuid. warnings.warn(('Invalid uuid: %s. To ensure interoperability, '
2026-05-10 02:01:18.906 9 INFO neutron.wsgi [req-4ae5f384-4ac1-4de9-96ac-6ef29deef8b0 req-bb859841-f7c3-42a9-838b-a03de813bb39 071487f74c7148fd846b50b2a68aa9ab 506a88a9e8484628affc56649e365da4 - - be153b6ef6404744af3deace32e5da1d be153b6ef6404744af3deace32e5da1d] 199.204.45.129 "GET /v2.0/ports?tenant_id=6ee940777cec4572a45145b473891aee&device_id=826fd5a4-dc42-45c6-8ab0-86d4a61a7f0b HTTP/1.1" status: 200 len: 1411 time: 0.0405509
2026-05-10 02:01:18.921 10 INFO neutron.wsgi [req-74f15608-da3a-44b5-aaf2-f5b7658cceac req-94194cd9-afd4-4719-9943-38fc86035d14 78f5325332344274bfc3f33feae0f944 6ee940777cec4572a45145b473891aee - - default default] 10.0.0.246 "GET /v2.0/ports?device_id=826fd5a4-dc42-45c6-8ab0-86d4a61a7f0b HTTP/1.1" status: 200 len: 1172 time: 0.0988874
2026-05-10 02:01:18.934 9 INFO neutron.wsgi [req-4ae5f384-4ac1-4de9-96ac-6ef29deef8b0 req-14ca8c92-a57f-41fa-96e1-533ea7fe4461 071487f74c7148fd846b50b2a68aa9ab 506a88a9e8484628affc56649e365da4 - - be153b6ef6404744af3deace32e5da1d be153b6ef6404744af3deace32e5da1d] 199.204.45.129 "GET /v2.0/floatingips?fixed_ip_address=10.100.0.12&port_id=96ae2052-51eb-4ef1-8870-1f75b359577f HTTP/1.1" status: 200 len: 217 time: 0.0210724
2026-05-10 02:01:18.976 9 INFO neutron.wsgi [req-4ae5f384-4ac1-4de9-96ac-6ef29deef8b0 req-31db525c-2ce0-46ef-abc4-a66ae845a534 071487f74c7148fd846b50b2a68aa9ab 506a88a9e8484628affc56649e365da4 - - be153b6ef6404744af3deace32e5da1d be153b6ef6404744af3deace32e5da1d] 199.204.45.129 "GET /v2.0/subnets?id=da4ebf32-17ee-4c3a-a38b-cd7b0ca23f89 HTTP/1.1" status: 200 len: 877 time: 0.0346963
2026-05-10 02:01:18.979 10 INFO neutron.wsgi [req-74f15608-da3a-44b5-aaf2-f5b7658cceac req-4db8eb4c-8a1e-4224-82ec-e743acc0386c 78f5325332344274bfc3f33feae0f944 6ee940777cec4572a45145b473891aee - - default default] 10.0.0.246 "GET /v2.0/security-groups?id=2a950038-ebd9-49d3-9277-f2c343707b8a&fields=id&fields=name HTTP/1.1" status: 200 len: 312 time: 0.0510674
2026-05-10 02:01:19.006 9 INFO neutron.wsgi [req-4ae5f384-4ac1-4de9-96ac-6ef29deef8b0 req-6ff407b7-ccbe-4565-b4bf-08950920c664 071487f74c7148fd846b50b2a68aa9ab 506a88a9e8484628affc56649e365da4 - - be153b6ef6404744af3deace32e5da1d be153b6ef6404744af3deace32e5da1d] 199.204.45.129 "GET /v2.0/ports?network_id=4d29decc-87a6-4806-a0cd-07426c873df1&device_owner=network%3Adhcp HTTP/1.1" status: 200 len: 210 time: 0.0237594
2026-05-10 02:01:19.042 10 INFO neutron.services.segments.plugin [-] Segment 0093938c-9365-43a0-b6b9-fe4e1860838a resource provider aggregate not found
2026-05-10 02:01:19.048 10 INFO neutron.services.segments.plugin [-] Segment 0093938c-9365-43a0-b6b9-fe4e1860838a resource provider aggregate not found
2026-05-10 02:01:19.061 10 INFO neutron.services.segments.plugin [-] Segment 0093938c-9365-43a0-b6b9-fe4e1860838a resource provider not found; error: Placement Client Error (4xx): {"errors": [{"status": 404, "title": "Not Found", "detail": "The resource could not be found.\n\n No resource provider with uuid 0093938c-9365-43a0-b6b9-fe4e1860838a found for delete ", "request_id": "req-6b5ecb18-c931-4f2e-aafe-bbbc950324f8"}]}
2026-05-10 02:01:19.062 10 INFO neutron.services.segments.plugin [-] Segment 0093938c-9365-43a0-b6b9-fe4e1860838a resource provider not found; error: Placement Client Error (4xx): {"errors": [{"status": 404, "title": "Not Found", "detail": "The resource could not be found.\n\n No resource provider with uuid 0093938c-9365-43a0-b6b9-fe4e1860838a found for delete ", "request_id": "req-74a260a2-8208-4481-a4bf-d9e2b1a5dc3a"}]}
2026-05-10 02:01:19.082 10 INFO neutron.wsgi [None req-e32e6549-1647-4c75-972b-82e57db27b53 b477c62976d24feda1acaae2b27b29be b58a4c05e6074359883ff168fa613fe1 - - default default] 10.0.0.101 "DELETE /v2.0/networks/02d1da56-5c00-4db6-9b09-954a2dc21b2d HTTP/1.1" status: 204 len: 168 time: 0.5020795
2026-05-10 02:01:19.083 9 INFO neutron.wsgi [req-4ae5f384-4ac1-4de9-96ac-6ef29deef8b0 req-fb2eade3-f131-4a4f-b517-a817f6bb3ac6 071487f74c7148fd846b50b2a68aa9ab 506a88a9e8484628affc56649e365da4 - - be153b6ef6404744af3deace32e5da1d be153b6ef6404744af3deace32e5da1d] 199.204.45.129 "GET /v2.0/networks/4d29decc-87a6-4806-a0cd-07426c873df1?fields=segments HTTP/1.1" status: 200 len: 212 time: 0.0703244
2026-05-10 02:01:19.146 9 INFO neutron.wsgi [req-4ae5f384-4ac1-4de9-96ac-6ef29deef8b0 req-76eff9a8-4e1e-476f-bbef-78893f5c05e9 071487f74c7148fd846b50b2a68aa9ab 506a88a9e8484628affc56649e365da4 - - be153b6ef6404744af3deace32e5da1d be153b6ef6404744af3deace32e5da1d] 199.204.45.129 "GET /v2.0/networks/4d29decc-87a6-4806-a0cd-07426c873df1?fields=provider%3Aphysical_network&fields=provider%3Anetwork_type HTTP/1.1" status: 200 len: 277 time: 0.0567074
2026-05-10 02:01:19.242 9 INFO neutron.wsgi [req-ad8086d2-ce9a-4fe2-959c-d3e350484bdc req-5a8c4167-ea89-4fd8-a0c4-498030d73d2e 071487f74c7148fd846b50b2a68aa9ab 506a88a9e8484628affc56649e365da4 - - be153b6ef6404744af3deace32e5da1d be153b6ef6404744af3deace32e5da1d] 199.204.45.129 "GET /v2.0/ports?tenant_id=6ee940777cec4572a45145b473891aee&device_id=826fd5a4-dc42-45c6-8ab0-86d4a61a7f0b HTTP/1.1" status: 200 len: 1411 time: 0.0375056
2026-05-10 02:01:19.254 9 INFO neutron.wsgi [None req-a8d7597e-aad9-461e-80e3-d10c831052bf b477c62976d24feda1acaae2b27b29be b58a4c05e6074359883ff168fa613fe1 - - default default] 10.0.0.101 "GET /v2.0/security-groups?tenant_id=33160cd1f02e47b099e573ede7e9257d&name=default HTTP/1.1" status: 200 len: 2992 time: 0.0585849
2026-05-10 02:01:19.303 9 INFO neutron.wsgi [req-ad8086d2-ce9a-4fe2-959c-d3e350484bdc req-a9525d67-98c0-4121-8c0d-f38a16081fb0 071487f74c7148fd846b50b2a68aa9ab 506a88a9e8484628affc56649e365da4 - - be153b6ef6404744af3deace32e5da1d be153b6ef6404744af3deace32e5da1d] 199.204.45.129 "GET /v2.0/networks?id=4d29decc-87a6-4806-a0cd-07426c873df1 HTTP/1.1" status: 200 len: 982 time: 0.0570970
2026-05-10 02:01:19.339 9 INFO neutron.wsgi [req-ad8086d2-ce9a-4fe2-959c-d3e350484bdc req-8655f633-deb8-49be-a315-550d4cad9a66 071487f74c7148fd846b50b2a68aa9ab 506a88a9e8484628affc56649e365da4 - - be153b6ef6404744af3deace32e5da1d be153b6ef6404744af3deace32e5da1d] 199.204.45.129 "GET /v2.0/floatingips?fixed_ip_address=10.100.0.12&port_id=96ae2052-51eb-4ef1-8870-1f75b359577f HTTP/1.1" status: 200 len: 217 time: 0.0277686
2026-05-10 02:01:19.368 10 INFO neutron.plugins.ml2.drivers.ovn.mech_driver.mech_driver [None req-4ef3eff0-9626-480d-9dbc-1cf236b23783 - - - - - -] OVN reports status up for port: 96ae2052-51eb-4ef1-8870-1f75b359577f
2026-05-10 02:01:19.387 9 INFO neutron.wsgi [req-ad8086d2-ce9a-4fe2-959c-d3e350484bdc req-76badf5e-7922-4581-8963-e78168b70ef0 071487f74c7148fd846b50b2a68aa9ab 506a88a9e8484628affc56649e365da4 - - be153b6ef6404744af3deace32e5da1d be153b6ef6404744af3deace32e5da1d] 199.204.45.129 "GET /v2.0/subnets?id=da4ebf32-17ee-4c3a-a38b-cd7b0ca23f89 HTTP/1.1" status: 200 len: 877 time: 0.0431004
2026-05-10 02:01:19.390 10 INFO neutron.plugins.ml2.plugin [None req-4ef3eff0-9626-480d-9dbc-1cf236b23783 - - - - - -] Attempt 1 to provision port 96ae2052-51eb-4ef1-8870-1f75b359577f
2026-05-10 02:01:19.412 9 INFO neutron.wsgi [req-ad8086d2-ce9a-4fe2-959c-d3e350484bdc req-dc5e893e-1fb0-477e-b8b6-83311824eb7a 071487f74c7148fd846b50b2a68aa9ab 506a88a9e8484628affc56649e365da4 - - be153b6ef6404744af3deace32e5da1d be153b6ef6404744af3deace32e5da1d] 199.204.45.129 "GET /v2.0/ports?network_id=4d29decc-87a6-4806-a0cd-07426c873df1&device_owner=network%3Adhcp HTTP/1.1" status: 200 len: 210 time: 0.0186124
2026-05-10 02:01:19.507 9 INFO neutron.wsgi [req-ad8086d2-ce9a-4fe2-959c-d3e350484bdc req-794c8d09-4e6a-468a-a1d7-2d1c08e892f2 071487f74c7148fd846b50b2a68aa9ab 506a88a9e8484628affc56649e365da4 - - be153b6ef6404744af3deace32e5da1d be153b6ef6404744af3deace32e5da1d] 199.204.45.129 "GET /v2.0/networks/4d29decc-87a6-4806-a0cd-07426c873df1?fields=segments HTTP/1.1" status: 200 len: 212 time: 0.0881634
2026-05-10 02:01:19.568 10 INFO neutron.notifiers.nova [-] Nova event matching ['req-a68c3a1b-95a9-49f5-9861-e6731c1887fb'] response: {'server_uuid': '826fd5a4-dc42-45c6-8ab0-86d4a61a7f0b', 'name': 'network-vif-plugged', 'status': 'completed', 'tag': '96ae2052-51eb-4ef1-8870-1f75b359577f', 'code': 200}
2026-05-10 02:01:19.593 9 INFO neutron.wsgi [req-ad8086d2-ce9a-4fe2-959c-d3e350484bdc req-27d768b4-23f0-41d6-8ad9-0cb215393903 071487f74c7148fd846b50b2a68aa9ab 506a88a9e8484628affc56649e365da4 - - be153b6ef6404744af3deace32e5da1d be153b6ef6404744af3deace32e5da1d] 199.204.45.129 "GET /v2.0/networks/4d29decc-87a6-4806-a0cd-07426c873df1?fields=provider%3Aphysical_network&fields=provider%3Anetwork_type HTTP/1.1" status: 200 len: 277 time: 0.0770936
2026-05-10 02:01:19.613 10 INFO neutron.wsgi [None req-624acc15-ee05-4a98-b562-f1559357d18d b477c62976d24feda1acaae2b27b29be b58a4c05e6074359883ff168fa613fe1 - - default default] 10.0.0.101 "DELETE /v2.0/security-groups/3b4b43bd-770d-43d5-b830-228b3775b2fe HTTP/1.1" status: 204 len: 168 time: 0.3524146
2026-05-10 02:01:19.787 10 INFO neutron.db.ovn_revision_numbers_db [None req-4ef3eff0-9626-480d-9dbc-1cf236b23783 - - - - - -] Successfully bumped revision number for resource 96ae2052-51eb-4ef1-8870-1f75b359577f (type: ports) to 4
2026-05-10 02:01:20.104 9 INFO neutron.wsgi [req-289d3534-ea82-41a7-b4fc-3c3a0386e7e8 req-e284dfd3-5987-4310-a5c7-fa027008bd4d 78f5325332344274bfc3f33feae0f944 6ee940777cec4572a45145b473891aee - - default default] 10.0.0.246 "GET /v2.0/ports?device_id=826fd5a4-dc42-45c6-8ab0-86d4a61a7f0b HTTP/1.1" status: 200 len: 1174 time: 0.0461020
2026-05-10 02:01:20.153 9 INFO neutron.wsgi [req-289d3534-ea82-41a7-b4fc-3c3a0386e7e8 req-daae32fc-b2d9-4c5a-a353-dfce40edf0e2 78f5325332344274bfc3f33feae0f944 6ee940777cec4572a45145b473891aee - - default default] 10.0.0.246 "GET /v2.0/security-groups?id=2a950038-ebd9-49d3-9277-f2c343707b8a&fields=id&fields=name HTTP/1.1" status: 200 len: 312 time: 0.0386999 /var/lib/openstack/lib/python3.10/site-packages/pycadf/identifier.py:71: UserWarning: Invalid uuid: neutron. To ensure interoperability, identifiers should be a valid uuid. warnings.warn(('Invalid uuid: %s. To ensure interoperability, '
2026-05-10 02:01:20.169 10 INFO neutron.wsgi [None req-87afe494-3851-4074-bff4-27d3ac9c25c9 d4d9f374e4d84b6d9ca1aff0bfd6fd09 a6c2a11f31f440fe9d22545185952d4c - - default default] 10.0.0.101 "GET /v2.0/extensions HTTP/1.1" status: 200 len: 16520 time: 0.2162654
2026-05-10 02:01:20.179 10 INFO neutron.wsgi [None req-759a35ab-5271-4e95-aed6-697caaef5bdf d4d9f374e4d84b6d9ca1aff0bfd6fd09 a6c2a11f31f440fe9d22545185952d4c - - default default] 10.0.0.101 "GET /v2.0/extensions/address-group HTTP/1.1" status: 200 len: 353 time: 0.0043139
2026-05-10 02:01:20.188 10 INFO neutron.wsgi [None req-6e94ae6c-f6a5-4bf0-9a42-7f0edef84989 d4d9f374e4d84b6d9ca1aff0bfd6fd09 a6c2a11f31f440fe9d22545185952d4c - - default default] 10.0.0.101 "GET /v2.0/extensions/address-scope HTTP/1.1" status: 200 len: 357 time: 0.0053167
2026-05-10 02:01:20.196 10 INFO neutron.wsgi [None req-a3f1e129-4345-4685-8487-0fabbaf9f7bf d4d9f374e4d84b6d9ca1aff0bfd6fd09 a6c2a11f31f440fe9d22545185952d4c - - default default] 10.0.0.101 "GET /v2.0/extensions/agent HTTP/1.1" status: 200 len: 347 time: 0.0040102
2026-05-10 02:01:20.203 10 INFO neutron.wsgi [None req-a8216366-d83d-4842-bcf7-90e6ce58f44d d4d9f374e4d84b6d9ca1aff0bfd6fd09 a6c2a11f31f440fe9d22545185952d4c - - default default] 10.0.0.101 "GET /v2.0/extensions/allowed-address-pairs HTTP/1.1" status: 200 len: 378 time: 0.0041430
2026-05-10 02:01:20.212 10 INFO neutron.wsgi [None req-ae230b70-d7a7-47b3-ae76-7f541dae3dba d4d9f374e4d84b6d9ca1aff0bfd6fd09 a6c2a11f31f440fe9d22545185952d4c - - default default] 10.0.0.101 "GET /v2.0/extensions/auto-allocated-topology HTTP/1.1" status: 200 len: 394 time: 0.0046055
2026-05-10 02:01:20.221 10 INFO neutron.wsgi [None req-867b76a4-ee21-447d-94c6-d028e27e201f d4d9f374e4d84b6d9ca1aff0bfd6fd09 a6c2a11f31f440fe9d22545185952d4c - - default default] 10.0.0.101 "GET /v2.0/extensions/availability_zone HTTP/1.1" status: 200 len: 372 time: 0.0049820
2026-05-10 02:01:20.231 10 INFO neutron.wsgi [None req-c098a3e7-e21d-46b1-8c2d-72f02147ded2 d4d9f374e4d84b6d9ca1aff0bfd6fd09 a6c2a11f31f440fe9d22545185952d4c - - default default] 10.0.0.101 "GET /v2.0/extensions/default-subnetpools HTTP/1.1" status: 200 len: 405 time: 0.0051017
2026-05-10 02:01:20.240 10 INFO neutron.wsgi [None req-3548c9b8-4c1a-4e34-b72d-98f03b776ce9 d4d9f374e4d84b6d9ca1aff0bfd6fd09 a6c2a11f31f440fe9d22545185952d4c - - default default] 10.0.0.101 "GET /v2.0/extensions/dhcp_agent_scheduler HTTP/1.1" status: 200 len: 381 time: 0.0048745
2026-05-10 02:01:20.248 10 INFO neutron.wsgi [None req-1f4edcf9-1b60-4441-bce6-632533afc5d5 d4d9f374e4d84b6d9ca1aff0bfd6fd09 a6c2a11f31f440fe9d22545185952d4c - - default default] 10.0.0.101 "GET /v2.0/extensions/dns-integration HTTP/1.1" status: 200 len: 366 time: 0.0050099
2026-05-10 02:01:20.255 10 INFO neutron.wsgi [None req-5a0a6e71-6c5b-4b37-9ea5-20da019e2d28 d4d9f374e4d84b6d9ca1aff0bfd6fd09 a6c2a11f31f440fe9d22545185952d4c - - default default] 10.0.0.101 "GET /v2.0/extensions/dns-domain-ports HTTP/1.1" status: 200 len: 399 time: 0.0048919
2026-05-10 02:01:20.266 10 INFO neutron.wsgi [None req-15c2fdd7-8a49-4d68-b29f-d4539f8c9a27 d4d9f374e4d84b6d9ca1aff0bfd6fd09 a6c2a11f31f440fe9d22545185952d4c - - default default] 10.0.0.101 "GET /v2.0/extensions/dns-integration-domain-keywords HTTP/1.1" status: 200 len: 477 time: 0.0045104
2026-05-10 02:01:20.273 10 INFO neutron.wsgi [None req-0c68a3b9-1990-4406-8567-baeb9372f1bf d4d9f374e4d84b6d9ca1aff0bfd6fd09 a6c2a11f31f440fe9d22545185952d4c - - default default] 10.0.0.101 "GET /v2.0/extensions/external-net HTTP/1.1" status: 200 len: 394 time: 0.0041013
2026-05-10 02:01:20.282 10 INFO neutron.wsgi [None req-7a8f070b-de42-466b-a51f-99c7a8edf95a d4d9f374e4d84b6d9ca1aff0bfd6fd09 a6c2a11f31f440fe9d22545185952d4c - - default default] 10.0.0.101 "GET /v2.0/extensions/extra_dhcp_opt HTTP/1.1" status: 200 len: 498 time: 0.0040700
2026-05-10 02:01:20.289 10 INFO neutron.wsgi [None req-7533d2e6-3acd-463c-9c6e-43240aab17bc d4d9f374e4d84b6d9ca1aff0bfd6fd09 a6c2a11f31f440fe9d22545185952d4c - - default default] 10.0.0.101 "GET /v2.0/extensions/extraroute HTTP/1.1" status: 200 len: 375 time: 0.0043232
2026-05-10 02:01:20.297 10 INFO neutron.wsgi [None req-163e1742-aa06-4825-9073-f18ab9ebe944 d4d9f374e4d84b6d9ca1aff0bfd6fd09 a6c2a11f31f440fe9d22545185952d4c - - default default] 10.0.0.101 "GET /v2.0/extensions/filter-validation HTTP/1.1" status: 200 len: 392 time: 0.0040720
2026-05-10 02:01:20.304 10 INFO neutron.wsgi [None req-9f3122a4-bc85-4bf3-a509-0fa8ca407e90 d4d9f374e4d84b6d9ca1aff0bfd6fd09 a6c2a11f31f440fe9d22545185952d4c - - default default] 10.0.0.101 "GET /v2.0/extensions/floating-ip-port-forwarding-detail HTTP/1.1" status: 200 len: 465 time: 0.0040231
2026-05-10 02:01:20.311 10 INFO neutron.wsgi [None req-8d4f14e0-1fd5-4ddc-92d1-d4f6196ac684 d4d9f374e4d84b6d9ca1aff0bfd6fd09 a6c2a11f31f440fe9d22545185952d4c - - default default] 10.0.0.101 "GET /v2.0/extensions/fip-port-details HTTP/1.1" status: 200 len: 406 time: 0.0039389
2026-05-10 02:01:20.318 10 INFO neutron.wsgi [None req-62e35d13-97b6-43af-9aa8-27775c6d6381 d4d9f374e4d84b6d9ca1aff0bfd6fd09 a6c2a11f31f440fe9d22545185952d4c - - default default] 10.0.0.101 "GET /v2.0/extensions/flavors HTTP/1.1" status: 200 len: 387 time: 0.0042048
2026-05-10 02:01:20.328 10 INFO neutron.wsgi [None req-7a83ed7f-0e50-4970-84f5-7af3283b069a d4d9f374e4d84b6d9ca1aff0bfd6fd09 a6c2a11f31f440fe9d22545185952d4c - - default default] 10.0.0.101 "GET /v2.0/extensions/floatingip-pools HTTP/1.1" status: 200 len: 382 time: 0.0039575
2026-05-10 02:01:20.336 10 INFO neutron.wsgi [None req-cfcbe018-795a-48c0-92eb-f6f40fbd021a d4d9f374e4d84b6d9ca1aff0bfd6fd09 a6c2a11f31f440fe9d22545185952d4c - - default default] 10.0.0.101 "GET /v2.0/extensions/ip_allocation HTTP/1.1" status: 200 len: 356 time: 0.0039599
2026-05-10 02:01:20.343 10 INFO neutron.wsgi [None req-2472280c-4d6e-45ec-9b1f-6964203bde40 d4d9f374e4d84b6d9ca1aff0bfd6fd09 a6c2a11f31f440fe9d22545185952d4c - - default default] 10.0.0.101 "GET /v2.0/extensions/l2_adjacency HTTP/1.1" status: 200 len: 372 time: 0.0039701
2026-05-10 02:01:20.351 10 INFO neutron.wsgi [None req-e682baef-a182-444c-b487-c9d11f7de682 d4d9f374e4d84b6d9ca1aff0bfd6fd09 a6c2a11f31f440fe9d22545185952d4c - - default default] 10.0.0.101 "GET /v2.0/extensions/router HTTP/1.1" status: 200 len: 450 time: 0.0042202
2026-05-10 02:01:20.358 10 INFO neutron.wsgi [None req-f1a0dbc6-e88e-4943-9f70-b02fc2e21e8e d4d9f374e4d84b6d9ca1aff0bfd6fd09 a6c2a11f31f440fe9d22545185952d4c - - default default] 10.0.0.101 "GET /v2.0/extensions/ext-gw-mode HTTP/1.1" status: 200 len: 462 time: 0.0038824
2026-05-10 02:01:20.365 10 INFO neutron.wsgi [None req-149c0b0d-a5fe-428a-9e8a-d2dbcc1a6653 d4d9f374e4d84b6d9ca1aff0bfd6fd09 a6c2a11f31f440fe9d22545185952d4c - - default default] 10.0.0.101 "GET /v2.0/extensions/logging HTTP/1.1" status: 200 len: 407 time: 0.0039127
2026-05-10 02:01:20.373 10 INFO neutron.wsgi [None req-88958b05-eadf-4f0e-bff1-38891bc84fc7 d4d9f374e4d84b6d9ca1aff0bfd6fd09 a6c2a11f31f440fe9d22545185952d4c - - default default] 10.0.0.101 "GET /v2.0/extensions/multi-provider HTTP/1.1" status: 200 len: 406 time: 0.0040152
2026-05-10 02:01:20.380 10 INFO neutron.wsgi [None req-503ff33b-2cfb-419b-9d6f-4be9ef563b00 d4d9f374e4d84b6d9ca1aff0bfd6fd09 a6c2a11f31f440fe9d22545185952d4c - - default default] 10.0.0.101 "GET /v2.0/extensions/net-mtu HTTP/1.1" status: 200 len: 370 time: 0.0041616
2026-05-10 02:01:20.390 10 INFO neutron.wsgi [None req-102f412d-91f3-48cb-b335-03d00aaf7105 d4d9f374e4d84b6d9ca1aff0bfd6fd09 a6c2a11f31f440fe9d22545185952d4c - - default default] 10.0.0.101 "GET /v2.0/extensions/net-mtu-writable HTTP/1.1" status: 200 len: 401 time: 0.0057454
2026-05-10 02:01:20.404 10 INFO neutron.wsgi [None req-c0d86985-cffd-4242-a00c-946023a81a15 d4d9f374e4d84b6d9ca1aff0bfd6fd09 a6c2a11f31f440fe9d22545185952d4c - - default default] 10.0.0.101 "GET /v2.0/extensions/network_availability_zone HTTP/1.1" status: 200 len: 394 time: 0.0035136
2026-05-10 02:01:20.411 10 INFO neutron.wsgi [None req-ae9f90ef-10df-4720-83f3-65dc8a8138cd d4d9f374e4d84b6d9ca1aff0bfd6fd09 a6c2a11f31f440fe9d22545185952d4c - - default default] 10.0.0.101 "GET /v2.0/extensions/network-ip-availability HTTP/1.1" status: 200 len: 410 time: 0.0034113
2026-05-10 02:01:20.417 10 INFO neutron.wsgi [None req-0dd332d6-39e9-4d70-a53c-369f167ec5ea d4d9f374e4d84b6d9ca1aff0bfd6fd09 a6c2a11f31f440fe9d22545185952d4c - - default default] 10.0.0.101 "GET /v2.0/extensions/pagination HTTP/1.1" status: 200 len: 386 time: 0.0036991
2026-05-10 02:01:20.424 10 INFO neutron.wsgi [None req-745a5d4b-1076-426d-9643-1d34540b2542 d4d9f374e4d84b6d9ca1aff0bfd6fd09 a6c2a11f31f440fe9d22545185952d4c - - default default] 10.0.0.101 "GET /v2.0/extensions/port-device-profile HTTP/1.1" status: 200 len: 383 time: 0.0035152
2026-05-10 02:01:20.431 10 INFO neutron.wsgi [None req-fcdd9ca9-f082-4315-bbd6-72a5d1867305 d4d9f374e4d84b6d9ca1aff0bfd6fd09 a6c2a11f31f440fe9d22545185952d4c - - default default] 10.0.0.101 "GET /v2.0/extensions/port-mac-address-regenerate HTTP/1.1" status: 200 len: 403 time: 0.0035362
2026-05-10 02:01:20.436 10 INFO neutron.wsgi [None req-b7f1ac2f-197a-48fd-94ed-ffe9f6c2924e d4d9f374e4d84b6d9ca1aff0bfd6fd09 a6c2a11f31f440fe9d22545185952d4c - - default default] 10.0.0.101 "GET /v2.0/extensions/port-numa-affinity-policy HTTP/1.1" status: 200 len: 392 time: 0.0027530
2026-05-10 02:01:20.442 10 INFO neutron.wsgi [None req-1cea08c2-2d99-4541-8c06-fdad568e1565 d4d9f374e4d84b6d9ca1aff0bfd6fd09 a6c2a11f31f440fe9d22545185952d4c - - default default] 10.0.0.101 "GET /v2.0/extensions/port-resource-request HTTP/1.1" status: 200 len: 379 time: 0.0028996
2026-05-10 02:01:20.449 10 INFO neutron.wsgi [None req-91228333-6357-47e8-b5ee-353262e281fa d4d9f374e4d84b6d9ca1aff0bfd6fd09 a6c2a11f31f440fe9d22545185952d4c - - default default] 10.0.0.101 "GET /v2.0/extensions/port-resource-request-groups HTTP/1.1" status: 200 len: 465 time: 0.0039468
2026-05-10 02:01:20.456 10 INFO neutron.wsgi [None req-0fe84532-894d-4c6c-842b-9996987f1f3a d4d9f374e4d84b6d9ca1aff0bfd6fd09 a6c2a11f31f440fe9d22545185952d4c - - default default] 10.0.0.101 "GET /v2.0/extensions/binding HTTP/1.1" status: 200 len: 387 time: 0.0039651
2026-05-10 02:01:20.463 10 INFO neutron.wsgi [None req-affc970d-1fc9-4521-8374-7404cee7c64c d4d9f374e4d84b6d9ca1aff0bfd6fd09 a6c2a11f31f440fe9d22545185952d4c - - default default] 10.0.0.101 "GET /v2.0/extensions/binding-extended HTTP/1.1" status: 200 len: 406 time: 0.0039511
2026-05-10 02:01:20.473 10 INFO neutron.wsgi [None req-6cbd4c4c-9e65-49f9-abb2-d3a02f4aa330 d4d9f374e4d84b6d9ca1aff0bfd6fd09 a6c2a11f31f440fe9d22545185952d4c - - default default] 10.0.0.101 "GET /v2.0/extensions/port-security HTTP/1.1" status: 200 len: 354 time: 0.0057425
2026-05-10 02:01:20.481 10 INFO neutron.wsgi [None req-3129f471-10b1-4e89-bca1-ee844a34f7b2 d4d9f374e4d84b6d9ca1aff0bfd6fd09 a6c2a11f31f440fe9d22545185952d4c - - default default] 10.0.0.101 "GET /v2.0/extensions/project-id HTTP/1.1" status: 200 len: 398 time: 0.0039926
2026-05-10 02:01:20.490 10 INFO neutron.wsgi [None req-d597e3c3-f15d-4e2e-b03f-2098ca77a9b2 d4d9f374e4d84b6d9ca1aff0bfd6fd09 a6c2a11f31f440fe9d22545185952d4c - - default default] 10.0.0.101 "GET /v2.0/extensions/provider HTTP/1.1" status: 200 len: 385 time: 0.0044069
2026-05-10 02:01:20.498 10 INFO neutron.wsgi [None req-6f106454-219c-4ed7-b3e6-812f0580b406 d4d9f374e4d84b6d9ca1aff0bfd6fd09 a6c2a11f31f440fe9d22545185952d4c - - default default] 10.0.0.101 "GET /v2.0/extensions/qos HTTP/1.1" status: 200 len: 360 time: 0.0039225
2026-05-10 02:01:20.510 9 INFO neutron.wsgi [None req-335fa3e5-0436-4d92-a65e-774b691a786e d4d9f374e4d84b6d9ca1aff0bfd6fd09 a6c2a11f31f440fe9d22545185952d4c - - default default] 10.0.0.101 "GET /v2.0/extensions/qos-bw-limit-direction HTTP/1.1" status: 200 len: 452 time: 0.0080938
2026-05-10 02:01:20.519 9 INFO neutron.wsgi [None req-69144cda-386a-4313-8758-e71ed92b7422 d4d9f374e4d84b6d9ca1aff0bfd6fd09 a6c2a11f31f440fe9d22545185952d4c - - default default] 10.0.0.101 "GET /v2.0/extensions/qos-bw-minimum-ingress HTTP/1.1" status: 200 len: 445 time: 0.0052586
2026-05-10 02:01:20.528 10 INFO neutron.wsgi [None req-88d5bcae-9529-41c9-925d-3142bbf99d4e d4d9f374e4d84b6d9ca1aff0bfd6fd09 a6c2a11f31f440fe9d22545185952d4c - - default default] 10.0.0.101 "GET /v2.0/extensions/qos-default HTTP/1.1" status: 200 len: 377 time: 0.0063100
2026-05-10 02:01:20.535 10 INFO neutron.wsgi [None req-c40e1f0c-61d9-4933-8d8c-af272e1523c9 d4d9f374e4d84b6d9ca1aff0bfd6fd09 a6c2a11f31f440fe9d22545185952d4c - - default default] 10.0.0.101 "GET /v2.0/extensions/qos-fip HTTP/1.1" status: 200 len: 372 time: 0.0028768
2026-05-10 02:01:20.543 10 INFO neutron.wsgi [None req-223f42de-a768-497b-8187-61656d500186 d4d9f374e4d84b6d9ca1aff0bfd6fd09 a6c2a11f31f440fe9d22545185952d4c - - default default] 10.0.0.101 "GET /v2.0/extensions/qos-gateway-ip HTTP/1.1" status: 200 len: 391 time: 0.0039546
2026-05-10 02:01:20.550 10 INFO neutron.wsgi [None req-19206c4b-01b5-49ea-9287-39523b5568f8 d4d9f374e4d84b6d9ca1aff0bfd6fd09 a6c2a11f31f440fe9d22545185952d4c - - default default] 10.0.0.101 "GET /v2.0/extensions/qos-port-network-policy HTTP/1.1" status: 200 len: 403 time: 0.0039918
2026-05-10 02:01:20.558 10 INFO neutron.wsgi [None req-dd3374aa-4af7-428b-8366-1081677f9c81 d4d9f374e4d84b6d9ca1aff0bfd6fd09 a6c2a11f31f440fe9d22545185952d4c - - default default] 10.0.0.101 "GET /v2.0/extensions/qos-pps-minimum HTTP/1.1" status: 200 len: 397 time: 0.0053608
2026-05-10 02:01:20.567 9 INFO neutron.wsgi [None req-a06e65a9-60d5-43e9-933c-db6007e17c94 d4d9f374e4d84b6d9ca1aff0bfd6fd09 a6c2a11f31f440fe9d22545185952d4c - - default default] 10.0.0.101 "GET /v2.0/extensions/qos-pps-minimum-rule-alias HTTP/1.1" status: 200 len: 471 time: 0.0056100
2026-05-10 02:01:20.581 9 INFO neutron.wsgi [None req-1c59da36-954d-408c-b652-9b9c03fc6c2b d4d9f374e4d84b6d9ca1aff0bfd6fd09 a6c2a11f31f440fe9d22545185952d4c - - default default] 10.0.0.101 "GET /v2.0/extensions/qos-pps HTTP/1.1" status: 200 len: 389 time: 0.0057991
2026-05-10 02:01:20.590 9 INFO neutron.wsgi [None req-aeba4385-0335-46e2-82ea-2ca2a66ac101 d4d9f374e4d84b6d9ca1aff0bfd6fd09 a6c2a11f31f440fe9d22545185952d4c - - default default] 10.0.0.101 "GET /v2.0/extensions/qos-rule-type-details HTTP/1.1" status: 200 len: 423 time: 0.0053010
