2026-05-10 01:56:57.971 10 INFO neutron.wsgi [-] 10.0.0.230 "GET / HTTP/1.1" status: 200 len: 247 time: 0.0036781
2026-05-10 01:57:09.124 9 INFO neutron.wsgi [None req-9aef2532-05e7-45b5-b966-9a5364e3a49a b477c62976d24feda1acaae2b27b29be b58a4c05e6074359883ff168fa613fe1 - - default default] 10.0.0.247 "GET /v2.0/security-groups HTTP/1.1" status: 200 len: 16799 time: 0.1012647
2026-05-10 01:57:09.170 9 INFO neutron.wsgi [None req-62391189-9b64-4aa5-85e8-9a461618a984 b477c62976d24feda1acaae2b27b29be b58a4c05e6074359883ff168fa613fe1 - - default default] 10.0.0.247 "GET /v2.0/agents HTTP/1.1" status: 200 len: 997 time: 0.0406947
2026-05-10 01:57:09.200 9 INFO neutron.wsgi [None req-4144ebe6-6d76-47b5-8016-35c3a5cecf75 b477c62976d24feda1acaae2b27b29be b58a4c05e6074359883ff168fa613fe1 - - default default] 10.0.0.247 "GET /v2.0/floatingips HTTP/1.1" status: 200 len: 193 time: 0.0278111
2026-05-10 01:57:09.263 9 INFO neutron.wsgi [None req-61bcbe11-e457-4f08-a02c-f9ee2af846e5 b477c62976d24feda1acaae2b27b29be b58a4c05e6074359883ff168fa613fe1 - - default default] 10.0.0.247 "GET /v2.0/networks HTTP/1.1" status: 200 len: 2350 time: 0.0618262
2026-05-10 01:57:09.278 9 INFO neutron.wsgi [None req-1508e468-b75c-4ff8-95fb-a63f743695dc b477c62976d24feda1acaae2b27b29be b58a4c05e6074359883ff168fa613fe1 - - default default] 10.0.0.247 "GET /v2.0/network-ip-availabilities HTTP/1.1" status: 200 len: 1280 time: 0.0123990
2026-05-10 01:57:09.298 9 INFO neutron.wsgi [None req-739e4d40-7201-43b6-900e-60bb88510924 b477c62976d24feda1acaae2b27b29be b58a4c05e6074359883ff168fa613fe1 - - default default] 10.0.0.247 "GET /v2.0/routers HTTP/1.1" status: 200 len: 189 time: 0.0195713
2026-05-10 01:57:09.307 9 INFO neutron.wsgi [None req-c9699085-b1c5-457c-b418-de4de8df3fed b477c62976d24feda1acaae2b27b29be b58a4c05e6074359883ff168fa613fe1 - - default default] 10.0.0.247 "GET /v2.0/agents?binary=ovn-controller HTTP/1.1" status: 200 len: 591 time: 0.0082135
2026-05-10 01:57:09.335 9 INFO neutron.wsgi [None req-f0eaaa69-d92c-4079-b352-745cfe8ad2e0 b477c62976d24feda1acaae2b27b29be b58a4c05e6074359883ff168fa613fe1 - - default default] 10.0.0.247 "GET /v2.0/subnets HTTP/1.1" status: 200 len: 1437 time: 0.0269761
2026-05-10 01:57:09.344 9 INFO neutron.wsgi [None req-f7e1d810-349b-4ffc-a97f-b9961c028028 b477c62976d24feda1acaae2b27b29be b58a4c05e6074359883ff168fa613fe1 - - default default] 10.0.0.247 "GET /v2.0/subnetpools HTTP/1.1" status: 200 len: 193 time: 0.0085917
2026-05-10 01:57:09.373 9 INFO neutron.wsgi [None req-2ee10c84-31f9-407a-9b56-8edeef4ffbd8 b477c62976d24feda1acaae2b27b29be b58a4c05e6074359883ff168fa613fe1 - - default default] 10.0.0.247 "GET /v2.0/subnets HTTP/1.1" status: 200 len: 1437 time: 0.0282204
2026-05-10 01:57:09.402 9 INFO neutron.wsgi [None req-8fdd5c60-499a-4c14-8234-3e29943030e8 b477c62976d24feda1acaae2b27b29be b58a4c05e6074359883ff168fa613fe1 - - default default] 10.0.0.247 "GET /v2.0/ports HTTP/1.1" status: 200 len: 5347 time: 0.0277719
2026-05-10 01:57:12.970 10 INFO neutron.wsgi [-] 10.0.0.230 "GET / HTTP/1.1" status: 200 len: 247 time: 0.0026987
2026-05-10 01:57:12.971 9 INFO neutron.wsgi [-] 10.0.0.230 "GET / HTTP/1.1" status: 200 len: 247 time: 0.0032966
2026-05-10 01:57:18.822 10 INFO neutron.wsgi [None req-60c20c10-ffeb-4225-8ba9-ce9ef59d63d8 b477c62976d24feda1acaae2b27b29be b58a4c05e6074359883ff168fa613fe1 - - default default] 199.204.45.129,10.0.0.230 "GET /v2.0/networks HTTP/1.1" status: 200 len: 2350 time: 0.2808092
2026-05-10 01:57:19.747 10 INFO neutron.wsgi [None req-fa63d58d-61f5-4f66-9dbb-2810ee7048d1 b477c62976d24feda1acaae2b27b29be b58a4c05e6074359883ff168fa613fe1 - - default default] 199.204.45.129,10.0.0.230 "GET /v2.0/subnets HTTP/1.1" status: 200 len: 1437 time: 0.0897341
2026-05-10 01:57:19.829 10 INFO neutron.wsgi [None req-244bf3bc-346a-429c-8081-b3b7af03418f b477c62976d24feda1acaae2b27b29be b58a4c05e6074359883ff168fa613fe1 - - default default] 199.204.45.129,10.0.0.230 "GET /v2.0/networks HTTP/1.1" status: 200 len: 2350 time: 0.0755851
2026-05-10 01:57:21.010 10 INFO neutron.wsgi [None req-8ecd2daf-9cae-48ee-85df-e562cd601a57 b477c62976d24feda1acaae2b27b29be b58a4c05e6074359883ff168fa613fe1 - - default default] 199.204.45.129,10.0.0.230 "GET /v2.0/security-groups?tenant_id=b58a4c05e6074359883ff168fa613fe1 HTTP/1.1" status: 200 len: 10157 time: 0.0954082
2026-05-10 01:57:22.229 10 INFO neutron.wsgi [None req-42fe9ce4-65cf-41d0-9454-2cb74a0626b0 b477c62976d24feda1acaae2b27b29be b58a4c05e6074359883ff168fa613fe1 - - default default] 199.204.45.129,10.0.0.230 "GET /v2.0/security-groups?tenant_id=b58a4c05e6074359883ff168fa613fe1 HTTP/1.1" status: 200 len: 10157 time: 0.0868397
2026-05-10 01:57:23.061 9 INFO neutron.wsgi [None req-4afadecf-e800-4a74-981f-ea4acdbfb5a0 b477c62976d24feda1acaae2b27b29be b58a4c05e6074359883ff168fa613fe1 - - default default] 199.204.45.129,10.0.0.230 "GET /v2.0/security-groups?tenant_id=b58a4c05e6074359883ff168fa613fe1 HTTP/1.1" status: 200 len: 10157 time: 0.0837312
2026-05-10 01:57:23.882 9 INFO neutron.wsgi [None req-46a76f5d-5218-496e-8ee0-4970ab67c047 b477c62976d24feda1acaae2b27b29be b58a4c05e6074359883ff168fa613fe1 - - default default] 199.204.45.129,10.0.0.230 "GET /v2.0/security-groups?tenant_id=b58a4c05e6074359883ff168fa613fe1 HTTP/1.1" status: 200 len: 10157 time: 0.0820036
2026-05-10 01:57:24.838 9 INFO neutron.wsgi [None req-f8ec47d8-1ffe-4019-9ae3-5b630242988b b477c62976d24feda1acaae2b27b29be b58a4c05e6074359883ff168fa613fe1 - - default default] 199.204.45.129,10.0.0.230 "GET /v2.0/security-groups?tenant_id=b58a4c05e6074359883ff168fa613fe1 HTTP/1.1" status: 200 len: 10157 time: 0.1670115
2026-05-10 01:57:25.701 9 INFO neutron.wsgi [None req-cb61cfa9-6c28-4f17-b6cf-7fd62091f5a9 b477c62976d24feda1acaae2b27b29be b58a4c05e6074359883ff168fa613fe1 - - default default] 199.204.45.129,10.0.0.230 "GET /v2.0/security-groups?tenant_id=b58a4c05e6074359883ff168fa613fe1 HTTP/1.1" status: 200 len: 10157 time: 0.1074893
2026-05-10 01:57:27.019 9 INFO neutron.wsgi [None req-fd721097-1289-4c62-9d4e-24f36d4f7c78 b477c62976d24feda1acaae2b27b29be b58a4c05e6074359883ff168fa613fe1 - - default default] 199.204.45.129,10.0.0.230 "GET /v2.0/security-groups HTTP/1.1" status: 200 len: 16799 time: 0.1025398
2026-05-10 01:57:27.066 9 INFO neutron.wsgi [None req-fdaedb15-c115-45df-a79a-992e50ba687d b477c62976d24feda1acaae2b27b29be b58a4c05e6074359883ff168fa613fe1 - - default default] 199.204.45.129,10.0.0.230 "GET /v2.0/ports HTTP/1.1" status: 200 len: 5347 time: 0.0355487
2026-05-10 01:57:27.970 9 INFO neutron.wsgi [-] 10.0.0.230 "GET / HTTP/1.1" status: 200 len: 247 time: 0.0027025
2026-05-10 01:57:27.971 10 INFO neutron.wsgi [-] 10.0.0.230 "GET / HTTP/1.1" status: 200 len: 247 time: 0.0030360
2026-05-10 01:57:34.146 9 INFO neutron.pecan_wsgi.hooks.translation [None req-16f222b7-ed36-432d-be1f-87fef5166290 b477c62976d24feda1acaae2b27b29be b58a4c05e6074359883ff168fa613fe1 - - default default] GET failed (client error): The resource could not be found.
2026-05-10 01:57:34.149 9 INFO neutron.wsgi [None req-16f222b7-ed36-432d-be1f-87fef5166290 b477c62976d24feda1acaae2b27b29be b58a4c05e6074359883ff168fa613fe1 - - default default] 199.204.45.129,10.0.0.230 "GET /v2.0/ports/octavia-health-manager-port-instance HTTP/1.1" status: 404 len: 314 time: 0.0685234
2026-05-10 01:57:34.185 9 INFO neutron.wsgi [None req-b14e4395-dbf2-470e-9185-966514707596 b477c62976d24feda1acaae2b27b29be b58a4c05e6074359883ff168fa613fe1 - - default default] 199.204.45.129,10.0.0.230 "GET /v2.0/ports?name=octavia-health-manager-port-instance HTTP/1.1" status: 200 len: 1395 time: 0.0316498
2026-05-10 01:57:35.734 9 INFO neutron.wsgi [None req-32d70cdb-ac5f-4aff-ab80-a3f2a04d6456 b477c62976d24feda1acaae2b27b29be b58a4c05e6074359883ff168fa613fe1 - - default default] 199.204.45.129,10.0.0.230 "GET /v2.0/ports HTTP/1.1" status: 200 len: 5347 time: 0.0750263
2026-05-10 01:57:36.777 10 INFO neutron.wsgi [None req-b0a0e87f-bb12-4552-9696-9baef63d5404 b477c62976d24feda1acaae2b27b29be b58a4c05e6074359883ff168fa613fe1 - - default default] 199.204.45.129,10.0.0.230 "GET /v2.0/security-groups?tenant_id=b58a4c05e6074359883ff168fa613fe1 HTTP/1.1" status: 200 len: 10157 time: 0.0929987
2026-05-10 01:57:37.689 9 INFO neutron.wsgi [None req-2b49a6b7-c84b-49de-bcd4-60451b7da5b8 b477c62976d24feda1acaae2b27b29be b58a4c05e6074359883ff168fa613fe1 - - default default] 199.204.45.129,10.0.0.230 "GET /v2.0/security-groups?tenant_id=b58a4c05e6074359883ff168fa613fe1 HTTP/1.1" status: 200 len: 10157 time: 0.0662758
2026-05-10 01:57:38.573 10 INFO neutron.wsgi [None req-1b98c498-8f92-4cd0-b391-f157ec12f83a b477c62976d24feda1acaae2b27b29be b58a4c05e6074359883ff168fa613fe1 - - default default] 199.204.45.129,10.0.0.230 "GET /v2.0/security-groups?tenant_id=b58a4c05e6074359883ff168fa613fe1 HTTP/1.1" status: 200 len: 10157 time: 0.0841024
2026-05-10 01:57:42.969 10 INFO neutron.wsgi [-] 10.0.0.230 "GET / HTTP/1.1" status: 200 len: 247 time: 0.0021808
2026-05-10 01:57:42.969 9 INFO neutron.wsgi [-] 10.0.0.230 "GET / HTTP/1.1" status: 200 len: 247 time: 0.0026391
2026-05-10 01:57:49.919 10 INFO neutron.wsgi [None req-a0096080-7c4b-45a1-a735-3b1250f44367 b477c62976d24feda1acaae2b27b29be b58a4c05e6074359883ff168fa613fe1 - - default default] 199.204.45.129,10.0.0.230 "GET /v2.0/quotas/b58a4c05e6074359883ff168fa613fe1 HTTP/1.1" status: 200 len: 361 time: 0.0127659
2026-05-10 01:57:57.968 9 INFO neutron.wsgi [-] 10.0.0.230 "GET / HTTP/1.1" status: 200 len: 247 time: 0.0017660
2026-05-10 01:57:57.970 10 INFO neutron.wsgi [-] 10.0.0.230 "GET / HTTP/1.1" status: 200 len: 247 time: 0.0032690
2026-05-10 01:58:09.100 9 INFO neutron.wsgi [None req-ae03c5b4-7c04-42dd-bb35-f7dabadd2d8b b477c62976d24feda1acaae2b27b29be b58a4c05e6074359883ff168fa613fe1 - - default default] 10.0.0.247 "GET /v2.0/subnets HTTP/1.1" status: 200 len: 1437 time: 0.0744703
2026-05-10 01:58:09.136 9 INFO neutron.wsgi [None req-ca6ec94e-4b29-4196-99c1-de983b7225b2 b477c62976d24feda1acaae2b27b29be b58a4c05e6074359883ff168fa613fe1 - - default default] 10.0.0.247 "GET /v2.0/agents HTTP/1.1" status: 200 len: 997 time: 0.0350957
2026-05-10 01:58:09.169 9 INFO neutron.wsgi [None req-b3f6a722-737e-4dd3-9d13-d161b2a748d1 b477c62976d24feda1acaae2b27b29be b58a4c05e6074359883ff168fa613fe1 - - default default] 10.0.0.247 "GET /v2.0/subnets HTTP/1.1" status: 200 len: 1437 time: 0.0321064
2026-05-10 01:58:09.179 9 INFO neutron.wsgi [None req-57366be7-78f4-4c79-8fad-37904341278b b477c62976d24feda1acaae2b27b29be b58a4c05e6074359883ff168fa613fe1 - - default default] 10.0.0.247 "GET /v2.0/subnetpools HTTP/1.1" status: 200 len: 193 time: 0.0090625
2026-05-10 01:58:09.200 9 INFO neutron.wsgi [None req-1811299a-6580-452b-bd45-2379a0aadb93 b477c62976d24feda1acaae2b27b29be b58a4c05e6074359883ff168fa613fe1 - - default default] 10.0.0.247 "GET /v2.0/floatingips HTTP/1.1" status: 200 len: 193 time: 0.0198281
2026-05-10 01:58:09.267 9 INFO neutron.wsgi [None req-a931bc87-faa1-499d-adec-9577a44c7993 b477c62976d24feda1acaae2b27b29be b58a4c05e6074359883ff168fa613fe1 - - default default] 10.0.0.247 "GET /v2.0/networks HTTP/1.1" status: 200 len: 2350 time: 0.0666761
2026-05-10 01:58:09.300 9 INFO neutron.wsgi [None req-195095da-f676-4801-93d3-194ce38368ed b477c62976d24feda1acaae2b27b29be b58a4c05e6074359883ff168fa613fe1 - - default default] 10.0.0.247 "GET /v2.0/routers HTTP/1.1" status: 200 len: 189 time: 0.0289874
2026-05-10 01:58:09.315 9 INFO neutron.wsgi [None req-c544f7ca-4162-4581-a33f-6b832a2aa505 b477c62976d24feda1acaae2b27b29be b58a4c05e6074359883ff168fa613fe1 - - default default] 10.0.0.247 "GET /v2.0/agents?binary=ovn-controller HTTP/1.1" status: 200 len: 591 time: 0.0147517
2026-05-10 01:58:09.327 9 INFO neutron.wsgi [None req-54583e16-fc42-4928-b45b-389c6ab3ff55 b477c62976d24feda1acaae2b27b29be b58a4c05e6074359883ff168fa613fe1 - - default default] 10.0.0.247 "GET /v2.0/network-ip-availabilities HTTP/1.1" status: 200 len: 1280 time: 0.0109098
2026-05-10 01:58:09.371 9 INFO neutron.wsgi [None req-168f2d43-0155-4f69-aa45-26d2f6daa927 b477c62976d24feda1acaae2b27b29be b58a4c05e6074359883ff168fa613fe1 - - default default] 10.0.0.247 "GET /v2.0/security-groups HTTP/1.1" status: 200 len: 16799 time: 0.0425971
2026-05-10 01:58:09.423 9 INFO neutron.wsgi [None req-a4059686-cc36-4356-9a50-f4e447ec141b b477c62976d24feda1acaae2b27b29be b58a4c05e6074359883ff168fa613fe1 - - default default] 10.0.0.247 "GET /v2.0/ports HTTP/1.1" status: 200 len: 5347 time: 0.0466256
2026-05-10 01:58:12.970 10 INFO neutron.wsgi [-] 10.0.0.230 "GET / HTTP/1.1" status: 200 len: 247 time: 0.0024896
2026-05-10 01:58:12.970 9 INFO neutron.wsgi [-] 10.0.0.230 "GET / HTTP/1.1" status: 200 len: 247 time: 0.0026579
2026-05-10 01:58:27.970 9 INFO neutron.wsgi [-] 10.0.0.230 "GET / HTTP/1.1" status: 200 len: 247 time: 0.0025601
2026-05-10 01:58:27.971 10 INFO neutron.wsgi [-] 10.0.0.230 "GET / HTTP/1.1" status: 200 len: 247 time: 0.0033674
2026-05-10 01:58:40.995 10 INFO neutron.wsgi [None req-78c27175-f453-42cc-9612-af0677bb7b46 b477c62976d24feda1acaae2b27b29be b58a4c05e6074359883ff168fa613fe1 - - default default] 199.204.45.129,10.0.0.230 "GET /v2.0/security-groups?tenant_id=506a88a9e8484628affc56649e365da4 HTTP/1.1" status: 200 len: 6838 time: 0.1040874
2026-05-10 01:58:41.936 10 INFO neutron.wsgi [None req-35423ced-85cb-4518-bf93-03120b775b92 b477c62976d24feda1acaae2b27b29be b58a4c05e6074359883ff168fa613fe1 - - default default] 199.204.45.129,10.0.0.230 "GET /v2.0/security-groups?tenant_id=506a88a9e8484628affc56649e365da4 HTTP/1.1" status: 200 len: 6838 time: 0.0758274
2026-05-10 01:58:42.826 10 INFO neutron.wsgi [None req-fa4733fc-73cd-4044-9eb0-c73e1cb5868d b477c62976d24feda1acaae2b27b29be b58a4c05e6074359883ff168fa613fe1 - - default default] 199.204.45.129,10.0.0.230 "GET /v2.0/security-groups?tenant_id=506a88a9e8484628affc56649e365da4 HTTP/1.1" status: 200 len: 6838 time: 0.0810025
2026-05-10 01:58:42.970 9 INFO neutron.wsgi [-] 10.0.0.230 "GET / HTTP/1.1" status: 200 len: 247 time: 0.0026221
2026-05-10 01:58:42.970 10 INFO neutron.wsgi [-] 10.0.0.230 "GET / HTTP/1.1" status: 200 len: 247 time: 0.0028811
2026-05-10 01:58:43.761 10 INFO neutron.wsgi [None req-267e5af2-02a7-4419-875b-906e2055751c b477c62976d24feda1acaae2b27b29be b58a4c05e6074359883ff168fa613fe1 - - default default] 199.204.45.129,10.0.0.230 "GET /v2.0/security-groups?tenant_id=506a88a9e8484628affc56649e365da4 HTTP/1.1" status: 200 len: 6838 time: 0.0827973
2026-05-10 01:58:44.750 10 INFO neutron.wsgi [None req-1711eaff-d7c1-461e-978b-cae1c73bf387 b477c62976d24feda1acaae2b27b29be b58a4c05e6074359883ff168fa613fe1 - - default default] 199.204.45.129,10.0.0.230 "GET /v2.0/security-groups?tenant_id=506a88a9e8484628affc56649e365da4 HTTP/1.1" status: 200 len: 6838 time: 0.0912876
2026-05-10 01:58:52.170 10 INFO neutron.wsgi [None req-f6280c3e-8620-4d1d-90c7-d4af556b20ab b477c62976d24feda1acaae2b27b29be b58a4c05e6074359883ff168fa613fe1 - - default default] 199.204.45.129,10.0.0.230 "GET /v2.0/quotas/506a88a9e8484628affc56649e365da4 HTTP/1.1" status: 200 len: 361 time: 0.0121322
2026-05-10 01:58:57.969 9 INFO neutron.wsgi [-] 10.0.0.230 "GET / HTTP/1.1" status: 200 len: 247 time: 0.0025551
2026-05-10 01:58:57.969 10 INFO neutron.wsgi [-] 10.0.0.230 "GET / HTTP/1.1" status: 200 len: 247 time: 0.0026472
2026-05-10 01:59:09.125 9 INFO neutron.wsgi [None req-c208e355-7f41-40a9-8133-f1f475d9dcd9 b477c62976d24feda1acaae2b27b29be b58a4c05e6074359883ff168fa613fe1 - - default default] 10.0.0.247 "GET /v2.0/subnets HTTP/1.1" status: 200 len: 1437 time: 0.0904026
2026-05-10 01:59:09.138 9 INFO neutron.wsgi [None req-8e9eff94-c53a-404b-bbaa-b68a62e074ad b477c62976d24feda1acaae2b27b29be b58a4c05e6074359883ff168fa613fe1 - - default default] 10.0.0.247 "GET /v2.0/subnetpools HTTP/1.1" status: 200 len: 193 time: 0.0100996
2026-05-10 01:59:09.185 9 INFO neutron.wsgi [None req-58c8b4c3-5e5f-4206-8926-3993558c6595 b477c62976d24feda1acaae2b27b29be b58a4c05e6074359883ff168fa613fe1 - - default default] 10.0.0.247 "GET /v2.0/security-groups HTTP/1.1" status: 200 len: 16799 time: 0.0462115
2026-05-10 01:59:09.220 9 INFO neutron.wsgi [None req-273d78d2-2712-4441-be86-fb93a85e02d8 b477c62976d24feda1acaae2b27b29be b58a4c05e6074359883ff168fa613fe1 - - default default] 10.0.0.247 "GET /v2.0/network-ip-availabilities HTTP/1.1" status: 200 len: 1280 time: 0.0214617
2026-05-10 01:59:09.248 9 INFO neutron.wsgi [None req-07856ba3-5726-45a7-97b7-fd9162535313 b477c62976d24feda1acaae2b27b29be b58a4c05e6074359883ff168fa613fe1 - - default default] 10.0.0.247 "GET /v2.0/routers HTTP/1.1" status: 200 len: 189 time: 0.0272028
2026-05-10 01:59:09.294 9 INFO neutron.wsgi [None req-30ef2732-c3eb-4b6d-92ac-aeb9323f5bdc b477c62976d24feda1acaae2b27b29be b58a4c05e6074359883ff168fa613fe1 - - default default] 10.0.0.247 "GET /v2.0/agents?binary=ovn-controller HTTP/1.1" status: 200 len: 591 time: 0.0443757
2026-05-10 01:59:09.307 9 INFO neutron.wsgi [None req-606740b7-90f0-40b3-91cb-0fd518f0180f b477c62976d24feda1acaae2b27b29be b58a4c05e6074359883ff168fa613fe1 - - default default] 10.0.0.247 "GET /v2.0/agents HTTP/1.1" status: 200 len: 997 time: 0.0117617
2026-05-10 01:59:09.372 9 INFO neutron.wsgi [None req-fd180420-4a34-4a56-8cea-8c5b7ded995f b477c62976d24feda1acaae2b27b29be b58a4c05e6074359883ff168fa613fe1 - - default default] 10.0.0.247 "GET /v2.0/networks HTTP/1.1" status: 200 len: 2350 time: 0.0639434
2026-05-10 01:59:09.407 9 INFO neutron.wsgi [None req-24757342-48be-4a45-b1d3-ff791e72045b b477c62976d24feda1acaae2b27b29be b58a4c05e6074359883ff168fa613fe1 - - default default] 10.0.0.247 "GET /v2.0/subnets HTTP/1.1" status: 200 len: 1437 time: 0.0334299
2026-05-10 01:59:09.443 9 INFO neutron.wsgi [None req-89641b4b-43a6-4718-a5c8-946a16b9dfec b477c62976d24feda1acaae2b27b29be b58a4c05e6074359883ff168fa613fe1 - - default default] 10.0.0.247 "GET /v2.0/ports HTTP/1.1" status: 200 len: 5347 time: 0.0351086
2026-05-10 01:59:09.470 9 INFO neutron.wsgi [None req-07ae11f5-2679-402b-af7d-4323ba1ff7ca b477c62976d24feda1acaae2b27b29be b58a4c05e6074359883ff168fa613fe1 - - default default] 10.0.0.247 "GET /v2.0/floatingips HTTP/1.1" status: 200 len: 193 time: 0.0223408
2026-05-10 01:59:12.969 10 INFO neutron.wsgi [-] 10.0.0.230 "GET / HTTP/1.1" status: 200 len: 247 time: 0.0016315
2026-05-10 01:59:12.970 9 INFO neutron.wsgi [-] 10.0.0.230 "GET / HTTP/1.1" status: 200 len: 247 time: 0.0028298
2026-05-10 01:59:27.969 9 INFO neutron.wsgi [-] 10.0.0.230 "GET / HTTP/1.1" status: 200 len: 247 time: 0.0024946
2026-05-10 01:59:27.970 10 INFO neutron.wsgi [-] 10.0.0.230 "GET / HTTP/1.1" status: 200 len: 247 time: 0.0028679
2026-05-10 01:59:42.970 10 INFO neutron.wsgi [-] 10.0.0.230 "GET / HTTP/1.1" status: 200 len: 247 time: 0.0028942
2026-05-10 01:59:42.971 9 INFO neutron.wsgi [-] 10.0.0.230 "GET / HTTP/1.1" status: 200 len: 247 time: 0.0037582
2026-05-10 01:59:44.168 10 INFO neutron.wsgi [None req-9198e842-2be0-44df-96b5-16b1b3b88c9f b477c62976d24feda1acaae2b27b29be b58a4c05e6074359883ff168fa613fe1 - - default default] 199.204.45.129,10.0.0.230 "GET /v2.0/networks HTTP/1.1" status: 200 len: 2350 time: 0.0980599
2026-05-10 01:59:57.969 10 INFO neutron.wsgi [-] 10.0.0.230 "GET / HTTP/1.1" status: 200 len: 247 time: 0.0017779
2026-05-10 01:59:57.971 10 INFO neutron.wsgi [-] 10.0.0.230 "GET / HTTP/1.1" status: 200 len: 247 time: 0.0010099
2026-05-10 02:00:09.254 9 INFO neutron.wsgi [None req-a754c549-c81d-4a29-b61f-164645021f90 b477c62976d24feda1acaae2b27b29be b58a4c05e6074359883ff168fa613fe1 - - default default] 10.0.0.247 "GET /v2.0/networks HTTP/1.1" status: 200 len: 2350 time: 0.1650009
2026-05-10 02:00:09.297 9 INFO neutron.wsgi [None req-13cb0c55-66be-4b61-8fa3-14e33c25fda5 b477c62976d24feda1acaae2b27b29be b58a4c05e6074359883ff168fa613fe1 - - default default] 10.0.0.247 "GET /v2.0/subnets HTTP/1.1" status: 200 len: 1437 time: 0.0415497
2026-05-10 02:00:09.312 9 INFO neutron.wsgi [None req-78dd4dd9-0290-4ce0-82f5-31f19190446f b477c62976d24feda1acaae2b27b29be b58a4c05e6074359883ff168fa613fe1 - - default default] 10.0.0.247 "GET /v2.0/network-ip-availabilities HTTP/1.1" status: 200 len: 1280 time: 0.0137596
2026-05-10 02:00:09.338 9 INFO neutron.wsgi [None req-9eefd6da-f7a1-453d-8266-1b9e8aa9c0fb b477c62976d24feda1acaae2b27b29be b58a4c05e6074359883ff168fa613fe1 - - default default] 10.0.0.247 "GET /v2.0/routers HTTP/1.1" status: 200 len: 189 time: 0.0256782
2026-05-10 02:00:09.379 9 INFO neutron.wsgi [None req-11000f88-311d-414e-a6ea-6f7779d5e021 b477c62976d24feda1acaae2b27b29be b58a4c05e6074359883ff168fa613fe1 - - default default] 10.0.0.247 "GET /v2.0/agents?binary=ovn-controller HTTP/1.1" status: 200 len: 591 time: 0.0394378
2026-05-10 02:00:09.391 9 INFO neutron.wsgi [None req-50b7317f-293f-4d52-9522-f9d3f4bb5db1 b477c62976d24feda1acaae2b27b29be b58a4c05e6074359883ff168fa613fe1 - - default default] 10.0.0.247 "GET /v2.0/agents HTTP/1.1" status: 200 len: 997 time: 0.0118778
2026-05-10 02:00:09.433 9 INFO neutron.wsgi [None req-9c8e6512-f39d-4f44-b079-fc215f7ac741 b477c62976d24feda1acaae2b27b29be b58a4c05e6074359883ff168fa613fe1 - - default default] 10.0.0.247 "GET /v2.0/subnets HTTP/1.1" status: 200 len: 1437 time: 0.0406253
2026-05-10 02:00:09.447 9 INFO neutron.wsgi [None req-8df94ecf-a45a-42de-bbe0-e5c0d00398a5 b477c62976d24feda1acaae2b27b29be b58a4c05e6074359883ff168fa613fe1 - - default default] 10.0.0.247 "GET /v2.0/subnetpools HTTP/1.1" status: 200 len: 193 time: 0.0131180
2026-05-10 02:00:09.490 9 INFO neutron.wsgi [None req-6b185575-6555-4740-abff-47f5198b71a2 b477c62976d24feda1acaae2b27b29be b58a4c05e6074359883ff168fa613fe1 - - default default] 10.0.0.247 "GET /v2.0/ports HTTP/1.1" status: 200 len: 5347 time: 0.0418046
2026-05-10 02:00:09.518 9 INFO neutron.wsgi [None req-7dfb9993-d74d-4c36-97b3-b4a3a7cc4663 b477c62976d24feda1acaae2b27b29be b58a4c05e6074359883ff168fa613fe1 - - default default] 10.0.0.247 "GET /v2.0/floatingips HTTP/1.1" status: 200 len: 193 time: 0.0239251
2026-05-10 02:00:09.575 9 INFO neutron.wsgi [None req-a5ec5c16-78f2-4cb9-9d1b-ed99278a7300 b477c62976d24feda1acaae2b27b29be b58a4c05e6074359883ff168fa613fe1 - - default default] 10.0.0.247 "GET /v2.0/security-groups HTTP/1.1" status: 200 len: 16799 time: 0.0563293
2026-05-10 02:00:12.970 10 INFO neutron.wsgi [-] 10.0.0.230 "GET / HTTP/1.1" status: 200 len: 247 time: 0.0027006
2026-05-10 02:00:12.971 9 INFO neutron.wsgi [-] 10.0.0.230 "GET / HTTP/1.1" status: 200 len: 247 time: 0.0034626
2026-05-10 02:00:27.970 10 INFO neutron.wsgi [-] 10.0.0.230 "GET / HTTP/1.1" status: 200 len: 247 time: 0.0029862
2026-05-10 02:00:27.970 9 INFO neutron.wsgi [-] 10.0.0.230 "GET / HTTP/1.1" status: 200 len: 247 time: 0.0031145
2026-05-10 02:00:36.594 9 INFO neutron.wsgi [None req-c5726757-6821-4edb-81ed-706d380fd127 b477c62976d24feda1acaae2b27b29be b58a4c05e6074359883ff168fa613fe1 - - default default] 10.0.0.101 "GET /v2.0/networks HTTP/1.1" status: 200 len: 2369 time: 0.1213903
2026-05-10 02:00:37.747 10 INFO neutron.wsgi [None req-d2dd1f79-5e78-45c5-b247-e788588f18e0 b477c62976d24feda1acaae2b27b29be b58a4c05e6074359883ff168fa613fe1 - - default default] 10.0.0.101 "GET /v2.0/floatingips HTTP/1.1" status: 200 len: 212 time: 0.0573959
2026-05-10 02:00:37.805 10 INFO neutron.wsgi [None req-71b7cf85-b421-47f1-9aab-14786ff1d3ef b477c62976d24feda1acaae2b27b29be b58a4c05e6074359883ff168fa613fe1 - - default default] 10.0.0.101 "GET /v2.0/routers HTTP/1.1" status: 200 len: 208 time: 0.0522282
2026-05-10 02:00:37.885 10 INFO neutron.wsgi [None req-de093ad0-ffa6-4fb8-a01f-55a74f3f2a76 b477c62976d24feda1acaae2b27b29be b58a4c05e6074359883ff168fa613fe1 - - default default] 10.0.0.101 "GET /v2.0/ports HTTP/1.1" status: 200 len: 5366 time: 0.0749695
2026-05-10 02:00:37.935 10 INFO neutron.wsgi [None req-0e39afec-15b4-4dca-ab13-bc49f320deef b477c62976d24feda1acaae2b27b29be b58a4c05e6074359883ff168fa613fe1 - - default default] 10.0.0.101 "GET /v2.0/subnets HTTP/1.1" status: 200 len: 1456 time: 0.0413244
2026-05-10 02:00:38.005 10 INFO neutron.wsgi [None req-1adc615e-aa0a-4776-b927-baa5e25371a2 b477c62976d24feda1acaae2b27b29be b58a4c05e6074359883ff168fa613fe1 - - default default] 10.0.0.101 "GET /v2.0/networks HTTP/1.1" status: 200 len: 2369 time: 0.0661418
2026-05-10 02:00:38.057 10 INFO neutron.wsgi [None req-0d2abb3b-06e3-425c-93fa-2cbe392981e4 b477c62976d24feda1acaae2b27b29be b58a4c05e6074359883ff168fa613fe1 - - default default] 10.0.0.101 "GET /v2.0/security-groups HTTP/1.1" status: 200 len: 16818 time: 0.0464933
2026-05-10 02:00:38.080 9 INFO neutron.wsgi [None req-ee467d01-d9cb-4b7d-bfab-6fe4b60c73e9 b477c62976d24feda1acaae2b27b29be b58a4c05e6074359883ff168fa613fe1 - - default default] 10.0.0.101 "GET /v2.0/subnetpools HTTP/1.1" status: 200 len: 212 time: 0.0116806
2026-05-10 02:00:42.969 9 INFO neutron.wsgi [-] 10.0.0.230 "GET / HTTP/1.1" status: 200 len: 247 time: 0.0021815
2026-05-10 02:00:42.970 10 INFO neutron.wsgi [-] 10.0.0.230 "GET / HTTP/1.1" status: 200 len: 247 time: 0.0028825
2026-05-10 02:00:49.430 10 INFO neutron.db.ovn_revision_numbers_db [None req-fec45b3a-c963-4fa6-90c4-4d6b7e295531 b477c62976d24feda1acaae2b27b29be b58a4c05e6074359883ff168fa613fe1 - - default default] Successfully bumped revision number for resource 00bd00a2-29d6-4a1d-be61-4dd9a6d76767 (type: security_groups) to 1
2026-05-10 02:00:49.443 10 INFO neutron.db.ovn_revision_numbers_db [None req-4215fc16-4db1-4a51-941c-d33ef17c00c6 b477c62976d24feda1acaae2b27b29be b58a4c05e6074359883ff168fa613fe1 - - default default] Successfully bumped revision number for resource 3b4b43bd-770d-43d5-b830-228b3775b2fe (type: security_groups) to 1
2026-05-10 02:00:49.449 10 INFO neutron.db.ovn_revision_numbers_db [None req-fec45b3a-c963-4fa6-90c4-4d6b7e295531 b477c62976d24feda1acaae2b27b29be b58a4c05e6074359883ff168fa613fe1 - - default default] Successfully bumped revision number for resource 052ab2e7-522a-4cd2-8de2-a7a66c79c731 (type: security_group_rules) to 0
2026-05-10 02:00:49.466 10 INFO neutron.db.ovn_revision_numbers_db [None req-4215fc16-4db1-4a51-941c-d33ef17c00c6 b477c62976d24feda1acaae2b27b29be b58a4c05e6074359883ff168fa613fe1 - - default default] Successfully bumped revision number for resource 2d8f121d-2b91-4061-b9fc-f6907a767148 (type: security_group_rules) to 0
2026-05-10 02:00:49.468 10 INFO neutron.db.ovn_revision_numbers_db [None req-fec45b3a-c963-4fa6-90c4-4d6b7e295531 b477c62976d24feda1acaae2b27b29be b58a4c05e6074359883ff168fa613fe1 - - default default] Successfully bumped revision number for resource 24f0df3e-8b47-47cc-8fa6-1cee41ac0c3f (type: security_group_rules) to 0
2026-05-10 02:00:49.492 10 INFO neutron.db.ovn_revision_numbers_db [None req-4215fc16-4db1-4a51-941c-d33ef17c00c6 b477c62976d24feda1acaae2b27b29be b58a4c05e6074359883ff168fa613fe1 - - default default] Successfully bumped revision number for resource 678ebe11-8a76-4aab-901a-2e75a2aab061 (type: security_group_rules) to 0
2026-05-10 02:00:49.498 10 INFO neutron.db.ovn_revision_numbers_db [None req-fec45b3a-c963-4fa6-90c4-4d6b7e295531 b477c62976d24feda1acaae2b27b29be b58a4c05e6074359883ff168fa613fe1 - - default default] Successfully bumped revision number for resource a2287c18-78fd-4159-aa3a-90d56a30d4f4 (type: security_group_rules) to 0
2026-05-10 02:00:49.516 10 INFO neutron.db.ovn_revision_numbers_db [None req-fec45b3a-c963-4fa6-90c4-4d6b7e295531 b477c62976d24feda1acaae2b27b29be b58a4c05e6074359883ff168fa613fe1 - - default default] Successfully bumped revision number for resource bba30691-4bef-4152-a2f4-69141d6039d5 (type: security_group_rules) to 0
2026-05-10 02:00:49.519 10 INFO neutron.db.ovn_revision_numbers_db [None req-4215fc16-4db1-4a51-941c-d33ef17c00c6 b477c62976d24feda1acaae2b27b29be b58a4c05e6074359883ff168fa613fe1 - - default default] Successfully bumped revision number for resource a68b7c52-2201-48a9-9e2f-134d2812e79d (type: security_group_rules) to 0
2026-05-10 02:00:49.527 9 INFO neutron.db.ovn_revision_numbers_db [None req-b52097a8-2aa9-4cb4-908d-6c97d788d616 b477c62976d24feda1acaae2b27b29be b58a4c05e6074359883ff168fa613fe1 - - default default] Successfully bumped revision number for resource 4d0ba378-2d98-4db8-9657-ea50d607728a (type: security_groups) to 1
2026-05-10 02:00:49.544 9 INFO neutron.db.ovn_revision_numbers_db [None req-b52097a8-2aa9-4cb4-908d-6c97d788d616 b477c62976d24feda1acaae2b27b29be b58a4c05e6074359883ff168fa613fe1 - - default default] Successfully bumped revision number for resource 6e374399-13ce-46a0-8988-2b3673b9d30f (type: security_group_rules) to 0
2026-05-10 02:00:49.546 10 INFO neutron.db.ovn_revision_numbers_db [None req-4215fc16-4db1-4a51-941c-d33ef17c00c6 b477c62976d24feda1acaae2b27b29be b58a4c05e6074359883ff168fa613fe1 - - default default] Successfully bumped revision number for resource c54fa6f2-d9ab-4d26-bfa0-31a8fc587336 (type: security_group_rules) to 0
2026-05-10 02:00:49.560 9 INFO neutron.db.ovn_revision_numbers_db [None req-b52097a8-2aa9-4cb4-908d-6c97d788d616 b477c62976d24feda1acaae2b27b29be b58a4c05e6074359883ff168fa613fe1 - - default default] Successfully bumped revision number for resource a7a56d71-8168-496c-9914-5f3742d2a3d9 (type: security_group_rules) to 0
2026-05-10 02:00:49.584 9 INFO neutron.db.ovn_revision_numbers_db [None req-b52097a8-2aa9-4cb4-908d-6c97d788d616 b477c62976d24feda1acaae2b27b29be b58a4c05e6074359883ff168fa613fe1 - - default default] Successfully bumped revision number for resource cbc41f61-8c4b-4bbd-9e1d-cee5877250ba (type: security_group_rules) to 0
2026-05-10 02:00:49.587 10 INFO neutron.db.segments_db [None req-fec45b3a-c963-4fa6-90c4-4d6b7e295531 b477c62976d24feda1acaae2b27b29be b58a4c05e6074359883ff168fa613fe1 - - default default] Added segment c523fec4-7353-4c4d-b9ca-6923fa0f6ae8 of type geneve for network 257fa69a-36de-4ddb-8dc2-61d9ad2d03ed
2026-05-10 02:00:49.599 9 INFO neutron.db.ovn_revision_numbers_db [None req-b52097a8-2aa9-4cb4-908d-6c97d788d616 b477c62976d24feda1acaae2b27b29be b58a4c05e6074359883ff168fa613fe1 - - default default] Successfully bumped revision number for resource d37cc37f-c0c1-407e-8382-192c0e54e73e (type: security_group_rules) to 0
2026-05-10 02:00:49.642 10 INFO neutron.db.segments_db [None req-4215fc16-4db1-4a51-941c-d33ef17c00c6 b477c62976d24feda1acaae2b27b29be b58a4c05e6074359883ff168fa613fe1 - - default default] Added segment 0093938c-9365-43a0-b6b9-fe4e1860838a of type geneve for network 02d1da56-5c00-4db6-9b09-954a2dc21b2d
2026-05-10 02:00:49.651 9 INFO neutron.db.segments_db [None req-b52097a8-2aa9-4cb4-908d-6c97d788d616 b477c62976d24feda1acaae2b27b29be b58a4c05e6074359883ff168fa613fe1 - - default default] Added segment f5c3be53-25b7-4c07-8c35-f2d60da4d5ad of type geneve for network c2ba1240-295f-40eb-8dc5-9e727b0f3551
2026-05-10 02:00:49.778 9 INFO neutron.db.ovn_revision_numbers_db [None req-b52097a8-2aa9-4cb4-908d-6c97d788d616 b477c62976d24feda1acaae2b27b29be b58a4c05e6074359883ff168fa613fe1 - - default default] Successfully bumped revision number for resource c2ba1240-295f-40eb-8dc5-9e727b0f3551 (type: networks) to 1
2026-05-10 02:00:49.819 10 INFO neutron.db.ovn_revision_numbers_db [None req-fec45b3a-c963-4fa6-90c4-4d6b7e295531 b477c62976d24feda1acaae2b27b29be b58a4c05e6074359883ff168fa613fe1 - - default default] Successfully bumped revision number for resource 257fa69a-36de-4ddb-8dc2-61d9ad2d03ed (type: networks) to 1
2026-05-10 02:00:49.860 10 INFO neutron.db.ovn_revision_numbers_db [None req-4215fc16-4db1-4a51-941c-d33ef17c00c6 b477c62976d24feda1acaae2b27b29be b58a4c05e6074359883ff168fa613fe1 - - default default] Successfully bumped revision number for resource 02d1da56-5c00-4db6-9b09-954a2dc21b2d (type: networks) to 1
2026-05-10 02:00:49.921 9 WARNING neutron.scheduler.dhcp_agent_scheduler [None req-b52097a8-2aa9-4cb4-908d-6c97d788d616 b477c62976d24feda1acaae2b27b29be b58a4c05e6074359883ff168fa613fe1 - - default default] No more DHCP agents
2026-05-10 02:00:49.923 9 WARNING neutron.api.rpc.agentnotifiers.dhcp_rpc_agent_api [None req-b52097a8-2aa9-4cb4-908d-6c97d788d616 b477c62976d24feda1acaae2b27b29be b58a4c05e6074359883ff168fa613fe1 - - default default] Unable to schedule network c2ba1240-295f-40eb-8dc5-9e727b0f3551: no agents available; will retry on subsequent port and subnet creation events.
2026-05-10 02:00:49.997 9 INFO neutron.db.ovn_revision_numbers_db [None req-b52097a8-2aa9-4cb4-908d-6c97d788d616 b477c62976d24feda1acaae2b27b29be b58a4c05e6074359883ff168fa613fe1 - - default default] Successfully bumped revision number for resource b196c6ec-df2d-4af8-b0e4-748da8d14478 (type: ports) to 1
2026-05-10 02:00:50.015 9 INFO neutron.wsgi [None req-b52097a8-2aa9-4cb4-908d-6c97d788d616 b477c62976d24feda1acaae2b27b29be b58a4c05e6074359883ff168fa613fe1 - - default default] 10.0.0.101 "POST /v2.0/networks HTTP/1.1" status: 201 len: 950 time: 0.6788018
2026-05-10 02:00:50.174 9 WARNING neutron.scheduler.dhcp_agent_scheduler [None req-9e7cb6c3-f866-4c16-ba4b-14e82b5a1385 b477c62976d24feda1acaae2b27b29be b58a4c05e6074359883ff168fa613fe1 - - default default] No more DHCP agents
2026-05-10 02:00:50.177 9 WARNING neutron.api.rpc.agentnotifiers.dhcp_rpc_agent_api [None req-9e7cb6c3-f866-4c16-ba4b-14e82b5a1385 b477c62976d24feda1acaae2b27b29be b58a4c05e6074359883ff168fa613fe1 - - default default] Unable to schedule network c2ba1240-295f-40eb-8dc5-9e727b0f3551: no agents available; will retry on subsequent port and subnet creation events.
2026-05-10 02:00:50.191 10 WARNING neutron.scheduler.dhcp_agent_scheduler [None req-fec45b3a-c963-4fa6-90c4-4d6b7e295531 b477c62976d24feda1acaae2b27b29be b58a4c05e6074359883ff168fa613fe1 - - default default] No more DHCP agents
2026-05-10 02:00:50.194 10 WARNING neutron.api.rpc.agentnotifiers.dhcp_rpc_agent_api [None req-fec45b3a-c963-4fa6-90c4-4d6b7e295531 b477c62976d24feda1acaae2b27b29be b58a4c05e6074359883ff168fa613fe1 - - default default] Unable to schedule network 257fa69a-36de-4ddb-8dc2-61d9ad2d03ed: no agents available; will retry on subsequent port and subnet creation events.
2026-05-10 02:00:50.233 10 WARNING neutron.scheduler.dhcp_agent_scheduler [None req-4215fc16-4db1-4a51-941c-d33ef17c00c6 b477c62976d24feda1acaae2b27b29be b58a4c05e6074359883ff168fa613fe1 - - default default] No more DHCP agents
2026-05-10 02:00:50.241 10 WARNING neutron.api.rpc.agentnotifiers.dhcp_rpc_agent_api [None req-4215fc16-4db1-4a51-941c-d33ef17c00c6 b477c62976d24feda1acaae2b27b29be b58a4c05e6074359883ff168fa613fe1 - - default default] Unable to schedule network 02d1da56-5c00-4db6-9b09-954a2dc21b2d: no agents available; will retry on subsequent port and subnet creation events.
2026-05-10 02:00:50.333 9 INFO neutron.db.ovn_revision_numbers_db [None req-bc9f0c49-617d-4078-97e4-36bb2d3c15eb b477c62976d24feda1acaae2b27b29be b58a4c05e6074359883ff168fa613fe1 - - default default] Successfully bumped revision number for resource 23325ff3-f23a-4cdd-98ce-016233a49de5 (type: security_groups) to 1
2026-05-10 02:00:50.347 10 INFO neutron.db.ovn_revision_numbers_db [None req-fec45b3a-c963-4fa6-90c4-4d6b7e295531 b477c62976d24feda1acaae2b27b29be b58a4c05e6074359883ff168fa613fe1 - - default default] Successfully bumped revision number for resource 331f4513-d007-4639-9404-e530483c70e1 (type: ports) to 1
2026-05-10 02:00:50.355 9 INFO neutron.db.ovn_revision_numbers_db [None req-bc9f0c49-617d-4078-97e4-36bb2d3c15eb b477c62976d24feda1acaae2b27b29be b58a4c05e6074359883ff168fa613fe1 - - default default] Successfully bumped revision number for resource 2cdfd488-ec77-463e-a6a4-fcf84e179d70 (type: security_group_rules) to 0
2026-05-10 02:00:50.356 10 INFO neutron.db.ovn_revision_numbers_db [None req-4215fc16-4db1-4a51-941c-d33ef17c00c6 b477c62976d24feda1acaae2b27b29be b58a4c05e6074359883ff168fa613fe1 - - default default] Successfully bumped revision number for resource 341b2fa6-60b4-4096-a7ba-a90ae21747c1 (type: ports) to 1
2026-05-10 02:00:50.368 10 INFO neutron.wsgi [None req-fec45b3a-c963-4fa6-90c4-4d6b7e295531 b477c62976d24feda1acaae2b27b29be b58a4c05e6074359883ff168fa613fe1 - - default default] 10.0.0.101 "POST /v2.0/networks HTTP/1.1" status: 201 len: 946 time: 1.2637558
2026-05-10 02:00:50.376 9 INFO neutron.db.ovn_revision_numbers_db [None req-bc9f0c49-617d-4078-97e4-36bb2d3c15eb b477c62976d24feda1acaae2b27b29be b58a4c05e6074359883ff168fa613fe1 - - default default] Successfully bumped revision number for resource 3a5b9f5a-a9a9-4db3-bafa-c9902c976727 (type: security_group_rules) to 0
2026-05-10 02:00:50.386 10 INFO neutron.wsgi [None req-4215fc16-4db1-4a51-941c-d33ef17c00c6 b477c62976d24feda1acaae2b27b29be b58a4c05e6074359883ff168fa613fe1 - - default default] 10.0.0.101 "POST /v2.0/networks HTTP/1.1" status: 201 len: 940 time: 1.1832857
2026-05-10 02:00:50.404 9 INFO neutron.db.ovn_revision_numbers_db [None req-bc9f0c49-617d-4078-97e4-36bb2d3c15eb b477c62976d24feda1acaae2b27b29be b58a4c05e6074359883ff168fa613fe1 - - default default] Successfully bumped revision number for resource d82e6c4a-f0d4-403a-9852-d9ce936f3d2e (type: security_group_rules) to 0
2026-05-10 02:00:50.438 9 INFO neutron.db.ovn_revision_numbers_db [None req-bc9f0c49-617d-4078-97e4-36bb2d3c15eb b477c62976d24feda1acaae2b27b29be b58a4c05e6074359883ff168fa613fe1 - - default default] Successfully bumped revision number for resource f29e0f6e-7650-432c-b585-a935ca1e8f49 (type: security_group_rules) to 0
2026-05-10 02:00:50.486 9 INFO neutron.wsgi [None req-bc9f0c49-617d-4078-97e4-36bb2d3c15eb b477c62976d24feda1acaae2b27b29be b58a4c05e6074359883ff168fa613fe1 - - default default] 10.0.0.101 "GET /v2.0/security-groups?tenant_id=3297dd3fdbb4440eac44fa81542fac9d&name=default HTTP/1.1" status: 200 len: 2992 time: 0.4291375
2026-05-10 02:00:50.542 10 WARNING neutron.scheduler.dhcp_agent_scheduler [None req-49a25ada-44f2-41f6-94c8-11cafaf67361 b477c62976d24feda1acaae2b27b29be b58a4c05e6074359883ff168fa613fe1 - - default default] No more DHCP agents
2026-05-10 02:00:50.546 10 WARNING neutron.api.rpc.agentnotifiers.dhcp_rpc_agent_api [None req-49a25ada-44f2-41f6-94c8-11cafaf67361 b477c62976d24feda1acaae2b27b29be b58a4c05e6074359883ff168fa613fe1 - - default default] Unable to schedule network 257fa69a-36de-4ddb-8dc2-61d9ad2d03ed: no agents available; will retry on subsequent port and subnet creation events.
2026-05-10 02:00:50.771 9 WARNING neutron.scheduler.dhcp_agent_scheduler [None req-056477e2-9f47-45d0-9c97-c851d6a97d27 b477c62976d24feda1acaae2b27b29be b58a4c05e6074359883ff168fa613fe1 - - default default] No more DHCP agents
2026-05-10 02:00:50.776 9 WARNING neutron.api.rpc.agentnotifiers.dhcp_rpc_agent_api [None req-056477e2-9f47-45d0-9c97-c851d6a97d27 b477c62976d24feda1acaae2b27b29be b58a4c05e6074359883ff168fa613fe1 - - default default] Unable to schedule network 02d1da56-5c00-4db6-9b09-954a2dc21b2d: no agents available; will retry on subsequent port and subnet creation events.
2026-05-10 02:00:50.823 10 INFO neutron.wsgi [None req-5862157d-4489-446b-ad30-2e87ed479f8b b477c62976d24feda1acaae2b27b29be b58a4c05e6074359883ff168fa613fe1 - - default default] 10.0.0.101 "DELETE /v2.0/security-groups/23325ff3-f23a-4cdd-98ce-016233a49de5 HTTP/1.1" status: 204 len: 168 time: 0.3313310
2026-05-10 02:00:51.022 9 INFO neutron.db.ovn_revision_numbers_db [None req-9e7cb6c3-f866-4c16-ba4b-14e82b5a1385 b477c62976d24feda1acaae2b27b29be b58a4c05e6074359883ff168fa613fe1 - - default default] Successfully bumped revision number for resource b196c6ec-df2d-4af8-b0e4-748da8d14478 (type: ports) to 2
2026-05-10 02:00:51.075 9 INFO neutron.db.ovn_revision_numbers_db [None req-9e7cb6c3-f866-4c16-ba4b-14e82b5a1385 b477c62976d24feda1acaae2b27b29be b58a4c05e6074359883ff168fa613fe1 - - default default] Successfully bumped revision number for resource 057cfde2-b0fa-450c-a1eb-08add714a5f6 (type: subnets) to 0
2026-05-10 02:00:51.089 10 INFO neutron.db.ovn_revision_numbers_db [None req-49a25ada-44f2-41f6-94c8-11cafaf67361 b477c62976d24feda1acaae2b27b29be b58a4c05e6074359883ff168fa613fe1 - - default default] Successfully bumped revision number for resource 331f4513-d007-4639-9404-e530483c70e1 (type: ports) to 2
2026-05-10 02:00:51.091 9 INFO neutron.wsgi [None req-9e7cb6c3-f866-4c16-ba4b-14e82b5a1385 b477c62976d24feda1acaae2b27b29be b58a4c05e6074359883ff168fa613fe1 - - default default] 10.0.0.101 "POST /v2.0/subnets HTTP/1.1" status: 201 len: 870 time: 1.0712790
2026-05-10 02:00:51.118 10 INFO neutron.db.ovn_revision_numbers_db [None req-49a25ada-44f2-41f6-94c8-11cafaf67361 b477c62976d24feda1acaae2b27b29be b58a4c05e6074359883ff168fa613fe1 - - default default] Successfully bumped revision number for resource 75a228d5-1ddf-4f0e-800c-3668bd60ebd4 (type: subnets) to 0
2026-05-10 02:00:51.130 10 INFO neutron.wsgi [None req-49a25ada-44f2-41f6-94c8-11cafaf67361 b477c62976d24feda1acaae2b27b29be b58a4c05e6074359883ff168fa613fe1 - - default default] 10.0.0.101 "POST /v2.0/subnets HTTP/1.1" status: 201 len: 866 time: 0.7546961
2026-05-10 02:00:51.562 9 INFO neutron.db.ovn_revision_numbers_db [None req-056477e2-9f47-45d0-9c97-c851d6a97d27 b477c62976d24feda1acaae2b27b29be b58a4c05e6074359883ff168fa613fe1 - - default default] Successfully bumped revision number for resource 341b2fa6-60b4-4096-a7ba-a90ae21747c1 (type: ports) to 2
2026-05-10 02:00:51.637 9 INFO neutron.db.ovn_revision_numbers_db [None req-056477e2-9f47-45d0-9c97-c851d6a97d27 b477c62976d24feda1acaae2b27b29be b58a4c05e6074359883ff168fa613fe1 - - default default] Successfully bumped revision number for resource f237ff8e-724c-4c01-9199-a0fbd4ba3fa2 (type: subnets) to 0
2026-05-10 02:00:51.656 9 INFO neutron.wsgi [None req-056477e2-9f47-45d0-9c97-c851d6a97d27 b477c62976d24feda1acaae2b27b29be b58a4c05e6074359883ff168fa613fe1 - - default default] 10.0.0.101 "POST /v2.0/subnets HTTP/1.1" status: 201 len: 860 time: 1.2624984
2026-05-10 02:00:51.827 10 WARNING neutron.scheduler.dhcp_agent_scheduler [None req-e70f015e-2b0f-4ed5-b301-5d449395f5d2 b477c62976d24feda1acaae2b27b29be b58a4c05e6074359883ff168fa613fe1 - - default default] No more DHCP agents
2026-05-10 02:00:51.829 10 WARNING neutron.api.rpc.agentnotifiers.dhcp_rpc_agent_api [None req-e70f015e-2b0f-4ed5-b301-5d449395f5d2 b477c62976d24feda1acaae2b27b29be b58a4c05e6074359883ff168fa613fe1 - - default default] Unable to schedule network ea0ed169-d079-4bfa-b24a-5ba949b32953: no agents available; will retry on subsequent port and subnet creation events.
2026-05-10 02:00:51.848 9 WARNING neutron.scheduler.dhcp_agent_scheduler [None req-ee7b393b-9c7c-47da-a646-b1e6b3e9eef4 b477c62976d24feda1acaae2b27b29be b58a4c05e6074359883ff168fa613fe1 - - default default] No more DHCP agents
2026-05-10 02:00:51.851 9 WARNING neutron.api.rpc.agentnotifiers.dhcp_rpc_agent_api [None req-ee7b393b-9c7c-47da-a646-b1e6b3e9eef4 b477c62976d24feda1acaae2b27b29be b58a4c05e6074359883ff168fa613fe1 - - default default] Unable to schedule network ea0ed169-d079-4bfa-b24a-5ba949b32953: no agents available; will retry on subsequent port and subnet creation events.
2026-05-10 02:00:52.001 10 INFO neutron.db.ovn_revision_numbers_db [None req-e70f015e-2b0f-4ed5-b301-5d449395f5d2 b477c62976d24feda1acaae2b27b29be b58a4c05e6074359883ff168fa613fe1 - - default default] Successfully bumped revision number for resource 6419af6e-5dc9-40be-8cf5-e1f349064baa (type: ports) to 1
2026-05-10 02:00:52.069 9 INFO neutron.db.ovn_revision_numbers_db [None req-ee7b393b-9c7c-47da-a646-b1e6b3e9eef4 b477c62976d24feda1acaae2b27b29be b58a4c05e6074359883ff168fa613fe1 - - default default] Successfully bumped revision number for resource 5f5dfc1b-91b9-4fe9-964f-a77ed6af7d63 (type: ports) to 1
2026-05-10 02:00:52.268 10 INFO neutron.plugins.ml2.drivers.ovn.mech_driver.ovsdb.extensions.qos [None req-e70f015e-2b0f-4ed5-b301-5d449395f5d2 b477c62976d24feda1acaae2b27b29be b58a4c05e6074359883ff168fa613fe1 - - default default] Starting OVNClientQosExtension
2026-05-10 02:00:52.419 9 WARNING neutron.scheduler.dhcp_agent_scheduler [None req-c28a712a-f635-492d-b513-5974e66b88ba b477c62976d24feda1acaae2b27b29be b58a4c05e6074359883ff168fa613fe1 - - default default] No more DHCP agents
2026-05-10 02:00:52.422 9 WARNING neutron.api.rpc.agentnotifiers.dhcp_rpc_agent_api [None req-c28a712a-f635-492d-b513-5974e66b88ba b477c62976d24feda1acaae2b27b29be b58a4c05e6074359883ff168fa613fe1 - - default default] Unable to schedule network ea0ed169-d079-4bfa-b24a-5ba949b32953: no agents available; will retry on subsequent port and subnet creation events.
2026-05-10 02:00:52.429 9 INFO neutron.plugins.ml2.drivers.ovn.mech_driver.ovsdb.extensions.qos [None req-ee7b393b-9c7c-47da-a646-b1e6b3e9eef4 b477c62976d24feda1acaae2b27b29be b58a4c05e6074359883ff168fa613fe1 - - default default] Starting OVNClientQosExtension
2026-05-10 02:00:52.612 10 INFO neutron.db.ovn_revision_numbers_db [None req-e70f015e-2b0f-4ed5-b301-5d449395f5d2 b477c62976d24feda1acaae2b27b29be b58a4c05e6074359883ff168fa613fe1 - - default default] Successfully bumped revision number for resource 6419af6e-5dc9-40be-8cf5-e1f349064baa (type: router_ports) to 1
2026-05-10 02:00:52.680 9 INFO neutron.plugins.ml2.drivers.ovn.mech_driver.mech_driver [None req-4abb913c-3f33-48cb-a24c-b9cb0af6d460 - - - - - -] OVN reports status up for port: 6419af6e-5dc9-40be-8cf5-e1f349064baa
2026-05-10 02:00:52.680 9 INFO neutron.plugins.ml2.drivers.ovn.mech_driver.ovsdb.ovsdb_monitor [-] Router 5cf98c1a-fdb3-4bea-986b-a8e9d2892195 is bound to host instance
2026-05-10 02:00:52.697 10 INFO neutron.db.ovn_revision_numbers_db [None req-e70f015e-2b0f-4ed5-b301-5d449395f5d2 b477c62976d24feda1acaae2b27b29be b58a4c05e6074359883ff168fa613fe1 - - default default] Successfully bumped revision number for resource 5cf98c1a-fdb3-4bea-986b-a8e9d2892195 (type: routers) to 2
2026-05-10 02:00:52.717 10 INFO neutron.wsgi [None req-e70f015e-2b0f-4ed5-b301-5d449395f5d2 b477c62976d24feda1acaae2b27b29be b58a4c05e6074359883ff168fa613fe1 - - default default] 10.0.0.101 "POST /v2.0/routers HTTP/1.1" status: 201 len: 877 time: 1.5813048
2026-05-10 02:00:52.727 9 INFO neutron.plugins.ml2.plugin [None req-4abb913c-3f33-48cb-a24c-b9cb0af6d460 - - - - - -] Attempt 1 to provision port 6419af6e-5dc9-40be-8cf5-e1f349064baa
2026-05-10 02:00:52.805 9 INFO neutron.db.ovn_revision_numbers_db [None req-c28a712a-f635-492d-b513-5974e66b88ba b477c62976d24feda1acaae2b27b29be b58a4c05e6074359883ff168fa613fe1 - - default default] Successfully bumped revision number for resource a5bf6068-ccca-42f1-96da-6655809721ab (type: ports) to 1
2026-05-10 02:00:53.212 10 INFO neutron.plugins.ml2.drivers.ovn.mech_driver.ovsdb.ovsdb_monitor [-] Router e6664e0e-f6de-43b1-b4dc-6761c6fb9c31 is bound to host instance
2026-05-10 02:00:53.292 9 INFO neutron.db.ovn_revision_numbers_db [None req-ee7b393b-9c7c-47da-a646-b1e6b3e9eef4 b477c62976d24feda1acaae2b27b29be b58a4c05e6074359883ff168fa613fe1 - - default default] Successfully bumped revision number for resource 5f5dfc1b-91b9-4fe9-964f-a77ed6af7d63 (type: router_ports) to 1
2026-05-10 02:00:53.309 10 WARNING neutron.scheduler.dhcp_agent_scheduler [None req-c6abb3d5-a776-4ce6-a055-6850bbeb7a39 b477c62976d24feda1acaae2b27b29be b58a4c05e6074359883ff168fa613fe1 - - default default] No more DHCP agents
2026-05-10 02:00:53.325 10 WARNING neutron.api.rpc.agentnotifiers.dhcp_rpc_agent_api [None req-c6abb3d5-a776-4ce6-a055-6850bbeb7a39 b477c62976d24feda1acaae2b27b29be b58a4c05e6074359883ff168fa613fe1 - - default default] Unable to schedule network 257fa69a-36de-4ddb-8dc2-61d9ad2d03ed: no agents available; will retry on subsequent port and subnet creation events.
2026-05-10 02:00:53.540 10 INFO neutron.db.ovn_revision_numbers_db [None req-c6abb3d5-a776-4ce6-a055-6850bbeb7a39 b477c62976d24feda1acaae2b27b29be b58a4c05e6074359883ff168fa613fe1 - - default default] Successfully bumped revision number for resource 4ab9fd09-5020-4cbf-b342-de37d7535f1d (type: ports) to 1
2026-05-10 02:00:53.555 9 INFO neutron.db.ovn_revision_numbers_db [None req-ee7b393b-9c7c-47da-a646-b1e6b3e9eef4 b477c62976d24feda1acaae2b27b29be b58a4c05e6074359883ff168fa613fe1 - - default default] Successfully bumped revision number for resource e6664e0e-f6de-43b1-b4dc-6761c6fb9c31 (type: routers) to 2
2026-05-10 02:00:53.581 9 INFO neutron.wsgi [None req-ee7b393b-9c7c-47da-a646-b1e6b3e9eef4 b477c62976d24feda1acaae2b27b29be b58a4c05e6074359883ff168fa613fe1 - - default default] 10.0.0.101 "POST /v2.0/routers HTTP/1.1" status: 201 len: 881 time: 2.4854438
2026-05-10 02:00:53.743 9 INFO neutron.db.ovn_revision_numbers_db [None req-032b453c-5ae9-412e-8aa2-45e125de7b8c - - - - - -] Successfully bumped revision number for resource 6419af6e-5dc9-40be-8cf5-e1f349064baa (type: ports) to 1
2026-05-10 02:00:53.944 9 INFO neutron.db.ovn_revision_numbers_db [None req-c28a712a-f635-492d-b513-5974e66b88ba b477c62976d24feda1acaae2b27b29be b58a4c05e6074359883ff168fa613fe1 - - default default] Successfully bumped revision number for resource a5bf6068-ccca-42f1-96da-6655809721ab (type: router_ports) to 1
2026-05-10 02:00:54.035 9 INFO neutron.db.ovn_revision_numbers_db [None req-c28a712a-f635-492d-b513-5974e66b88ba b477c62976d24feda1acaae2b27b29be b58a4c05e6074359883ff168fa613fe1 - - default default] Successfully bumped revision number for resource 5640ef11-3e68-4027-80ac-fee8dacb469f (type: routers) to 2
2026-05-10 02:00:54.051 9 INFO neutron.wsgi [None req-c28a712a-f635-492d-b513-5974e66b88ba b477c62976d24feda1acaae2b27b29be b58a4c05e6074359883ff168fa613fe1 - - default default] 10.0.0.101 "POST /v2.0/routers HTTP/1.1" status: 201 len: 871 time: 2.3851721
2026-05-10 02:00:54.193 10 INFO neutron.db.ovn_revision_numbers_db [None req-1aeb9f6f-1d79-436c-8010-cec9f380edaa - - - - - -] Successfully bumped revision number for resource 5f5dfc1b-91b9-4fe9-964f-a77ed6af7d63 (type: ports) to 1
2026-05-10 02:00:54.201 9 INFO neutron.db.ovn_revision_numbers_db [None req-032b453c-5ae9-412e-8aa2-45e125de7b8c - - - - - -] Successfully bumped revision number for resource 6419af6e-5dc9-40be-8cf5-e1f349064baa (type: router_ports) to 3
