2026-05-19 04:10:25.005 9 INFO neutron.db.ovn_revision_numbers_db [None req-e97ece12-8784-4068-b70f-7765c6097fba ae2d1baf05004a3cab1fbefd5b653262 45932330f31144bbbbe6930e5de27ea4 - - default default] Successfully bumped revision number for resource 4f10d766-7969-4768-96f8-0913bd37f98a (type: security_group_rules) to 0
2026-05-19 04:10:25.030 9 INFO neutron.db.ovn_revision_numbers_db [None req-e97ece12-8784-4068-b70f-7765c6097fba ae2d1baf05004a3cab1fbefd5b653262 45932330f31144bbbbe6930e5de27ea4 - - default default] Successfully bumped revision number for resource a3f44c1e-3f54-4e9e-aa66-967cf7bdf708 (type: security_group_rules) to 0
2026-05-19 04:10:25.042 9 INFO neutron.db.ovn_revision_numbers_db [None req-e97ece12-8784-4068-b70f-7765c6097fba ae2d1baf05004a3cab1fbefd5b653262 45932330f31144bbbbe6930e5de27ea4 - - default default] Successfully bumped revision number for resource aed5e29c-d112-4a9b-9da7-db91ddbab978 (type: security_group_rules) to 0
2026-05-19 04:10:25.096 9 INFO neutron.db.ovn_revision_numbers_db [None req-1ef672fd-1228-4732-9041-dde782034af4 - - - - - -] Successfully bumped revision number for resource 713018dc-0428-425d-8cf3-aa0ca6457734 (type: ports) to 2
2026-05-19 04:10:25.125 9 INFO neutron.db.ovn_revision_numbers_db [None req-1ef672fd-1228-4732-9041-dde782034af4 - - - - - -] Successfully bumped revision number for resource 0813f26f-3880-48ab-9b66-6ead07707f60 (type: subnets) to 0
2026-05-19 04:10:25.142 9 INFO neutron.api.wsgi [None req-13365fd0-8114-4293-9d65-85c76d06e197 f77b760cfffc4917925ca7502c2aaccd 35cb3bd5217649d8b8ad9932c17d036d - - default default] 10.0.0.238 "POST /v2.0/subnets HTTP/1.1" status: 201 len: 883 time: 0.6426928
2026-05-19 04:10:25.159 9 INFO neutron.db.ovn_revision_numbers_db [None req-e97ece12-8784-4068-b70f-7765c6097fba ae2d1baf05004a3cab1fbefd5b653262 45932330f31144bbbbe6930e5de27ea4 - - default default] Successfully bumped revision number for resource 6f53e49b-5f1c-43d5-beb7-7f59b7ae6352 (type: security_groups) to 1
2026-05-19 04:10:25.175 9 INFO neutron.db.ovn_revision_numbers_db [None req-e97ece12-8784-4068-b70f-7765c6097fba ae2d1baf05004a3cab1fbefd5b653262 45932330f31144bbbbe6930e5de27ea4 - - default default] Successfully bumped revision number for resource 35bc5939-0736-4fe9-83d9-fd370703a6ce (type: security_group_rules) to 0
2026-05-19 04:10:25.185 9 INFO neutron.db.ovn_revision_numbers_db [None req-e97ece12-8784-4068-b70f-7765c6097fba ae2d1baf05004a3cab1fbefd5b653262 45932330f31144bbbbe6930e5de27ea4 - - default default] Successfully bumped revision number for resource 933589a6-595d-432a-9ffa-5ae179c2de6f (type: security_group_rules) to 0
2026-05-19 04:10:25.195 10 INFO neutron.api.wsgi [req-b393be21-a099-440d-8cfb-ef61f5c5a21d req-a028e04c-448a-45ef-861f-97b090f52f27 4ec1c75bc4094d44857d3b9c618afc9a 211be4bbaa914b15bec9ea7c359536a9 - - default default] 10.0.0.160 "GET /v2.0/ports?device_id=eb4ca863-ff5d-4d74-a7b2-6e28c4710794 HTTP/1.1" status: 200 len: 1168 time: 0.0376644
2026-05-19 04:10:25.216 9 INFO neutron.api.wsgi [None req-e97ece12-8784-4068-b70f-7765c6097fba ae2d1baf05004a3cab1fbefd5b653262 45932330f31144bbbbe6930e5de27ea4 - - default default] 10.0.0.238 "POST /v2.0/security-groups HTTP/1.1" status: 201 len: 1824 time: 0.5564191
2026-05-19 04:10:25.258 10 INFO neutron.api.wsgi [req-b393be21-a099-440d-8cfb-ef61f5c5a21d req-b2458752-0894-4147-bea9-2fbb5a503b01 4ec1c75bc4094d44857d3b9c618afc9a 211be4bbaa914b15bec9ea7c359536a9 - - default default] 10.0.0.160 "GET /v2.0/security-groups?id=d4f671b6-d806-4709-adb2-7da8d733993f&fields=id&fields=name HTTP/1.1" status: 200 len: 312 time: 0.0526717
2026-05-19 04:10:25.270 9 INFO neutron.api.wsgi [None req-a003a74f-46cb-49f5-9cd6-e805d8b26a6d ae2d1baf05004a3cab1fbefd5b653262 45932330f31144bbbbe6930e5de27ea4 - - default default] 10.0.0.238 "GET /v2.0/security-groups HTTP/1.1" status: 200 len: 4724 time: 0.0484450
2026-05-19 04:10:25.352 9 INFO neutron.db.ovn_revision_numbers_db [None req-bfde7f60-449b-4029-9c97-140cf502f6cf ae2d1baf05004a3cab1fbefd5b653262 45932330f31144bbbbe6930e5de27ea4 - - default default] Successfully bumped revision number for resource 6f53e49b-5f1c-43d5-beb7-7f59b7ae6352 (type: security_groups) to 2
2026-05-19 04:10:25.373 9 INFO neutron.api.wsgi [None req-bfde7f60-449b-4029-9c97-140cf502f6cf ae2d1baf05004a3cab1fbefd5b653262 45932330f31144bbbbe6930e5de27ea4 - - default default] 10.0.0.238 "PUT /v2.0/security-groups/6f53e49b-5f1c-43d5-beb7-7f59b7ae6352 HTTP/1.1" status: 200 len: 1859 time: 0.0989122
2026-05-19 04:10:25.403 9 INFO neutron.api.wsgi [None req-09ce7b3e-c7ce-4c7b-9446-637d12bbc4d7 ae2d1baf05004a3cab1fbefd5b653262 45932330f31144bbbbe6930e5de27ea4 - - default default] 10.0.0.238 "GET /v2.0/security-groups/6f53e49b-5f1c-43d5-beb7-7f59b7ae6352 HTTP/1.1" status: 200 len: 1859 time: 0.0242980
2026-05-19 04:10:25.519 9 INFO neutron.api.wsgi [None req-910ccde9-d5d0-450e-b188-53f542649780 ae2d1baf05004a3cab1fbefd5b653262 45932330f31144bbbbe6930e5de27ea4 - - default default] 10.0.0.238 "DELETE /v2.0/security-groups/6f53e49b-5f1c-43d5-beb7-7f59b7ae6352 HTTP/1.1" status: 204 len: 168 time: 0.1114056
2026-05-19 04:10:25.557 9 INFO neutron.api.wsgi [None req-1ffc207e-6942-4a5a-b638-b408f8748e3d ae2d1baf05004a3cab1fbefd5b653262 45932330f31144bbbbe6930e5de27ea4 - - default default] 10.0.0.238 "GET /v2.0/security-groups HTTP/1.1" status: 200 len: 3120 time: 0.0322669
2026-05-19 04:10:25.572 9 INFO neutron.api.v2.resource [None req-92872864-8c18-41fb-93d7-51c088e737a2 ae2d1baf05004a3cab1fbefd5b653262 45932330f31144bbbbe6930e5de27ea4 - - default default] delete failed (client error): The resource could not be found.
2026-05-19 04:10:25.573 9 INFO neutron.api.wsgi [None req-92872864-8c18-41fb-93d7-51c088e737a2 ae2d1baf05004a3cab1fbefd5b653262 45932330f31144bbbbe6930e5de27ea4 - - default default] 10.0.0.238 "DELETE /v2.0/security-groups/6f53e49b-5f1c-43d5-beb7-7f59b7ae6352 HTTP/1.1" status: 404 len: 347 time: 0.0111382
2026-05-19 04:10:25.585 9 WARNING neutron_lib.context [None req-9e6b8b02-3ac8-4b52-86cd-929cf39e738c ae2d1baf05004a3cab1fbefd5b653262 45932330f31144bbbbe6930e5de27ea4 - - default default] Method 'is_advsvc' is deprecated since 2023.2 release (neutron-lib 3.8.0) and will be removed once support for the old RBAC API policies will be removed from Neutron. Please use method 'is_service_role' instead.
2026-05-19 04:10:25.592 10 WARNING neutron.scheduler.dhcp_agent_scheduler [None req-83c9105f-7006-456f-a94e-4e62d884c8ca f77b760cfffc4917925ca7502c2aaccd 35cb3bd5217649d8b8ad9932c17d036d - - default default] No more DHCP agents
2026-05-19 04:10:25.593 10 WARNING neutron.api.rpc.agentnotifiers.dhcp_rpc_agent_api [None req-83c9105f-7006-456f-a94e-4e62d884c8ca f77b760cfffc4917925ca7502c2aaccd 35cb3bd5217649d8b8ad9932c17d036d - - default default] Unable to schedule network 2488a5c5-3a77-416a-9b17-71dfc3b2bd90: no agents available; will retry on subsequent port and subnet creation events.
2026-05-19 04:10:25.706 9 INFO neutron.db.ovn_revision_numbers_db [None req-9e6b8b02-3ac8-4b52-86cd-929cf39e738c ae2d1baf05004a3cab1fbefd5b653262 45932330f31144bbbbe6930e5de27ea4 - - default default] Successfully bumped revision number for resource 09afcfb8-6221-4519-a1d4-b729a30cd0b4 (type: security_groups) to 1
2026-05-19 04:10:25.708 10 INFO neutron.db.ovn_revision_numbers_db [None req-83c9105f-7006-456f-a94e-4e62d884c8ca f77b760cfffc4917925ca7502c2aaccd 35cb3bd5217649d8b8ad9932c17d036d - - default default] Successfully bumped revision number for resource e89835cb-8b3b-4058-beb8-d44957c4aced (type: ports) to 1
2026-05-19 04:10:25.719 9 INFO neutron.db.ovn_revision_numbers_db [None req-9e6b8b02-3ac8-4b52-86cd-929cf39e738c ae2d1baf05004a3cab1fbefd5b653262 45932330f31144bbbbe6930e5de27ea4 - - default default] Successfully bumped revision number for resource 483dcb52-1816-4f2e-9b53-bbaaf6574e31 (type: security_group_rules) to 0
2026-05-19 04:10:25.733 9 INFO neutron.db.ovn_revision_numbers_db [None req-9e6b8b02-3ac8-4b52-86cd-929cf39e738c ae2d1baf05004a3cab1fbefd5b653262 45932330f31144bbbbe6930e5de27ea4 - - default default] Successfully bumped revision number for resource 6aec121c-98fa-4f05-ad9c-3598048c6580 (type: security_group_rules) to 0
2026-05-19 04:10:25.766 9 INFO neutron.api.wsgi [None req-9e6b8b02-3ac8-4b52-86cd-929cf39e738c ae2d1baf05004a3cab1fbefd5b653262 45932330f31144bbbbe6930e5de27ea4 - - default default] 10.0.0.238 "POST /v2.0/security-groups HTTP/1.1" status: 201 len: 1824 time: 0.1863575
2026-05-19 04:10:25.777 9 WARNING neutron_lib.context [None req-2df5ce31-e7b9-4829-b677-e72dff63373f ae2d1baf05004a3cab1fbefd5b653262 45932330f31144bbbbe6930e5de27ea4 - - default default] Method 'is_advsvc' is deprecated since 2023.2 release (neutron-lib 3.8.0) and will be removed once support for the old RBAC API policies will be removed from Neutron. Please use method 'is_service_role' instead.
2026-05-19 04:10:25.898 9 INFO neutron.db.ovn_revision_numbers_db [None req-2df5ce31-e7b9-4829-b677-e72dff63373f ae2d1baf05004a3cab1fbefd5b653262 45932330f31144bbbbe6930e5de27ea4 - - default default] Successfully bumped revision number for resource 8814b392-8c5d-45e0-8b2f-2c62b793a79e (type: security_group_rules) to 0
2026-05-19 04:10:25.927 9 INFO neutron.api.wsgi [None req-2df5ce31-e7b9-4829-b677-e72dff63373f ae2d1baf05004a3cab1fbefd5b653262 45932330f31144bbbbe6930e5de27ea4 - - default default] 10.0.0.238 "POST /v2.0/security-group-rules HTTP/1.1" status: 201 len: 800 time: 0.1552436
2026-05-19 04:10:25.947 9 INFO neutron.api.wsgi [None req-32839943-98ff-4b9d-a901-0f3cf7457f90 ae2d1baf05004a3cab1fbefd5b653262 45932330f31144bbbbe6930e5de27ea4 - - default default] 10.0.0.238 "GET /v2.0/security-group-rules/8814b392-8c5d-45e0-8b2f-2c62b793a79e HTTP/1.1" status: 200 len: 795 time: 0.0139909
2026-05-19 04:10:26.047 9 INFO neutron.api.wsgi [req-9dab0a0c-c1e8-4f80-8a22-a7edb6d03e16 req-8ea66bc5-0a92-49e2-b391-0bfe709e96f3 d88d58978ec24dd1a4a1ffc5d123254b 111194f18d9445be885d61c6884ad82e - - default default] 10.0.0.160 "GET /v2.0/ports?device_id=331c2c36-d2da-4a66-9c4e-5babb8e0a597 HTTP/1.1" status: 200 len: 1174 time: 0.0398033
2026-05-19 04:10:26.055 9 INFO neutron.api.wsgi [None req-ce3a175b-dcc6-4e67-a925-34d42b870ec3 ae2d1baf05004a3cab1fbefd5b653262 45932330f31144bbbbe6930e5de27ea4 - - default default] 10.0.0.238 "GET /v2.0/security-group-rules HTTP/1.1" status: 200 len: 4333 time: 0.1028285
2026-05-19 04:10:26.081 9 INFO neutron.api.wsgi [req-9dab0a0c-c1e8-4f80-8a22-a7edb6d03e16 req-211fc9c3-0ad7-4c5a-adfe-fc175fff95d7 d88d58978ec24dd1a4a1ffc5d123254b 111194f18d9445be885d61c6884ad82e - - default default] 10.0.0.160 "GET /v2.0/security-groups?id=7d2d5077-1110-409e-aa3b-3daf2153ac58&fields=id&fields=name HTTP/1.1" status: 200 len: 312 time: 0.0288901
2026-05-19 04:10:26.127 9 INFO neutron.plugins.ml2.drivers.ovn.mech_driver.mech_driver [None req-66f8ea84-37a3-4dc3-b2fc-920b373af49b - - - - - -] OVN reports status up for port: 2d3d20f6-9279-49c9-875f-6070fa46be8e
2026-05-19 04:10:26.138 9 INFO neutron.plugins.ml2.plugin [None req-66f8ea84-37a3-4dc3-b2fc-920b373af49b - - - - - -] Attempt 1 to provision port 2d3d20f6-9279-49c9-875f-6070fa46be8e
2026-05-19 04:10:26.142 15 INFO neutron.plugins.ml2.drivers.ovn.mech_driver.ovsdb.maintenance [None req-85a0efe9-0433-46f2-b589-17be792b9941 - - - - - -] OVN maintenance task check_for_inconsistencies finished in 0.357 seconds
2026-05-19 04:10:26.232 10 INFO neutron.api.wsgi [None req-96c24eb6-5bf2-4694-98b2-1bcc8df01ce2 ae2d1baf05004a3cab1fbefd5b653262 45932330f31144bbbbe6930e5de27ea4 - - default default] 10.0.0.238 "DELETE /v2.0/security-group-rules/8814b392-8c5d-45e0-8b2f-2c62b793a79e HTTP/1.1" status: 204 len: 168 time: 0.1724198
2026-05-19 04:10:26.269 9 INFO neutron.notifiers.nova [-] Nova event matching ['req-1f7a6dcc-77b5-44dc-86a8-a17680abbb7e'] response: {'server_uuid': 'eb4ca863-ff5d-4d74-a7b2-6e28c4710794', 'name': 'network-vif-plugged', 'status': 'completed', 'tag': '2d3d20f6-9279-49c9-875f-6070fa46be8e', 'code': 200}
2026-05-19 04:10:26.333 10 INFO neutron.api.wsgi [None req-841c5dff-2829-4d1c-9dd0-a8253eb8aa4b ae2d1baf05004a3cab1fbefd5b653262 45932330f31144bbbbe6930e5de27ea4 - - default default] 10.0.0.238 "GET /v2.0/security-group-rules HTTP/1.1" status: 200 len: 3755 time: 0.0948193
2026-05-19 04:10:26.347 9 WARNING neutron_lib.context [None req-c1163b97-2fef-4f72-a74c-e30e82c61a7f ae2d1baf05004a3cab1fbefd5b653262 45932330f31144bbbbe6930e5de27ea4 - - default default] Method 'is_advsvc' is deprecated since 2023.2 release (neutron-lib 3.8.0) and will be removed once support for the old RBAC API policies will be removed from Neutron. Please use method 'is_service_role' instead.
2026-05-19 04:10:26.363 9 INFO neutron.api.wsgi [req-eb74b737-d796-4a01-9666-b52fa9eeda38 req-856544f5-5a2c-4406-9f6f-57a4e5157b42 4ec1c75bc4094d44857d3b9c618afc9a 211be4bbaa914b15bec9ea7c359536a9 - - default default] 10.0.0.160 "GET /v2.0/ports?device_id=eb4ca863-ff5d-4d74-a7b2-6e28c4710794 HTTP/1.1" status: 200 len: 1170 time: 0.0419133
2026-05-19 04:10:26.376 10 INFO neutron.plugins.ml2.drivers.ovn.mech_driver.ovsdb.commands [None req-eda05bc0-4a58-4e60-888b-8877cb9f8fc5 - - - - - -] Schedule LRP lrp-e89835cb-8b3b-4058-beb8-d44957c4aced on gateway 28312ec4-fdeb-4925-b132-d59774fea301 with priority 1
2026-05-19 04:10:26.404 9 INFO neutron.plugins.ml2.drivers.ovn.mech_driver.ovsdb.ovsdb_monitor [None req-43a7c25f-184b-43f3-987d-053386dd0093 - - - - - -] Router 08c9525a-2727-4376-a061-260fec93c0b6 is bound to host instance
2026-05-19 04:10:26.421 10 INFO neutron.db.ovn_revision_numbers_db [None req-83c9105f-7006-456f-a94e-4e62d884c8ca f77b760cfffc4917925ca7502c2aaccd 35cb3bd5217649d8b8ad9932c17d036d - - default default] Successfully bumped revision number for resource e89835cb-8b3b-4058-beb8-d44957c4aced (type: router_ports) to 1
2026-05-19 04:10:26.431 9 INFO neutron.api.wsgi [req-eb74b737-d796-4a01-9666-b52fa9eeda38 req-b11f67a4-63d8-4bea-b7f1-ac15d6371a89 4ec1c75bc4094d44857d3b9c618afc9a 211be4bbaa914b15bec9ea7c359536a9 - - default default] 10.0.0.160 "GET /v2.0/security-groups?id=d4f671b6-d806-4709-adb2-7da8d733993f&fields=id&fields=name HTTP/1.1" status: 200 len: 312 time: 0.0611193
2026-05-19 04:10:26.439 9 INFO neutron.db.ovn_revision_numbers_db [None req-66f8ea84-37a3-4dc3-b2fc-920b373af49b - - - - - -] Successfully bumped revision number for resource 2d3d20f6-9279-49c9-875f-6070fa46be8e (type: ports) to 5
2026-05-19 04:10:26.487 10 INFO neutron.db.ovn_revision_numbers_db [None req-83c9105f-7006-456f-a94e-4e62d884c8ca f77b760cfffc4917925ca7502c2aaccd 35cb3bd5217649d8b8ad9932c17d036d - - default default] Successfully bumped revision number for resource 08c9525a-2727-4376-a061-260fec93c0b6 (type: routers) to 2
2026-05-19 04:10:26.503 10 INFO neutron.api.wsgi [None req-83c9105f-7006-456f-a94e-4e62d884c8ca f77b760cfffc4917925ca7502c2aaccd 35cb3bd5217649d8b8ad9932c17d036d - - default default] 10.0.0.238 "POST /v2.0/routers HTTP/1.1" status: 201 len: 1161 time: 1.3555567
2026-05-19 04:10:26.536 9 INFO neutron.db.ovn_revision_numbers_db [None req-c1163b97-2fef-4f72-a74c-e30e82c61a7f ae2d1baf05004a3cab1fbefd5b653262 45932330f31144bbbbe6930e5de27ea4 - - default default] Successfully bumped revision number for resource 28fc07e4-4be3-4ea3-96d1-dc8daf2614cd (type: security_group_rules) to 0
2026-05-19 04:10:26.539 9 INFO neutron.plugins.ml2.drivers.ovn.mech_driver.mech_driver [None req-463750ab-18fd-49d6-8e9a-01bcb7c73ffc - - - - - -] OVN reports status up for port: e89835cb-8b3b-4058-beb8-d44957c4aced
2026-05-19 04:10:26.550 9 INFO neutron.plugins.ml2.plugin [None req-463750ab-18fd-49d6-8e9a-01bcb7c73ffc - - - - - -] Attempt 1 to provision port e89835cb-8b3b-4058-beb8-d44957c4aced
2026-05-19 04:10:26.561 10 INFO neutron.api.wsgi [req-7dfe5486-0d50-46d4-9345-b84bbde1d7d3 req-e409b6a2-4a0e-4587-ba75-b4d0b8f189e5 c834e764410548f794cde0c82596473f e685a53ef7874751b59cb65199d00e90 - - 7ea3e3be34a04c748fa51567ef9afceb 7ea3e3be34a04c748fa51567ef9afceb] 199.19.213.225 "GET /v2.0/ports?tenant_id=111194f18d9445be885d61c6884ad82e&device_id=331c2c36-d2da-4a66-9c4e-5babb8e0a597 HTTP/1.1" status: 200 len: 1413 time: 0.0392785
2026-05-19 04:10:26.582 9 INFO neutron.api.wsgi [None req-c1163b97-2fef-4f72-a74c-e30e82c61a7f ae2d1baf05004a3cab1fbefd5b653262 45932330f31144bbbbe6930e5de27ea4 - - default default] 10.0.0.238 "POST /v2.0/security-group-rules HTTP/1.1" status: 201 len: 800 time: 0.2395723 /var/lib/openstack/lib/python3.12/site-packages/pycadf/identifier.py:71: UserWarning: Invalid uuid: neutron. To ensure interoperability, identifiers should be a valid uuid. warnings.warn(('Invalid uuid: %s. To ensure interoperability, '
2026-05-19 04:10:26.615 9 INFO neutron.api.wsgi [None req-522ba18a-0ddd-4e7f-8cca-f433fa2d05f4 ae2d1baf05004a3cab1fbefd5b653262 45932330f31144bbbbe6930e5de27ea4 - - default default] 10.0.0.238 "GET /v2.0/security-group-rules/28fc07e4-4be3-4ea3-96d1-dc8daf2614cd HTTP/1.1" status: 200 len: 795 time: 0.0202825
2026-05-19 04:10:26.631 10 INFO neutron.api.wsgi [req-7dfe5486-0d50-46d4-9345-b84bbde1d7d3 req-956f20d9-4b18-4de6-b3c9-5613c773213f c834e764410548f794cde0c82596473f e685a53ef7874751b59cb65199d00e90 - - 7ea3e3be34a04c748fa51567ef9afceb 7ea3e3be34a04c748fa51567ef9afceb] 199.19.213.225 "GET /v2.0/networks?id=d76f4a31-5ea5-43be-a3e7-3d528e5811c5 HTTP/1.1" status: 200 len: 973 time: 0.0647185
2026-05-19 04:10:26.674 10 INFO neutron.api.wsgi [req-7dfe5486-0d50-46d4-9345-b84bbde1d7d3 req-1669c0f2-a797-4a6c-b8b4-4f2b112f6eb3 c834e764410548f794cde0c82596473f e685a53ef7874751b59cb65199d00e90 - - 7ea3e3be34a04c748fa51567ef9afceb 7ea3e3be34a04c748fa51567ef9afceb] 199.19.213.225 "GET /v2.0/floatingips?fixed_ip_address=10.100.0.13&port_id=e7f2c676-2920-4500-9fb4-0eb0cbd235dd HTTP/1.1" status: 200 len: 1060 time: 0.0371888
2026-05-19 04:10:26.684 9 INFO neutron.api.wsgi [None req-acd7a340-2673-40f5-8bbd-401fb7c93c21 ae2d1baf05004a3cab1fbefd5b653262 45932330f31144bbbbe6930e5de27ea4 - - default default] 10.0.0.238 "GET /v2.0/security-group-rules HTTP/1.1" status: 200 len: 4333 time: 0.0640478
2026-05-19 04:10:26.703 10 INFO neutron.api.wsgi [req-7dfe5486-0d50-46d4-9345-b84bbde1d7d3 req-a76fc563-992a-4c0d-b941-78eee40a5252 c834e764410548f794cde0c82596473f e685a53ef7874751b59cb65199d00e90 - - 7ea3e3be34a04c748fa51567ef9afceb 7ea3e3be34a04c748fa51567ef9afceb] 199.19.213.225 "GET /v2.0/subnets?id=e16e3b59-fd97-4988-b4ae-9c0d90d062bf HTTP/1.1" status: 200 len: 892 time: 0.0249326
2026-05-19 04:10:26.723 10 INFO neutron.api.wsgi [req-7dfe5486-0d50-46d4-9345-b84bbde1d7d3 req-001acfb8-4d7a-4688-be53-9926260a6802 c834e764410548f794cde0c82596473f e685a53ef7874751b59cb65199d00e90 - - 7ea3e3be34a04c748fa51567ef9afceb 7ea3e3be34a04c748fa51567ef9afceb] 199.19.213.225 "GET /v2.0/ports?network_id=d76f4a31-5ea5-43be-a3e7-3d528e5811c5&device_owner=network%3Adhcp HTTP/1.1" status: 200 len: 210 time: 0.0158317
2026-05-19 04:10:26.784 10 INFO neutron.api.wsgi [req-7dfe5486-0d50-46d4-9345-b84bbde1d7d3 req-c3d52aea-2334-492a-8ddc-bd4dc25059d9 c834e764410548f794cde0c82596473f e685a53ef7874751b59cb65199d00e90 - - 7ea3e3be34a04c748fa51567ef9afceb 7ea3e3be34a04c748fa51567ef9afceb] 199.19.213.225 "GET /v2.0/networks/d76f4a31-5ea5-43be-a3e7-3d528e5811c5?fields=segments HTTP/1.1" status: 200 len: 212 time: 0.0510778
2026-05-19 04:10:26.798 9 INFO neutron.api.wsgi [None req-8490ba64-9a10-4c9d-997e-f768fe62e7e1 ae2d1baf05004a3cab1fbefd5b653262 45932330f31144bbbbe6930e5de27ea4 - - default default] 10.0.0.238 "DELETE /v2.0/security-group-rules/28fc07e4-4be3-4ea3-96d1-dc8daf2614cd HTTP/1.1" status: 204 len: 168 time: 0.1079478
2026-05-19 04:10:26.841 10 INFO neutron.api.wsgi [req-7dfe5486-0d50-46d4-9345-b84bbde1d7d3 req-249933c6-f9f9-471b-938f-31b138a35a60 c834e764410548f794cde0c82596473f e685a53ef7874751b59cb65199d00e90 - - 7ea3e3be34a04c748fa51567ef9afceb 7ea3e3be34a04c748fa51567ef9afceb] 199.19.213.225 "GET /v2.0/networks/d76f4a31-5ea5-43be-a3e7-3d528e5811c5?fields=provider%3Aphysical_network&fields=provider%3Anetwork_type HTTP/1.1" status: 200 len: 277 time: 0.0496287
2026-05-19 04:10:26.855 9 INFO neutron.api.wsgi [None req-5c6fc361-2818-4157-b4a3-fb0dbd6826a4 ae2d1baf05004a3cab1fbefd5b653262 45932330f31144bbbbe6930e5de27ea4 - - default default] 10.0.0.238 "GET /v2.0/security-group-rules HTTP/1.1" status: 200 len: 3755 time: 0.0515332
2026-05-19 04:10:26.866 10 WARNING neutron_lib.context [None req-81ef0baf-a725-45ad-b330-cef8749703f4 ae2d1baf05004a3cab1fbefd5b653262 45932330f31144bbbbe6930e5de27ea4 - - default default] Method 'is_advsvc' is deprecated since 2023.2 release (neutron-lib 3.8.0) and will be removed once support for the old RBAC API policies will be removed from Neutron. Please use method 'is_service_role' instead.
2026-05-19 04:10:26.910 9 INFO neutron.db.ovn_revision_numbers_db [None req-5efc38b2-6f41-4795-b929-d7bb80472a18 - - - - - -] Successfully bumped revision number for resource e89835cb-8b3b-4058-beb8-d44957c4aced (type: ports) to 1
2026-05-19 04:10:26.996 10 INFO neutron.db.ovn_revision_numbers_db [None req-81ef0baf-a725-45ad-b330-cef8749703f4 ae2d1baf05004a3cab1fbefd5b653262 45932330f31144bbbbe6930e5de27ea4 - - default default] Successfully bumped revision number for resource 2db12a01-6fad-4a14-b10f-5a3a05bdc2c4 (type: security_group_rules) to 0
2026-05-19 04:10:27.001 10 WARNING neutron.scheduler.dhcp_agent_scheduler [None req-b488c0ca-420a-4608-948c-1762c7daddaa f77b760cfffc4917925ca7502c2aaccd 35cb3bd5217649d8b8ad9932c17d036d - - default default] No more DHCP agents
2026-05-19 04:10:27.004 10 WARNING neutron.api.rpc.agentnotifiers.dhcp_rpc_agent_api [None req-b488c0ca-420a-4608-948c-1762c7daddaa f77b760cfffc4917925ca7502c2aaccd 35cb3bd5217649d8b8ad9932c17d036d - - default default] Unable to schedule network 9ee5915f-93e7-49ec-bc69-a01d5bc9c1aa: no agents available; will retry on subsequent port and subnet creation events.
2026-05-19 04:10:27.027 10 INFO neutron.api.wsgi [None req-81ef0baf-a725-45ad-b330-cef8749703f4 ae2d1baf05004a3cab1fbefd5b653262 45932330f31144bbbbe6930e5de27ea4 - - default default] 10.0.0.238 "POST /v2.0/security-group-rules HTTP/1.1" status: 201 len: 801 time: 0.1666398
2026-05-19 04:10:27.051 10 INFO neutron.api.wsgi [None req-7951ae58-88ce-4e83-85c1-c6cd9e20b6a9 ae2d1baf05004a3cab1fbefd5b653262 45932330f31144bbbbe6930e5de27ea4 - - default default] 10.0.0.238 "GET /v2.0/security-group-rules/2db12a01-6fad-4a14-b10f-5a3a05bdc2c4 HTTP/1.1" status: 200 len: 796 time: 0.0179887
2026-05-19 04:10:27.115 10 INFO neutron.db.ovn_revision_numbers_db [None req-b488c0ca-420a-4608-948c-1762c7daddaa f77b760cfffc4917925ca7502c2aaccd 35cb3bd5217649d8b8ad9932c17d036d - - default default] Successfully bumped revision number for resource 65d78ad5-64db-40b7-96ea-2ca0c65456f8 (type: ports) to 1
2026-05-19 04:10:27.116 9 INFO neutron.api.wsgi [None req-65144d36-787c-4203-b9bc-747a93200ca5 ae2d1baf05004a3cab1fbefd5b653262 45932330f31144bbbbe6930e5de27ea4 - - default default] 10.0.0.238 "GET /v2.0/security-group-rules HTTP/1.1" status: 200 len: 4334 time: 0.0605156
2026-05-19 04:10:27.168 10 INFO neutron.api.wsgi [req-539de507-6b0d-4c61-b306-b4d031641e4a req-743bd184-524a-489b-8e2f-7ed154f371c0 d88d58978ec24dd1a4a1ffc5d123254b 111194f18d9445be885d61c6884ad82e - - default default] 10.0.0.160 "GET /v2.0/ports?device_id=331c2c36-d2da-4a66-9c4e-5babb8e0a597 HTTP/1.1" status: 200 len: 1174 time: 0.0318217
2026-05-19 04:10:27.221 10 INFO neutron.api.wsgi [req-539de507-6b0d-4c61-b306-b4d031641e4a req-f687ddaa-a5ec-41b2-bf0f-bf6430ea358d d88d58978ec24dd1a4a1ffc5d123254b 111194f18d9445be885d61c6884ad82e - - default default] 10.0.0.160 "GET /v2.0/security-groups?id=7d2d5077-1110-409e-aa3b-3daf2153ac58&fields=id&fields=name HTTP/1.1" status: 200 len: 312 time: 0.0471046
2026-05-19 04:10:27.253 9 INFO neutron.api.wsgi [None req-4a981cf2-eb02-4314-9554-fb12482a3ebb ae2d1baf05004a3cab1fbefd5b653262 45932330f31144bbbbe6930e5de27ea4 - - default default] 10.0.0.238 "DELETE /v2.0/security-group-rules/2db12a01-6fad-4a14-b10f-5a3a05bdc2c4 HTTP/1.1" status: 204 len: 168 time: 0.1333919
2026-05-19 04:10:27.254 9 INFO neutron.db.ovn_revision_numbers_db [None req-5efc38b2-6f41-4795-b929-d7bb80472a18 - - - - - -] Successfully bumped revision number for resource e89835cb-8b3b-4058-beb8-d44957c4aced (type: ports) to 4
2026-05-19 04:10:27.326 9 INFO neutron.api.wsgi [None req-2084f0be-7c9d-436b-9e9f-79015e3cae19 ae2d1baf05004a3cab1fbefd5b653262 45932330f31144bbbbe6930e5de27ea4 - - default default] 10.0.0.238 "GET /v2.0/security-group-rules HTTP/1.1" status: 200 len: 3755 time: 0.0666842
2026-05-19 04:10:27.475 9 INFO neutron.api.wsgi [None req-3f34f0f2-911e-45c0-82f2-3394a047e64d ae2d1baf05004a3cab1fbefd5b653262 45932330f31144bbbbe6930e5de27ea4 - - default default] 10.0.0.238 "DELETE /v2.0/security-groups/09afcfb8-6221-4519-a1d4-b729a30cd0b4 HTTP/1.1" status: 204 len: 168 time: 0.1421008
2026-05-19 04:10:27.531 9 INFO neutron.api.wsgi [None req-99bcf189-b29f-495b-9c3c-71ef271237b0 ae2d1baf05004a3cab1fbefd5b653262 45932330f31144bbbbe6930e5de27ea4 - - default default] 10.0.0.238 "GET /v2.0/security-groups HTTP/1.1" status: 200 len: 3120 time: 0.0522509
2026-05-19 04:10:27.538 9 INFO neutron.api.wsgi [req-7b7ddca8-e20e-454f-986a-7422576512ad req-328314a7-3d28-451d-88de-9c4a696aa894 4ec1c75bc4094d44857d3b9c618afc9a 211be4bbaa914b15bec9ea7c359536a9 - - default default] 10.0.0.160 "GET /v2.0/ports?device_id=eb4ca863-ff5d-4d74-a7b2-6e28c4710794 HTTP/1.1" status: 200 len: 1170 time: 0.0486655
2026-05-19 04:10:27.577 9 INFO neutron.api.wsgi [req-7b7ddca8-e20e-454f-986a-7422576512ad req-82b60dff-18cb-4227-8e92-81f62890f11b 4ec1c75bc4094d44857d3b9c618afc9a 211be4bbaa914b15bec9ea7c359536a9 - - default default] 10.0.0.160 "GET /v2.0/security-groups?id=d4f671b6-d806-4709-adb2-7da8d733993f&fields=id&fields=name HTTP/1.1" status: 200 len: 312 time: 0.0330029
2026-05-19 04:10:27.578 10 INFO neutron.api.wsgi [None req-1d8baf80-a91c-4b88-b2ab-8997cad434b6 ae2d1baf05004a3cab1fbefd5b653262 45932330f31144bbbbe6930e5de27ea4 - - default default] 10.0.0.238 "GET /v2.0/security-groups HTTP/1.1" status: 200 len: 3120 time: 0.0414915
2026-05-19 04:10:27.607 9 INFO neutron.db.ovn_revision_numbers_db [None req-5efc38b2-6f41-4795-b929-d7bb80472a18 - - - - - -] Successfully bumped revision number for resource e89835cb-8b3b-4058-beb8-d44957c4aced (type: ports) to 5
2026-05-19 04:10:27.689 10 INFO neutron.plugins.ml2.drivers.ovn.mech_driver.mech_driver [None req-3725b8c1-7853-46b5-8ec5-6fe56b8b3a61 - - - - - -] OVN reports status up for port: 65d78ad5-64db-40b7-96ea-2ca0c65456f8
2026-05-19 04:10:27.697 10 INFO neutron.plugins.ml2.plugin [None req-3725b8c1-7853-46b5-8ec5-6fe56b8b3a61 - - - - - -] Attempt 1 to provision port 65d78ad5-64db-40b7-96ea-2ca0c65456f8
2026-05-19 04:10:27.706 10 INFO neutron.db.ovn_revision_numbers_db [None req-b488c0ca-420a-4608-948c-1762c7daddaa f77b760cfffc4917925ca7502c2aaccd 35cb3bd5217649d8b8ad9932c17d036d - - default default] Successfully bumped revision number for resource 65d78ad5-64db-40b7-96ea-2ca0c65456f8 (type: ports) to 1
2026-05-19 04:10:27.779 10 WARNING neutron.scheduler.dhcp_agent_scheduler [None req-b488c0ca-420a-4608-948c-1762c7daddaa f77b760cfffc4917925ca7502c2aaccd 35cb3bd5217649d8b8ad9932c17d036d - - default default] No more DHCP agents
2026-05-19 04:10:27.781 10 WARNING neutron.api.rpc.agentnotifiers.dhcp_rpc_agent_api [None req-b488c0ca-420a-4608-948c-1762c7daddaa f77b760cfffc4917925ca7502c2aaccd 35cb3bd5217649d8b8ad9932c17d036d - - default default] Unable to schedule network 9ee5915f-93e7-49ec-bc69-a01d5bc9c1aa: no agents available; will retry on subsequent port and subnet creation events.
2026-05-19 04:10:28.053 10 INFO neutron.db.ovn_revision_numbers_db [None req-3725b8c1-7853-46b5-8ec5-6fe56b8b3a61 - - - - - -] Successfully bumped revision number for resource 65d78ad5-64db-40b7-96ea-2ca0c65456f8 (type: ports) to 2
2026-05-19 04:10:28.253 10 INFO neutron.api.wsgi [None req-cf9a1a7a-96a6-4734-955e-78e43771eb76 f77b760cfffc4917925ca7502c2aaccd 35cb3bd5217649d8b8ad9932c17d036d - - default default] 10.0.0.238 "GET /v2.0/security-groups?tenant_id=45932330f31144bbbbe6930e5de27ea4&name=default HTTP/1.1" status: 200 len: 3120 time: 0.1351779
2026-05-19 04:10:28.302 9 INFO neutron.notifiers.nova [-] Nova event matching ['req-365cc7dc-8450-4f0a-995f-19d730583b91'] response: {'server_uuid': 'eb4ca863-ff5d-4d74-a7b2-6e28c4710794', 'name': 'network-vif-plugged', 'status': 'completed', 'tag': '2d3d20f6-9279-49c9-875f-6070fa46be8e', 'code': 200}
2026-05-19 04:10:28.309 10 INFO neutron.api.wsgi [req-ccd05bcb-d3bb-4b81-9137-6a592795d34f req-102eafa1-db3a-4f3d-8f5a-149cc4f43189 d88d58978ec24dd1a4a1ffc5d123254b 111194f18d9445be885d61c6884ad82e - - default default] 10.0.0.160 "GET /v2.0/ports?device_id=331c2c36-d2da-4a66-9c4e-5babb8e0a597 HTTP/1.1" status: 200 len: 1174 time: 0.0319660
2026-05-19 04:10:28.350 10 INFO neutron.api.wsgi [req-ccd05bcb-d3bb-4b81-9137-6a592795d34f req-2dd539d8-9f36-482b-a4da-4d3a6adf5fe5 d88d58978ec24dd1a4a1ffc5d123254b 111194f18d9445be885d61c6884ad82e - - default default] 10.0.0.160 "GET /v2.0/security-groups?id=7d2d5077-1110-409e-aa3b-3daf2153ac58&fields=id&fields=name HTTP/1.1" status: 200 len: 312 time: 0.0373638
2026-05-19 04:10:28.449 10 INFO neutron.db.ovn_revision_numbers_db [None req-b488c0ca-420a-4608-948c-1762c7daddaa f77b760cfffc4917925ca7502c2aaccd 35cb3bd5217649d8b8ad9932c17d036d - - default default] Successfully bumped revision number for resource 65d78ad5-64db-40b7-96ea-2ca0c65456f8 (type: router_ports) to 1
2026-05-19 04:10:28.455 10 INFO neutron.api.wsgi [None req-b488c0ca-420a-4608-948c-1762c7daddaa f77b760cfffc4917925ca7502c2aaccd 35cb3bd5217649d8b8ad9932c17d036d - - default default] 10.0.0.238 "PUT /v2.0/routers/08c9525a-2727-4376-a061-260fec93c0b6/add_router_interface HTTP/1.1" status: 200 len: 503 time: 1.9469390
2026-05-19 04:10:28.501 9 INFO neutron.api.wsgi [None req-d7bb424d-b583-4c25-a713-604f0f5cb122 f77b760cfffc4917925ca7502c2aaccd 35cb3bd5217649d8b8ad9932c17d036d - - default default] 10.0.0.238 "DELETE /v2.0/security-groups/d4715283-1e5b-48a5-a337-8de6e3af3a49 HTTP/1.1" status: 204 len: 168 time: 0.2419670
2026-05-19 04:10:28.680 9 INFO neutron.api.wsgi [req-dc379987-90a5-4cf0-a97e-b103b5f2b5af req-2a2f5d61-b600-4282-a3f2-65bcf947829a 4ec1c75bc4094d44857d3b9c618afc9a 211be4bbaa914b15bec9ea7c359536a9 - - default default] 10.0.0.160 "GET /v2.0/ports?device_id=eb4ca863-ff5d-4d74-a7b2-6e28c4710794 HTTP/1.1" status: 200 len: 1170 time: 0.0384166
2026-05-19 04:10:28.720 9 INFO neutron.api.wsgi [req-dc379987-90a5-4cf0-a97e-b103b5f2b5af req-2972aed0-445e-4cd5-8e76-4d6282421488 4ec1c75bc4094d44857d3b9c618afc9a 211be4bbaa914b15bec9ea7c359536a9 - - default default] 10.0.0.160 "GET /v2.0/security-groups?id=d4f671b6-d806-4709-adb2-7da8d733993f&fields=id&fields=name HTTP/1.1" status: 200 len: 312 time: 0.0343583
2026-05-19 04:10:28.858 10 INFO neutron.api.wsgi [req-ee0bfa9b-8610-45b0-92d3-91e9a532b3cc req-4ad5852f-8427-4211-b0ac-a08522ebb7b1 4ec1c75bc4094d44857d3b9c618afc9a 211be4bbaa914b15bec9ea7c359536a9 - - default default] 10.0.0.160 "GET /v2.0/ports?device_id=eb4ca863-ff5d-4d74-a7b2-6e28c4710794 HTTP/1.1" status: 200 len: 1170 time: 0.0795066
2026-05-19 04:10:28.861 9 INFO neutron.plugins.ml2.drivers.ovn.mech_driver.mech_driver [None req-463750ab-18fd-49d6-8e9a-01bcb7c73ffc - - - - - -] OVN reports status down for port: e7f2c676-2920-4500-9fb4-0eb0cbd235dd
2026-05-19 04:10:29.097 9 INFO neutron.db.ovn_revision_numbers_db [None req-463750ab-18fd-49d6-8e9a-01bcb7c73ffc - - - - - -] Successfully bumped revision number for resource e7f2c676-2920-4500-9fb4-0eb0cbd235dd (type: ports) to 6 /var/lib/openstack/lib/python3.12/site-packages/pycadf/identifier.py:71: UserWarning: Invalid uuid: neutron. To ensure interoperability, identifiers should be a valid uuid. warnings.warn(('Invalid uuid: %s. To ensure interoperability, '
2026-05-19 04:10:29.149 9 WARNING neutron_lib.context [None req-37f6c7bc-b255-41a7-9f88-b8218686da13 c2274f30415049658a8847617dfa2f8b 66cc643260734dad86ac78f1f9480af3 - - default default] Method 'is_advsvc' is deprecated since 2023.2 release (neutron-lib 3.8.0) and will be removed once support for the old RBAC API policies will be removed from Neutron. Please use method 'is_service_role' instead.
2026-05-19 04:10:29.265 9 INFO neutron.db.ovn_revision_numbers_db [None req-37f6c7bc-b255-41a7-9f88-b8218686da13 c2274f30415049658a8847617dfa2f8b 66cc643260734dad86ac78f1f9480af3 - - default default] Successfully bumped revision number for resource 81e9e06f-7c91-4fd6-9d2a-62f0eebf629c (type: security_groups) to 1
2026-05-19 04:10:29.279 9 INFO neutron.db.ovn_revision_numbers_db [None req-37f6c7bc-b255-41a7-9f88-b8218686da13 c2274f30415049658a8847617dfa2f8b 66cc643260734dad86ac78f1f9480af3 - - default default] Successfully bumped revision number for resource b3a33335-c13d-4f94-9559-457adc336868 (type: security_group_rules) to 0
2026-05-19 04:10:29.292 9 INFO neutron.db.ovn_revision_numbers_db [None req-37f6c7bc-b255-41a7-9f88-b8218686da13 c2274f30415049658a8847617dfa2f8b 66cc643260734dad86ac78f1f9480af3 - - default default] Successfully bumped revision number for resource ba7257a6-1ee2-4e2d-98d6-dd583c9424e8 (type: security_group_rules) to 0
2026-05-19 04:10:29.297 10 INFO neutron.db.ovn_revision_numbers_db [None req-ffcb268d-6aaa-4602-aa76-0f0090fb3982 4ec1c75bc4094d44857d3b9c618afc9a 211be4bbaa914b15bec9ea7c359536a9 - - default default] Successfully bumped revision number for resource 871d0ceb-18da-4a2f-b7b3-3de7e0bc0d91 (type: floatingips) to 1
2026-05-19 04:10:29.330 9 INFO neutron.api.wsgi [None req-37f6c7bc-b255-41a7-9f88-b8218686da13 c2274f30415049658a8847617dfa2f8b 66cc643260734dad86ac78f1f9480af3 - - default default] 10.0.0.238 "POST /v2.0/security-groups HTTP/1.1" status: 201 len: 1861 time: 0.1880460
2026-05-19 04:10:29.340 9 WARNING neutron_lib.context [None req-7a14495a-2182-4160-ae41-b073b2fa19bf c2274f30415049658a8847617dfa2f8b 66cc643260734dad86ac78f1f9480af3 - - default default] Method 'is_advsvc' is deprecated since 2023.2 release (neutron-lib 3.8.0) and will be removed once support for the old RBAC API policies will be removed from Neutron. Please use method 'is_service_role' instead.
2026-05-19 04:10:29.431 10 INFO neutron.db.ovn_revision_numbers_db [None req-ffcb268d-6aaa-4602-aa76-0f0090fb3982 4ec1c75bc4094d44857d3b9c618afc9a 211be4bbaa914b15bec9ea7c359536a9 - - default default] Successfully bumped revision number for resource 871d0ceb-18da-4a2f-b7b3-3de7e0bc0d91 (type: floatingips) to 2
2026-05-19 04:10:29.432 10 INFO neutron.db.l3_db [None req-ffcb268d-6aaa-4602-aa76-0f0090fb3982 4ec1c75bc4094d44857d3b9c618afc9a 211be4bbaa914b15bec9ea7c359536a9 - - default default] Floating IP 871d0ceb-18da-4a2f-b7b3-3de7e0bc0d91 associated. External IP: 10.96.250.210, port: 2d3d20f6-9279-49c9-875f-6070fa46be8e.
2026-05-19 04:10:29.463 10 INFO neutron.api.wsgi [None req-ffcb268d-6aaa-4602-aa76-0f0090fb3982 4ec1c75bc4094d44857d3b9c618afc9a 211be4bbaa914b15bec9ea7c359536a9 - - default default] 10.0.0.238 "PUT /v2.0/floatingips/871d0ceb-18da-4a2f-b7b3-3de7e0bc0d91 HTTP/1.1" status: 200 len: 1049 time: 0.5903838
2026-05-19 04:10:29.476 9 INFO neutron.db.ovn_revision_numbers_db [None req-7a14495a-2182-4160-ae41-b073b2fa19bf c2274f30415049658a8847617dfa2f8b 66cc643260734dad86ac78f1f9480af3 - - default default] Successfully bumped revision number for resource 1441b447-8996-42b0-ad34-6964298ad739 (type: security_group_rules) to 0
2026-05-19 04:10:29.488 10 INFO neutron.api.wsgi [req-97af4621-2b4a-43ef-aef1-2c69b47af3b2 req-2efeefe3-e9a0-4a5e-8860-4b8f2f9ada35 d88d58978ec24dd1a4a1ffc5d123254b 111194f18d9445be885d61c6884ad82e - - default default] 10.0.0.160 "GET /v2.0/ports?device_id=331c2c36-d2da-4a66-9c4e-5babb8e0a597 HTTP/1.1" status: 200 len: 1172 time: 0.0813398
2026-05-19 04:10:29.505 9 INFO neutron.api.wsgi [None req-7a14495a-2182-4160-ae41-b073b2fa19bf c2274f30415049658a8847617dfa2f8b 66cc643260734dad86ac78f1f9480af3 - - default default] 10.0.0.238 "POST /v2.0/security-group-rules HTTP/1.1" status: 201 len: 796 time: 0.1692793
2026-05-19 04:10:29.512 10 WARNING neutron_lib.context [None req-12844a99-533e-49c2-b5e2-c0f8c4e90d78 c2274f30415049658a8847617dfa2f8b 66cc643260734dad86ac78f1f9480af3 - - default default] Method 'is_advsvc' is deprecated since 2023.2 release (neutron-lib 3.8.0) and will be removed once support for the old RBAC API policies will be removed from Neutron. Please use method 'is_service_role' instead.
2026-05-19 04:10:29.541 10 INFO neutron.api.wsgi [req-97af4621-2b4a-43ef-aef1-2c69b47af3b2 req-cba5ded4-12ee-4796-8425-9dc5afa1c3aa d88d58978ec24dd1a4a1ffc5d123254b 111194f18d9445be885d61c6884ad82e - - default default] 10.0.0.160 "GET /v2.0/security-groups?id=7d2d5077-1110-409e-aa3b-3daf2153ac58&fields=id&fields=name HTTP/1.1" status: 200 len: 312 time: 0.0477340
2026-05-19 04:10:29.589 10 INFO neutron.notifiers.nova [-] Nova event matching ['req-3f1ef550-8e61-4eac-9a32-11c2fdb8f7f2'] response: {'name': 'network-changed', 'server_uuid': 'eb4ca863-ff5d-4d74-a7b2-6e28c4710794', 'tag': '2d3d20f6-9279-49c9-875f-6070fa46be8e', 'status': 'completed', 'code': 200}
2026-05-19 04:10:29.605 9 INFO neutron.api.wsgi [req-cc9f1483-56ad-4c16-90ae-34bbf1395216 req-6275d2e9-0f08-4ec3-9941-ab4494601710 4ec1c75bc4094d44857d3b9c618afc9a 211be4bbaa914b15bec9ea7c359536a9 - - default default] 10.0.0.160 "GET /v2.0/ports?device_id=eb4ca863-ff5d-4d74-a7b2-6e28c4710794 HTTP/1.1" status: 200 len: 1170 time: 0.0983870
2026-05-19 04:10:29.641 9 INFO neutron.api.wsgi [req-cc9f1483-56ad-4c16-90ae-34bbf1395216 req-48fa541a-c620-4f67-8a63-ce5634ec2b84 4ec1c75bc4094d44857d3b9c618afc9a 211be4bbaa914b15bec9ea7c359536a9 - - default default] 10.0.0.160 "GET /v2.0/security-groups?id=d4f671b6-d806-4709-adb2-7da8d733993f&fields=id&fields=name HTTP/1.1" status: 200 len: 312 time: 0.0284760
2026-05-19 04:10:29.676 10 INFO neutron.db.ovn_revision_numbers_db [None req-12844a99-533e-49c2-b5e2-c0f8c4e90d78 c2274f30415049658a8847617dfa2f8b 66cc643260734dad86ac78f1f9480af3 - - default default] Successfully bumped revision number for resource f0290ddb-91c3-45f6-afdb-10f0147d402e (type: security_group_rules) to 0
2026-05-19 04:10:29.704 10 INFO neutron.api.wsgi [None req-12844a99-533e-49c2-b5e2-c0f8c4e90d78 c2274f30415049658a8847617dfa2f8b 66cc643260734dad86ac78f1f9480af3 - - default default] 10.0.0.238 "POST /v2.0/security-group-rules HTTP/1.1" status: 201 len: 801 time: 0.1945770
2026-05-19 04:10:29.715 10 WARNING neutron_lib.context [None req-9b253ef1-d2ba-4a9f-b95a-ab2b8372fdce c2274f30415049658a8847617dfa2f8b 66cc643260734dad86ac78f1f9480af3 - - default default] Method 'is_advsvc' is deprecated since 2023.2 release (neutron-lib 3.8.0) and will be removed once support for the old RBAC API policies will be removed from Neutron. Please use method 'is_service_role' instead.
2026-05-19 04:10:29.914 10 WARNING neutron.scheduler.dhcp_agent_scheduler [None req-9b253ef1-d2ba-4a9f-b95a-ab2b8372fdce c2274f30415049658a8847617dfa2f8b 66cc643260734dad86ac78f1f9480af3 - - default default] No more DHCP agents
2026-05-19 04:10:29.916 10 WARNING neutron.api.rpc.agentnotifiers.dhcp_rpc_agent_api [None req-9b253ef1-d2ba-4a9f-b95a-ab2b8372fdce c2274f30415049658a8847617dfa2f8b 66cc643260734dad86ac78f1f9480af3 - - default default] Unable to schedule network 2488a5c5-3a77-416a-9b17-71dfc3b2bd90: no agents available; will retry on subsequent port and subnet creation events.
2026-05-19 04:10:30.155 10 INFO neutron.api.wsgi [req-4c31de85-41d6-467f-ae6b-a7f506b85890 req-e8fe7456-0d87-4477-8e73-7b742b0dbf6d c834e764410548f794cde0c82596473f e685a53ef7874751b59cb65199d00e90 - - 7ea3e3be34a04c748fa51567ef9afceb 7ea3e3be34a04c748fa51567ef9afceb] 199.19.213.225 "GET /v2.0/ports?tenant_id=211be4bbaa914b15bec9ea7c359536a9&device_id=eb4ca863-ff5d-4d74-a7b2-6e28c4710794 HTTP/1.1" status: 200 len: 1409 time: 0.0536017
2026-05-19 04:10:30.216 10 INFO neutron.api.wsgi [req-4c31de85-41d6-467f-ae6b-a7f506b85890 req-33182147-7966-4557-935f-8478fe5a4434 c834e764410548f794cde0c82596473f e685a53ef7874751b59cb65199d00e90 - - 7ea3e3be34a04c748fa51567ef9afceb 7ea3e3be34a04c748fa51567ef9afceb] 199.19.213.225 "GET /v2.0/networks?id=5685f1b5-ff6f-43ca-9505-dfcecac756c5 HTTP/1.1" status: 200 len: 981 time: 0.0562916
2026-05-19 04:10:30.226 10 INFO neutron.api.wsgi [None req-9b253ef1-d2ba-4a9f-b95a-ab2b8372fdce c2274f30415049658a8847617dfa2f8b 66cc643260734dad86ac78f1f9480af3 - - default default] 10.0.0.238 "POST /v2.0/floatingips HTTP/1.1" status: 201 len: 751 time: 0.5150013
2026-05-19 04:10:30.270 10 INFO neutron.api.wsgi [req-4c31de85-41d6-467f-ae6b-a7f506b85890 req-5290f881-8e58-4919-8f64-135666491e56 c834e764410548f794cde0c82596473f e685a53ef7874751b59cb65199d00e90 - - 7ea3e3be34a04c748fa51567ef9afceb 7ea3e3be34a04c748fa51567ef9afceb] 199.19.213.225 "GET /v2.0/floatingips?fixed_ip_address=10.100.0.8&port_id=2d3d20f6-9279-49c9-875f-6070fa46be8e HTTP/1.1" status: 200 len: 1059 time: 0.0342793
2026-05-19 04:10:30.303 10 INFO neutron.api.wsgi [req-4c31de85-41d6-467f-ae6b-a7f506b85890 req-29e1569f-3e44-43a5-9120-65d9a3c29c53 c834e764410548f794cde0c82596473f e685a53ef7874751b59cb65199d00e90 - - 7ea3e3be34a04c748fa51567ef9afceb 7ea3e3be34a04c748fa51567ef9afceb] 199.19.213.225 "GET /v2.0/subnets?id=01c609ac-3097-4fe2-88db-0cb5dcebb8a6 HTTP/1.1" status: 200 len: 900 time: 0.0267165
2026-05-19 04:10:30.327 10 INFO neutron.api.wsgi [req-4c31de85-41d6-467f-ae6b-a7f506b85890 req-3b12eeee-1085-4f9d-ad75-ab42db51c3fe c834e764410548f794cde0c82596473f e685a53ef7874751b59cb65199d00e90 - - 7ea3e3be34a04c748fa51567ef9afceb 7ea3e3be34a04c748fa51567ef9afceb] 199.19.213.225 "GET /v2.0/ports?network_id=5685f1b5-ff6f-43ca-9505-dfcecac756c5&device_owner=network%3Adhcp HTTP/1.1" status: 200 len: 210 time: 0.0159085
2026-05-19 04:10:30.339 9 INFO neutron.notifiers.nova [-] Nova event matching ['req-3101354d-c164-4b90-b765-108ee26fdf4a'] response: {'server_uuid': '331c2c36-d2da-4a66-9c4e-5babb8e0a597', 'name': 'network-vif-unplugged', 'status': 'completed', 'tag': 'e7f2c676-2920-4500-9fb4-0eb0cbd235dd', 'code': 200}
2026-05-19 04:10:30.340 9 INFO neutron.notifiers.nova [-] Nova event matching ['req-3101354d-c164-4b90-b765-108ee26fdf4a'] response: {'server_uuid': '331c2c36-d2da-4a66-9c4e-5babb8e0a597', 'name': 'network-vif-unplugged', 'status': 'completed', 'tag': 'e7f2c676-2920-4500-9fb4-0eb0cbd235dd', 'code': 200}
2026-05-19 04:10:30.374 10 INFO neutron.api.wsgi [req-4c31de85-41d6-467f-ae6b-a7f506b85890 req-e1f305e3-d95f-4514-8d80-dbf3cb00efe8 c834e764410548f794cde0c82596473f e685a53ef7874751b59cb65199d00e90 - - 7ea3e3be34a04c748fa51567ef9afceb 7ea3e3be34a04c748fa51567ef9afceb] 199.19.213.225 "GET /v2.0/networks/5685f1b5-ff6f-43ca-9505-dfcecac756c5?fields=segments HTTP/1.1" status: 200 len: 212 time: 0.0413375
2026-05-19 04:10:30.380 9 WARNING neutron_lib.context [None req-eb76823b-5546-4fc3-b17b-7d958afb9477 e1262deb828c44fab7cdf9dcfa9857bd 47a761ad45c7483aab96d684423d1f72 - - default default] Method 'is_advsvc' is deprecated since 2023.2 release (neutron-lib 3.8.0) and will be removed once support for the old RBAC API policies will be removed from Neutron. Please use method 'is_service_role' instead.
2026-05-19 04:10:30.417 10 INFO neutron.api.wsgi [req-4c31de85-41d6-467f-ae6b-a7f506b85890 req-694afaa2-8ad2-4126-b342-7c148ad2b202 c834e764410548f794cde0c82596473f e685a53ef7874751b59cb65199d00e90 - - 7ea3e3be34a04c748fa51567ef9afceb 7ea3e3be34a04c748fa51567ef9afceb] 199.19.213.225 "GET /v2.0/networks/5685f1b5-ff6f-43ca-9505-dfcecac756c5?fields=provider%3Aphysical_network&fields=provider%3Anetwork_type HTTP/1.1" status: 200 len: 277 time: 0.0382535
2026-05-19 04:10:30.443 9 INFO neutron.api.wsgi [None req-eb76823b-5546-4fc3-b17b-7d958afb9477 e1262deb828c44fab7cdf9dcfa9857bd 47a761ad45c7483aab96d684423d1f72 - - default default] 10.0.0.238 "POST /v2.0/subnetpools HTTP/1.1" status: 201 len: 747 time: 0.2327819
2026-05-19 04:10:30.469 9 INFO neutron.api.wsgi [None req-ae784693-d639-4003-ab07-79ffe5350059 e1262deb828c44fab7cdf9dcfa9857bd 47a761ad45c7483aab96d684423d1f72 - - default default] 10.0.0.238 "GET /v2.0/subnetpools/05a3b92e-7e34-4c42-b976-8855ab183602 HTTP/1.1" status: 200 len: 742 time: 0.0196347
2026-05-19 04:10:30.532 9 INFO neutron.api.wsgi [None req-86bbe5d9-76f3-43df-9725-3a5cce564f60 e1262deb828c44fab7cdf9dcfa9857bd 47a761ad45c7483aab96d684423d1f72 - - default default] 10.0.0.238 "PUT /v2.0/subnetpools/05a3b92e-7e34-4c42-b976-8855ab183602 HTTP/1.1" status: 200 len: 694 time: 0.0575442
2026-05-19 04:10:30.592 9 INFO neutron.api.wsgi [None req-bb53fa50-2cef-4f33-822c-25828680a99b e1262deb828c44fab7cdf9dcfa9857bd 47a761ad45c7483aab96d684423d1f72 - - default default] 10.0.0.238 "DELETE /v2.0/subnetpools/05a3b92e-7e34-4c42-b976-8855ab183602 HTTP/1.1" status: 204 len: 168 time: 0.0506785
2026-05-19 04:10:30.609 10 INFO neutron.api.v2.resource [None req-8abe1b12-bece-44fe-9e1a-cfed83966112 e1262deb828c44fab7cdf9dcfa9857bd 47a761ad45c7483aab96d684423d1f72 - - default default] show failed (client error): The resource could not be found.
2026-05-19 04:10:30.610 10 INFO neutron.api.wsgi [None req-8abe1b12-bece-44fe-9e1a-cfed83966112 e1262deb828c44fab7cdf9dcfa9857bd 47a761ad45c7483aab96d684423d1f72 - - default default] 10.0.0.238 "GET /v2.0/subnetpools/05a3b92e-7e34-4c42-b976-8855ab183602 HTTP/1.1" status: 404 len: 346 time: 0.0124180
2026-05-19 04:10:30.625 10 INFO neutron.api.v2.resource [None req-d0ef8f2f-da5c-4358-b761-499f1cfb0dcb e1262deb828c44fab7cdf9dcfa9857bd 47a761ad45c7483aab96d684423d1f72 - - default default] delete failed (client error): The resource could not be found.
2026-05-19 04:10:30.626 10 INFO neutron.api.wsgi [None req-d0ef8f2f-da5c-4358-b761-499f1cfb0dcb e1262deb828c44fab7cdf9dcfa9857bd 47a761ad45c7483aab96d684423d1f72 - - default default] 10.0.0.238 "DELETE /v2.0/subnetpools/05a3b92e-7e34-4c42-b976-8855ab183602 HTTP/1.1" status: 404 len: 346 time: 0.0100906
2026-05-19 04:10:30.663 9 INFO neutron.api.wsgi [req-93c05960-ce08-4389-9a28-276dd14f0ab3 req-ecd995b5-06a7-4f39-aff9-90a4fe9ca77e d88d58978ec24dd1a4a1ffc5d123254b 111194f18d9445be885d61c6884ad82e - - default default] 10.0.0.160 "GET /v2.0/ports?device_id=331c2c36-d2da-4a66-9c4e-5babb8e0a597 HTTP/1.1" status: 200 len: 1172 time: 0.0664959
2026-05-19 04:10:30.702 9 INFO neutron.api.wsgi [req-93c05960-ce08-4389-9a28-276dd14f0ab3 req-6356b4c4-a108-4d37-9a88-d9bc97d73e59 d88d58978ec24dd1a4a1ffc5d123254b 111194f18d9445be885d61c6884ad82e - - default default] 10.0.0.160 "GET /v2.0/security-groups?id=7d2d5077-1110-409e-aa3b-3daf2153ac58&fields=id&fields=name HTTP/1.1" status: 200 len: 312 time: 0.0346205
2026-05-19 04:10:30.705 10 INFO neutron.api.wsgi [req-eed88e55-66ad-4350-8c7f-14fdec47f207 req-4e8d0560-02ff-4e9a-8c14-969fb3a871bb c2274f30415049658a8847617dfa2f8b 66cc643260734dad86ac78f1f9480af3 - - default default] 10.0.0.160 "GET /v2.0/security-groups?name=tempest-securitygroup--1002841159&fields=id&tenant_id=66cc643260734dad86ac78f1f9480af3 HTTP/1.1" status: 200 len: 267 time: 0.0382423
2026-05-19 04:10:30.759 10 INFO neutron.api.wsgi [req-eed88e55-66ad-4350-8c7f-14fdec47f207 req-0cc7d8b6-3fe6-4542-8296-4d1f71223764 c2274f30415049658a8847617dfa2f8b 66cc643260734dad86ac78f1f9480af3 - - default default] 10.0.0.160 "GET /v2.0/networks?id=9ee5915f-93e7-49ec-bc69-a01d5bc9c1aa HTTP/1.1" status: 200 len: 868 time: 0.0464537
2026-05-19 04:10:30.774 10 INFO neutron.api.wsgi [req-eed88e55-66ad-4350-8c7f-14fdec47f207 req-c2c1b990-f695-43c5-8b6d-00ded7c7c743 c2274f30415049658a8847617dfa2f8b 66cc643260734dad86ac78f1f9480af3 - - default default] 10.0.0.160 "GET /v2.0/quotas/66cc643260734dad86ac78f1f9480af3 HTTP/1.1" status: 200 len: 491 time: 0.0092311
2026-05-19 04:10:30.861 10 INFO neutron.api.wsgi [req-eed88e55-66ad-4350-8c7f-14fdec47f207 req-7b491713-9338-4548-a193-0ef1ee36ee63 c2274f30415049658a8847617dfa2f8b 66cc643260734dad86ac78f1f9480af3 - - default default] 10.0.0.160 "GET /v2.0/ports?tenant_id=66cc643260734dad86ac78f1f9480af3&fields=id HTTP/1.1" status: 200 len: 302 time: 0.0805011
2026-05-19 04:10:30.907 10 INFO neutron.api.wsgi [req-eed88e55-66ad-4350-8c7f-14fdec47f207 req-d6817241-a08d-4fa0-8613-6a1c11ccd16e c834e764410548f794cde0c82596473f e685a53ef7874751b59cb65199d00e90 - - 7ea3e3be34a04c748fa51567ef9afceb 7ea3e3be34a04c748fa51567ef9afceb] 10.0.0.160 "GET /v2.0/networks/9ee5915f-93e7-49ec-bc69-a01d5bc9c1aa?fields=segments HTTP/1.1" status: 200 len: 212 time: 0.0357909
2026-05-19 04:10:30.973 10 INFO neutron.api.wsgi [req-eed88e55-66ad-4350-8c7f-14fdec47f207 req-9d65b44d-b606-4641-8c62-4d68e43b9e4e c834e764410548f794cde0c82596473f e685a53ef7874751b59cb65199d00e90 - - 7ea3e3be34a04c748fa51567ef9afceb 7ea3e3be34a04c748fa51567ef9afceb] 10.0.0.160 "GET /v2.0/networks/9ee5915f-93e7-49ec-bc69-a01d5bc9c1aa?fields=provider%3Aphysical_network&fields=provider%3Anetwork_type HTTP/1.1" status: 200 len: 277 time: 0.0590060
2026-05-19 04:10:31.114 9 INFO neutron.api.wsgi [req-9f9b62bb-8ddc-4e1b-b028-9eadc23864c7 req-002ffcb3-aa41-4d80-97ab-f06bf0839093 c2274f30415049658a8847617dfa2f8b 66cc643260734dad86ac78f1f9480af3 - - default default] 10.0.0.160 "GET /v2.0/ports?device_id=ee549cd7-a79d-491b-8137-71d09125ce15 HTTP/1.1" status: 200 len: 210 time: 0.0181966
2026-05-19 04:10:31.368 9 INFO neutron.db.ovn_revision_numbers_db [None req-45d57c10-bcfa-4451-9c58-6a35ec8f4ea4 f77b760cfffc4917925ca7502c2aaccd 35cb3bd5217649d8b8ad9932c17d036d - - default default] Successfully bumped revision number for resource 298c26c5-150b-407d-bc7e-e67666c56fde (type: security_groups) to 1
2026-05-19 04:10:31.384 9 INFO neutron.db.ovn_revision_numbers_db [None req-45d57c10-bcfa-4451-9c58-6a35ec8f4ea4 f77b760cfffc4917925ca7502c2aaccd 35cb3bd5217649d8b8ad9932c17d036d - - default default] Successfully bumped revision number for resource 01e7613c-d113-45bc-b55b-d5d57c90bcf8 (type: security_group_rules) to 0
