2026-05-19 04:11:12.017 10 INFO neutron.api.wsgi [None req-3d26c7b4-c66a-4357-b2cf-25cb52244f1d f77b760cfffc4917925ca7502c2aaccd 35cb3bd5217649d8b8ad9932c17d036d - - default default] 10.0.0.238 "GET /v2.0/security-groups?tenant_id=c45184120c8c4195b25e8a42e48d55a3&name=default HTTP/1.1" status: 200 len: 3120 time: 0.3646364
2026-05-19 04:11:12.112 9 WARNING neutron.scheduler.dhcp_agent_scheduler [None req-462c90de-6bd0-4727-977d-38829d78bf07 92a0f858ce6e443f9ee7b7239b3c4dcf 8a2c5af7beb34591a9bb60cd3da2d8da - - default default] No more DHCP agents
2026-05-19 04:11:12.114 9 WARNING neutron.api.rpc.agentnotifiers.dhcp_rpc_agent_api [None req-462c90de-6bd0-4727-977d-38829d78bf07 92a0f858ce6e443f9ee7b7239b3c4dcf 8a2c5af7beb34591a9bb60cd3da2d8da - - default default] Unable to schedule network 5ba6d9bb-4012-42a8-bfd9-73c8e8a878ea: no agents available; will retry on subsequent port and subnet creation events.
2026-05-19 04:11:12.140 9 INFO neutron.db.ovn_revision_numbers_db [None req-462c90de-6bd0-4727-977d-38829d78bf07 92a0f858ce6e443f9ee7b7239b3c4dcf 8a2c5af7beb34591a9bb60cd3da2d8da - - default default] Successfully bumped revision number for resource d1627c50-4c0b-40d7-b197-cb718d5e7655 (type: subnets) to 0
2026-05-19 04:11:12.149 10 INFO neutron.api.wsgi [None req-59ba1a60-0987-4e27-ac38-4fab2ae32fe5 deba606f398642cc8fbfc09018e8cad3 f58c58a1ae174e17af741c2585469534 - - default default] 10.0.0.238 "GET /v2.0/networks HTTP/1.1" status: 200 len: 1493 time: 0.0932305
2026-05-19 04:11:12.157 9 INFO neutron.api.wsgi [None req-462c90de-6bd0-4727-977d-38829d78bf07 92a0f858ce6e443f9ee7b7239b3c4dcf 8a2c5af7beb34591a9bb60cd3da2d8da - - default default] 10.0.0.238 "POST /v2.0/subnets HTTP/1.1" status: 201 len: 826 time: 0.2402294
2026-05-19 04:11:12.168 10 WARNING neutron_lib.context [None req-4282ce95-add9-4337-82fc-3f7703347d08 92a0f858ce6e443f9ee7b7239b3c4dcf 8a2c5af7beb34591a9bb60cd3da2d8da - - default default] Method 'is_advsvc' is deprecated since 2023.2 release (neutron-lib 3.8.0) and will be removed once support for the old RBAC API policies will be removed from Neutron. Please use method 'is_service_role' instead.
2026-05-19 04:11:12.232 9 INFO neutron.api.wsgi [None req-4d205043-4834-44f0-bccb-21b1c63ad90b f77b760cfffc4917925ca7502c2aaccd 35cb3bd5217649d8b8ad9932c17d036d - - default default] 10.0.0.238 "DELETE /v2.0/security-groups/ce81bee2-a0ef-4f76-9beb-2f7d70be0263 HTTP/1.1" status: 204 len: 168 time: 0.2106209
2026-05-19 04:11:12.267 9 INFO neutron.api.wsgi [req-8f63da03-ce2d-4eb0-9b1d-d7b33a67141f req-ddb26ef7-da24-4189-831b-16226e4809d0 deba606f398642cc8fbfc09018e8cad3 f58c58a1ae174e17af741c2585469534 - - default default] 10.0.0.160 "GET /v2.0/security-groups?name=tempest-secgroup-smoke-1962307035&fields=id&tenant_id=f58c58a1ae174e17af741c2585469534 HTTP/1.1" status: 200 len: 267 time: 0.0428739
2026-05-19 04:11:12.317 9 INFO neutron.api.wsgi [req-8f63da03-ce2d-4eb0-9b1d-d7b33a67141f req-b0aa02b5-6e89-4a19-b5e5-0e9737bf8ce5 deba606f398642cc8fbfc09018e8cad3 f58c58a1ae174e17af741c2585469534 - - default default] 10.0.0.160 "GET /v2.0/networks?id=1b732f19-9a00-4de4-a82d-74e7a0aa2fc4 HTTP/1.1" status: 200 len: 860 time: 0.0447960
2026-05-19 04:11:12.332 9 INFO neutron.api.wsgi [req-8f63da03-ce2d-4eb0-9b1d-d7b33a67141f req-7a1cca3f-2b29-46f6-8ebc-d4b9a5fe8629 deba606f398642cc8fbfc09018e8cad3 f58c58a1ae174e17af741c2585469534 - - default default] 10.0.0.160 "GET /v2.0/quotas/f58c58a1ae174e17af741c2585469534 HTTP/1.1" status: 200 len: 491 time: 0.0084572
2026-05-19 04:11:12.408 9 INFO neutron.api.wsgi [req-8f63da03-ce2d-4eb0-9b1d-d7b33a67141f req-d08970e0-f623-4856-9446-fdec77a39b4f deba606f398642cc8fbfc09018e8cad3 f58c58a1ae174e17af741c2585469534 - - default default] 10.0.0.160 "GET /v2.0/ports?tenant_id=f58c58a1ae174e17af741c2585469534&fields=id HTTP/1.1" status: 200 len: 348 time: 0.0715866
2026-05-19 04:11:12.448 10 INFO neutron.db.ovn_revision_numbers_db [None req-383af6b2-0373-46d6-bc8b-b290bfbd1fca f77b760cfffc4917925ca7502c2aaccd 35cb3bd5217649d8b8ad9932c17d036d - - default default] Successfully bumped revision number for resource c8f75c13-3aae-40d9-8f3d-e2cbf67969bd (type: security_groups) to 1
2026-05-19 04:11:12.463 10 INFO neutron.db.ovn_revision_numbers_db [None req-383af6b2-0373-46d6-bc8b-b290bfbd1fca f77b760cfffc4917925ca7502c2aaccd 35cb3bd5217649d8b8ad9932c17d036d - - default default] Successfully bumped revision number for resource 26997cc2-0443-47af-9710-798824f10e3c (type: security_group_rules) to 0
2026-05-19 04:11:12.464 9 INFO neutron.api.wsgi [req-8f63da03-ce2d-4eb0-9b1d-d7b33a67141f req-1fa9e030-b8e2-4d63-90dc-acd0c4ad4218 c834e764410548f794cde0c82596473f e685a53ef7874751b59cb65199d00e90 - - 7ea3e3be34a04c748fa51567ef9afceb 7ea3e3be34a04c748fa51567ef9afceb] 10.0.0.160 "GET /v2.0/networks/1b732f19-9a00-4de4-a82d-74e7a0aa2fc4?fields=segments HTTP/1.1" status: 200 len: 212 time: 0.0440648
2026-05-19 04:11:12.482 10 INFO neutron.db.ovn_revision_numbers_db [None req-383af6b2-0373-46d6-bc8b-b290bfbd1fca f77b760cfffc4917925ca7502c2aaccd 35cb3bd5217649d8b8ad9932c17d036d - - default default] Successfully bumped revision number for resource 4200cf16-4113-43cb-9099-7d264192d0a8 (type: security_group_rules) to 0
2026-05-19 04:11:12.510 10 INFO neutron.db.ovn_revision_numbers_db [None req-383af6b2-0373-46d6-bc8b-b290bfbd1fca f77b760cfffc4917925ca7502c2aaccd 35cb3bd5217649d8b8ad9932c17d036d - - default default] Successfully bumped revision number for resource 97a4379a-3cff-4e52-b380-3c9199637c81 (type: security_group_rules) to 0
2026-05-19 04:11:12.517 9 INFO neutron.api.wsgi [req-8f63da03-ce2d-4eb0-9b1d-d7b33a67141f req-6dcd48ad-39ab-4309-a650-110679605975 c834e764410548f794cde0c82596473f e685a53ef7874751b59cb65199d00e90 - - 7ea3e3be34a04c748fa51567ef9afceb 7ea3e3be34a04c748fa51567ef9afceb] 10.0.0.160 "GET /v2.0/networks/1b732f19-9a00-4de4-a82d-74e7a0aa2fc4?fields=provider%3Aphysical_network&fields=provider%3Anetwork_type HTTP/1.1" status: 200 len: 277 time: 0.0461280
2026-05-19 04:11:12.534 10 INFO neutron.db.ovn_revision_numbers_db [None req-383af6b2-0373-46d6-bc8b-b290bfbd1fca f77b760cfffc4917925ca7502c2aaccd 35cb3bd5217649d8b8ad9932c17d036d - - default default] Successfully bumped revision number for resource cf3617df-cd0d-4885-af2d-c1722462bd10 (type: security_group_rules) to 0
2026-05-19 04:11:12.576 10 WARNING neutron.scheduler.dhcp_agent_scheduler [None req-4282ce95-add9-4337-82fc-3f7703347d08 92a0f858ce6e443f9ee7b7239b3c4dcf 8a2c5af7beb34591a9bb60cd3da2d8da - - default default] No more DHCP agents
2026-05-19 04:11:12.579 10 WARNING neutron.api.rpc.agentnotifiers.dhcp_rpc_agent_api [None req-4282ce95-add9-4337-82fc-3f7703347d08 92a0f858ce6e443f9ee7b7239b3c4dcf 8a2c5af7beb34591a9bb60cd3da2d8da - - default default] Unable to schedule network 2488a5c5-3a77-416a-9b17-71dfc3b2bd90: no agents available; will retry on subsequent port and subnet creation events.
2026-05-19 04:11:12.582 10 INFO neutron.api.wsgi [None req-383af6b2-0373-46d6-bc8b-b290bfbd1fca f77b760cfffc4917925ca7502c2aaccd 35cb3bd5217649d8b8ad9932c17d036d - - default default] 10.0.0.238 "GET /v2.0/security-groups?tenant_id=ddc64e45902d4918a192710d64dd75fc&name=default HTTP/1.1" status: 200 len: 3120 time: 0.2519431
2026-05-19 04:11:12.586 10 INFO neutron.api.wsgi [req-92149c1b-3247-46b5-9ca8-d5bb051a69d6 req-3c374dbf-a95b-49b0-9ea5-41fa3b0d00a5 3967bfc2a0d34d4e9e694670449f981d b61be2799aa145a88128ac9b77722395 - - default default] 10.0.0.160 "GET /v2.0/ports?device_id=d77e669e-3991-4e56-890a-fd43d8299662 HTTP/1.1" status: 200 len: 1172 time: 0.0882604
2026-05-19 04:11:12.630 9 INFO neutron.api.wsgi [req-fed75b49-cc25-45fb-8a18-e8166ee3aa92 req-eb85d3ef-bc38-4b7f-82eb-e107740c4940 deba606f398642cc8fbfc09018e8cad3 f58c58a1ae174e17af741c2585469534 - - default default] 10.0.0.160 "GET /v2.0/ports?device_id=c6f88717-1a94-4d8b-b03b-c678d14a08e9 HTTP/1.1" status: 200 len: 210 time: 0.0177205
2026-05-19 04:11:12.657 10 INFO neutron.api.wsgi [req-0b5f0110-e73d-4651-bd2a-712a22a55a3f req-b8b4ed0f-9bd2-47fd-9bbf-4bd21adc5bd0 c834e764410548f794cde0c82596473f e685a53ef7874751b59cb65199d00e90 - - 7ea3e3be34a04c748fa51567ef9afceb 7ea3e3be34a04c748fa51567ef9afceb] 199.19.213.225 "GET /v2.0/ports?tenant_id=b61be2799aa145a88128ac9b77722395&device_id=d77e669e-3991-4e56-890a-fd43d8299662 HTTP/1.1" status: 200 len: 1411 time: 0.0499539
2026-05-19 04:11:12.662 10 INFO neutron.api.wsgi [req-92149c1b-3247-46b5-9ca8-d5bb051a69d6 req-684d5567-9a7f-4d11-b0a4-4f0703e09a69 3967bfc2a0d34d4e9e694670449f981d b61be2799aa145a88128ac9b77722395 - - default default] 10.0.0.160 "GET /v2.0/security-groups?id=00567702-cfc3-4242-afc5-48ec0c2cf893&fields=id&fields=name HTTP/1.1" status: 200 len: 313 time: 0.0663953
2026-05-19 04:11:12.722 10 INFO neutron.api.wsgi [req-0b5f0110-e73d-4651-bd2a-712a22a55a3f req-605c6684-c483-4fbc-b26c-05ef664fbebc c834e764410548f794cde0c82596473f e685a53ef7874751b59cb65199d00e90 - - 7ea3e3be34a04c748fa51567ef9afceb 7ea3e3be34a04c748fa51567ef9afceb] 199.19.213.225 "GET /v2.0/networks?id=0aed0912-398c-4476-837a-61e575cd8ba1 HTTP/1.1" status: 200 len: 972 time: 0.0596638
2026-05-19 04:11:12.744 10 INFO neutron.api.wsgi [req-0b5f0110-e73d-4651-bd2a-712a22a55a3f req-f9db6095-dff2-4bbd-bf4e-acb0e04a1451 c834e764410548f794cde0c82596473f e685a53ef7874751b59cb65199d00e90 - - 7ea3e3be34a04c748fa51567ef9afceb 7ea3e3be34a04c748fa51567ef9afceb] 199.19.213.225 "GET /v2.0/floatingips?fixed_ip_address=10.100.0.13&port_id=1c1689f7-8db7-4c64-94b6-6bb07a8ee1b5 HTTP/1.1" status: 200 len: 217 time: 0.0166106
2026-05-19 04:11:12.779 10 INFO neutron.api.wsgi [req-0b5f0110-e73d-4651-bd2a-712a22a55a3f req-8e632370-19f8-46cc-9251-0f3c77ec2c45 c834e764410548f794cde0c82596473f e685a53ef7874751b59cb65199d00e90 - - 7ea3e3be34a04c748fa51567ef9afceb 7ea3e3be34a04c748fa51567ef9afceb] 199.19.213.225 "GET /v2.0/subnets?id=0fa85e67-2785-49b6-8d94-8e05b5fa4a97 HTTP/1.1" status: 200 len: 891 time: 0.0305605
2026-05-19 04:11:12.794 10 INFO neutron.db.ovn_revision_numbers_db [None req-4282ce95-add9-4337-82fc-3f7703347d08 92a0f858ce6e443f9ee7b7239b3c4dcf 8a2c5af7beb34591a9bb60cd3da2d8da - - default default] Successfully bumped revision number for resource 78d64fda-222a-4883-8f99-ca3b91148cba (type: ports) to 1
2026-05-19 04:11:12.803 10 INFO neutron.api.wsgi [req-0b5f0110-e73d-4651-bd2a-712a22a55a3f req-618bf8ff-d490-4f1b-b140-0fd1ff91557c c834e764410548f794cde0c82596473f e685a53ef7874751b59cb65199d00e90 - - 7ea3e3be34a04c748fa51567ef9afceb 7ea3e3be34a04c748fa51567ef9afceb] 199.19.213.225 "GET /v2.0/ports?network_id=0aed0912-398c-4476-837a-61e575cd8ba1&device_owner=network%3Adhcp HTTP/1.1" status: 200 len: 210 time: 0.0168595
2026-05-19 04:11:12.875 10 INFO neutron.api.wsgi [req-0b5f0110-e73d-4651-bd2a-712a22a55a3f req-bc5d65e2-ef54-4a1b-83f5-19f9459ecb51 c834e764410548f794cde0c82596473f e685a53ef7874751b59cb65199d00e90 - - 7ea3e3be34a04c748fa51567ef9afceb 7ea3e3be34a04c748fa51567ef9afceb] 199.19.213.225 "GET /v2.0/networks/0aed0912-398c-4476-837a-61e575cd8ba1?fields=segments HTTP/1.1" status: 200 len: 212 time: 0.0625489
2026-05-19 04:11:12.922 10 INFO neutron.api.wsgi [None req-33187e95-0e01-401e-9a43-4da9f57f0728 f77b760cfffc4917925ca7502c2aaccd 35cb3bd5217649d8b8ad9932c17d036d - - default default] 10.0.0.238 "DELETE /v2.0/security-groups/c8f75c13-3aae-40d9-8f3d-e2cbf67969bd HTTP/1.1" status: 204 len: 168 time: 0.3340812
2026-05-19 04:11:12.941 10 INFO neutron.api.wsgi [req-0b5f0110-e73d-4651-bd2a-712a22a55a3f req-57d73195-ab02-42ba-bb38-a4a5ca54745d c834e764410548f794cde0c82596473f e685a53ef7874751b59cb65199d00e90 - - 7ea3e3be34a04c748fa51567ef9afceb 7ea3e3be34a04c748fa51567ef9afceb] 199.19.213.225 "GET /v2.0/networks/0aed0912-398c-4476-837a-61e575cd8ba1?fields=provider%3Aphysical_network&fields=provider%3Anetwork_type HTTP/1.1" status: 200 len: 277 time: 0.0534606
2026-05-19 04:11:13.352 10 INFO neutron.plugins.ml2.drivers.ovn.mech_driver.ovsdb.commands [None req-eda05bc0-4a58-4e60-888b-8877cb9f8fc5 - - - - - -] Schedule LRP lrp-78d64fda-222a-4883-8f99-ca3b91148cba on gateway 28312ec4-fdeb-4925-b132-d59774fea301 with priority 1
2026-05-19 04:11:13.363 10 INFO neutron.plugins.ml2.drivers.ovn.mech_driver.mech_driver [None req-2d25cf47-c53c-4885-beeb-0f020b8025bf - - - - - -] OVN reports status up for port: 78d64fda-222a-4883-8f99-ca3b91148cba
2026-05-19 04:11:13.380 10 INFO neutron.plugins.ml2.plugin [None req-2d25cf47-c53c-4885-beeb-0f020b8025bf - - - - - -] Attempt 1 to provision port 78d64fda-222a-4883-8f99-ca3b91148cba
2026-05-19 04:11:13.399 10 INFO neutron.db.ovn_revision_numbers_db [None req-4282ce95-add9-4337-82fc-3f7703347d08 92a0f858ce6e443f9ee7b7239b3c4dcf 8a2c5af7beb34591a9bb60cd3da2d8da - - default default] Successfully bumped revision number for resource 78d64fda-222a-4883-8f99-ca3b91148cba (type: router_ports) to 1
2026-05-19 04:11:13.483 10 INFO neutron.db.ovn_revision_numbers_db [None req-4282ce95-add9-4337-82fc-3f7703347d08 92a0f858ce6e443f9ee7b7239b3c4dcf 8a2c5af7beb34591a9bb60cd3da2d8da - - default default] Successfully bumped revision number for resource c70ea564-10c8-4399-846e-2bedc7fe528a (type: routers) to 2
2026-05-19 04:11:13.501 10 INFO neutron.api.wsgi [None req-4282ce95-add9-4337-82fc-3f7703347d08 92a0f858ce6e443f9ee7b7239b3c4dcf 8a2c5af7beb34591a9bb60cd3da2d8da - - default default] 10.0.0.238 "POST /v2.0/routers HTTP/1.1" status: 201 len: 1154 time: 1.3383238
2026-05-19 04:11:13.747 9 INFO neutron.plugins.ml2.drivers.ovn.mech_driver.mech_driver [None req-46977526-bab7-4d48-8533-26b70980370e - - - - - -] OVN reports status up for port: 1c1689f7-8db7-4c64-94b6-6bb07a8ee1b5
2026-05-19 04:11:13.763 9 INFO neutron.plugins.ml2.plugin [None req-46977526-bab7-4d48-8533-26b70980370e - - - - - -] Attempt 1 to provision port 1c1689f7-8db7-4c64-94b6-6bb07a8ee1b5
2026-05-19 04:11:13.783 10 INFO neutron.api.wsgi [req-619e2a45-2590-46a6-9ee5-f24aed44b1ca req-aa1df912-7a6b-462e-8aa0-137b51a3461f 3967bfc2a0d34d4e9e694670449f981d b61be2799aa145a88128ac9b77722395 - - default default] 10.0.0.160 "GET /v2.0/ports?device_id=d77e669e-3991-4e56-890a-fd43d8299662 HTTP/1.1" status: 200 len: 1172 time: 0.0485377
2026-05-19 04:11:13.856 10 INFO neutron.api.wsgi [req-619e2a45-2590-46a6-9ee5-f24aed44b1ca req-9bff8382-5316-448c-85b3-aa507f614594 3967bfc2a0d34d4e9e694670449f981d b61be2799aa145a88128ac9b77722395 - - default default] 10.0.0.160 "GET /v2.0/security-groups?id=00567702-cfc3-4242-afc5-48ec0c2cf893&fields=id&fields=name HTTP/1.1" status: 200 len: 313 time: 0.0600562
2026-05-19 04:11:13.873 9 INFO neutron.api.wsgi [req-4ac9045a-b9be-417b-b77d-c8d4a8b7f6c6 req-ddf86d4b-5d51-4009-82dc-5307f7dd16dc deba606f398642cc8fbfc09018e8cad3 f58c58a1ae174e17af741c2585469534 - - default default] 10.0.0.160 "GET /v2.0/ports?device_id=c6f88717-1a94-4d8b-b03b-c678d14a08e9 HTTP/1.1" status: 200 len: 210 time: 0.0235698
2026-05-19 04:11:13.922 9 INFO neutron.notifiers.nova [-] Nova event matching ['req-617ee489-f72a-4984-8072-3bc00943c01a'] response: {'server_uuid': 'd77e669e-3991-4e56-890a-fd43d8299662', 'name': 'network-vif-plugged', 'status': 'completed', 'tag': '1c1689f7-8db7-4c64-94b6-6bb07a8ee1b5', 'code': 200}
2026-05-19 04:11:14.034 9 INFO neutron.db.ovn_revision_numbers_db [None req-46977526-bab7-4d48-8533-26b70980370e - - - - - -] Successfully bumped revision number for resource 1c1689f7-8db7-4c64-94b6-6bb07a8ee1b5 (type: ports) to 5
2026-05-19 04:11:14.305 10 WARNING neutron.scheduler.dhcp_agent_scheduler [None req-0690dc89-930b-4677-895a-661f6a8f56df 92a0f858ce6e443f9ee7b7239b3c4dcf 8a2c5af7beb34591a9bb60cd3da2d8da - - default default] No more DHCP agents
2026-05-19 04:11:14.306 10 WARNING neutron.api.rpc.agentnotifiers.dhcp_rpc_agent_api [None req-0690dc89-930b-4677-895a-661f6a8f56df 92a0f858ce6e443f9ee7b7239b3c4dcf 8a2c5af7beb34591a9bb60cd3da2d8da - - default default] Unable to schedule network 5ba6d9bb-4012-42a8-bfd9-73c8e8a878ea: no agents available; will retry on subsequent port and subnet creation events.
2026-05-19 04:11:14.430 10 INFO neutron.db.ovn_revision_numbers_db [None req-0690dc89-930b-4677-895a-661f6a8f56df 92a0f858ce6e443f9ee7b7239b3c4dcf 8a2c5af7beb34591a9bb60cd3da2d8da - - default default] Successfully bumped revision number for resource 3b855916-4414-47d1-a24d-fb0c525f8742 (type: ports) to 1 /var/lib/openstack/lib/python3.12/site-packages/pycadf/identifier.py:71: UserWarning: Invalid uuid: neutron. To ensure interoperability, identifiers should be a valid uuid. warnings.warn(('Invalid uuid: %s. To ensure interoperability, '
2026-05-19 04:11:14.958 10 INFO neutron.api.wsgi [req-65111397-4f2a-4aa5-bacc-780f3115489a req-4d1d2d7b-cfea-46ac-98f9-124565aa8771 deba606f398642cc8fbfc09018e8cad3 f58c58a1ae174e17af741c2585469534 - - default default] 10.0.0.160 "GET /v2.0/ports?device_id=c6f88717-1a94-4d8b-b03b-c678d14a08e9 HTTP/1.1" status: 200 len: 210 time: 0.0191195
2026-05-19 04:11:14.985 9 INFO neutron.api.wsgi [req-57409033-261c-40bf-83b2-4ef3dcc6c386 req-de491c10-2388-43cc-939b-ef464bdefb23 3967bfc2a0d34d4e9e694670449f981d b61be2799aa145a88128ac9b77722395 - - default default] 10.0.0.160 "GET /v2.0/ports?device_id=d77e669e-3991-4e56-890a-fd43d8299662 HTTP/1.1" status: 200 len: 1174 time: 0.0413408
2026-05-19 04:11:15.026 9 INFO neutron.api.wsgi [req-57409033-261c-40bf-83b2-4ef3dcc6c386 req-8da7b04c-5ebc-4b26-9091-76e9a639f909 3967bfc2a0d34d4e9e694670449f981d b61be2799aa145a88128ac9b77722395 - - default default] 10.0.0.160 "GET /v2.0/security-groups?id=00567702-cfc3-4242-afc5-48ec0c2cf893&fields=id&fields=name HTTP/1.1" status: 200 len: 313 time: 0.0337722
2026-05-19 04:11:15.061 10 INFO neutron.db.ovn_revision_numbers_db [None req-0690dc89-930b-4677-895a-661f6a8f56df 92a0f858ce6e443f9ee7b7239b3c4dcf 8a2c5af7beb34591a9bb60cd3da2d8da - - default default] Successfully bumped revision number for resource 3b855916-4414-47d1-a24d-fb0c525f8742 (type: ports) to 1
2026-05-19 04:11:15.118 10 WARNING neutron.scheduler.dhcp_agent_scheduler [None req-0690dc89-930b-4677-895a-661f6a8f56df 92a0f858ce6e443f9ee7b7239b3c4dcf 8a2c5af7beb34591a9bb60cd3da2d8da - - default default] No more DHCP agents
2026-05-19 04:11:15.119 10 WARNING neutron.api.rpc.agentnotifiers.dhcp_rpc_agent_api [None req-0690dc89-930b-4677-895a-661f6a8f56df 92a0f858ce6e443f9ee7b7239b3c4dcf 8a2c5af7beb34591a9bb60cd3da2d8da - - default default] Unable to schedule network 5ba6d9bb-4012-42a8-bfd9-73c8e8a878ea: no agents available; will retry on subsequent port and subnet creation events.
2026-05-19 04:11:15.508 10 INFO neutron.db.ovn_revision_numbers_db [None req-0690dc89-930b-4677-895a-661f6a8f56df 92a0f858ce6e443f9ee7b7239b3c4dcf 8a2c5af7beb34591a9bb60cd3da2d8da - - default default] Successfully bumped revision number for resource 3b855916-4414-47d1-a24d-fb0c525f8742 (type: router_ports) to 1
2026-05-19 04:11:15.514 10 INFO neutron.api.wsgi [None req-0690dc89-930b-4677-895a-661f6a8f56df 92a0f858ce6e443f9ee7b7239b3c4dcf 8a2c5af7beb34591a9bb60cd3da2d8da - - default default] 10.0.0.238 "PUT /v2.0/routers/c70ea564-10c8-4399-846e-2bedc7fe528a/add_router_interface HTTP/1.1" status: 200 len: 503 time: 2.0094318
2026-05-19 04:11:15.524 10 WARNING neutron_lib.context [None req-7d2b8dd4-a704-496e-b283-16c4e2eb269d 92a0f858ce6e443f9ee7b7239b3c4dcf 8a2c5af7beb34591a9bb60cd3da2d8da - - default default] Method 'is_advsvc' is deprecated since 2023.2 release (neutron-lib 3.8.0) and will be removed once support for the old RBAC API policies will be removed from Neutron. Please use method 'is_service_role' instead.
2026-05-19 04:11:15.812 10 WARNING neutron.scheduler.dhcp_agent_scheduler [None req-7d2b8dd4-a704-496e-b283-16c4e2eb269d 92a0f858ce6e443f9ee7b7239b3c4dcf 8a2c5af7beb34591a9bb60cd3da2d8da - - default default] No more DHCP agents
2026-05-19 04:11:15.817 10 WARNING neutron.api.rpc.agentnotifiers.dhcp_rpc_agent_api [None req-7d2b8dd4-a704-496e-b283-16c4e2eb269d 92a0f858ce6e443f9ee7b7239b3c4dcf 8a2c5af7beb34591a9bb60cd3da2d8da - - default default] Unable to schedule network 5ba6d9bb-4012-42a8-bfd9-73c8e8a878ea: no agents available; will retry on subsequent port and subnet creation events.
2026-05-19 04:11:15.950 9 INFO neutron.notifiers.nova [-] Nova event matching ['req-f360bb9c-2a00-4bd7-921b-b4ba63ba7790'] response: {'server_uuid': 'd77e669e-3991-4e56-890a-fd43d8299662', 'name': 'network-vif-plugged', 'status': 'completed', 'tag': '1c1689f7-8db7-4c64-94b6-6bb07a8ee1b5', 'code': 200}
2026-05-19 04:11:15.954 10 INFO neutron.db.ovn_revision_numbers_db [None req-7d2b8dd4-a704-496e-b283-16c4e2eb269d 92a0f858ce6e443f9ee7b7239b3c4dcf 8a2c5af7beb34591a9bb60cd3da2d8da - - default default] Successfully bumped revision number for resource 6db3f72e-d9f2-4a04-9a0a-4d8bb53d233d (type: ports) to 1
2026-05-19 04:11:15.973 10 INFO neutron.api.wsgi [None req-7d2b8dd4-a704-496e-b283-16c4e2eb269d 92a0f858ce6e443f9ee7b7239b3c4dcf 8a2c5af7beb34591a9bb60cd3da2d8da - - default default] 10.0.0.238 "POST /v2.0/ports HTTP/1.1" status: 201 len: 1154 time: 0.4531791 /var/lib/openstack/lib/python3.12/site-packages/pycadf/identifier.py:71: UserWarning: Invalid uuid: neutron. To ensure interoperability, identifiers should be a valid uuid. warnings.warn(('Invalid uuid: %s. To ensure interoperability, '
2026-05-19 04:11:15.983 10 WARNING neutron_lib.context [None req-c840426a-b8b9-40e3-877b-b695216b3552 92a0f858ce6e443f9ee7b7239b3c4dcf 8a2c5af7beb34591a9bb60cd3da2d8da - - default default] Method 'is_advsvc' is deprecated since 2023.2 release (neutron-lib 3.8.0) and will be removed once support for the old RBAC API policies will be removed from Neutron. Please use method 'is_service_role' instead.
2026-05-19 04:11:16.042 9 INFO neutron.api.wsgi [req-bc128505-7e74-4f17-aa8a-7ef28ddbca77 req-59bc0e3c-e2be-472d-b487-6000cfa1dcb2 deba606f398642cc8fbfc09018e8cad3 f58c58a1ae174e17af741c2585469534 - - default default] 10.0.0.160 "GET /v2.0/ports?device_id=c6f88717-1a94-4d8b-b03b-c678d14a08e9 HTTP/1.1" status: 200 len: 210 time: 0.0167036
2026-05-19 04:11:16.133 10 INFO neutron.api.wsgi [req-871c0684-a203-4db9-b1ce-ae4c5dee583d req-1d275e9c-424d-4a78-90de-47c931d47e76 3967bfc2a0d34d4e9e694670449f981d b61be2799aa145a88128ac9b77722395 - - default default] 10.0.0.160 "GET /v2.0/ports?device_id=d77e669e-3991-4e56-890a-fd43d8299662 HTTP/1.1" status: 200 len: 1174 time: 0.0363369
2026-05-19 04:11:16.182 10 INFO neutron.api.wsgi [req-871c0684-a203-4db9-b1ce-ae4c5dee583d req-1ade21a4-2737-423f-b0a0-1432f7248ac3 3967bfc2a0d34d4e9e694670449f981d b61be2799aa145a88128ac9b77722395 - - default default] 10.0.0.160 "GET /v2.0/security-groups?id=00567702-cfc3-4242-afc5-48ec0c2cf893&fields=id&fields=name HTTP/1.1" status: 200 len: 313 time: 0.0434465
2026-05-19 04:11:16.249 10 WARNING neutron.scheduler.dhcp_agent_scheduler [None req-c840426a-b8b9-40e3-877b-b695216b3552 92a0f858ce6e443f9ee7b7239b3c4dcf 8a2c5af7beb34591a9bb60cd3da2d8da - - default default] No more DHCP agents
2026-05-19 04:11:16.250 10 WARNING neutron.api.rpc.agentnotifiers.dhcp_rpc_agent_api [None req-c840426a-b8b9-40e3-877b-b695216b3552 92a0f858ce6e443f9ee7b7239b3c4dcf 8a2c5af7beb34591a9bb60cd3da2d8da - - default default] Unable to schedule network 5ba6d9bb-4012-42a8-bfd9-73c8e8a878ea: no agents available; will retry on subsequent port and subnet creation events.
2026-05-19 04:11:16.307 9 INFO neutron.api.wsgi [req-b373ec87-86b9-4c6f-9636-3ca869177176 req-eae7faed-dd21-408a-b78e-5475ae023dba 3967bfc2a0d34d4e9e694670449f981d b61be2799aa145a88128ac9b77722395 - - default default] 10.0.0.160 "GET /v2.0/ports?device_id=d77e669e-3991-4e56-890a-fd43d8299662 HTTP/1.1" status: 200 len: 1174 time: 0.0758009
2026-05-19 04:11:16.386 10 INFO neutron.db.ovn_revision_numbers_db [None req-c840426a-b8b9-40e3-877b-b695216b3552 92a0f858ce6e443f9ee7b7239b3c4dcf 8a2c5af7beb34591a9bb60cd3da2d8da - - default default] Successfully bumped revision number for resource 5aed8b60-2939-41ea-ab53-50ed8fbea7fd (type: ports) to 1
2026-05-19 04:11:16.410 10 INFO neutron.api.wsgi [None req-c840426a-b8b9-40e3-877b-b695216b3552 92a0f858ce6e443f9ee7b7239b3c4dcf 8a2c5af7beb34591a9bb60cd3da2d8da - - default default] 10.0.0.238 "POST /v2.0/ports HTTP/1.1" status: 201 len: 1157 time: 0.4319823 /var/lib/openstack/lib/python3.12/site-packages/pycadf/identifier.py:71: UserWarning: Invalid uuid: neutron. To ensure interoperability, identifiers should be a valid uuid. warnings.warn(('Invalid uuid: %s. To ensure interoperability, '
2026-05-19 04:11:16.423 10 WARNING neutron_lib.context [None req-e28e7c21-00eb-4bb8-8f9b-e106e736d872 92a0f858ce6e443f9ee7b7239b3c4dcf 8a2c5af7beb34591a9bb60cd3da2d8da - - default default] Method 'is_advsvc' is deprecated since 2023.2 release (neutron-lib 3.8.0) and will be removed once support for the old RBAC API policies will be removed from Neutron. Please use method 'is_service_role' instead.
2026-05-19 04:11:16.660 10 WARNING neutron.scheduler.dhcp_agent_scheduler [None req-e28e7c21-00eb-4bb8-8f9b-e106e736d872 92a0f858ce6e443f9ee7b7239b3c4dcf 8a2c5af7beb34591a9bb60cd3da2d8da - - default default] No more DHCP agents
2026-05-19 04:11:16.661 10 WARNING neutron.api.rpc.agentnotifiers.dhcp_rpc_agent_api [None req-e28e7c21-00eb-4bb8-8f9b-e106e736d872 92a0f858ce6e443f9ee7b7239b3c4dcf 8a2c5af7beb34591a9bb60cd3da2d8da - - default default] Unable to schedule network 2488a5c5-3a77-416a-9b17-71dfc3b2bd90: no agents available; will retry on subsequent port and subnet creation events.
2026-05-19 04:11:16.973 9 INFO neutron.db.ovn_revision_numbers_db [None req-15f7a13f-1893-43a9-ba41-bdbe45c2b917 3967bfc2a0d34d4e9e694670449f981d b61be2799aa145a88128ac9b77722395 - - default default] Successfully bumped revision number for resource 970a4b93-b35a-47a7-920f-c6f36edc0b6d (type: floatingips) to 1
2026-05-19 04:11:16.977 10 INFO neutron.api.wsgi [req-8f63da03-ce2d-4eb0-9b1d-d7b33a67141f req-7e64c4de-b084-409b-93b1-2f7a0a51582e deba606f398642cc8fbfc09018e8cad3 f58c58a1ae174e17af741c2585469534 - - default default] 199.19.213.225 "GET /v2.0/networks?id=1b732f19-9a00-4de4-a82d-74e7a0aa2fc4 HTTP/1.1" status: 200 len: 860 time: 0.0738699
2026-05-19 04:11:17.036 10 INFO neutron.api.wsgi [req-8f63da03-ce2d-4eb0-9b1d-d7b33a67141f req-59ad5164-4878-4883-b038-49359c7434cb deba606f398642cc8fbfc09018e8cad3 f58c58a1ae174e17af741c2585469534 - - default default] 199.19.213.225 "GET /v2.0/security-groups?fields=id&fields=name&tenant_id=f58c58a1ae174e17af741c2585469534 HTTP/1.1" status: 200 len: 472 time: 0.0511725
2026-05-19 04:11:17.049 10 WARNING neutron_lib.context [req-8f63da03-ce2d-4eb0-9b1d-d7b33a67141f req-38f7d511-4e7d-4176-b56b-a05716f31d87 deba606f398642cc8fbfc09018e8cad3 f58c58a1ae174e17af741c2585469534 - - default default] Method 'is_advsvc' is deprecated since 2023.2 release (neutron-lib 3.8.0) and will be removed once support for the old RBAC API policies will be removed from Neutron. Please use method 'is_service_role' instead.
2026-05-19 04:11:17.097 9 INFO neutron.db.ovn_revision_numbers_db [None req-15f7a13f-1893-43a9-ba41-bdbe45c2b917 3967bfc2a0d34d4e9e694670449f981d b61be2799aa145a88128ac9b77722395 - - default default] Successfully bumped revision number for resource 970a4b93-b35a-47a7-920f-c6f36edc0b6d (type: floatingips) to 2
2026-05-19 04:11:17.097 9 INFO neutron.db.l3_db [None req-15f7a13f-1893-43a9-ba41-bdbe45c2b917 3967bfc2a0d34d4e9e694670449f981d b61be2799aa145a88128ac9b77722395 - - default default] Floating IP 970a4b93-b35a-47a7-920f-c6f36edc0b6d associated. External IP: 10.96.250.209, port: 1c1689f7-8db7-4c64-94b6-6bb07a8ee1b5.
2026-05-19 04:11:17.121 9 INFO neutron.api.wsgi [None req-15f7a13f-1893-43a9-ba41-bdbe45c2b917 3967bfc2a0d34d4e9e694670449f981d b61be2799aa145a88128ac9b77722395 - - default default] 10.0.0.238 "PUT /v2.0/floatingips/970a4b93-b35a-47a7-920f-c6f36edc0b6d HTTP/1.1" status: 200 len: 1050 time: 0.8014460
2026-05-19 04:11:17.138 10 INFO neutron.api.wsgi [req-ead92146-80c1-49ba-9dfd-00053a118ac7 req-67efab8f-f168-41f4-b6bc-d6640a007894 deba606f398642cc8fbfc09018e8cad3 f58c58a1ae174e17af741c2585469534 - - default default] 10.0.0.160 "GET /v2.0/ports?device_id=c6f88717-1a94-4d8b-b03b-c678d14a08e9 HTTP/1.1" status: 200 len: 210 time: 0.0288186
2026-05-19 04:11:17.186 9 INFO neutron.api.wsgi [req-6b3434ec-1b1e-4763-8254-1bc9c78e10f0 req-b3fa9acd-ad59-4453-aab2-7d8357965388 3967bfc2a0d34d4e9e694670449f981d b61be2799aa145a88128ac9b77722395 - - default default] 10.0.0.160 "GET /v2.0/ports?device_id=d77e669e-3991-4e56-890a-fd43d8299662 HTTP/1.1" status: 200 len: 1174 time: 0.0303621
2026-05-19 04:11:17.221 9 INFO neutron.api.wsgi [req-6b3434ec-1b1e-4763-8254-1bc9c78e10f0 req-c451d783-b8c3-4678-ac46-0aca3c3c9bf7 3967bfc2a0d34d4e9e694670449f981d b61be2799aa145a88128ac9b77722395 - - default default] 10.0.0.160 "GET /v2.0/security-groups?id=00567702-cfc3-4242-afc5-48ec0c2cf893&fields=id&fields=name HTTP/1.1" status: 200 len: 313 time: 0.0280914
2026-05-19 04:11:17.402 10 WARNING neutron.scheduler.dhcp_agent_scheduler [req-8f63da03-ce2d-4eb0-9b1d-d7b33a67141f req-38f7d511-4e7d-4176-b56b-a05716f31d87 deba606f398642cc8fbfc09018e8cad3 f58c58a1ae174e17af741c2585469534 - - default default] No more DHCP agents
2026-05-19 04:11:17.403 10 WARNING neutron.api.rpc.agentnotifiers.dhcp_rpc_agent_api [req-8f63da03-ce2d-4eb0-9b1d-d7b33a67141f req-38f7d511-4e7d-4176-b56b-a05716f31d87 deba606f398642cc8fbfc09018e8cad3 f58c58a1ae174e17af741c2585469534 - - default default] Unable to schedule network 1b732f19-9a00-4de4-a82d-74e7a0aa2fc4: no agents available; will retry on subsequent port and subnet creation events. /var/lib/openstack/lib/python3.12/site-packages/pycadf/identifier.py:71: UserWarning: Invalid uuid: neutron. To ensure interoperability, identifiers should be a valid uuid. warnings.warn(('Invalid uuid: %s. To ensure interoperability, '
2026-05-19 04:11:17.453 10 INFO neutron.db.ovn_revision_numbers_db [None req-e28e7c21-00eb-4bb8-8f9b-e106e736d872 92a0f858ce6e443f9ee7b7239b3c4dcf 8a2c5af7beb34591a9bb60cd3da2d8da - - default default] Successfully bumped revision number for resource 23ddecd5-d17e-47b8-876c-1027341896e4 (type: floatingips) to -1
2026-05-19 04:11:17.472 10 INFO neutron.api.wsgi [req-75ffd290-0e89-4759-a9f3-2c186e38e6d6 req-3a79957e-512f-44c6-a3ff-e6b356963349 3967bfc2a0d34d4e9e694670449f981d b61be2799aa145a88128ac9b77722395 - - default default] 10.0.0.160 "GET /v2.0/ports?device_id=d77e669e-3991-4e56-890a-fd43d8299662 HTTP/1.1" status: 200 len: 1174 time: 0.0514157
2026-05-19 04:11:17.541 10 INFO neutron.api.wsgi [req-75ffd290-0e89-4759-a9f3-2c186e38e6d6 req-0aed62b4-1eb9-45ab-9b24-61cee429d701 3967bfc2a0d34d4e9e694670449f981d b61be2799aa145a88128ac9b77722395 - - default default] 10.0.0.160 "GET /v2.0/security-groups?id=00567702-cfc3-4242-afc5-48ec0c2cf893&fields=id&fields=name HTTP/1.1" status: 200 len: 313 time: 0.0620263
2026-05-19 04:11:17.605 10 INFO neutron.db.ovn_revision_numbers_db [None req-e28e7c21-00eb-4bb8-8f9b-e106e736d872 92a0f858ce6e443f9ee7b7239b3c4dcf 8a2c5af7beb34591a9bb60cd3da2d8da - - default default] Successfully bumped revision number for resource 23ddecd5-d17e-47b8-876c-1027341896e4 (type: floatingips) to 1
2026-05-19 04:11:17.606 10 INFO neutron.db.l3_db [None req-e28e7c21-00eb-4bb8-8f9b-e106e736d872 92a0f858ce6e443f9ee7b7239b3c4dcf 8a2c5af7beb34591a9bb60cd3da2d8da - - default default] Floating IP 23ddecd5-d17e-47b8-876c-1027341896e4 associated. External IP: 10.96.250.215, port: 5aed8b60-2939-41ea-ab53-50ed8fbea7fd.
2026-05-19 04:11:17.624 10 INFO neutron.db.ovn_revision_numbers_db [req-8f63da03-ce2d-4eb0-9b1d-d7b33a67141f req-38f7d511-4e7d-4176-b56b-a05716f31d87 deba606f398642cc8fbfc09018e8cad3 f58c58a1ae174e17af741c2585469534 - - default default] Successfully bumped revision number for resource 0be79b4c-6eeb-496d-bf17-b80c25c8a702 (type: ports) to 1
2026-05-19 04:11:17.647 10 INFO neutron.api.wsgi [None req-e28e7c21-00eb-4bb8-8f9b-e106e736d872 92a0f858ce6e443f9ee7b7239b3c4dcf 8a2c5af7beb34591a9bb60cd3da2d8da - - default default] 10.0.0.238 "POST /v2.0/floatingips HTTP/1.1" status: 201 len: 1041 time: 1.2303233
2026-05-19 04:11:17.660 10 INFO neutron.api.wsgi [req-8f63da03-ce2d-4eb0-9b1d-d7b33a67141f req-38f7d511-4e7d-4176-b56b-a05716f31d87 deba606f398642cc8fbfc09018e8cad3 f58c58a1ae174e17af741c2585469534 - - default default] 199.19.213.225 "POST /v2.0/ports HTTP/1.1" status: 201 len: 1158 time: 0.6200492
2026-05-19 04:11:17.813 10 INFO neutron.db.ovn_revision_numbers_db [None req-56d83c99-4e86-4871-a133-0b9d74d85487 92a0f858ce6e443f9ee7b7239b3c4dcf 8a2c5af7beb34591a9bb60cd3da2d8da - - default default] Successfully bumped revision number for resource 23ddecd5-d17e-47b8-876c-1027341896e4 (type: floatingips) to 2
2026-05-19 04:11:17.871 10 INFO neutron.db.l3_db [None req-56d83c99-4e86-4871-a133-0b9d74d85487 92a0f858ce6e443f9ee7b7239b3c4dcf 8a2c5af7beb34591a9bb60cd3da2d8da - - default default] Floating IP 23ddecd5-d17e-47b8-876c-1027341896e4 disassociated. External IP: 10.96.250.215, port: 5aed8b60-2939-41ea-ab53-50ed8fbea7fd.
2026-05-19 04:11:17.899 10 INFO neutron.api.wsgi [None req-56d83c99-4e86-4871-a133-0b9d74d85487 92a0f858ce6e443f9ee7b7239b3c4dcf 8a2c5af7beb34591a9bb60cd3da2d8da - - default default] 10.0.0.238 "PUT /v2.0/floatingips/23ddecd5-d17e-47b8-876c-1027341896e4 HTTP/1.1" status: 200 len: 748 time: 0.2473111 /var/lib/openstack/lib/python3.12/site-packages/pycadf/identifier.py:71: UserWarning: Invalid uuid: neutron. To ensure interoperability, identifiers should be a valid uuid. warnings.warn(('Invalid uuid: %s. To ensure interoperability, '
2026-05-19 04:11:17.975 9 INFO neutron.plugins.ml2.drivers.ovn.mech_driver.mech_driver [None req-503b29be-2efa-4ffa-926a-4331180ad8ba - - - - - -] OVN reports status down for port: 1c1689f7-8db7-4c64-94b6-6bb07a8ee1b5
2026-05-19 04:11:17.987 9 INFO neutron.notifiers.nova [-] Nova event matching ['req-744109b9-c438-4c7e-8f86-75c0a6d3b7c9'] response: {'name': 'network-changed', 'server_uuid': 'd77e669e-3991-4e56-890a-fd43d8299662', 'tag': '1c1689f7-8db7-4c64-94b6-6bb07a8ee1b5', 'status': 'completed', 'code': 200}
2026-05-19 04:11:18.099 10 INFO neutron.db.ovn_revision_numbers_db [req-8f63da03-ce2d-4eb0-9b1d-d7b33a67141f req-84a62776-cba2-4859-bd30-56545e7350e0 c834e764410548f794cde0c82596473f e685a53ef7874751b59cb65199d00e90 - - 7ea3e3be34a04c748fa51567ef9afceb 7ea3e3be34a04c748fa51567ef9afceb] Successfully bumped revision number for resource 0be79b4c-6eeb-496d-bf17-b80c25c8a702 (type: ports) to 2 /var/lib/openstack/lib/python3.12/site-packages/pycadf/identifier.py:71: UserWarning: Invalid uuid: neutron. To ensure interoperability, identifiers should be a valid uuid. warnings.warn(('Invalid uuid: %s. To ensure interoperability, '
2026-05-19 04:11:18.241 9 INFO neutron.db.ovn_revision_numbers_db [None req-503b29be-2efa-4ffa-926a-4331180ad8ba - - - - - -] Successfully bumped revision number for resource 1c1689f7-8db7-4c64-94b6-6bb07a8ee1b5 (type: ports) to 6
2026-05-19 04:11:18.245 9 INFO neutron.api.wsgi [None req-836ecfc1-17a9-4e4a-8f99-40eafd77591d 92a0f858ce6e443f9ee7b7239b3c4dcf 8a2c5af7beb34591a9bb60cd3da2d8da - - default default] 10.0.0.238 "DELETE /v2.0/floatingips/23ddecd5-d17e-47b8-876c-1027341896e4 HTTP/1.1" status: 204 len: 168 time: 0.3373899
2026-05-19 04:11:18.259 9 WARNING neutron_lib.context [None req-24498ef6-ea11-41a3-8e5f-89654ebfbf3d 92a0f858ce6e443f9ee7b7239b3c4dcf 8a2c5af7beb34591a9bb60cd3da2d8da - - default default] Method 'is_advsvc' is deprecated since 2023.2 release (neutron-lib 3.8.0) and will be removed once support for the old RBAC API policies will be removed from Neutron. Please use method 'is_service_role' instead.
2026-05-19 04:11:18.298 10 INFO neutron.api.wsgi [req-69b7426e-fa5b-4a0b-9bb3-b7aba5f6d204 req-dcae11b0-c0c7-4497-9565-aeb1aed32e95 deba606f398642cc8fbfc09018e8cad3 f58c58a1ae174e17af741c2585469534 - - default default] 10.0.0.160 "GET /v2.0/ports?device_id=c6f88717-1a94-4d8b-b03b-c678d14a08e9 HTTP/1.1" status: 200 len: 1168 time: 0.1043253 /var/lib/openstack/lib/python3.12/site-packages/pycadf/identifier.py:71: UserWarning: Invalid uuid: neutron. To ensure interoperability, identifiers should be a valid uuid. warnings.warn(('Invalid uuid: %s. To ensure interoperability, '
2026-05-19 04:11:18.343 10 INFO neutron.api.wsgi [req-69b7426e-fa5b-4a0b-9bb3-b7aba5f6d204 req-5b9d7ac1-d8fb-4ce9-abe3-9a0159950dd3 deba606f398642cc8fbfc09018e8cad3 f58c58a1ae174e17af741c2585469534 - - default default] 10.0.0.160 "GET /v2.0/security-groups?id=1dd70798-ec38-4188-bf07-108668cac136&fields=id&fields=name HTTP/1.1" status: 200 len: 313 time: 0.0401211
2026-05-19 04:11:18.366 10 INFO neutron.db.ovn_revision_numbers_db [req-8f63da03-ce2d-4eb0-9b1d-d7b33a67141f req-84a62776-cba2-4859-bd30-56545e7350e0 c834e764410548f794cde0c82596473f e685a53ef7874751b59cb65199d00e90 - - 7ea3e3be34a04c748fa51567ef9afceb 7ea3e3be34a04c748fa51567ef9afceb] Successfully bumped revision number for resource 0be79b4c-6eeb-496d-bf17-b80c25c8a702 (type: ports) to 4
2026-05-19 04:11:18.383 10 INFO neutron.api.wsgi [req-8f63da03-ce2d-4eb0-9b1d-d7b33a67141f req-84a62776-cba2-4859-bd30-56545e7350e0 c834e764410548f794cde0c82596473f e685a53ef7874751b59cb65199d00e90 - - 7ea3e3be34a04c748fa51567ef9afceb 7ea3e3be34a04c748fa51567ef9afceb] 199.19.213.225 "PUT /v2.0/ports/0be79b4c-6eeb-496d-bf17-b80c25c8a702 HTTP/1.1" status: 200 len: 1404 time: 0.7138669
2026-05-19 04:11:18.420 10 INFO neutron.notifiers.nova [-] Nova event matching ['req-6c4736c5-b6c5-412d-aaee-a4883a422be8'] response: {'name': 'network-changed', 'server_uuid': 'c6f88717-1a94-4d8b-b03b-c678d14a08e9', 'tag': '0be79b4c-6eeb-496d-bf17-b80c25c8a702', 'status': 'completed', 'code': 200}
2026-05-19 04:11:18.438 9 WARNING neutron.scheduler.dhcp_agent_scheduler [None req-24498ef6-ea11-41a3-8e5f-89654ebfbf3d 92a0f858ce6e443f9ee7b7239b3c4dcf 8a2c5af7beb34591a9bb60cd3da2d8da - - default default] No more DHCP agents
2026-05-19 04:11:18.439 9 WARNING neutron.api.rpc.agentnotifiers.dhcp_rpc_agent_api [None req-24498ef6-ea11-41a3-8e5f-89654ebfbf3d 92a0f858ce6e443f9ee7b7239b3c4dcf 8a2c5af7beb34591a9bb60cd3da2d8da - - default default] Unable to schedule network 2488a5c5-3a77-416a-9b17-71dfc3b2bd90: no agents available; will retry on subsequent port and subnet creation events.
2026-05-19 04:11:18.535 10 INFO neutron.api.wsgi [req-fc08120c-e6fb-440c-a693-dbf26db066cb req-ecb5d734-9c27-4b0a-a9a5-349fcf67b885 c834e764410548f794cde0c82596473f e685a53ef7874751b59cb65199d00e90 - - 7ea3e3be34a04c748fa51567ef9afceb 7ea3e3be34a04c748fa51567ef9afceb] 199.19.213.225 "GET /v2.0/ports?tenant_id=b61be2799aa145a88128ac9b77722395&device_id=d77e669e-3991-4e56-890a-fd43d8299662 HTTP/1.1" status: 200 len: 1411 time: 0.0349362
2026-05-19 04:11:18.584 10 INFO neutron.api.wsgi [req-fc08120c-e6fb-440c-a693-dbf26db066cb req-824ee247-59f8-4948-8f1c-5475bb099530 c834e764410548f794cde0c82596473f e685a53ef7874751b59cb65199d00e90 - - 7ea3e3be34a04c748fa51567ef9afceb 7ea3e3be34a04c748fa51567ef9afceb] 199.19.213.225 "GET /v2.0/networks?id=0aed0912-398c-4476-837a-61e575cd8ba1 HTTP/1.1" status: 200 len: 972 time: 0.0431442
2026-05-19 04:11:18.629 10 INFO neutron.api.wsgi [req-fc08120c-e6fb-440c-a693-dbf26db066cb req-1b14821f-8f36-4c91-a8f2-733188c04f6c c834e764410548f794cde0c82596473f e685a53ef7874751b59cb65199d00e90 - - 7ea3e3be34a04c748fa51567ef9afceb 7ea3e3be34a04c748fa51567ef9afceb] 199.19.213.225 "GET /v2.0/floatingips?fixed_ip_address=10.100.0.13&port_id=1c1689f7-8db7-4c64-94b6-6bb07a8ee1b5 HTTP/1.1" status: 200 len: 1058 time: 0.0406294
2026-05-19 04:11:18.660 10 INFO neutron.api.wsgi [req-fc08120c-e6fb-440c-a693-dbf26db066cb req-e81071b3-8940-43f3-bd8d-5f807129cad0 c834e764410548f794cde0c82596473f e685a53ef7874751b59cb65199d00e90 - - 7ea3e3be34a04c748fa51567ef9afceb 7ea3e3be34a04c748fa51567ef9afceb] 199.19.213.225 "GET /v2.0/subnets?id=0fa85e67-2785-49b6-8d94-8e05b5fa4a97 HTTP/1.1" status: 200 len: 891 time: 0.0238490
2026-05-19 04:11:18.683 10 INFO neutron.api.wsgi [req-fc08120c-e6fb-440c-a693-dbf26db066cb req-950decbd-5bf2-441d-b079-b130883a132f c834e764410548f794cde0c82596473f e685a53ef7874751b59cb65199d00e90 - - 7ea3e3be34a04c748fa51567ef9afceb 7ea3e3be34a04c748fa51567ef9afceb] 199.19.213.225 "GET /v2.0/ports?network_id=0aed0912-398c-4476-837a-61e575cd8ba1&device_owner=network%3Adhcp HTTP/1.1" status: 200 len: 210 time: 0.0174952
2026-05-19 04:11:18.709 10 INFO neutron.api.wsgi [req-09cbc501-b4ba-49db-88ef-227e5d02ad89 req-2dc35c4d-498b-429c-be30-342f10ba8fc5 3967bfc2a0d34d4e9e694670449f981d b61be2799aa145a88128ac9b77722395 - - default default] 10.0.0.160 "GET /v2.0/ports?device_id=d77e669e-3991-4e56-890a-fd43d8299662 HTTP/1.1" status: 200 len: 1172 time: 0.1060343
2026-05-19 04:11:18.745 10 INFO neutron.api.wsgi [req-09cbc501-b4ba-49db-88ef-227e5d02ad89 req-9b733bcf-014d-4ad6-bdb9-62c6b49955f5 3967bfc2a0d34d4e9e694670449f981d b61be2799aa145a88128ac9b77722395 - - default default] 10.0.0.160 "GET /v2.0/security-groups?id=00567702-cfc3-4242-afc5-48ec0c2cf893&fields=id&fields=name HTTP/1.1" status: 200 len: 313 time: 0.0325458
2026-05-19 04:11:18.759 10 INFO neutron.api.wsgi [req-fc08120c-e6fb-440c-a693-dbf26db066cb req-3915d025-029b-4f83-8300-6cd6dc2eb69e c834e764410548f794cde0c82596473f e685a53ef7874751b59cb65199d00e90 - - 7ea3e3be34a04c748fa51567ef9afceb 7ea3e3be34a04c748fa51567ef9afceb] 199.19.213.225 "GET /v2.0/networks/0aed0912-398c-4476-837a-61e575cd8ba1?fields=segments HTTP/1.1" status: 200 len: 212 time: 0.0683322
2026-05-19 04:11:18.811 10 WARNING neutron.plugins.ml2.drivers.ovn.mech_driver.ovsdb.ovn_client [None req-2d25cf47-c53c-4885-beeb-0f020b8025bf - - - - - -] No hosting information found for port 78d64fda-222a-4883-8f99-ca3b91148cba: RuntimeError: No hosting information found for port 78d64fda-222a-4883-8f99-ca3b91148cba
2026-05-19 04:11:18.811 10 INFO neutron.plugins.ml2.drivers.ovn.mech_driver.mech_driver [None req-2d25cf47-c53c-4885-beeb-0f020b8025bf - - - - - -] OVN reports status up for port: 3b855916-4414-47d1-a24d-fb0c525f8742
2026-05-19 04:11:18.820 10 INFO neutron.api.wsgi [req-fc08120c-e6fb-440c-a693-dbf26db066cb req-3cdb8601-e1ca-4bab-b5bc-50c04c28bd08 c834e764410548f794cde0c82596473f e685a53ef7874751b59cb65199d00e90 - - 7ea3e3be34a04c748fa51567ef9afceb 7ea3e3be34a04c748fa51567ef9afceb] 199.19.213.225 "GET /v2.0/networks/0aed0912-398c-4476-837a-61e575cd8ba1?fields=provider%3Aphysical_network&fields=provider%3Anetwork_type HTTP/1.1" status: 200 len: 277 time: 0.0553014
2026-05-19 04:11:18.820 10 INFO neutron.plugins.ml2.plugin [None req-2d25cf47-c53c-4885-beeb-0f020b8025bf - - - - - -] Attempt 1 to provision port 3b855916-4414-47d1-a24d-fb0c525f8742
2026-05-19 04:11:19.014 10 INFO neutron.api.wsgi [req-77bbed78-52ad-4d13-8400-5d97e3a424f3 req-1c3f9741-2681-4717-bfa8-95dec0424941 c834e764410548f794cde0c82596473f e685a53ef7874751b59cb65199d00e90 - - 7ea3e3be34a04c748fa51567ef9afceb 7ea3e3be34a04c748fa51567ef9afceb] 199.19.213.225 "GET /v2.0/ports?tenant_id=f58c58a1ae174e17af741c2585469534&device_id=c6f88717-1a94-4d8b-b03b-c678d14a08e9 HTTP/1.1" status: 200 len: 1407 time: 0.0577803
2026-05-19 04:11:19.025 9 INFO neutron.db.ovn_revision_numbers_db [None req-24498ef6-ea11-41a3-8e5f-89654ebfbf3d 92a0f858ce6e443f9ee7b7239b3c4dcf 8a2c5af7beb34591a9bb60cd3da2d8da - - default default] Successfully bumped revision number for resource b1533a67-5f25-44b9-91ec-cef0f8d6a916 (type: floatingips) to -1
2026-05-19 04:11:19.070 10 INFO neutron.api.wsgi [req-77bbed78-52ad-4d13-8400-5d97e3a424f3 req-d013eb3e-f1da-4b01-8307-e89ae6e3bda1 c834e764410548f794cde0c82596473f e685a53ef7874751b59cb65199d00e90 - - 7ea3e3be34a04c748fa51567ef9afceb 7ea3e3be34a04c748fa51567ef9afceb] 199.19.213.225 "GET /v2.0/networks?tenant_id=f58c58a1ae174e17af741c2585469534&shared=False HTTP/1.1" status: 200 len: 959 time: 0.0512369
2026-05-19 04:11:19.122 9 INFO neutron.db.ovn_revision_numbers_db [None req-24498ef6-ea11-41a3-8e5f-89654ebfbf3d 92a0f858ce6e443f9ee7b7239b3c4dcf 8a2c5af7beb34591a9bb60cd3da2d8da - - default default] Successfully bumped revision number for resource b1533a67-5f25-44b9-91ec-cef0f8d6a916 (type: floatingips) to 1
2026-05-19 04:11:19.123 9 INFO neutron.db.l3_db [None req-24498ef6-ea11-41a3-8e5f-89654ebfbf3d 92a0f858ce6e443f9ee7b7239b3c4dcf 8a2c5af7beb34591a9bb60cd3da2d8da - - default default] Floating IP b1533a67-5f25-44b9-91ec-cef0f8d6a916 associated. External IP: 10.96.250.220, port: 6db3f72e-d9f2-4a04-9a0a-4d8bb53d233d.
2026-05-19 04:11:19.146 10 INFO neutron.api.wsgi [req-77bbed78-52ad-4d13-8400-5d97e3a424f3 req-8166ba9e-4ced-4e42-ab14-b8601a60a7bb c834e764410548f794cde0c82596473f e685a53ef7874751b59cb65199d00e90 - - 7ea3e3be34a04c748fa51567ef9afceb 7ea3e3be34a04c748fa51567ef9afceb] 199.19.213.225 "GET /v2.0/networks?shared=True HTTP/1.1" status: 200 len: 952 time: 0.0708652
2026-05-19 04:11:19.158 9 INFO neutron.api.wsgi [None req-24498ef6-ea11-41a3-8e5f-89654ebfbf3d 92a0f858ce6e443f9ee7b7239b3c4dcf 8a2c5af7beb34591a9bb60cd3da2d8da - - default default] 10.0.0.238 "POST /v2.0/floatingips HTTP/1.1" status: 201 len: 1041 time: 0.9028797 /var/lib/openstack/lib/python3.12/site-packages/pycadf/identifier.py:71: UserWarning: Invalid uuid: neutron. To ensure interoperability, identifiers should be a valid uuid. warnings.warn(('Invalid uuid: %s. To ensure interoperability, '
2026-05-19 04:11:19.200 10 INFO neutron.api.wsgi [req-4358c270-b858-4ed1-b82b-fee674741415 req-2933f026-acb2-431c-b41c-54fa281ae04a 3967bfc2a0d34d4e9e694670449f981d b61be2799aa145a88128ac9b77722395 - - default default] 199.19.213.225 "GET /v2.0/ports?device_id=d77e669e-3991-4e56-890a-fd43d8299662 HTTP/1.1" status: 200 len: 1172 time: 0.0413229
2026-05-19 04:11:19.200 9 INFO neutron.api.wsgi [None req-df5765bb-abdd-453c-952d-6c88516786ca 92a0f858ce6e443f9ee7b7239b3c4dcf 8a2c5af7beb34591a9bb60cd3da2d8da - - default default] 10.0.0.238 "GET /v2.0/floatingips/b1533a67-5f25-44b9-91ec-cef0f8d6a916 HTTP/1.1" status: 200 len: 1038 time: 0.0312788
2026-05-19 04:11:19.257 9 INFO neutron.api.wsgi [None req-b9be7b1c-ef49-4df1-833f-155ba89908e6 92a0f858ce6e443f9ee7b7239b3c4dcf 8a2c5af7beb34591a9bb60cd3da2d8da - - default default] 10.0.0.238 "GET /v2.0/floatingips HTTP/1.1" status: 200 len: 1041 time: 0.0522697
2026-05-19 04:11:19.265 10 INFO neutron.db.ovn_revision_numbers_db [None req-bf94c601-1491-43c6-8561-cff341cf4635 f77b760cfffc4917925ca7502c2aaccd 35cb3bd5217649d8b8ad9932c17d036d - - default default] Successfully bumped revision number for resource 08be3bcb-bb4b-474d-9d0f-2e61b5f80d85 (type: security_groups) to 1
2026-05-19 04:11:19.288 10 INFO neutron.db.ovn_revision_numbers_db [None req-bf94c601-1491-43c6-8561-cff341cf4635 f77b760cfffc4917925ca7502c2aaccd 35cb3bd5217649d8b8ad9932c17d036d - - default default] Successfully bumped revision number for resource 233165bf-4e1a-4f8e-8541-c043bf9cd6b4 (type: security_group_rules) to 0
2026-05-19 04:11:19.316 10 INFO neutron.db.ovn_revision_numbers_db [None req-bf94c601-1491-43c6-8561-cff341cf4635 f77b760cfffc4917925ca7502c2aaccd 35cb3bd5217649d8b8ad9932c17d036d - - default default] Successfully bumped revision number for resource 499c20de-eec5-451f-bf3c-97c2a1674f77 (type: security_group_rules) to 0
2026-05-19 04:11:19.340 10 INFO neutron.db.ovn_revision_numbers_db [None req-bf94c601-1491-43c6-8561-cff341cf4635 f77b760cfffc4917925ca7502c2aaccd 35cb3bd5217649d8b8ad9932c17d036d - - default default] Successfully bumped revision number for resource 9d551cab-e7f1-461c-9d25-428d142b5923 (type: security_group_rules) to 0
2026-05-19 04:11:19.363 10 INFO neutron.db.ovn_revision_numbers_db [None req-2d25cf47-c53c-4885-beeb-0f020b8025bf - - - - - -] Successfully bumped revision number for resource 3b855916-4414-47d1-a24d-fb0c525f8742 (type: ports) to 2
2026-05-19 04:11:19.366 10 INFO neutron.db.ovn_revision_numbers_db [None req-bf94c601-1491-43c6-8561-cff341cf4635 f77b760cfffc4917925ca7502c2aaccd 35cb3bd5217649d8b8ad9932c17d036d - - default default] Successfully bumped revision number for resource d5e7957e-044b-4d02-9940-c8d95b5fa65a (type: security_group_rules) to 0
2026-05-19 04:11:19.454 10 INFO neutron.api.wsgi [None req-bf94c601-1491-43c6-8561-cff341cf4635 f77b760cfffc4917925ca7502c2aaccd 35cb3bd5217649d8b8ad9932c17d036d - - default default] 10.0.0.238 "GET /v2.0/security-groups?tenant_id=a1c5d91db80940b6aaf16a656b87a2fc&name=default HTTP/1.1" status: 200 len: 3120 time: 0.5949478
2026-05-19 04:11:19.494 9 INFO neutron.api.wsgi [req-880caf72-d8ee-4305-a9a1-eddb31993c91 req-889c3e76-4de0-4069-9250-3ce75bc7ce21 deba606f398642cc8fbfc09018e8cad3 f58c58a1ae174e17af741c2585469534 - - default default] 10.0.0.160 "GET /v2.0/ports?device_id=c6f88717-1a94-4d8b-b03b-c678d14a08e9 HTTP/1.1" status: 200 len: 1168 time: 0.0912697
2026-05-19 04:11:19.550 9 INFO neutron.api.wsgi [req-880caf72-d8ee-4305-a9a1-eddb31993c91 req-07b6d182-5aa9-4d68-8b22-e7fb140c3218 deba606f398642cc8fbfc09018e8cad3 f58c58a1ae174e17af741c2585469534 - - default default] 10.0.0.160 "GET /v2.0/security-groups?id=1dd70798-ec38-4188-bf07-108668cac136&fields=id&fields=name HTTP/1.1" status: 200 len: 313 time: 0.0475497
2026-05-19 04:11:19.667 10 INFO neutron.db.l3_db [req-4358c270-b858-4ed1-b82b-fee674741415 req-41155532-e6f0-4a80-96bc-468ebcb4247d 3967bfc2a0d34d4e9e694670449f981d b61be2799aa145a88128ac9b77722395 - - default default] Floating IP 970a4b93-b35a-47a7-920f-c6f36edc0b6d disassociated. External IP: 10.96.250.209, port: 1c1689f7-8db7-4c64-94b6-6bb07a8ee1b5.
2026-05-19 04:11:19.787 10 INFO neutron.api.wsgi [None req-4c445a6b-e3c3-4d0e-a84f-d706c3af6ac2 f77b760cfffc4917925ca7502c2aaccd 35cb3bd5217649d8b8ad9932c17d036d - - default default] 10.0.0.238 "DELETE /v2.0/security-groups/08be3bcb-bb4b-474d-9d0f-2e61b5f80d85 HTTP/1.1" status: 204 len: 168 time: 0.3269374
2026-05-19 04:11:19.799 10 INFO neutron.api.wsgi [req-4358c270-b858-4ed1-b82b-fee674741415 req-41155532-e6f0-4a80-96bc-468ebcb4247d 3967bfc2a0d34d4e9e694670449f981d b61be2799aa145a88128ac9b77722395 - - default default] 199.19.213.225 "DELETE /v2.0/ports/1c1689f7-8db7-4c64-94b6-6bb07a8ee1b5 HTTP/1.1" status: 204 len: 173 time: 0.5852542
