2026-05-19 04:12:22.932 9 WARNING neutron.scheduler.dhcp_agent_scheduler [None req-8672efbf-612b-44f9-b6bf-bee020bc8097 d41708b08a91429db5f379ccf4b7f37c 159108e4d0ca4492aa97a94469ed8099 - - default default] No more DHCP agents
2026-05-19 04:12:22.934 9 WARNING neutron.api.rpc.agentnotifiers.dhcp_rpc_agent_api [None req-8672efbf-612b-44f9-b6bf-bee020bc8097 d41708b08a91429db5f379ccf4b7f37c 159108e4d0ca4492aa97a94469ed8099 - - default default] Unable to schedule network 2027a0e5-c084-4ea4-8ffd-7931c7dbd07f: no agents available; will retry on subsequent port and subnet creation events.
2026-05-19 04:12:23.003 9 INFO neutron.db.ovn_revision_numbers_db [None req-8672efbf-612b-44f9-b6bf-bee020bc8097 d41708b08a91429db5f379ccf4b7f37c 159108e4d0ca4492aa97a94469ed8099 - - default default] Successfully bumped revision number for resource 69b0fa31-9530-4036-9276-3bbf9da4b4a9 (type: ports) to 1
2026-05-19 04:12:23.087 9 INFO neutron.db.ovn_revision_numbers_db [None req-8672efbf-612b-44f9-b6bf-bee020bc8097 d41708b08a91429db5f379ccf4b7f37c 159108e4d0ca4492aa97a94469ed8099 - - default default] Successfully bumped revision number for resource 210a1c91-ed1e-4efe-be06-b872c018d23f (type: networks) to 1
2026-05-19 04:12:23.158 10 INFO neutron.plugins.ml2.drivers.ovn.mech_driver.mech_driver [None req-7b211192-2860-48ce-8561-9806049deeb4 - - - - - -] OVN reports status up for port: 6f4ca33b-060e-413d-baab-80fc678c148d
2026-05-19 04:12:23.178 10 INFO neutron.plugins.ml2.plugin [None req-7b211192-2860-48ce-8561-9806049deeb4 - - - - - -] Attempt 1 to provision port 6f4ca33b-060e-413d-baab-80fc678c148d
2026-05-19 04:12:23.185 9 INFO neutron.db.ovn_revision_numbers_db [None req-48151894-3648-45be-807f-e91580698ba4 f77b760cfffc4917925ca7502c2aaccd 35cb3bd5217649d8b8ad9932c17d036d - - default default] Successfully bumped revision number for resource 6f4ca33b-060e-413d-baab-80fc678c148d (type: ports) to 1
2026-05-19 04:12:23.252 9 WARNING neutron.scheduler.dhcp_agent_scheduler [None req-48151894-3648-45be-807f-e91580698ba4 f77b760cfffc4917925ca7502c2aaccd 35cb3bd5217649d8b8ad9932c17d036d - - default default] No more DHCP agents
2026-05-19 04:12:23.254 9 WARNING neutron.api.rpc.agentnotifiers.dhcp_rpc_agent_api [None req-48151894-3648-45be-807f-e91580698ba4 f77b760cfffc4917925ca7502c2aaccd 35cb3bd5217649d8b8ad9932c17d036d - - default default] Unable to schedule network 059dc574-5f31-4057-a8b2-efa97d64fce9: no agents available; will retry on subsequent port and subnet creation events.
2026-05-19 04:12:23.269 9 WARNING neutron.scheduler.dhcp_agent_scheduler [None req-8672efbf-612b-44f9-b6bf-bee020bc8097 d41708b08a91429db5f379ccf4b7f37c 159108e4d0ca4492aa97a94469ed8099 - - default default] No more DHCP agents
2026-05-19 04:12:23.271 9 WARNING neutron.api.rpc.agentnotifiers.dhcp_rpc_agent_api [None req-8672efbf-612b-44f9-b6bf-bee020bc8097 d41708b08a91429db5f379ccf4b7f37c 159108e4d0ca4492aa97a94469ed8099 - - default default] Unable to schedule network 210a1c91-ed1e-4efe-be06-b872c018d23f: no agents available; will retry on subsequent port and subnet creation events.
2026-05-19 04:12:23.348 9 INFO neutron.db.ovn_revision_numbers_db [None req-8672efbf-612b-44f9-b6bf-bee020bc8097 d41708b08a91429db5f379ccf4b7f37c 159108e4d0ca4492aa97a94469ed8099 - - default default] Successfully bumped revision number for resource 08251d21-2cd9-4be3-909e-98cb575cb9f7 (type: ports) to 1
2026-05-19 04:12:23.373 9 INFO neutron.api.wsgi [None req-8672efbf-612b-44f9-b6bf-bee020bc8097 d41708b08a91429db5f379ccf4b7f37c 159108e4d0ca4492aa97a94469ed8099 - - default default] 10.0.0.238 "POST /v2.0/networks HTTP/1.1" status: 201 len: 1446 time: 1.4491415
2026-05-19 04:12:23.434 9 INFO neutron.api.wsgi [None req-ea8a7460-7fba-4623-9679-2d040cbe8f50 d41708b08a91429db5f379ccf4b7f37c 159108e4d0ca4492aa97a94469ed8099 - - default default] 10.0.0.238 "GET /v2.0/networks HTTP/1.1" status: 200 len: 2052 time: 0.0550203
2026-05-19 04:12:23.713 10 INFO neutron.db.ovn_revision_numbers_db [None req-7b211192-2860-48ce-8561-9806049deeb4 - - - - - -] Successfully bumped revision number for resource 6f4ca33b-060e-413d-baab-80fc678c148d (type: ports) to 2
2026-05-19 04:12:23.793 9 INFO neutron.services.segments.plugin [-] Segment e31e52dd-70e8-482e-be45-ee5b894e3a95 resource provider aggregate not found
2026-05-19 04:12:23.797 9 INFO neutron.services.segments.plugin [-] Segment e31e52dd-70e8-482e-be45-ee5b894e3a95 resource provider aggregate not found
2026-05-19 04:12:23.810 9 INFO neutron.services.segments.plugin [-] Segment e31e52dd-70e8-482e-be45-ee5b894e3a95 resource provider not found; error: Placement Client Error (4xx): {"errors": [{"status": 404, "title": "Not Found", "detail": "The resource could not be found.\n\n No resource provider with uuid e31e52dd-70e8-482e-be45-ee5b894e3a95 found for delete ", "request_id": "req-149651f0-402e-48ef-8eb7-473a55949380"}]}
2026-05-19 04:12:23.812 9 INFO neutron.services.segments.plugin [-] Segment e31e52dd-70e8-482e-be45-ee5b894e3a95 resource provider not found; error: Placement Client Error (4xx): {"errors": [{"status": 404, "title": "Not Found", "detail": "The resource could not be found.\n\n No resource provider with uuid e31e52dd-70e8-482e-be45-ee5b894e3a95 found for delete ", "request_id": "req-89b02b21-cd8a-4644-ac66-cf3e261e1795"}]}
2026-05-19 04:12:23.817 10 INFO neutron.api.wsgi [req-36895a01-324d-4bf3-a504-a55832164cb9 req-754fdcdd-d6fd-4188-92e9-b250dd87c761 467e4edb1e1f40cca851acc805f22d75 5125979d9bff4b60b8e8323277129abf - - default default] 10.0.0.160 "GET /v2.0/ports?device_id=f231bda7-1a6c-4f05-b22a-62a2ad0ad08f HTTP/1.1" status: 200 len: 1212 time: 0.0326910
2026-05-19 04:12:23.826 9 INFO neutron.api.wsgi [None req-b821a206-98fe-4ac9-a656-8f506b8a938a d41708b08a91429db5f379ccf4b7f37c 159108e4d0ca4492aa97a94469ed8099 - - default default] 10.0.0.238 "DELETE /v2.0/networks/2027a0e5-c084-4ea4-8ffd-7931c7dbd07f HTTP/1.1" status: 204 len: 168 time: 0.3863671
2026-05-19 04:12:23.854 10 INFO neutron.api.wsgi [req-36895a01-324d-4bf3-a504-a55832164cb9 req-b00672e6-bba5-47ab-b185-2feaffc0bc9d 467e4edb1e1f40cca851acc805f22d75 5125979d9bff4b60b8e8323277129abf - - default default] 10.0.0.160 "GET /v2.0/security-groups?id=4173ba47-ff3c-4429-901d-2d0d1c561095&id=aa96c049-8e80-46b5-bde5-553b92b0bae6&fields=id&fields=name HTTP/1.1" status: 200 len: 405 time: 0.0328348
2026-05-19 04:12:23.945 9 INFO neutron.db.ovn_revision_numbers_db [None req-48151894-3648-45be-807f-e91580698ba4 f77b760cfffc4917925ca7502c2aaccd 35cb3bd5217649d8b8ad9932c17d036d - - default default] Successfully bumped revision number for resource 6f4ca33b-060e-413d-baab-80fc678c148d (type: router_ports) to 1
2026-05-19 04:12:23.950 9 INFO neutron.api.wsgi [None req-48151894-3648-45be-807f-e91580698ba4 f77b760cfffc4917925ca7502c2aaccd 35cb3bd5217649d8b8ad9932c17d036d - - default default] 10.0.0.238 "PUT /v2.0/routers/a1f544fd-3e63-44a0-bbea-e4b821be86a7/add_router_interface HTTP/1.1" status: 200 len: 503 time: 2.0637767
2026-05-19 04:12:24.184 9 INFO neutron.api.wsgi [None req-be2f81f1-a045-4c93-99ba-708b9fabf9c1 d41708b08a91429db5f379ccf4b7f37c 159108e4d0ca4492aa97a94469ed8099 - - default default] 10.0.0.238 "DELETE /v2.0/networks/210a1c91-ed1e-4efe-be06-b872c018d23f HTTP/1.1" status: 204 len: 168 time: 0.3524282
2026-05-19 04:12:24.223 9 INFO neutron.api.wsgi [None req-fda81af1-0a6f-4c4f-a8db-4f5dcb285b07 d41708b08a91429db5f379ccf4b7f37c 159108e4d0ca4492aa97a94469ed8099 - - default default] 10.0.0.238 "GET /v2.0/networks HTTP/1.1" status: 200 len: 845 time: 0.0353465
2026-05-19 04:12:24.234 9 WARNING neutron_lib.context [None req-8df62b8d-8482-4a7a-98b0-30c8c280aa3b d41708b08a91429db5f379ccf4b7f37c 159108e4d0ca4492aa97a94469ed8099 - - default default] Method 'is_advsvc' is deprecated since 2023.2 release (neutron-lib 3.8.0) and will be removed once support for the old RBAC API policies will be removed from Neutron. Please use method 'is_service_role' instead.
2026-05-19 04:12:24.318 9 INFO neutron.db.segments_db [None req-8df62b8d-8482-4a7a-98b0-30c8c280aa3b d41708b08a91429db5f379ccf4b7f37c 159108e4d0ca4492aa97a94469ed8099 - - default default] Added segment c4113b0e-3c7b-423a-86d4-bef247f21dce of type geneve for network 3990782b-3e32-44bf-8a7b-965e1a51017e
2026-05-19 04:12:24.433 9 INFO neutron.db.ovn_revision_numbers_db [None req-8df62b8d-8482-4a7a-98b0-30c8c280aa3b d41708b08a91429db5f379ccf4b7f37c 159108e4d0ca4492aa97a94469ed8099 - - default default] Successfully bumped revision number for resource 3990782b-3e32-44bf-8a7b-965e1a51017e (type: networks) to 1
2026-05-19 04:12:24.436 10 INFO neutron.db.ovn_revision_numbers_db [None req-2544c712-6a34-42ad-a620-22340c69d959 f77b760cfffc4917925ca7502c2aaccd 35cb3bd5217649d8b8ad9932c17d036d - - default default] Successfully bumped revision number for resource a8adfe92-498b-4c16-91aa-5e3f88681275 (type: security_groups) to 1
2026-05-19 04:12:24.448 10 INFO neutron.db.ovn_revision_numbers_db [None req-2544c712-6a34-42ad-a620-22340c69d959 f77b760cfffc4917925ca7502c2aaccd 35cb3bd5217649d8b8ad9932c17d036d - - default default] Successfully bumped revision number for resource 55d64bea-2c1d-4c98-a755-205a2774a233 (type: security_group_rules) to 0
2026-05-19 04:12:24.461 10 INFO neutron.db.ovn_revision_numbers_db [None req-2544c712-6a34-42ad-a620-22340c69d959 f77b760cfffc4917925ca7502c2aaccd 35cb3bd5217649d8b8ad9932c17d036d - - default default] Successfully bumped revision number for resource 572d20b7-779a-494d-8cc4-66c4d4eeed40 (type: security_group_rules) to 0
2026-05-19 04:12:24.473 10 INFO neutron.db.ovn_revision_numbers_db [None req-2544c712-6a34-42ad-a620-22340c69d959 f77b760cfffc4917925ca7502c2aaccd 35cb3bd5217649d8b8ad9932c17d036d - - default default] Successfully bumped revision number for resource 7fec315a-c4d2-4234-8a35-e68678e80751 (type: security_group_rules) to 0
2026-05-19 04:12:24.485 10 INFO neutron.db.ovn_revision_numbers_db [None req-2544c712-6a34-42ad-a620-22340c69d959 f77b760cfffc4917925ca7502c2aaccd 35cb3bd5217649d8b8ad9932c17d036d - - default default] Successfully bumped revision number for resource eda48a73-45ee-465b-9736-3cbcefb8b455 (type: security_group_rules) to 0
2026-05-19 04:12:24.522 10 INFO neutron.api.wsgi [None req-2544c712-6a34-42ad-a620-22340c69d959 f77b760cfffc4917925ca7502c2aaccd 35cb3bd5217649d8b8ad9932c17d036d - - default default] 10.0.0.238 "GET /v2.0/security-groups?tenant_id=0cc1a4f0b5fd45a6a3a725ad60c3a2c3&name=default HTTP/1.1" status: 200 len: 3120 time: 0.3262582
2026-05-19 04:12:24.640 9 WARNING neutron.scheduler.dhcp_agent_scheduler [None req-8df62b8d-8482-4a7a-98b0-30c8c280aa3b d41708b08a91429db5f379ccf4b7f37c 159108e4d0ca4492aa97a94469ed8099 - - default default] No more DHCP agents
2026-05-19 04:12:24.642 9 WARNING neutron.api.rpc.agentnotifiers.dhcp_rpc_agent_api [None req-8df62b8d-8482-4a7a-98b0-30c8c280aa3b d41708b08a91429db5f379ccf4b7f37c 159108e4d0ca4492aa97a94469ed8099 - - default default] Unable to schedule network 3990782b-3e32-44bf-8a7b-965e1a51017e: no agents available; will retry on subsequent port and subnet creation events.
2026-05-19 04:12:24.730 9 INFO neutron.db.ovn_revision_numbers_db [None req-8df62b8d-8482-4a7a-98b0-30c8c280aa3b d41708b08a91429db5f379ccf4b7f37c 159108e4d0ca4492aa97a94469ed8099 - - default default] Successfully bumped revision number for resource 401695d1-4861-4196-bed9-514f48b50bac (type: ports) to 1
2026-05-19 04:12:24.755 10 INFO neutron.api.wsgi [None req-0f58c3c4-5c94-4fa9-9c71-38815fd25c87 f77b760cfffc4917925ca7502c2aaccd 35cb3bd5217649d8b8ad9932c17d036d - - default default] 10.0.0.238 "DELETE /v2.0/security-groups/a8adfe92-498b-4c16-91aa-5e3f88681275 HTTP/1.1" status: 204 len: 168 time: 0.2278543
2026-05-19 04:12:24.756 9 INFO neutron.api.wsgi [None req-8df62b8d-8482-4a7a-98b0-30c8c280aa3b d41708b08a91429db5f379ccf4b7f37c 159108e4d0ca4492aa97a94469ed8099 - - default default] 10.0.0.238 "POST /v2.0/networks HTTP/1.1" status: 201 len: 852 time: 0.5283959
2026-05-19 04:12:24.765 9 WARNING neutron_lib.context [None req-e789541a-2022-42e9-89fb-32cd8ffab8e0 d41708b08a91429db5f379ccf4b7f37c 159108e4d0ca4492aa97a94469ed8099 - - default default] Method 'is_advsvc' is deprecated since 2023.2 release (neutron-lib 3.8.0) and will be removed once support for the old RBAC API policies will be removed from Neutron. Please use method 'is_service_role' instead.
2026-05-19 04:12:24.789 9 INFO neutron.plugins.ml2.drivers.ovn.mech_driver.mech_driver [None req-f98e893c-4a27-485a-94f2-7c8eafbdc593 - - - - - -] OVN reports status up for port: 069de2fd-8f42-48f6-bee6-6d868165d919
2026-05-19 04:12:24.805 9 INFO neutron.plugins.ml2.plugin [None req-f98e893c-4a27-485a-94f2-7c8eafbdc593 - - - - - -] Attempt 1 to provision port 069de2fd-8f42-48f6-bee6-6d868165d919
2026-05-19 04:12:24.864 9 INFO neutron.db.segments_db [None req-e789541a-2022-42e9-89fb-32cd8ffab8e0 d41708b08a91429db5f379ccf4b7f37c 159108e4d0ca4492aa97a94469ed8099 - - default default] Added segment 133e4a57-6905-44c3-af83-10082aa8060f of type geneve for network f3be92a3-cfe7-4769-8981-7be3a31dcf1a
2026-05-19 04:12:24.915 9 INFO neutron.notifiers.nova [-] Nova event matching ['req-5aced8cd-31c0-4d0d-b130-19960f4536c0'] response: {'server_uuid': 'f231bda7-1a6c-4f05-b22a-62a2ad0ad08f', 'name': 'network-vif-plugged', 'status': 'completed', 'tag': '069de2fd-8f42-48f6-bee6-6d868165d919', 'code': 200}
2026-05-19 04:12:25.026 9 INFO neutron.api.wsgi [req-157699d1-b713-4a30-86df-8a24f98f9ff1 req-fb965362-03ad-45a4-ada6-f696d0a0b67f 467e4edb1e1f40cca851acc805f22d75 5125979d9bff4b60b8e8323277129abf - - default default] 10.0.0.160 "GET /v2.0/ports?device_id=f231bda7-1a6c-4f05-b22a-62a2ad0ad08f HTTP/1.1" status: 200 len: 1214 time: 0.1078146
2026-05-19 04:12:25.053 9 INFO neutron.db.ovn_revision_numbers_db [None req-e789541a-2022-42e9-89fb-32cd8ffab8e0 d41708b08a91429db5f379ccf4b7f37c 159108e4d0ca4492aa97a94469ed8099 - - default default] Successfully bumped revision number for resource f3be92a3-cfe7-4769-8981-7be3a31dcf1a (type: networks) to 1
2026-05-19 04:12:25.082 9 INFO neutron.api.wsgi [req-157699d1-b713-4a30-86df-8a24f98f9ff1 req-2df58035-bd38-45de-a814-933ae69bd556 467e4edb1e1f40cca851acc805f22d75 5125979d9bff4b60b8e8323277129abf - - default default] 10.0.0.160 "GET /v2.0/security-groups?id=4173ba47-ff3c-4429-901d-2d0d1c561095&id=aa96c049-8e80-46b5-bde5-553b92b0bae6&fields=id&fields=name HTTP/1.1" status: 200 len: 405 time: 0.0506823
2026-05-19 04:12:25.098 9 INFO neutron.db.ovn_revision_numbers_db [None req-f98e893c-4a27-485a-94f2-7c8eafbdc593 - - - - - -] Successfully bumped revision number for resource 069de2fd-8f42-48f6-bee6-6d868165d919 (type: ports) to 5
2026-05-19 04:12:25.220 9 WARNING neutron.scheduler.dhcp_agent_scheduler [None req-e789541a-2022-42e9-89fb-32cd8ffab8e0 d41708b08a91429db5f379ccf4b7f37c 159108e4d0ca4492aa97a94469ed8099 - - default default] No more DHCP agents
2026-05-19 04:12:25.222 9 WARNING neutron.api.rpc.agentnotifiers.dhcp_rpc_agent_api [None req-e789541a-2022-42e9-89fb-32cd8ffab8e0 d41708b08a91429db5f379ccf4b7f37c 159108e4d0ca4492aa97a94469ed8099 - - default default] Unable to schedule network f3be92a3-cfe7-4769-8981-7be3a31dcf1a: no agents available; will retry on subsequent port and subnet creation events.
2026-05-19 04:12:25.307 9 INFO neutron.db.ovn_revision_numbers_db [None req-e789541a-2022-42e9-89fb-32cd8ffab8e0 d41708b08a91429db5f379ccf4b7f37c 159108e4d0ca4492aa97a94469ed8099 - - default default] Successfully bumped revision number for resource 25cddbbd-2f25-40c0-bdec-538be04fff4a (type: ports) to 1
2026-05-19 04:12:25.330 9 INFO neutron.api.wsgi [None req-e789541a-2022-42e9-89fb-32cd8ffab8e0 d41708b08a91429db5f379ccf4b7f37c 159108e4d0ca4492aa97a94469ed8099 - - default default] 10.0.0.238 "POST /v2.0/networks HTTP/1.1" status: 201 len: 853 time: 0.5677412 /var/lib/openstack/lib/python3.12/site-packages/pycadf/identifier.py:71: UserWarning: Invalid uuid: neutron. To ensure interoperability, identifiers should be a valid uuid. warnings.warn(('Invalid uuid: %s. To ensure interoperability, '
2026-05-19 04:12:25.340 9 WARNING neutron_lib.context [None req-18fd55d8-e948-4b70-adb6-6817f3730632 d41708b08a91429db5f379ccf4b7f37c 159108e4d0ca4492aa97a94469ed8099 - - default default] Method 'is_advsvc' is deprecated since 2023.2 release (neutron-lib 3.8.0) and will be removed once support for the old RBAC API policies will be removed from Neutron. Please use method 'is_service_role' instead.
2026-05-19 04:12:25.380 9 WARNING neutron_lib.context [None req-18fd55d8-e948-4b70-adb6-6817f3730632 d41708b08a91429db5f379ccf4b7f37c 159108e4d0ca4492aa97a94469ed8099 - - default default] Method 'is_advsvc' is deprecated since 2023.2 release (neutron-lib 3.8.0) and will be removed once support for the old RBAC API policies will be removed from Neutron. Please use method 'is_service_role' instead.
2026-05-19 04:12:25.840 9 INFO neutron.services.segments.plugin [-] Segment 89f4380a-c851-4653-a6c5-d60882ab1f35 resource provider aggregate not found
2026-05-19 04:12:25.845 9 INFO neutron.services.segments.plugin [-] Segment 89f4380a-c851-4653-a6c5-d60882ab1f35 resource provider aggregate not found
2026-05-19 04:12:25.858 9 INFO neutron.services.segments.plugin [-] Segment 89f4380a-c851-4653-a6c5-d60882ab1f35 resource provider not found; error: Placement Client Error (4xx): {"errors": [{"status": 404, "title": "Not Found", "detail": "The resource could not be found.\n\n No resource provider with uuid 89f4380a-c851-4653-a6c5-d60882ab1f35 found for delete ", "request_id": "req-6c980d7e-edcb-4946-9a6f-b67f75a27707"}]}
2026-05-19 04:12:25.869 9 INFO neutron.services.segments.plugin [-] Segment 89f4380a-c851-4653-a6c5-d60882ab1f35 resource provider not found; error: Placement Client Error (4xx): {"errors": [{"status": 404, "title": "Not Found", "detail": "The resource could not be found.\n\n No resource provider with uuid 89f4380a-c851-4653-a6c5-d60882ab1f35 found for delete ", "request_id": "req-f80be35b-5501-4cc3-87df-d530f730d9ef"}]}
2026-05-19 04:12:25.893 9 WARNING neutron.scheduler.dhcp_agent_scheduler [None req-18fd55d8-e948-4b70-adb6-6817f3730632 d41708b08a91429db5f379ccf4b7f37c 159108e4d0ca4492aa97a94469ed8099 - - default default] No more DHCP agents
2026-05-19 04:12:25.895 9 WARNING neutron.api.rpc.agentnotifiers.dhcp_rpc_agent_api [None req-18fd55d8-e948-4b70-adb6-6817f3730632 d41708b08a91429db5f379ccf4b7f37c 159108e4d0ca4492aa97a94469ed8099 - - default default] Unable to schedule network 3990782b-3e32-44bf-8a7b-965e1a51017e: no agents available; will retry on subsequent port and subnet creation events.
2026-05-19 04:12:25.969 9 INFO neutron.db.ovn_revision_numbers_db [None req-18fd55d8-e948-4b70-adb6-6817f3730632 d41708b08a91429db5f379ccf4b7f37c 159108e4d0ca4492aa97a94469ed8099 - - default default] Successfully bumped revision number for resource ae48f420-093d-4bdd-acdd-e3901e63c720 (type: ports) to 1
2026-05-19 04:12:26.022 9 WARNING neutron.scheduler.dhcp_agent_scheduler [None req-18fd55d8-e948-4b70-adb6-6817f3730632 d41708b08a91429db5f379ccf4b7f37c 159108e4d0ca4492aa97a94469ed8099 - - default default] No more DHCP agents
2026-05-19 04:12:26.023 9 WARNING neutron.api.rpc.agentnotifiers.dhcp_rpc_agent_api [None req-18fd55d8-e948-4b70-adb6-6817f3730632 d41708b08a91429db5f379ccf4b7f37c 159108e4d0ca4492aa97a94469ed8099 - - default default] Unable to schedule network f3be92a3-cfe7-4769-8981-7be3a31dcf1a: no agents available; will retry on subsequent port and subnet creation events.
2026-05-19 04:12:26.101 9 INFO neutron.db.ovn_revision_numbers_db [None req-18fd55d8-e948-4b70-adb6-6817f3730632 d41708b08a91429db5f379ccf4b7f37c 159108e4d0ca4492aa97a94469ed8099 - - default default] Successfully bumped revision number for resource 26d4042c-68c4-4e2a-a481-2c4d704e92bb (type: ports) to 1
2026-05-19 04:12:26.146 9 INFO neutron.api.wsgi [None req-18fd55d8-e948-4b70-adb6-6817f3730632 d41708b08a91429db5f379ccf4b7f37c 159108e4d0ca4492aa97a94469ed8099 - - default default] 10.0.0.238 "POST /v2.0/ports HTTP/1.1" status: 201 len: 1705 time: 0.8110857 /var/lib/openstack/lib/python3.12/site-packages/pycadf/identifier.py:71: UserWarning: Invalid uuid: neutron. To ensure interoperability, identifiers should be a valid uuid. warnings.warn(('Invalid uuid: %s. To ensure interoperability, '
2026-05-19 04:12:26.211 10 INFO neutron.api.wsgi [req-1093706f-b01a-4712-93a2-e436b99eaf0b req-4bfd8734-b488-4c70-83db-a48a5c4435ca 467e4edb1e1f40cca851acc805f22d75 5125979d9bff4b60b8e8323277129abf - - default default] 10.0.0.160 "GET /v2.0/ports?device_id=f231bda7-1a6c-4f05-b22a-62a2ad0ad08f HTTP/1.1" status: 200 len: 1214 time: 0.0681844
2026-05-19 04:12:26.252 10 INFO neutron.api.wsgi [req-1093706f-b01a-4712-93a2-e436b99eaf0b req-8771228c-076e-4afd-ae8b-182c21ab3d28 467e4edb1e1f40cca851acc805f22d75 5125979d9bff4b60b8e8323277129abf - - default default] 10.0.0.160 "GET /v2.0/security-groups?id=4173ba47-ff3c-4429-901d-2d0d1c561095&id=aa96c049-8e80-46b5-bde5-553b92b0bae6&fields=id&fields=name HTTP/1.1" status: 200 len: 405 time: 0.0335467
2026-05-19 04:12:26.276 9 INFO neutron.api.wsgi [None req-40a76e32-5c99-4739-b80f-b6262bfb4827 d41708b08a91429db5f379ccf4b7f37c 159108e4d0ca4492aa97a94469ed8099 - - default default] 10.0.0.238 "GET /v2.0/ports HTTP/1.1" status: 200 len: 3212 time: 0.1040683
2026-05-19 04:12:26.355 9 INFO neutron.api.wsgi [req-3e5af804-d0df-44fa-a1ee-78ffd5829f5e req-af1b3cea-9b94-4314-89fc-cfcb63008f53 467e4edb1e1f40cca851acc805f22d75 5125979d9bff4b60b8e8323277129abf - - default default] 10.0.0.160 "GET /v2.0/ports?device_id=f231bda7-1a6c-4f05-b22a-62a2ad0ad08f HTTP/1.1" status: 200 len: 1214 time: 0.0455799
2026-05-19 04:12:26.458 10 INFO neutron.api.wsgi [req-af6ae678-6ffb-4b00-be62-bb08bd7edd97 req-6f2d142b-cfa7-4560-9608-f79630d7618c 204a9e75ddf84355ade237f4695ee532 f6ce4cb763af4ecdb3705310aedad4a1 - - default default] 10.0.0.160 "GET /v2.0/networks?id=059dc574-5f31-4057-a8b2-efa97d64fce9 HTTP/1.1" status: 200 len: 872 time: 0.0557451
2026-05-19 04:12:26.477 10 INFO neutron.api.wsgi [req-af6ae678-6ffb-4b00-be62-bb08bd7edd97 req-2696d0ad-1d28-44aa-b8f2-04f09853f778 204a9e75ddf84355ade237f4695ee532 f6ce4cb763af4ecdb3705310aedad4a1 - - default default] 10.0.0.160 "GET /v2.0/quotas/f6ce4cb763af4ecdb3705310aedad4a1 HTTP/1.1" status: 200 len: 491 time: 0.0133352
2026-05-19 04:12:26.527 9 INFO neutron.api.wsgi [None req-19bc9203-4d5f-4cc7-bf9d-957b8d657d09 d41708b08a91429db5f379ccf4b7f37c 159108e4d0ca4492aa97a94469ed8099 - - default default] 10.0.0.238 "DELETE /v2.0/ports/ae48f420-093d-4bdd-acdd-e3901e63c720 HTTP/1.1" status: 204 len: 168 time: 0.2461448
2026-05-19 04:12:26.592 10 INFO neutron.api.wsgi [req-af6ae678-6ffb-4b00-be62-bb08bd7edd97 req-846aa3a7-f04d-4184-82c6-90ecf8d0a470 204a9e75ddf84355ade237f4695ee532 f6ce4cb763af4ecdb3705310aedad4a1 - - default default] 10.0.0.160 "GET /v2.0/ports?tenant_id=f6ce4cb763af4ecdb3705310aedad4a1&fields=id HTTP/1.1" status: 200 len: 302 time: 0.1017632
2026-05-19 04:12:26.658 10 INFO neutron.api.wsgi [req-af6ae678-6ffb-4b00-be62-bb08bd7edd97 req-175539cb-7a3d-4556-9ee3-a9534785e9d8 c834e764410548f794cde0c82596473f e685a53ef7874751b59cb65199d00e90 - - 7ea3e3be34a04c748fa51567ef9afceb 7ea3e3be34a04c748fa51567ef9afceb] 10.0.0.160 "GET /v2.0/networks/059dc574-5f31-4057-a8b2-efa97d64fce9?fields=segments HTTP/1.1" status: 200 len: 212 time: 0.0578780
2026-05-19 04:12:26.723 10 INFO neutron.api.wsgi [req-af6ae678-6ffb-4b00-be62-bb08bd7edd97 req-e75b7e41-1c27-4c74-936f-326558e55063 c834e764410548f794cde0c82596473f e685a53ef7874751b59cb65199d00e90 - - 7ea3e3be34a04c748fa51567ef9afceb 7ea3e3be34a04c748fa51567ef9afceb] 10.0.0.160 "GET /v2.0/networks/059dc574-5f31-4057-a8b2-efa97d64fce9?fields=provider%3Aphysical_network&fields=provider%3Anetwork_type HTTP/1.1" status: 200 len: 277 time: 0.0566056
2026-05-19 04:12:26.788 9 INFO neutron.api.wsgi [None req-14048251-0962-46ff-8c4a-de69055fdc2e d41708b08a91429db5f379ccf4b7f37c 159108e4d0ca4492aa97a94469ed8099 - - default default] 10.0.0.238 "DELETE /v2.0/ports/26d4042c-68c4-4e2a-a481-2c4d704e92bb HTTP/1.1" status: 204 len: 168 time: 0.2559676
2026-05-19 04:12:26.830 9 INFO neutron.api.wsgi [None req-e4529dc5-8f0f-456a-9357-3271297cef3a d41708b08a91429db5f379ccf4b7f37c 159108e4d0ca4492aa97a94469ed8099 - - default default] 10.0.0.238 "GET /v2.0/ports HTTP/1.1" status: 200 len: 1718 time: 0.0370915
2026-05-19 04:12:26.843 9 WARNING neutron_lib.context [None req-c06dbe32-da4c-449e-a49d-c1598bd6d312 d41708b08a91429db5f379ccf4b7f37c 159108e4d0ca4492aa97a94469ed8099 - - default default] Method 'is_advsvc' is deprecated since 2023.2 release (neutron-lib 3.8.0) and will be removed once support for the old RBAC API policies will be removed from Neutron. Please use method 'is_service_role' instead.
2026-05-19 04:12:26.873 9 INFO neutron.api.wsgi [req-41e8a76b-44ce-4bc7-a5ac-3533ab771e6b req-59c1b8a0-7b30-478d-b3ba-0f31b706cb75 204a9e75ddf84355ade237f4695ee532 f6ce4cb763af4ecdb3705310aedad4a1 - - default default] 10.0.0.160 "GET /v2.0/ports?device_id=e2fd9d73-20d2-482d-9a59-9c71173b7292 HTTP/1.1" status: 200 len: 210 time: 0.0159547
2026-05-19 04:12:26.946 9 INFO neutron.db.segments_db [None req-c06dbe32-da4c-449e-a49d-c1598bd6d312 d41708b08a91429db5f379ccf4b7f37c 159108e4d0ca4492aa97a94469ed8099 - - default default] Added segment 1fa5905b-917f-42c3-be28-737aaa941392 of type geneve for network 5ad3a6f8-ab83-49ee-bdd5-183a575b5429
2026-05-19 04:12:26.958 9 INFO neutron.notifiers.nova [-] Nova event matching ['req-e26977d1-df2f-43bf-95d6-c405d363b474'] response: {'server_uuid': 'f231bda7-1a6c-4f05-b22a-62a2ad0ad08f', 'name': 'network-vif-plugged', 'status': 'completed', 'tag': '069de2fd-8f42-48f6-bee6-6d868165d919', 'code': 200}
2026-05-19 04:12:26.999 10 INFO neutron.db.ovn_revision_numbers_db [None req-1f599a20-1615-40eb-8941-993cfd3dac4b 467e4edb1e1f40cca851acc805f22d75 5125979d9bff4b60b8e8323277129abf - - default default] Successfully bumped revision number for resource 3a077625-3ef2-4f58-830f-e57423be4f29 (type: floatingips) to 1
2026-05-19 04:12:27.054 9 INFO neutron.db.ovn_revision_numbers_db [None req-c06dbe32-da4c-449e-a49d-c1598bd6d312 d41708b08a91429db5f379ccf4b7f37c 159108e4d0ca4492aa97a94469ed8099 - - default default] Successfully bumped revision number for resource 5ad3a6f8-ab83-49ee-bdd5-183a575b5429 (type: networks) to 1
2026-05-19 04:12:27.118 10 INFO neutron.db.ovn_revision_numbers_db [None req-1f599a20-1615-40eb-8941-993cfd3dac4b 467e4edb1e1f40cca851acc805f22d75 5125979d9bff4b60b8e8323277129abf - - default default] Successfully bumped revision number for resource 3a077625-3ef2-4f58-830f-e57423be4f29 (type: floatingips) to 2
2026-05-19 04:12:27.118 10 INFO neutron.db.l3_db [None req-1f599a20-1615-40eb-8941-993cfd3dac4b 467e4edb1e1f40cca851acc805f22d75 5125979d9bff4b60b8e8323277129abf - - default default] Floating IP 3a077625-3ef2-4f58-830f-e57423be4f29 associated. External IP: 10.96.250.213, port: 069de2fd-8f42-48f6-bee6-6d868165d919.
2026-05-19 04:12:27.143 10 INFO neutron.api.wsgi [None req-1f599a20-1615-40eb-8941-993cfd3dac4b 467e4edb1e1f40cca851acc805f22d75 5125979d9bff4b60b8e8323277129abf - - default default] 10.0.0.238 "PUT /v2.0/floatingips/3a077625-3ef2-4f58-830f-e57423be4f29 HTTP/1.1" status: 200 len: 1050 time: 0.7621708
2026-05-19 04:12:27.175 10 INFO neutron.notifiers.nova [-] Nova event matching ['req-eea6406f-349f-48ea-a899-5de817350030'] response: {'name': 'network-changed', 'server_uuid': 'f231bda7-1a6c-4f05-b22a-62a2ad0ad08f', 'tag': '069de2fd-8f42-48f6-bee6-6d868165d919', 'status': 'completed', 'code': 200}
2026-05-19 04:12:27.197 9 WARNING neutron.scheduler.dhcp_agent_scheduler [None req-c06dbe32-da4c-449e-a49d-c1598bd6d312 d41708b08a91429db5f379ccf4b7f37c 159108e4d0ca4492aa97a94469ed8099 - - default default] No more DHCP agents
2026-05-19 04:12:27.198 9 WARNING neutron.api.rpc.agentnotifiers.dhcp_rpc_agent_api [None req-c06dbe32-da4c-449e-a49d-c1598bd6d312 d41708b08a91429db5f379ccf4b7f37c 159108e4d0ca4492aa97a94469ed8099 - - default default] Unable to schedule network 5ad3a6f8-ab83-49ee-bdd5-183a575b5429: no agents available; will retry on subsequent port and subnet creation events.
2026-05-19 04:12:27.251 9 INFO neutron.db.ovn_revision_numbers_db [None req-c06dbe32-da4c-449e-a49d-c1598bd6d312 d41708b08a91429db5f379ccf4b7f37c 159108e4d0ca4492aa97a94469ed8099 - - default default] Successfully bumped revision number for resource 7a8ad638-88cf-4fff-a05d-b2c1c4cfdfcf (type: ports) to 1
2026-05-19 04:12:27.271 9 INFO neutron.api.wsgi [None req-c06dbe32-da4c-449e-a49d-c1598bd6d312 d41708b08a91429db5f379ccf4b7f37c 159108e4d0ca4492aa97a94469ed8099 - - default default] 10.0.0.238 "POST /v2.0/networks HTTP/1.1" status: 201 len: 852 time: 0.4324350
2026-05-19 04:12:27.281 9 WARNING neutron_lib.context [None req-bd9af785-adb2-4e30-8b6c-71b5b751efe2 d41708b08a91429db5f379ccf4b7f37c 159108e4d0ca4492aa97a94469ed8099 - - default default] Method 'is_advsvc' is deprecated since 2023.2 release (neutron-lib 3.8.0) and will be removed once support for the old RBAC API policies will be removed from Neutron. Please use method 'is_service_role' instead.
2026-05-19 04:12:27.387 9 INFO neutron.db.segments_db [None req-bd9af785-adb2-4e30-8b6c-71b5b751efe2 d41708b08a91429db5f379ccf4b7f37c 159108e4d0ca4492aa97a94469ed8099 - - default default] Added segment 2b6fecea-dbb9-4e63-a44b-a7c05a14ced8 of type geneve for network 14a7e37c-da06-4570-943e-31f093646e01
2026-05-19 04:12:27.509 9 INFO neutron.db.ovn_revision_numbers_db [None req-bd9af785-adb2-4e30-8b6c-71b5b751efe2 d41708b08a91429db5f379ccf4b7f37c 159108e4d0ca4492aa97a94469ed8099 - - default default] Successfully bumped revision number for resource 14a7e37c-da06-4570-943e-31f093646e01 (type: networks) to 1
2026-05-19 04:12:27.662 9 WARNING neutron.scheduler.dhcp_agent_scheduler [None req-bd9af785-adb2-4e30-8b6c-71b5b751efe2 d41708b08a91429db5f379ccf4b7f37c 159108e4d0ca4492aa97a94469ed8099 - - default default] No more DHCP agents
2026-05-19 04:12:27.663 9 WARNING neutron.api.rpc.agentnotifiers.dhcp_rpc_agent_api [None req-bd9af785-adb2-4e30-8b6c-71b5b751efe2 d41708b08a91429db5f379ccf4b7f37c 159108e4d0ca4492aa97a94469ed8099 - - default default] Unable to schedule network 14a7e37c-da06-4570-943e-31f093646e01: no agents available; will retry on subsequent port and subnet creation events.
2026-05-19 04:12:27.720 10 INFO neutron.api.wsgi [req-e8884b44-3ec8-43d9-ac53-74cb046759ce req-e6452d31-fb21-40b5-858e-0ebccb6fb82b c834e764410548f794cde0c82596473f e685a53ef7874751b59cb65199d00e90 - - 7ea3e3be34a04c748fa51567ef9afceb 7ea3e3be34a04c748fa51567ef9afceb] 199.19.213.225 "GET /v2.0/ports?tenant_id=5125979d9bff4b60b8e8323277129abf&device_id=f231bda7-1a6c-4f05-b22a-62a2ad0ad08f HTTP/1.1" status: 200 len: 1452 time: 0.0329235
2026-05-19 04:12:27.724 9 INFO neutron.db.ovn_revision_numbers_db [None req-bd9af785-adb2-4e30-8b6c-71b5b751efe2 d41708b08a91429db5f379ccf4b7f37c 159108e4d0ca4492aa97a94469ed8099 - - default default] Successfully bumped revision number for resource a8f6be07-43f4-4093-bb53-131dc69795e9 (type: ports) to 1
2026-05-19 04:12:27.744 9 INFO neutron.api.wsgi [None req-bd9af785-adb2-4e30-8b6c-71b5b751efe2 d41708b08a91429db5f379ccf4b7f37c 159108e4d0ca4492aa97a94469ed8099 - - default default] 10.0.0.238 "POST /v2.0/networks HTTP/1.1" status: 201 len: 852 time: 0.4668212
2026-05-19 04:12:27.758 10 INFO neutron.api.wsgi [req-e8884b44-3ec8-43d9-ac53-74cb046759ce req-52d59893-c087-404f-8015-f3d310a99985 c834e764410548f794cde0c82596473f e685a53ef7874751b59cb65199d00e90 - - 7ea3e3be34a04c748fa51567ef9afceb 7ea3e3be34a04c748fa51567ef9afceb] 199.19.213.225 "GET /v2.0/networks?id=eb149eea-86fb-428f-860e-a7d79da181c8 HTTP/1.1" status: 200 len: 971 time: 0.0337002
2026-05-19 04:12:27.805 10 INFO neutron.api.wsgi [req-e8884b44-3ec8-43d9-ac53-74cb046759ce req-3b7a73cf-f052-4198-a30a-0243a88ef250 c834e764410548f794cde0c82596473f e685a53ef7874751b59cb65199d00e90 - - 7ea3e3be34a04c748fa51567ef9afceb 7ea3e3be34a04c748fa51567ef9afceb] 199.19.213.225 "GET /v2.0/floatingips?fixed_ip_address=10.100.0.12&port_id=069de2fd-8f42-48f6-bee6-6d868165d919 HTTP/1.1" status: 200 len: 1060 time: 0.0399666
2026-05-19 04:12:27.829 10 INFO neutron.api.wsgi [req-e8884b44-3ec8-43d9-ac53-74cb046759ce req-b82ba5dc-9ddc-40b8-b95d-392eae2baab9 c834e764410548f794cde0c82596473f e685a53ef7874751b59cb65199d00e90 - - 7ea3e3be34a04c748fa51567ef9afceb 7ea3e3be34a04c748fa51567ef9afceb] 199.19.213.225 "GET /v2.0/subnets?id=e4214517-83b6-4dfe-8459-c8d31848dda1 HTTP/1.1" status: 200 len: 890 time: 0.0208359
2026-05-19 04:12:27.855 10 INFO neutron.api.wsgi [req-e8884b44-3ec8-43d9-ac53-74cb046759ce req-ad10ba86-6555-401e-ac07-9639b478a7ec c834e764410548f794cde0c82596473f e685a53ef7874751b59cb65199d00e90 - - 7ea3e3be34a04c748fa51567ef9afceb 7ea3e3be34a04c748fa51567ef9afceb] 199.19.213.225 "GET /v2.0/ports?network_id=eb149eea-86fb-428f-860e-a7d79da181c8&device_owner=network%3Adhcp HTTP/1.1" status: 200 len: 210 time: 0.0211849
2026-05-19 04:12:27.880 9 INFO neutron.api.wsgi [None req-cef04a9a-ded2-4329-aada-385fd2bb08d6 74a1b2b628d44790bf4dc7141962eb9b d942118e286c477794eb011b6fca4b2c - - default default] 10.0.0.63 "GET /v2.0/extensions HTTP/1.1" status: 200 len: 19298 time: 0.1189454
2026-05-19 04:12:27.907 10 INFO neutron.api.wsgi [req-e8884b44-3ec8-43d9-ac53-74cb046759ce req-d817708b-2cad-4d41-96af-31bd208a8ae2 c834e764410548f794cde0c82596473f e685a53ef7874751b59cb65199d00e90 - - 7ea3e3be34a04c748fa51567ef9afceb 7ea3e3be34a04c748fa51567ef9afceb] 199.19.213.225 "GET /v2.0/networks/eb149eea-86fb-428f-860e-a7d79da181c8?fields=segments HTTP/1.1" status: 200 len: 212 time: 0.0461721
2026-05-19 04:12:27.963 10 INFO neutron.api.wsgi [req-e8884b44-3ec8-43d9-ac53-74cb046759ce req-c26177a1-7c6c-45e2-9a5f-b484c5c17c4c c834e764410548f794cde0c82596473f e685a53ef7874751b59cb65199d00e90 - - 7ea3e3be34a04c748fa51567ef9afceb 7ea3e3be34a04c748fa51567ef9afceb] 199.19.213.225 "GET /v2.0/networks/eb149eea-86fb-428f-860e-a7d79da181c8?fields=provider%3Aphysical_network&fields=provider%3Anetwork_type HTTP/1.1" status: 200 len: 277 time: 0.0501416
2026-05-19 04:12:27.969 10 INFO neutron.api.wsgi [req-c8f91fb5-bb0b-48a9-8243-2ec33479be08 req-99aaab68-24df-46b5-a1bb-2e1199a437b9 204a9e75ddf84355ade237f4695ee532 f6ce4cb763af4ecdb3705310aedad4a1 - - default default] 10.0.0.160 "GET /v2.0/ports?device_id=e2fd9d73-20d2-482d-9a59-9c71173b7292 HTTP/1.1" status: 200 len: 210 time: 0.0200253
2026-05-19 04:12:28.032 10 INFO neutron.api.wsgi [None req-0535e432-aabf-49c7-86cb-95d49a34c78a 74a1b2b628d44790bf4dc7141962eb9b d942118e286c477794eb011b6fca4b2c - - default default] 10.0.0.63 "GET /v2.0/quotas/d942118e286c477794eb011b6fca4b2c/details HTTP/1.1" status: 200 len: 1046 time: 0.1352453
2026-05-19 04:12:28.205 9 WARNING neutron_lib.context [None req-e77e364f-85fd-4e30-bc7c-6a48c4b70902 d41708b08a91429db5f379ccf4b7f37c 159108e4d0ca4492aa97a94469ed8099 - - default default] Method 'is_advsvc' is deprecated since 2023.2 release (neutron-lib 3.8.0) and will be removed once support for the old RBAC API policies will be removed from Neutron. Please use method 'is_service_role' instead.
2026-05-19 04:12:28.231 9 WARNING neutron_lib.context [None req-e77e364f-85fd-4e30-bc7c-6a48c4b70902 d41708b08a91429db5f379ccf4b7f37c 159108e4d0ca4492aa97a94469ed8099 - - default default] Method 'is_advsvc' is deprecated since 2023.2 release (neutron-lib 3.8.0) and will be removed once support for the old RBAC API policies will be removed from Neutron. Please use method 'is_service_role' instead.
2026-05-19 04:12:28.490 9 WARNING neutron.scheduler.dhcp_agent_scheduler [None req-e77e364f-85fd-4e30-bc7c-6a48c4b70902 d41708b08a91429db5f379ccf4b7f37c 159108e4d0ca4492aa97a94469ed8099 - - default default] No more DHCP agents
2026-05-19 04:12:28.491 9 WARNING neutron.api.rpc.agentnotifiers.dhcp_rpc_agent_api [None req-e77e364f-85fd-4e30-bc7c-6a48c4b70902 d41708b08a91429db5f379ccf4b7f37c 159108e4d0ca4492aa97a94469ed8099 - - default default] Unable to schedule network 5ad3a6f8-ab83-49ee-bdd5-183a575b5429: no agents available; will retry on subsequent port and subnet creation events.
2026-05-19 04:12:28.520 9 INFO neutron.db.ovn_revision_numbers_db [None req-e77e364f-85fd-4e30-bc7c-6a48c4b70902 d41708b08a91429db5f379ccf4b7f37c 159108e4d0ca4492aa97a94469ed8099 - - default default] Successfully bumped revision number for resource e4a0f45f-c94d-4ff5-9fb5-a105bf6100db (type: subnets) to 0
2026-05-19 04:12:28.554 9 WARNING neutron.scheduler.dhcp_agent_scheduler [None req-e77e364f-85fd-4e30-bc7c-6a48c4b70902 d41708b08a91429db5f379ccf4b7f37c 159108e4d0ca4492aa97a94469ed8099 - - default default] No more DHCP agents
2026-05-19 04:12:28.556 9 WARNING neutron.api.rpc.agentnotifiers.dhcp_rpc_agent_api [None req-e77e364f-85fd-4e30-bc7c-6a48c4b70902 d41708b08a91429db5f379ccf4b7f37c 159108e4d0ca4492aa97a94469ed8099 - - default default] Unable to schedule network 14a7e37c-da06-4570-943e-31f093646e01: no agents available; will retry on subsequent port and subnet creation events.
2026-05-19 04:12:28.579 9 INFO neutron.db.ovn_revision_numbers_db [None req-e77e364f-85fd-4e30-bc7c-6a48c4b70902 d41708b08a91429db5f379ccf4b7f37c 159108e4d0ca4492aa97a94469ed8099 - - default default] Successfully bumped revision number for resource a6af6059-e32a-4c6c-b6e0-991082f4ea10 (type: subnets) to 0
2026-05-19 04:12:28.592 9 INFO neutron.api.wsgi [None req-e77e364f-85fd-4e30-bc7c-6a48c4b70902 d41708b08a91429db5f379ccf4b7f37c 159108e4d0ca4492aa97a94469ed8099 - - default default] 10.0.0.238 "POST /v2.0/subnets HTTP/1.1" status: 201 len: 1523 time: 0.3913281
2026-05-19 04:12:28.631 9 INFO neutron.api.wsgi [None req-207ff152-af6e-4a49-b274-21d05c55b832 d41708b08a91429db5f379ccf4b7f37c 159108e4d0ca4492aa97a94469ed8099 - - default default] 10.0.0.238 "GET /v2.0/subnets HTTP/1.1" status: 200 len: 2154 time: 0.0309067
2026-05-19 04:12:28.771 9 INFO neutron.api.wsgi [None req-63ec85c8-369b-49a3-8a26-f858d3bdc882 d41708b08a91429db5f379ccf4b7f37c 159108e4d0ca4492aa97a94469ed8099 - - default default] 10.0.0.238 "DELETE /v2.0/subnets/e4a0f45f-c94d-4ff5-9fb5-a105bf6100db HTTP/1.1" status: 204 len: 168 time: 0.1268187
2026-05-19 04:12:28.877 10 WARNING neutron.plugins.ml2.drivers.ovn.mech_driver.ovsdb.ovn_client [None req-91b2da76-9ed9-4f69-afdb-228ef9527a62 - - - - - -] No hosting information found for port 6f4ca33b-060e-413d-baab-80fc678c148d: RuntimeError: No hosting information found for port 6f4ca33b-060e-413d-baab-80fc678c148d
2026-05-19 04:12:28.885 9 INFO neutron.api.wsgi [None req-3da3cd5b-f416-4055-8122-9c85f2d830bb d41708b08a91429db5f379ccf4b7f37c 159108e4d0ca4492aa97a94469ed8099 - - default default] 10.0.0.238 "DELETE /v2.0/subnets/a6af6059-e32a-4c6c-b6e0-991082f4ea10 HTTP/1.1" status: 204 len: 168 time: 0.1090949
2026-05-19 04:12:28.916 9 INFO neutron.api.wsgi [None req-f0770b65-3838-4924-bdda-f19c00c55628 d41708b08a91429db5f379ccf4b7f37c 159108e4d0ca4492aa97a94469ed8099 - - default default] 10.0.0.238 "GET /v2.0/subnets HTTP/1.1" status: 200 len: 843 time: 0.0255139
2026-05-19 04:12:28.940 10 INFO neutron.db.ovn_revision_numbers_db [None req-91b2da76-9ed9-4f69-afdb-228ef9527a62 - - - - - -] Successfully bumped revision number for resource 6f4ca33b-060e-413d-baab-80fc678c148d (type: router_ports) to 2
2026-05-19 04:12:29.233 9 INFO neutron.api.wsgi [req-585447f6-7d8d-486e-b92d-45255c9d77ab req-1ab7ec35-7108-4c03-a399-9105cb48e6ab 204a9e75ddf84355ade237f4695ee532 f6ce4cb763af4ecdb3705310aedad4a1 - - default default] 10.0.0.160 "GET /v2.0/ports?device_id=e2fd9d73-20d2-482d-9a59-9c71173b7292 HTTP/1.1" status: 200 len: 210 time: 0.0141356
2026-05-19 04:12:29.480 9 INFO neutron.services.segments.plugin [-] Segment 2b6fecea-dbb9-4e63-a44b-a7c05a14ced8 resource provider aggregate not found
2026-05-19 04:12:29.483 9 INFO neutron.services.segments.plugin [-] Segment 2b6fecea-dbb9-4e63-a44b-a7c05a14ced8 resource provider aggregate not found
2026-05-19 04:12:29.503 9 INFO neutron.services.segments.plugin [-] Segment 2b6fecea-dbb9-4e63-a44b-a7c05a14ced8 resource provider not found; error: Placement Client Error (4xx): {"errors": [{"status": 404, "title": "Not Found", "detail": "The resource could not be found.\n\n No resource provider with uuid 2b6fecea-dbb9-4e63-a44b-a7c05a14ced8 found for delete ", "request_id": "req-01b2d458-2a01-486a-b89c-1f03bc41ef50"}]}
2026-05-19 04:12:29.506 9 INFO neutron.services.segments.plugin [-] Segment 2b6fecea-dbb9-4e63-a44b-a7c05a14ced8 resource provider not found; error: Placement Client Error (4xx): {"errors": [{"status": 404, "title": "Not Found", "detail": "The resource could not be found.\n\n No resource provider with uuid 2b6fecea-dbb9-4e63-a44b-a7c05a14ced8 found for delete ", "request_id": "req-4b2b9769-6666-4f23-b26c-adcf1f9b263b"}]}
2026-05-19 04:12:29.510 9 INFO neutron.api.wsgi [None req-33f7688f-e1b7-4a36-a3ee-40802d7dad04 d41708b08a91429db5f379ccf4b7f37c 159108e4d0ca4492aa97a94469ed8099 - - default default] 10.0.0.238 "DELETE /v2.0/networks/14a7e37c-da06-4570-943e-31f093646e01 HTTP/1.1" status: 204 len: 168 time: 0.5863745 /var/lib/openstack/lib/python3.12/site-packages/pycadf/identifier.py:71: UserWarning: Invalid uuid: neutron. To ensure interoperability, identifiers should be a valid uuid. warnings.warn(('Invalid uuid: %s. To ensure interoperability, '
2026-05-19 04:12:29.821 10 INFO neutron.api.wsgi [None req-1a1e9abb-a616-4a10-967b-6eacbbce0a43 74a1b2b628d44790bf4dc7141962eb9b d942118e286c477794eb011b6fca4b2c - - default default] 10.0.0.63 "GET /v2.0/extensions HTTP/1.1" status: 200 len: 19298 time: 0.0086794
2026-05-19 04:12:29.852 9 INFO neutron.api.wsgi [None req-c87695ed-d6b4-4509-ac70-c5e4148002b9 d41708b08a91429db5f379ccf4b7f37c 159108e4d0ca4492aa97a94469ed8099 - - default default] 10.0.0.238 "DELETE /v2.0/networks/5ad3a6f8-ab83-49ee-bdd5-183a575b5429 HTTP/1.1" status: 204 len: 168 time: 0.3382223
2026-05-19 04:12:29.942 10 INFO neutron.api.wsgi [None req-e93113a0-182f-4685-bcf8-bfdc93c135cc 74a1b2b628d44790bf4dc7141962eb9b d942118e286c477794eb011b6fca4b2c - - default default] 10.0.0.63 "GET /v2.0/quotas/d942118e286c477794eb011b6fca4b2c/details HTTP/1.1" status: 200 len: 1046 time: 0.1062717
2026-05-19 04:12:30.208 10 INFO neutron.services.segments.plugin [-] Segment 133e4a57-6905-44c3-af83-10082aa8060f resource provider aggregate not found
2026-05-19 04:12:30.213 10 INFO neutron.services.segments.plugin [-] Segment 133e4a57-6905-44c3-af83-10082aa8060f resource provider aggregate not found
2026-05-19 04:12:30.232 10 INFO neutron.services.segments.plugin [-] Segment 133e4a57-6905-44c3-af83-10082aa8060f resource provider not found; error: Placement Client Error (4xx): {"errors": [{"status": 404, "title": "Not Found", "detail": "The resource could not be found.\n\n No resource provider with uuid 133e4a57-6905-44c3-af83-10082aa8060f found for delete ", "request_id": "req-e3741970-997c-41ff-805f-6b325e532163"}]}
2026-05-19 04:12:30.233 10 INFO neutron.services.segments.plugin [-] Segment 133e4a57-6905-44c3-af83-10082aa8060f resource provider not found; error: Placement Client Error (4xx): {"errors": [{"status": 404, "title": "Not Found", "detail": "The resource could not be found.\n\n No resource provider with uuid 133e4a57-6905-44c3-af83-10082aa8060f found for delete ", "request_id": "req-542709de-4fb9-4b25-8178-e34b1c771015"}]}
2026-05-19 04:12:30.246 10 INFO neutron.api.wsgi [None req-24c007ae-2d10-42ae-95cd-02d90b03861e d41708b08a91429db5f379ccf4b7f37c 159108e4d0ca4492aa97a94469ed8099 - - default default] 10.0.0.238 "DELETE /v2.0/networks/f3be92a3-cfe7-4769-8981-7be3a31dcf1a HTTP/1.1" status: 204 len: 168 time: 0.3891280
2026-05-19 04:12:30.316 10 INFO neutron.api.wsgi [req-a322017c-4ba5-4370-af22-80f952d5b200 req-1c243b01-b023-4f91-9daa-9b2753c4d0cf 204a9e75ddf84355ade237f4695ee532 f6ce4cb763af4ecdb3705310aedad4a1 - - default default] 10.0.0.160 "GET /v2.0/ports?device_id=e2fd9d73-20d2-482d-9a59-9c71173b7292 HTTP/1.1" status: 200 len: 210 time: 0.0192733
2026-05-19 04:12:30.641 10 INFO neutron.api.wsgi [None req-2c86ea21-6acb-4dba-a8ee-789004cc5e60 d41708b08a91429db5f379ccf4b7f37c 159108e4d0ca4492aa97a94469ed8099 - - default default] 10.0.0.238 "DELETE /v2.0/networks/3990782b-3e32-44bf-8a7b-965e1a51017e HTTP/1.1" status: 204 len: 168 time: 0.3921304
2026-05-19 04:12:31.187 10 INFO neutron.api.wsgi [req-af6ae678-6ffb-4b00-be62-bb08bd7edd97 req-e6efcc72-db09-4aee-9d5f-ef6187f933ae 204a9e75ddf84355ade237f4695ee532 f6ce4cb763af4ecdb3705310aedad4a1 - - default default] 199.19.213.225 "GET /v2.0/networks?id=059dc574-5f31-4057-a8b2-efa97d64fce9 HTTP/1.1" status: 200 len: 872 time: 0.0556235
2026-05-19 04:12:31.196 10 WARNING neutron_lib.context [req-af6ae678-6ffb-4b00-be62-bb08bd7edd97 req-4a7931dc-bf89-4ec6-b4bd-a94bf6b6b72d 204a9e75ddf84355ade237f4695ee532 f6ce4cb763af4ecdb3705310aedad4a1 - - default default] Method 'is_advsvc' is deprecated since 2023.2 release (neutron-lib 3.8.0) and will be removed once support for the old RBAC API policies will be removed from Neutron. Please use method 'is_service_role' instead.
2026-05-19 04:12:31.342 9 INFO neutron.api.wsgi [None req-0bdae245-bc1a-4422-8e6d-d4f499c320f9 f77b760cfffc4917925ca7502c2aaccd 35cb3bd5217649d8b8ad9932c17d036d - - default default] 10.0.0.238 "GET /v2.0/security-groups?tenant_id=159108e4d0ca4492aa97a94469ed8099&name=default HTTP/1.1" status: 200 len: 3120 time: 0.1352882
2026-05-19 04:12:31.404 9 INFO neutron.api.wsgi [req-799ea2b1-5389-4a40-afd3-9c848c454de7 req-7fde41cc-17b5-4f45-abe0-e3e22b91cc82 204a9e75ddf84355ade237f4695ee532 f6ce4cb763af4ecdb3705310aedad4a1 - - default default] 10.0.0.160 "GET /v2.0/ports?device_id=e2fd9d73-20d2-482d-9a59-9c71173b7292 HTTP/1.1" status: 200 len: 210 time: 0.0186477
2026-05-19 04:12:31.522 9 INFO neutron.services.segments.plugin [-] Segment 1fa5905b-917f-42c3-be28-737aaa941392 resource provider aggregate not found
2026-05-19 04:12:31.527 9 INFO neutron.services.segments.plugin [-] Segment 1fa5905b-917f-42c3-be28-737aaa941392 resource provider aggregate not found
2026-05-19 04:12:31.532 10 WARNING neutron.scheduler.dhcp_agent_scheduler [req-af6ae678-6ffb-4b00-be62-bb08bd7edd97 req-4a7931dc-bf89-4ec6-b4bd-a94bf6b6b72d 204a9e75ddf84355ade237f4695ee532 f6ce4cb763af4ecdb3705310aedad4a1 - - default default] No more DHCP agents
2026-05-19 04:12:31.533 9 INFO neutron.services.segments.plugin [-] Segment 1fa5905b-917f-42c3-be28-737aaa941392 resource provider not found; error: Placement Client Error (4xx): {"errors": [{"status": 404, "title": "Not Found", "detail": "The resource could not be found.\n\n No resource provider with uuid 1fa5905b-917f-42c3-be28-737aaa941392 found for delete ", "request_id": "req-0df6d107-d53b-414e-b3b7-4cfd02d215fe"}]}
2026-05-19 04:12:31.534 10 WARNING neutron.api.rpc.agentnotifiers.dhcp_rpc_agent_api [req-af6ae678-6ffb-4b00-be62-bb08bd7edd97 req-4a7931dc-bf89-4ec6-b4bd-a94bf6b6b72d 204a9e75ddf84355ade237f4695ee532 f6ce4cb763af4ecdb3705310aedad4a1 - - default default] Unable to schedule network 059dc574-5f31-4057-a8b2-efa97d64fce9: no agents available; will retry on subsequent port and subnet creation events.
2026-05-19 04:12:31.542 9 INFO neutron.services.segments.plugin [-] Segment 1fa5905b-917f-42c3-be28-737aaa941392 resource provider not found; error: Placement Client Error (4xx): {"errors": [{"status": 404, "title": "Not Found", "detail": "The resource could not be found.\n\n No resource provider with uuid 1fa5905b-917f-42c3-be28-737aaa941392 found for delete ", "request_id": "req-df094cc6-d8bc-4f61-8828-a8ca8a2ae7e7"}]}
2026-05-19 04:12:31.617 10 INFO neutron.api.wsgi [None req-c412b1fc-e6df-4cc0-83b4-6a83bdc52add f77b760cfffc4917925ca7502c2aaccd 35cb3bd5217649d8b8ad9932c17d036d - - default default] 10.0.0.238 "DELETE /v2.0/security-groups/952e8965-d1ba-4579-81d7-9509561c207c HTTP/1.1" status: 204 len: 168 time: 0.2658999
2026-05-19 04:12:31.663 10 INFO neutron.db.ovn_revision_numbers_db [req-af6ae678-6ffb-4b00-be62-bb08bd7edd97 req-4a7931dc-bf89-4ec6-b4bd-a94bf6b6b72d 204a9e75ddf84355ade237f4695ee532 f6ce4cb763af4ecdb3705310aedad4a1 - - default default] Successfully bumped revision number for resource 0a2cd9aa-1d25-4d37-9e97-be8f91e10630 (type: ports) to 1
2026-05-19 04:12:31.684 10 INFO neutron.api.wsgi [req-af6ae678-6ffb-4b00-be62-bb08bd7edd97 req-4a7931dc-bf89-4ec6-b4bd-a94bf6b6b72d 204a9e75ddf84355ade237f4695ee532 f6ce4cb763af4ecdb3705310aedad4a1 - - default default] 199.19.213.225 "POST /v2.0/ports HTTP/1.1" status: 201 len: 1158 time: 0.4920304 /var/lib/openstack/lib/python3.12/site-packages/pycadf/identifier.py:71: UserWarning: Invalid uuid: neutron. To ensure interoperability, identifiers should be a valid uuid. warnings.warn(('Invalid uuid: %s. To ensure interoperability, '
2026-05-19 04:12:32.057 10 INFO neutron.db.ovn_revision_numbers_db [req-af6ae678-6ffb-4b00-be62-bb08bd7edd97 req-31315894-7623-4616-99a4-3b1de625384e c834e764410548f794cde0c82596473f e685a53ef7874751b59cb65199d00e90 - - 7ea3e3be34a04c748fa51567ef9afceb 7ea3e3be34a04c748fa51567ef9afceb] Successfully bumped revision number for resource 0a2cd9aa-1d25-4d37-9e97-be8f91e10630 (type: ports) to 2
2026-05-19 04:12:32.250 10 INFO neutron.services.segments.plugin [-] Segment c4113b0e-3c7b-423a-86d4-bef247f21dce resource provider aggregate not found
2026-05-19 04:12:32.255 10 INFO neutron.services.segments.plugin [-] Segment c4113b0e-3c7b-423a-86d4-bef247f21dce resource provider aggregate not found
2026-05-19 04:12:32.262 10 INFO neutron.services.segments.plugin [-] Segment c4113b0e-3c7b-423a-86d4-bef247f21dce resource provider not found; error: Placement Client Error (4xx): {"errors": [{"status": 404, "title": "Not Found", "detail": "The resource could not be found.\n\n No resource provider with uuid c4113b0e-3c7b-423a-86d4-bef247f21dce found for delete ", "request_id": "req-40a48a24-472b-4065-910f-517e7270da04"}]}
