2026-05-19 04:10:49.897 10 INFO neutron.api.wsgi [req-852c27db-0ad2-4653-b0e5-201bf3ade070 req-9b63976e-c786-40b0-980a-d435b7a18d39 deba606f398642cc8fbfc09018e8cad3 f58c58a1ae174e17af741c2585469534 - - default default] 10.0.0.160 "GET /v2.0/ports?device_id=656347b1-38ba-435f-9b3e-05f2ecc6772f HTTP/1.1" status: 200 len: 1168 time: 0.0611866
2026-05-19 04:10:49.934 10 INFO neutron.api.wsgi [req-852c27db-0ad2-4653-b0e5-201bf3ade070 req-7555e8ae-c0e3-4f6e-b901-bd38c3bc3a7a deba606f398642cc8fbfc09018e8cad3 f58c58a1ae174e17af741c2585469534 - - default default] 10.0.0.160 "GET /v2.0/security-groups?id=37adb459-e1e8-4a5e-b9c4-e7f16e838aec&fields=id&fields=name HTTP/1.1" status: 200 len: 312 time: 0.0306311
2026-05-19 04:10:50.092 10 INFO neutron.api.wsgi [req-e9e1c5fb-f640-4044-8282-d0cc90afb5d0 req-86d57bae-1f7d-4f58-af07-3c67c557f723 4ec1c75bc4094d44857d3b9c618afc9a 211be4bbaa914b15bec9ea7c359536a9 - - default default] 10.0.0.160 "GET /v2.0/ports?device_id=eb4ca863-ff5d-4d74-a7b2-6e28c4710794 HTTP/1.1" status: 200 len: 210 time: 0.0141339
2026-05-19 04:10:50.101 9 INFO neutron.api.wsgi [req-07747006-90f1-4a47-b836-eb657dbc97f7 req-e06a0489-a692-49da-b504-6a72fee62522 d88d58978ec24dd1a4a1ffc5d123254b 111194f18d9445be885d61c6884ad82e - - default default] 10.0.0.160 "GET /v2.0/ports?device_id=331c2c36-d2da-4a66-9c4e-5babb8e0a597 HTTP/1.1" status: 200 len: 1172 time: 0.0367460
2026-05-19 04:10:50.140 9 INFO neutron.api.wsgi [req-07747006-90f1-4a47-b836-eb657dbc97f7 req-1becf972-7b5a-4b0b-a97a-5207dd6d7152 d88d58978ec24dd1a4a1ffc5d123254b 111194f18d9445be885d61c6884ad82e - - default default] 10.0.0.160 "GET /v2.0/security-groups?id=7d2d5077-1110-409e-aa3b-3daf2153ac58&fields=id&fields=name HTTP/1.1" status: 200 len: 312 time: 0.0335116
2026-05-19 04:10:50.716 10 INFO neutron.api.wsgi [req-27eb4444-4ea2-4414-9f35-7ac5cc7be96a req-07aba120-fd3c-4d41-9609-7062e8ce6377 d88d58978ec24dd1a4a1ffc5d123254b 111194f18d9445be885d61c6884ad82e - - default default] 199.19.213.225 "GET /v2.0/ports?device_id=331c2c36-d2da-4a66-9c4e-5babb8e0a597 HTTP/1.1" status: 200 len: 1172 time: 0.0376062
2026-05-19 04:10:50.808 10 INFO neutron.api.wsgi [req-5fa527b0-18dc-4177-95bf-bbbae08388a4 req-1c9ef9a2-04ad-440c-ab2f-9b819eaa49bf c834e764410548f794cde0c82596473f e685a53ef7874751b59cb65199d00e90 - - 7ea3e3be34a04c748fa51567ef9afceb 7ea3e3be34a04c748fa51567ef9afceb] 199.19.213.225 "GET /v2.0/ports?tenant_id=f58c58a1ae174e17af741c2585469534&device_id=656347b1-38ba-435f-9b3e-05f2ecc6772f HTTP/1.1" status: 200 len: 1407 time: 0.0359149
2026-05-19 04:10:50.836 10 INFO neutron.api.wsgi [req-5fa527b0-18dc-4177-95bf-bbbae08388a4 req-a45374ee-dc1e-4fe8-89ef-2023d653cfb9 c834e764410548f794cde0c82596473f e685a53ef7874751b59cb65199d00e90 - - 7ea3e3be34a04c748fa51567ef9afceb 7ea3e3be34a04c748fa51567ef9afceb] 199.19.213.225 "GET /v2.0/floatingips?fixed_ip_address=10.100.0.3&port_id=ae3084e9-1f3d-4ca8-82a3-180eb441efc0 HTTP/1.1" status: 200 len: 217 time: 0.0173826
2026-05-19 04:10:50.859 10 INFO neutron.api.wsgi [req-6ff3b755-81ff-4f76-bb1b-0fc1f672ab25 req-4e3a51bf-c3ba-425f-b715-a6cd02ba6332 c2274f30415049658a8847617dfa2f8b 66cc643260734dad86ac78f1f9480af3 - - default default] 10.0.0.160 "GET /v2.0/ports?device_id=ee549cd7-a79d-491b-8137-71d09125ce15 HTTP/1.1" status: 200 len: 210 time: 0.0198717
2026-05-19 04:10:50.879 10 INFO neutron.api.wsgi [req-5fa527b0-18dc-4177-95bf-bbbae08388a4 req-7fa31a3e-5335-44b0-800d-2a531a1ccef7 c834e764410548f794cde0c82596473f e685a53ef7874751b59cb65199d00e90 - - 7ea3e3be34a04c748fa51567ef9afceb 7ea3e3be34a04c748fa51567ef9afceb] 199.19.213.225 "GET /v2.0/subnets?id=c0162e45-b298-4145-b3ae-8f9a865897ed HTTP/1.1" status: 200 len: 877 time: 0.0335877
2026-05-19 04:10:50.902 10 INFO neutron.api.wsgi [req-5fa527b0-18dc-4177-95bf-bbbae08388a4 req-60f46154-6494-4e88-a6cd-36d9ccdd2b82 c834e764410548f794cde0c82596473f e685a53ef7874751b59cb65199d00e90 - - 7ea3e3be34a04c748fa51567ef9afceb 7ea3e3be34a04c748fa51567ef9afceb] 199.19.213.225 "GET /v2.0/ports?network_id=1b732f19-9a00-4de4-a82d-74e7a0aa2fc4&device_owner=network%3Adhcp HTTP/1.1" status: 200 len: 210 time: 0.0171368
2026-05-19 04:10:50.968 10 INFO neutron.api.wsgi [req-5fa527b0-18dc-4177-95bf-bbbae08388a4 req-99d9021e-ca3e-43ae-a3ab-2874580fdba7 c834e764410548f794cde0c82596473f e685a53ef7874751b59cb65199d00e90 - - 7ea3e3be34a04c748fa51567ef9afceb 7ea3e3be34a04c748fa51567ef9afceb] 199.19.213.225 "GET /v2.0/networks/1b732f19-9a00-4de4-a82d-74e7a0aa2fc4?fields=segments HTTP/1.1" status: 200 len: 212 time: 0.0615749
2026-05-19 04:10:51.039 10 INFO neutron.api.wsgi [req-5fa527b0-18dc-4177-95bf-bbbae08388a4 req-0e62d8d9-078e-40cc-94ee-eae81ec9d3b2 c834e764410548f794cde0c82596473f e685a53ef7874751b59cb65199d00e90 - - 7ea3e3be34a04c748fa51567ef9afceb 7ea3e3be34a04c748fa51567ef9afceb] 199.19.213.225 "GET /v2.0/networks/1b732f19-9a00-4de4-a82d-74e7a0aa2fc4?fields=provider%3Aphysical_network&fields=provider%3Anetwork_type HTTP/1.1" status: 200 len: 277 time: 0.0644894
2026-05-19 04:10:51.061 9 INFO neutron.api.wsgi [req-4332ed8a-88ad-450f-8249-596087ce79a4 req-2678ec20-f1e5-4d77-983a-fdd417f458b6 deba606f398642cc8fbfc09018e8cad3 f58c58a1ae174e17af741c2585469534 - - default default] 10.0.0.160 "GET /v2.0/ports?device_id=656347b1-38ba-435f-9b3e-05f2ecc6772f HTTP/1.1" status: 200 len: 1168 time: 0.0689392
2026-05-19 04:10:51.098 9 INFO neutron.api.wsgi [req-4332ed8a-88ad-450f-8249-596087ce79a4 req-55803be1-57ce-40d6-b70c-43dc83908e65 deba606f398642cc8fbfc09018e8cad3 f58c58a1ae174e17af741c2585469534 - - default default] 10.0.0.160 "GET /v2.0/security-groups?id=37adb459-e1e8-4a5e-b9c4-e7f16e838aec&fields=id&fields=name HTTP/1.1" status: 200 len: 312 time: 0.0318444
2026-05-19 04:10:51.131 10 INFO neutron.db.l3_db [req-27eb4444-4ea2-4414-9f35-7ac5cc7be96a req-85111aac-e3bf-44a4-9c19-a586ab9417c2 d88d58978ec24dd1a4a1ffc5d123254b 111194f18d9445be885d61c6884ad82e - - default default] Floating IP a7993265-9df9-4afa-aea8-5db43feacfdf disassociated. External IP: 10.96.250.204, port: e7f2c676-2920-4500-9fb4-0eb0cbd235dd. /var/lib/openstack/lib/python3.12/site-packages/pycadf/identifier.py:71: UserWarning: Invalid uuid: neutron. To ensure interoperability, identifiers should be a valid uuid. warnings.warn(('Invalid uuid: %s. To ensure interoperability, '
2026-05-19 04:10:51.184 10 INFO neutron.api.wsgi [req-1d1e46db-25a3-4e32-82f5-47a3bf9c1a05 req-714fedeb-e189-42f8-a1b3-c6ddbf7459ff 4ec1c75bc4094d44857d3b9c618afc9a 211be4bbaa914b15bec9ea7c359536a9 - - default default] 10.0.0.160 "GET /v2.0/ports?device_id=eb4ca863-ff5d-4d74-a7b2-6e28c4710794 HTTP/1.1" status: 200 len: 210 time: 0.0163174
2026-05-19 04:10:51.234 9 INFO neutron.api.wsgi [req-ecfd07d2-a702-4559-b0ee-e6cb9cd2ab05 req-7ba0abcf-36fc-4c58-b8de-892d4e9fac64 d88d58978ec24dd1a4a1ffc5d123254b 111194f18d9445be885d61c6884ad82e - - default default] 10.0.0.160 "GET /v2.0/ports?device_id=331c2c36-d2da-4a66-9c4e-5babb8e0a597 HTTP/1.1" status: 200 len: 1172 time: 0.0399299
2026-05-19 04:10:51.265 9 INFO neutron.api.wsgi [req-ecfd07d2-a702-4559-b0ee-e6cb9cd2ab05 req-27ee6bda-5bf3-4719-9076-42491d8bf7dd d88d58978ec24dd1a4a1ffc5d123254b 111194f18d9445be885d61c6884ad82e - - default default] 10.0.0.160 "GET /v2.0/security-groups?id=7d2d5077-1110-409e-aa3b-3daf2153ac58&fields=id&fields=name HTTP/1.1" status: 200 len: 312 time: 0.0274987
2026-05-19 04:10:51.441 10 INFO neutron.api.wsgi [req-27eb4444-4ea2-4414-9f35-7ac5cc7be96a req-85111aac-e3bf-44a4-9c19-a586ab9417c2 d88d58978ec24dd1a4a1ffc5d123254b 111194f18d9445be885d61c6884ad82e - - default default] 199.19.213.225 "DELETE /v2.0/ports/e7f2c676-2920-4500-9fb4-0eb0cbd235dd HTTP/1.1" status: 204 len: 173 time: 0.7178288
2026-05-19 04:10:51.528 10 INFO neutron.api.wsgi [-] 10.0.0.52 "GET / HTTP/1.1" status: 200 len: 247 time: 0.0031316
2026-05-19 04:10:51.529 9 INFO neutron.api.wsgi [-] 10.0.0.52 "GET / HTTP/1.1" status: 200 len: 247 time: 0.0037584
2026-05-19 04:10:51.613 9 INFO neutron.notifiers.nova [-] Nova event matching ['req-3f577c23-6263-4516-96f3-855218f04865'] response: {'server_uuid': '331c2c36-d2da-4a66-9c4e-5babb8e0a597', 'name': 'network-vif-unplugged', 'status': 'completed', 'tag': 'e7f2c676-2920-4500-9fb4-0eb0cbd235dd', 'code': 200}
2026-05-19 04:10:51.743 10 INFO neutron.notifiers.nova [-] Nova event matching ['req-626f3a44-98cd-4190-bc00-5ce891002add'] response: {'name': 'network-changed', 'server_uuid': '656347b1-38ba-435f-9b3e-05f2ecc6772f', 'tag': 'ae3084e9-1f3d-4ca8-82a3-180eb441efc0', 'status': 'completed', 'code': 200}
2026-05-19 04:10:51.744 10 INFO neutron.notifiers.nova [-] Nova event matching ['req-626f3a44-98cd-4190-bc00-5ce891002add'] response: {'server_uuid': '331c2c36-d2da-4a66-9c4e-5babb8e0a597', 'name': 'network-vif-deleted', 'tag': 'e7f2c676-2920-4500-9fb4-0eb0cbd235dd', 'status': 'completed', 'code': 200}
2026-05-19 04:10:52.064 9 INFO neutron.api.wsgi [None req-fccbef55-907b-4f3f-9b0c-deeee4874dd2 c2274f30415049658a8847617dfa2f8b 66cc643260734dad86ac78f1f9480af3 - - default default] 10.0.0.238 "DELETE /v2.0/security-groups/81e9e06f-7c91-4fd6-9d2a-62f0eebf629c HTTP/1.1" status: 204 len: 168 time: 0.1205456
2026-05-19 04:10:52.079 9 INFO neutron.api.v2.resource [None req-50bf5d7a-9949-4e9b-b2fa-76b80c5dca97 c2274f30415049658a8847617dfa2f8b 66cc643260734dad86ac78f1f9480af3 - - default default] show failed (client error): The resource could not be found.
2026-05-19 04:10:52.081 9 INFO neutron.api.wsgi [None req-50bf5d7a-9949-4e9b-b2fa-76b80c5dca97 c2274f30415049658a8847617dfa2f8b 66cc643260734dad86ac78f1f9480af3 - - default default] 10.0.0.238 "GET /v2.0/security-groups/81e9e06f-7c91-4fd6-9d2a-62f0eebf629c HTTP/1.1" status: 404 len: 347 time: 0.0120034
2026-05-19 04:10:52.220 10 INFO neutron.api.wsgi [req-f7e4e4e0-365d-44de-8c08-496411d19fc2 req-cf660dd1-c9e5-4a82-804c-ced1e27cedd5 deba606f398642cc8fbfc09018e8cad3 f58c58a1ae174e17af741c2585469534 - - default default] 10.0.0.160 "GET /v2.0/ports?device_id=656347b1-38ba-435f-9b3e-05f2ecc6772f HTTP/1.1" status: 200 len: 1168 time: 0.0495794
2026-05-19 04:10:52.296 10 INFO neutron.api.wsgi [req-f7e4e4e0-365d-44de-8c08-496411d19fc2 req-dc8ec849-37aa-483b-816f-8aa6838bff35 deba606f398642cc8fbfc09018e8cad3 f58c58a1ae174e17af741c2585469534 - - default default] 10.0.0.160 "GET /v2.0/security-groups?id=37adb459-e1e8-4a5e-b9c4-e7f16e838aec&fields=id&fields=name HTTP/1.1" status: 200 len: 312 time: 0.0699105
2026-05-19 04:10:52.307 10 INFO neutron.api.wsgi [req-21422ce9-a0f6-49e1-9144-7448850cf12f req-de3a95d4-3beb-4f1d-8d3b-fe6f46426b0a c834e764410548f794cde0c82596473f e685a53ef7874751b59cb65199d00e90 - - 7ea3e3be34a04c748fa51567ef9afceb 7ea3e3be34a04c748fa51567ef9afceb] 199.19.213.225 "GET /v2.0/ports?tenant_id=f58c58a1ae174e17af741c2585469534&device_id=656347b1-38ba-435f-9b3e-05f2ecc6772f HTTP/1.1" status: 200 len: 1407 time: 0.0525999
2026-05-19 04:10:52.339 9 INFO neutron.api.wsgi [req-395d53f5-4546-4a4a-aa68-6b36d7b9c1b1 req-2a81748f-0431-4c37-84bf-a7268b29e44e d88d58978ec24dd1a4a1ffc5d123254b 111194f18d9445be885d61c6884ad82e - - default default] 10.0.0.160 "GET /v2.0/ports?device_id=331c2c36-d2da-4a66-9c4e-5babb8e0a597 HTTP/1.1" status: 200 len: 210 time: 0.0229888
2026-05-19 04:10:52.353 10 INFO neutron.api.wsgi [req-21422ce9-a0f6-49e1-9144-7448850cf12f req-4e1ba41f-d75a-4f68-9ba1-630747eb6f8f c834e764410548f794cde0c82596473f e685a53ef7874751b59cb65199d00e90 - - 7ea3e3be34a04c748fa51567ef9afceb 7ea3e3be34a04c748fa51567ef9afceb] 199.19.213.225 "GET /v2.0/networks?id=1b732f19-9a00-4de4-a82d-74e7a0aa2fc4 HTTP/1.1" status: 200 len: 959 time: 0.0412467
2026-05-19 04:10:52.376 10 INFO neutron.api.wsgi [req-21422ce9-a0f6-49e1-9144-7448850cf12f req-7b4fd686-81dc-4257-8d2a-ddcc36e30992 c834e764410548f794cde0c82596473f e685a53ef7874751b59cb65199d00e90 - - 7ea3e3be34a04c748fa51567ef9afceb 7ea3e3be34a04c748fa51567ef9afceb] 199.19.213.225 "GET /v2.0/floatingips?fixed_ip_address=10.100.0.3&port_id=ae3084e9-1f3d-4ca8-82a3-180eb441efc0 HTTP/1.1" status: 200 len: 217 time: 0.0159891
2026-05-19 04:10:52.383 9 INFO neutron.api.wsgi [None req-81b7d8ce-398b-4fa5-8778-631d75135824 4ec1c75bc4094d44857d3b9c618afc9a 211be4bbaa914b15bec9ea7c359536a9 - - default default] 10.0.0.238 "DELETE /v2.0/security-groups/d4f671b6-d806-4709-adb2-7da8d733993f HTTP/1.1" status: 204 len: 168 time: 0.1266315
2026-05-19 04:10:52.394 9 INFO neutron.api.v2.resource [None req-5838f616-a0e9-4e6f-b9a6-a2bef209e2aa 4ec1c75bc4094d44857d3b9c618afc9a 211be4bbaa914b15bec9ea7c359536a9 - - default default] show failed (client error): The resource could not be found.
2026-05-19 04:10:52.394 9 INFO neutron.api.wsgi [None req-5838f616-a0e9-4e6f-b9a6-a2bef209e2aa 4ec1c75bc4094d44857d3b9c618afc9a 211be4bbaa914b15bec9ea7c359536a9 - - default default] 10.0.0.238 "GET /v2.0/security-groups/d4f671b6-d806-4709-adb2-7da8d733993f HTTP/1.1" status: 404 len: 347 time: 0.0071988
2026-05-19 04:10:52.410 10 INFO neutron.api.wsgi [req-21422ce9-a0f6-49e1-9144-7448850cf12f req-81372fae-c0df-4c4e-b980-489d69972ae7 c834e764410548f794cde0c82596473f e685a53ef7874751b59cb65199d00e90 - - 7ea3e3be34a04c748fa51567ef9afceb 7ea3e3be34a04c748fa51567ef9afceb] 199.19.213.225 "GET /v2.0/subnets?id=c0162e45-b298-4145-b3ae-8f9a865897ed HTTP/1.1" status: 200 len: 877 time: 0.0288146
2026-05-19 04:10:52.431 10 INFO neutron.api.wsgi [req-21422ce9-a0f6-49e1-9144-7448850cf12f req-0613f960-6de3-496e-a251-468429bef046 c834e764410548f794cde0c82596473f e685a53ef7874751b59cb65199d00e90 - - 7ea3e3be34a04c748fa51567ef9afceb 7ea3e3be34a04c748fa51567ef9afceb] 199.19.213.225 "GET /v2.0/ports?network_id=1b732f19-9a00-4de4-a82d-74e7a0aa2fc4&device_owner=network%3Adhcp HTTP/1.1" status: 200 len: 210 time: 0.0149157
2026-05-19 04:10:52.479 10 INFO neutron.api.wsgi [None req-826380ec-a9ed-43fa-b230-bac49fa4055b c2274f30415049658a8847617dfa2f8b 66cc643260734dad86ac78f1f9480af3 - - default default] 10.0.0.238 "DELETE /v2.0/floatingips/feb3d4ea-c651-42ca-813e-55b5ed57c3a2 HTTP/1.1" status: 204 len: 168 time: 0.3942733
2026-05-19 04:10:52.481 10 INFO neutron.api.wsgi [req-21422ce9-a0f6-49e1-9144-7448850cf12f req-5133965a-00a9-41c4-86ec-e26d32adb351 c834e764410548f794cde0c82596473f e685a53ef7874751b59cb65199d00e90 - - 7ea3e3be34a04c748fa51567ef9afceb 7ea3e3be34a04c748fa51567ef9afceb] 199.19.213.225 "GET /v2.0/networks/1b732f19-9a00-4de4-a82d-74e7a0aa2fc4?fields=segments HTTP/1.1" status: 200 len: 212 time: 0.0418665
2026-05-19 04:10:52.547 10 INFO neutron.api.wsgi [req-21422ce9-a0f6-49e1-9144-7448850cf12f req-37b2effe-7831-46e4-9d71-9dc41052319d c834e764410548f794cde0c82596473f e685a53ef7874751b59cb65199d00e90 - - 7ea3e3be34a04c748fa51567ef9afceb 7ea3e3be34a04c748fa51567ef9afceb] 199.19.213.225 "GET /v2.0/networks/1b732f19-9a00-4de4-a82d-74e7a0aa2fc4?fields=provider%3Aphysical_network&fields=provider%3Anetwork_type HTTP/1.1" status: 200 len: 277 time: 0.0566380
2026-05-19 04:10:52.684 9 INFO neutron.api.wsgi [None req-5e058ffe-8d23-44e2-ae9f-de17b8ad0089 4ec1c75bc4094d44857d3b9c618afc9a 211be4bbaa914b15bec9ea7c359536a9 - - default default] 10.0.0.238 "DELETE /v2.0/floatingips/871d0ceb-18da-4a2f-b7b3-3de7e0bc0d91 HTTP/1.1" status: 204 len: 168 time: 0.2859347
2026-05-19 04:10:53.190 9 INFO neutron.plugins.ml2.drivers.ovn.mech_driver.mech_driver [None req-e0daf0dc-9091-4232-829f-3a5ad917c469 - - - - - -] OVN reports status up for port: ae3084e9-1f3d-4ca8-82a3-180eb441efc0
2026-05-19 04:10:53.210 9 INFO neutron.plugins.ml2.plugin [None req-e0daf0dc-9091-4232-829f-3a5ad917c469 - - - - - -] Attempt 1 to provision port ae3084e9-1f3d-4ca8-82a3-180eb441efc0
2026-05-19 04:10:53.414 10 INFO neutron.api.wsgi [req-00b02b95-9f55-49bd-a75f-2ae8b89224c6 req-1060d991-d69f-49a1-b782-c583a3ba012c deba606f398642cc8fbfc09018e8cad3 f58c58a1ae174e17af741c2585469534 - - default default] 10.0.0.160 "GET /v2.0/ports?device_id=656347b1-38ba-435f-9b3e-05f2ecc6772f HTTP/1.1" status: 200 len: 1170 time: 0.0479319
2026-05-19 04:10:53.443 9 INFO neutron.api.wsgi [req-0f0c8052-f868-441a-8d09-aff09c72540b req-aaf7954b-4cd9-46c7-9997-78932767c4d0 d88d58978ec24dd1a4a1ffc5d123254b 111194f18d9445be885d61c6884ad82e - - default default] 10.0.0.160 "GET /v2.0/ports?device_id=331c2c36-d2da-4a66-9c4e-5babb8e0a597 HTTP/1.1" status: 200 len: 210 time: 0.0154843
2026-05-19 04:10:53.476 10 INFO neutron.api.wsgi [req-00b02b95-9f55-49bd-a75f-2ae8b89224c6 req-2f432520-d00e-408f-9934-d6c0de848edf deba606f398642cc8fbfc09018e8cad3 f58c58a1ae174e17af741c2585469534 - - default default] 10.0.0.160 "GET /v2.0/security-groups?id=37adb459-e1e8-4a5e-b9c4-e7f16e838aec&fields=id&fields=name HTTP/1.1" status: 200 len: 312 time: 0.0548701
2026-05-19 04:10:53.496 9 INFO neutron.db.ovn_revision_numbers_db [None req-e0daf0dc-9091-4232-829f-3a5ad917c469 - - - - - -] Successfully bumped revision number for resource ae3084e9-1f3d-4ca8-82a3-180eb441efc0 (type: ports) to 5
2026-05-19 04:10:53.654 10 INFO neutron.api.wsgi [None req-a5a4440e-6ef5-43d0-8112-3896952b6e51 f77b760cfffc4917925ca7502c2aaccd 35cb3bd5217649d8b8ad9932c17d036d - - default default] 10.0.0.238 "PUT /v2.0/routers/08c9525a-2727-4376-a061-260fec93c0b6/remove_router_interface HTTP/1.1" status: 200 len: 503 time: 1.1687400 /var/lib/openstack/lib/python3.12/site-packages/pycadf/identifier.py:71: UserWarning: Invalid uuid: neutron. To ensure interoperability, identifiers should be a valid uuid. warnings.warn(('Invalid uuid: %s. To ensure interoperability, '
2026-05-19 04:10:53.666 9 INFO neutron.notifiers.nova [-] Nova event matching ['req-420045b1-88d3-42b2-88e8-ab9394e59e5b'] response: {'server_uuid': '656347b1-38ba-435f-9b3e-05f2ecc6772f', 'name': 'network-vif-plugged', 'status': 'completed', 'tag': 'ae3084e9-1f3d-4ca8-82a3-180eb441efc0', 'code': 200}
2026-05-19 04:10:53.666 9 INFO neutron.notifiers.nova [-] Nova event matching ['req-420045b1-88d3-42b2-88e8-ab9394e59e5b'] response: {'server_uuid': '656347b1-38ba-435f-9b3e-05f2ecc6772f', 'name': 'network-vif-plugged', 'status': 'completed', 'tag': 'ae3084e9-1f3d-4ca8-82a3-180eb441efc0', 'code': 200}
2026-05-19 04:10:53.905 9 INFO neutron.api.wsgi [None req-1debdfb9-80c2-4235-945b-4f332f961ff2 f77b760cfffc4917925ca7502c2aaccd 35cb3bd5217649d8b8ad9932c17d036d - - default default] 10.0.0.238 "PUT /v2.0/routers/2be57bbb-d959-4d4f-b040-d2819209769e/remove_router_interface HTTP/1.1" status: 200 len: 503 time: 1.1668189 /var/lib/openstack/lib/python3.12/site-packages/pycadf/identifier.py:71: UserWarning: Invalid uuid: neutron. To ensure interoperability, identifiers should be a valid uuid. warnings.warn(('Invalid uuid: %s. To ensure interoperability, '
2026-05-19 04:10:54.299 10 INFO neutron.api.wsgi [None req-a99f6a49-ed2a-46fe-8264-394c920774c5 f77b760cfffc4917925ca7502c2aaccd 35cb3bd5217649d8b8ad9932c17d036d - - default default] 10.0.0.238 "DELETE /v2.0/routers/08c9525a-2727-4376-a061-260fec93c0b6 HTTP/1.1" status: 204 len: 168 time: 0.6403010
2026-05-19 04:10:54.470 10 INFO neutron.api.wsgi [None req-259a8105-cec8-4d5d-b213-6fca30e2ff3d f77b760cfffc4917925ca7502c2aaccd 35cb3bd5217649d8b8ad9932c17d036d - - default default] 10.0.0.238 "DELETE /v2.0/subnets/0813f26f-3880-48ab-9b66-6ead07707f60 HTTP/1.1" status: 204 len: 168 time: 0.1659944
2026-05-19 04:10:54.543 10 INFO neutron.api.wsgi [req-c3db6bb5-541e-4519-9f48-9232ce56e606 req-6d1aed02-e5fe-4bb4-83b5-d84143df902f d88d58978ec24dd1a4a1ffc5d123254b 111194f18d9445be885d61c6884ad82e - - default default] 10.0.0.160 "GET /v2.0/ports?device_id=331c2c36-d2da-4a66-9c4e-5babb8e0a597 HTTP/1.1" status: 200 len: 210 time: 0.0364079
2026-05-19 04:10:54.584 9 INFO neutron.api.wsgi [None req-fe87df54-3e14-4a68-bd3a-a9f09bc1f3e0 f77b760cfffc4917925ca7502c2aaccd 35cb3bd5217649d8b8ad9932c17d036d - - default default] 10.0.0.238 "DELETE /v2.0/routers/2be57bbb-d959-4d4f-b040-d2819209769e HTTP/1.1" status: 204 len: 168 time: 0.6744218
2026-05-19 04:10:54.616 9 INFO neutron.api.wsgi [req-21a96cb6-6f7a-4846-a924-d6072e1f51e1 req-a5121e43-19e3-4c86-b4be-0b4f0e3b955d deba606f398642cc8fbfc09018e8cad3 f58c58a1ae174e17af741c2585469534 - - default default] 10.0.0.160 "GET /v2.0/ports?device_id=656347b1-38ba-435f-9b3e-05f2ecc6772f HTTP/1.1" status: 200 len: 1170 time: 0.0600486
2026-05-19 04:10:54.661 9 INFO neutron.api.wsgi [req-21a96cb6-6f7a-4846-a924-d6072e1f51e1 req-e49b7c64-1d2a-401e-9df1-e7d46137ab43 deba606f398642cc8fbfc09018e8cad3 f58c58a1ae174e17af741c2585469534 - - default default] 10.0.0.160 "GET /v2.0/security-groups?id=37adb459-e1e8-4a5e-b9c4-e7f16e838aec&fields=id&fields=name HTTP/1.1" status: 200 len: 312 time: 0.0403302
2026-05-19 04:10:54.764 9 INFO neutron.api.wsgi [None req-6aad0131-a09e-4eda-98c4-2e1ac7a052f4 f77b760cfffc4917925ca7502c2aaccd 35cb3bd5217649d8b8ad9932c17d036d - - default default] 10.0.0.238 "DELETE /v2.0/subnets/01c609ac-3097-4fe2-88db-0cb5dcebb8a6 HTTP/1.1" status: 204 len: 168 time: 0.1740623
2026-05-19 04:10:54.810 10 INFO neutron.services.segments.plugin [-] Segment 6bfdd5d4-0232-47c6-9c31-ee3770eddf3e resource provider aggregate not found
2026-05-19 04:10:54.817 10 INFO neutron.services.segments.plugin [-] Segment 6bfdd5d4-0232-47c6-9c31-ee3770eddf3e resource provider aggregate not found
2026-05-19 04:10:54.822 10 INFO neutron.services.segments.plugin [-] Segment 6bfdd5d4-0232-47c6-9c31-ee3770eddf3e resource provider not found; error: Placement Client Error (4xx): {"errors": [{"status": 404, "title": "Not Found", "detail": "The resource could not be found.\n\n No resource provider with uuid 6bfdd5d4-0232-47c6-9c31-ee3770eddf3e found for delete ", "request_id": "req-aa897d05-8365-450e-8443-d0bde631bc45"}]}
2026-05-19 04:10:54.833 10 INFO neutron.services.segments.plugin [-] Segment 6bfdd5d4-0232-47c6-9c31-ee3770eddf3e resource provider not found; error: Placement Client Error (4xx): {"errors": [{"status": 404, "title": "Not Found", "detail": "The resource could not be found.\n\n No resource provider with uuid 6bfdd5d4-0232-47c6-9c31-ee3770eddf3e found for delete ", "request_id": "req-7802bdad-a7f1-44a6-8204-b3500176dd1f"}]}
2026-05-19 04:10:54.858 10 INFO neutron.api.wsgi [None req-dbd7c35d-5f9d-4604-ae1d-a20f2533daa0 f77b760cfffc4917925ca7502c2aaccd 35cb3bd5217649d8b8ad9932c17d036d - - default default] 10.0.0.238 "DELETE /v2.0/networks/9ee5915f-93e7-49ec-bc69-a01d5bc9c1aa HTTP/1.1" status: 204 len: 168 time: 0.3848944
2026-05-19 04:10:55.002 9 INFO neutron.api.wsgi [None req-7ecf3c4f-05d4-4eb2-864e-fb331c250d9d f77b760cfffc4917925ca7502c2aaccd 35cb3bd5217649d8b8ad9932c17d036d - - default default] 10.0.0.238 "GET /v2.0/security-groups?tenant_id=66cc643260734dad86ac78f1f9480af3&name=default HTTP/1.1" status: 200 len: 3120 time: 0.0351367
2026-05-19 04:10:55.075 10 INFO neutron.api.wsgi [None req-68c778e9-6f42-426b-9976-340576fbea7f f77b760cfffc4917925ca7502c2aaccd 35cb3bd5217649d8b8ad9932c17d036d - - default default] 10.0.0.238 "DELETE /v2.0/networks/5685f1b5-ff6f-43ca-9505-dfcecac756c5 HTTP/1.1" status: 204 len: 168 time: 0.3065677
2026-05-19 04:10:55.230 9 INFO neutron.api.wsgi [None req-52e18a3e-666e-4bb4-9021-5315053a7260 f77b760cfffc4917925ca7502c2aaccd 35cb3bd5217649d8b8ad9932c17d036d - - default default] 10.0.0.238 "DELETE /v2.0/security-groups/99fc688c-04e7-43dd-a7d7-31a2a366dbc2 HTTP/1.1" status: 204 len: 168 time: 0.2211175
2026-05-19 04:10:55.265 10 INFO neutron.api.wsgi [None req-0bca515c-9f56-48fe-b361-c21688098274 f77b760cfffc4917925ca7502c2aaccd 35cb3bd5217649d8b8ad9932c17d036d - - default default] 10.0.0.238 "GET /v2.0/security-groups?tenant_id=211be4bbaa914b15bec9ea7c359536a9&name=default HTTP/1.1" status: 200 len: 3120 time: 0.0240917
2026-05-19 04:10:55.502 10 INFO neutron.api.wsgi [None req-df653327-b8fc-454b-a0f5-db54cc25687b f77b760cfffc4917925ca7502c2aaccd 35cb3bd5217649d8b8ad9932c17d036d - - default default] 10.0.0.238 "DELETE /v2.0/security-groups/750ad8c6-adea-45e2-ba4a-e36c1b6cf1ec HTTP/1.1" status: 204 len: 168 time: 0.2326698
2026-05-19 04:10:55.775 9 INFO neutron.api.wsgi [None req-0059a4cf-e305-45d5-8dff-f1fc4a79959c d88d58978ec24dd1a4a1ffc5d123254b 111194f18d9445be885d61c6884ad82e - - default default] 10.0.0.238 "DELETE /v2.0/security-groups/7d2d5077-1110-409e-aa3b-3daf2153ac58 HTTP/1.1" status: 204 len: 168 time: 0.1470532
2026-05-19 04:10:55.784 9 INFO neutron.api.v2.resource [None req-ddb0e35b-b3ef-4a01-a1ee-9e875ae3cec3 d88d58978ec24dd1a4a1ffc5d123254b 111194f18d9445be885d61c6884ad82e - - default default] show failed (client error): The resource could not be found.
2026-05-19 04:10:55.785 9 INFO neutron.api.wsgi [None req-ddb0e35b-b3ef-4a01-a1ee-9e875ae3cec3 d88d58978ec24dd1a4a1ffc5d123254b 111194f18d9445be885d61c6884ad82e - - default default] 10.0.0.238 "GET /v2.0/security-groups/7d2d5077-1110-409e-aa3b-3daf2153ac58 HTTP/1.1" status: 404 len: 347 time: 0.0065885
2026-05-19 04:10:55.817 10 INFO neutron.api.wsgi [req-8153f36e-ec2b-4d7c-89b6-4e07c5b9f2b3 req-8e470209-c342-444d-934e-4a62e0e3a24a deba606f398642cc8fbfc09018e8cad3 f58c58a1ae174e17af741c2585469534 - - default default] 10.0.0.160 "GET /v2.0/ports?device_id=656347b1-38ba-435f-9b3e-05f2ecc6772f HTTP/1.1" status: 200 len: 1170 time: 0.0725858
2026-05-19 04:10:55.883 10 INFO neutron.api.wsgi [req-8153f36e-ec2b-4d7c-89b6-4e07c5b9f2b3 req-f3f23ff1-16b5-42ba-a4df-597805101ecf deba606f398642cc8fbfc09018e8cad3 f58c58a1ae174e17af741c2585469534 - - default default] 10.0.0.160 "GET /v2.0/security-groups?id=37adb459-e1e8-4a5e-b9c4-e7f16e838aec&fields=id&fields=name HTTP/1.1" status: 200 len: 312 time: 0.0555062
2026-05-19 04:10:56.040 9 INFO neutron.api.wsgi [req-0f3d162e-1754-4b3b-928b-f203547c3c46 req-7c0962f0-3eb4-4da6-a9ec-0d4633ce15c9 deba606f398642cc8fbfc09018e8cad3 f58c58a1ae174e17af741c2585469534 - - default default] 10.0.0.160 "GET /v2.0/ports?device_id=656347b1-38ba-435f-9b3e-05f2ecc6772f HTTP/1.1" status: 200 len: 1170 time: 0.0403943
2026-05-19 04:10:56.087 9 INFO neutron.api.wsgi [req-0f3d162e-1754-4b3b-928b-f203547c3c46 req-4f3b9799-9fda-4baf-85ba-bd38b52c8910 deba606f398642cc8fbfc09018e8cad3 f58c58a1ae174e17af741c2585469534 - - default default] 10.0.0.160 "GET /v2.0/security-groups?id=37adb459-e1e8-4a5e-b9c4-e7f16e838aec&fields=id&fields=name HTTP/1.1" status: 200 len: 312 time: 0.0410368
2026-05-19 04:10:56.130 9 INFO neutron.api.wsgi [None req-3b32003e-f8db-4981-9bc5-14864c89187e d88d58978ec24dd1a4a1ffc5d123254b 111194f18d9445be885d61c6884ad82e - - default default] 10.0.0.238 "DELETE /v2.0/floatingips/a7993265-9df9-4afa-aea8-5db43feacfdf HTTP/1.1" status: 204 len: 168 time: 0.3416290
2026-05-19 04:10:56.138 9 INFO neutron.api.wsgi [None req-d9d8a09e-2ebc-4e13-91a8-3d6bd9a6c49d d0c6d4156a7f4a99b2da46856258cee9 ef85f84850de4a679dbd45f24ea2efc3 - - default default] 10.0.0.238 "GET /v2.0/ports?device_id=656347b1-38ba-435f-9b3e-05f2ecc6772f HTTP/1.1" status: 200 len: 1404 time: 0.0284529
2026-05-19 04:10:56.144 9 WARNING neutron_lib.context [None req-a7ec90b6-f4d5-4209-a19b-562bec634a9e deba606f398642cc8fbfc09018e8cad3 f58c58a1ae174e17af741c2585469534 - - default default] Method 'is_advsvc' is deprecated since 2023.2 release (neutron-lib 3.8.0) and will be removed once support for the old RBAC API policies will be removed from Neutron. Please use method 'is_service_role' instead.
2026-05-19 04:10:56.480 9 WARNING neutron.scheduler.dhcp_agent_scheduler [None req-a7ec90b6-f4d5-4209-a19b-562bec634a9e deba606f398642cc8fbfc09018e8cad3 f58c58a1ae174e17af741c2585469534 - - default default] No more DHCP agents
2026-05-19 04:10:56.482 9 WARNING neutron.api.rpc.agentnotifiers.dhcp_rpc_agent_api [None req-a7ec90b6-f4d5-4209-a19b-562bec634a9e deba606f398642cc8fbfc09018e8cad3 f58c58a1ae174e17af741c2585469534 - - default default] Unable to schedule network 2488a5c5-3a77-416a-9b17-71dfc3b2bd90: no agents available; will retry on subsequent port and subnet creation events.
2026-05-19 04:10:56.841 10 INFO neutron.services.segments.plugin [-] Segment b79561e8-61fd-4549-a2f0-87ee2473ae84 resource provider aggregate not found
2026-05-19 04:10:56.851 10 INFO neutron.services.segments.plugin [-] Segment b79561e8-61fd-4549-a2f0-87ee2473ae84 resource provider not found; error: Placement Client Error (4xx): {"errors": [{"status": 404, "title": "Not Found", "detail": "The resource could not be found.\n\n No resource provider with uuid b79561e8-61fd-4549-a2f0-87ee2473ae84 found for delete ", "request_id": "req-e1fcc451-55e5-4ff5-a4d1-b45feb6885cc"}]}
2026-05-19 04:10:56.853 10 INFO neutron.services.segments.plugin [-] Segment b79561e8-61fd-4549-a2f0-87ee2473ae84 resource provider aggregate not found
2026-05-19 04:10:56.869 10 INFO neutron.services.segments.plugin [-] Segment b79561e8-61fd-4549-a2f0-87ee2473ae84 resource provider not found; error: Placement Client Error (4xx): {"errors": [{"status": 404, "title": "Not Found", "detail": "The resource could not be found.\n\n No resource provider with uuid b79561e8-61fd-4549-a2f0-87ee2473ae84 found for delete ", "request_id": "req-612e968c-4983-4c3c-a49f-a575c5ebe0ef"}]}
2026-05-19 04:10:57.133 9 INFO neutron.db.ovn_revision_numbers_db [None req-a7ec90b6-f4d5-4209-a19b-562bec634a9e deba606f398642cc8fbfc09018e8cad3 f58c58a1ae174e17af741c2585469534 - - default default] Successfully bumped revision number for resource eccfb41a-235a-4ba0-ad41-e2e05df9967b (type: floatingips) to -1
2026-05-19 04:10:57.237 9 INFO neutron.db.ovn_revision_numbers_db [None req-a7ec90b6-f4d5-4209-a19b-562bec634a9e deba606f398642cc8fbfc09018e8cad3 f58c58a1ae174e17af741c2585469534 - - default default] Successfully bumped revision number for resource eccfb41a-235a-4ba0-ad41-e2e05df9967b (type: floatingips) to 1
2026-05-19 04:10:57.238 9 INFO neutron.db.l3_db [None req-a7ec90b6-f4d5-4209-a19b-562bec634a9e deba606f398642cc8fbfc09018e8cad3 f58c58a1ae174e17af741c2585469534 - - default default] Floating IP eccfb41a-235a-4ba0-ad41-e2e05df9967b associated. External IP: 10.96.250.217, port: ae3084e9-1f3d-4ca8-82a3-180eb441efc0.
2026-05-19 04:10:57.277 10 INFO neutron.api.wsgi [None req-1e20f435-9678-4a44-babd-b14b0ece11e5 f77b760cfffc4917925ca7502c2aaccd 35cb3bd5217649d8b8ad9932c17d036d - - default default] 10.0.0.238 "PUT /v2.0/routers/350feceb-3d3f-4d00-af42-240750553c3e/remove_router_interface HTTP/1.1" status: 200 len: 503 time: 1.1407750 /var/lib/openstack/lib/python3.12/site-packages/pycadf/identifier.py:71: UserWarning: Invalid uuid: neutron. To ensure interoperability, identifiers should be a valid uuid. warnings.warn(('Invalid uuid: %s. To ensure interoperability, '
2026-05-19 04:10:57.307 9 INFO neutron.api.wsgi [None req-a7ec90b6-f4d5-4209-a19b-562bec634a9e deba606f398642cc8fbfc09018e8cad3 f58c58a1ae174e17af741c2585469534 - - default default] 10.0.0.238 "POST /v2.0/floatingips HTTP/1.1" status: 201 len: 1054 time: 1.1654930
2026-05-19 04:10:57.357 9 INFO neutron.notifiers.nova [-] Nova event matching ['req-19b23da2-d6ac-4e83-acf4-ae48f973972d'] response: {'name': 'network-changed', 'server_uuid': '656347b1-38ba-435f-9b3e-05f2ecc6772f', 'tag': 'ae3084e9-1f3d-4ca8-82a3-180eb441efc0', 'status': 'completed', 'code': 200}
2026-05-19 04:10:57.372 10 INFO neutron.api.wsgi [None req-3cb2841b-a599-48c7-9e3d-ab0ecef1841d deba606f398642cc8fbfc09018e8cad3 f58c58a1ae174e17af741c2585469534 - - default default] 10.0.0.238 "GET /v2.0/floatingips/eccfb41a-235a-4ba0-ad41-e2e05df9967b HTTP/1.1" status: 200 len: 1051 time: 0.0580711
2026-05-19 04:10:57.604 9 INFO neutron.db.ovn_revision_numbers_db [None req-c53d676f-1250-4778-b441-1fc7e471caa5 f77b760cfffc4917925ca7502c2aaccd 35cb3bd5217649d8b8ad9932c17d036d - - default default] Successfully bumped revision number for resource 8bceac27-baea-4ba0-81b5-ccc8a3b0e9bc (type: security_groups) to 1
2026-05-19 04:10:57.617 9 INFO neutron.db.ovn_revision_numbers_db [None req-c53d676f-1250-4778-b441-1fc7e471caa5 f77b760cfffc4917925ca7502c2aaccd 35cb3bd5217649d8b8ad9932c17d036d - - default default] Successfully bumped revision number for resource 087bbccc-fbdd-4358-b927-51d58f62d20b (type: security_group_rules) to 0
2026-05-19 04:10:57.643 9 INFO neutron.db.ovn_revision_numbers_db [None req-c53d676f-1250-4778-b441-1fc7e471caa5 f77b760cfffc4917925ca7502c2aaccd 35cb3bd5217649d8b8ad9932c17d036d - - default default] Successfully bumped revision number for resource 08b15aaf-00d2-4145-8c16-2308f30359a3 (type: security_group_rules) to 0
2026-05-19 04:10:57.657 9 INFO neutron.db.ovn_revision_numbers_db [None req-c53d676f-1250-4778-b441-1fc7e471caa5 f77b760cfffc4917925ca7502c2aaccd 35cb3bd5217649d8b8ad9932c17d036d - - default default] Successfully bumped revision number for resource 8dca8d24-c02d-423c-a5c4-7b42f5771f53 (type: security_group_rules) to 0
2026-05-19 04:10:57.677 9 INFO neutron.db.ovn_revision_numbers_db [None req-c53d676f-1250-4778-b441-1fc7e471caa5 f77b760cfffc4917925ca7502c2aaccd 35cb3bd5217649d8b8ad9932c17d036d - - default default] Successfully bumped revision number for resource afede9bf-30e0-4eb1-b4bd-1641c6b12acd (type: security_group_rules) to 0
2026-05-19 04:10:57.744 9 INFO neutron.db.segments_db [None req-c53d676f-1250-4778-b441-1fc7e471caa5 f77b760cfffc4917925ca7502c2aaccd 35cb3bd5217649d8b8ad9932c17d036d - - default default] Added segment d7501929-f735-4402-af54-660a474e7c60 of type geneve for network 0aed0912-398c-4476-837a-61e575cd8ba1
2026-05-19 04:10:57.858 9 INFO neutron.db.ovn_revision_numbers_db [None req-c53d676f-1250-4778-b441-1fc7e471caa5 f77b760cfffc4917925ca7502c2aaccd 35cb3bd5217649d8b8ad9932c17d036d - - default default] Successfully bumped revision number for resource 0aed0912-398c-4476-837a-61e575cd8ba1 (type: networks) to 1
2026-05-19 04:10:57.913 10 INFO neutron.api.wsgi [req-4b2c3cf9-ff19-4332-a08e-e181ad132e18 req-28556ec0-d908-4bed-8b58-0bdea27085e2 c834e764410548f794cde0c82596473f e685a53ef7874751b59cb65199d00e90 - - 7ea3e3be34a04c748fa51567ef9afceb 7ea3e3be34a04c748fa51567ef9afceb] 199.19.213.225 "GET /v2.0/ports?tenant_id=f58c58a1ae174e17af741c2585469534&device_id=656347b1-38ba-435f-9b3e-05f2ecc6772f HTTP/1.1" status: 200 len: 1409 time: 0.0401218
2026-05-19 04:10:57.997 10 INFO neutron.api.wsgi [req-4b2c3cf9-ff19-4332-a08e-e181ad132e18 req-125eed1d-9203-4d89-832f-2c940636dab5 c834e764410548f794cde0c82596473f e685a53ef7874751b59cb65199d00e90 - - 7ea3e3be34a04c748fa51567ef9afceb 7ea3e3be34a04c748fa51567ef9afceb] 199.19.213.225 "GET /v2.0/networks?id=1b732f19-9a00-4de4-a82d-74e7a0aa2fc4 HTTP/1.1" status: 200 len: 959 time: 0.0771286
2026-05-19 04:10:58.011 10 INFO neutron.api.wsgi [None req-a873d67a-808b-47af-8fe2-38b66ca91da0 f77b760cfffc4917925ca7502c2aaccd 35cb3bd5217649d8b8ad9932c17d036d - - default default] 10.0.0.238 "DELETE /v2.0/routers/350feceb-3d3f-4d00-af42-240750553c3e HTTP/1.1" status: 204 len: 168 time: 0.7243915
2026-05-19 04:10:58.020 9 WARNING neutron.scheduler.dhcp_agent_scheduler [None req-c53d676f-1250-4778-b441-1fc7e471caa5 f77b760cfffc4917925ca7502c2aaccd 35cb3bd5217649d8b8ad9932c17d036d - - default default] No more DHCP agents
2026-05-19 04:10:58.029 9 WARNING neutron.api.rpc.agentnotifiers.dhcp_rpc_agent_api [None req-c53d676f-1250-4778-b441-1fc7e471caa5 f77b760cfffc4917925ca7502c2aaccd 35cb3bd5217649d8b8ad9932c17d036d - - default default] Unable to schedule network 0aed0912-398c-4476-837a-61e575cd8ba1: no agents available; will retry on subsequent port and subnet creation events.
2026-05-19 04:10:58.047 10 INFO neutron.api.wsgi [req-4b2c3cf9-ff19-4332-a08e-e181ad132e18 req-2e6e5192-640f-45db-bd5e-b1964a1f4e98 c834e764410548f794cde0c82596473f e685a53ef7874751b59cb65199d00e90 - - 7ea3e3be34a04c748fa51567ef9afceb 7ea3e3be34a04c748fa51567ef9afceb] 199.19.213.225 "GET /v2.0/floatingips?fixed_ip_address=10.100.0.3&port_id=ae3084e9-1f3d-4ca8-82a3-180eb441efc0 HTTP/1.1" status: 200 len: 1059 time: 0.0340993
2026-05-19 04:10:58.080 10 INFO neutron.api.wsgi [req-4b2c3cf9-ff19-4332-a08e-e181ad132e18 req-a693a75e-340e-4035-bd2f-e47f22ae416d c834e764410548f794cde0c82596473f e685a53ef7874751b59cb65199d00e90 - - 7ea3e3be34a04c748fa51567ef9afceb 7ea3e3be34a04c748fa51567ef9afceb] 199.19.213.225 "GET /v2.0/subnets?id=c0162e45-b298-4145-b3ae-8f9a865897ed HTTP/1.1" status: 200 len: 877 time: 0.0259860
2026-05-19 04:10:58.100 10 INFO neutron.api.wsgi [req-4b2c3cf9-ff19-4332-a08e-e181ad132e18 req-ef17de82-f90b-4459-9fe2-bcdb336c0f9d c834e764410548f794cde0c82596473f e685a53ef7874751b59cb65199d00e90 - - 7ea3e3be34a04c748fa51567ef9afceb 7ea3e3be34a04c748fa51567ef9afceb] 199.19.213.225 "GET /v2.0/ports?network_id=1b732f19-9a00-4de4-a82d-74e7a0aa2fc4&device_owner=network%3Adhcp HTTP/1.1" status: 200 len: 210 time: 0.0161469
2026-05-19 04:10:58.110 9 INFO neutron.db.ovn_revision_numbers_db [None req-c53d676f-1250-4778-b441-1fc7e471caa5 f77b760cfffc4917925ca7502c2aaccd 35cb3bd5217649d8b8ad9932c17d036d - - default default] Successfully bumped revision number for resource 40fb35ba-73f5-4491-b69c-e4251e0c5bc0 (type: ports) to 1
2026-05-19 04:10:58.138 9 INFO neutron.api.wsgi [None req-c53d676f-1250-4778-b441-1fc7e471caa5 f77b760cfffc4917925ca7502c2aaccd 35cb3bd5217649d8b8ad9932c17d036d - - default default] 10.0.0.238 "POST /v2.0/networks HTTP/1.1" status: 201 len: 944 time: 0.7791710
2026-05-19 04:10:58.161 10 INFO neutron.api.wsgi [req-4b2c3cf9-ff19-4332-a08e-e181ad132e18 req-4af4cad1-0995-4b51-bf2f-401b7d2b53ef c834e764410548f794cde0c82596473f e685a53ef7874751b59cb65199d00e90 - - 7ea3e3be34a04c748fa51567ef9afceb 7ea3e3be34a04c748fa51567ef9afceb] 199.19.213.225 "GET /v2.0/networks/1b732f19-9a00-4de4-a82d-74e7a0aa2fc4?fields=segments HTTP/1.1" status: 200 len: 212 time: 0.0545962
2026-05-19 04:10:58.197 9 INFO neutron.api.wsgi [None req-8ed5e33c-87cb-4ded-b2c0-95f1000773e2 f77b760cfffc4917925ca7502c2aaccd 35cb3bd5217649d8b8ad9932c17d036d - - default default] 10.0.0.238 "DELETE /v2.0/subnets/e16e3b59-fd97-4988-b4ae-9c0d90d062bf HTTP/1.1" status: 204 len: 168 time: 0.1763170
2026-05-19 04:10:58.226 10 INFO neutron.api.wsgi [req-4b2c3cf9-ff19-4332-a08e-e181ad132e18 req-05782f49-4ef6-48cb-9b8b-8b52eb8c1f92 c834e764410548f794cde0c82596473f e685a53ef7874751b59cb65199d00e90 - - 7ea3e3be34a04c748fa51567ef9afceb 7ea3e3be34a04c748fa51567ef9afceb] 199.19.213.225 "GET /v2.0/networks/1b732f19-9a00-4de4-a82d-74e7a0aa2fc4?fields=provider%3Aphysical_network&fields=provider%3Anetwork_type HTTP/1.1" status: 200 len: 277 time: 0.0579619
2026-05-19 04:10:58.304 10 WARNING neutron.scheduler.dhcp_agent_scheduler [None req-ee628054-db93-4a93-a1c6-cd496da1d2f0 f77b760cfffc4917925ca7502c2aaccd 35cb3bd5217649d8b8ad9932c17d036d - - default default] No more DHCP agents
2026-05-19 04:10:58.307 10 WARNING neutron.api.rpc.agentnotifiers.dhcp_rpc_agent_api [None req-ee628054-db93-4a93-a1c6-cd496da1d2f0 f77b760cfffc4917925ca7502c2aaccd 35cb3bd5217649d8b8ad9932c17d036d - - default default] Unable to schedule network 0aed0912-398c-4476-837a-61e575cd8ba1: no agents available; will retry on subsequent port and subnet creation events.
2026-05-19 04:10:58.318 9 INFO neutron.db.ovn_revision_numbers_db [None req-c1d5a92c-b1ed-4cd1-8753-235e622a24fc f77b760cfffc4917925ca7502c2aaccd 35cb3bd5217649d8b8ad9932c17d036d - - default default] Successfully bumped revision number for resource 48b8015f-1257-455a-9aad-a1334e05c66e (type: security_groups) to 1
2026-05-19 04:10:58.329 9 INFO neutron.db.ovn_revision_numbers_db [None req-c1d5a92c-b1ed-4cd1-8753-235e622a24fc f77b760cfffc4917925ca7502c2aaccd 35cb3bd5217649d8b8ad9932c17d036d - - default default] Successfully bumped revision number for resource 6cf02931-9d1b-4be9-a6b4-a7410c57df4c (type: security_group_rules) to 0
2026-05-19 04:10:58.341 9 INFO neutron.db.ovn_revision_numbers_db [None req-c1d5a92c-b1ed-4cd1-8753-235e622a24fc f77b760cfffc4917925ca7502c2aaccd 35cb3bd5217649d8b8ad9932c17d036d - - default default] Successfully bumped revision number for resource 6da9c7cc-9886-4d86-8892-4e8f39d3cc4d (type: security_group_rules) to 0
2026-05-19 04:10:58.355 9 INFO neutron.db.ovn_revision_numbers_db [None req-c1d5a92c-b1ed-4cd1-8753-235e622a24fc f77b760cfffc4917925ca7502c2aaccd 35cb3bd5217649d8b8ad9932c17d036d - - default default] Successfully bumped revision number for resource 902ee021-e614-4551-9a9d-972112475a1c (type: security_group_rules) to 0
2026-05-19 04:10:58.367 9 INFO neutron.db.ovn_revision_numbers_db [None req-c1d5a92c-b1ed-4cd1-8753-235e622a24fc f77b760cfffc4917925ca7502c2aaccd 35cb3bd5217649d8b8ad9932c17d036d - - default default] Successfully bumped revision number for resource c1f71244-9633-4e3c-8572-6b4d80a6ae70 (type: security_group_rules) to 0
2026-05-19 04:10:58.398 9 INFO neutron.api.wsgi [None req-c1d5a92c-b1ed-4cd1-8753-235e622a24fc f77b760cfffc4917925ca7502c2aaccd 35cb3bd5217649d8b8ad9932c17d036d - - default default] 10.0.0.238 "GET /v2.0/security-groups?tenant_id=091dd8405413400da2a5393345b02173&name=default HTTP/1.1" status: 200 len: 3120 time: 0.2500632
2026-05-19 04:10:58.587 10 INFO neutron.api.wsgi [None req-93342ba4-29b0-42cb-91d0-e0512e11e5cd f77b760cfffc4917925ca7502c2aaccd 35cb3bd5217649d8b8ad9932c17d036d - - default default] 10.0.0.238 "DELETE /v2.0/networks/d76f4a31-5ea5-43be-a3e7-3d528e5811c5 HTTP/1.1" status: 204 len: 168 time: 0.3831813
2026-05-19 04:10:58.606 9 INFO neutron.api.wsgi [None req-8edfce50-3fa8-4cdd-85f8-6809b27fc9de f77b760cfffc4917925ca7502c2aaccd 35cb3bd5217649d8b8ad9932c17d036d - - default default] 10.0.0.238 "DELETE /v2.0/security-groups/48b8015f-1257-455a-9aad-a1334e05c66e HTTP/1.1" status: 204 len: 168 time: 0.2037492
2026-05-19 04:10:58.738 10 INFO neutron.api.wsgi [None req-08fab5dc-ff56-4a36-a4ca-08b4921b5e9d f77b760cfffc4917925ca7502c2aaccd 35cb3bd5217649d8b8ad9932c17d036d - - default default] 10.0.0.238 "GET /v2.0/security-groups?tenant_id=111194f18d9445be885d61c6884ad82e&name=default HTTP/1.1" status: 200 len: 3116 time: 0.0467496
2026-05-19 04:10:58.778 10 INFO neutron.db.ovn_revision_numbers_db [None req-f10f81ed-5202-4b19-bd5c-bb3ed30d1e59 - - - - - -] Successfully bumped revision number for resource 40fb35ba-73f5-4491-b69c-e4251e0c5bc0 (type: ports) to 2
2026-05-19 04:10:58.807 10 INFO neutron.db.ovn_revision_numbers_db [None req-f10f81ed-5202-4b19-bd5c-bb3ed30d1e59 - - - - - -] Successfully bumped revision number for resource 0fa85e67-2785-49b6-8d94-8e05b5fa4a97 (type: subnets) to 0
2026-05-19 04:10:58.822 10 INFO neutron.api.wsgi [None req-ee628054-db93-4a93-a1c6-cd496da1d2f0 f77b760cfffc4917925ca7502c2aaccd 35cb3bd5217649d8b8ad9932c17d036d - - default default] 10.0.0.238 "POST /v2.0/subnets HTTP/1.1" status: 201 len: 888 time: 0.6788824
2026-05-19 04:10:58.876 10 INFO neutron.services.segments.plugin [-] Segment 425e4de1-a081-4b40-919a-b6f3a432db7c resource provider aggregate not found
2026-05-19 04:10:58.884 10 INFO neutron.services.segments.plugin [-] Segment 425e4de1-a081-4b40-919a-b6f3a432db7c resource provider aggregate not found
2026-05-19 04:10:58.894 10 INFO neutron.services.segments.plugin [-] Segment 425e4de1-a081-4b40-919a-b6f3a432db7c resource provider not found; error: Placement Client Error (4xx): {"errors": [{"status": 404, "title": "Not Found", "detail": "The resource could not be found.\n\n No resource provider with uuid 425e4de1-a081-4b40-919a-b6f3a432db7c found for delete ", "request_id": "req-b51c5a14-0965-4eaa-b021-2aec2aa954e2"}]}
2026-05-19 04:10:58.895 10 INFO neutron.services.segments.plugin [-] Segment 425e4de1-a081-4b40-919a-b6f3a432db7c resource provider not found; error: Placement Client Error (4xx): {"errors": [{"status": 404, "title": "Not Found", "detail": "The resource could not be found.\n\n No resource provider with uuid 425e4de1-a081-4b40-919a-b6f3a432db7c found for delete ", "request_id": "req-b8d08d46-8cb0-4769-bb05-c6ffc7b48f6c"}]}
2026-05-19 04:10:58.979 9 INFO neutron.api.wsgi [None req-eb8674e4-379f-4202-9351-e3c28698700f f77b760cfffc4917925ca7502c2aaccd 35cb3bd5217649d8b8ad9932c17d036d - - default default] 10.0.0.238 "DELETE /v2.0/security-groups/abdf7aca-e8fd-4055-b8e3-4dd8abb3b412 HTTP/1.1" status: 204 len: 168 time: 0.2365115
2026-05-19 04:10:59.198 10 WARNING neutron.scheduler.dhcp_agent_scheduler [None req-8376efab-6f4c-4dcf-a305-33e143c4c2cc f77b760cfffc4917925ca7502c2aaccd 35cb3bd5217649d8b8ad9932c17d036d - - default default] No more DHCP agents
2026-05-19 04:10:59.200 10 WARNING neutron.api.rpc.agentnotifiers.dhcp_rpc_agent_api [None req-8376efab-6f4c-4dcf-a305-33e143c4c2cc f77b760cfffc4917925ca7502c2aaccd 35cb3bd5217649d8b8ad9932c17d036d - - default default] Unable to schedule network 2488a5c5-3a77-416a-9b17-71dfc3b2bd90: no agents available; will retry on subsequent port and subnet creation events.
2026-05-19 04:10:59.310 10 INFO neutron.db.ovn_revision_numbers_db [None req-8376efab-6f4c-4dcf-a305-33e143c4c2cc f77b760cfffc4917925ca7502c2aaccd 35cb3bd5217649d8b8ad9932c17d036d - - default default] Successfully bumped revision number for resource fabdf255-8232-4fd6-a4f4-d97df8c5b59d (type: ports) to 1
2026-05-19 04:11:00.194 10 INFO neutron.plugins.ml2.drivers.ovn.mech_driver.ovsdb.commands [None req-eda05bc0-4a58-4e60-888b-8877cb9f8fc5 - - - - - -] Schedule LRP lrp-fabdf255-8232-4fd6-a4f4-d97df8c5b59d on gateway 28312ec4-fdeb-4925-b132-d59774fea301 with priority 1
2026-05-19 04:11:00.203 9 INFO neutron.plugins.ml2.drivers.ovn.mech_driver.mech_driver [None req-46977526-bab7-4d48-8533-26b70980370e - - - - - -] OVN reports status up for port: fabdf255-8232-4fd6-a4f4-d97df8c5b59d
2026-05-19 04:11:00.223 9 INFO neutron.plugins.ml2.drivers.ovn.mech_driver.ovsdb.ovsdb_monitor [None req-5efc38b2-6f41-4795-b929-d7bb80472a18 - - - - - -] Router d3b29802-120d-4b43-ba24-7d9183127eb2 is bound to host instance
2026-05-19 04:11:00.227 9 INFO neutron.plugins.ml2.plugin [None req-46977526-bab7-4d48-8533-26b70980370e - - - - - -] Attempt 1 to provision port fabdf255-8232-4fd6-a4f4-d97df8c5b59d
2026-05-19 04:11:00.239 10 INFO neutron.db.ovn_revision_numbers_db [None req-8376efab-6f4c-4dcf-a305-33e143c4c2cc f77b760cfffc4917925ca7502c2aaccd 35cb3bd5217649d8b8ad9932c17d036d - - default default] Successfully bumped revision number for resource fabdf255-8232-4fd6-a4f4-d97df8c5b59d (type: router_ports) to 1
2026-05-19 04:11:00.315 10 INFO neutron.db.ovn_revision_numbers_db [None req-8376efab-6f4c-4dcf-a305-33e143c4c2cc f77b760cfffc4917925ca7502c2aaccd 35cb3bd5217649d8b8ad9932c17d036d - - default default] Successfully bumped revision number for resource d3b29802-120d-4b43-ba24-7d9183127eb2 (type: routers) to 2
2026-05-19 04:11:00.329 10 INFO neutron.api.wsgi [None req-8376efab-6f4c-4dcf-a305-33e143c4c2cc f77b760cfffc4917925ca7502c2aaccd 35cb3bd5217649d8b8ad9932c17d036d - - default default] 10.0.0.238 "POST /v2.0/routers HTTP/1.1" status: 201 len: 1166 time: 1.5037391
2026-05-19 04:11:00.759 9 INFO neutron.db.ovn_revision_numbers_db [None req-7994c754-44c9-4446-8e22-83e02b8adc98 - - - - - -] Successfully bumped revision number for resource fabdf255-8232-4fd6-a4f4-d97df8c5b59d (type: ports) to 1
2026-05-19 04:11:00.843 10 WARNING neutron.scheduler.dhcp_agent_scheduler [None req-b74fa7a2-d91b-425d-9e18-81babc4b942f f77b760cfffc4917925ca7502c2aaccd 35cb3bd5217649d8b8ad9932c17d036d - - default default] No more DHCP agents
2026-05-19 04:11:00.845 10 WARNING neutron.api.rpc.agentnotifiers.dhcp_rpc_agent_api [None req-b74fa7a2-d91b-425d-9e18-81babc4b942f f77b760cfffc4917925ca7502c2aaccd 35cb3bd5217649d8b8ad9932c17d036d - - default default] Unable to schedule network 0aed0912-398c-4476-837a-61e575cd8ba1: no agents available; will retry on subsequent port and subnet creation events.
2026-05-19 04:11:00.968 10 INFO neutron.db.ovn_revision_numbers_db [None req-b74fa7a2-d91b-425d-9e18-81babc4b942f f77b760cfffc4917925ca7502c2aaccd 35cb3bd5217649d8b8ad9932c17d036d - - default default] Successfully bumped revision number for resource b1e9774e-0781-4420-a1c3-e3cb3433bd48 (type: ports) to 1
2026-05-19 04:11:01.113 9 INFO neutron.db.ovn_revision_numbers_db [None req-7994c754-44c9-4446-8e22-83e02b8adc98 - - - - - -] Successfully bumped revision number for resource fabdf255-8232-4fd6-a4f4-d97df8c5b59d (type: ports) to 4
2026-05-19 04:11:01.414 9 INFO neutron.db.ovn_revision_numbers_db [None req-7994c754-44c9-4446-8e22-83e02b8adc98 - - - - - -] Successfully bumped revision number for resource fabdf255-8232-4fd6-a4f4-d97df8c5b59d (type: ports) to 5
2026-05-19 04:11:01.529 10 INFO neutron.plugins.ml2.drivers.ovn.mech_driver.mech_driver [None req-a8cafbff-23cc-488a-a05c-4d8efd7e98b7 - - - - - -] OVN reports status up for port: b1e9774e-0781-4420-a1c3-e3cb3433bd48
2026-05-19 04:11:01.542 10 INFO neutron.plugins.ml2.plugin [None req-a8cafbff-23cc-488a-a05c-4d8efd7e98b7 - - - - - -] Attempt 1 to provision port b1e9774e-0781-4420-a1c3-e3cb3433bd48
2026-05-19 04:11:01.555 10 INFO neutron.db.ovn_revision_numbers_db [None req-b74fa7a2-d91b-425d-9e18-81babc4b942f f77b760cfffc4917925ca7502c2aaccd 35cb3bd5217649d8b8ad9932c17d036d - - default default] Successfully bumped revision number for resource b1e9774e-0781-4420-a1c3-e3cb3433bd48 (type: ports) to 1
2026-05-19 04:11:01.614 10 WARNING neutron.scheduler.dhcp_agent_scheduler [None req-b74fa7a2-d91b-425d-9e18-81babc4b942f f77b760cfffc4917925ca7502c2aaccd 35cb3bd5217649d8b8ad9932c17d036d - - default default] No more DHCP agents
2026-05-19 04:11:01.616 10 WARNING neutron.api.rpc.agentnotifiers.dhcp_rpc_agent_api [None req-b74fa7a2-d91b-425d-9e18-81babc4b942f f77b760cfffc4917925ca7502c2aaccd 35cb3bd5217649d8b8ad9932c17d036d - - default default] Unable to schedule network 0aed0912-398c-4476-837a-61e575cd8ba1: no agents available; will retry on subsequent port and subnet creation events.
2026-05-19 04:11:01.955 10 INFO neutron.db.ovn_revision_numbers_db [None req-a8cafbff-23cc-488a-a05c-4d8efd7e98b7 - - - - - -] Successfully bumped revision number for resource b1e9774e-0781-4420-a1c3-e3cb3433bd48 (type: ports) to 2
2026-05-19 04:11:02.280 10 INFO neutron.db.ovn_revision_numbers_db [None req-b74fa7a2-d91b-425d-9e18-81babc4b942f f77b760cfffc4917925ca7502c2aaccd 35cb3bd5217649d8b8ad9932c17d036d - - default default] Successfully bumped revision number for resource b1e9774e-0781-4420-a1c3-e3cb3433bd48 (type: router_ports) to 1
