2026-05-19 04:13:56.026 9 INFO neutron.db.segments_db [None req-a4fa648e-c0ac-4455-b327-0919891f54ba d1bc5480b73a4f6bb59dc3031904ba35 dffd2bf7a3e04968ae613c45e23cf3ca - - default default] Added segment d2d738e6-e0fe-4224-982e-a2470094afb2 of type geneve for network 528153c6-d222-490b-a18f-777722a01f45
2026-05-19 04:13:56.084 10 INFO neutron.api.wsgi [None req-f4b43875-7191-43d8-99bf-d1b41e892666 f77b760cfffc4917925ca7502c2aaccd 35cb3bd5217649d8b8ad9932c17d036d - - default default] 10.0.0.238 "DELETE /v2.0/security-groups/b436526f-19d8-4c2c-9bde-f2f482f39c0f HTTP/1.1" status: 204 len: 168 time: 0.2035224
2026-05-19 04:13:56.150 9 INFO neutron.db.ovn_revision_numbers_db [None req-a4fa648e-c0ac-4455-b327-0919891f54ba d1bc5480b73a4f6bb59dc3031904ba35 dffd2bf7a3e04968ae613c45e23cf3ca - - default default] Successfully bumped revision number for resource 528153c6-d222-490b-a18f-777722a01f45 (type: networks) to 1
2026-05-19 04:13:56.166 10 INFO neutron.db.ovn_revision_numbers_db [None req-1124b452-b66b-4099-8560-f7a08a0c4e26 f77b760cfffc4917925ca7502c2aaccd 35cb3bd5217649d8b8ad9932c17d036d - - default default] Successfully bumped revision number for resource 1639db63-3dca-44a1-ac80-fe6bf6e2b612 (type: security_groups) to 1
2026-05-19 04:13:56.178 10 INFO neutron.db.ovn_revision_numbers_db [None req-1124b452-b66b-4099-8560-f7a08a0c4e26 f77b760cfffc4917925ca7502c2aaccd 35cb3bd5217649d8b8ad9932c17d036d - - default default] Successfully bumped revision number for resource 1f1070b0-7ea1-4555-855c-462017d49585 (type: security_group_rules) to 0
2026-05-19 04:13:56.190 10 INFO neutron.db.ovn_revision_numbers_db [None req-1124b452-b66b-4099-8560-f7a08a0c4e26 f77b760cfffc4917925ca7502c2aaccd 35cb3bd5217649d8b8ad9932c17d036d - - default default] Successfully bumped revision number for resource 87cff50f-c963-46f3-b155-4fb6432691db (type: security_group_rules) to 0
2026-05-19 04:13:56.201 10 INFO neutron.db.ovn_revision_numbers_db [None req-1124b452-b66b-4099-8560-f7a08a0c4e26 f77b760cfffc4917925ca7502c2aaccd 35cb3bd5217649d8b8ad9932c17d036d - - default default] Successfully bumped revision number for resource bafbcde7-119e-46b0-b114-f69fc2b1746b (type: security_group_rules) to 0
2026-05-19 04:13:56.213 10 INFO neutron.db.ovn_revision_numbers_db [None req-1124b452-b66b-4099-8560-f7a08a0c4e26 f77b760cfffc4917925ca7502c2aaccd 35cb3bd5217649d8b8ad9932c17d036d - - default default] Successfully bumped revision number for resource e5446ee6-2f9a-4dec-ba34-8b0056d5000c (type: security_group_rules) to 0
2026-05-19 04:13:56.244 10 INFO neutron.api.wsgi [None req-1124b452-b66b-4099-8560-f7a08a0c4e26 f77b760cfffc4917925ca7502c2aaccd 35cb3bd5217649d8b8ad9932c17d036d - - default default] 10.0.0.238 "GET /v2.0/security-groups?tenant_id=14330bb2a4824dd8bc8ce63b23c44d3d&name=default HTTP/1.1" status: 200 len: 3124 time: 0.1804740
2026-05-19 04:13:56.316 9 WARNING neutron.scheduler.dhcp_agent_scheduler [None req-a4fa648e-c0ac-4455-b327-0919891f54ba d1bc5480b73a4f6bb59dc3031904ba35 dffd2bf7a3e04968ae613c45e23cf3ca - - default default] No more DHCP agents
2026-05-19 04:13:56.319 9 WARNING neutron.api.rpc.agentnotifiers.dhcp_rpc_agent_api [None req-a4fa648e-c0ac-4455-b327-0919891f54ba d1bc5480b73a4f6bb59dc3031904ba35 dffd2bf7a3e04968ae613c45e23cf3ca - - default default] Unable to schedule network 528153c6-d222-490b-a18f-777722a01f45: no agents available; will retry on subsequent port and subnet creation events.
2026-05-19 04:13:56.347 9 INFO neutron.db.ovn_revision_numbers_db [None req-81b8524a-6fa2-479e-aad6-3b773be22757 f77b760cfffc4917925ca7502c2aaccd 35cb3bd5217649d8b8ad9932c17d036d - - default default] Successfully bumped revision number for resource 2c7dbe4d-a8b4-42e0-b3b7-165bd3701089 (type: security_groups) to 1
2026-05-19 04:13:56.367 9 INFO neutron.db.ovn_revision_numbers_db [None req-81b8524a-6fa2-479e-aad6-3b773be22757 f77b760cfffc4917925ca7502c2aaccd 35cb3bd5217649d8b8ad9932c17d036d - - default default] Successfully bumped revision number for resource 075b4cba-f6f9-4c2a-8663-e85822351fda (type: security_group_rules) to 0
2026-05-19 04:13:56.382 9 INFO neutron.db.ovn_revision_numbers_db [None req-81b8524a-6fa2-479e-aad6-3b773be22757 f77b760cfffc4917925ca7502c2aaccd 35cb3bd5217649d8b8ad9932c17d036d - - default default] Successfully bumped revision number for resource 54ec69fb-151f-47f4-bc94-5f8e75e48341 (type: security_group_rules) to 0
2026-05-19 04:13:56.391 9 INFO neutron.db.ovn_revision_numbers_db [None req-a4fa648e-c0ac-4455-b327-0919891f54ba d1bc5480b73a4f6bb59dc3031904ba35 dffd2bf7a3e04968ae613c45e23cf3ca - - default default] Successfully bumped revision number for resource 73f0d443-8bba-4c6f-862e-1cdc0eee1b9c (type: ports) to 1
2026-05-19 04:13:56.394 9 INFO neutron.db.ovn_revision_numbers_db [None req-81b8524a-6fa2-479e-aad6-3b773be22757 f77b760cfffc4917925ca7502c2aaccd 35cb3bd5217649d8b8ad9932c17d036d - - default default] Successfully bumped revision number for resource 82288b14-6ba0-44fc-9bac-e28386c02e9a (type: security_group_rules) to 0
2026-05-19 04:13:56.406 9 INFO neutron.db.ovn_revision_numbers_db [None req-81b8524a-6fa2-479e-aad6-3b773be22757 f77b760cfffc4917925ca7502c2aaccd 35cb3bd5217649d8b8ad9932c17d036d - - default default] Successfully bumped revision number for resource a6fc2089-08fe-4ea1-a3d6-328761d42c9f (type: security_group_rules) to 0
2026-05-19 04:13:56.420 9 INFO neutron.api.wsgi [None req-a4fa648e-c0ac-4455-b327-0919891f54ba d1bc5480b73a4f6bb59dc3031904ba35 dffd2bf7a3e04968ae613c45e23cf3ca - - default default] 10.0.0.238 "POST /v2.0/networks HTTP/1.1" status: 201 len: 830 time: 0.4799922
2026-05-19 04:13:56.430 9 WARNING neutron_lib.context [None req-d8e62b28-4125-4500-ae63-a113c6913ef5 d1bc5480b73a4f6bb59dc3031904ba35 dffd2bf7a3e04968ae613c45e23cf3ca - - default default] Method 'is_advsvc' is deprecated since 2023.2 release (neutron-lib 3.8.0) and will be removed once support for the old RBAC API policies will be removed from Neutron. Please use method 'is_service_role' instead.
2026-05-19 04:13:56.457 9 INFO neutron.api.wsgi [None req-81b8524a-6fa2-479e-aad6-3b773be22757 f77b760cfffc4917925ca7502c2aaccd 35cb3bd5217649d8b8ad9932c17d036d - - default default] 10.0.0.238 "GET /v2.0/security-groups?tenant_id=7b5cdad5b32541a59ecf70d3f588cf3b&name=default HTTP/1.1" status: 200 len: 3124 time: 0.2331607
2026-05-19 04:13:56.457 10 INFO neutron.api.wsgi [None req-fbc2db94-bd8c-4136-9dee-c3a3ce5face1 f77b760cfffc4917925ca7502c2aaccd 35cb3bd5217649d8b8ad9932c17d036d - - default default] 10.0.0.238 "DELETE /v2.0/security-groups/1639db63-3dca-44a1-ac80-fe6bf6e2b612 HTTP/1.1" status: 204 len: 168 time: 0.2079737
2026-05-19 04:13:56.675 9 WARNING neutron.scheduler.dhcp_agent_scheduler [None req-d8e62b28-4125-4500-ae63-a113c6913ef5 d1bc5480b73a4f6bb59dc3031904ba35 dffd2bf7a3e04968ae613c45e23cf3ca - - default default] No more DHCP agents
2026-05-19 04:13:56.676 9 WARNING neutron.api.rpc.agentnotifiers.dhcp_rpc_agent_api [None req-d8e62b28-4125-4500-ae63-a113c6913ef5 d1bc5480b73a4f6bb59dc3031904ba35 dffd2bf7a3e04968ae613c45e23cf3ca - - default default] Unable to schedule network 528153c6-d222-490b-a18f-777722a01f45: no agents available; will retry on subsequent port and subnet creation events.
2026-05-19 04:13:56.712 9 INFO neutron.api.wsgi [None req-184c0992-8ce6-49ce-83ed-c94d8d053b1f f77b760cfffc4917925ca7502c2aaccd 35cb3bd5217649d8b8ad9932c17d036d - - default default] 10.0.0.238 "DELETE /v2.0/security-groups/2c7dbe4d-a8b4-42e0-b3b7-165bd3701089 HTTP/1.1" status: 204 len: 168 time: 0.2502279
2026-05-19 04:13:56.947 10 INFO neutron.services.segments.plugin [-] Segment 60d07c1f-ec78-45de-bac9-066f572a4e24 resource provider aggregate not found
2026-05-19 04:13:56.955 10 INFO neutron.services.segments.plugin [-] Segment 60d07c1f-ec78-45de-bac9-066f572a4e24 resource provider aggregate not found
2026-05-19 04:13:56.958 10 INFO neutron.services.segments.plugin [-] Segment 60d07c1f-ec78-45de-bac9-066f572a4e24 resource provider not found; error: Placement Client Error (4xx): {"errors": [{"status": 404, "title": "Not Found", "detail": "The resource could not be found.\n\n No resource provider with uuid 60d07c1f-ec78-45de-bac9-066f572a4e24 found for delete ", "request_id": "req-a80592a8-57b1-45cc-8c93-525fedd2d9a8"}]}
2026-05-19 04:13:56.966 10 INFO neutron.services.segments.plugin [-] Segment 60d07c1f-ec78-45de-bac9-066f572a4e24 resource provider not found; error: Placement Client Error (4xx): {"errors": [{"status": 404, "title": "Not Found", "detail": "The resource could not be found.\n\n No resource provider with uuid 60d07c1f-ec78-45de-bac9-066f572a4e24 found for delete ", "request_id": "req-1fa638a7-8b51-478d-a5b3-9cd6470426c0"}]}
2026-05-19 04:13:57.204 9 INFO neutron.db.ovn_revision_numbers_db [None req-c02043cd-805e-494b-9916-737bf58de9bf - - - - - -] Successfully bumped revision number for resource 73f0d443-8bba-4c6f-862e-1cdc0eee1b9c (type: ports) to 2
2026-05-19 04:13:57.235 9 INFO neutron.db.ovn_revision_numbers_db [None req-c02043cd-805e-494b-9916-737bf58de9bf - - - - - -] Successfully bumped revision number for resource b64624b6-c1d0-4d17-8424-cb1dc142ab20 (type: subnets) to 0
2026-05-19 04:13:57.249 9 INFO neutron.api.wsgi [None req-d8e62b28-4125-4500-ae63-a113c6913ef5 d1bc5480b73a4f6bb59dc3031904ba35 dffd2bf7a3e04968ae613c45e23cf3ca - - default default] 10.0.0.238 "POST /v2.0/subnets HTTP/1.1" status: 201 len: 828 time: 0.8226709
2026-05-19 04:13:57.261 9 WARNING neutron_lib.context [None req-5437f863-1169-4a53-8eac-bc17f0a3f58e d1bc5480b73a4f6bb59dc3031904ba35 dffd2bf7a3e04968ae613c45e23cf3ca - - default default] Method 'is_advsvc' is deprecated since 2023.2 release (neutron-lib 3.8.0) and will be removed once support for the old RBAC API policies will be removed from Neutron. Please use method 'is_service_role' instead.
2026-05-19 04:13:57.495 9 WARNING neutron.plugins.ml2.drivers.ovn.mech_driver.ovsdb.ovn_client [None req-c15ba002-7079-4e88-a76d-0d72d7e66e6a - - - - - -] No port found with ID 101ec933-9f1d-4088-86d4-a5fef09b18f1: RuntimeError: No port found with ID 101ec933-9f1d-4088-86d4-a5fef09b18f1
2026-05-19 04:13:57.669 9 WARNING neutron.scheduler.dhcp_agent_scheduler [None req-5437f863-1169-4a53-8eac-bc17f0a3f58e d1bc5480b73a4f6bb59dc3031904ba35 dffd2bf7a3e04968ae613c45e23cf3ca - - default default] No more DHCP agents
2026-05-19 04:13:57.670 9 WARNING neutron.api.rpc.agentnotifiers.dhcp_rpc_agent_api [None req-5437f863-1169-4a53-8eac-bc17f0a3f58e d1bc5480b73a4f6bb59dc3031904ba35 dffd2bf7a3e04968ae613c45e23cf3ca - - default default] Unable to schedule network 2488a5c5-3a77-416a-9b17-71dfc3b2bd90: no agents available; will retry on subsequent port and subnet creation events.
2026-05-19 04:13:57.791 9 INFO neutron.db.ovn_revision_numbers_db [None req-5437f863-1169-4a53-8eac-bc17f0a3f58e d1bc5480b73a4f6bb59dc3031904ba35 dffd2bf7a3e04968ae613c45e23cf3ca - - default default] Successfully bumped revision number for resource ce0e1194-9c93-4665-a5c2-a7fc01561580 (type: ports) to 1
2026-05-19 04:13:58.301 9 INFO neutron.plugins.ml2.drivers.ovn.mech_driver.ovsdb.commands [None req-f03c888f-68af-4455-a70c-5f38655edb84 - - - - - -] Schedule LRP lrp-ce0e1194-9c93-4665-a5c2-a7fc01561580 on gateway 28312ec4-fdeb-4925-b132-d59774fea301 with priority 1
2026-05-19 04:13:58.313 10 INFO neutron.plugins.ml2.drivers.ovn.mech_driver.mech_driver [None req-e505474e-2338-44e4-9125-8c507b15d675 - - - - - -] OVN reports status up for port: ce0e1194-9c93-4665-a5c2-a7fc01561580
2026-05-19 04:13:58.320 10 INFO neutron.plugins.ml2.plugin [None req-e505474e-2338-44e4-9125-8c507b15d675 - - - - - -] Attempt 1 to provision port ce0e1194-9c93-4665-a5c2-a7fc01561580
2026-05-19 04:13:58.346 9 INFO neutron.db.ovn_revision_numbers_db [None req-5437f863-1169-4a53-8eac-bc17f0a3f58e d1bc5480b73a4f6bb59dc3031904ba35 dffd2bf7a3e04968ae613c45e23cf3ca - - default default] Successfully bumped revision number for resource ce0e1194-9c93-4665-a5c2-a7fc01561580 (type: router_ports) to 1
2026-05-19 04:13:58.407 9 INFO neutron.db.ovn_revision_numbers_db [None req-5437f863-1169-4a53-8eac-bc17f0a3f58e d1bc5480b73a4f6bb59dc3031904ba35 dffd2bf7a3e04968ae613c45e23cf3ca - - default default] Successfully bumped revision number for resource 5b93e20e-94ec-4e65-a053-942bdb3b48db (type: routers) to 2
2026-05-19 04:13:58.423 9 INFO neutron.api.wsgi [None req-5437f863-1169-4a53-8eac-bc17f0a3f58e d1bc5480b73a4f6bb59dc3031904ba35 dffd2bf7a3e04968ae613c45e23cf3ca - - default default] 10.0.0.238 "POST /v2.0/routers HTTP/1.1" status: 201 len: 1136 time: 1.1692805
2026-05-19 04:13:58.524 9 INFO neutron.api.v2.resource [None req-3fe4ea7b-3365-41ae-a3e1-64840ebc8a9b 93e928362269450a969988fb0c4cd35a 62c6944fe1fb4a9ead70b5bfc52facf7 - - default default] create failed (client error): The server could not comply with the request since it is either malformed or otherwise incorrect.
2026-05-19 04:13:58.525 9 INFO neutron.api.wsgi [None req-3fe4ea7b-3365-41ae-a3e1-64840ebc8a9b 93e928362269450a969988fb0c4cd35a 62c6944fe1fb4a9ead70b5bfc52facf7 - - default default] 10.0.0.238 "POST /v2.0/vpn/vpnservices HTTP/1.1" status: 400 len: 397 time: 0.0961111
2026-05-19 04:13:58.984 10 INFO neutron.services.segments.plugin [-] Segment d2d738e6-e0fe-4224-982e-a2470094afb2 resource provider aggregate not found
2026-05-19 04:13:58.988 10 INFO neutron.services.segments.plugin [-] Segment d2d738e6-e0fe-4224-982e-a2470094afb2 resource provider aggregate not found
2026-05-19 04:13:58.998 10 INFO neutron.api.wsgi [None req-ab786fdf-5486-412b-a675-fea714e17518 93e928362269450a969988fb0c4cd35a 62c6944fe1fb4a9ead70b5bfc52facf7 - - default default] 10.0.0.238 "DELETE /v2.0/networks/528153c6-d222-490b-a18f-777722a01f45 HTTP/1.1" status: 204 len: 168 time: 0.4663374
2026-05-19 04:13:59.000 10 INFO neutron.services.segments.plugin [-] Segment d2d738e6-e0fe-4224-982e-a2470094afb2 resource provider not found; error: Placement Client Error (4xx): {"errors": [{"status": 404, "title": "Not Found", "detail": "The resource could not be found.\n\n No resource provider with uuid d2d738e6-e0fe-4224-982e-a2470094afb2 found for delete ", "request_id": "req-6dcb3cc9-0595-4236-8478-02348e54273e"}]}
2026-05-19 04:13:59.005 10 INFO neutron.services.segments.plugin [-] Segment d2d738e6-e0fe-4224-982e-a2470094afb2 resource provider not found; error: Placement Client Error (4xx): {"errors": [{"status": 404, "title": "Not Found", "detail": "The resource could not be found.\n\n No resource provider with uuid d2d738e6-e0fe-4224-982e-a2470094afb2 found for delete ", "request_id": "req-434e24f6-231a-4e16-acd3-145896a45d02"}]}
2026-05-19 04:13:59.702 9 INFO neutron.api.wsgi [None req-e6b9d7ba-f973-49c2-a3de-f287d3e146b7 93e928362269450a969988fb0c4cd35a 62c6944fe1fb4a9ead70b5bfc52facf7 - - default default] 10.0.0.238 "DELETE /v2.0/routers/5b93e20e-94ec-4e65-a053-942bdb3b48db HTTP/1.1" status: 204 len: 168 time: 0.6981058
2026-05-19 04:13:59.712 9 WARNING neutron.api.v2.base [None req-ec72a73e-8620-4a0e-a5f8-4d9df6dfc408 d1bc5480b73a4f6bb59dc3031904ba35 dffd2bf7a3e04968ae613c45e23cf3ca - - default default] An exception happened while processing the request body. The exception message is [Invalid input for description. Reason: 'yyyyyyyyyyyyyyyyyyyyyyyyyyyyyyyyyyyyyyyyyyyyyyyyyyyyyyyyyyyyyyyyyyyyyyyyyyyyyyyyyyyyyyyyyyyyyyyyyyyyyyyyyyyyyyyyyyyyyyyyyyyyyyyyyyyyyyyyyyyyyyyyyyyyyyyyyyyyyyyyyyyyyyyyyyyyyyyyyyyyyyyyyyyyyyyyyyyyyyyyyyyyyyyyyyyyyyyyyyyyyyyyyyyyyyyyyyyyyyyyyyyyyyyyyyyyyyyy' exceeds maximum length of 255.].: webob.exc.HTTPBadRequest: Invalid input for description. Reason: 'yyyyyyyyyyyyyyyyyyyyyyyyyyyyyyyyyyyyyyyyyyyyyyyyyyyyyyyyyyyyyyyyyyyyyyyyyyyyyyyyyyyyyyyyyyyyyyyyyyyyyyyyyyyyyyyyyyyyyyyyyyyyyyyyyyyyyyyyyyyyyyyyyyyyyyyyyyyyyyyyyyyyyyyyyyyyyyyyyyyyyyyyyyyyyyyyyyyyyyyyyyyyyyyyyyyyyyyyyyyyyyyyyyyyyyyyyyyyyyyyyyyyyyyyyyyyyyyy' exceeds maximum length of 255.
2026-05-19 04:13:59.712 9 INFO neutron.api.v2.resource [None req-ec72a73e-8620-4a0e-a5f8-4d9df6dfc408 d1bc5480b73a4f6bb59dc3031904ba35 dffd2bf7a3e04968ae613c45e23cf3ca - - default default] create failed (client error): Invalid input for description. Reason: 'yyyyyyyyyyyyyyyyyyyyyyyyyyyyyyyyyyyyyyyyyyyyyyyyyyyyyyyyyyyyyyyyyyyyyyyyyyyyyyyyyyyyyyyyyyyyyyyyyyyyyyyyyyyyyyyyyyyyyyyyyyyyyyyyyyyyyyyyyyyyyyyyyyyyyyyyyyyyyyyyyyyyyyyyyyyyyyyyyyyyyyyyyyyyyyyyyyyyyyyyyyyyyyyyyyyyyyyyyyyyyyyyyyyyyyyyyyyyyyyyyyyyyyyyyyyyyyyy' exceeds maximum length of 255.
2026-05-19 04:13:59.713 9 INFO neutron.api.wsgi [None req-ec72a73e-8620-4a0e-a5f8-4d9df6dfc408 d1bc5480b73a4f6bb59dc3031904ba35 dffd2bf7a3e04968ae613c45e23cf3ca - - default default] 10.0.0.238 "POST /v2.0/vpn/vpnservices HTTP/1.1" status: 400 len: 604 time: 0.0057323
2026-05-19 04:13:59.722 10 WARNING neutron.api.v2.base [None req-97cebda0-c4b9-49c3-ba10-2141ebbe8ea0 d1bc5480b73a4f6bb59dc3031904ba35 dffd2bf7a3e04968ae613c45e23cf3ca - - default default] An exception happened while processing the request body. The exception message is [Invalid input for name. Reason: 'xxxxxxxxxxxxxxxxxxxxxxxxxxxxxxxxxxxxxxxxxxxxxxxxxxxxxxxxxxxxxxxxxxxxxxxxxxxxxxxxxxxxxxxxxxxxxxxxxxxxxxxxxxxxxxxxxxxxxxxxxxxxxxxxxxxxxxxxxxxxxxxxxxxxxxxxxxxxxxxxxxxxxxxxxxxxxxxxxxxxxxxxxxxxxxxxxxxxxxxxxxxxxxxxxxxxxxxxxxxxxxxxxxxxxxxxxxxxxxxxxxxxxxxxxxxxxxxx' exceeds maximum length of 255.].: webob.exc.HTTPBadRequest: Invalid input for name. Reason: 'xxxxxxxxxxxxxxxxxxxxxxxxxxxxxxxxxxxxxxxxxxxxxxxxxxxxxxxxxxxxxxxxxxxxxxxxxxxxxxxxxxxxxxxxxxxxxxxxxxxxxxxxxxxxxxxxxxxxxxxxxxxxxxxxxxxxxxxxxxxxxxxxxxxxxxxxxxxxxxxxxxxxxxxxxxxxxxxxxxxxxxxxxxxxxxxxxxxxxxxxxxxxxxxxxxxxxxxxxxxxxxxxxxxxxxxxxxxxxxxxxxxxxxxxxxxxxxxx' exceeds maximum length of 255.
2026-05-19 04:13:59.723 10 INFO neutron.api.v2.resource [None req-97cebda0-c4b9-49c3-ba10-2141ebbe8ea0 d1bc5480b73a4f6bb59dc3031904ba35 dffd2bf7a3e04968ae613c45e23cf3ca - - default default] create failed (client error): Invalid input for name. Reason: 'xxxxxxxxxxxxxxxxxxxxxxxxxxxxxxxxxxxxxxxxxxxxxxxxxxxxxxxxxxxxxxxxxxxxxxxxxxxxxxxxxxxxxxxxxxxxxxxxxxxxxxxxxxxxxxxxxxxxxxxxxxxxxxxxxxxxxxxxxxxxxxxxxxxxxxxxxxxxxxxxxxxxxxxxxxxxxxxxxxxxxxxxxxxxxxxxxxxxxxxxxxxxxxxxxxxxxxxxxxxxxxxxxxxxxxxxxxxxxxxxxxxxxxxxxxxxxxxx' exceeds maximum length of 255.
2026-05-19 04:13:59.727 10 INFO neutron.api.wsgi [None req-97cebda0-c4b9-49c3-ba10-2141ebbe8ea0 d1bc5480b73a4f6bb59dc3031904ba35 dffd2bf7a3e04968ae613c45e23cf3ca - - default default] 10.0.0.238 "POST /v2.0/vpn/vpnservices HTTP/1.1" status: 400 len: 597 time: 0.0094759
2026-05-19 04:13:59.735 9 WARNING neutron_lib.context [None req-97cd908c-239f-4f21-b49d-899a8c82d79b d1bc5480b73a4f6bb59dc3031904ba35 dffd2bf7a3e04968ae613c45e23cf3ca - - default default] Method 'is_advsvc' is deprecated since 2023.2 release (neutron-lib 3.8.0) and will be removed once support for the old RBAC API policies will be removed from Neutron. Please use method 'is_service_role' instead.
2026-05-19 04:13:59.764 9 INFO neutron.api.v2.resource [None req-97cd908c-239f-4f21-b49d-899a8c82d79b d1bc5480b73a4f6bb59dc3031904ba35 dffd2bf7a3e04968ae613c45e23cf3ca - - default default] create failed (client error): The server could not comply with the request since it is either malformed or otherwise incorrect.
2026-05-19 04:13:59.765 9 INFO neutron.api.wsgi [None req-97cd908c-239f-4f21-b49d-899a8c82d79b d1bc5480b73a4f6bb59dc3031904ba35 dffd2bf7a3e04968ae613c45e23cf3ca - - default default] 10.0.0.238 "POST /v2.0/vpn/endpoint-groups HTTP/1.1" status: 400 len: 386 time: 0.0340858
2026-05-19 04:13:59.775 9 WARNING neutron_lib.context [None req-2076b956-e5fd-4f6d-8ac0-16f7544a364d d1bc5480b73a4f6bb59dc3031904ba35 dffd2bf7a3e04968ae613c45e23cf3ca - - default default] Method 'is_advsvc' is deprecated since 2023.2 release (neutron-lib 3.8.0) and will be removed once support for the old RBAC API policies will be removed from Neutron. Please use method 'is_service_role' instead.
2026-05-19 04:13:59.797 9 INFO neutron.api.v2.resource [None req-2076b956-e5fd-4f6d-8ac0-16f7544a364d d1bc5480b73a4f6bb59dc3031904ba35 dffd2bf7a3e04968ae613c45e23cf3ca - - default default] create failed (client error): The server could not comply with the request since it is either malformed or otherwise incorrect.
2026-05-19 04:13:59.798 9 INFO neutron.api.wsgi [None req-2076b956-e5fd-4f6d-8ac0-16f7544a364d d1bc5480b73a4f6bb59dc3031904ba35 dffd2bf7a3e04968ae613c45e23cf3ca - - default default] 10.0.0.238 "POST /v2.0/vpn/endpoint-groups HTTP/1.1" status: 400 len: 363 time: 0.0283315
2026-05-19 04:13:59.808 9 WARNING neutron_lib.context [None req-d862cdd7-0c86-4e1e-8176-a6ffd6b74297 d1bc5480b73a4f6bb59dc3031904ba35 dffd2bf7a3e04968ae613c45e23cf3ca - - default default] Method 'is_advsvc' is deprecated since 2023.2 release (neutron-lib 3.8.0) and will be removed once support for the old RBAC API policies will be removed from Neutron. Please use method 'is_service_role' instead.
2026-05-19 04:13:59.831 9 INFO neutron.api.v2.resource [None req-d862cdd7-0c86-4e1e-8176-a6ffd6b74297 d1bc5480b73a4f6bb59dc3031904ba35 dffd2bf7a3e04968ae613c45e23cf3ca - - default default] create failed (client error): The server could not comply with the request since it is either malformed or otherwise incorrect.
2026-05-19 04:13:59.832 9 INFO neutron.api.wsgi [None req-d862cdd7-0c86-4e1e-8176-a6ffd6b74297 d1bc5480b73a4f6bb59dc3031904ba35 dffd2bf7a3e04968ae613c45e23cf3ca - - default default] 10.0.0.238 "POST /v2.0/vpn/endpoint-groups HTTP/1.1" status: 400 len: 357 time: 0.0287569
2026-05-19 04:13:59.851 10 INFO neutron.api.wsgi [None req-b17fae68-fce4-49b7-9bbd-051831948db8 d1bc5480b73a4f6bb59dc3031904ba35 dffd2bf7a3e04968ae613c45e23cf3ca - - default default] 10.0.0.238 "GET /v2.0/vpn/ikepolicies HTTP/1.1" status: 200 len: 601 time: 0.0101759
2026-05-19 04:13:59.868 9 INFO neutron.api.wsgi [None req-613aa6fe-44fb-4720-a34c-f218f9c1349b d1bc5480b73a4f6bb59dc3031904ba35 dffd2bf7a3e04968ae613c45e23cf3ca - - default default] 10.0.0.238 "GET /v2.0/vpn/ipsecpolicies HTTP/1.1" status: 200 len: 610 time: 0.0100288
2026-05-19 04:13:59.885 9 INFO neutron.api.wsgi [None req-df636b70-f4b9-4c82-9a3a-5f721d6aca8d d1bc5480b73a4f6bb59dc3031904ba35 dffd2bf7a3e04968ae613c45e23cf3ca - - default default] 10.0.0.238 "GET /v2.0/vpn/ipsec-site-connections HTTP/1.1" status: 200 len: 989 time: 0.0103858
2026-05-19 04:13:59.901 9 INFO neutron.api.wsgi [None req-72b42f70-28dd-428d-ada9-201480d7c208 d1bc5480b73a4f6bb59dc3031904ba35 dffd2bf7a3e04968ae613c45e23cf3ca - - default default] 10.0.0.238 "GET /v2.0/vpn/vpnservices HTTP/1.1" status: 200 len: 1056 time: 0.0086279
2026-05-19 04:13:59.914 9 INFO neutron.api.wsgi [None req-34ac654b-6eba-4cbe-b4c4-b14b0ed8d3e4 d1bc5480b73a4f6bb59dc3031904ba35 dffd2bf7a3e04968ae613c45e23cf3ca - - default default] 10.0.0.238 "GET /v2.0/vpn/endpoint-groups/9b5c06fc-a032-4bea-b37b-5b75acdcce32 HTTP/1.1" status: 200 len: 521 time: 0.0075703
2026-05-19 04:13:59.927 9 INFO neutron.api.wsgi [None req-6ed8586f-74f9-4e2a-9850-f12f69ee26c0 d1bc5480b73a4f6bb59dc3031904ba35 dffd2bf7a3e04968ae613c45e23cf3ca - - default default] 10.0.0.238 "GET /v2.0/vpn/endpoint-groups/d1d5b2dc-e7a0-4f31-917a-cc6c6ef26341 HTTP/1.1" status: 200 len: 514 time: 0.0091996
2026-05-19 04:13:59.941 9 INFO neutron.api.wsgi [None req-54caee2e-6b01-402a-be72-43bb0d53b7e3 d1bc5480b73a4f6bb59dc3031904ba35 dffd2bf7a3e04968ae613c45e23cf3ca - - default default] 10.0.0.238 "GET /v2.0/vpn/ikepolicies/b4914b53-6eb6-493f-9dbf-05593bcfe3fd HTTP/1.1" status: 200 len: 597 time: 0.0075881
2026-05-19 04:13:59.955 9 INFO neutron.api.wsgi [None req-f37ea18b-2dda-404a-87b1-9a9725ea0510 d1bc5480b73a4f6bb59dc3031904ba35 dffd2bf7a3e04968ae613c45e23cf3ca - - default default] 10.0.0.238 "GET /v2.0/vpn/ipsecpolicies/950d5abd-b85c-435e-963e-df9eac072a38 HTTP/1.1" status: 200 len: 606 time: 0.0078192
2026-05-19 04:13:59.968 9 INFO neutron.api.wsgi [None req-675dbf8e-2a7c-4653-b1e6-b23f68d55abd d1bc5480b73a4f6bb59dc3031904ba35 dffd2bf7a3e04968ae613c45e23cf3ca - - default default] 10.0.0.238 "GET /v2.0/vpn/vpnservices/9c94e49c-7d65-435b-8edd-15d54b5001aa HTTP/1.1" status: 200 len: 643 time: 0.0073938
2026-05-19 04:13:59.992 10 WARNING neutron_lib.context [None req-4bcd7b3f-3509-4875-ab3f-c1c6dc758ea6 d10125e98d264009b7c8fed8b809f42e 74ffa609086b4915b4d720b25aeb17b4 - - default default] Method 'is_advsvc' is deprecated since 2023.2 release (neutron-lib 3.8.0) and will be removed once support for the old RBAC API policies will be removed from Neutron. Please use method 'is_service_role' instead.
2026-05-19 04:14:00.118 10 INFO neutron.db.ovn_revision_numbers_db [None req-4bcd7b3f-3509-4875-ab3f-c1c6dc758ea6 d10125e98d264009b7c8fed8b809f42e 74ffa609086b4915b4d720b25aeb17b4 - - default default] Successfully bumped revision number for resource 08f8a5e6-d378-4d1e-954d-48026a822a69 (type: security_groups) to 1
2026-05-19 04:14:00.131 10 INFO neutron.db.ovn_revision_numbers_db [None req-4bcd7b3f-3509-4875-ab3f-c1c6dc758ea6 d10125e98d264009b7c8fed8b809f42e 74ffa609086b4915b4d720b25aeb17b4 - - default default] Successfully bumped revision number for resource 789892fc-45f6-49ba-a7cb-cf7ae1609526 (type: security_group_rules) to 0
2026-05-19 04:14:00.144 10 INFO neutron.db.ovn_revision_numbers_db [None req-4bcd7b3f-3509-4875-ab3f-c1c6dc758ea6 d10125e98d264009b7c8fed8b809f42e 74ffa609086b4915b4d720b25aeb17b4 - - default default] Successfully bumped revision number for resource 79d5acf4-c3af-42d4-b31d-ba81a1aa98f5 (type: security_group_rules) to 0
2026-05-19 04:14:00.158 10 INFO neutron.db.ovn_revision_numbers_db [None req-4bcd7b3f-3509-4875-ab3f-c1c6dc758ea6 d10125e98d264009b7c8fed8b809f42e 74ffa609086b4915b4d720b25aeb17b4 - - default default] Successfully bumped revision number for resource d9f3a553-5d12-4882-948e-ef1b4b21f87b (type: security_group_rules) to 0
2026-05-19 04:14:00.170 10 INFO neutron.db.ovn_revision_numbers_db [None req-4bcd7b3f-3509-4875-ab3f-c1c6dc758ea6 d10125e98d264009b7c8fed8b809f42e 74ffa609086b4915b4d720b25aeb17b4 - - default default] Successfully bumped revision number for resource f1784e70-c9e4-4edc-8536-71a5f708759f (type: security_group_rules) to 0
2026-05-19 04:14:00.237 10 INFO neutron.db.segments_db [None req-4bcd7b3f-3509-4875-ab3f-c1c6dc758ea6 d10125e98d264009b7c8fed8b809f42e 74ffa609086b4915b4d720b25aeb17b4 - - default default] Added segment 5ff247c0-1d86-47ac-adad-df4f902ce83e of type geneve for network bdcf1f45-b592-422b-bc31-ec8cb4728ac7
2026-05-19 04:14:00.328 10 INFO neutron.db.ovn_revision_numbers_db [None req-4bcd7b3f-3509-4875-ab3f-c1c6dc758ea6 d10125e98d264009b7c8fed8b809f42e 74ffa609086b4915b4d720b25aeb17b4 - - default default] Successfully bumped revision number for resource bdcf1f45-b592-422b-bc31-ec8cb4728ac7 (type: networks) to 1
2026-05-19 04:14:00.453 9 INFO neutron.db.ovn_revision_numbers_db [None req-1eb9e56e-20a6-43f4-a6f8-ba1263cfb32b d1bc5480b73a4f6bb59dc3031904ba35 dffd2bf7a3e04968ae613c45e23cf3ca - - default default] Successfully bumped revision number for resource 1c11a851-c762-4f62-b0d9-8fc88f85fd0b (type: routers) to 10
2026-05-19 04:14:00.475 9 INFO neutron.api.wsgi [None req-1eb9e56e-20a6-43f4-a6f8-ba1263cfb32b d1bc5480b73a4f6bb59dc3031904ba35 dffd2bf7a3e04968ae613c45e23cf3ca - - default default] 10.0.0.238 "DELETE /v2.0/vpn/ipsec-site-connections/95e8a69e-1eb1-47a4-b0fd-c7871ad11a42 HTTP/1.1" status: 204 len: 168 time: 0.5013397
2026-05-19 04:14:00.491 10 WARNING neutron.scheduler.dhcp_agent_scheduler [None req-4bcd7b3f-3509-4875-ab3f-c1c6dc758ea6 d10125e98d264009b7c8fed8b809f42e 74ffa609086b4915b4d720b25aeb17b4 - - default default] No more DHCP agents
2026-05-19 04:14:00.492 10 WARNING neutron.api.rpc.agentnotifiers.dhcp_rpc_agent_api [None req-4bcd7b3f-3509-4875-ab3f-c1c6dc758ea6 d10125e98d264009b7c8fed8b809f42e 74ffa609086b4915b4d720b25aeb17b4 - - default default] Unable to schedule network bdcf1f45-b592-422b-bc31-ec8cb4728ac7: no agents available; will retry on subsequent port and subnet creation events.
2026-05-19 04:14:00.496 9 INFO neutron.api.wsgi [None req-3f7dd680-6330-4a44-a6d5-fe1a06a4da84 d1bc5480b73a4f6bb59dc3031904ba35 dffd2bf7a3e04968ae613c45e23cf3ca - - default default] 10.0.0.238 "DELETE /v2.0/vpn/endpoint-groups/9b5c06fc-a032-4bea-b37b-5b75acdcce32 HTTP/1.1" status: 204 len: 168 time: 0.0167885
2026-05-19 04:14:00.521 9 INFO neutron.api.wsgi [None req-15602af4-fbf5-4aaf-bae1-5778e42e877a d1bc5480b73a4f6bb59dc3031904ba35 dffd2bf7a3e04968ae613c45e23cf3ca - - default default] 10.0.0.238 "DELETE /v2.0/vpn/endpoint-groups/d1d5b2dc-e7a0-4f31-917a-cc6c6ef26341 HTTP/1.1" status: 204 len: 168 time: 0.0195141
2026-05-19 04:14:00.557 10 INFO neutron.api.wsgi [None req-9c62eaa8-50f1-4314-8e99-b07b9ea6c799 d1bc5480b73a4f6bb59dc3031904ba35 dffd2bf7a3e04968ae613c45e23cf3ca - - default default] 10.0.0.238 "DELETE /v2.0/vpn/ipsecpolicies/950d5abd-b85c-435e-963e-df9eac072a38 HTTP/1.1" status: 204 len: 168 time: 0.0305762
2026-05-19 04:14:00.565 10 INFO neutron.db.ovn_revision_numbers_db [None req-4bcd7b3f-3509-4875-ab3f-c1c6dc758ea6 d10125e98d264009b7c8fed8b809f42e 74ffa609086b4915b4d720b25aeb17b4 - - default default] Successfully bumped revision number for resource 3cf51e66-5b72-4522-bbb2-ba93302e8c96 (type: ports) to 1
2026-05-19 04:14:00.586 10 INFO neutron.api.wsgi [None req-acd52d3e-1902-41f7-9202-88b6ff0c9b5b d1bc5480b73a4f6bb59dc3031904ba35 dffd2bf7a3e04968ae613c45e23cf3ca - - default default] 10.0.0.238 "DELETE /v2.0/vpn/ikepolicies/b4914b53-6eb6-493f-9dbf-05593bcfe3fd HTTP/1.1" status: 204 len: 168 time: 0.0240147
2026-05-19 04:14:00.589 10 INFO neutron.api.wsgi [None req-4bcd7b3f-3509-4875-ab3f-c1c6dc758ea6 d10125e98d264009b7c8fed8b809f42e 74ffa609086b4915b4d720b25aeb17b4 - - default default] 10.0.0.238 "POST /v2.0/networks HTTP/1.1" status: 201 len: 831 time: 0.7343609
2026-05-19 04:14:00.598 9 WARNING neutron_lib.context [None req-02298dd5-ee98-4beb-acca-8ee91d1708f0 d10125e98d264009b7c8fed8b809f42e 74ffa609086b4915b4d720b25aeb17b4 - - default default] Method 'is_advsvc' is deprecated since 2023.2 release (neutron-lib 3.8.0) and will be removed once support for the old RBAC API policies will be removed from Neutron. Please use method 'is_service_role' instead.
2026-05-19 04:14:00.636 10 INFO neutron.api.wsgi [None req-46b1a231-bf58-4e2b-9f80-8d0052a6355b d1bc5480b73a4f6bb59dc3031904ba35 dffd2bf7a3e04968ae613c45e23cf3ca - - default default] 10.0.0.238 "DELETE /v2.0/vpn/vpnservices/9c94e49c-7d65-435b-8edd-15d54b5001aa HTTP/1.1" status: 204 len: 168 time: 0.0449998
2026-05-19 04:14:00.878 9 WARNING neutron.scheduler.dhcp_agent_scheduler [None req-02298dd5-ee98-4beb-acca-8ee91d1708f0 d10125e98d264009b7c8fed8b809f42e 74ffa609086b4915b4d720b25aeb17b4 - - default default] No more DHCP agents
2026-05-19 04:14:00.879 9 WARNING neutron.api.rpc.agentnotifiers.dhcp_rpc_agent_api [None req-02298dd5-ee98-4beb-acca-8ee91d1708f0 d10125e98d264009b7c8fed8b809f42e 74ffa609086b4915b4d720b25aeb17b4 - - default default] Unable to schedule network bdcf1f45-b592-422b-bc31-ec8cb4728ac7: no agents available; will retry on subsequent port and subnet creation events.
2026-05-19 04:14:00.934 9 INFO neutron.db.ovn_revision_numbers_db [None req-02298dd5-ee98-4beb-acca-8ee91d1708f0 d10125e98d264009b7c8fed8b809f42e 74ffa609086b4915b4d720b25aeb17b4 - - default default] Successfully bumped revision number for resource eebbb4bd-c1a7-475b-8150-e681a949a2fd (type: ports) to 1
2026-05-19 04:14:00.953 9 INFO neutron.api.wsgi [None req-02298dd5-ee98-4beb-acca-8ee91d1708f0 d10125e98d264009b7c8fed8b809f42e 74ffa609086b4915b4d720b25aeb17b4 - - default default] 10.0.0.238 "POST /v2.0/ports HTTP/1.1" status: 201 len: 942 time: 0.3585119
2026-05-19 04:14:00.963 10 WARNING neutron_lib.context [None req-776d4e76-5c05-40db-b476-b8d673b53dce d10125e98d264009b7c8fed8b809f42e 74ffa609086b4915b4d720b25aeb17b4 - - default default] Method 'is_advsvc' is deprecated since 2023.2 release (neutron-lib 3.8.0) and will be removed once support for the old RBAC API policies will be removed from Neutron. Please use method 'is_service_role' instead.
2026-05-19 04:14:01.196 10 INFO neutron.api.wsgi [None req-776d4e76-5c05-40db-b476-b8d673b53dce d10125e98d264009b7c8fed8b809f42e 74ffa609086b4915b4d720b25aeb17b4 - - default default] 10.0.0.238 "POST /v2.0/trunks HTTP/1.1" status: 201 len: 608 time: 0.2371812 /var/lib/openstack/lib/python3.12/site-packages/pycadf/identifier.py:71: UserWarning: Invalid uuid: neutron. To ensure interoperability, identifiers should be a valid uuid. warnings.warn(('Invalid uuid: %s. To ensure interoperability, '
2026-05-19 04:14:01.235 9 INFO neutron.api.wsgi [None req-6b2b1391-4ada-46fe-9bc6-cf8c4bf3b06b d10125e98d264009b7c8fed8b809f42e 74ffa609086b4915b4d720b25aeb17b4 - - default default] 10.0.0.238 "PUT /v2.0/trunks/220b7b5b-7ca3-4d82-9bd2-09713fbd5d4b/tags HTTP/1.1" status: 200 len: 218 time: 0.0303316
2026-05-19 04:14:01.256 9 INFO neutron.api.wsgi [None req-5f5f9e9e-a712-451d-b37d-638c067845e5 d10125e98d264009b7c8fed8b809f42e 74ffa609086b4915b4d720b25aeb17b4 - - default default] 10.0.0.238 "GET /v2.0/trunks/220b7b5b-7ca3-4d82-9bd2-09713fbd5d4b/tags HTTP/1.1" status: 200 len: 218 time: 0.0170093
2026-05-19 04:14:01.287 9 INFO neutron.api.wsgi [None req-5e4268a2-7a86-4a94-b72d-91ea7087ba24 d10125e98d264009b7c8fed8b809f42e 74ffa609086b4915b4d720b25aeb17b4 - - default default] 10.0.0.238 "PUT /v2.0/trunks/220b7b5b-7ca3-4d82-9bd2-09713fbd5d4b/tags/green HTTP/1.1" status: 201 len: 201 time: 0.0262396
2026-05-19 04:14:01.321 10 INFO neutron.api.wsgi [None req-12ebde10-c245-411c-957c-db694fa1b808 d10125e98d264009b7c8fed8b809f42e 74ffa609086b4915b4d720b25aeb17b4 - - default default] 10.0.0.238 "GET /v2.0/trunks/220b7b5b-7ca3-4d82-9bd2-09713fbd5d4b/tags HTTP/1.1" status: 200 len: 227 time: 0.0286629
2026-05-19 04:14:01.345 9 INFO neutron.api.wsgi [None req-5cef70f4-6d7a-4d8d-98d5-4696593400b0 d10125e98d264009b7c8fed8b809f42e 74ffa609086b4915b4d720b25aeb17b4 - - default default] 10.0.0.238 "PUT /v2.0/trunks/220b7b5b-7ca3-4d82-9bd2-09713fbd5d4b/tags/red HTTP/1.1" status: 201 len: 201 time: 0.0186317
2026-05-19 04:14:01.367 10 INFO neutron.api.wsgi [None req-526ea4c1-9a11-4f90-a3b8-9f9bc25ec0e9 d10125e98d264009b7c8fed8b809f42e 74ffa609086b4915b4d720b25aeb17b4 - - default default] 10.0.0.238 "GET /v2.0/trunks/220b7b5b-7ca3-4d82-9bd2-09713fbd5d4b/tags HTTP/1.1" status: 200 len: 227 time: 0.0172760
2026-05-19 04:14:01.405 9 INFO neutron.api.wsgi [None req-28388daa-bc65-4491-91d7-63083ea15fee d10125e98d264009b7c8fed8b809f42e 74ffa609086b4915b4d720b25aeb17b4 - - default default] 10.0.0.238 "PUT /v2.0/trunks/220b7b5b-7ca3-4d82-9bd2-09713fbd5d4b/tags/black.or.white HTTP/1.1" status: 201 len: 201 time: 0.0294664
2026-05-19 04:14:01.427 9 INFO neutron.api.wsgi [None req-2762db08-38f1-4358-9b46-84bffc13dee9 d10125e98d264009b7c8fed8b809f42e 74ffa609086b4915b4d720b25aeb17b4 - - default default] 10.0.0.238 "GET /v2.0/trunks/220b7b5b-7ca3-4d82-9bd2-09713fbd5d4b/tags HTTP/1.1" status: 200 len: 245 time: 0.0160480
2026-05-19 04:14:01.461 9 INFO neutron.api.wsgi [None req-bd1211d2-c0aa-4397-ad7d-524687e8ba87 d10125e98d264009b7c8fed8b809f42e 74ffa609086b4915b4d720b25aeb17b4 - - default default] 10.0.0.238 "PUT /v2.0/trunks/220b7b5b-7ca3-4d82-9bd2-09713fbd5d4b/tags HTTP/1.1" status: 200 len: 230 time: 0.0300574
2026-05-19 04:14:01.490 9 INFO neutron.api.wsgi [None req-667c52c3-bdbb-42f2-b6fb-4e20ceaa3b0b d10125e98d264009b7c8fed8b809f42e 74ffa609086b4915b4d720b25aeb17b4 - - default default] 10.0.0.238 "GET /v2.0/trunks/220b7b5b-7ca3-4d82-9bd2-09713fbd5d4b/tags HTTP/1.1" status: 200 len: 230 time: 0.0185907
2026-05-19 04:14:01.515 9 INFO neutron.api.wsgi [None req-cd5e2aaa-4bca-46a6-b40d-794fedf69d6c d10125e98d264009b7c8fed8b809f42e 74ffa609086b4915b4d720b25aeb17b4 - - default default] 10.0.0.238 "GET /v2.0/trunks/220b7b5b-7ca3-4d82-9bd2-09713fbd5d4b/tags/red HTTP/1.1" status: 204 len: 168 time: 0.0140061
2026-05-19 04:14:01.545 9 INFO neutron.api.v2.resource [None req-27b444f3-47e2-410b-838a-dd1d93ec579a d10125e98d264009b7c8fed8b809f42e 74ffa609086b4915b4d720b25aeb17b4 - - default default] show failed (client error): The resource could not be found.
2026-05-19 04:14:01.546 9 INFO neutron.api.wsgi [None req-27b444f3-47e2-410b-838a-dd1d93ec579a d10125e98d264009b7c8fed8b809f42e 74ffa609086b4915b4d720b25aeb17b4 - - default default] 10.0.0.238 "GET /v2.0/trunks/220b7b5b-7ca3-4d82-9bd2-09713fbd5d4b/tags/green HTTP/1.1" status: 404 len: 299 time: 0.0257969
2026-05-19 04:14:01.595 10 INFO neutron.api.wsgi [None req-974419eb-a708-4a3f-8b45-655b7661badf d10125e98d264009b7c8fed8b809f42e 74ffa609086b4915b4d720b25aeb17b4 - - default default] 10.0.0.238 "DELETE /v2.0/trunks/220b7b5b-7ca3-4d82-9bd2-09713fbd5d4b/tags/red HTTP/1.1" status: 204 len: 168 time: 0.0387089
2026-05-19 04:14:01.613 9 INFO neutron.api.wsgi [None req-bf18d4b4-77e5-43ac-b620-b9d14e5f1ae3 d10125e98d264009b7c8fed8b809f42e 74ffa609086b4915b4d720b25aeb17b4 - - default default] 10.0.0.238 "GET /v2.0/trunks/220b7b5b-7ca3-4d82-9bd2-09713fbd5d4b/tags HTTP/1.1" status: 200 len: 223 time: 0.0134096
2026-05-19 04:14:01.646 9 INFO neutron.api.v2.resource [None req-f0a36f96-072b-4616-9eed-20e9b2b2ab89 d10125e98d264009b7c8fed8b809f42e 74ffa609086b4915b4d720b25aeb17b4 - - default default] delete failed (client error): The resource could not be found.
2026-05-19 04:14:01.647 9 INFO neutron.api.wsgi [None req-f0a36f96-072b-4616-9eed-20e9b2b2ab89 d10125e98d264009b7c8fed8b809f42e 74ffa609086b4915b4d720b25aeb17b4 - - default default] 10.0.0.238 "DELETE /v2.0/trunks/220b7b5b-7ca3-4d82-9bd2-09713fbd5d4b/tags/green HTTP/1.1" status: 404 len: 299 time: 0.0298524
2026-05-19 04:14:01.675 9 INFO neutron.api.wsgi [None req-a55139a3-7818-4fe7-a995-fde50560f57b d10125e98d264009b7c8fed8b809f42e 74ffa609086b4915b4d720b25aeb17b4 - - default default] 10.0.0.238 "DELETE /v2.0/trunks/220b7b5b-7ca3-4d82-9bd2-09713fbd5d4b/tags HTTP/1.1" status: 204 len: 168 time: 0.0228026
2026-05-19 04:14:01.695 9 INFO neutron.api.wsgi [None req-13607eea-eb7c-4dfa-9789-5027ca20331a d10125e98d264009b7c8fed8b809f42e 74ffa609086b4915b4d720b25aeb17b4 - - default default] 10.0.0.238 "GET /v2.0/trunks/220b7b5b-7ca3-4d82-9bd2-09713fbd5d4b/tags HTTP/1.1" status: 200 len: 205 time: 0.0143533
2026-05-19 04:14:01.721 9 INFO neutron.api.wsgi [None req-ee52739c-df6a-408c-b0db-0eb512990a4a d10125e98d264009b7c8fed8b809f42e 74ffa609086b4915b4d720b25aeb17b4 - - default default] 10.0.0.238 "GET /v2.0/trunks/220b7b5b-7ca3-4d82-9bd2-09713fbd5d4b HTTP/1.1" status: 200 len: 603 time: 0.0129826
2026-05-19 04:14:01.803 9 INFO neutron.api.wsgi [None req-640d81e7-896f-47b0-be4c-9e7abf998643 d10125e98d264009b7c8fed8b809f42e 74ffa609086b4915b4d720b25aeb17b4 - - default default] 10.0.0.238 "GET /v2.0/ports/eebbb4bd-c1a7-475b-8150-e681a949a2fd HTTP/1.1" status: 200 len: 1020 time: 0.0762000
2026-05-19 04:14:01.869 9 INFO neutron.api.wsgi [None req-c4b4681c-204f-49b3-a408-63fb6102487c d10125e98d264009b7c8fed8b809f42e 74ffa609086b4915b4d720b25aeb17b4 - - default default] 10.0.0.238 "DELETE /v2.0/trunks/220b7b5b-7ca3-4d82-9bd2-09713fbd5d4b HTTP/1.1" status: 204 len: 168 time: 0.0605729
2026-05-19 04:14:02.076 9 INFO neutron.api.wsgi [None req-f5cf36fc-c7f4-4123-b47e-bb1263d1ff59 d10125e98d264009b7c8fed8b809f42e 74ffa609086b4915b4d720b25aeb17b4 - - default default] 10.0.0.238 "DELETE /v2.0/ports/eebbb4bd-c1a7-475b-8150-e681a949a2fd HTTP/1.1" status: 204 len: 168 time: 0.2021301
2026-05-19 04:14:02.388 9 INFO neutron.services.segments.plugin [-] Segment 5ff247c0-1d86-47ac-adad-df4f902ce83e resource provider aggregate not found
2026-05-19 04:14:02.398 9 INFO neutron.services.segments.plugin [-] Segment 5ff247c0-1d86-47ac-adad-df4f902ce83e resource provider aggregate not found
2026-05-19 04:14:02.402 9 INFO neutron.services.segments.plugin [-] Segment 5ff247c0-1d86-47ac-adad-df4f902ce83e resource provider not found; error: Placement Client Error (4xx): {"errors": [{"status": 404, "title": "Not Found", "detail": "The resource could not be found.\n\n No resource provider with uuid 5ff247c0-1d86-47ac-adad-df4f902ce83e found for delete ", "request_id": "req-a19b66be-3fe8-4ecc-beed-fa2d0bce42a7"}]}
2026-05-19 04:14:02.412 9 INFO neutron.services.segments.plugin [-] Segment 5ff247c0-1d86-47ac-adad-df4f902ce83e resource provider not found; error: Placement Client Error (4xx): {"errors": [{"status": 404, "title": "Not Found", "detail": "The resource could not be found.\n\n No resource provider with uuid 5ff247c0-1d86-47ac-adad-df4f902ce83e found for delete ", "request_id": "req-d85a4e10-4bdb-4b48-86db-6f8afedde1af"}]}
2026-05-19 04:14:02.418 9 INFO neutron.api.wsgi [None req-e20d73eb-ae97-44c9-bf9a-fd6571f318cf d10125e98d264009b7c8fed8b809f42e 74ffa609086b4915b4d720b25aeb17b4 - - default default] 10.0.0.238 "DELETE /v2.0/networks/bdcf1f45-b592-422b-bc31-ec8cb4728ac7 HTTP/1.1" status: 204 len: 168 time: 0.3360889
2026-05-19 04:14:02.785 10 INFO neutron.services.segments.plugin [-] Segment abf541fe-c8c2-4899-8b26-9a161b33f15e resource provider aggregate not found
2026-05-19 04:14:02.788 10 INFO neutron.services.segments.plugin [-] Segment abf541fe-c8c2-4899-8b26-9a161b33f15e resource provider aggregate not found
2026-05-19 04:14:02.798 10 INFO neutron.services.segments.plugin [-] Segment abf541fe-c8c2-4899-8b26-9a161b33f15e resource provider not found; error: Placement Client Error (4xx): {"errors": [{"status": 404, "title": "Not Found", "detail": "The resource could not be found.\n\n No resource provider with uuid abf541fe-c8c2-4899-8b26-9a161b33f15e found for delete ", "request_id": "req-50d1f6fb-c4e9-4e2f-9df2-f829adb162ce"}]}
2026-05-19 04:14:02.798 10 INFO neutron.services.segments.plugin [-] Segment abf541fe-c8c2-4899-8b26-9a161b33f15e resource provider not found; error: Placement Client Error (4xx): {"errors": [{"status": 404, "title": "Not Found", "detail": "The resource could not be found.\n\n No resource provider with uuid abf541fe-c8c2-4899-8b26-9a161b33f15e found for delete ", "request_id": "req-88e6fc8d-361b-4294-9cc2-ecb742a84511"}]}
2026-05-19 04:14:02.843 10 INFO neutron.api.wsgi [None req-c640df7c-5f8c-4854-a7f1-d1a0b7f1f4be d1bc5480b73a4f6bb59dc3031904ba35 dffd2bf7a3e04968ae613c45e23cf3ca - - default default] 10.0.0.238 "DELETE /v2.0/vpn/vpnservices/09d1b23b-77b9-46c8-a934-af2a2b9b89ba HTTP/1.1" status: 204 len: 168 time: 2.1994793 /var/lib/openstack/lib/python3.12/site-packages/pycadf/identifier.py:71: UserWarning: Invalid uuid: neutron. To ensure interoperability, identifiers should be a valid uuid. warnings.warn(('Invalid uuid: %s. To ensure interoperability, '
2026-05-19 04:14:02.909 10 INFO neutron.api.wsgi [None req-93120d4f-e76e-4bc5-82a7-6d6294c29f64 d1bc5480b73a4f6bb59dc3031904ba35 dffd2bf7a3e04968ae613c45e23cf3ca - - default default] 10.0.0.238 "GET /v2.0/routers/1c11a851-c762-4f62-b0d9-8fc88f85fd0b HTTP/1.1" status: 200 len: 1136 time: 0.0617485
2026-05-19 04:14:03.106 10 WARNING neutron.plugins.ml2.drivers.ovn.mech_driver.ovsdb.ovn_client [None req-e505474e-2338-44e4-9125-8c507b15d675 - - - - - -] No port found with ID ce0e1194-9c93-4665-a5c2-a7fc01561580: RuntimeError: No port found with ID ce0e1194-9c93-4665-a5c2-a7fc01561580
2026-05-19 04:14:03.368 9 INFO neutron.db.ovn_revision_numbers_db [None req-2c665792-c10b-402e-80ac-1e85f394b3bf f77b760cfffc4917925ca7502c2aaccd 35cb3bd5217649d8b8ad9932c17d036d - - default default] Successfully bumped revision number for resource 5b72668d-e831-4a79-a72e-7150d98f38bc (type: security_groups) to 1
2026-05-19 04:14:03.381 9 INFO neutron.db.ovn_revision_numbers_db [None req-2c665792-c10b-402e-80ac-1e85f394b3bf f77b760cfffc4917925ca7502c2aaccd 35cb3bd5217649d8b8ad9932c17d036d - - default default] Successfully bumped revision number for resource 2299a149-09a1-4f37-bd04-091a50704ce7 (type: security_group_rules) to 0
2026-05-19 04:14:03.402 9 INFO neutron.db.ovn_revision_numbers_db [None req-2c665792-c10b-402e-80ac-1e85f394b3bf f77b760cfffc4917925ca7502c2aaccd 35cb3bd5217649d8b8ad9932c17d036d - - default default] Successfully bumped revision number for resource 7ca2fddc-4c7c-412c-bd84-2c507b132c03 (type: security_group_rules) to 0
2026-05-19 04:14:03.416 9 INFO neutron.db.ovn_revision_numbers_db [None req-2c665792-c10b-402e-80ac-1e85f394b3bf f77b760cfffc4917925ca7502c2aaccd 35cb3bd5217649d8b8ad9932c17d036d - - default default] Successfully bumped revision number for resource b23e7617-a8b6-4201-ad22-d60070679945 (type: security_group_rules) to 0
2026-05-19 04:14:03.428 9 INFO neutron.db.ovn_revision_numbers_db [None req-2c665792-c10b-402e-80ac-1e85f394b3bf f77b760cfffc4917925ca7502c2aaccd 35cb3bd5217649d8b8ad9932c17d036d - - default default] Successfully bumped revision number for resource eb0d2591-0cc9-49e7-bb47-fae8b559a0dc (type: security_group_rules) to 0
2026-05-19 04:14:03.466 9 INFO neutron.api.wsgi [None req-2c665792-c10b-402e-80ac-1e85f394b3bf f77b760cfffc4917925ca7502c2aaccd 35cb3bd5217649d8b8ad9932c17d036d - - default default] 10.0.0.238 "GET /v2.0/security-groups?tenant_id=c73ab17f55cb466db713a87cd8370628&name=default HTTP/1.1" status: 200 len: 3124 time: 0.4079447
2026-05-19 04:14:03.590 10 INFO neutron.db.ovn_revision_numbers_db [None req-2f02e7f2-de64-45f9-881e-6cf3c0c3481d d1bc5480b73a4f6bb59dc3031904ba35 dffd2bf7a3e04968ae613c45e23cf3ca - - default default] Successfully bumped revision number for resource 1c11a851-c762-4f62-b0d9-8fc88f85fd0b (type: routers) to 11
2026-05-19 04:14:03.596 10 INFO neutron.api.wsgi [None req-2f02e7f2-de64-45f9-881e-6cf3c0c3481d d1bc5480b73a4f6bb59dc3031904ba35 dffd2bf7a3e04968ae613c45e23cf3ca - - default default] 10.0.0.238 "PUT /v2.0/routers/1c11a851-c762-4f62-b0d9-8fc88f85fd0b HTTP/1.1" status: 200 len: 1136 time: 0.6814926
2026-05-19 04:14:03.662 9 INFO neutron.api.wsgi [None req-3144775e-cc35-4252-b057-2dd6762a43a6 f77b760cfffc4917925ca7502c2aaccd 35cb3bd5217649d8b8ad9932c17d036d - - default default] 10.0.0.238 "DELETE /v2.0/security-groups/5b72668d-e831-4a79-a72e-7150d98f38bc HTTP/1.1" status: 204 len: 168 time: 0.1888387
2026-05-19 04:14:03.681 10 INFO neutron.api.wsgi [None req-0c254924-e5a5-447e-a88f-c4c0f4f5b1e0 d1bc5480b73a4f6bb59dc3031904ba35 dffd2bf7a3e04968ae613c45e23cf3ca - - default default] 10.0.0.238 "GET /v2.0/ports?device_id=1c11a851-c762-4f62-b0d9-8fc88f85fd0b HTTP/1.1" status: 200 len: 1140 time: 0.0771337
2026-05-19 04:14:03.862 9 INFO neutron.api.wsgi [None req-3317a7d3-e283-404b-9767-1e45b833e848 f77b760cfffc4917925ca7502c2aaccd 35cb3bd5217649d8b8ad9932c17d036d - - default default] 10.0.0.238 "GET /v2.0/security-groups?tenant_id=74ffa609086b4915b4d720b25aeb17b4&name=default HTTP/1.1" status: 200 len: 3124 time: 0.0316803
2026-05-19 04:14:04.062 9 INFO neutron.api.wsgi [None req-3375898b-db86-4e82-9346-1fb09ad624cd f77b760cfffc4917925ca7502c2aaccd 35cb3bd5217649d8b8ad9932c17d036d - - default default] 10.0.0.238 "DELETE /v2.0/security-groups/08f8a5e6-d378-4d1e-954d-48026a822a69 HTTP/1.1" status: 204 len: 168 time: 0.1947041
2026-05-19 04:14:04.504 10 INFO neutron.api.wsgi [None req-fe04ccb1-924a-4c39-b8c8-957350e3150f d1bc5480b73a4f6bb59dc3031904ba35 dffd2bf7a3e04968ae613c45e23cf3ca - - default default] 10.0.0.238 "PUT /v2.0/routers/1c11a851-c762-4f62-b0d9-8fc88f85fd0b/remove_router_interface HTTP/1.1" status: 200 len: 503 time: 0.8183174 /var/lib/openstack/lib/python3.12/site-packages/pycadf/identifier.py:71: UserWarning: Invalid uuid: neutron. To ensure interoperability, identifiers should be a valid uuid. warnings.warn(('Invalid uuid: %s. To ensure interoperability, '
2026-05-19 04:14:05.147 10 INFO neutron.api.wsgi [None req-edc3fd64-0759-4222-a5c1-7d8f9f5dd4a0 d1bc5480b73a4f6bb59dc3031904ba35 dffd2bf7a3e04968ae613c45e23cf3ca - - default default] 10.0.0.238 "DELETE /v2.0/routers/1c11a851-c762-4f62-b0d9-8fc88f85fd0b HTTP/1.1" status: 204 len: 168 time: 0.6382630
2026-05-19 04:14:05.218 10 INFO neutron.api.wsgi [None req-79caa19a-6735-4c6f-81eb-369bf6955b67 d1bc5480b73a4f6bb59dc3031904ba35 dffd2bf7a3e04968ae613c45e23cf3ca - - default default] 10.0.0.238 "GET /v2.0/routers/8a094492-a3db-4e88-96aa-f039668ab06a HTTP/1.1" status: 200 len: 1137 time: 0.0673652
2026-05-19 04:14:05.373 9 WARNING neutron_lib.context [None req-959dfe5e-cc0f-4074-b7f5-504b1c090aec c4853d7271e84ae8b814b273b7327a23 f82bf6b4af8c495aa92fb77f87712470 - - default default] Method 'is_advsvc' is deprecated since 2023.2 release (neutron-lib 3.8.0) and will be removed once support for the old RBAC API policies will be removed from Neutron. Please use method 'is_service_role' instead.
2026-05-19 04:14:05.531 9 INFO neutron.db.ovn_revision_numbers_db [None req-959dfe5e-cc0f-4074-b7f5-504b1c090aec c4853d7271e84ae8b814b273b7327a23 f82bf6b4af8c495aa92fb77f87712470 - - default default] Successfully bumped revision number for resource eda334f5-7503-4e3c-96cb-45f388dcc8f4 (type: security_groups) to 1
2026-05-19 04:14:05.544 9 INFO neutron.db.ovn_revision_numbers_db [None req-959dfe5e-cc0f-4074-b7f5-504b1c090aec c4853d7271e84ae8b814b273b7327a23 f82bf6b4af8c495aa92fb77f87712470 - - default default] Successfully bumped revision number for resource 6b5ecb3e-8c5d-41b5-8ee1-957b474b3dbf (type: security_group_rules) to 0
2026-05-19 04:14:05.560 9 INFO neutron.db.ovn_revision_numbers_db [None req-959dfe5e-cc0f-4074-b7f5-504b1c090aec c4853d7271e84ae8b814b273b7327a23 f82bf6b4af8c495aa92fb77f87712470 - - default default] Successfully bumped revision number for resource 70dda77b-f6f9-4459-9cc2-e42d1be8e7cf (type: security_group_rules) to 0
2026-05-19 04:14:05.576 9 INFO neutron.db.ovn_revision_numbers_db [None req-959dfe5e-cc0f-4074-b7f5-504b1c090aec c4853d7271e84ae8b814b273b7327a23 f82bf6b4af8c495aa92fb77f87712470 - - default default] Successfully bumped revision number for resource 7f15e84f-93f5-4ad9-89d6-a672a8e0259f (type: security_group_rules) to 0
2026-05-19 04:14:05.588 9 INFO neutron.db.ovn_revision_numbers_db [None req-959dfe5e-cc0f-4074-b7f5-504b1c090aec c4853d7271e84ae8b814b273b7327a23 f82bf6b4af8c495aa92fb77f87712470 - - default default] Successfully bumped revision number for resource af9a198b-aabf-4dcc-8a7c-59ea1e31d1af (type: security_group_rules) to 0
