2026-05-19 04:12:54.084 10 INFO neutron.services.segments.plugin [-] Segment aa43610b-eedc-46b7-a128-1dccfeb4314c resource provider not found; error: Placement Client Error (4xx): {"errors": [{"status": 404, "title": "Not Found", "detail": "The resource could not be found.\n\n No resource provider with uuid aa43610b-eedc-46b7-a128-1dccfeb4314c found for delete ", "request_id": "req-43215bf3-03ce-4067-9c4c-3a4df4fe636a"}]}
2026-05-19 04:12:54.102 10 INFO neutron.api.wsgi [None req-6f8c5993-e51f-4c58-bdfd-c4690e946ef8 f77b760cfffc4917925ca7502c2aaccd 35cb3bd5217649d8b8ad9932c17d036d - - default default] 10.0.0.238 "DELETE /v2.0/networks/eb149eea-86fb-428f-860e-a7d79da181c8 HTTP/1.1" status: 204 len: 168 time: 0.2943940
2026-05-19 04:12:54.273 9 INFO neutron.api.wsgi [None req-dc22ac49-62c7-4f7b-89da-c928e5dec7ea adb1a38008f344fc8318cf33e8f15280 8c77eb87d5834075ba9453539bbbdaea - - default default] 10.0.0.238 "DELETE /v2.0/networks/dd63b4e2-74e3-409b-b26e-27dd12086b27 HTTP/1.1" status: 204 len: 168 time: 0.3402116
2026-05-19 04:12:54.662 9 INFO neutron.api.wsgi [None req-bd3cab00-bebf-43b4-91ed-2776eeb30bc1 adb1a38008f344fc8318cf33e8f15280 8c77eb87d5834075ba9453539bbbdaea - - default default] 10.0.0.238 "DELETE /v2.0/networks/d71a3261-4a57-40f7-86c0-7b480907e9a8 HTTP/1.1" status: 204 len: 168 time: 0.3849761
2026-05-19 04:12:54.826 10 INFO neutron.db.ovn_revision_numbers_db [None req-61f0d8f1-6a67-47bb-a2fc-d392c687e538 1d5d19c3ef384213b31842e06b2d772a 7e33b1a47fd944abbcb6bf2c5599d399 - - default default] Successfully bumped revision number for resource 86bb5513-08e3-488b-b54c-f980e748b5cd (type: security_groups) to 1
2026-05-19 04:12:54.837 10 INFO neutron.db.ovn_revision_numbers_db [None req-61f0d8f1-6a67-47bb-a2fc-d392c687e538 1d5d19c3ef384213b31842e06b2d772a 7e33b1a47fd944abbcb6bf2c5599d399 - - default default] Successfully bumped revision number for resource 767e5715-ae3e-4703-890f-1569c418fe03 (type: security_group_rules) to 0
2026-05-19 04:12:54.854 10 INFO neutron.db.ovn_revision_numbers_db [None req-61f0d8f1-6a67-47bb-a2fc-d392c687e538 1d5d19c3ef384213b31842e06b2d772a 7e33b1a47fd944abbcb6bf2c5599d399 - - default default] Successfully bumped revision number for resource 7a23e69c-9a68-4507-8e47-d2445f410251 (type: security_group_rules) to 0
2026-05-19 04:12:54.868 10 INFO neutron.db.ovn_revision_numbers_db [None req-61f0d8f1-6a67-47bb-a2fc-d392c687e538 1d5d19c3ef384213b31842e06b2d772a 7e33b1a47fd944abbcb6bf2c5599d399 - - default default] Successfully bumped revision number for resource c3fce36f-39a9-4811-91ba-f199ad7b84b2 (type: security_group_rules) to 0
2026-05-19 04:12:54.881 10 INFO neutron.db.ovn_revision_numbers_db [None req-61f0d8f1-6a67-47bb-a2fc-d392c687e538 1d5d19c3ef384213b31842e06b2d772a 7e33b1a47fd944abbcb6bf2c5599d399 - - default default] Successfully bumped revision number for resource c437ca39-f023-46e6-b1db-038f9ae095d4 (type: security_group_rules) to 0
2026-05-19 04:12:54.953 10 INFO neutron.db.segments_db [None req-61f0d8f1-6a67-47bb-a2fc-d392c687e538 1d5d19c3ef384213b31842e06b2d772a 7e33b1a47fd944abbcb6bf2c5599d399 - - default default] Added segment 91d91221-db22-4f6f-9200-2dba6ca57431 of type geneve for network 8cf679d5-7b61-497e-af07-566b3b4f9717
2026-05-19 04:12:55.057 9 INFO neutron.api.wsgi [None req-10f7bba3-d928-44e3-8121-cd4dd524b438 f77b760cfffc4917925ca7502c2aaccd 35cb3bd5217649d8b8ad9932c17d036d - - default default] 10.0.0.238 "PUT /v2.0/routers/43b9e009-7d9c-42a4-9deb-7d335dad86f5/remove_router_interface HTTP/1.1" status: 200 len: 503 time: 0.9494152 /var/lib/openstack/lib/python3.12/site-packages/pycadf/identifier.py:71: UserWarning: Invalid uuid: neutron. To ensure interoperability, identifiers should be a valid uuid. warnings.warn(('Invalid uuid: %s. To ensure interoperability, '
2026-05-19 04:12:55.070 10 INFO neutron.db.ovn_revision_numbers_db [None req-61f0d8f1-6a67-47bb-a2fc-d392c687e538 1d5d19c3ef384213b31842e06b2d772a 7e33b1a47fd944abbcb6bf2c5599d399 - - default default] Successfully bumped revision number for resource 8cf679d5-7b61-497e-af07-566b3b4f9717 (type: networks) to 1
2026-05-19 04:12:55.212 9 INFO neutron.services.segments.plugin [-] Segment 03157896-e555-4e38-b451-a9becb39c80b resource provider aggregate not found
2026-05-19 04:12:55.218 9 INFO neutron.services.segments.plugin [-] Segment 03157896-e555-4e38-b451-a9becb39c80b resource provider aggregate not found
2026-05-19 04:12:55.228 9 INFO neutron.services.segments.plugin [-] Segment 03157896-e555-4e38-b451-a9becb39c80b resource provider not found; error: Placement Client Error (4xx): {"errors": [{"status": 404, "title": "Not Found", "detail": "The resource could not be found.\n\n No resource provider with uuid 03157896-e555-4e38-b451-a9becb39c80b found for delete ", "request_id": "req-f9d7d687-21d3-4562-870e-ef48201a6b36"}]}
2026-05-19 04:12:55.232 9 INFO neutron.services.segments.plugin [-] Segment 03157896-e555-4e38-b451-a9becb39c80b resource provider not found; error: Placement Client Error (4xx): {"errors": [{"status": 404, "title": "Not Found", "detail": "The resource could not be found.\n\n No resource provider with uuid 03157896-e555-4e38-b451-a9becb39c80b found for delete ", "request_id": "req-ef9eec63-632a-4678-9979-c2826da02263"}]}
2026-05-19 04:12:55.241 10 WARNING neutron.scheduler.dhcp_agent_scheduler [None req-61f0d8f1-6a67-47bb-a2fc-d392c687e538 1d5d19c3ef384213b31842e06b2d772a 7e33b1a47fd944abbcb6bf2c5599d399 - - default default] No more DHCP agents
2026-05-19 04:12:55.242 10 WARNING neutron.api.rpc.agentnotifiers.dhcp_rpc_agent_api [None req-61f0d8f1-6a67-47bb-a2fc-d392c687e538 1d5d19c3ef384213b31842e06b2d772a 7e33b1a47fd944abbcb6bf2c5599d399 - - default default] Unable to schedule network 8cf679d5-7b61-497e-af07-566b3b4f9717: no agents available; will retry on subsequent port and subnet creation events.
2026-05-19 04:12:55.245 9 INFO neutron.services.segments.plugin [-] Segment 7fb12b9d-499a-4449-9486-bed5bed87c60 resource provider aggregate not found
2026-05-19 04:12:55.247 9 INFO neutron.services.segments.plugin [-] Segment 7fb12b9d-499a-4449-9486-bed5bed87c60 resource provider aggregate not found
2026-05-19 04:12:55.262 9 INFO neutron.services.segments.plugin [-] Segment 7fb12b9d-499a-4449-9486-bed5bed87c60 resource provider not found; error: Placement Client Error (4xx): {"errors": [{"status": 404, "title": "Not Found", "detail": "The resource could not be found.\n\n No resource provider with uuid 7fb12b9d-499a-4449-9486-bed5bed87c60 found for delete ", "request_id": "req-ac3d099d-c541-4884-84f8-e066ab444414"}]}
2026-05-19 04:12:55.265 9 INFO neutron.services.segments.plugin [-] Segment 7fb12b9d-499a-4449-9486-bed5bed87c60 resource provider not found; error: Placement Client Error (4xx): {"errors": [{"status": 404, "title": "Not Found", "detail": "The resource could not be found.\n\n No resource provider with uuid 7fb12b9d-499a-4449-9486-bed5bed87c60 found for delete ", "request_id": "req-e47b58d9-c6d4-4d63-94de-c63e45925d1a"}]}
2026-05-19 04:12:55.281 9 INFO neutron.services.segments.plugin [-] Segment 1d36821d-790d-48ca-99f3-5c3caf28ed5c resource provider aggregate not found
2026-05-19 04:12:55.284 9 INFO neutron.services.segments.plugin [-] Segment 1d36821d-790d-48ca-99f3-5c3caf28ed5c resource provider aggregate not found
2026-05-19 04:12:55.291 9 INFO neutron.services.segments.plugin [-] Segment 1d36821d-790d-48ca-99f3-5c3caf28ed5c resource provider not found; error: Placement Client Error (4xx): {"errors": [{"status": 404, "title": "Not Found", "detail": "The resource could not be found.\n\n No resource provider with uuid 1d36821d-790d-48ca-99f3-5c3caf28ed5c found for delete ", "request_id": "req-9658b8d4-ee63-4019-a4e9-e7b7b4f17dfd"}]}
2026-05-19 04:12:55.294 10 INFO neutron.db.ovn_revision_numbers_db [None req-61f0d8f1-6a67-47bb-a2fc-d392c687e538 1d5d19c3ef384213b31842e06b2d772a 7e33b1a47fd944abbcb6bf2c5599d399 - - default default] Successfully bumped revision number for resource 00b03acd-b704-45d3-b80e-16039d0adb92 (type: ports) to 1
2026-05-19 04:12:55.300 9 INFO neutron.services.segments.plugin [-] Segment 1d36821d-790d-48ca-99f3-5c3caf28ed5c resource provider not found; error: Placement Client Error (4xx): {"errors": [{"status": 404, "title": "Not Found", "detail": "The resource could not be found.\n\n No resource provider with uuid 1d36821d-790d-48ca-99f3-5c3caf28ed5c found for delete ", "request_id": "req-8f537bd6-8b17-440d-bfc5-4bcdb02ace7e"}]}
2026-05-19 04:12:55.302 9 INFO neutron.services.segments.plugin [-] Segment 69dfdfdc-8af7-4b21-8c92-b4de0bd8f47c resource provider aggregate not found
2026-05-19 04:12:55.313 10 INFO neutron.api.wsgi [None req-61f0d8f1-6a67-47bb-a2fc-d392c687e538 1d5d19c3ef384213b31842e06b2d772a 7e33b1a47fd944abbcb6bf2c5599d399 - - default default] 10.0.0.238 "POST /v2.0/networks HTTP/1.1" status: 201 len: 928 time: 0.7895930
2026-05-19 04:12:55.315 9 INFO neutron.services.segments.plugin [-] Segment 69dfdfdc-8af7-4b21-8c92-b4de0bd8f47c resource provider aggregate not found
2026-05-19 04:12:55.318 9 INFO neutron.services.segments.plugin [-] Segment 69dfdfdc-8af7-4b21-8c92-b4de0bd8f47c resource provider not found; error: Placement Client Error (4xx): {"errors": [{"status": 404, "title": "Not Found", "detail": "The resource could not be found.\n\n No resource provider with uuid 69dfdfdc-8af7-4b21-8c92-b4de0bd8f47c found for delete ", "request_id": "req-4d200cdc-ee7f-4320-b1d2-da609acd76a5"}]}
2026-05-19 04:12:55.326 9 INFO neutron.services.segments.plugin [-] Segment 69dfdfdc-8af7-4b21-8c92-b4de0bd8f47c resource provider not found; error: Placement Client Error (4xx): {"errors": [{"status": 404, "title": "Not Found", "detail": "The resource could not be found.\n\n No resource provider with uuid 69dfdfdc-8af7-4b21-8c92-b4de0bd8f47c found for delete ", "request_id": "req-4921f41f-86d5-4cbe-a850-3587b8787878"}]}
2026-05-19 04:12:55.449 10 WARNING neutron.scheduler.dhcp_agent_scheduler [None req-3f9d25a1-7ef3-452b-a896-86414547e4d8 1d5d19c3ef384213b31842e06b2d772a 7e33b1a47fd944abbcb6bf2c5599d399 - - default default] No more DHCP agents
2026-05-19 04:12:55.451 10 WARNING neutron.api.rpc.agentnotifiers.dhcp_rpc_agent_api [None req-3f9d25a1-7ef3-452b-a896-86414547e4d8 1d5d19c3ef384213b31842e06b2d772a 7e33b1a47fd944abbcb6bf2c5599d399 - - default default] Unable to schedule network 8cf679d5-7b61-497e-af07-566b3b4f9717: no agents available; will retry on subsequent port and subnet creation events.
2026-05-19 04:12:55.737 10 INFO neutron.api.wsgi [None req-34d13299-fe10-4d41-91c3-c5bf3ccf068b f77b760cfffc4917925ca7502c2aaccd 35cb3bd5217649d8b8ad9932c17d036d - - default default] 10.0.0.238 "GET /v2.0/security-groups?tenant_id=8c77eb87d5834075ba9453539bbbdaea&name=default HTTP/1.1" status: 200 len: 3120 time: 0.2424619
2026-05-19 04:12:55.938 10 INFO neutron.db.ovn_revision_numbers_db [None req-8405cc6a-5a2a-4a2b-aef1-171f2c249e4f - - - - - -] Successfully bumped revision number for resource 00b03acd-b704-45d3-b80e-16039d0adb92 (type: ports) to 2
2026-05-19 04:12:55.959 10 INFO neutron.api.wsgi [None req-5a73a947-f763-49ca-89ad-1aaf6eed3385 f77b760cfffc4917925ca7502c2aaccd 35cb3bd5217649d8b8ad9932c17d036d - - default default] 10.0.0.238 "DELETE /v2.0/security-groups/7c976faa-932d-436f-8ba5-05ace87f06a2 HTTP/1.1" status: 204 len: 168 time: 0.2149827
2026-05-19 04:12:55.978 10 INFO neutron.db.ovn_revision_numbers_db [None req-8405cc6a-5a2a-4a2b-aef1-171f2c249e4f - - - - - -] Successfully bumped revision number for resource bae49376-27ff-4a84-b4e8-d459053cd7ee (type: subnets) to 0
2026-05-19 04:12:55.992 10 INFO neutron.api.wsgi [None req-3f9d25a1-7ef3-452b-a896-86414547e4d8 1d5d19c3ef384213b31842e06b2d772a 7e33b1a47fd944abbcb6bf2c5599d399 - - default default] 10.0.0.238 "POST /v2.0/subnets HTTP/1.1" status: 201 len: 843 time: 0.6742942
2026-05-19 04:12:56.001 10 WARNING neutron.api.v2.base [None req-71c9bf17-36b4-49a2-8096-4b167fdcc7d3 1d5d19c3ef384213b31842e06b2d772a 7e33b1a47fd944abbcb6bf2c5599d399 - - default default] An exception happened while processing the request body. The exception message is [Invalid input for target_tenant. Reason: 'None' is not a valid string.].: webob.exc.HTTPBadRequest: Invalid input for target_tenant. Reason: 'None' is not a valid string.
2026-05-19 04:12:56.002 10 INFO neutron.api.v2.resource [None req-71c9bf17-36b4-49a2-8096-4b167fdcc7d3 1d5d19c3ef384213b31842e06b2d772a 7e33b1a47fd944abbcb6bf2c5599d399 - - default default] create failed (client error): Invalid input for target_tenant. Reason: 'None' is not a valid string.
2026-05-19 04:12:56.003 10 INFO neutron.api.wsgi [None req-71c9bf17-36b4-49a2-8096-4b167fdcc7d3 1d5d19c3ef384213b31842e06b2d772a 7e33b1a47fd944abbcb6bf2c5599d399 - - default default] 10.0.0.238 "POST /v2.0/rbac-policies HTTP/1.1" status: 400 len: 346 time: 0.0062380
2026-05-19 04:12:56.033 9 INFO neutron.api.wsgi [None req-caa29372-9062-4fdc-9427-26af2b0bdd36 f77b760cfffc4917925ca7502c2aaccd 35cb3bd5217649d8b8ad9932c17d036d - - default default] 10.0.0.238 "DELETE /v2.0/routers/43b9e009-7d9c-42a4-9deb-7d335dad86f5 HTTP/1.1" status: 204 len: 168 time: 0.9719176
2026-05-19 04:12:56.189 10 INFO neutron.db.ovn_revision_numbers_db [None req-f7adb316-f4ec-4314-97b2-230321278ec8 f77b760cfffc4917925ca7502c2aaccd 35cb3bd5217649d8b8ad9932c17d036d - - default default] Successfully bumped revision number for resource eb8cc8ce-5136-426f-81e8-b8d5b157e709 (type: security_groups) to 1
2026-05-19 04:12:56.202 10 INFO neutron.db.ovn_revision_numbers_db [None req-f7adb316-f4ec-4314-97b2-230321278ec8 f77b760cfffc4917925ca7502c2aaccd 35cb3bd5217649d8b8ad9932c17d036d - - default default] Successfully bumped revision number for resource 02344ec5-4f9b-4dd1-bef5-4a33de2533db (type: security_group_rules) to 0
2026-05-19 04:12:56.216 10 INFO neutron.db.ovn_revision_numbers_db [None req-f7adb316-f4ec-4314-97b2-230321278ec8 f77b760cfffc4917925ca7502c2aaccd 35cb3bd5217649d8b8ad9932c17d036d - - default default] Successfully bumped revision number for resource 3e2d656f-1f20-4e85-b317-f189b1bee286 (type: security_group_rules) to 0
2026-05-19 04:12:56.221 10 INFO neutron.api.wsgi [None req-ac3cb6dc-0b63-437d-ada1-ecc702253b13 f77b760cfffc4917925ca7502c2aaccd 35cb3bd5217649d8b8ad9932c17d036d - - default default] 10.0.0.238 "DELETE /v2.0/subnets/7c5ae92a-44cf-4bdf-80b9-2eff3c43cf32 HTTP/1.1" status: 204 len: 168 time: 0.1833234
2026-05-19 04:12:56.241 10 INFO neutron.db.ovn_revision_numbers_db [None req-f7adb316-f4ec-4314-97b2-230321278ec8 f77b760cfffc4917925ca7502c2aaccd 35cb3bd5217649d8b8ad9932c17d036d - - default default] Successfully bumped revision number for resource b41196ec-2752-4bec-a43e-2c620ca7d1aa (type: security_group_rules) to 0
2026-05-19 04:12:56.266 10 INFO neutron.db.ovn_revision_numbers_db [None req-f7adb316-f4ec-4314-97b2-230321278ec8 f77b760cfffc4917925ca7502c2aaccd 35cb3bd5217649d8b8ad9932c17d036d - - default default] Successfully bumped revision number for resource d1fbe3c5-22be-4ee2-ba8d-608381ad09a7 (type: security_group_rules) to 0
2026-05-19 04:12:56.313 10 INFO neutron.api.wsgi [None req-f7adb316-f4ec-4314-97b2-230321278ec8 f77b760cfffc4917925ca7502c2aaccd 35cb3bd5217649d8b8ad9932c17d036d - - default default] 10.0.0.238 "GET /v2.0/security-groups?tenant_id=d193eab5832b439598a38ad3ca46fcff&name=default HTTP/1.1" status: 200 len: 3120 time: 0.2519307
2026-05-19 04:12:56.500 9 INFO neutron.api.wsgi [None req-179cd73c-83ba-40b8-87f0-7e7b50897345 1d5d19c3ef384213b31842e06b2d772a 7e33b1a47fd944abbcb6bf2c5599d399 - - default default] 10.0.0.238 "DELETE /v2.0/networks/8cf679d5-7b61-497e-af07-566b3b4f9717 HTTP/1.1" status: 204 len: 168 time: 0.4940619
2026-05-19 04:12:56.564 9 INFO neutron.api.wsgi [None req-87e6ff20-8994-40c6-816b-007ee2e239f0 f77b760cfffc4917925ca7502c2aaccd 35cb3bd5217649d8b8ad9932c17d036d - - default default] 10.0.0.238 "DELETE /v2.0/security-groups/eb8cc8ce-5136-426f-81e8-b8d5b157e709 HTTP/1.1" status: 204 len: 168 time: 0.2450218
2026-05-19 04:12:56.567 10 INFO neutron.services.segments.plugin [-] Segment fdc1abff-f504-4633-91d1-a1e39fa60c84 resource provider aggregate not found
2026-05-19 04:12:56.575 10 INFO neutron.services.segments.plugin [-] Segment fdc1abff-f504-4633-91d1-a1e39fa60c84 resource provider aggregate not found
2026-05-19 04:12:56.580 10 INFO neutron.services.segments.plugin [-] Segment fdc1abff-f504-4633-91d1-a1e39fa60c84 resource provider not found; error: Placement Client Error (4xx): {"errors": [{"status": 404, "title": "Not Found", "detail": "The resource could not be found.\n\n No resource provider with uuid fdc1abff-f504-4633-91d1-a1e39fa60c84 found for delete ", "request_id": "req-cd4dfcce-a5bd-485b-b440-fbfddc61d7fe"}]}
2026-05-19 04:12:56.589 10 INFO neutron.services.segments.plugin [-] Segment fdc1abff-f504-4633-91d1-a1e39fa60c84 resource provider not found; error: Placement Client Error (4xx): {"errors": [{"status": 404, "title": "Not Found", "detail": "The resource could not be found.\n\n No resource provider with uuid fdc1abff-f504-4633-91d1-a1e39fa60c84 found for delete ", "request_id": "req-31e1d6ac-7b11-4631-838a-48316dd5f2a6"}]}
2026-05-19 04:12:56.598 10 INFO neutron.api.wsgi [None req-6d818330-a5a1-4f12-9bce-6391bf2a39f6 f77b760cfffc4917925ca7502c2aaccd 35cb3bd5217649d8b8ad9932c17d036d - - default default] 10.0.0.238 "DELETE /v2.0/networks/050af867-d623-4bea-9dd1-ffb44b371214 HTTP/1.1" status: 204 len: 168 time: 0.3715127
2026-05-19 04:12:56.601 9 INFO neutron.db.segments_db [None req-b1d91afb-7e5c-4f8d-a2b2-d077d1107965 1d5d19c3ef384213b31842e06b2d772a 7e33b1a47fd944abbcb6bf2c5599d399 - - default default] Added segment 08cb6140-afcb-45b8-bd89-6f6be82edfcb of type geneve for network e093f4ce-e964-4790-9d89-dde8fefb9b25
2026-05-19 04:12:56.712 9 INFO neutron.db.ovn_revision_numbers_db [None req-b1d91afb-7e5c-4f8d-a2b2-d077d1107965 1d5d19c3ef384213b31842e06b2d772a 7e33b1a47fd944abbcb6bf2c5599d399 - - default default] Successfully bumped revision number for resource e093f4ce-e964-4790-9d89-dde8fefb9b25 (type: networks) to 1
2026-05-19 04:12:56.818 10 INFO neutron.db.ovn_revision_numbers_db [None req-1a3d5a4a-521e-4d9a-bf6b-ef713f2be79f f77b760cfffc4917925ca7502c2aaccd 35cb3bd5217649d8b8ad9932c17d036d - - default default] Successfully bumped revision number for resource e1fd1104-ef1f-4025-978e-3395242edc48 (type: security_groups) to 1
2026-05-19 04:12:56.832 10 INFO neutron.db.ovn_revision_numbers_db [None req-1a3d5a4a-521e-4d9a-bf6b-ef713f2be79f f77b760cfffc4917925ca7502c2aaccd 35cb3bd5217649d8b8ad9932c17d036d - - default default] Successfully bumped revision number for resource bcdd150c-f495-4a3e-bc7d-7141b0d8706b (type: security_group_rules) to 0
2026-05-19 04:12:56.845 10 INFO neutron.db.ovn_revision_numbers_db [None req-1a3d5a4a-521e-4d9a-bf6b-ef713f2be79f f77b760cfffc4917925ca7502c2aaccd 35cb3bd5217649d8b8ad9932c17d036d - - default default] Successfully bumped revision number for resource c0d18ab3-2239-4c52-b95c-2274a8286f28 (type: security_group_rules) to 0
2026-05-19 04:12:56.859 10 INFO neutron.db.ovn_revision_numbers_db [None req-1a3d5a4a-521e-4d9a-bf6b-ef713f2be79f f77b760cfffc4917925ca7502c2aaccd 35cb3bd5217649d8b8ad9932c17d036d - - default default] Successfully bumped revision number for resource dbdd5987-909e-453a-9408-3dead780b646 (type: security_group_rules) to 0
2026-05-19 04:12:56.866 9 WARNING neutron.scheduler.dhcp_agent_scheduler [None req-b1d91afb-7e5c-4f8d-a2b2-d077d1107965 1d5d19c3ef384213b31842e06b2d772a 7e33b1a47fd944abbcb6bf2c5599d399 - - default default] No more DHCP agents
2026-05-19 04:12:56.867 9 WARNING neutron.api.rpc.agentnotifiers.dhcp_rpc_agent_api [None req-b1d91afb-7e5c-4f8d-a2b2-d077d1107965 1d5d19c3ef384213b31842e06b2d772a 7e33b1a47fd944abbcb6bf2c5599d399 - - default default] Unable to schedule network e093f4ce-e964-4790-9d89-dde8fefb9b25: no agents available; will retry on subsequent port and subnet creation events.
2026-05-19 04:12:56.873 10 INFO neutron.db.ovn_revision_numbers_db [None req-1a3d5a4a-521e-4d9a-bf6b-ef713f2be79f f77b760cfffc4917925ca7502c2aaccd 35cb3bd5217649d8b8ad9932c17d036d - - default default] Successfully bumped revision number for resource fcef6173-b4b1-49f5-ae85-03303f469172 (type: security_group_rules) to 0
2026-05-19 04:12:56.916 10 INFO neutron.api.wsgi [None req-1a3d5a4a-521e-4d9a-bf6b-ef713f2be79f f77b760cfffc4917925ca7502c2aaccd 35cb3bd5217649d8b8ad9932c17d036d - - default default] 10.0.0.238 "GET /v2.0/security-groups?tenant_id=db6d75bf56db4ad6ac3341aa874cbd16&name=default HTTP/1.1" status: 200 len: 3120 time: 0.2152407
2026-05-19 04:12:56.939 9 INFO neutron.db.ovn_revision_numbers_db [None req-b1d91afb-7e5c-4f8d-a2b2-d077d1107965 1d5d19c3ef384213b31842e06b2d772a 7e33b1a47fd944abbcb6bf2c5599d399 - - default default] Successfully bumped revision number for resource 1af6920e-3245-4d48-b0b7-6098d68b9b13 (type: ports) to 1
2026-05-19 04:12:56.966 9 INFO neutron.api.wsgi [None req-b1d91afb-7e5c-4f8d-a2b2-d077d1107965 1d5d19c3ef384213b31842e06b2d772a 7e33b1a47fd944abbcb6bf2c5599d399 - - default default] 10.0.0.238 "POST /v2.0/networks HTTP/1.1" status: 201 len: 929 time: 0.4601080
2026-05-19 04:12:57.063 10 INFO neutron.api.wsgi [None req-e0b5d9c8-840e-4d48-bf0c-b77116fcafcd f77b760cfffc4917925ca7502c2aaccd 35cb3bd5217649d8b8ad9932c17d036d - - default default] 10.0.0.238 "GET /v2.0/security-groups?tenant_id=5125979d9bff4b60b8e8323277129abf&name=default HTTP/1.1" status: 200 len: 3120 time: 0.0386829
2026-05-19 04:12:57.115 10 WARNING neutron.scheduler.dhcp_agent_scheduler [None req-76e95b27-46b0-465d-ac82-0dbda7559dab 1d5d19c3ef384213b31842e06b2d772a 7e33b1a47fd944abbcb6bf2c5599d399 - - default default] No more DHCP agents
2026-05-19 04:12:57.116 10 WARNING neutron.api.rpc.agentnotifiers.dhcp_rpc_agent_api [None req-76e95b27-46b0-465d-ac82-0dbda7559dab 1d5d19c3ef384213b31842e06b2d772a 7e33b1a47fd944abbcb6bf2c5599d399 - - default default] Unable to schedule network e093f4ce-e964-4790-9d89-dde8fefb9b25: no agents available; will retry on subsequent port and subnet creation events.
2026-05-19 04:12:57.160 9 INFO neutron.api.wsgi [None req-987d43b8-de92-4e76-972d-f01f0b56fcb3 f77b760cfffc4917925ca7502c2aaccd 35cb3bd5217649d8b8ad9932c17d036d - - default default] 10.0.0.238 "DELETE /v2.0/security-groups/e1fd1104-ef1f-4025-978e-3395242edc48 HTTP/1.1" status: 204 len: 168 time: 0.2383313
2026-05-19 04:12:57.281 9 INFO neutron.api.wsgi [None req-8c5a08dc-9242-44da-aa2f-4c7c7bc9b4d6 f77b760cfffc4917925ca7502c2aaccd 35cb3bd5217649d8b8ad9932c17d036d - - default default] 10.0.0.238 "DELETE /v2.0/security-groups/b32d1f70-de9f-4f27-a841-2eb5770092cd HTTP/1.1" status: 204 len: 168 time: 0.2108369
2026-05-19 04:12:57.343 9 INFO neutron.services.segments.plugin [-] Segment 91d91221-db22-4f6f-9200-2dba6ca57431 resource provider aggregate not found
2026-05-19 04:12:57.350 9 INFO neutron.services.segments.plugin [-] Segment 91d91221-db22-4f6f-9200-2dba6ca57431 resource provider aggregate not found
2026-05-19 04:12:57.369 9 INFO neutron.services.segments.plugin [-] Segment 91d91221-db22-4f6f-9200-2dba6ca57431 resource provider not found; error: Placement Client Error (4xx): {"errors": [{"status": 404, "title": "Not Found", "detail": "The resource could not be found.\n\n No resource provider with uuid 91d91221-db22-4f6f-9200-2dba6ca57431 found for delete ", "request_id": "req-3e5dd3f6-0fe0-4562-b6bd-4f8c647754ef"}]}
2026-05-19 04:12:57.370 9 INFO neutron.services.segments.plugin [-] Segment 91d91221-db22-4f6f-9200-2dba6ca57431 resource provider not found; error: Placement Client Error (4xx): {"errors": [{"status": 404, "title": "Not Found", "detail": "The resource could not be found.\n\n No resource provider with uuid 91d91221-db22-4f6f-9200-2dba6ca57431 found for delete ", "request_id": "req-d6ea68a0-82c9-49e7-9f9e-0bf27c92ab05"}]}
2026-05-19 04:12:57.480 10 INFO neutron.api.wsgi [None req-5fe0006e-b7fa-46ab-a659-e69e55e205ad f77b760cfffc4917925ca7502c2aaccd 35cb3bd5217649d8b8ad9932c17d036d - - default default] 10.0.0.238 "GET /v2.0/security-groups?tenant_id=2da65ffe68b0426caf96ffc7769b2c39&name=default HTTP/1.1" status: 200 len: 3120 time: 0.0367751
2026-05-19 04:12:57.562 10 INFO neutron.db.ovn_revision_numbers_db [None req-27ac32af-fe29-473b-9b41-70e60197d453 - - - - - -] Successfully bumped revision number for resource 1af6920e-3245-4d48-b0b7-6098d68b9b13 (type: ports) to 2
2026-05-19 04:12:57.593 10 INFO neutron.db.ovn_revision_numbers_db [None req-27ac32af-fe29-473b-9b41-70e60197d453 - - - - - -] Successfully bumped revision number for resource 6abee333-93c2-4b7f-b02b-cbffc8bc36bb (type: subnets) to 0
2026-05-19 04:12:57.609 10 INFO neutron.api.wsgi [None req-76e95b27-46b0-465d-ac82-0dbda7559dab 1d5d19c3ef384213b31842e06b2d772a 7e33b1a47fd944abbcb6bf2c5599d399 - - default default] 10.0.0.238 "POST /v2.0/subnets HTTP/1.1" status: 201 len: 846 time: 0.6370158
2026-05-19 04:12:57.617 10 WARNING neutron.api.v2.base [None req-1ee8e06a-e9da-4f80-a35b-b34b074b924f 1d5d19c3ef384213b31842e06b2d772a 7e33b1a47fd944abbcb6bf2c5599d399 - - default default] An exception happened while processing the request body. The exception message is [Invalid input for target_tenant. Reason: '1234123412341234123412341234123412341234123412341234123412341234123412341234123412341234123412341234123412341234123412341234123412341234123412341234123412341234123412341234123412341234123412341234123412341234123412341234123412341234123412341234123412341234123412341234123412341234123412341234123412341234123412341234123412341234123412341234123412341234123412341234123412341234123412341234123412341234' exceeds maximum length of 255.].: webob.exc.HTTPBadRequest: Invalid input for target_tenant. Reason: '1234123412341234123412341234123412341234123412341234123412341234123412341234123412341234123412341234123412341234123412341234123412341234123412341234123412341234123412341234123412341234123412341234123412341234123412341234123412341234123412341234123412341234123412341234123412341234123412341234123412341234123412341234123412341234123412341234123412341234123412341234123412341234123412341234123412341234' exceeds maximum length of 255.
2026-05-19 04:12:57.617 10 INFO neutron.api.v2.resource [None req-1ee8e06a-e9da-4f80-a35b-b34b074b924f 1d5d19c3ef384213b31842e06b2d772a 7e33b1a47fd944abbcb6bf2c5599d399 - - default default] create failed (client error): Invalid input for target_tenant. Reason: '1234123412341234123412341234123412341234123412341234123412341234123412341234123412341234123412341234123412341234123412341234123412341234123412341234123412341234123412341234123412341234123412341234123412341234123412341234123412341234123412341234123412341234123412341234123412341234123412341234123412341234123412341234123412341234123412341234123412341234123412341234123412341234123412341234123412341234' exceeds maximum length of 255.
2026-05-19 04:12:57.618 10 INFO neutron.api.wsgi [None req-1ee8e06a-e9da-4f80-a35b-b34b074b924f 1d5d19c3ef384213b31842e06b2d772a 7e33b1a47fd944abbcb6bf2c5599d399 - - default default] 10.0.0.238 "POST /v2.0/rbac-policies HTTP/1.1" status: 400 len: 750 time: 0.0041494
2026-05-19 04:12:57.745 9 INFO neutron.api.wsgi [None req-35d1f689-7f68-4f96-a83b-c3ff1de3f955 f77b760cfffc4917925ca7502c2aaccd 35cb3bd5217649d8b8ad9932c17d036d - - default default] 10.0.0.238 "DELETE /v2.0/security-groups/cb1f601a-b880-4eda-851e-21f0fab37925 HTTP/1.1" status: 204 len: 168 time: 0.2588298
2026-05-19 04:12:57.770 9 INFO neutron.db.ovn_revision_numbers_db [None req-9d681f67-c906-4f62-9b0b-e6f05e3d3433 f77b760cfffc4917925ca7502c2aaccd 35cb3bd5217649d8b8ad9932c17d036d - - default default] Successfully bumped revision number for resource e21861b5-4dac-4eec-98f2-b28753666473 (type: security_groups) to 1
2026-05-19 04:12:57.790 9 INFO neutron.db.ovn_revision_numbers_db [None req-9d681f67-c906-4f62-9b0b-e6f05e3d3433 f77b760cfffc4917925ca7502c2aaccd 35cb3bd5217649d8b8ad9932c17d036d - - default default] Successfully bumped revision number for resource 372edb2d-eaf9-45f1-9251-5ace630abeb0 (type: security_group_rules) to 0
2026-05-19 04:12:57.807 9 INFO neutron.db.ovn_revision_numbers_db [None req-9d681f67-c906-4f62-9b0b-e6f05e3d3433 f77b760cfffc4917925ca7502c2aaccd 35cb3bd5217649d8b8ad9932c17d036d - - default default] Successfully bumped revision number for resource 74ecf349-3ac9-4e18-ad93-8468fe1baf9a (type: security_group_rules) to 0
2026-05-19 04:12:57.827 9 INFO neutron.db.ovn_revision_numbers_db [None req-9d681f67-c906-4f62-9b0b-e6f05e3d3433 f77b760cfffc4917925ca7502c2aaccd 35cb3bd5217649d8b8ad9932c17d036d - - default default] Successfully bumped revision number for resource 98bdb71a-54c4-4ba1-9e4d-b1b3b4a4ad34 (type: security_group_rules) to 0
2026-05-19 04:12:57.846 9 INFO neutron.db.ovn_revision_numbers_db [None req-9d681f67-c906-4f62-9b0b-e6f05e3d3433 f77b760cfffc4917925ca7502c2aaccd 35cb3bd5217649d8b8ad9932c17d036d - - default default] Successfully bumped revision number for resource d6670faa-9b4e-462c-8326-9fde0a76c54c (type: security_group_rules) to 0
2026-05-19 04:12:57.910 9 INFO neutron.api.wsgi [None req-9d681f67-c906-4f62-9b0b-e6f05e3d3433 f77b760cfffc4917925ca7502c2aaccd 35cb3bd5217649d8b8ad9932c17d036d - - default default] 10.0.0.238 "GET /v2.0/security-groups?tenant_id=9b326092a7e34cf7aa6091321e1fa599&name=default HTTP/1.1" status: 200 len: 3120 time: 0.5462453
2026-05-19 04:12:58.118 9 INFO neutron.api.wsgi [None req-b80c0193-7017-4547-a3bf-8c07f448b91f f77b760cfffc4917925ca7502c2aaccd 35cb3bd5217649d8b8ad9932c17d036d - - default default] 10.0.0.238 "DELETE /v2.0/security-groups/e21861b5-4dac-4eec-98f2-b28753666473 HTTP/1.1" status: 204 len: 168 time: 0.2041299
2026-05-19 04:12:58.130 9 INFO neutron.api.wsgi [None req-6b3270b1-efd9-44f7-9311-1328ffc91016 1d5d19c3ef384213b31842e06b2d772a 7e33b1a47fd944abbcb6bf2c5599d399 - - default default] 10.0.0.238 "DELETE /v2.0/networks/e093f4ce-e964-4790-9d89-dde8fefb9b25 HTTP/1.1" status: 204 len: 168 time: 0.5030603
2026-05-19 04:12:58.220 9 INFO neutron.db.segments_db [None req-12314dce-3923-4903-a27e-e61b0a209464 1d5d19c3ef384213b31842e06b2d772a 7e33b1a47fd944abbcb6bf2c5599d399 - - default default] Added segment f37d1da0-c436-4807-9536-409259a066bd of type geneve for network f21dfc91-3450-4599-8617-e00548f3d9b1
2026-05-19 04:12:58.321 9 INFO neutron.db.ovn_revision_numbers_db [None req-12314dce-3923-4903-a27e-e61b0a209464 1d5d19c3ef384213b31842e06b2d772a 7e33b1a47fd944abbcb6bf2c5599d399 - - default default] Successfully bumped revision number for resource f21dfc91-3450-4599-8617-e00548f3d9b1 (type: networks) to 1
2026-05-19 04:12:58.467 9 WARNING neutron.scheduler.dhcp_agent_scheduler [None req-12314dce-3923-4903-a27e-e61b0a209464 1d5d19c3ef384213b31842e06b2d772a 7e33b1a47fd944abbcb6bf2c5599d399 - - default default] No more DHCP agents
2026-05-19 04:12:58.468 9 WARNING neutron.api.rpc.agentnotifiers.dhcp_rpc_agent_api [None req-12314dce-3923-4903-a27e-e61b0a209464 1d5d19c3ef384213b31842e06b2d772a 7e33b1a47fd944abbcb6bf2c5599d399 - - default default] Unable to schedule network f21dfc91-3450-4599-8617-e00548f3d9b1: no agents available; will retry on subsequent port and subnet creation events.
2026-05-19 04:12:58.557 9 INFO neutron.db.ovn_revision_numbers_db [None req-12314dce-3923-4903-a27e-e61b0a209464 1d5d19c3ef384213b31842e06b2d772a 7e33b1a47fd944abbcb6bf2c5599d399 - - default default] Successfully bumped revision number for resource c7071efe-bde9-43ef-a047-198dc757d521 (type: ports) to 1
2026-05-19 04:12:58.578 9 INFO neutron.api.wsgi [None req-12314dce-3923-4903-a27e-e61b0a209464 1d5d19c3ef384213b31842e06b2d772a 7e33b1a47fd944abbcb6bf2c5599d399 - - default default] 10.0.0.238 "POST /v2.0/networks HTTP/1.1" status: 201 len: 928 time: 0.4424155
2026-05-19 04:12:58.713 9 WARNING neutron.scheduler.dhcp_agent_scheduler [None req-487e79fc-5ce9-4977-b4a1-f8586c8a9a40 1d5d19c3ef384213b31842e06b2d772a 7e33b1a47fd944abbcb6bf2c5599d399 - - default default] No more DHCP agents
2026-05-19 04:12:58.714 9 WARNING neutron.api.rpc.agentnotifiers.dhcp_rpc_agent_api [None req-487e79fc-5ce9-4977-b4a1-f8586c8a9a40 1d5d19c3ef384213b31842e06b2d772a 7e33b1a47fd944abbcb6bf2c5599d399 - - default default] Unable to schedule network f21dfc91-3450-4599-8617-e00548f3d9b1: no agents available; will retry on subsequent port and subnet creation events.
2026-05-19 04:12:59.162 9 INFO neutron.db.ovn_revision_numbers_db [None req-b0bc4693-ce9e-4eb3-b200-29d8637bfa45 - - - - - -] Successfully bumped revision number for resource c7071efe-bde9-43ef-a047-198dc757d521 (type: ports) to 2
2026-05-19 04:12:59.195 9 INFO neutron.db.ovn_revision_numbers_db [None req-b0bc4693-ce9e-4eb3-b200-29d8637bfa45 - - - - - -] Successfully bumped revision number for resource bfc4e602-b584-4ed2-88cd-0060c0a6e17e (type: subnets) to 0
2026-05-19 04:12:59.214 9 INFO neutron.api.wsgi [None req-487e79fc-5ce9-4977-b4a1-f8586c8a9a40 1d5d19c3ef384213b31842e06b2d772a 7e33b1a47fd944abbcb6bf2c5599d399 - - default default] 10.0.0.238 "POST /v2.0/subnets HTTP/1.1" status: 201 len: 846 time: 0.6314187
2026-05-19 04:12:59.397 9 INFO neutron.services.segments.plugin [-] Segment 08cb6140-afcb-45b8-bd89-6f6be82edfcb resource provider aggregate not found
2026-05-19 04:12:59.400 9 INFO neutron.services.segments.plugin [-] Segment 08cb6140-afcb-45b8-bd89-6f6be82edfcb resource provider aggregate not found
2026-05-19 04:12:59.415 9 INFO neutron.services.segments.plugin [-] Segment 08cb6140-afcb-45b8-bd89-6f6be82edfcb resource provider not found; error: Placement Client Error (4xx): {"errors": [{"status": 404, "title": "Not Found", "detail": "The resource could not be found.\n\n No resource provider with uuid 08cb6140-afcb-45b8-bd89-6f6be82edfcb found for delete ", "request_id": "req-09f1f05e-cda2-4573-bc65-0a9a73bd32fd"}]}
2026-05-19 04:12:59.422 9 INFO neutron.services.segments.plugin [-] Segment 08cb6140-afcb-45b8-bd89-6f6be82edfcb resource provider not found; error: Placement Client Error (4xx): {"errors": [{"status": 404, "title": "Not Found", "detail": "The resource could not be found.\n\n No resource provider with uuid 08cb6140-afcb-45b8-bd89-6f6be82edfcb found for delete ", "request_id": "req-ce2db82e-a25a-4e6b-a4e7-ebd754187133"}]}
2026-05-19 04:12:59.450 9 INFO neutron.api.wsgi [None req-9a2f1817-7707-4090-9a58-dd9b41c7efe0 1d5d19c3ef384213b31842e06b2d772a 7e33b1a47fd944abbcb6bf2c5599d399 - - default default] 10.0.0.238 "POST /v2.0/rbac-policies HTTP/1.1" status: 201 len: 523 time: 0.2298725
2026-05-19 04:13:00.044 9 INFO neutron.api.wsgi [None req-c1ef097e-97f3-48f5-8639-73a11b475752 55912f6419844f14985f519087edae5b daf257108cee49329dbd51f059323bcd - - default default] 10.0.0.238 "GET /v2.0/networks/f21dfc91-3450-4599-8617-e00548f3d9b1 HTTP/1.1" status: 200 len: 848 time: 0.2413273
2026-05-19 04:13:00.588 9 WARNING neutron_lib.context [None req-7d8fc538-e194-446a-81d1-664cbb6b0e0b 4d29bf57084244479ab91bc640e22d04 f4b17b3fa5b74d85b0c53684a7c4fc21 - - default default] Method 'is_advsvc' is deprecated since 2023.2 release (neutron-lib 3.8.0) and will be removed once support for the old RBAC API policies will be removed from Neutron. Please use method 'is_service_role' instead.
2026-05-19 04:13:00.601 9 INFO neutron.pecan_wsgi.hooks.translation [None req-720292bd-6822-4e42-95af-fa835ea5ba1d 126c4473f6204fc580bf1393d3969fdd 1f8074f5fea24f97b99b2766c2256cd2 - - default default] GET failed (client error): The resource could not be found.
2026-05-19 04:13:00.602 9 INFO neutron.api.wsgi [None req-720292bd-6822-4e42-95af-fa835ea5ba1d 126c4473f6204fc580bf1393d3969fdd 1f8074f5fea24f97b99b2766c2256cd2 - - default default] 10.0.0.238 "GET /v2.0/networks/f21dfc91-3450-4599-8617-e00548f3d9b1 HTTP/1.1" status: 404 len: 339 time: 0.2081254
2026-05-19 04:13:00.732 9 INFO neutron.db.ovn_revision_numbers_db [None req-7d8fc538-e194-446a-81d1-664cbb6b0e0b 4d29bf57084244479ab91bc640e22d04 f4b17b3fa5b74d85b0c53684a7c4fc21 - - default default] Successfully bumped revision number for resource 7073eb52-6d41-4d63-be87-e93c1a0ceb5f (type: security_groups) to 1
2026-05-19 04:13:00.753 9 INFO neutron.db.ovn_revision_numbers_db [None req-7d8fc538-e194-446a-81d1-664cbb6b0e0b 4d29bf57084244479ab91bc640e22d04 f4b17b3fa5b74d85b0c53684a7c4fc21 - - default default] Successfully bumped revision number for resource 7169a956-9643-4808-9014-91f2637686ff (type: security_group_rules) to 0
2026-05-19 04:13:00.770 9 INFO neutron.db.ovn_revision_numbers_db [None req-7d8fc538-e194-446a-81d1-664cbb6b0e0b 4d29bf57084244479ab91bc640e22d04 f4b17b3fa5b74d85b0c53684a7c4fc21 - - default default] Successfully bumped revision number for resource 8522b7ff-0701-4671-83f8-4abcba152c61 (type: security_group_rules) to 0
2026-05-19 04:13:00.783 9 INFO neutron.db.ovn_revision_numbers_db [None req-7d8fc538-e194-446a-81d1-664cbb6b0e0b 4d29bf57084244479ab91bc640e22d04 f4b17b3fa5b74d85b0c53684a7c4fc21 - - default default] Successfully bumped revision number for resource c65f4700-afc9-4725-8df1-4c5d3a061f03 (type: security_group_rules) to 0
2026-05-19 04:13:00.803 9 INFO neutron.db.ovn_revision_numbers_db [None req-7d8fc538-e194-446a-81d1-664cbb6b0e0b 4d29bf57084244479ab91bc640e22d04 f4b17b3fa5b74d85b0c53684a7c4fc21 - - default default] Successfully bumped revision number for resource e01afd2c-e02f-4f47-8504-79e4189b8f8a (type: security_group_rules) to 0
2026-05-19 04:13:00.874 9 INFO neutron.db.segments_db [None req-7d8fc538-e194-446a-81d1-664cbb6b0e0b 4d29bf57084244479ab91bc640e22d04 f4b17b3fa5b74d85b0c53684a7c4fc21 - - default default] Added segment a8f65f00-0cc2-48ce-8e00-e136af1fd9f8 of type geneve for network f0d86653-f2be-4087-8e64-b63b126a881d
2026-05-19 04:13:00.995 9 INFO neutron.db.ovn_revision_numbers_db [None req-7d8fc538-e194-446a-81d1-664cbb6b0e0b 4d29bf57084244479ab91bc640e22d04 f4b17b3fa5b74d85b0c53684a7c4fc21 - - default default] Successfully bumped revision number for resource f0d86653-f2be-4087-8e64-b63b126a881d (type: networks) to 1
2026-05-19 04:13:01.069 10 INFO neutron.services.segments.plugin [-] Segment f37d1da0-c436-4807-9536-409259a066bd resource provider aggregate not found
2026-05-19 04:13:01.073 10 INFO neutron.services.segments.plugin [-] Segment f37d1da0-c436-4807-9536-409259a066bd resource provider aggregate not found
2026-05-19 04:13:01.081 10 INFO neutron.services.segments.plugin [-] Segment f37d1da0-c436-4807-9536-409259a066bd resource provider not found; error: Placement Client Error (4xx): {"errors": [{"status": 404, "title": "Not Found", "detail": "The resource could not be found.\n\n No resource provider with uuid f37d1da0-c436-4807-9536-409259a066bd found for delete ", "request_id": "req-71acb22b-5ec9-4f07-8bf1-fcdf12174557"}]}
2026-05-19 04:13:01.089 10 INFO neutron.services.segments.plugin [-] Segment f37d1da0-c436-4807-9536-409259a066bd resource provider not found; error: Placement Client Error (4xx): {"errors": [{"status": 404, "title": "Not Found", "detail": "The resource could not be found.\n\n No resource provider with uuid f37d1da0-c436-4807-9536-409259a066bd found for delete ", "request_id": "req-c9ca551e-8950-471e-a1e4-a21a1a80eeb5"}]}
2026-05-19 04:13:01.117 10 INFO neutron.api.wsgi [None req-b5b60e41-3c78-4a7b-b592-c14bc792c9d3 1d5d19c3ef384213b31842e06b2d772a 7e33b1a47fd944abbcb6bf2c5599d399 - - default default] 10.0.0.238 "DELETE /v2.0/networks/f21dfc91-3450-4599-8617-e00548f3d9b1 HTTP/1.1" status: 204 len: 168 time: 0.5046601
2026-05-19 04:13:01.142 10 INFO neutron.pecan_wsgi.hooks.translation [None req-d36b231a-7f77-4f23-942b-ed1e5f5e5e14 1d5d19c3ef384213b31842e06b2d772a 7e33b1a47fd944abbcb6bf2c5599d399 - - default default] DELETE failed (client error): The resource could not be found.
2026-05-19 04:13:01.145 10 INFO neutron.api.wsgi [None req-d36b231a-7f77-4f23-942b-ed1e5f5e5e14 1d5d19c3ef384213b31842e06b2d772a 7e33b1a47fd944abbcb6bf2c5599d399 - - default default] 10.0.0.238 "DELETE /v2.0/subnets/bae49376-27ff-4a84-b4e8-d459053cd7ee HTTP/1.1" status: 404 len: 337 time: 0.0218930
2026-05-19 04:13:01.157 9 WARNING neutron.scheduler.dhcp_agent_scheduler [None req-7d8fc538-e194-446a-81d1-664cbb6b0e0b 4d29bf57084244479ab91bc640e22d04 f4b17b3fa5b74d85b0c53684a7c4fc21 - - default default] No more DHCP agents
2026-05-19 04:13:01.158 9 WARNING neutron.api.rpc.agentnotifiers.dhcp_rpc_agent_api [None req-7d8fc538-e194-446a-81d1-664cbb6b0e0b 4d29bf57084244479ab91bc640e22d04 f4b17b3fa5b74d85b0c53684a7c4fc21 - - default default] Unable to schedule network f0d86653-f2be-4087-8e64-b63b126a881d: no agents available; will retry on subsequent port and subnet creation events.
2026-05-19 04:13:01.160 10 INFO neutron.pecan_wsgi.hooks.translation [None req-58565020-7d2a-450d-b5ee-fce67271ac12 1d5d19c3ef384213b31842e06b2d772a 7e33b1a47fd944abbcb6bf2c5599d399 - - default default] DELETE failed (client error): The resource could not be found.
2026-05-19 04:13:01.162 10 INFO neutron.api.wsgi [None req-58565020-7d2a-450d-b5ee-fce67271ac12 1d5d19c3ef384213b31842e06b2d772a 7e33b1a47fd944abbcb6bf2c5599d399 - - default default] 10.0.0.238 "DELETE /v2.0/subnets/6abee333-93c2-4b7f-b02b-cbffc8bc36bb HTTP/1.1" status: 404 len: 337 time: 0.0116096
2026-05-19 04:13:01.179 9 INFO neutron.pecan_wsgi.hooks.translation [None req-5eaed5d4-6908-4317-b872-24efdc8e4c5e 1d5d19c3ef384213b31842e06b2d772a 7e33b1a47fd944abbcb6bf2c5599d399 - - default default] DELETE failed (client error): The resource could not be found.
2026-05-19 04:13:01.182 9 INFO neutron.api.wsgi [None req-5eaed5d4-6908-4317-b872-24efdc8e4c5e 1d5d19c3ef384213b31842e06b2d772a 7e33b1a47fd944abbcb6bf2c5599d399 - - default default] 10.0.0.238 "DELETE /v2.0/subnets/bfc4e602-b584-4ed2-88cd-0060c0a6e17e HTTP/1.1" status: 404 len: 337 time: 0.0150232
2026-05-19 04:13:01.228 9 INFO neutron.db.ovn_revision_numbers_db [None req-7d8fc538-e194-446a-81d1-664cbb6b0e0b 4d29bf57084244479ab91bc640e22d04 f4b17b3fa5b74d85b0c53684a7c4fc21 - - default default] Successfully bumped revision number for resource 0bba6aa4-d1fc-4d84-ac5d-bd1d836a48ba (type: ports) to 1
2026-05-19 04:13:01.249 9 INFO neutron.api.wsgi [None req-7d8fc538-e194-446a-81d1-664cbb6b0e0b 4d29bf57084244479ab91bc640e22d04 f4b17b3fa5b74d85b0c53684a7c4fc21 - - default default] 10.0.0.238 "POST /v2.0/networks HTTP/1.1" status: 201 len: 830 time: 0.8796480
2026-05-19 04:13:01.288 9 INFO neutron.api.wsgi [None req-c4af4b2a-c55b-400c-a7e8-970e4c284b08 4d29bf57084244479ab91bc640e22d04 f4b17b3fa5b74d85b0c53684a7c4fc21 - - default default] 10.0.0.238 "PUT /v2.0/networks/f0d86653-f2be-4087-8e64-b63b126a881d/tags HTTP/1.1" status: 200 len: 218 time: 0.0328822
2026-05-19 04:13:01.318 9 INFO neutron.api.wsgi [None req-65f55c92-d154-4d16-99ed-4d887f01ef8d 4d29bf57084244479ab91bc640e22d04 f4b17b3fa5b74d85b0c53684a7c4fc21 - - default default] 10.0.0.238 "GET /v2.0/networks/f0d86653-f2be-4087-8e64-b63b126a881d/tags HTTP/1.1" status: 200 len: 218 time: 0.0259585
2026-05-19 04:13:01.370 9 INFO neutron.api.wsgi [None req-9f24677b-bff6-41f3-bc13-78dc5980725b 4d29bf57084244479ab91bc640e22d04 f4b17b3fa5b74d85b0c53684a7c4fc21 - - default default] 10.0.0.238 "PUT /v2.0/networks/f0d86653-f2be-4087-8e64-b63b126a881d/tags/green HTTP/1.1" status: 201 len: 201 time: 0.0456707
2026-05-19 04:13:01.415 9 INFO neutron.api.wsgi [None req-258abbe7-dcd0-45d0-a165-890b46c54e07 4d29bf57084244479ab91bc640e22d04 f4b17b3fa5b74d85b0c53684a7c4fc21 - - default default] 10.0.0.238 "GET /v2.0/networks/f0d86653-f2be-4087-8e64-b63b126a881d/tags HTTP/1.1" status: 200 len: 227 time: 0.0400794
2026-05-19 04:13:01.455 10 INFO neutron.api.wsgi [None req-dd51f54d-0e17-4981-a0b6-8f6bd3f2e9f2 4d29bf57084244479ab91bc640e22d04 f4b17b3fa5b74d85b0c53684a7c4fc21 - - default default] 10.0.0.238 "PUT /v2.0/networks/f0d86653-f2be-4087-8e64-b63b126a881d/tags/red HTTP/1.1" status: 201 len: 201 time: 0.0319765
2026-05-19 04:13:01.463 9 WARNING neutron_lib.context [None req-8f215a0b-e201-4743-a241-0cf79f7e4a52 9a906eb24d564e6f8c9be148549a8dab e5aed8e0efce4606b8034d28907dfeaf - - default default] Method 'is_advsvc' is deprecated since 2023.2 release (neutron-lib 3.8.0) and will be removed once support for the old RBAC API policies will be removed from Neutron. Please use method 'is_service_role' instead.
2026-05-19 04:13:01.484 10 INFO neutron.api.wsgi [None req-5621c0be-00c2-45f2-93e5-3255f51f32cf 4d29bf57084244479ab91bc640e22d04 f4b17b3fa5b74d85b0c53684a7c4fc21 - - default default] 10.0.0.238 "GET /v2.0/networks/f0d86653-f2be-4087-8e64-b63b126a881d/tags HTTP/1.1" status: 200 len: 227 time: 0.0216842
2026-05-19 04:13:01.525 10 INFO neutron.api.wsgi [None req-6c31e421-0e06-45b1-8093-dcb12c09f16b 4d29bf57084244479ab91bc640e22d04 f4b17b3fa5b74d85b0c53684a7c4fc21 - - default default] 10.0.0.238 "PUT /v2.0/networks/f0d86653-f2be-4087-8e64-b63b126a881d/tags/black.or.white HTTP/1.1" status: 201 len: 201 time: 0.0350440
2026-05-19 04:13:01.574 10 INFO neutron.api.wsgi [None req-9602b532-93f0-483c-b73e-a3e480f7988c 4d29bf57084244479ab91bc640e22d04 f4b17b3fa5b74d85b0c53684a7c4fc21 - - default default] 10.0.0.238 "GET /v2.0/networks/f0d86653-f2be-4087-8e64-b63b126a881d/tags HTTP/1.1" status: 200 len: 245 time: 0.0347497
2026-05-19 04:13:01.617 10 INFO neutron.api.wsgi [None req-a6afd06f-d033-4eff-8200-17f86a50764a 4d29bf57084244479ab91bc640e22d04 f4b17b3fa5b74d85b0c53684a7c4fc21 - - default default] 10.0.0.238 "PUT /v2.0/networks/f0d86653-f2be-4087-8e64-b63b126a881d/tags HTTP/1.1" status: 200 len: 230 time: 0.0377994
2026-05-19 04:13:01.651 10 INFO neutron.api.wsgi [None req-660a679f-ff3b-4c5b-afa3-aff82d22c41f 4d29bf57084244479ab91bc640e22d04 f4b17b3fa5b74d85b0c53684a7c4fc21 - - default default] 10.0.0.238 "GET /v2.0/networks/f0d86653-f2be-4087-8e64-b63b126a881d/tags HTTP/1.1" status: 200 len: 230 time: 0.0287917
2026-05-19 04:13:01.679 10 INFO neutron.api.wsgi [None req-e1acd48d-23eb-4e2f-aec8-b39112e63e12 4d29bf57084244479ab91bc640e22d04 f4b17b3fa5b74d85b0c53684a7c4fc21 - - default default] 10.0.0.238 "GET /v2.0/networks/f0d86653-f2be-4087-8e64-b63b126a881d/tags/red HTTP/1.1" status: 204 len: 168 time: 0.0216684
2026-05-19 04:13:01.707 10 INFO neutron.api.v2.resource [None req-77c24374-debe-4b53-93c1-641f54edbcca 4d29bf57084244479ab91bc640e22d04 f4b17b3fa5b74d85b0c53684a7c4fc21 - - default default] show failed (client error): The resource could not be found.
2026-05-19 04:13:01.708 10 INFO neutron.api.wsgi [None req-77c24374-debe-4b53-93c1-641f54edbcca 4d29bf57084244479ab91bc640e22d04 f4b17b3fa5b74d85b0c53684a7c4fc21 - - default default] 10.0.0.238 "GET /v2.0/networks/f0d86653-f2be-4087-8e64-b63b126a881d/tags/green HTTP/1.1" status: 404 len: 299 time: 0.0237706
2026-05-19 04:13:01.713 9 WARNING neutron.scheduler.dhcp_agent_scheduler [None req-8f215a0b-e201-4743-a241-0cf79f7e4a52 9a906eb24d564e6f8c9be148549a8dab e5aed8e0efce4606b8034d28907dfeaf - - default default] No more DHCP agents
2026-05-19 04:13:01.715 9 WARNING neutron.api.rpc.agentnotifiers.dhcp_rpc_agent_api [None req-8f215a0b-e201-4743-a241-0cf79f7e4a52 9a906eb24d564e6f8c9be148549a8dab e5aed8e0efce4606b8034d28907dfeaf - - default default] Unable to schedule network 2488a5c5-3a77-416a-9b17-71dfc3b2bd90: no agents available; will retry on subsequent port and subnet creation events.
2026-05-19 04:13:01.757 10 INFO neutron.api.wsgi [None req-48a0ba76-effb-4917-96c0-873d622a7a73 4d29bf57084244479ab91bc640e22d04 f4b17b3fa5b74d85b0c53684a7c4fc21 - - default default] 10.0.0.238 "DELETE /v2.0/networks/f0d86653-f2be-4087-8e64-b63b126a881d/tags/red HTTP/1.1" status: 204 len: 168 time: 0.0409439
2026-05-19 04:13:01.791 9 INFO neutron.api.wsgi [None req-c1a15233-814d-43a0-baf1-51c7ce13be7d 4d29bf57084244479ab91bc640e22d04 f4b17b3fa5b74d85b0c53684a7c4fc21 - - default default] 10.0.0.238 "GET /v2.0/networks/f0d86653-f2be-4087-8e64-b63b126a881d/tags HTTP/1.1" status: 200 len: 223 time: 0.0299175
2026-05-19 04:13:01.837 9 INFO neutron.api.v2.resource [None req-f35cae02-2486-43fd-afd9-232ec63a0158 4d29bf57084244479ab91bc640e22d04 f4b17b3fa5b74d85b0c53684a7c4fc21 - - default default] delete failed (client error): The resource could not be found.
2026-05-19 04:13:01.838 9 INFO neutron.api.wsgi [None req-f35cae02-2486-43fd-afd9-232ec63a0158 4d29bf57084244479ab91bc640e22d04 f4b17b3fa5b74d85b0c53684a7c4fc21 - - default default] 10.0.0.238 "DELETE /v2.0/networks/f0d86653-f2be-4087-8e64-b63b126a881d/tags/green HTTP/1.1" status: 404 len: 299 time: 0.0392206
2026-05-19 04:13:01.891 10 INFO neutron.api.wsgi [None req-ca77a89b-471c-4eb6-b92b-4d9f48a54bc4 4d29bf57084244479ab91bc640e22d04 f4b17b3fa5b74d85b0c53684a7c4fc21 - - default default] 10.0.0.238 "DELETE /v2.0/networks/f0d86653-f2be-4087-8e64-b63b126a881d/tags HTTP/1.1" status: 204 len: 168 time: 0.0488112
2026-05-19 04:13:01.915 10 INFO neutron.api.wsgi [None req-622fe429-7f17-4f20-b7bf-5434a2b2aa00 4d29bf57084244479ab91bc640e22d04 f4b17b3fa5b74d85b0c53684a7c4fc21 - - default default] 10.0.0.238 "GET /v2.0/networks/f0d86653-f2be-4087-8e64-b63b126a881d/tags HTTP/1.1" status: 200 len: 205 time: 0.0199642
2026-05-19 04:13:02.031 9 INFO neutron.api.wsgi [None req-8f215a0b-e201-4743-a241-0cf79f7e4a52 9a906eb24d564e6f8c9be148549a8dab e5aed8e0efce4606b8034d28907dfeaf - - default default] 10.0.0.238 "POST /v2.0/floatingips HTTP/1.1" status: 201 len: 751 time: 0.8000236
2026-05-19 04:13:02.097 10 INFO neutron.api.wsgi [None req-f05fa0e8-00bc-4d62-bbff-6554e093c347 9a906eb24d564e6f8c9be148549a8dab e5aed8e0efce4606b8034d28907dfeaf - - default default] 10.0.0.238 "PUT /v2.0/floatingips/8581afa1-7e14-4965-b3d5-a83e5230aa1e/tags HTTP/1.1" status: 200 len: 218 time: 0.0604858
2026-05-19 04:13:02.124 10 INFO neutron.api.wsgi [None req-6e7c35fa-8098-40bd-8e47-7c73120b2e47 9a906eb24d564e6f8c9be148549a8dab e5aed8e0efce4606b8034d28907dfeaf - - default default] 10.0.0.238 "GET /v2.0/floatingips/8581afa1-7e14-4965-b3d5-a83e5230aa1e/tags HTTP/1.1" status: 200 len: 218 time: 0.0209014
