2026-05-19 04:11:40.005 10 INFO neutron.api.wsgi [None req-253c53ff-f456-47cc-ad5e-f9293bf7ca49 f77b760cfffc4917925ca7502c2aaccd 35cb3bd5217649d8b8ad9932c17d036d - - default default] 10.0.0.43 "GET /v2.0/subnets HTTP/1.1" status: 200 len: 4100 time: 0.0431576
2026-05-19 04:11:40.015 10 INFO neutron.db.ovn_revision_numbers_db [None req-aae09fca-b142-4edc-8058-49d6ab525255 75f88239368e4a26aedbcd7aa00660b5 c5645e1b55f74bcba0521746c8bd87cb - - default default] Successfully bumped revision number for resource cd666d14-968a-4243-a596-938806108b20 (type: router_ports) to 1
2026-05-19 04:11:40.020 10 INFO neutron.api.wsgi [None req-aae09fca-b142-4edc-8058-49d6ab525255 75f88239368e4a26aedbcd7aa00660b5 c5645e1b55f74bcba0521746c8bd87cb - - default default] 10.0.0.238 "PUT /v2.0/routers/5388061e-0781-41d3-b054-559f46178f9d/add_router_interface HTTP/1.1" status: 200 len: 503 time: 2.0056915
2026-05-19 04:11:40.023 10 INFO neutron.api.wsgi [None req-f2c7e82e-134e-47c6-a22b-639193c86e0a f77b760cfffc4917925ca7502c2aaccd 35cb3bd5217649d8b8ad9932c17d036d - - default default] 10.0.0.43 "GET /v2.0/subnetpools HTTP/1.1" status: 200 len: 193 time: 0.0127141
2026-05-19 04:11:40.054 10 INFO neutron.api.wsgi [None req-6e784985-c497-4ee3-a1a9-541e42391290 f77b760cfffc4917925ca7502c2aaccd 35cb3bd5217649d8b8ad9932c17d036d - - default default] 10.0.0.43 "GET /v2.0/subnets HTTP/1.1" status: 200 len: 4100 time: 0.0293622
2026-05-19 04:11:40.091 10 INFO neutron.db.ovn_revision_numbers_db [req-9b09a212-4d98-49af-9e2b-95ae06ca0a3e req-6df13064-82ca-49d3-85d3-dbd4c8bc4c19 c834e764410548f794cde0c82596473f e685a53ef7874751b59cb65199d00e90 - - 7ea3e3be34a04c748fa51567ef9afceb 7ea3e3be34a04c748fa51567ef9afceb] Successfully bumped revision number for resource e11504a0-07ae-49b1-a58d-e0736ea793ca (type: ports) to 4
2026-05-19 04:11:40.135 10 INFO neutron.api.wsgi [None req-b13c66a4-9363-47a6-9dd3-be27bb3f1737 f77b760cfffc4917925ca7502c2aaccd 35cb3bd5217649d8b8ad9932c17d036d - - default default] 10.0.0.43 "GET /v2.0/networks HTTP/1.1" status: 200 len: 5344 time: 0.0773387
2026-05-19 04:11:40.140 10 INFO neutron.api.wsgi [req-9b09a212-4d98-49af-9e2b-95ae06ca0a3e req-6df13064-82ca-49d3-85d3-dbd4c8bc4c19 c834e764410548f794cde0c82596473f e685a53ef7874751b59cb65199d00e90 - - 7ea3e3be34a04c748fa51567ef9afceb 7ea3e3be34a04c748fa51567ef9afceb] 199.19.213.225 "PUT /v2.0/ports/e11504a0-07ae-49b1-a58d-e0736ea793ca HTTP/1.1" status: 200 len: 1408 time: 0.8368151
2026-05-19 04:11:40.145 9 INFO neutron.api.wsgi [None req-4efd4d6c-f2d5-4530-b8f8-3da7f7d5907f 75f88239368e4a26aedbcd7aa00660b5 c5645e1b55f74bcba0521746c8bd87cb - - default default] 10.0.0.238 "GET /v2.0/ports/cd666d14-968a-4243-a596-938806108b20 HTTP/1.1" status: 200 len: 1137 time: 0.1168504
2026-05-19 04:11:40.147 9 INFO neutron.db.ovn_revision_numbers_db [None req-adf46a02-cf68-486b-a96b-c4f793cbaad6 1cd949b041da41f1b4a696d4609f95f1 6e7c7aeceb0c4928b2848b1743e7d884 - - default default] Successfully bumped revision number for resource 3b0374a5-79fc-4056-b7ef-f23b9aae9d81 (type: security_groups) to 1
2026-05-19 04:11:40.162 10 INFO neutron.api.wsgi [None req-3f68a6e6-a280-4fef-be72-9a4d55626583 f77b760cfffc4917925ca7502c2aaccd 35cb3bd5217649d8b8ad9932c17d036d - - default default] 10.0.0.43 "GET /v2.0/network-ip-availabilities HTTP/1.1" status: 200 len: 3035 time: 0.0189598
2026-05-19 04:11:40.172 9 INFO neutron.db.ovn_revision_numbers_db [None req-adf46a02-cf68-486b-a96b-c4f793cbaad6 1cd949b041da41f1b4a696d4609f95f1 6e7c7aeceb0c4928b2848b1743e7d884 - - default default] Successfully bumped revision number for resource 0d8d7b23-2ef2-48d8-8999-75b2f077be87 (type: security_group_rules) to 0
2026-05-19 04:11:40.187 9 INFO neutron.db.ovn_revision_numbers_db [None req-adf46a02-cf68-486b-a96b-c4f793cbaad6 1cd949b041da41f1b4a696d4609f95f1 6e7c7aeceb0c4928b2848b1743e7d884 - - default default] Successfully bumped revision number for resource 2ca663db-275a-4e28-ac31-ff34fe15a2d4 (type: security_group_rules) to 0
2026-05-19 04:11:40.188 10 INFO neutron.notifiers.nova [-] Nova event matching ['req-974f1e14-a7ef-40e5-8b26-63e7ba454553'] response: {'name': 'network-changed', 'server_uuid': '24f59c82-a99d-49af-939f-fc79c6a2a43b', 'tag': 'e11504a0-07ae-49b1-a58d-e0736ea793ca', 'status': 'completed', 'code': 200}
2026-05-19 04:11:40.201 9 INFO neutron.db.ovn_revision_numbers_db [None req-adf46a02-cf68-486b-a96b-c4f793cbaad6 1cd949b041da41f1b4a696d4609f95f1 6e7c7aeceb0c4928b2848b1743e7d884 - - default default] Successfully bumped revision number for resource 9f273d3b-4c22-4d0b-9748-a6d50646f0b2 (type: security_group_rules) to 0
2026-05-19 04:11:40.205 10 INFO neutron.api.wsgi [None req-c9b84ddb-8a60-4da2-99e9-b3bf027bf719 75f88239368e4a26aedbcd7aa00660b5 c5645e1b55f74bcba0521746c8bd87cb - - default default] 10.0.0.238 "GET /v2.0/ports/cd666d14-968a-4243-a596-938806108b20 HTTP/1.1" status: 200 len: 1137 time: 0.0523894
2026-05-19 04:11:40.213 10 INFO neutron.api.wsgi [req-0cf2ee10-811f-4483-8057-d3cc20f2b21e req-4fab3e14-5f49-404f-8df4-2f93c76c88f2 deba606f398642cc8fbfc09018e8cad3 f58c58a1ae174e17af741c2585469534 - - default default] 10.0.0.160 "GET /v2.0/ports?device_id=c6f88717-1a94-4d8b-b03b-c678d14a08e9 HTTP/1.1" status: 200 len: 1170 time: 0.0495336
2026-05-19 04:11:40.233 10 INFO neutron.api.wsgi [None req-ddc36694-8cba-4511-8c31-0fa38fe50ada f77b760cfffc4917925ca7502c2aaccd 35cb3bd5217649d8b8ad9932c17d036d - - default default] 10.0.0.43 "GET /v2.0/security-groups HTTP/1.1" status: 200 len: 39876 time: 0.0697134
2026-05-19 04:11:40.240 9 INFO neutron.db.ovn_revision_numbers_db [None req-adf46a02-cf68-486b-a96b-c4f793cbaad6 1cd949b041da41f1b4a696d4609f95f1 6e7c7aeceb0c4928b2848b1743e7d884 - - default default] Successfully bumped revision number for resource f6e4affd-660c-458b-bb12-5e65bcc1c8d4 (type: security_group_rules) to 0
2026-05-19 04:11:40.255 9 INFO neutron.db.ovn_revision_numbers_db [None req-e5264945-11a2-4c2a-9a22-e6002cf3dcac - - - - - -] Successfully bumped revision number for resource cd666d14-968a-4243-a596-938806108b20 (type: ports) to 2
2026-05-19 04:11:40.266 10 INFO neutron.api.wsgi [req-0cf2ee10-811f-4483-8057-d3cc20f2b21e req-f91fceaa-af76-44dd-a0e3-cb0891b2623b deba606f398642cc8fbfc09018e8cad3 f58c58a1ae174e17af741c2585469534 - - default default] 10.0.0.160 "GET /v2.0/security-groups?id=1dd70798-ec38-4188-bf07-108668cac136&fields=id&fields=name HTTP/1.1" status: 200 len: 313 time: 0.0487242
2026-05-19 04:11:40.276 10 INFO neutron.api.wsgi [None req-dc5fdac7-3109-4c6e-863c-0b259c1e7a62 f77b760cfffc4917925ca7502c2aaccd 35cb3bd5217649d8b8ad9932c17d036d - - default default] 10.0.0.43 "GET /v2.0/floatingips HTTP/1.1" status: 200 len: 1035 time: 0.0338712
2026-05-19 04:11:40.287 10 INFO neutron.api.wsgi [None req-9e3455bb-a3f3-46df-bac3-82f188a47bc8 f77b760cfffc4917925ca7502c2aaccd 35cb3bd5217649d8b8ad9932c17d036d - - default default] 10.0.0.43 "GET /v2.0/agents HTTP/1.1" status: 200 len: 1390 time: 0.0108140
2026-05-19 04:11:40.347 9 INFO neutron.db.segments_db [None req-adf46a02-cf68-486b-a96b-c4f793cbaad6 1cd949b041da41f1b4a696d4609f95f1 6e7c7aeceb0c4928b2848b1743e7d884 - - default default] Added segment 400747bf-896a-4c83-ad4f-b6a7efbcf351 of type geneve for network 126baf02-052f-4932-a456-d347e502578b
2026-05-19 04:11:40.361 10 INFO neutron.api.wsgi [None req-aa53ed9a-c0b2-4cea-995b-02273dca4f01 f77b760cfffc4917925ca7502c2aaccd 35cb3bd5217649d8b8ad9932c17d036d - - default default] 10.0.0.43 "GET /v2.0/ports HTTP/1.1" status: 200 len: 20604 time: 0.0728550
2026-05-19 04:11:40.486 9 INFO neutron.db.ovn_revision_numbers_db [None req-adf46a02-cf68-486b-a96b-c4f793cbaad6 1cd949b041da41f1b4a696d4609f95f1 6e7c7aeceb0c4928b2848b1743e7d884 - - default default] Successfully bumped revision number for resource 126baf02-052f-4932-a456-d347e502578b (type: networks) to 1
2026-05-19 04:11:40.653 10 INFO neutron.api.wsgi [req-8e5692cf-071a-4ae3-98ed-f60811cd2078 req-b2a577aa-6bfc-4f1b-a9a9-9e4d77b30314 deba606f398642cc8fbfc09018e8cad3 f58c58a1ae174e17af741c2585469534 - - default default] 199.19.213.225 "GET /v2.0/ports?device_id=c6f88717-1a94-4d8b-b03b-c678d14a08e9 HTTP/1.1" status: 200 len: 1170 time: 0.0475380
2026-05-19 04:11:40.687 9 WARNING neutron.scheduler.dhcp_agent_scheduler [None req-adf46a02-cf68-486b-a96b-c4f793cbaad6 1cd949b041da41f1b4a696d4609f95f1 6e7c7aeceb0c4928b2848b1743e7d884 - - default default] No more DHCP agents
2026-05-19 04:11:40.693 9 WARNING neutron.api.rpc.agentnotifiers.dhcp_rpc_agent_api [None req-adf46a02-cf68-486b-a96b-c4f793cbaad6 1cd949b041da41f1b4a696d4609f95f1 6e7c7aeceb0c4928b2848b1743e7d884 - - default default] Unable to schedule network 126baf02-052f-4932-a456-d347e502578b: no agents available; will retry on subsequent port and subnet creation events.
2026-05-19 04:11:40.750 10 INFO neutron.api.wsgi [req-1b4e4f05-e233-4db9-bffa-8592b50a97a1 req-a3de9d78-57c1-426d-8ce8-47b5f2d4493c c834e764410548f794cde0c82596473f e685a53ef7874751b59cb65199d00e90 - - 7ea3e3be34a04c748fa51567ef9afceb 7ea3e3be34a04c748fa51567ef9afceb] 199.19.213.225 "GET /v2.0/ports?tenant_id=c279476ac10f43508f4bfc5eaad257a2&device_id=24f59c82-a99d-49af-939f-fc79c6a2a43b HTTP/1.1" status: 200 len: 1411 time: 0.0573583
2026-05-19 04:11:40.769 9 INFO neutron.db.ovn_revision_numbers_db [None req-adf46a02-cf68-486b-a96b-c4f793cbaad6 1cd949b041da41f1b4a696d4609f95f1 6e7c7aeceb0c4928b2848b1743e7d884 - - default default] Successfully bumped revision number for resource 924eca47-a28b-42c9-ac9d-fef839f61f0f (type: ports) to 1
2026-05-19 04:11:40.797 9 INFO neutron.api.wsgi [None req-adf46a02-cf68-486b-a96b-c4f793cbaad6 1cd949b041da41f1b4a696d4609f95f1 6e7c7aeceb0c4928b2848b1743e7d884 - - default default] 10.0.0.238 "POST /v2.0/networks HTTP/1.1" status: 201 len: 832 time: 0.9481604
2026-05-19 04:11:40.815 9 WARNING neutron_lib.context [None req-fc96a5bd-8de9-4c92-9a4d-ca57eb906c62 1cd949b041da41f1b4a696d4609f95f1 6e7c7aeceb0c4928b2848b1743e7d884 - - default default] Method 'is_advsvc' is deprecated since 2023.2 release (neutron-lib 3.8.0) and will be removed once support for the old RBAC API policies will be removed from Neutron. Please use method 'is_service_role' instead.
2026-05-19 04:11:40.827 10 INFO neutron.api.wsgi [req-1b4e4f05-e233-4db9-bffa-8592b50a97a1 req-3c2e09fa-077f-4540-9734-5d023dfe03f2 c834e764410548f794cde0c82596473f e685a53ef7874751b59cb65199d00e90 - - 7ea3e3be34a04c748fa51567ef9afceb 7ea3e3be34a04c748fa51567ef9afceb] 199.19.213.225 "GET /v2.0/networks?tenant_id=c279476ac10f43508f4bfc5eaad257a2&shared=False HTTP/1.1" status: 200 len: 975 time: 0.0647955
2026-05-19 04:11:40.893 10 INFO neutron.api.wsgi [req-1b4e4f05-e233-4db9-bffa-8592b50a97a1 req-d3cb1e82-20b6-4366-9603-7543d59b0af6 c834e764410548f794cde0c82596473f e685a53ef7874751b59cb65199d00e90 - - 7ea3e3be34a04c748fa51567ef9afceb 7ea3e3be34a04c748fa51567ef9afceb] 199.19.213.225 "GET /v2.0/networks?shared=True HTTP/1.1" status: 200 len: 952 time: 0.0578694
2026-05-19 04:11:40.908 9 INFO neutron.db.segments_db [None req-fc96a5bd-8de9-4c92-9a4d-ca57eb906c62 1cd949b041da41f1b4a696d4609f95f1 6e7c7aeceb0c4928b2848b1743e7d884 - - default default] Added segment 8ea6d35f-6e0c-4cb8-8d0d-ec7ae1b97a53 of type geneve for network bb584464-92bf-409d-ba89-15c8e1086c52 /var/lib/openstack/lib/python3.12/site-packages/pycadf/identifier.py:71: UserWarning: Invalid uuid: neutron. To ensure interoperability, identifiers should be a valid uuid. warnings.warn(('Invalid uuid: %s. To ensure interoperability, '
2026-05-19 04:11:40.960 9 INFO neutron.api.wsgi [None req-889176ed-ca29-4652-892d-8be221240c64 75f88239368e4a26aedbcd7aa00660b5 c5645e1b55f74bcba0521746c8bd87cb - - default default] 10.0.0.238 "PUT /v2.0/routers/5388061e-0781-41d3-b054-559f46178f9d/remove_router_interface HTTP/1.1" status: 200 len: 503 time: 0.7487149
2026-05-19 04:11:40.981 9 INFO neutron.api.wsgi [req-087c03d4-74de-425d-870e-0aad11a3cf9a req-d1cca817-eb8b-4c87-bb80-7d472819ec30 4072e61311ff4249a15f4500f9fe840a c279476ac10f43508f4bfc5eaad257a2 - - default default] 10.0.0.160 "GET /v2.0/ports?device_id=24f59c82-a99d-49af-939f-fc79c6a2a43b HTTP/1.1" status: 200 len: 1172 time: 0.0454252
2026-05-19 04:11:41.044 9 INFO neutron.api.wsgi [req-087c03d4-74de-425d-870e-0aad11a3cf9a req-ea98fad6-f9c1-47fc-aaf5-2e0749e65f10 4072e61311ff4249a15f4500f9fe840a c279476ac10f43508f4bfc5eaad257a2 - - default default] 10.0.0.160 "GET /v2.0/security-groups?id=aa3a704e-0cad-474d-b1e9-72ce0d04094d&fields=id&fields=name HTTP/1.1" status: 200 len: 286 time: 0.0555263
2026-05-19 04:11:41.059 10 INFO neutron.db.l3_db [req-8e5692cf-071a-4ae3-98ed-f60811cd2078 req-659b58f5-5c95-43a5-8ff2-1289cc127ad9 deba606f398642cc8fbfc09018e8cad3 f58c58a1ae174e17af741c2585469534 - - default default] Floating IP eccfb41a-235a-4ba0-ad41-e2e05df9967b disassociated. External IP: 10.96.250.217, port: 0be79b4c-6eeb-496d-bf17-b80c25c8a702.
2026-05-19 04:11:41.081 10 INFO neutron.api.wsgi [None req-c4121227-dff7-4029-9b0e-4f66fddd9c62 75f88239368e4a26aedbcd7aa00660b5 c5645e1b55f74bcba0521746c8bd87cb - - default default] 10.0.0.238 "GET /v2.0/ports/4beca252-e51e-42a7-b9b4-0c48cd50c962 HTTP/1.1" status: 200 len: 1137 time: 0.1156549
2026-05-19 04:11:41.097 9 INFO neutron.db.ovn_revision_numbers_db [None req-fc96a5bd-8de9-4c92-9a4d-ca57eb906c62 1cd949b041da41f1b4a696d4609f95f1 6e7c7aeceb0c4928b2848b1743e7d884 - - default default] Successfully bumped revision number for resource bb584464-92bf-409d-ba89-15c8e1086c52 (type: networks) to 1
2026-05-19 04:11:41.200 10 INFO neutron.api.wsgi [req-8e5692cf-071a-4ae3-98ed-f60811cd2078 req-659b58f5-5c95-43a5-8ff2-1289cc127ad9 deba606f398642cc8fbfc09018e8cad3 f58c58a1ae174e17af741c2585469534 - - default default] 199.19.213.225 "DELETE /v2.0/ports/0be79b4c-6eeb-496d-bf17-b80c25c8a702 HTTP/1.1" status: 204 len: 173 time: 0.5387049
2026-05-19 04:11:41.327 9 WARNING neutron.scheduler.dhcp_agent_scheduler [None req-fc96a5bd-8de9-4c92-9a4d-ca57eb906c62 1cd949b041da41f1b4a696d4609f95f1 6e7c7aeceb0c4928b2848b1743e7d884 - - default default] No more DHCP agents
2026-05-19 04:11:41.329 9 WARNING neutron.api.rpc.agentnotifiers.dhcp_rpc_agent_api [None req-fc96a5bd-8de9-4c92-9a4d-ca57eb906c62 1cd949b041da41f1b4a696d4609f95f1 6e7c7aeceb0c4928b2848b1743e7d884 - - default default] Unable to schedule network bb584464-92bf-409d-ba89-15c8e1086c52: no agents available; will retry on subsequent port and subnet creation events.
2026-05-19 04:11:41.353 10 INFO neutron.api.wsgi [req-57f06125-586e-4c1d-a9f5-c73e2f48aee4 req-4dee9a49-b937-4e15-9383-772f556d499e deba606f398642cc8fbfc09018e8cad3 f58c58a1ae174e17af741c2585469534 - - default default] 10.0.0.160 "GET /v2.0/ports?device_id=c6f88717-1a94-4d8b-b03b-c678d14a08e9 HTTP/1.1" status: 200 len: 210 time: 0.0197923
2026-05-19 04:11:41.410 9 INFO neutron.db.ovn_revision_numbers_db [None req-fc96a5bd-8de9-4c92-9a4d-ca57eb906c62 1cd949b041da41f1b4a696d4609f95f1 6e7c7aeceb0c4928b2848b1743e7d884 - - default default] Successfully bumped revision number for resource 47386ecf-96f0-4fb8-b993-115796be8269 (type: ports) to 1
2026-05-19 04:11:41.438 9 INFO neutron.api.wsgi [None req-fc96a5bd-8de9-4c92-9a4d-ca57eb906c62 1cd949b041da41f1b4a696d4609f95f1 6e7c7aeceb0c4928b2848b1743e7d884 - - default default] 10.0.0.238 "POST /v2.0/networks HTTP/1.1" status: 201 len: 832 time: 0.6265135
2026-05-19 04:11:41.447 10 WARNING neutron_lib.context [None req-c680c3da-0566-4b1c-8557-2b564a7f6260 1cd949b041da41f1b4a696d4609f95f1 6e7c7aeceb0c4928b2848b1743e7d884 - - default default] Method 'is_advsvc' is deprecated since 2023.2 release (neutron-lib 3.8.0) and will be removed once support for the old RBAC API policies will be removed from Neutron. Please use method 'is_service_role' instead.
2026-05-19 04:11:41.636 10 WARNING neutron.scheduler.dhcp_agent_scheduler [None req-c680c3da-0566-4b1c-8557-2b564a7f6260 1cd949b041da41f1b4a696d4609f95f1 6e7c7aeceb0c4928b2848b1743e7d884 - - default default] No more DHCP agents
2026-05-19 04:11:41.637 10 WARNING neutron.api.rpc.agentnotifiers.dhcp_rpc_agent_api [None req-c680c3da-0566-4b1c-8557-2b564a7f6260 1cd949b041da41f1b4a696d4609f95f1 6e7c7aeceb0c4928b2848b1743e7d884 - - default default] Unable to schedule network 126baf02-052f-4932-a456-d347e502578b: no agents available; will retry on subsequent port and subnet creation events.
2026-05-19 04:11:41.661 10 INFO neutron.db.ovn_revision_numbers_db [None req-c680c3da-0566-4b1c-8557-2b564a7f6260 1cd949b041da41f1b4a696d4609f95f1 6e7c7aeceb0c4928b2848b1743e7d884 - - default default] Successfully bumped revision number for resource 91eecc4c-b3de-4b9c-9c44-800c06c93377 (type: subnets) to 0
2026-05-19 04:11:41.673 10 INFO neutron.api.wsgi [None req-c680c3da-0566-4b1c-8557-2b564a7f6260 1cd949b041da41f1b4a696d4609f95f1 6e7c7aeceb0c4928b2848b1743e7d884 - - default default] 10.0.0.238 "POST /v2.0/subnets HTTP/1.1" status: 201 len: 845 time: 0.2316782
2026-05-19 04:11:41.681 10 WARNING neutron_lib.context [None req-a32b3d65-6f1f-4d30-a8e9-3ac0a86dff5d 1cd949b041da41f1b4a696d4609f95f1 6e7c7aeceb0c4928b2848b1743e7d884 - - default default] Method 'is_advsvc' is deprecated since 2023.2 release (neutron-lib 3.8.0) and will be removed once support for the old RBAC API policies will be removed from Neutron. Please use method 'is_service_role' instead.
2026-05-19 04:11:41.733 9 INFO neutron.api.wsgi [None req-3e8855fb-d334-4c78-855f-7fe8bca96088 75f88239368e4a26aedbcd7aa00660b5 c5645e1b55f74bcba0521746c8bd87cb - - default default] 10.0.0.238 "PUT /v2.0/routers/5388061e-0781-41d3-b054-559f46178f9d/remove_router_interface HTTP/1.1" status: 200 len: 503 time: 0.6442642
2026-05-19 04:11:41.751 10 INFO neutron.api.wsgi [None req-bc9c4b6a-1a73-4171-a853-ce131f921f0d 75f88239368e4a26aedbcd7aa00660b5 c5645e1b55f74bcba0521746c8bd87cb - - default default] 10.0.0.238 "GET /v2.0/ports?device_id=5388061e-0781-41d3-b054-559f46178f9d HTTP/1.1" status: 200 len: 205 time: 0.0126514 /var/lib/openstack/lib/python3.12/site-packages/pycadf/identifier.py:71: UserWarning: Invalid uuid: neutron. To ensure interoperability, identifiers should be a valid uuid. warnings.warn(('Invalid uuid: %s. To ensure interoperability, '
2026-05-19 04:11:41.853 10 WARNING neutron.scheduler.dhcp_agent_scheduler [None req-a32b3d65-6f1f-4d30-a8e9-3ac0a86dff5d 1cd949b041da41f1b4a696d4609f95f1 6e7c7aeceb0c4928b2848b1743e7d884 - - default default] No more DHCP agents
2026-05-19 04:11:41.855 10 WARNING neutron.api.rpc.agentnotifiers.dhcp_rpc_agent_api [None req-a32b3d65-6f1f-4d30-a8e9-3ac0a86dff5d 1cd949b041da41f1b4a696d4609f95f1 6e7c7aeceb0c4928b2848b1743e7d884 - - default default] Unable to schedule network bb584464-92bf-409d-ba89-15c8e1086c52: no agents available; will retry on subsequent port and subnet creation events.
2026-05-19 04:11:41.880 10 INFO neutron.db.ovn_revision_numbers_db [None req-a32b3d65-6f1f-4d30-a8e9-3ac0a86dff5d 1cd949b041da41f1b4a696d4609f95f1 6e7c7aeceb0c4928b2848b1743e7d884 - - default default] Successfully bumped revision number for resource 3e0d74be-b976-46d7-809d-a16ea9154336 (type: subnets) to 0
2026-05-19 04:11:41.892 10 INFO neutron.api.wsgi [None req-a32b3d65-6f1f-4d30-a8e9-3ac0a86dff5d 1cd949b041da41f1b4a696d4609f95f1 6e7c7aeceb0c4928b2848b1743e7d884 - - default default] 10.0.0.238 "POST /v2.0/subnets HTTP/1.1" status: 201 len: 854 time: 0.2151113
2026-05-19 04:11:41.909 9 WARNING neutron_lib.context [None req-bcb3a4fc-0a43-4aa7-89e7-e81fe02b22f1 1cd949b041da41f1b4a696d4609f95f1 6e7c7aeceb0c4928b2848b1743e7d884 - - default default] Method 'is_advsvc' is deprecated since 2023.2 release (neutron-lib 3.8.0) and will be removed once support for the old RBAC API policies will be removed from Neutron. Please use method 'is_service_role' instead.
2026-05-19 04:11:41.936 10 INFO neutron.api.wsgi [req-9b09a212-4d98-49af-9e2b-95ae06ca0a3e req-00ce7cca-5b3c-4f5a-a02d-24e50b94b64b c834e764410548f794cde0c82596473f e685a53ef7874751b59cb65199d00e90 - - 7ea3e3be34a04c748fa51567ef9afceb 7ea3e3be34a04c748fa51567ef9afceb] 199.19.213.225 "GET /v2.0/ports?tenant_id=c279476ac10f43508f4bfc5eaad257a2&device_id=24f59c82-a99d-49af-939f-fc79c6a2a43b HTTP/1.1" status: 200 len: 1411 time: 0.0320003
2026-05-19 04:11:41.938 9 INFO neutron.api.wsgi [None req-4945e830-b097-44d0-aada-32d4dedc29bf 75f88239368e4a26aedbcd7aa00660b5 c5645e1b55f74bcba0521746c8bd87cb - - default default] 10.0.0.238 "DELETE /v2.0/routers/5388061e-0781-41d3-b054-559f46178f9d HTTP/1.1" status: 204 len: 168 time: 0.1821325
2026-05-19 04:11:41.955 10 INFO neutron.api.wsgi [req-9b09a212-4d98-49af-9e2b-95ae06ca0a3e req-350a63cd-835c-486f-acfa-040489c062c7 c834e764410548f794cde0c82596473f e685a53ef7874751b59cb65199d00e90 - - 7ea3e3be34a04c748fa51567ef9afceb 7ea3e3be34a04c748fa51567ef9afceb] 199.19.213.225 "GET /v2.0/floatingips?fixed_ip_address=10.100.0.11&port_id=e11504a0-07ae-49b1-a58d-e0736ea793ca HTTP/1.1" status: 200 len: 217 time: 0.0137033
2026-05-19 04:11:41.981 10 INFO neutron.api.wsgi [req-9b09a212-4d98-49af-9e2b-95ae06ca0a3e req-a9bb99e7-43f7-4cac-8987-a3583c1c519f c834e764410548f794cde0c82596473f e685a53ef7874751b59cb65199d00e90 - - 7ea3e3be34a04c748fa51567ef9afceb 7ea3e3be34a04c748fa51567ef9afceb] 199.19.213.225 "GET /v2.0/subnets?id=535abeb3-2d04-4094-b680-8c90b4921a2e HTTP/1.1" status: 200 len: 895 time: 0.0202014
2026-05-19 04:11:42.000 10 INFO neutron.api.wsgi [req-9b09a212-4d98-49af-9e2b-95ae06ca0a3e req-f4975f42-4fcb-40a2-a0ac-e76d74199ebc c834e764410548f794cde0c82596473f e685a53ef7874751b59cb65199d00e90 - - 7ea3e3be34a04c748fa51567ef9afceb 7ea3e3be34a04c748fa51567ef9afceb] 199.19.213.225 "GET /v2.0/ports?network_id=24485fa1-e734-4dfc-b101-acbbbdba81b9&device_owner=network%3Adhcp HTTP/1.1" status: 200 len: 210 time: 0.0153618
2026-05-19 04:11:42.011 9 INFO neutron.db.ovn_revision_numbers_db [None req-bcb3a4fc-0a43-4aa7-89e7-e81fe02b22f1 1cd949b041da41f1b4a696d4609f95f1 6e7c7aeceb0c4928b2848b1743e7d884 - - default default] Successfully bumped revision number for resource 8e60e48b-360c-408d-bea1-08eb793bd346 (type: routers) to 1
2026-05-19 04:11:42.025 9 INFO neutron.api.wsgi [None req-bcb3a4fc-0a43-4aa7-89e7-e81fe02b22f1 1cd949b041da41f1b4a696d4609f95f1 6e7c7aeceb0c4928b2848b1743e7d884 - - default default] 10.0.0.238 "POST /v2.0/routers HTTP/1.1" status: 201 len: 805 time: 0.1270461
2026-05-19 04:11:42.042 10 INFO neutron.api.wsgi [req-9b09a212-4d98-49af-9e2b-95ae06ca0a3e req-0fd544aa-6c9d-453d-ac1d-cfd5a312b209 c834e764410548f794cde0c82596473f e685a53ef7874751b59cb65199d00e90 - - 7ea3e3be34a04c748fa51567ef9afceb 7ea3e3be34a04c748fa51567ef9afceb] 199.19.213.225 "GET /v2.0/networks/24485fa1-e734-4dfc-b101-acbbbdba81b9?fields=segments HTTP/1.1" status: 200 len: 212 time: 0.0367694
2026-05-19 04:11:42.090 10 INFO neutron.api.wsgi [req-9b09a212-4d98-49af-9e2b-95ae06ca0a3e req-9ccbbb26-1dd1-4104-aafb-a5cbc1ca9ca5 c834e764410548f794cde0c82596473f e685a53ef7874751b59cb65199d00e90 - - 7ea3e3be34a04c748fa51567ef9afceb 7ea3e3be34a04c748fa51567ef9afceb] 199.19.213.225 "GET /v2.0/networks/24485fa1-e734-4dfc-b101-acbbbdba81b9?fields=provider%3Aphysical_network&fields=provider%3Anetwork_type HTTP/1.1" status: 200 len: 277 time: 0.0413108
2026-05-19 04:11:42.178 10 INFO neutron.api.wsgi [req-aea5f4a1-918b-45da-be66-32002ba5155e req-63191f8f-aead-4fbe-8535-22f64ec8571a 4072e61311ff4249a15f4500f9fe840a c279476ac10f43508f4bfc5eaad257a2 - - default default] 10.0.0.160 "GET /v2.0/ports?device_id=24f59c82-a99d-49af-939f-fc79c6a2a43b HTTP/1.1" status: 200 len: 1172 time: 0.0705910
2026-05-19 04:11:42.216 10 INFO neutron.notifiers.nova [-] Nova event matching ['req-7947e743-2ebf-4520-ab89-b737425cf0a7'] response: {'server_uuid': 'c6f88717-1a94-4d8b-b03b-c678d14a08e9', 'name': 'network-vif-deleted', 'tag': '0be79b4c-6eeb-496d-bf17-b80c25c8a702', 'status': 'completed', 'code': 200}
2026-05-19 04:11:42.219 10 INFO neutron.api.wsgi [req-aea5f4a1-918b-45da-be66-32002ba5155e req-06d4960c-33b2-4df1-a745-aaafa705d248 4072e61311ff4249a15f4500f9fe840a c279476ac10f43508f4bfc5eaad257a2 - - default default] 10.0.0.160 "GET /v2.0/security-groups?id=aa3a704e-0cad-474d-b1e9-72ce0d04094d&fields=id&fields=name HTTP/1.1" status: 200 len: 286 time: 0.0348241
2026-05-19 04:11:42.379 9 INFO neutron.api.wsgi [None req-aa4a1502-b64b-4b40-b786-ab0b881550fe 75f88239368e4a26aedbcd7aa00660b5 c5645e1b55f74bcba0521746c8bd87cb - - default default] 10.0.0.238 "DELETE /v2.0/subnets/d6f68373-870e-47ff-a9a7-b819d5f0eea0 HTTP/1.1" status: 204 len: 168 time: 0.4362421
2026-05-19 04:11:42.454 9 INFO neutron.api.wsgi [req-51529aa0-3f2f-4349-aa06-e490b73908f9 req-c39669b4-9eea-4dc5-860f-d4f67eaebe60 deba606f398642cc8fbfc09018e8cad3 f58c58a1ae174e17af741c2585469534 - - default default] 10.0.0.160 "GET /v2.0/ports?device_id=c6f88717-1a94-4d8b-b03b-c678d14a08e9 HTTP/1.1" status: 200 len: 210 time: 0.0189619
2026-05-19 04:11:42.546 10 INFO neutron.api.wsgi [None req-a95ea944-c322-4c95-9d32-c60b0da0599d 75f88239368e4a26aedbcd7aa00660b5 c5645e1b55f74bcba0521746c8bd87cb - - default default] 10.0.0.238 "DELETE /v2.0/subnets/454b3daa-ef6a-41f3-9251-666aba3f38c7 HTTP/1.1" status: 204 len: 168 time: 0.1601675
2026-05-19 04:11:42.594 9 WARNING neutron.scheduler.dhcp_agent_scheduler [None req-40e5c25f-f06e-4b22-9444-3740a21f8692 1cd949b041da41f1b4a696d4609f95f1 6e7c7aeceb0c4928b2848b1743e7d884 - - default default] No more DHCP agents
2026-05-19 04:11:42.595 9 WARNING neutron.api.rpc.agentnotifiers.dhcp_rpc_agent_api [None req-40e5c25f-f06e-4b22-9444-3740a21f8692 1cd949b041da41f1b4a696d4609f95f1 6e7c7aeceb0c4928b2848b1743e7d884 - - default default] Unable to schedule network 126baf02-052f-4932-a456-d347e502578b: no agents available; will retry on subsequent port and subnet creation events.
2026-05-19 04:11:42.689 9 INFO neutron.db.ovn_revision_numbers_db [None req-40e5c25f-f06e-4b22-9444-3740a21f8692 1cd949b041da41f1b4a696d4609f95f1 6e7c7aeceb0c4928b2848b1743e7d884 - - default default] Successfully bumped revision number for resource 6e50e716-58e9-4e03-a0ea-e3dc3e372f71 (type: ports) to 1
2026-05-19 04:11:42.832 10 INFO neutron.services.segments.plugin [-] Segment d40ac017-f8b1-46ce-9170-a378723a3e21 resource provider aggregate not found
2026-05-19 04:11:42.835 10 INFO neutron.services.segments.plugin [-] Segment d40ac017-f8b1-46ce-9170-a378723a3e21 resource provider aggregate not found
2026-05-19 04:11:42.844 10 INFO neutron.services.segments.plugin [-] Segment d40ac017-f8b1-46ce-9170-a378723a3e21 resource provider not found; error: Placement Client Error (4xx): {"errors": [{"status": 404, "title": "Not Found", "detail": "The resource could not be found.\n\n No resource provider with uuid d40ac017-f8b1-46ce-9170-a378723a3e21 found for delete ", "request_id": "req-4ae09481-4a1e-4141-afcb-5361069901f7"}]}
2026-05-19 04:11:42.848 10 INFO neutron.services.segments.plugin [-] Segment d40ac017-f8b1-46ce-9170-a378723a3e21 resource provider not found; error: Placement Client Error (4xx): {"errors": [{"status": 404, "title": "Not Found", "detail": "The resource could not be found.\n\n No resource provider with uuid d40ac017-f8b1-46ce-9170-a378723a3e21 found for delete ", "request_id": "req-fb70767f-b667-4903-beb2-fb774e0a5734"}]}
2026-05-19 04:11:42.869 10 INFO neutron.api.wsgi [None req-a1fd04be-c566-41c2-8161-4e0537c9e126 75f88239368e4a26aedbcd7aa00660b5 c5645e1b55f74bcba0521746c8bd87cb - - default default] 10.0.0.238 "DELETE /v2.0/networks/b9704111-30aa-4302-aedc-afd495c6aed7 HTTP/1.1" status: 204 len: 168 time: 0.3177669
2026-05-19 04:11:43.139 9 INFO neutron.db.ovn_revision_numbers_db [None req-40e5c25f-f06e-4b22-9444-3740a21f8692 1cd949b041da41f1b4a696d4609f95f1 6e7c7aeceb0c4928b2848b1743e7d884 - - default default] Successfully bumped revision number for resource 6e50e716-58e9-4e03-a0ea-e3dc3e372f71 (type: ports) to 1
2026-05-19 04:11:43.161 10 INFO neutron.api.wsgi [None req-dd3883dc-84e3-48d5-a1f9-2648dcc698a4 75f88239368e4a26aedbcd7aa00660b5 c5645e1b55f74bcba0521746c8bd87cb - - default default] 10.0.0.238 "DELETE /v2.0/networks/5f58b81d-03ac-439d-aa24-ca6aff3a15e0 HTTP/1.1" status: 204 len: 168 time: 0.2882247
2026-05-19 04:11:43.169 10 WARNING neutron_lib.context [None req-344503fc-ebc5-47b8-b7fa-e5c2119ed5a1 75f88239368e4a26aedbcd7aa00660b5 c5645e1b55f74bcba0521746c8bd87cb - - default default] Method 'is_advsvc' is deprecated since 2023.2 release (neutron-lib 3.8.0) and will be removed once support for the old RBAC API policies will be removed from Neutron. Please use method 'is_service_role' instead.
2026-05-19 04:11:43.196 9 WARNING neutron.scheduler.dhcp_agent_scheduler [None req-40e5c25f-f06e-4b22-9444-3740a21f8692 1cd949b041da41f1b4a696d4609f95f1 6e7c7aeceb0c4928b2848b1743e7d884 - - default default] No more DHCP agents
2026-05-19 04:11:43.197 9 WARNING neutron.api.rpc.agentnotifiers.dhcp_rpc_agent_api [None req-40e5c25f-f06e-4b22-9444-3740a21f8692 1cd949b041da41f1b4a696d4609f95f1 6e7c7aeceb0c4928b2848b1743e7d884 - - default default] Unable to schedule network 126baf02-052f-4932-a456-d347e502578b: no agents available; will retry on subsequent port and subnet creation events.
2026-05-19 04:11:43.251 10 INFO neutron.db.segments_db [None req-344503fc-ebc5-47b8-b7fa-e5c2119ed5a1 75f88239368e4a26aedbcd7aa00660b5 c5645e1b55f74bcba0521746c8bd87cb - - default default] Added segment 9da62ce6-ae9b-4630-9441-bd7042c3d887 of type geneve for network 68e119ba-d445-4a0a-a604-49526be6a181
2026-05-19 04:11:43.327 10 INFO neutron.api.wsgi [req-3cb74c69-e5a6-4caa-98e9-b0cadaa60463 req-4d7d9367-5ede-449b-bb0c-f354cf2f0158 4072e61311ff4249a15f4500f9fe840a c279476ac10f43508f4bfc5eaad257a2 - - default default] 10.0.0.160 "GET /v2.0/ports?device_id=24f59c82-a99d-49af-939f-fc79c6a2a43b HTTP/1.1" status: 200 len: 1172 time: 0.0384037
2026-05-19 04:11:43.412 10 INFO neutron.api.wsgi [req-3cb74c69-e5a6-4caa-98e9-b0cadaa60463 req-29cbb53c-111a-4362-9457-b147bdb7ecef 4072e61311ff4249a15f4500f9fe840a c279476ac10f43508f4bfc5eaad257a2 - - default default] 10.0.0.160 "GET /v2.0/security-groups?id=aa3a704e-0cad-474d-b1e9-72ce0d04094d&fields=id&fields=name HTTP/1.1" status: 200 len: 286 time: 0.0802121
2026-05-19 04:11:43.434 9 INFO neutron.db.ovn_revision_numbers_db [None req-40e5c25f-f06e-4b22-9444-3740a21f8692 1cd949b041da41f1b4a696d4609f95f1 6e7c7aeceb0c4928b2848b1743e7d884 - - default default] Successfully bumped revision number for resource 6e50e716-58e9-4e03-a0ea-e3dc3e372f71 (type: router_ports) to 1
2026-05-19 04:11:43.435 10 INFO neutron.db.ovn_revision_numbers_db [None req-344503fc-ebc5-47b8-b7fa-e5c2119ed5a1 75f88239368e4a26aedbcd7aa00660b5 c5645e1b55f74bcba0521746c8bd87cb - - default default] Successfully bumped revision number for resource 68e119ba-d445-4a0a-a604-49526be6a181 (type: networks) to 1
2026-05-19 04:11:43.440 9 INFO neutron.api.wsgi [None req-40e5c25f-f06e-4b22-9444-3740a21f8692 1cd949b041da41f1b4a696d4609f95f1 6e7c7aeceb0c4928b2848b1743e7d884 - - default default] 10.0.0.238 "PUT /v2.0/routers/8e60e48b-360c-408d-bea1-08eb793bd346/add_router_interface HTTP/1.1" status: 200 len: 503 time: 1.4107547
2026-05-19 04:11:43.513 9 INFO neutron.api.wsgi [None req-23b51ae5-c1f7-49c0-abac-61142e91f609 1cd949b041da41f1b4a696d4609f95f1 6e7c7aeceb0c4928b2848b1743e7d884 - - default default] 10.0.0.238 "GET /v2.0/ports/6e50e716-58e9-4e03-a0ea-e3dc3e372f71 HTTP/1.1" status: 200 len: 1139 time: 0.0680563
2026-05-19 04:11:43.543 9 INFO neutron.api.wsgi [req-b4cdc55b-2572-420e-858d-960667b5c5e1 req-c81a3ecb-0589-4452-b89a-d5a47a4a9371 deba606f398642cc8fbfc09018e8cad3 f58c58a1ae174e17af741c2585469534 - - default default] 10.0.0.160 "GET /v2.0/ports?device_id=c6f88717-1a94-4d8b-b03b-c678d14a08e9 HTTP/1.1" status: 200 len: 210 time: 0.0215392
2026-05-19 04:11:43.606 10 WARNING neutron.scheduler.dhcp_agent_scheduler [None req-344503fc-ebc5-47b8-b7fa-e5c2119ed5a1 75f88239368e4a26aedbcd7aa00660b5 c5645e1b55f74bcba0521746c8bd87cb - - default default] No more DHCP agents
2026-05-19 04:11:43.608 10 WARNING neutron.api.rpc.agentnotifiers.dhcp_rpc_agent_api [None req-344503fc-ebc5-47b8-b7fa-e5c2119ed5a1 75f88239368e4a26aedbcd7aa00660b5 c5645e1b55f74bcba0521746c8bd87cb - - default default] Unable to schedule network 68e119ba-d445-4a0a-a604-49526be6a181: no agents available; will retry on subsequent port and subnet creation events.
2026-05-19 04:11:43.672 10 INFO neutron.db.ovn_revision_numbers_db [None req-344503fc-ebc5-47b8-b7fa-e5c2119ed5a1 75f88239368e4a26aedbcd7aa00660b5 c5645e1b55f74bcba0521746c8bd87cb - - default default] Successfully bumped revision number for resource 106f50fc-cc7c-4045-b19d-b714714df2c5 (type: ports) to 1
2026-05-19 04:11:43.692 10 INFO neutron.api.wsgi [None req-344503fc-ebc5-47b8-b7fa-e5c2119ed5a1 75f88239368e4a26aedbcd7aa00660b5 c5645e1b55f74bcba0521746c8bd87cb - - default default] 10.0.0.238 "POST /v2.0/networks HTTP/1.1" status: 201 len: 828 time: 0.5261517
2026-05-19 04:11:43.705 10 WARNING neutron_lib.context [None req-f29e197d-28a3-432d-a0af-eafa05360841 75f88239368e4a26aedbcd7aa00660b5 c5645e1b55f74bcba0521746c8bd87cb - - default default] Method 'is_advsvc' is deprecated since 2023.2 release (neutron-lib 3.8.0) and will be removed once support for the old RBAC API policies will be removed from Neutron. Please use method 'is_service_role' instead.
2026-05-19 04:11:43.873 10 WARNING neutron.scheduler.dhcp_agent_scheduler [None req-f29e197d-28a3-432d-a0af-eafa05360841 75f88239368e4a26aedbcd7aa00660b5 c5645e1b55f74bcba0521746c8bd87cb - - default default] No more DHCP agents
2026-05-19 04:11:43.874 10 WARNING neutron.api.rpc.agentnotifiers.dhcp_rpc_agent_api [None req-f29e197d-28a3-432d-a0af-eafa05360841 75f88239368e4a26aedbcd7aa00660b5 c5645e1b55f74bcba0521746c8bd87cb - - default default] Unable to schedule network 68e119ba-d445-4a0a-a604-49526be6a181: no agents available; will retry on subsequent port and subnet creation events.
2026-05-19 04:11:43.942 9 WARNING neutron.scheduler.dhcp_agent_scheduler [None req-a85b3560-70de-4939-98e5-b95e28196143 1cd949b041da41f1b4a696d4609f95f1 6e7c7aeceb0c4928b2848b1743e7d884 - - default default] No more DHCP agents
2026-05-19 04:11:43.943 9 WARNING neutron.api.rpc.agentnotifiers.dhcp_rpc_agent_api [None req-a85b3560-70de-4939-98e5-b95e28196143 1cd949b041da41f1b4a696d4609f95f1 6e7c7aeceb0c4928b2848b1743e7d884 - - default default] Unable to schedule network bb584464-92bf-409d-ba89-15c8e1086c52: no agents available; will retry on subsequent port and subnet creation events.
2026-05-19 04:11:44.035 9 INFO neutron.db.ovn_revision_numbers_db [None req-a85b3560-70de-4939-98e5-b95e28196143 1cd949b041da41f1b4a696d4609f95f1 6e7c7aeceb0c4928b2848b1743e7d884 - - default default] Successfully bumped revision number for resource ff00740f-f4ab-4e22-8a03-cb30b5873c74 (type: ports) to 1
2026-05-19 04:11:44.290 10 INFO neutron.db.ovn_revision_numbers_db [None req-8ba318d5-a376-41c8-ad98-2649ea0bc3b5 - - - - - -] Successfully bumped revision number for resource 106f50fc-cc7c-4045-b19d-b714714df2c5 (type: ports) to 2
2026-05-19 04:11:44.330 10 WARNING neutron.plugins.ml2.drivers.ovn.mech_driver.ovsdb.ovn_client [None req-713f132a-bac8-40c1-b328-7182c8383c99 - - - - - -] No port found with ID 4beca252-e51e-42a7-b9b4-0c48cd50c962: RuntimeError: No port found with ID 4beca252-e51e-42a7-b9b4-0c48cd50c962
2026-05-19 04:11:44.334 10 INFO neutron.db.ovn_revision_numbers_db [None req-8ba318d5-a376-41c8-ad98-2649ea0bc3b5 - - - - - -] Successfully bumped revision number for resource cda5eff9-3d12-46b0-9194-5096bdae1fa8 (type: subnets) to 0
2026-05-19 04:11:44.348 10 INFO neutron.plugins.ml2.drivers.ovn.mech_driver.mech_driver [None req-713f132a-bac8-40c1-b328-7182c8383c99 - - - - - -] OVN reports status down for port: 0be79b4c-6eeb-496d-bf17-b80c25c8a702
2026-05-19 04:11:44.359 10 INFO neutron.api.wsgi [None req-f29e197d-28a3-432d-a0af-eafa05360841 75f88239368e4a26aedbcd7aa00660b5 c5645e1b55f74bcba0521746c8bd87cb - - default default] 10.0.0.238 "POST /v2.0/subnets HTTP/1.1" status: 201 len: 825 time: 0.6607728
2026-05-19 04:11:44.385 10 WARNING neutron_lib.context [None req-44378953-cd98-46aa-92c1-b6c83614b875 75f88239368e4a26aedbcd7aa00660b5 c5645e1b55f74bcba0521746c8bd87cb - - default default] Method 'is_advsvc' is deprecated since 2023.2 release (neutron-lib 3.8.0) and will be removed once support for the old RBAC API policies will be removed from Neutron. Please use method 'is_service_role' instead.
2026-05-19 04:11:44.491 10 INFO neutron.db.ovn_revision_numbers_db [None req-44378953-cd98-46aa-92c1-b6c83614b875 75f88239368e4a26aedbcd7aa00660b5 c5645e1b55f74bcba0521746c8bd87cb - - default default] Successfully bumped revision number for resource d3a50852-d4b3-4ed1-b2f8-2087b56dd431 (type: routers) to 1
2026-05-19 04:11:44.507 10 INFO neutron.api.wsgi [None req-44378953-cd98-46aa-92c1-b6c83614b875 75f88239368e4a26aedbcd7aa00660b5 c5645e1b55f74bcba0521746c8bd87cb - - default default] 10.0.0.238 "POST /v2.0/routers HTTP/1.1" status: 201 len: 802 time: 0.1333950
2026-05-19 04:11:44.517 10 WARNING neutron_lib.context [None req-0386c87c-b52b-4941-b2e3-0a694d34d3d5 75f88239368e4a26aedbcd7aa00660b5 c5645e1b55f74bcba0521746c8bd87cb - - default default] Method 'is_advsvc' is deprecated since 2023.2 release (neutron-lib 3.8.0) and will be removed once support for the old RBAC API policies will be removed from Neutron. Please use method 'is_service_role' instead.
2026-05-19 04:11:44.523 10 INFO neutron.api.wsgi [req-df7e3c8b-7029-44a3-b032-15e85ce35633 req-dd819ce9-264a-4fa5-87c5-aa2b44bdefe7 4072e61311ff4249a15f4500f9fe840a c279476ac10f43508f4bfc5eaad257a2 - - default default] 10.0.0.160 "GET /v2.0/ports?device_id=24f59c82-a99d-49af-939f-fc79c6a2a43b HTTP/1.1" status: 200 len: 1172 time: 0.0471642
2026-05-19 04:11:44.571 10 INFO neutron.api.wsgi [req-df7e3c8b-7029-44a3-b032-15e85ce35633 req-cb809641-afd8-498c-9e58-da0974aaed5f 4072e61311ff4249a15f4500f9fe840a c279476ac10f43508f4bfc5eaad257a2 - - default default] 10.0.0.160 "GET /v2.0/security-groups?id=aa3a704e-0cad-474d-b1e9-72ce0d04094d&fields=id&fields=name HTTP/1.1" status: 200 len: 286 time: 0.0402699
2026-05-19 04:11:44.614 9 INFO neutron.db.ovn_revision_numbers_db [None req-a85b3560-70de-4939-98e5-b95e28196143 1cd949b041da41f1b4a696d4609f95f1 6e7c7aeceb0c4928b2848b1743e7d884 - - default default] Successfully bumped revision number for resource ff00740f-f4ab-4e22-8a03-cb30b5873c74 (type: ports) to 1
2026-05-19 04:11:44.688 9 WARNING neutron.scheduler.dhcp_agent_scheduler [None req-a85b3560-70de-4939-98e5-b95e28196143 1cd949b041da41f1b4a696d4609f95f1 6e7c7aeceb0c4928b2848b1743e7d884 - - default default] No more DHCP agents
2026-05-19 04:11:44.689 9 WARNING neutron.api.rpc.agentnotifiers.dhcp_rpc_agent_api [None req-a85b3560-70de-4939-98e5-b95e28196143 1cd949b041da41f1b4a696d4609f95f1 6e7c7aeceb0c4928b2848b1743e7d884 - - default default] Unable to schedule network bb584464-92bf-409d-ba89-15c8e1086c52: no agents available; will retry on subsequent port and subnet creation events.
2026-05-19 04:11:44.773 10 INFO neutron.api.wsgi [None req-edbbfb6b-e404-44b1-96a5-bbef3412e122 deba606f398642cc8fbfc09018e8cad3 f58c58a1ae174e17af741c2585469534 - - default default] 10.0.0.238 "DELETE /v2.0/security-groups/1dd70798-ec38-4188-bf07-108668cac136 HTTP/1.1" status: 204 len: 168 time: 0.1654043
2026-05-19 04:11:44.835 10 WARNING neutron.scheduler.dhcp_agent_scheduler [None req-0386c87c-b52b-4941-b2e3-0a694d34d3d5 75f88239368e4a26aedbcd7aa00660b5 c5645e1b55f74bcba0521746c8bd87cb - - default default] No more DHCP agents
2026-05-19 04:11:44.836 10 WARNING neutron.api.rpc.agentnotifiers.dhcp_rpc_agent_api [None req-0386c87c-b52b-4941-b2e3-0a694d34d3d5 75f88239368e4a26aedbcd7aa00660b5 c5645e1b55f74bcba0521746c8bd87cb - - default default] Unable to schedule network 68e119ba-d445-4a0a-a604-49526be6a181: no agents available; will retry on subsequent port and subnet creation events.
2026-05-19 04:11:44.859 10 INFO neutron.services.segments.plugin [-] Segment c1e1e5fc-60da-4d40-9ef1-6f450a7a36d2 resource provider aggregate not found
2026-05-19 04:11:44.864 10 INFO neutron.services.segments.plugin [-] Segment c1e1e5fc-60da-4d40-9ef1-6f450a7a36d2 resource provider aggregate not found
2026-05-19 04:11:44.885 10 INFO neutron.services.segments.plugin [-] Segment c1e1e5fc-60da-4d40-9ef1-6f450a7a36d2 resource provider not found; error: Placement Client Error (4xx): {"errors": [{"status": 404, "title": "Not Found", "detail": "The resource could not be found.\n\n No resource provider with uuid c1e1e5fc-60da-4d40-9ef1-6f450a7a36d2 found for delete ", "request_id": "req-c778be52-9ef6-4289-ace3-26cde1a71991"}]}
2026-05-19 04:11:44.886 10 INFO neutron.services.segments.plugin [-] Segment c1e1e5fc-60da-4d40-9ef1-6f450a7a36d2 resource provider not found; error: Placement Client Error (4xx): {"errors": [{"status": 404, "title": "Not Found", "detail": "The resource could not be found.\n\n No resource provider with uuid c1e1e5fc-60da-4d40-9ef1-6f450a7a36d2 found for delete ", "request_id": "req-77a03199-d7d6-4a86-866d-f9e924940fd4"}]}
2026-05-19 04:11:44.940 9 INFO neutron.db.ovn_revision_numbers_db [None req-a85b3560-70de-4939-98e5-b95e28196143 1cd949b041da41f1b4a696d4609f95f1 6e7c7aeceb0c4928b2848b1743e7d884 - - default default] Successfully bumped revision number for resource ff00740f-f4ab-4e22-8a03-cb30b5873c74 (type: router_ports) to 1
2026-05-19 04:11:44.945 9 INFO neutron.api.wsgi [None req-a85b3560-70de-4939-98e5-b95e28196143 1cd949b041da41f1b4a696d4609f95f1 6e7c7aeceb0c4928b2848b1743e7d884 - - default default] 10.0.0.238 "PUT /v2.0/routers/8e60e48b-360c-408d-bea1-08eb793bd346/add_router_interface HTTP/1.1" status: 200 len: 503 time: 1.4271262
2026-05-19 04:11:44.987 10 INFO neutron.db.ovn_revision_numbers_db [None req-0386c87c-b52b-4941-b2e3-0a694d34d3d5 75f88239368e4a26aedbcd7aa00660b5 c5645e1b55f74bcba0521746c8bd87cb - - default default] Successfully bumped revision number for resource b8edefdc-3f15-4d67-9544-61a57aa5fa4b (type: ports) to 1
2026-05-19 04:11:45.009 10 INFO neutron.api.wsgi [None req-0386c87c-b52b-4941-b2e3-0a694d34d3d5 75f88239368e4a26aedbcd7aa00660b5 c5645e1b55f74bcba0521746c8bd87cb - - default default] 10.0.0.238 "POST /v2.0/ports HTTP/1.1" status: 201 len: 1150 time: 0.4959991 /var/lib/openstack/lib/python3.12/site-packages/pycadf/identifier.py:71: UserWarning: Invalid uuid: neutron. To ensure interoperability, identifiers should be a valid uuid. warnings.warn(('Invalid uuid: %s. To ensure interoperability, '
2026-05-19 04:11:45.037 9 INFO neutron.api.wsgi [None req-2098c3cf-f1fa-4ce5-b785-3a481218083c 1cd949b041da41f1b4a696d4609f95f1 6e7c7aeceb0c4928b2848b1743e7d884 - - default default] 10.0.0.238 "GET /v2.0/ports/ff00740f-f4ab-4e22-8a03-cb30b5873c74 HTTP/1.1" status: 200 len: 1147 time: 0.0849907
2026-05-19 04:11:45.082 9 INFO neutron.api.wsgi [None req-9542421d-a060-4713-9e84-36c37731d3ba 1cd949b041da41f1b4a696d4609f95f1 6e7c7aeceb0c4928b2848b1743e7d884 - - default default] 10.0.0.238 "GET /v2.0/ports/ff00740f-f4ab-4e22-8a03-cb30b5873c74 HTTP/1.1" status: 200 len: 1147 time: 0.0404584
2026-05-19 04:11:45.160 9 INFO neutron.api.wsgi [None req-fdeafb5f-c0f9-4497-a5fa-8df487c2de20 deba606f398642cc8fbfc09018e8cad3 f58c58a1ae174e17af741c2585469534 - - default default] 10.0.0.238 "DELETE /v2.0/floatingips/eccfb41a-235a-4ba0-ad41-e2e05df9967b HTTP/1.1" status: 204 len: 168 time: 0.3562710
2026-05-19 04:11:45.357 9 WARNING neutron.plugins.ml2.drivers.ovn.mech_driver.ovsdb.ovn_client [None req-cc71a5fd-d53d-4632-a886-b0a36bbd0d72 - - - - - -] No port found with ID cd666d14-968a-4243-a596-938806108b20: RuntimeError: No port found with ID cd666d14-968a-4243-a596-938806108b20
2026-05-19 04:11:45.358 10 INFO neutron.api.wsgi [req-d1304489-de60-4b53-8d0e-69f7cbd69b5f req-e70c5b3a-77a1-4a5e-a64f-5f8a2538962f deba606f398642cc8fbfc09018e8cad3 f58c58a1ae174e17af741c2585469534 - - default default] 10.0.0.160 "GET /v2.0/ports?device_id=656347b1-38ba-435f-9b3e-05f2ecc6772f HTTP/1.1" status: 200 len: 1170 time: 0.0772860 /var/lib/openstack/lib/python3.12/site-packages/pycadf/identifier.py:71: UserWarning: Invalid uuid: neutron. To ensure interoperability, identifiers should be a valid uuid. warnings.warn(('Invalid uuid: %s. To ensure interoperability, '
2026-05-19 04:11:45.395 9 INFO neutron.plugins.ml2.drivers.ovn.mech_driver.mech_driver [None req-cc71a5fd-d53d-4632-a886-b0a36bbd0d72 - - - - - -] OVN reports status up for port: 6e50e716-58e9-4e03-a0ea-e3dc3e372f71
2026-05-19 04:11:45.398 10 INFO neutron.api.wsgi [req-d1304489-de60-4b53-8d0e-69f7cbd69b5f req-4380945d-b9a4-4304-8576-fe82457d80dd deba606f398642cc8fbfc09018e8cad3 f58c58a1ae174e17af741c2585469534 - - default default] 10.0.0.160 "GET /v2.0/security-groups?id=37adb459-e1e8-4a5e-b9c4-e7f16e838aec&fields=id&fields=name HTTP/1.1" status: 200 len: 312 time: 0.0345984
2026-05-19 04:11:45.404 9 INFO neutron.plugins.ml2.plugin [None req-cc71a5fd-d53d-4632-a886-b0a36bbd0d72 - - - - - -] Attempt 1 to provision port 6e50e716-58e9-4e03-a0ea-e3dc3e372f71
2026-05-19 04:11:45.461 10 INFO neutron.plugins.ml2.drivers.ovn.mech_driver.mech_driver [None req-713f132a-bac8-40c1-b328-7182c8383c99 - - - - - -] OVN reports status up for port: b8edefdc-3f15-4d67-9544-61a57aa5fa4b
2026-05-19 04:11:45.469 10 INFO neutron.plugins.ml2.plugin [None req-713f132a-bac8-40c1-b328-7182c8383c99 - - - - - -] Attempt 1 to provision port b8edefdc-3f15-4d67-9544-61a57aa5fa4b
2026-05-19 04:11:45.485 10 INFO neutron.db.ovn_revision_numbers_db [None req-85dff47f-9e79-4434-a47c-3cdd4f377de0 75f88239368e4a26aedbcd7aa00660b5 c5645e1b55f74bcba0521746c8bd87cb - - default default] Successfully bumped revision number for resource b8edefdc-3f15-4d67-9544-61a57aa5fa4b (type: ports) to 2 /var/lib/openstack/lib/python3.12/site-packages/pycadf/identifier.py:71: UserWarning: Invalid uuid: neutron. To ensure interoperability, identifiers should be a valid uuid. warnings.warn(('Invalid uuid: %s. To ensure interoperability, '
2026-05-19 04:11:45.780 9 INFO neutron.api.wsgi [req-917773ef-d850-4b62-8082-20ab35ea221b req-7bb86dec-4b74-4f77-bbeb-08e814142787 4072e61311ff4249a15f4500f9fe840a c279476ac10f43508f4bfc5eaad257a2 - - default default] 10.0.0.160 "GET /v2.0/ports?device_id=24f59c82-a99d-49af-939f-fc79c6a2a43b HTTP/1.1" status: 200 len: 1172 time: 0.1410396
2026-05-19 04:11:45.787 10 INFO neutron.db.ovn_revision_numbers_db [None req-713f132a-bac8-40c1-b328-7182c8383c99 - - - - - -] Successfully bumped revision number for resource b8edefdc-3f15-4d67-9544-61a57aa5fa4b (type: ports) to 3
2026-05-19 04:11:45.796 9 INFO neutron.db.ovn_revision_numbers_db [None req-cc71a5fd-d53d-4632-a886-b0a36bbd0d72 - - - - - -] Successfully bumped revision number for resource 6e50e716-58e9-4e03-a0ea-e3dc3e372f71 (type: ports) to 2
2026-05-19 04:11:45.835 9 INFO neutron.api.wsgi [req-917773ef-d850-4b62-8082-20ab35ea221b req-0ad2eb04-9915-47f0-9e65-019dd65a6d26 4072e61311ff4249a15f4500f9fe840a c279476ac10f43508f4bfc5eaad257a2 - - default default] 10.0.0.160 "GET /v2.0/security-groups?id=aa3a704e-0cad-474d-b1e9-72ce0d04094d&fields=id&fields=name HTTP/1.1" status: 200 len: 286 time: 0.0511789
2026-05-19 04:11:46.038 10 INFO neutron.db.ovn_revision_numbers_db [None req-85dff47f-9e79-4434-a47c-3cdd4f377de0 75f88239368e4a26aedbcd7aa00660b5 c5645e1b55f74bcba0521746c8bd87cb - - default default] Successfully bumped revision number for resource b8edefdc-3f15-4d67-9544-61a57aa5fa4b (type: ports) to 3
2026-05-19 04:11:46.089 10 WARNING neutron.scheduler.dhcp_agent_scheduler [None req-85dff47f-9e79-4434-a47c-3cdd4f377de0 75f88239368e4a26aedbcd7aa00660b5 c5645e1b55f74bcba0521746c8bd87cb - - default default] No more DHCP agents
2026-05-19 04:11:46.091 10 WARNING neutron.api.rpc.agentnotifiers.dhcp_rpc_agent_api [None req-85dff47f-9e79-4434-a47c-3cdd4f377de0 75f88239368e4a26aedbcd7aa00660b5 c5645e1b55f74bcba0521746c8bd87cb - - default default] Unable to schedule network 68e119ba-d445-4a0a-a604-49526be6a181: no agents available; will retry on subsequent port and subnet creation events.
2026-05-19 04:11:46.120 9 INFO neutron.api.wsgi [None req-1a779d00-f3b6-406f-bef0-2a9bd87960a4 1cd949b041da41f1b4a696d4609f95f1 6e7c7aeceb0c4928b2848b1743e7d884 - - default default] 10.0.0.238 "GET /v2.0/ports/ff00740f-f4ab-4e22-8a03-cb30b5873c74 HTTP/1.1" status: 200 len: 1147 time: 0.0320721
2026-05-19 04:11:46.303 10 INFO neutron.db.ovn_revision_numbers_db [None req-85dff47f-9e79-4434-a47c-3cdd4f377de0 75f88239368e4a26aedbcd7aa00660b5 c5645e1b55f74bcba0521746c8bd87cb - - default default] Successfully bumped revision number for resource b8edefdc-3f15-4d67-9544-61a57aa5fa4b (type: router_ports) to 3
2026-05-19 04:11:46.309 10 INFO neutron.api.wsgi [None req-85dff47f-9e79-4434-a47c-3cdd4f377de0 75f88239368e4a26aedbcd7aa00660b5 c5645e1b55f74bcba0521746c8bd87cb - - default default] 10.0.0.238 "PUT /v2.0/routers/d3a50852-d4b3-4ed1-b2f8-2087b56dd431/add_router_interface HTTP/1.1" status: 200 len: 503 time: 1.2912407 /var/lib/openstack/lib/python3.12/site-packages/pycadf/identifier.py:71: UserWarning: Invalid uuid: neutron. To ensure interoperability, identifiers should be a valid uuid. warnings.warn(('Invalid uuid: %s. To ensure interoperability, '
2026-05-19 04:11:46.347 10 INFO neutron.api.wsgi [None req-f1fdca75-297f-418b-8a6d-b94fdd5a489f 75f88239368e4a26aedbcd7aa00660b5 c5645e1b55f74bcba0521746c8bd87cb - - default default] 10.0.0.238 "GET /v2.0/ports/b8edefdc-3f15-4d67-9544-61a57aa5fa4b HTTP/1.1" status: 200 len: 1208 time: 0.0323663 /var/lib/openstack/lib/python3.12/site-packages/pycadf/identifier.py:71: UserWarning: Invalid uuid: neutron. To ensure interoperability, identifiers should be a valid uuid. warnings.warn(('Invalid uuid: %s. To ensure interoperability, '
