2026-05-19 04:09:46.334 9 WARNING neutron.scheduler.dhcp_agent_scheduler [None req-f01397db-5273-488b-85fd-4b7a5618567c c0a831bd50344ee1987c71edb520472e ec2728b47b934aafb494f225505645e0 - - default default] No more DHCP agents
2026-05-19 04:09:46.335 9 WARNING neutron.api.rpc.agentnotifiers.dhcp_rpc_agent_api [None req-f01397db-5273-488b-85fd-4b7a5618567c c0a831bd50344ee1987c71edb520472e ec2728b47b934aafb494f225505645e0 - - default default] Unable to schedule network 2488a5c5-3a77-416a-9b17-71dfc3b2bd90: no agents available; will retry on subsequent port and subnet creation events.
2026-05-19 04:09:46.460 10 INFO neutron.db.ovn_revision_numbers_db [None req-0bf0c15a-e434-46f0-be9a-4a9b3a7e4439 - - - - - -] Successfully bumped revision number for resource 103c6d88-06e3-47fa-b8ca-02da9f6e1424 (type: ports) to 4
2026-05-19 04:09:46.483 10 INFO neutron.db.ovn_revision_numbers_db [req-756f7aaf-3446-4d02-aefd-0891d767432d req-2bf0af3f-ae3e-4bda-a87e-55870dd62a80 8eb85521cf7d44c69f42056105509266 7230dc74cfd74946a4a2b33c47375de1 - - default default] Successfully bumped revision number for resource c2b36c64-a903-4c44-bd80-5412fc288318 (type: security_groups) to 1
2026-05-19 04:09:46.510 10 INFO neutron.db.ovn_revision_numbers_db [req-756f7aaf-3446-4d02-aefd-0891d767432d req-2bf0af3f-ae3e-4bda-a87e-55870dd62a80 8eb85521cf7d44c69f42056105509266 7230dc74cfd74946a4a2b33c47375de1 - - default default] Successfully bumped revision number for resource 28b423f9-444c-4e0d-8f4e-0e33f5aa0c80 (type: security_group_rules) to 0
2026-05-19 04:09:46.529 9 INFO neutron.db.ovn_revision_numbers_db [None req-ce39a478-a175-4aed-b64f-f7840d611e66 f77b760cfffc4917925ca7502c2aaccd 35cb3bd5217649d8b8ad9932c17d036d - - default default] Successfully bumped revision number for resource cfa592df-0307-407c-83d6-4d3f863a4b6a (type: security_groups) to 1
2026-05-19 04:09:46.538 10 INFO neutron.db.ovn_revision_numbers_db [req-756f7aaf-3446-4d02-aefd-0891d767432d req-2bf0af3f-ae3e-4bda-a87e-55870dd62a80 8eb85521cf7d44c69f42056105509266 7230dc74cfd74946a4a2b33c47375de1 - - default default] Successfully bumped revision number for resource 2a73aeb7-6679-48c6-9653-d1b32d1cc894 (type: security_group_rules) to 0
2026-05-19 04:09:46.543 9 INFO neutron.db.ovn_revision_numbers_db [None req-ce39a478-a175-4aed-b64f-f7840d611e66 f77b760cfffc4917925ca7502c2aaccd 35cb3bd5217649d8b8ad9932c17d036d - - default default] Successfully bumped revision number for resource 1989079c-aa34-4e9d-a5fb-2cd963de213a (type: security_group_rules) to 0
2026-05-19 04:09:46.558 9 INFO neutron.db.ovn_revision_numbers_db [None req-ce39a478-a175-4aed-b64f-f7840d611e66 f77b760cfffc4917925ca7502c2aaccd 35cb3bd5217649d8b8ad9932c17d036d - - default default] Successfully bumped revision number for resource 62951606-799d-4c42-b0cf-19ce8cd06844 (type: security_group_rules) to 0
2026-05-19 04:09:46.570 9 INFO neutron.db.ovn_revision_numbers_db [None req-ce39a478-a175-4aed-b64f-f7840d611e66 f77b760cfffc4917925ca7502c2aaccd 35cb3bd5217649d8b8ad9932c17d036d - - default default] Successfully bumped revision number for resource aa52695f-4de2-4d61-9153-23fe64f1c9bf (type: security_group_rules) to 0
2026-05-19 04:09:46.584 9 INFO neutron.api.wsgi [None req-f01397db-5273-488b-85fd-4b7a5618567c c0a831bd50344ee1987c71edb520472e ec2728b47b934aafb494f225505645e0 - - default default] 10.0.0.238 "POST /v2.0/floatingips HTTP/1.1" status: 201 len: 751 time: 0.5707140
2026-05-19 04:09:46.585 9 INFO neutron.db.ovn_revision_numbers_db [None req-ce39a478-a175-4aed-b64f-f7840d611e66 f77b760cfffc4917925ca7502c2aaccd 35cb3bd5217649d8b8ad9932c17d036d - - default default] Successfully bumped revision number for resource dab2eefd-d325-43a1-9841-159005c6b685 (type: security_group_rules) to 0
2026-05-19 04:09:46.597 10 INFO neutron.api.wsgi [req-756f7aaf-3446-4d02-aefd-0891d767432d req-2bf0af3f-ae3e-4bda-a87e-55870dd62a80 8eb85521cf7d44c69f42056105509266 7230dc74cfd74946a4a2b33c47375de1 - - default default] 10.0.0.160 "POST /v2.0/security-groups HTTP/1.1" status: 201 len: 1889 time: 0.5697439
2026-05-19 04:09:46.615 9 INFO neutron.api.wsgi [None req-ce39a478-a175-4aed-b64f-f7840d611e66 f77b760cfffc4917925ca7502c2aaccd 35cb3bd5217649d8b8ad9932c17d036d - - default default] 10.0.0.238 "GET /v2.0/security-groups?tenant_id=fd36cf67e0724107bfbb7f59e951e8f7&name=default HTTP/1.1" status: 200 len: 3120 time: 0.2462895
2026-05-19 04:09:46.800 9 INFO neutron.api.wsgi [None req-c89b6fa2-3d0e-4544-84e7-f598dfb6b5e5 f77b760cfffc4917925ca7502c2aaccd 35cb3bd5217649d8b8ad9932c17d036d - - default default] 10.0.0.238 "DELETE /v2.0/security-groups/cfa592df-0307-407c-83d6-4d3f863a4b6a HTTP/1.1" status: 204 len: 168 time: 0.1755006
2026-05-19 04:09:46.859 10 INFO neutron.db.ovn_revision_numbers_db [None req-0bf0c15a-e434-46f0-be9a-4a9b3a7e4439 - - - - - -] Successfully bumped revision number for resource 103c6d88-06e3-47fa-b8ca-02da9f6e1424 (type: ports) to 5
2026-05-19 04:09:46.999 10 INFO neutron.db.ovn_revision_numbers_db [None req-f3bb1a68-8609-4f3b-9a43-244680809289 f77b760cfffc4917925ca7502c2aaccd 35cb3bd5217649d8b8ad9932c17d036d - - default default] Successfully bumped revision number for resource 46767b19-c8a7-4f04-b5f1-808daea7a61e (type: ports) to 1
2026-05-19 04:09:47.019 10 INFO neutron.db.ovn_revision_numbers_db [None req-91bdc31c-7d45-4b1e-b09d-2aa3c64746cc f77b760cfffc4917925ca7502c2aaccd 35cb3bd5217649d8b8ad9932c17d036d - - default default] Successfully bumped revision number for resource 5740d767-8dc0-4ef2-bb5c-52b34780bfae (type: security_groups) to 1
2026-05-19 04:09:47.035 10 INFO neutron.db.ovn_revision_numbers_db [None req-91bdc31c-7d45-4b1e-b09d-2aa3c64746cc f77b760cfffc4917925ca7502c2aaccd 35cb3bd5217649d8b8ad9932c17d036d - - default default] Successfully bumped revision number for resource 1faed291-4c55-4436-bbff-7d077a13a8ca (type: security_group_rules) to 0
2026-05-19 04:09:47.050 10 INFO neutron.db.ovn_revision_numbers_db [None req-91bdc31c-7d45-4b1e-b09d-2aa3c64746cc f77b760cfffc4917925ca7502c2aaccd 35cb3bd5217649d8b8ad9932c17d036d - - default default] Successfully bumped revision number for resource 56516435-24dc-4a73-99c3-850d4085a9f3 (type: security_group_rules) to 0
2026-05-19 04:09:47.051 10 WARNING neutron.scheduler.dhcp_agent_scheduler [None req-f3bb1a68-8609-4f3b-9a43-244680809289 f77b760cfffc4917925ca7502c2aaccd 35cb3bd5217649d8b8ad9932c17d036d - - default default] No more DHCP agents
2026-05-19 04:09:47.053 10 WARNING neutron.api.rpc.agentnotifiers.dhcp_rpc_agent_api [None req-f3bb1a68-8609-4f3b-9a43-244680809289 f77b760cfffc4917925ca7502c2aaccd 35cb3bd5217649d8b8ad9932c17d036d - - default default] Unable to schedule network d76f4a31-5ea5-43be-a3e7-3d528e5811c5: no agents available; will retry on subsequent port and subnet creation events.
2026-05-19 04:09:47.072 10 INFO neutron.db.ovn_revision_numbers_db [None req-91bdc31c-7d45-4b1e-b09d-2aa3c64746cc f77b760cfffc4917925ca7502c2aaccd 35cb3bd5217649d8b8ad9932c17d036d - - default default] Successfully bumped revision number for resource 92ae3d48-ebea-4059-b156-92de2fd659a1 (type: security_group_rules) to 0
2026-05-19 04:09:47.101 10 INFO neutron.db.ovn_revision_numbers_db [None req-91bdc31c-7d45-4b1e-b09d-2aa3c64746cc f77b760cfffc4917925ca7502c2aaccd 35cb3bd5217649d8b8ad9932c17d036d - - default default] Successfully bumped revision number for resource a0d3e73d-38f0-40ad-b902-b484a302f5c0 (type: security_group_rules) to 0
2026-05-19 04:09:47.146 9 INFO neutron.api.wsgi [req-a21407a9-f274-4e1c-8883-cf7af804ab9d req-2dd8c8bc-f997-4f8a-bcfc-8eb55a9ef8b7 8eb85521cf7d44c69f42056105509266 7230dc74cfd74946a4a2b33c47375de1 - - default default] 10.0.0.160 "GET /v2.0/security-groups/c2b36c64-a903-4c44-bd80-5412fc288318 HTTP/1.1" status: 200 len: 1884 time: 0.1114829
2026-05-19 04:09:47.147 10 INFO neutron.api.wsgi [None req-91bdc31c-7d45-4b1e-b09d-2aa3c64746cc f77b760cfffc4917925ca7502c2aaccd 35cb3bd5217649d8b8ad9932c17d036d - - default default] 10.0.0.238 "GET /v2.0/security-groups?tenant_id=2834cd352e4c49788dc53f13f8f07f20&name=default HTTP/1.1" status: 200 len: 3120 time: 0.2509971
2026-05-19 04:09:47.160 9 WARNING neutron_lib.context [req-a21407a9-f274-4e1c-8883-cf7af804ab9d req-ab74ae22-7234-48be-8935-3e5f3dc3281f 8eb85521cf7d44c69f42056105509266 7230dc74cfd74946a4a2b33c47375de1 - - default default] Method 'is_advsvc' is deprecated since 2023.2 release (neutron-lib 3.8.0) and will be removed once support for the old RBAC API policies will be removed from Neutron. Please use method 'is_service_role' instead.
2026-05-19 04:09:47.271 9 INFO neutron.db.ovn_revision_numbers_db [req-a21407a9-f274-4e1c-8883-cf7af804ab9d req-ab74ae22-7234-48be-8935-3e5f3dc3281f 8eb85521cf7d44c69f42056105509266 7230dc74cfd74946a4a2b33c47375de1 - - default default] Successfully bumped revision number for resource e72c8969-e794-4367-ba72-cc10562fd773 (type: security_group_rules) to 0
2026-05-19 04:09:47.301 9 INFO neutron.api.wsgi [req-a21407a9-f274-4e1c-8883-cf7af804ab9d req-ab74ae22-7234-48be-8935-3e5f3dc3281f 8eb85521cf7d44c69f42056105509266 7230dc74cfd74946a4a2b33c47375de1 - - default default] 10.0.0.160 "POST /v2.0/security-group-rules HTTP/1.1" status: 201 len: 818 time: 0.1477952
2026-05-19 04:09:47.343 10 WARNING neutron_lib.context [req-be8a1f35-aa5d-4c26-8cc1-31b0f3bf604d req-ca8342c8-e5e7-4060-bd71-34cdbd2aea97 8eb85521cf7d44c69f42056105509266 7230dc74cfd74946a4a2b33c47375de1 - - default default] Method 'is_advsvc' is deprecated since 2023.2 release (neutron-lib 3.8.0) and will be removed once support for the old RBAC API policies will be removed from Neutron. Please use method 'is_service_role' instead.
2026-05-19 04:09:47.442 10 INFO neutron.api.wsgi [None req-66f7fa0f-6c08-415d-a3dc-88ff2eca68d7 f77b760cfffc4917925ca7502c2aaccd 35cb3bd5217649d8b8ad9932c17d036d - - default default] 10.0.0.238 "DELETE /v2.0/security-groups/5740d767-8dc0-4ef2-bb5c-52b34780bfae HTTP/1.1" status: 204 len: 168 time: 0.2862613
2026-05-19 04:09:47.475 10 INFO neutron.db.ovn_revision_numbers_db [req-be8a1f35-aa5d-4c26-8cc1-31b0f3bf604d req-ca8342c8-e5e7-4060-bd71-34cdbd2aea97 8eb85521cf7d44c69f42056105509266 7230dc74cfd74946a4a2b33c47375de1 - - default default] Successfully bumped revision number for resource c6b31138-c227-403b-84df-b14168a9a975 (type: security_groups) to 1
2026-05-19 04:09:47.498 10 INFO neutron.db.ovn_revision_numbers_db [req-be8a1f35-aa5d-4c26-8cc1-31b0f3bf604d req-ca8342c8-e5e7-4060-bd71-34cdbd2aea97 8eb85521cf7d44c69f42056105509266 7230dc74cfd74946a4a2b33c47375de1 - - default default] Successfully bumped revision number for resource 9180fd68-d1fa-4bdd-8ae8-8558f103b3fd (type: security_group_rules) to 0
2026-05-19 04:09:47.517 10 INFO neutron.db.ovn_revision_numbers_db [req-be8a1f35-aa5d-4c26-8cc1-31b0f3bf604d req-ca8342c8-e5e7-4060-bd71-34cdbd2aea97 8eb85521cf7d44c69f42056105509266 7230dc74cfd74946a4a2b33c47375de1 - - default default] Successfully bumped revision number for resource a5c778e8-4e54-4a5c-ab24-c3a91d7e66c9 (type: security_group_rules) to 0
2026-05-19 04:09:47.550 10 INFO neutron.api.wsgi [req-be8a1f35-aa5d-4c26-8cc1-31b0f3bf604d req-ca8342c8-e5e7-4060-bd71-34cdbd2aea97 8eb85521cf7d44c69f42056105509266 7230dc74cfd74946a4a2b33c47375de1 - - default default] 10.0.0.160 "POST /v2.0/security-groups HTTP/1.1" status: 201 len: 1891 time: 0.2205179
2026-05-19 04:09:47.625 9 INFO neutron.api.wsgi [req-2d98cac6-7ab8-4114-8f14-92b1de9e5fa6 req-b5ac6e0d-82ac-4ad7-a5a6-7b88f3188ad0 8eb85521cf7d44c69f42056105509266 7230dc74cfd74946a4a2b33c47375de1 - - default default] 10.0.0.160 "GET /v2.0/security-groups/c6b31138-c227-403b-84df-b14168a9a975 HTTP/1.1" status: 200 len: 1886 time: 0.0381882
2026-05-19 04:09:47.634 9 WARNING neutron_lib.context [req-2d98cac6-7ab8-4114-8f14-92b1de9e5fa6 req-c90b49e9-ded2-4f5d-91db-311313367410 8eb85521cf7d44c69f42056105509266 7230dc74cfd74946a4a2b33c47375de1 - - default default] Method 'is_advsvc' is deprecated since 2023.2 release (neutron-lib 3.8.0) and will be removed once support for the old RBAC API policies will be removed from Neutron. Please use method 'is_service_role' instead.
2026-05-19 04:09:47.743 9 INFO neutron.db.ovn_revision_numbers_db [req-2d98cac6-7ab8-4114-8f14-92b1de9e5fa6 req-c90b49e9-ded2-4f5d-91db-311313367410 8eb85521cf7d44c69f42056105509266 7230dc74cfd74946a4a2b33c47375de1 - - default default] Successfully bumped revision number for resource 1642fe94-dea1-4e01-bfd3-7c833674f7f4 (type: security_group_rules) to 0
2026-05-19 04:09:47.792 9 INFO neutron.api.wsgi [req-2d98cac6-7ab8-4114-8f14-92b1de9e5fa6 req-c90b49e9-ded2-4f5d-91db-311313367410 8eb85521cf7d44c69f42056105509266 7230dc74cfd74946a4a2b33c47375de1 - - default default] 10.0.0.160 "POST /v2.0/security-group-rules HTTP/1.1" status: 201 len: 818 time: 0.1626763
2026-05-19 04:09:47.882 10 INFO neutron.api.wsgi [req-2e5bff14-1e78-4bf3-8e0d-22e29221c92b req-eeaf277c-9cd3-4516-ba54-eb38da093567 8eb85521cf7d44c69f42056105509266 7230dc74cfd74946a4a2b33c47375de1 - - default default] 10.0.0.160 "GET /v2.0/security-groups/c6b31138-c227-403b-84df-b14168a9a975 HTTP/1.1" status: 200 len: 2511 time: 0.0441782
2026-05-19 04:09:47.893 10 WARNING neutron_lib.context [req-2e5bff14-1e78-4bf3-8e0d-22e29221c92b req-c270438a-b9ff-47dd-a2e7-e1404fc4c33b 8eb85521cf7d44c69f42056105509266 7230dc74cfd74946a4a2b33c47375de1 - - default default] Method 'is_advsvc' is deprecated since 2023.2 release (neutron-lib 3.8.0) and will be removed once support for the old RBAC API policies will be removed from Neutron. Please use method 'is_service_role' instead.
2026-05-19 04:09:47.894 10 INFO neutron.db.ovn_revision_numbers_db [None req-f3bb1a68-8609-4f3b-9a43-244680809289 f77b760cfffc4917925ca7502c2aaccd 35cb3bd5217649d8b8ad9932c17d036d - - default default] Successfully bumped revision number for resource 46767b19-c8a7-4f04-b5f1-808daea7a61e (type: router_ports) to 1
2026-05-19 04:09:47.900 10 INFO neutron.api.wsgi [None req-f3bb1a68-8609-4f3b-9a43-244680809289 f77b760cfffc4917925ca7502c2aaccd 35cb3bd5217649d8b8ad9932c17d036d - - default default] 10.0.0.238 "PUT /v2.0/routers/350feceb-3d3f-4d00-af42-240750553c3e/add_router_interface HTTP/1.1" status: 200 len: 503 time: 2.3344433
2026-05-19 04:09:48.021 10 INFO neutron.db.ovn_revision_numbers_db [req-2e5bff14-1e78-4bf3-8e0d-22e29221c92b req-c270438a-b9ff-47dd-a2e7-e1404fc4c33b 8eb85521cf7d44c69f42056105509266 7230dc74cfd74946a4a2b33c47375de1 - - default default] Successfully bumped revision number for resource 6221be08-9499-4410-bd82-e45da7577827 (type: security_group_rules) to 0
2026-05-19 04:09:48.050 10 INFO neutron.api.wsgi [req-2e5bff14-1e78-4bf3-8e0d-22e29221c92b req-c270438a-b9ff-47dd-a2e7-e1404fc4c33b 8eb85521cf7d44c69f42056105509266 7230dc74cfd74946a4a2b33c47375de1 - - default default] 10.0.0.160 "POST /v2.0/security-group-rules HTTP/1.1" status: 201 len: 823 time: 0.1608140
2026-05-19 04:09:48.136 9 INFO neutron.api.wsgi [req-5c83e42b-93f3-413f-9b04-d3a64af334c1 req-dbe88a3a-f69a-4015-be28-aa529294d6be 8eb85521cf7d44c69f42056105509266 7230dc74cfd74946a4a2b33c47375de1 - - default default] 10.0.0.160 "GET /v2.0/security-groups/c6b31138-c227-403b-84df-b14168a9a975 HTTP/1.1" status: 200 len: 3141 time: 0.0580399
2026-05-19 04:09:48.170 10 INFO neutron.api.wsgi [req-a308fdef-c82a-4723-8377-dc503eb56f3e req-672ee3cd-e98d-4480-acfa-a89cb6ef007f 8eb85521cf7d44c69f42056105509266 7230dc74cfd74946a4a2b33c47375de1 - - default default] 10.0.0.160 "GET /v2.0/security-group-rules/6221be08-9499-4410-bd82-e45da7577827 HTTP/1.1" status: 200 len: 815 time: 0.0161757
2026-05-19 04:09:48.208 10 INFO neutron.api.wsgi [req-a308fdef-c82a-4723-8377-dc503eb56f3e req-ea389402-8aac-4de2-85fa-7679f50096f7 8eb85521cf7d44c69f42056105509266 7230dc74cfd74946a4a2b33c47375de1 - - default default] 10.0.0.160 "GET /v2.0/security-groups/c6b31138-c227-403b-84df-b14168a9a975 HTTP/1.1" status: 200 len: 3141 time: 0.0291114
2026-05-19 04:09:48.343 10 INFO neutron.api.wsgi [req-a308fdef-c82a-4723-8377-dc503eb56f3e req-99bdd49c-f420-4ea9-8f05-ede0ac9a121a 8eb85521cf7d44c69f42056105509266 7230dc74cfd74946a4a2b33c47375de1 - - default default] 10.0.0.160 "DELETE /v2.0/security-group-rules/6221be08-9499-4410-bd82-e45da7577827 HTTP/1.1" status: 204 len: 173 time: 0.1260786
2026-05-19 04:09:48.388 10 INFO neutron.api.wsgi [req-0bf5106e-edad-40c0-8779-79aed40cad1a req-cda353ad-c096-4c37-aef0-55a1052d3ef6 8eb85521cf7d44c69f42056105509266 7230dc74cfd74946a4a2b33c47375de1 - - default default] 10.0.0.160 "GET /v2.0/security-groups/c6b31138-c227-403b-84df-b14168a9a975 HTTP/1.1" status: 200 len: 2511 time: 0.0238380
2026-05-19 04:09:48.501 10 INFO neutron.api.wsgi [req-0bf5106e-edad-40c0-8779-79aed40cad1a req-525b01c6-46b2-4185-9e8d-4c60d0753206 8eb85521cf7d44c69f42056105509266 7230dc74cfd74946a4a2b33c47375de1 - - default default] 10.0.0.160 "DELETE /v2.0/security-groups/c6b31138-c227-403b-84df-b14168a9a975 HTTP/1.1" status: 204 len: 173 time: 0.1073918
2026-05-19 04:09:48.532 10 WARNING neutron_lib.context [None req-c0de25f4-2ed2-4440-a680-9f8382e7fcb1 d88d58978ec24dd1a4a1ffc5d123254b 111194f18d9445be885d61c6884ad82e - - default default] Method 'is_advsvc' is deprecated since 2023.2 release (neutron-lib 3.8.0) and will be removed once support for the old RBAC API policies will be removed from Neutron. Please use method 'is_service_role' instead.
2026-05-19 04:09:48.549 10 INFO neutron.api.wsgi [req-41ac7654-ebf6-40c0-9519-f70da2ac2904 req-58319aab-4927-4b43-8c08-b4ca3d91becf 8eb85521cf7d44c69f42056105509266 7230dc74cfd74946a4a2b33c47375de1 - - default default] 10.0.0.160 "GET /v2.0/security-groups/c2b36c64-a903-4c44-bd80-5412fc288318 HTTP/1.1" status: 200 len: 2509 time: 0.0290074
2026-05-19 04:09:48.678 10 INFO neutron.db.ovn_revision_numbers_db [None req-c0de25f4-2ed2-4440-a680-9f8382e7fcb1 d88d58978ec24dd1a4a1ffc5d123254b 111194f18d9445be885d61c6884ad82e - - default default] Successfully bumped revision number for resource 7d2d5077-1110-409e-aa3b-3daf2153ac58 (type: security_groups) to 1
2026-05-19 04:09:48.697 10 INFO neutron.db.ovn_revision_numbers_db [None req-c0de25f4-2ed2-4440-a680-9f8382e7fcb1 d88d58978ec24dd1a4a1ffc5d123254b 111194f18d9445be885d61c6884ad82e - - default default] Successfully bumped revision number for resource 320fbe61-5b5b-43ee-96b8-743d465d8a8c (type: security_group_rules) to 0
2026-05-19 04:09:48.701 10 INFO neutron.api.wsgi [req-41ac7654-ebf6-40c0-9519-f70da2ac2904 req-eb40bccb-71ee-4366-898d-f8c3ab9fba38 8eb85521cf7d44c69f42056105509266 7230dc74cfd74946a4a2b33c47375de1 - - default default] 10.0.0.160 "DELETE /v2.0/security-groups/c2b36c64-a903-4c44-bd80-5412fc288318 HTTP/1.1" status: 204 len: 173 time: 0.1464660
2026-05-19 04:09:48.721 10 INFO neutron.db.ovn_revision_numbers_db [None req-c0de25f4-2ed2-4440-a680-9f8382e7fcb1 d88d58978ec24dd1a4a1ffc5d123254b 111194f18d9445be885d61c6884ad82e - - default default] Successfully bumped revision number for resource 419795e9-47e2-4d1e-a30e-2942e04135f4 (type: security_group_rules) to 0
2026-05-19 04:09:48.765 10 INFO neutron.api.wsgi [None req-c0de25f4-2ed2-4440-a680-9f8382e7fcb1 d88d58978ec24dd1a4a1ffc5d123254b 111194f18d9445be885d61c6884ad82e - - default default] 10.0.0.238 "POST /v2.0/security-groups HTTP/1.1" status: 201 len: 1860 time: 0.2375526
2026-05-19 04:09:48.777 10 WARNING neutron_lib.context [None req-158d6426-8f17-40ff-a07e-a7ff1faa2f5f d88d58978ec24dd1a4a1ffc5d123254b 111194f18d9445be885d61c6884ad82e - - default default] Method 'is_advsvc' is deprecated since 2023.2 release (neutron-lib 3.8.0) and will be removed once support for the old RBAC API policies will be removed from Neutron. Please use method 'is_service_role' instead.
2026-05-19 04:09:49.019 10 INFO neutron.db.ovn_revision_numbers_db [None req-158d6426-8f17-40ff-a07e-a7ff1faa2f5f d88d58978ec24dd1a4a1ffc5d123254b 111194f18d9445be885d61c6884ad82e - - default default] Successfully bumped revision number for resource fa754d39-a597-457b-9c0e-4b937ecd2199 (type: security_group_rules) to 0
2026-05-19 04:09:49.057 10 INFO neutron.api.wsgi [None req-158d6426-8f17-40ff-a07e-a7ff1faa2f5f d88d58978ec24dd1a4a1ffc5d123254b 111194f18d9445be885d61c6884ad82e - - default default] 10.0.0.238 "POST /v2.0/security-group-rules HTTP/1.1" status: 201 len: 796 time: 0.2838385
2026-05-19 04:09:49.067 9 WARNING neutron_lib.context [None req-53703af8-afa4-48f5-bd3c-6b773eebf95b d88d58978ec24dd1a4a1ffc5d123254b 111194f18d9445be885d61c6884ad82e - - default default] Method 'is_advsvc' is deprecated since 2023.2 release (neutron-lib 3.8.0) and will be removed once support for the old RBAC API policies will be removed from Neutron. Please use method 'is_service_role' instead.
2026-05-19 04:09:49.190 9 INFO neutron.db.ovn_revision_numbers_db [None req-53703af8-afa4-48f5-bd3c-6b773eebf95b d88d58978ec24dd1a4a1ffc5d123254b 111194f18d9445be885d61c6884ad82e - - default default] Successfully bumped revision number for resource 0e8879c9-33c9-41ff-96b6-279d85c6f6e0 (type: security_group_rules) to 0
2026-05-19 04:09:49.227 9 INFO neutron.api.wsgi [None req-53703af8-afa4-48f5-bd3c-6b773eebf95b d88d58978ec24dd1a4a1ffc5d123254b 111194f18d9445be885d61c6884ad82e - - default default] 10.0.0.238 "POST /v2.0/security-group-rules HTTP/1.1" status: 201 len: 801 time: 0.1649213
2026-05-19 04:09:49.241 9 WARNING neutron_lib.context [None req-7908fec1-2c46-4f03-a824-88e9b975a4e1 d88d58978ec24dd1a4a1ffc5d123254b 111194f18d9445be885d61c6884ad82e - - default default] Method 'is_advsvc' is deprecated since 2023.2 release (neutron-lib 3.8.0) and will be removed once support for the old RBAC API policies will be removed from Neutron. Please use method 'is_service_role' instead.
2026-05-19 04:09:49.448 9 WARNING neutron.scheduler.dhcp_agent_scheduler [None req-7908fec1-2c46-4f03-a824-88e9b975a4e1 d88d58978ec24dd1a4a1ffc5d123254b 111194f18d9445be885d61c6884ad82e - - default default] No more DHCP agents
2026-05-19 04:09:49.450 9 WARNING neutron.api.rpc.agentnotifiers.dhcp_rpc_agent_api [None req-7908fec1-2c46-4f03-a824-88e9b975a4e1 d88d58978ec24dd1a4a1ffc5d123254b 111194f18d9445be885d61c6884ad82e - - default default] Unable to schedule network 2488a5c5-3a77-416a-9b17-71dfc3b2bd90: no agents available; will retry on subsequent port and subnet creation events.
2026-05-19 04:09:49.700 9 INFO neutron.api.wsgi [None req-7908fec1-2c46-4f03-a824-88e9b975a4e1 d88d58978ec24dd1a4a1ffc5d123254b 111194f18d9445be885d61c6884ad82e - - default default] 10.0.0.238 "POST /v2.0/floatingips HTTP/1.1" status: 201 len: 751 time: 0.4650314
2026-05-19 04:09:49.920 10 INFO neutron.api.wsgi [None req-d60e2981-ba44-49f9-97dc-e9c0d28043a6 f77b760cfffc4917925ca7502c2aaccd 35cb3bd5217649d8b8ad9932c17d036d - - default default] 10.0.0.238 "PUT /v2.0/routers/56da7258-3f3b-4c02-baf3-8a1aa6a195bd/remove_router_interface HTTP/1.1" status: 200 len: 503 time: 1.2123680 /var/lib/openstack/lib/python3.12/site-packages/pycadf/identifier.py:71: UserWarning: Invalid uuid: neutron. To ensure interoperability, identifiers should be a valid uuid. warnings.warn(('Invalid uuid: %s. To ensure interoperability, '
2026-05-19 04:09:50.130 9 WARNING neutron.plugins.ml2.drivers.ovn.mech_driver.ovsdb.ovn_client [None req-8ce9acde-007d-482f-b2c4-8552e88bc6fa - - - - - -] No hosting information found for port c8bb88cc-a197-488f-9e56-64d87f854da3: RuntimeError: No hosting information found for port c8bb88cc-a197-488f-9e56-64d87f854da3
2026-05-19 04:09:50.131 9 INFO neutron.plugins.ml2.drivers.ovn.mech_driver.mech_driver [None req-8ce9acde-007d-482f-b2c4-8552e88bc6fa - - - - - -] OVN reports status up for port: a95b0f56-1990-4270-b2d0-2b2d3523bd0a
2026-05-19 04:09:50.165 9 INFO neutron.api.wsgi [req-0bf2a91f-feae-4fb3-9279-1d30e63e3ef6 req-10dd528d-6063-4339-9177-5ed85d435738 d88d58978ec24dd1a4a1ffc5d123254b 111194f18d9445be885d61c6884ad82e - - default default] 10.0.0.160 "GET /v2.0/security-groups?name=tempest-securitygroup--637333285&fields=id&tenant_id=111194f18d9445be885d61c6884ad82e HTTP/1.1" status: 200 len: 267 time: 0.0534706
2026-05-19 04:09:50.227 9 INFO neutron.api.wsgi [req-0bf2a91f-feae-4fb3-9279-1d30e63e3ef6 req-fe11669f-3813-4a42-9a46-8c8212ebd85c d88d58978ec24dd1a4a1ffc5d123254b 111194f18d9445be885d61c6884ad82e - - default default] 10.0.0.160 "GET /v2.0/networks?id=d76f4a31-5ea5-43be-a3e7-3d528e5811c5 HTTP/1.1" status: 200 len: 874 time: 0.0566554
2026-05-19 04:09:50.251 9 INFO neutron.api.wsgi [req-0bf2a91f-feae-4fb3-9279-1d30e63e3ef6 req-be81e205-d5be-4233-93aa-f370f5bac3d5 d88d58978ec24dd1a4a1ffc5d123254b 111194f18d9445be885d61c6884ad82e - - default default] 10.0.0.160 "GET /v2.0/quotas/111194f18d9445be885d61c6884ad82e HTTP/1.1" status: 200 len: 491 time: 0.0117497
2026-05-19 04:09:50.291 9 INFO neutron.db.ovn_revision_numbers_db [None req-8ce9acde-007d-482f-b2c4-8552e88bc6fa - - - - - -] Successfully bumped revision number for resource c8bb88cc-a197-488f-9e56-64d87f854da3 (type: router_ports) to 2
2026-05-19 04:09:50.298 9 INFO neutron.plugins.ml2.drivers.ovn.mech_driver.mech_driver [None req-8ce9acde-007d-482f-b2c4-8552e88bc6fa - - - - - -] OVN reports status up for port: 103c6d88-06e3-47fa-b8ca-02da9f6e1424
2026-05-19 04:09:50.311 9 INFO neutron.plugins.ml2.plugin [None req-8ce9acde-007d-482f-b2c4-8552e88bc6fa - - - - - -] Attempt 1 to provision port 103c6d88-06e3-47fa-b8ca-02da9f6e1424
2026-05-19 04:09:50.336 9 INFO neutron.api.wsgi [req-0bf2a91f-feae-4fb3-9279-1d30e63e3ef6 req-870f7e69-f253-49bd-ab82-c5ef5d401af7 d88d58978ec24dd1a4a1ffc5d123254b 111194f18d9445be885d61c6884ad82e - - default default] 10.0.0.160 "GET /v2.0/ports?tenant_id=111194f18d9445be885d61c6884ad82e&fields=id HTTP/1.1" status: 200 len: 302 time: 0.0806191
2026-05-19 04:09:50.375 9 INFO neutron.plugins.ml2.drivers.ovn.mech_driver.mech_driver [None req-8ce9acde-007d-482f-b2c4-8552e88bc6fa - - - - - -] OVN reports status up for port: 46767b19-c8a7-4f04-b5f1-808daea7a61e
2026-05-19 04:09:50.382 9 INFO neutron.plugins.ml2.plugin [None req-8ce9acde-007d-482f-b2c4-8552e88bc6fa - - - - - -] Attempt 1 to provision port 46767b19-c8a7-4f04-b5f1-808daea7a61e
2026-05-19 04:09:50.552 10 INFO neutron.api.wsgi [None req-31c21fc0-48d7-48fb-95cf-ca34d7c8e585 f77b760cfffc4917925ca7502c2aaccd 35cb3bd5217649d8b8ad9932c17d036d - - default default] 10.0.0.238 "DELETE /v2.0/routers/56da7258-3f3b-4c02-baf3-8a1aa6a195bd HTTP/1.1" status: 204 len: 168 time: 0.6281075
2026-05-19 04:09:50.749 9 INFO neutron.db.ovn_revision_numbers_db [None req-8ce9acde-007d-482f-b2c4-8552e88bc6fa - - - - - -] Successfully bumped revision number for resource 46767b19-c8a7-4f04-b5f1-808daea7a61e (type: ports) to 2
2026-05-19 04:09:50.844 10 INFO neutron.api.wsgi [None req-3f70a62f-1999-4e45-b7f4-1fe2965ec440 f77b760cfffc4917925ca7502c2aaccd 35cb3bd5217649d8b8ad9932c17d036d - - default default] 10.0.0.238 "DELETE /v2.0/subnets/fa00f01f-bffa-42cc-acf1-29ba5277c560 HTTP/1.1" status: 204 len: 168 time: 0.2842460
2026-05-19 04:09:50.884 9 INFO neutron.api.wsgi [req-0bf2a91f-feae-4fb3-9279-1d30e63e3ef6 req-c46111b7-e236-443a-87bb-907efd5a8ca6 c834e764410548f794cde0c82596473f e685a53ef7874751b59cb65199d00e90 - - 7ea3e3be34a04c748fa51567ef9afceb 7ea3e3be34a04c748fa51567ef9afceb] 10.0.0.160 "GET /v2.0/extensions HTTP/1.1" status: 200 len: 19298 time: 0.1529248
2026-05-19 04:09:50.922 9 INFO neutron.api.wsgi [req-0bf2a91f-feae-4fb3-9279-1d30e63e3ef6 req-345a6760-92e7-4cc8-b193-ecb45d6fbf91 c834e764410548f794cde0c82596473f e685a53ef7874751b59cb65199d00e90 - - 7ea3e3be34a04c748fa51567ef9afceb 7ea3e3be34a04c748fa51567ef9afceb] 10.0.0.160 "GET /v2.0/networks/d76f4a31-5ea5-43be-a3e7-3d528e5811c5?fields=segments HTTP/1.1" status: 200 len: 212 time: 0.0341017
2026-05-19 04:09:50.962 9 INFO neutron.api.wsgi [req-0bf2a91f-feae-4fb3-9279-1d30e63e3ef6 req-0517f3ff-b83f-4578-86e4-ded6a1efb4dd c834e764410548f794cde0c82596473f e685a53ef7874751b59cb65199d00e90 - - 7ea3e3be34a04c748fa51567ef9afceb 7ea3e3be34a04c748fa51567ef9afceb] 10.0.0.160 "GET /v2.0/networks/d76f4a31-5ea5-43be-a3e7-3d528e5811c5?fields=provider%3Aphysical_network&fields=provider%3Anetwork_type HTTP/1.1" status: 200 len: 277 time: 0.0328965
2026-05-19 04:09:51.162 10 INFO neutron.api.wsgi [req-f11380ee-a98a-4f03-aecd-19ad60f76964 req-cbb1b44b-d86e-4b59-879a-c75b44fdd66a d88d58978ec24dd1a4a1ffc5d123254b 111194f18d9445be885d61c6884ad82e - - default default] 10.0.0.160 "GET /v2.0/ports?device_id=331c2c36-d2da-4a66-9c4e-5babb8e0a597 HTTP/1.1" status: 200 len: 210 time: 0.0575726
2026-05-19 04:09:51.248 10 INFO neutron.api.wsgi [None req-a10f97bc-4a9f-4009-8755-5e3c2ef2926e f77b760cfffc4917925ca7502c2aaccd 35cb3bd5217649d8b8ad9932c17d036d - - default default] 10.0.0.238 "DELETE /v2.0/networks/52f8644a-ee73-4b41-8d5b-1440cb8d548c HTTP/1.1" status: 204 len: 168 time: 0.3984320
2026-05-19 04:09:51.447 10 INFO neutron.api.wsgi [None req-9266d03b-fa01-42c3-aa1f-48f23f6092bf f77b760cfffc4917925ca7502c2aaccd 35cb3bd5217649d8b8ad9932c17d036d - - default default] 10.0.0.238 "GET /v2.0/security-groups?tenant_id=7230dc74cfd74946a4a2b33c47375de1&name=default HTTP/1.1" status: 200 len: 3116 time: 0.0368829
2026-05-19 04:09:51.449 9 INFO neutron.api.wsgi [req-e393c1c3-c9c3-4bcb-96d7-c2d7e7885a8a req-14e3b182-2cf4-492a-bc96-73e0a413a5b7 c0a831bd50344ee1987c71edb520472e ec2728b47b934aafb494f225505645e0 - - default default] 10.0.0.160 "GET /v2.0/security-groups?name=tempest-securitygroup--1272136309&fields=id&tenant_id=ec2728b47b934aafb494f225505645e0 HTTP/1.1" status: 200 len: 267 time: 0.0413613
2026-05-19 04:09:51.460 9 INFO neutron.db.ovn_revision_numbers_db [None req-52f8e1e6-ee51-4089-86cf-ad297223be6d f77b760cfffc4917925ca7502c2aaccd 35cb3bd5217649d8b8ad9932c17d036d - - default default] Successfully bumped revision number for resource 193f5153-590d-4e49-b5f7-d77ea1f8bab1 (type: security_groups) to 1
2026-05-19 04:09:51.476 9 INFO neutron.db.ovn_revision_numbers_db [None req-52f8e1e6-ee51-4089-86cf-ad297223be6d f77b760cfffc4917925ca7502c2aaccd 35cb3bd5217649d8b8ad9932c17d036d - - default default] Successfully bumped revision number for resource 04aad9bc-ae1a-4e05-94d8-6c76147202f3 (type: security_group_rules) to 0
2026-05-19 04:09:51.492 9 INFO neutron.db.ovn_revision_numbers_db [None req-52f8e1e6-ee51-4089-86cf-ad297223be6d f77b760cfffc4917925ca7502c2aaccd 35cb3bd5217649d8b8ad9932c17d036d - - default default] Successfully bumped revision number for resource 40254dd8-9fca-414a-ac1f-f5108652fcec (type: security_group_rules) to 0
2026-05-19 04:09:51.509 9 INFO neutron.db.ovn_revision_numbers_db [None req-52f8e1e6-ee51-4089-86cf-ad297223be6d f77b760cfffc4917925ca7502c2aaccd 35cb3bd5217649d8b8ad9932c17d036d - - default default] Successfully bumped revision number for resource b7c3db2b-c222-43ab-946e-433ae99dc16b (type: security_group_rules) to 0
2026-05-19 04:09:51.518 9 INFO neutron.api.wsgi [req-e393c1c3-c9c3-4bcb-96d7-c2d7e7885a8a req-6a8a9e77-025c-486e-b6e3-0fd35c911296 c0a831bd50344ee1987c71edb520472e ec2728b47b934aafb494f225505645e0 - - default default] 10.0.0.160 "GET /v2.0/networks?id=d40b00c1-95bf-4c1b-a9b8-3d4d2bb452ea HTTP/1.1" status: 200 len: 878 time: 0.0635180
2026-05-19 04:09:51.526 10 INFO neutron.api.wsgi [-] 10.0.0.52 "GET / HTTP/1.1" status: 200 len: 247 time: 0.0018821
2026-05-19 04:09:51.528 10 INFO neutron.api.wsgi [-] 10.0.0.52 "GET / HTTP/1.1" status: 200 len: 247 time: 0.0013149
2026-05-19 04:09:51.530 9 INFO neutron.db.ovn_revision_numbers_db [None req-52f8e1e6-ee51-4089-86cf-ad297223be6d f77b760cfffc4917925ca7502c2aaccd 35cb3bd5217649d8b8ad9932c17d036d - - default default] Successfully bumped revision number for resource d61af40f-c651-48b1-8fa7-1b2345f61871 (type: security_group_rules) to 0
2026-05-19 04:09:51.533 9 INFO neutron.api.wsgi [req-e393c1c3-c9c3-4bcb-96d7-c2d7e7885a8a req-e7160fdc-b31d-49a9-aea1-0aacd1982710 c0a831bd50344ee1987c71edb520472e ec2728b47b934aafb494f225505645e0 - - default default] 10.0.0.160 "GET /v2.0/quotas/ec2728b47b934aafb494f225505645e0 HTTP/1.1" status: 200 len: 491 time: 0.0097535
2026-05-19 04:09:51.588 9 INFO neutron.api.wsgi [None req-52f8e1e6-ee51-4089-86cf-ad297223be6d f77b760cfffc4917925ca7502c2aaccd 35cb3bd5217649d8b8ad9932c17d036d - - default default] 10.0.0.238 "GET /v2.0/security-groups?tenant_id=44d10d1b51fb4a68a2483beea2875204&name=default HTTP/1.1" status: 200 len: 3120 time: 0.3575869
2026-05-19 04:09:51.628 9 INFO neutron.api.wsgi [req-e393c1c3-c9c3-4bcb-96d7-c2d7e7885a8a req-ba9c0cdb-abd1-4383-a776-ef3b51144a04 c0a831bd50344ee1987c71edb520472e ec2728b47b934aafb494f225505645e0 - - default default] 10.0.0.160 "GET /v2.0/ports?tenant_id=ec2728b47b934aafb494f225505645e0&fields=id HTTP/1.1" status: 200 len: 302 time: 0.0875800
2026-05-19 04:09:51.675 10 INFO neutron.services.segments.plugin [-] Segment ad7ddb4a-6006-4b79-8095-dc7cffa9affa resource provider aggregate not found
2026-05-19 04:09:51.687 10 INFO neutron.api.wsgi [None req-513f9633-43cc-47fd-97aa-c28b7a6cd38a f77b760cfffc4917925ca7502c2aaccd 35cb3bd5217649d8b8ad9932c17d036d - - default default] 10.0.0.238 "DELETE /v2.0/security-groups/02a9bb2e-4a39-4310-8333-cfd7d2ad7e2b HTTP/1.1" status: 204 len: 168 time: 0.2362108
2026-05-19 04:09:51.691 9 INFO neutron.api.wsgi [req-e393c1c3-c9c3-4bcb-96d7-c2d7e7885a8a req-e4278ae9-a393-4900-9276-68ad682823a1 c834e764410548f794cde0c82596473f e685a53ef7874751b59cb65199d00e90 - - 7ea3e3be34a04c748fa51567ef9afceb 7ea3e3be34a04c748fa51567ef9afceb] 10.0.0.160 "GET /v2.0/networks/d40b00c1-95bf-4c1b-a9b8-3d4d2bb452ea?fields=segments HTTP/1.1" status: 200 len: 212 time: 0.0518665
2026-05-19 04:09:51.694 10 INFO neutron.services.segments.plugin [-] Segment ad7ddb4a-6006-4b79-8095-dc7cffa9affa resource provider not found; error: Placement Client Error (4xx): {"errors": [{"status": 404, "title": "Not Found", "detail": "The resource could not be found.\n\n No resource provider with uuid ad7ddb4a-6006-4b79-8095-dc7cffa9affa found for delete ", "request_id": "req-bbdf0bcf-8cb2-4ea4-b062-f9ab9b26f876"}]}
2026-05-19 04:09:51.715 10 INFO neutron.services.segments.plugin [-] Segment ad7ddb4a-6006-4b79-8095-dc7cffa9affa resource provider aggregate not found
2026-05-19 04:09:51.734 10 INFO neutron.services.segments.plugin [-] Segment ad7ddb4a-6006-4b79-8095-dc7cffa9affa resource provider not found; error: Placement Client Error (4xx): {"errors": [{"status": 404, "title": "Not Found", "detail": "The resource could not be found.\n\n No resource provider with uuid ad7ddb4a-6006-4b79-8095-dc7cffa9affa found for delete ", "request_id": "req-9dc91e25-ab6b-49fe-ab3b-3cbe8dc2cf69"}]}
2026-05-19 04:09:51.741 9 INFO neutron.api.wsgi [req-e393c1c3-c9c3-4bcb-96d7-c2d7e7885a8a req-0ee5da2f-a6f5-4815-99a0-71dfe46ed368 c834e764410548f794cde0c82596473f e685a53ef7874751b59cb65199d00e90 - - 7ea3e3be34a04c748fa51567ef9afceb 7ea3e3be34a04c748fa51567ef9afceb] 10.0.0.160 "GET /v2.0/networks/d40b00c1-95bf-4c1b-a9b8-3d4d2bb452ea?fields=provider%3Aphysical_network&fields=provider%3Anetwork_type HTTP/1.1" status: 200 len: 277 time: 0.0462778
2026-05-19 04:09:51.786 9 INFO neutron.api.wsgi [None req-74b96480-ca29-479a-b90d-9d3835bc41a3 f77b760cfffc4917925ca7502c2aaccd 35cb3bd5217649d8b8ad9932c17d036d - - default default] 10.0.0.238 "DELETE /v2.0/security-groups/193f5153-590d-4e49-b5f7-d77ea1f8bab1 HTTP/1.1" status: 204 len: 168 time: 0.1915963
2026-05-19 04:09:52.038 10 INFO neutron.api.wsgi [req-284e2eba-520d-4b19-8d58-2ffcc3866f6b req-55edb1e7-e8c5-46e2-963a-ab995f8454be c0a831bd50344ee1987c71edb520472e ec2728b47b934aafb494f225505645e0 - - default default] 10.0.0.160 "GET /v2.0/ports?device_id=a9c3fa4e-df7b-41c3-ad6d-68866671c230 HTTP/1.1" status: 200 len: 210 time: 0.0198624
2026-05-19 04:09:52.074 10 INFO neutron.db.ovn_revision_numbers_db [None req-0fd7c9c3-ce12-4856-9bfe-a0b66653388e f77b760cfffc4917925ca7502c2aaccd 35cb3bd5217649d8b8ad9932c17d036d - - default default] Successfully bumped revision number for resource 6ccfecd4-e8d8-4efb-8e53-9af8abbe0bc9 (type: security_groups) to 1
2026-05-19 04:09:52.089 10 INFO neutron.db.ovn_revision_numbers_db [None req-0fd7c9c3-ce12-4856-9bfe-a0b66653388e f77b760cfffc4917925ca7502c2aaccd 35cb3bd5217649d8b8ad9932c17d036d - - default default] Successfully bumped revision number for resource 278bc51a-f475-405c-969d-80f302eca628 (type: security_group_rules) to 0
2026-05-19 04:09:52.111 10 INFO neutron.db.ovn_revision_numbers_db [None req-0fd7c9c3-ce12-4856-9bfe-a0b66653388e f77b760cfffc4917925ca7502c2aaccd 35cb3bd5217649d8b8ad9932c17d036d - - default default] Successfully bumped revision number for resource 44eae45f-9f13-4dfe-904b-72550922c004 (type: security_group_rules) to 0
2026-05-19 04:09:52.128 10 INFO neutron.db.ovn_revision_numbers_db [None req-0fd7c9c3-ce12-4856-9bfe-a0b66653388e f77b760cfffc4917925ca7502c2aaccd 35cb3bd5217649d8b8ad9932c17d036d - - default default] Successfully bumped revision number for resource 5090b16b-bed9-4c5f-bd80-98b5a879d95e (type: security_group_rules) to 0
2026-05-19 04:09:52.147 10 INFO neutron.db.ovn_revision_numbers_db [None req-0fd7c9c3-ce12-4856-9bfe-a0b66653388e f77b760cfffc4917925ca7502c2aaccd 35cb3bd5217649d8b8ad9932c17d036d - - default default] Successfully bumped revision number for resource c20e939d-629b-496c-8d2c-04e6b59d192f (type: security_group_rules) to 0
2026-05-19 04:09:52.185 10 INFO neutron.api.wsgi [None req-0fd7c9c3-ce12-4856-9bfe-a0b66653388e f77b760cfffc4917925ca7502c2aaccd 35cb3bd5217649d8b8ad9932c17d036d - - default default] 10.0.0.238 "GET /v2.0/security-groups?tenant_id=1eaf6a0168344279a772a7458f6cd370&name=default HTTP/1.1" status: 200 len: 3120 time: 0.2586987
2026-05-19 04:09:52.282 9 INFO neutron.api.wsgi [req-d0df3c31-0730-463b-b6b4-a4b40646c73f req-2a8de69f-1664-411f-a41d-0c71ef8bb055 d88d58978ec24dd1a4a1ffc5d123254b 111194f18d9445be885d61c6884ad82e - - default default] 10.0.0.160 "GET /v2.0/ports?device_id=331c2c36-d2da-4a66-9c4e-5babb8e0a597 HTTP/1.1" status: 200 len: 210 time: 0.0279934
2026-05-19 04:09:52.367 10 INFO neutron.api.wsgi [None req-496cb2d1-1888-47fd-8e9f-7b39dbe1ec18 f77b760cfffc4917925ca7502c2aaccd 35cb3bd5217649d8b8ad9932c17d036d - - default default] 10.0.0.238 "DELETE /v2.0/security-groups/6ccfecd4-e8d8-4efb-8e53-9af8abbe0bc9 HTTP/1.1" status: 204 len: 168 time: 0.1763973
2026-05-19 04:09:53.156 10 INFO neutron.api.wsgi [req-357e08dd-1f67-48fd-8d27-d794e43019ff req-f6df5d03-1aa0-4855-a5af-57f9d8a58eb7 c0a831bd50344ee1987c71edb520472e ec2728b47b934aafb494f225505645e0 - - default default] 10.0.0.160 "GET /v2.0/ports?device_id=a9c3fa4e-df7b-41c3-ad6d-68866671c230 HTTP/1.1" status: 200 len: 210 time: 0.0221009
2026-05-19 04:09:53.369 9 INFO neutron.api.wsgi [req-852e22ee-5cee-4b65-9413-65e49ac2dba1 req-87684428-070e-4726-bb32-1cde35e109cc d88d58978ec24dd1a4a1ffc5d123254b 111194f18d9445be885d61c6884ad82e - - default default] 10.0.0.160 "GET /v2.0/ports?device_id=331c2c36-d2da-4a66-9c4e-5babb8e0a597 HTTP/1.1" status: 200 len: 210 time: 0.0213025
2026-05-19 04:09:53.635 9 INFO neutron.db.ovn_revision_numbers_db [None req-edcea072-b47d-49ea-929b-288ec9edd867 f77b760cfffc4917925ca7502c2aaccd 35cb3bd5217649d8b8ad9932c17d036d - - default default] Successfully bumped revision number for resource ecb03ef3-9307-47c8-913b-08712df0615f (type: security_groups) to 1
2026-05-19 04:09:53.647 9 INFO neutron.db.ovn_revision_numbers_db [None req-edcea072-b47d-49ea-929b-288ec9edd867 f77b760cfffc4917925ca7502c2aaccd 35cb3bd5217649d8b8ad9932c17d036d - - default default] Successfully bumped revision number for resource 0b6df61e-c461-4f6a-8b6b-9943165009fa (type: security_group_rules) to 0
2026-05-19 04:09:53.659 9 INFO neutron.db.ovn_revision_numbers_db [None req-edcea072-b47d-49ea-929b-288ec9edd867 f77b760cfffc4917925ca7502c2aaccd 35cb3bd5217649d8b8ad9932c17d036d - - default default] Successfully bumped revision number for resource 975aed20-0e6b-4f9f-87b2-80f628dfff27 (type: security_group_rules) to 0
2026-05-19 04:09:53.671 9 INFO neutron.db.ovn_revision_numbers_db [None req-edcea072-b47d-49ea-929b-288ec9edd867 f77b760cfffc4917925ca7502c2aaccd 35cb3bd5217649d8b8ad9932c17d036d - - default default] Successfully bumped revision number for resource b1fbdf3d-eced-468c-9607-34d31dba2bd1 (type: security_group_rules) to 0
2026-05-19 04:09:53.683 9 INFO neutron.db.ovn_revision_numbers_db [None req-edcea072-b47d-49ea-929b-288ec9edd867 f77b760cfffc4917925ca7502c2aaccd 35cb3bd5217649d8b8ad9932c17d036d - - default default] Successfully bumped revision number for resource ed3ea84e-b0f3-4a61-a13c-52725384c70d (type: security_group_rules) to 0
2026-05-19 04:09:53.763 9 INFO neutron.db.segments_db [None req-edcea072-b47d-49ea-929b-288ec9edd867 f77b760cfffc4917925ca7502c2aaccd 35cb3bd5217649d8b8ad9932c17d036d - - default default] Added segment 07ca9fc5-2349-49fb-895f-2b3d5b138a27 of type geneve for network da5b6915-a8b8-432d-b10b-c608cfc2ca53
2026-05-19 04:09:53.891 9 INFO neutron.db.ovn_revision_numbers_db [None req-edcea072-b47d-49ea-929b-288ec9edd867 f77b760cfffc4917925ca7502c2aaccd 35cb3bd5217649d8b8ad9932c17d036d - - default default] Successfully bumped revision number for resource da5b6915-a8b8-432d-b10b-c608cfc2ca53 (type: networks) to 1
2026-05-19 04:09:54.043 9 WARNING neutron.scheduler.dhcp_agent_scheduler [None req-edcea072-b47d-49ea-929b-288ec9edd867 f77b760cfffc4917925ca7502c2aaccd 35cb3bd5217649d8b8ad9932c17d036d - - default default] No more DHCP agents
2026-05-19 04:09:54.045 9 WARNING neutron.api.rpc.agentnotifiers.dhcp_rpc_agent_api [None req-edcea072-b47d-49ea-929b-288ec9edd867 f77b760cfffc4917925ca7502c2aaccd 35cb3bd5217649d8b8ad9932c17d036d - - default default] Unable to schedule network da5b6915-a8b8-432d-b10b-c608cfc2ca53: no agents available; will retry on subsequent port and subnet creation events.
2026-05-19 04:09:54.058 10 WARNING neutron_lib.context [None req-2265b948-2acf-479b-bc14-be3e5c625ed8 59569d0f1eca40c7b7c6811a53f7a20f b408a3cfc16643b2ae34d91037bf9d82 - - default default] Method 'is_advsvc' is deprecated since 2023.2 release (neutron-lib 3.8.0) and will be removed once support for the old RBAC API policies will be removed from Neutron. Please use method 'is_service_role' instead.
2026-05-19 04:09:54.058 10 WARNING neutron_lib.context [None req-2265b948-2acf-479b-bc14-be3e5c625ed8 59569d0f1eca40c7b7c6811a53f7a20f b408a3cfc16643b2ae34d91037bf9d82 - - default default] Method 'is_advsvc' is deprecated since 2023.2 release (neutron-lib 3.8.0) and will be removed once support for the old RBAC API policies will be removed from Neutron. Please use method 'is_service_role' instead.
2026-05-19 04:09:54.108 9 INFO neutron.db.ovn_revision_numbers_db [None req-edcea072-b47d-49ea-929b-288ec9edd867 f77b760cfffc4917925ca7502c2aaccd 35cb3bd5217649d8b8ad9932c17d036d - - default default] Successfully bumped revision number for resource bff05435-1e38-4026-a075-297cec3c0a38 (type: ports) to 1
2026-05-19 04:09:54.129 9 INFO neutron.api.wsgi [None req-edcea072-b47d-49ea-929b-288ec9edd867 f77b760cfffc4917925ca7502c2aaccd 35cb3bd5217649d8b8ad9932c17d036d - - default default] 10.0.0.238 "POST /v2.0/networks HTTP/1.1" status: 201 len: 946 time: 0.8141267
2026-05-19 04:09:54.190 10 INFO neutron.db.ovn_revision_numbers_db [None req-2265b948-2acf-479b-bc14-be3e5c625ed8 59569d0f1eca40c7b7c6811a53f7a20f b408a3cfc16643b2ae34d91037bf9d82 - - default default] Successfully bumped revision number for resource 009017b5-1848-436e-beff-7fe1d6228e29 (type: security_groups) to 1
2026-05-19 04:09:54.201 10 INFO neutron.db.ovn_revision_numbers_db [None req-2265b948-2acf-479b-bc14-be3e5c625ed8 59569d0f1eca40c7b7c6811a53f7a20f b408a3cfc16643b2ae34d91037bf9d82 - - default default] Successfully bumped revision number for resource 303a6289-7c63-469f-964a-4ee14ca65b81 (type: security_group_rules) to 0
2026-05-19 04:09:54.232 10 INFO neutron.db.ovn_revision_numbers_db [None req-2265b948-2acf-479b-bc14-be3e5c625ed8 59569d0f1eca40c7b7c6811a53f7a20f b408a3cfc16643b2ae34d91037bf9d82 - - default default] Successfully bumped revision number for resource 62ba8d27-a11f-40f1-a423-88757b734ab0 (type: security_group_rules) to 0
2026-05-19 04:09:54.234 10 INFO neutron.api.wsgi [req-af4341e2-10c7-4cd1-97d3-4f40754bdeed req-6a4c6879-05c2-4a14-9acb-3eb062d64ebd c0a831bd50344ee1987c71edb520472e ec2728b47b934aafb494f225505645e0 - - default default] 10.0.0.160 "GET /v2.0/ports?device_id=a9c3fa4e-df7b-41c3-ad6d-68866671c230 HTTP/1.1" status: 200 len: 210 time: 0.0180342
2026-05-19 04:09:54.251 10 INFO neutron.db.ovn_revision_numbers_db [None req-2265b948-2acf-479b-bc14-be3e5c625ed8 59569d0f1eca40c7b7c6811a53f7a20f b408a3cfc16643b2ae34d91037bf9d82 - - default default] Successfully bumped revision number for resource 678982e4-d1ab-4e2d-8267-b34c7a249b43 (type: security_group_rules) to 0
2026-05-19 04:09:54.266 10 INFO neutron.db.ovn_revision_numbers_db [None req-2265b948-2acf-479b-bc14-be3e5c625ed8 59569d0f1eca40c7b7c6811a53f7a20f b408a3cfc16643b2ae34d91037bf9d82 - - default default] Successfully bumped revision number for resource d099b948-64bc-4aea-a58c-fd0ffb1c22e7 (type: security_group_rules) to 0
2026-05-19 04:09:54.306 10 WARNING neutron.scheduler.dhcp_agent_scheduler [None req-e41f2da5-99d2-4354-a2f9-6fa5622610f6 f77b760cfffc4917925ca7502c2aaccd 35cb3bd5217649d8b8ad9932c17d036d - - default default] No more DHCP agents
2026-05-19 04:09:54.308 10 WARNING neutron.api.rpc.agentnotifiers.dhcp_rpc_agent_api [None req-e41f2da5-99d2-4354-a2f9-6fa5622610f6 f77b760cfffc4917925ca7502c2aaccd 35cb3bd5217649d8b8ad9932c17d036d - - default default] Unable to schedule network da5b6915-a8b8-432d-b10b-c608cfc2ca53: no agents available; will retry on subsequent port and subnet creation events.
2026-05-19 04:09:54.370 10 INFO neutron.db.segments_db [None req-2265b948-2acf-479b-bc14-be3e5c625ed8 59569d0f1eca40c7b7c6811a53f7a20f b408a3cfc16643b2ae34d91037bf9d82 - - default default] Added segment 58ad924a-a16c-4b50-9eac-4b368ee8d6dc of type geneve for network 2c1f29dd-b944-4868-8b95-ae5fb5c76c78
2026-05-19 04:09:54.449 9 INFO neutron.api.wsgi [req-2b5ba914-588f-4c8c-9dfe-b2c7425b9e07 req-552f914d-7834-45cb-8a19-25f6e3e60e4c d88d58978ec24dd1a4a1ffc5d123254b 111194f18d9445be885d61c6884ad82e - - default default] 10.0.0.160 "GET /v2.0/ports?device_id=331c2c36-d2da-4a66-9c4e-5babb8e0a597 HTTP/1.1" status: 200 len: 210 time: 0.0166199
2026-05-19 04:09:54.492 10 INFO neutron.db.segments_db [None req-2265b948-2acf-479b-bc14-be3e5c625ed8 59569d0f1eca40c7b7c6811a53f7a20f b408a3cfc16643b2ae34d91037bf9d82 - - default default] Added segment 6cfe2565-9b1d-44a0-a724-276f492496f3 of type geneve for network b2cd48b6-ff29-458f-b1c0-f764b7741336
2026-05-19 04:09:54.644 10 INFO neutron.db.ovn_revision_numbers_db [None req-2265b948-2acf-479b-bc14-be3e5c625ed8 59569d0f1eca40c7b7c6811a53f7a20f b408a3cfc16643b2ae34d91037bf9d82 - - default default] Successfully bumped revision number for resource 2c1f29dd-b944-4868-8b95-ae5fb5c76c78 (type: networks) to 1
2026-05-19 04:09:54.847 10 INFO neutron.db.ovn_revision_numbers_db [None req-088f889a-904a-496c-b5d1-3abf65b18067 - - - - - -] Successfully bumped revision number for resource bff05435-1e38-4026-a075-297cec3c0a38 (type: ports) to 2
2026-05-19 04:09:54.851 10 WARNING neutron.scheduler.dhcp_agent_scheduler [None req-2265b948-2acf-479b-bc14-be3e5c625ed8 59569d0f1eca40c7b7c6811a53f7a20f b408a3cfc16643b2ae34d91037bf9d82 - - default default] No more DHCP agents
2026-05-19 04:09:54.852 10 WARNING neutron.api.rpc.agentnotifiers.dhcp_rpc_agent_api [None req-2265b948-2acf-479b-bc14-be3e5c625ed8 59569d0f1eca40c7b7c6811a53f7a20f b408a3cfc16643b2ae34d91037bf9d82 - - default default] Unable to schedule network 2c1f29dd-b944-4868-8b95-ae5fb5c76c78: no agents available; will retry on subsequent port and subnet creation events.
2026-05-19 04:09:54.877 10 INFO neutron.db.ovn_revision_numbers_db [None req-088f889a-904a-496c-b5d1-3abf65b18067 - - - - - -] Successfully bumped revision number for resource b41c4f8e-55c2-451a-8cae-270fedc0a784 (type: subnets) to 0
2026-05-19 04:09:54.894 10 INFO neutron.api.wsgi [None req-e41f2da5-99d2-4354-a2f9-6fa5622610f6 f77b760cfffc4917925ca7502c2aaccd 35cb3bd5217649d8b8ad9932c17d036d - - default default] 10.0.0.238 "POST /v2.0/subnets HTTP/1.1" status: 201 len: 890 time: 0.7590070
2026-05-19 04:09:54.916 10 INFO neutron.db.ovn_revision_numbers_db [None req-2265b948-2acf-479b-bc14-be3e5c625ed8 59569d0f1eca40c7b7c6811a53f7a20f b408a3cfc16643b2ae34d91037bf9d82 - - default default] Successfully bumped revision number for resource 64d8eb98-84d8-4f49-b1c3-59dea9ac572b (type: ports) to 1
2026-05-19 04:09:54.979 10 INFO neutron.db.ovn_revision_numbers_db [None req-2265b948-2acf-479b-bc14-be3e5c625ed8 59569d0f1eca40c7b7c6811a53f7a20f b408a3cfc16643b2ae34d91037bf9d82 - - default default] Successfully bumped revision number for resource b2cd48b6-ff29-458f-b1c0-f764b7741336 (type: networks) to 1
2026-05-19 04:09:55.120 10 WARNING neutron.scheduler.dhcp_agent_scheduler [None req-2265b948-2acf-479b-bc14-be3e5c625ed8 59569d0f1eca40c7b7c6811a53f7a20f b408a3cfc16643b2ae34d91037bf9d82 - - default default] No more DHCP agents
2026-05-19 04:09:55.121 10 WARNING neutron.api.rpc.agentnotifiers.dhcp_rpc_agent_api [None req-2265b948-2acf-479b-bc14-be3e5c625ed8 59569d0f1eca40c7b7c6811a53f7a20f b408a3cfc16643b2ae34d91037bf9d82 - - default default] Unable to schedule network b2cd48b6-ff29-458f-b1c0-f764b7741336: no agents available; will retry on subsequent port and subnet creation events.
2026-05-19 04:09:55.163 10 INFO neutron.db.ovn_revision_numbers_db [None req-2265b948-2acf-479b-bc14-be3e5c625ed8 59569d0f1eca40c7b7c6811a53f7a20f b408a3cfc16643b2ae34d91037bf9d82 - - default default] Successfully bumped revision number for resource 2061627f-9e7d-4456-a708-f6785c65aecc (type: ports) to 1
2026-05-19 04:09:55.179 10 INFO neutron.api.wsgi [None req-2265b948-2acf-479b-bc14-be3e5c625ed8 59569d0f1eca40c7b7c6811a53f7a20f b408a3cfc16643b2ae34d91037bf9d82 - - default default] 10.0.0.238 "POST /v2.0/networks HTTP/1.1" status: 201 len: 1443 time: 1.2163970
