2026-05-19 04:13:15.050 10 INFO neutron.db.ovn_revision_numbers_db [None req-466d2393-5840-41c4-b816-cfa2ca2c42b8 f77b760cfffc4917925ca7502c2aaccd 35cb3bd5217649d8b8ad9932c17d036d - - default default] Successfully bumped revision number for resource bec42c3d-dd13-4a38-91c2-30a6d2a93a08 (type: security_group_rules) to 0
2026-05-19 04:13:15.062 10 INFO neutron.db.ovn_revision_numbers_db [None req-466d2393-5840-41c4-b816-cfa2ca2c42b8 f77b760cfffc4917925ca7502c2aaccd 35cb3bd5217649d8b8ad9932c17d036d - - default default] Successfully bumped revision number for resource e21fb170-8059-43d6-8ddf-506e55f0e108 (type: security_group_rules) to 0
2026-05-19 04:13:15.092 9 INFO neutron.api.wsgi [None req-458b5bcb-7460-4780-85b7-41deff1f1123 dd1101ec8ac148538a899b4fdc57a0e4 62484e9d1d7349edab4b65c5f26f1fa0 - - default default] 10.0.0.238 "GET /v2.0/qos/policies?tags-any=red%2Cblue HTTP/1.1" status: 200 len: 1296 time: 0.0542011
2026-05-19 04:13:15.097 10 INFO neutron.api.wsgi [None req-466d2393-5840-41c4-b816-cfa2ca2c42b8 f77b760cfffc4917925ca7502c2aaccd 35cb3bd5217649d8b8ad9932c17d036d - - default default] 10.0.0.238 "GET /v2.0/security-groups?tenant_id=5ffc7fabf9fb436aadf3903943d7d98b&name=default HTTP/1.1" status: 200 len: 3120 time: 0.2784793
2026-05-19 04:13:15.134 9 INFO neutron.api.wsgi [None req-b3b53379-c944-4773-b818-7861d1bbb9c7 dd1101ec8ac148538a899b4fdc57a0e4 62484e9d1d7349edab4b65c5f26f1fa0 - - default default] 10.0.0.238 "GET /v2.0/qos/policies?not-tags=red HTTP/1.1" status: 200 len: 913 time: 0.0384309
2026-05-19 04:13:15.156 10 INFO neutron.db.ovn_revision_numbers_db [None req-ef2f160d-5fb9-48e6-8b31-9d8a8d0c134e f77b760cfffc4917925ca7502c2aaccd 35cb3bd5217649d8b8ad9932c17d036d - - default default] Successfully bumped revision number for resource 20c37ef0-e489-48b6-8706-373a148d0a65 (type: security_groups) to 1
2026-05-19 04:13:15.171 10 INFO neutron.db.ovn_revision_numbers_db [None req-ef2f160d-5fb9-48e6-8b31-9d8a8d0c134e f77b760cfffc4917925ca7502c2aaccd 35cb3bd5217649d8b8ad9932c17d036d - - default default] Successfully bumped revision number for resource 0e10d012-a027-4c12-92b1-a41567a941e2 (type: security_group_rules) to 0
2026-05-19 04:13:15.185 10 INFO neutron.db.ovn_revision_numbers_db [None req-ef2f160d-5fb9-48e6-8b31-9d8a8d0c134e f77b760cfffc4917925ca7502c2aaccd 35cb3bd5217649d8b8ad9932c17d036d - - default default] Successfully bumped revision number for resource 61a8dbef-9540-4ac8-8d0c-248c2194608d (type: security_group_rules) to 0
2026-05-19 04:13:15.198 10 INFO neutron.db.ovn_revision_numbers_db [None req-ef2f160d-5fb9-48e6-8b31-9d8a8d0c134e f77b760cfffc4917925ca7502c2aaccd 35cb3bd5217649d8b8ad9932c17d036d - - default default] Successfully bumped revision number for resource 745f8496-b0b2-4688-a6c6-94a7fec610ec (type: security_group_rules) to 0
2026-05-19 04:13:15.204 9 INFO neutron.api.wsgi [None req-e5f1a689-16f7-431c-9254-5e03fcfd5469 dd1101ec8ac148538a899b4fdc57a0e4 62484e9d1d7349edab4b65c5f26f1fa0 - - default default] 10.0.0.238 "GET /v2.0/qos/policies?not-tags=red%2Cblue HTTP/1.1" status: 200 len: 1268 time: 0.0618458
2026-05-19 04:13:15.230 10 INFO neutron.db.ovn_revision_numbers_db [None req-ef2f160d-5fb9-48e6-8b31-9d8a8d0c134e f77b760cfffc4917925ca7502c2aaccd 35cb3bd5217649d8b8ad9932c17d036d - - default default] Successfully bumped revision number for resource 866f7c08-768e-4268-b366-96fe73a0f7c6 (type: security_group_rules) to 0
2026-05-19 04:13:15.274 10 INFO neutron.api.wsgi [None req-ef2f160d-5fb9-48e6-8b31-9d8a8d0c134e f77b760cfffc4917925ca7502c2aaccd 35cb3bd5217649d8b8ad9932c17d036d - - default default] 10.0.0.238 "GET /v2.0/security-groups?tenant_id=ba48751fb8074ff99ae41c6decdbded7&name=default HTTP/1.1" status: 200 len: 3120 time: 0.2331681
2026-05-19 04:13:15.276 9 INFO neutron.api.wsgi [None req-f48eb30c-70b2-4d59-a026-153238ec9d25 dd1101ec8ac148538a899b4fdc57a0e4 62484e9d1d7349edab4b65c5f26f1fa0 - - default default] 10.0.0.238 "GET /v2.0/qos/policies?not-tags-any=blue HTTP/1.1" status: 200 len: 1268 time: 0.0641711
2026-05-19 04:13:15.339 10 INFO neutron.api.wsgi [None req-7b0a49aa-e0dd-45fd-9308-511811c83484 f77b760cfffc4917925ca7502c2aaccd 35cb3bd5217649d8b8ad9932c17d036d - - default default] 10.0.0.238 "DELETE /v2.0/security-groups/c66dc536-213a-4a63-b011-b569a5fb343c HTTP/1.1" status: 204 len: 168 time: 0.2363868
2026-05-19 04:13:15.354 9 INFO neutron.api.wsgi [None req-46cff30b-5a10-4789-bfc0-c6b018c176d2 dd1101ec8ac148538a899b4fdc57a0e4 62484e9d1d7349edab4b65c5f26f1fa0 - - default default] 10.0.0.238 "GET /v2.0/qos/policies?not-tags-any=red%2Cblue HTTP/1.1" status: 200 len: 913 time: 0.0731595
2026-05-19 04:13:15.439 9 INFO neutron.api.wsgi [None req-633d4b9e-9ea0-47c6-894f-fd17a1c6485e 6a338d0aedde4711bd7e70b6b27c7b34 ed1098b988b3465696a5eaa7566650ee - - default default] 10.0.0.238 "DELETE /v2.0/qos/policies/9f7c25d4-e4d4-490d-91b7-cfc8b7947df5 HTTP/1.1" status: 204 len: 168 time: 0.0798576
2026-05-19 04:13:15.490 9 INFO neutron.api.wsgi [None req-20d500a5-870d-4f31-8abc-e4e7aeb979d5 6a338d0aedde4711bd7e70b6b27c7b34 ed1098b988b3465696a5eaa7566650ee - - default default] 10.0.0.238 "DELETE /v2.0/qos/policies/feead7b2-bcea-4dac-b34c-52d51f059878 HTTP/1.1" status: 204 len: 168 time: 0.0455639
2026-05-19 04:13:15.511 9 INFO neutron.api.wsgi [None req-f7a327e0-3f0d-4fe3-a774-89949f622605 f77b760cfffc4917925ca7502c2aaccd 35cb3bd5217649d8b8ad9932c17d036d - - default default] 10.0.0.238 "DELETE /v2.0/security-groups/20c37ef0-e489-48b6-8706-373a148d0a65 HTTP/1.1" status: 204 len: 168 time: 0.2304585
2026-05-19 04:13:15.522 9 INFO neutron.api.wsgi [None req-df44f98c-80ff-43e4-8f08-b897c2a3421a f77b760cfffc4917925ca7502c2aaccd 35cb3bd5217649d8b8ad9932c17d036d - - default default] 10.0.0.238 "GET /v2.0/security-groups?tenant_id=081bcbc0c7c945709d75cfacfac76528&name=default HTTP/1.1" status: 200 len: 3120 time: 0.0288932
2026-05-19 04:13:15.535 10 INFO neutron.api.wsgi [None req-4f0e1223-a021-4bd5-a85f-280b036095b5 6a338d0aedde4711bd7e70b6b27c7b34 ed1098b988b3465696a5eaa7566650ee - - default default] 10.0.0.238 "DELETE /v2.0/qos/policies/73fbb582-697d-44ec-9559-7a672a347b88 HTTP/1.1" status: 204 len: 168 time: 0.0412889
2026-05-19 04:13:15.574 10 INFO neutron.api.wsgi [None req-37ad962c-d263-410d-ad9f-2ad12c70feee 6a338d0aedde4711bd7e70b6b27c7b34 ed1098b988b3465696a5eaa7566650ee - - default default] 10.0.0.238 "DELETE /v2.0/qos/policies/23246722-a18a-43a0-8691-bdaffc737084 HTTP/1.1" status: 204 len: 168 time: 0.0358789
2026-05-19 04:13:15.615 10 INFO neutron.api.wsgi [None req-d8021770-5aef-4344-bb05-35470a5f4e9d 6a338d0aedde4711bd7e70b6b27c7b34 ed1098b988b3465696a5eaa7566650ee - - default default] 10.0.0.238 "DELETE /v2.0/qos/policies/c36cb87b-186a-4421-9172-2959e5b4a4de HTTP/1.1" status: 204 len: 168 time: 0.0349216
2026-05-19 04:13:15.715 9 INFO neutron.api.wsgi [None req-afb5c7f7-0a11-4e10-9af0-5ad208519fa4 f77b760cfffc4917925ca7502c2aaccd 35cb3bd5217649d8b8ad9932c17d036d - - default default] 10.0.0.238 "DELETE /v2.0/security-groups/764d546a-4b1a-4977-adcb-0763620aafe8 HTTP/1.1" status: 204 len: 168 time: 0.1882887
2026-05-19 04:13:15.814 10 INFO neutron.db.ovn_revision_numbers_db [None req-4e8d5d3e-6cd6-43eb-b2fb-df97cf57e124 f77b760cfffc4917925ca7502c2aaccd 35cb3bd5217649d8b8ad9932c17d036d - - default default] Successfully bumped revision number for resource b51e859b-19ff-4842-adb9-2d1cd57eed8d (type: security_groups) to 1
2026-05-19 04:13:15.825 10 INFO neutron.db.ovn_revision_numbers_db [None req-4e8d5d3e-6cd6-43eb-b2fb-df97cf57e124 f77b760cfffc4917925ca7502c2aaccd 35cb3bd5217649d8b8ad9932c17d036d - - default default] Successfully bumped revision number for resource 257f7ec3-1b0c-4e55-a426-5dde8ab4b0e6 (type: security_group_rules) to 0
2026-05-19 04:13:15.841 10 INFO neutron.db.ovn_revision_numbers_db [None req-4e8d5d3e-6cd6-43eb-b2fb-df97cf57e124 f77b760cfffc4917925ca7502c2aaccd 35cb3bd5217649d8b8ad9932c17d036d - - default default] Successfully bumped revision number for resource 75640f85-d3e0-4146-8f3f-92b702e403e6 (type: security_group_rules) to 0
2026-05-19 04:13:15.853 10 INFO neutron.db.ovn_revision_numbers_db [None req-4e8d5d3e-6cd6-43eb-b2fb-df97cf57e124 f77b760cfffc4917925ca7502c2aaccd 35cb3bd5217649d8b8ad9932c17d036d - - default default] Successfully bumped revision number for resource af10b6ad-5175-40e4-998d-3ea84cb5c2f4 (type: security_group_rules) to 0
2026-05-19 04:13:15.867 10 INFO neutron.db.ovn_revision_numbers_db [None req-4e8d5d3e-6cd6-43eb-b2fb-df97cf57e124 f77b760cfffc4917925ca7502c2aaccd 35cb3bd5217649d8b8ad9932c17d036d - - default default] Successfully bumped revision number for resource c7211157-ec0c-4526-a249-3c37559ae09e (type: security_group_rules) to 0
2026-05-19 04:13:15.904 10 INFO neutron.api.wsgi [None req-4e8d5d3e-6cd6-43eb-b2fb-df97cf57e124 f77b760cfffc4917925ca7502c2aaccd 35cb3bd5217649d8b8ad9932c17d036d - - default default] 10.0.0.238 "GET /v2.0/security-groups?tenant_id=146a344316534b1cad7cc5efdd494b26&name=default HTTP/1.1" status: 200 len: 3120 time: 0.2002118
2026-05-19 04:13:15.926 9 WARNING neutron_lib.context [None req-542480c1-fe7c-495d-866b-8fe32c935e75 d1bc5480b73a4f6bb59dc3031904ba35 dffd2bf7a3e04968ae613c45e23cf3ca - - default default] Method 'is_advsvc' is deprecated since 2023.2 release (neutron-lib 3.8.0) and will be removed once support for the old RBAC API policies will be removed from Neutron. Please use method 'is_service_role' instead.
2026-05-19 04:13:16.044 9 INFO neutron.db.ovn_revision_numbers_db [None req-542480c1-fe7c-495d-866b-8fe32c935e75 d1bc5480b73a4f6bb59dc3031904ba35 dffd2bf7a3e04968ae613c45e23cf3ca - - default default] Successfully bumped revision number for resource 00631b00-6004-458c-867a-5c7444046eb7 (type: security_groups) to 1
2026-05-19 04:13:16.059 9 INFO neutron.db.ovn_revision_numbers_db [None req-542480c1-fe7c-495d-866b-8fe32c935e75 d1bc5480b73a4f6bb59dc3031904ba35 dffd2bf7a3e04968ae613c45e23cf3ca - - default default] Successfully bumped revision number for resource 3f396657-1b58-44ec-a00f-c8889153eefc (type: security_group_rules) to 0
2026-05-19 04:13:16.073 9 INFO neutron.db.ovn_revision_numbers_db [None req-542480c1-fe7c-495d-866b-8fe32c935e75 d1bc5480b73a4f6bb59dc3031904ba35 dffd2bf7a3e04968ae613c45e23cf3ca - - default default] Successfully bumped revision number for resource 6a0ecaf5-4524-4272-aeca-578d9eb232a4 (type: security_group_rules) to 0
2026-05-19 04:13:16.085 9 INFO neutron.db.ovn_revision_numbers_db [None req-542480c1-fe7c-495d-866b-8fe32c935e75 d1bc5480b73a4f6bb59dc3031904ba35 dffd2bf7a3e04968ae613c45e23cf3ca - - default default] Successfully bumped revision number for resource be1ca9ba-4e00-49f3-b5a5-7f27194c0b29 (type: security_group_rules) to 0
2026-05-19 04:13:16.097 9 INFO neutron.db.ovn_revision_numbers_db [None req-542480c1-fe7c-495d-866b-8fe32c935e75 d1bc5480b73a4f6bb59dc3031904ba35 dffd2bf7a3e04968ae613c45e23cf3ca - - default default] Successfully bumped revision number for resource ee6bdb1c-7969-4a95-8a60-2d7eeb14f768 (type: security_group_rules) to 0
2026-05-19 04:13:16.111 10 INFO neutron.api.wsgi [None req-2ee1d653-95fc-473f-8dff-06cb3341f8f1 f77b760cfffc4917925ca7502c2aaccd 35cb3bd5217649d8b8ad9932c17d036d - - default default] 10.0.0.238 "DELETE /v2.0/security-groups/b51e859b-19ff-4842-adb9-2d1cd57eed8d HTTP/1.1" status: 204 len: 168 time: 0.2017601
2026-05-19 04:13:16.170 9 INFO neutron.db.segments_db [None req-542480c1-fe7c-495d-866b-8fe32c935e75 d1bc5480b73a4f6bb59dc3031904ba35 dffd2bf7a3e04968ae613c45e23cf3ca - - default default] Added segment f66d84c3-9bea-4d4b-8c0e-eeabe1037136 of type geneve for network 4cab8b78-f573-43d3-88f6-583b348dd456
2026-05-19 04:13:16.338 9 INFO neutron.db.ovn_revision_numbers_db [None req-542480c1-fe7c-495d-866b-8fe32c935e75 d1bc5480b73a4f6bb59dc3031904ba35 dffd2bf7a3e04968ae613c45e23cf3ca - - default default] Successfully bumped revision number for resource 4cab8b78-f573-43d3-88f6-583b348dd456 (type: networks) to 1
2026-05-19 04:13:16.508 9 WARNING neutron.scheduler.dhcp_agent_scheduler [None req-542480c1-fe7c-495d-866b-8fe32c935e75 d1bc5480b73a4f6bb59dc3031904ba35 dffd2bf7a3e04968ae613c45e23cf3ca - - default default] No more DHCP agents
2026-05-19 04:13:16.509 9 WARNING neutron.api.rpc.agentnotifiers.dhcp_rpc_agent_api [None req-542480c1-fe7c-495d-866b-8fe32c935e75 d1bc5480b73a4f6bb59dc3031904ba35 dffd2bf7a3e04968ae613c45e23cf3ca - - default default] Unable to schedule network 4cab8b78-f573-43d3-88f6-583b348dd456: no agents available; will retry on subsequent port and subnet creation events.
2026-05-19 04:13:16.579 9 INFO neutron.db.ovn_revision_numbers_db [None req-542480c1-fe7c-495d-866b-8fe32c935e75 d1bc5480b73a4f6bb59dc3031904ba35 dffd2bf7a3e04968ae613c45e23cf3ca - - default default] Successfully bumped revision number for resource 6b452b11-d3e3-4342-bb0e-853a314030bf (type: ports) to 1
2026-05-19 04:13:16.600 9 INFO neutron.api.wsgi [None req-542480c1-fe7c-495d-866b-8fe32c935e75 d1bc5480b73a4f6bb59dc3031904ba35 dffd2bf7a3e04968ae613c45e23cf3ca - - default default] 10.0.0.238 "POST /v2.0/networks HTTP/1.1" status: 201 len: 826 time: 0.8586707
2026-05-19 04:13:16.610 10 WARNING neutron_lib.context [None req-69c380e4-1100-4bf6-83aa-e71328cbe12b d1bc5480b73a4f6bb59dc3031904ba35 dffd2bf7a3e04968ae613c45e23cf3ca - - default default] Method 'is_advsvc' is deprecated since 2023.2 release (neutron-lib 3.8.0) and will be removed once support for the old RBAC API policies will be removed from Neutron. Please use method 'is_service_role' instead.
2026-05-19 04:13:16.655 10 INFO neutron.db.ovn_revision_numbers_db [None req-fceb147f-55e4-4548-b9e0-983ae051600a f77b760cfffc4917925ca7502c2aaccd 35cb3bd5217649d8b8ad9932c17d036d - - default default] Successfully bumped revision number for resource 91f89617-b2d7-4dcb-a19b-1ae812cc04b6 (type: security_groups) to 1
2026-05-19 04:13:16.668 10 INFO neutron.db.ovn_revision_numbers_db [None req-fceb147f-55e4-4548-b9e0-983ae051600a f77b760cfffc4917925ca7502c2aaccd 35cb3bd5217649d8b8ad9932c17d036d - - default default] Successfully bumped revision number for resource 01c611b2-36a8-420e-b45e-7c9544637843 (type: security_group_rules) to 0
2026-05-19 04:13:16.683 10 INFO neutron.db.ovn_revision_numbers_db [None req-fceb147f-55e4-4548-b9e0-983ae051600a f77b760cfffc4917925ca7502c2aaccd 35cb3bd5217649d8b8ad9932c17d036d - - default default] Successfully bumped revision number for resource b0762243-99d2-4a49-9ff5-8a9d0d4a0c41 (type: security_group_rules) to 0
2026-05-19 04:13:16.703 10 INFO neutron.db.ovn_revision_numbers_db [None req-fceb147f-55e4-4548-b9e0-983ae051600a f77b760cfffc4917925ca7502c2aaccd 35cb3bd5217649d8b8ad9932c17d036d - - default default] Successfully bumped revision number for resource d9492736-0051-4dde-8712-a50aeab17073 (type: security_group_rules) to 0
2026-05-19 04:13:16.723 10 INFO neutron.db.ovn_revision_numbers_db [None req-fceb147f-55e4-4548-b9e0-983ae051600a f77b760cfffc4917925ca7502c2aaccd 35cb3bd5217649d8b8ad9932c17d036d - - default default] Successfully bumped revision number for resource edfde58c-8d40-4d34-8a94-633b6bdcaac0 (type: security_group_rules) to 0
2026-05-19 04:13:16.762 10 INFO neutron.api.wsgi [None req-fceb147f-55e4-4548-b9e0-983ae051600a f77b760cfffc4917925ca7502c2aaccd 35cb3bd5217649d8b8ad9932c17d036d - - default default] 10.0.0.238 "GET /v2.0/security-groups?tenant_id=aaf739f1e8a342ae95517e72666c920a&name=default HTTP/1.1" status: 200 len: 3120 time: 0.3506703
2026-05-19 04:13:16.806 10 WARNING neutron.scheduler.dhcp_agent_scheduler [None req-69c380e4-1100-4bf6-83aa-e71328cbe12b d1bc5480b73a4f6bb59dc3031904ba35 dffd2bf7a3e04968ae613c45e23cf3ca - - default default] No more DHCP agents
2026-05-19 04:13:16.808 10 WARNING neutron.api.rpc.agentnotifiers.dhcp_rpc_agent_api [None req-69c380e4-1100-4bf6-83aa-e71328cbe12b d1bc5480b73a4f6bb59dc3031904ba35 dffd2bf7a3e04968ae613c45e23cf3ca - - default default] Unable to schedule network 4cab8b78-f573-43d3-88f6-583b348dd456: no agents available; will retry on subsequent port and subnet creation events.
2026-05-19 04:13:17.005 10 INFO neutron.api.wsgi [None req-2ddb4f01-60f3-4ae4-9378-2a0cbb03be81 f77b760cfffc4917925ca7502c2aaccd 35cb3bd5217649d8b8ad9932c17d036d - - default default] 10.0.0.238 "DELETE /v2.0/security-groups/91f89617-b2d7-4dcb-a19b-1ae812cc04b6 HTTP/1.1" status: 204 len: 168 time: 0.2375259
2026-05-19 04:13:17.246 10 INFO neutron.db.ovn_revision_numbers_db [None req-eef59be4-f831-401b-b34c-c18b6b5bba7e f77b760cfffc4917925ca7502c2aaccd 35cb3bd5217649d8b8ad9932c17d036d - - default default] Successfully bumped revision number for resource adb1247e-f253-4bcc-be95-7317547788b6 (type: security_groups) to 1
2026-05-19 04:13:17.262 10 INFO neutron.db.ovn_revision_numbers_db [None req-eef59be4-f831-401b-b34c-c18b6b5bba7e f77b760cfffc4917925ca7502c2aaccd 35cb3bd5217649d8b8ad9932c17d036d - - default default] Successfully bumped revision number for resource 589ec94b-80b5-4812-a5f1-7f5011651c7c (type: security_group_rules) to 0
2026-05-19 04:13:17.278 10 INFO neutron.db.ovn_revision_numbers_db [None req-eef59be4-f831-401b-b34c-c18b6b5bba7e f77b760cfffc4917925ca7502c2aaccd 35cb3bd5217649d8b8ad9932c17d036d - - default default] Successfully bumped revision number for resource 60562a26-2d88-48e1-b72b-97a60979af01 (type: security_group_rules) to 0
2026-05-19 04:13:17.293 10 INFO neutron.db.ovn_revision_numbers_db [None req-eef59be4-f831-401b-b34c-c18b6b5bba7e f77b760cfffc4917925ca7502c2aaccd 35cb3bd5217649d8b8ad9932c17d036d - - default default] Successfully bumped revision number for resource 6d3b340d-933d-4b07-a68d-98592019e0af (type: security_group_rules) to 0
2026-05-19 04:13:17.298 10 INFO neutron.db.ovn_revision_numbers_db [None req-e5c26bb9-6720-43ad-887d-f8b0b5f26498 - - - - - -] Successfully bumped revision number for resource 6b452b11-d3e3-4342-bb0e-853a314030bf (type: ports) to 2
2026-05-19 04:13:17.304 10 INFO neutron.db.ovn_revision_numbers_db [None req-eef59be4-f831-401b-b34c-c18b6b5bba7e f77b760cfffc4917925ca7502c2aaccd 35cb3bd5217649d8b8ad9932c17d036d - - default default] Successfully bumped revision number for resource e26c3c80-f08d-4fe0-993c-bd55e4e4396d (type: security_group_rules) to 0
2026-05-19 04:13:17.330 10 INFO neutron.db.ovn_revision_numbers_db [None req-e5c26bb9-6720-43ad-887d-f8b0b5f26498 - - - - - -] Successfully bumped revision number for resource f9cceaa8-0b88-4384-b8b1-2a9568f1ae0c (type: subnets) to 0
2026-05-19 04:13:17.347 10 INFO neutron.api.wsgi [None req-eef59be4-f831-401b-b34c-c18b6b5bba7e f77b760cfffc4917925ca7502c2aaccd 35cb3bd5217649d8b8ad9932c17d036d - - default default] 10.0.0.238 "GET /v2.0/security-groups?tenant_id=62484e9d1d7349edab4b65c5f26f1fa0&name=default HTTP/1.1" status: 200 len: 3120 time: 0.2476385
2026-05-19 04:13:17.349 10 INFO neutron.api.wsgi [None req-69c380e4-1100-4bf6-83aa-e71328cbe12b d1bc5480b73a4f6bb59dc3031904ba35 dffd2bf7a3e04968ae613c45e23cf3ca - - default default] 10.0.0.238 "POST /v2.0/subnets HTTP/1.1" status: 201 len: 825 time: 0.7435322
2026-05-19 04:13:17.359 9 WARNING neutron_lib.context [None req-de7c5ad1-47a3-4825-9bcf-e4446466b802 d1bc5480b73a4f6bb59dc3031904ba35 dffd2bf7a3e04968ae613c45e23cf3ca - - default default] Method 'is_advsvc' is deprecated since 2023.2 release (neutron-lib 3.8.0) and will be removed once support for the old RBAC API policies will be removed from Neutron. Please use method 'is_service_role' instead.
2026-05-19 04:13:17.556 10 INFO neutron.api.wsgi [None req-9c22da4d-a848-4a6d-93c7-b2744ec4f3c0 f77b760cfffc4917925ca7502c2aaccd 35cb3bd5217649d8b8ad9932c17d036d - - default default] 10.0.0.238 "DELETE /v2.0/security-groups/adb1247e-f253-4bcc-be95-7317547788b6 HTTP/1.1" status: 204 len: 168 time: 0.2043653
2026-05-19 04:13:17.748 10 INFO neutron.db.ovn_revision_numbers_db [None req-4d210c03-7694-4481-a1bb-1928165fd051 f77b760cfffc4917925ca7502c2aaccd 35cb3bd5217649d8b8ad9932c17d036d - - default default] Successfully bumped revision number for resource c25a0980-a9a2-4857-93a3-4c46f4c8fa74 (type: security_groups) to 1
2026-05-19 04:13:17.762 10 INFO neutron.db.ovn_revision_numbers_db [None req-4d210c03-7694-4481-a1bb-1928165fd051 f77b760cfffc4917925ca7502c2aaccd 35cb3bd5217649d8b8ad9932c17d036d - - default default] Successfully bumped revision number for resource 567e213c-62e9-42ca-9d50-f3c2eeffb874 (type: security_group_rules) to 0
2026-05-19 04:13:17.768 9 WARNING neutron.scheduler.dhcp_agent_scheduler [None req-de7c5ad1-47a3-4825-9bcf-e4446466b802 d1bc5480b73a4f6bb59dc3031904ba35 dffd2bf7a3e04968ae613c45e23cf3ca - - default default] No more DHCP agents
2026-05-19 04:13:17.769 9 WARNING neutron.api.rpc.agentnotifiers.dhcp_rpc_agent_api [None req-de7c5ad1-47a3-4825-9bcf-e4446466b802 d1bc5480b73a4f6bb59dc3031904ba35 dffd2bf7a3e04968ae613c45e23cf3ca - - default default] Unable to schedule network 2488a5c5-3a77-416a-9b17-71dfc3b2bd90: no agents available; will retry on subsequent port and subnet creation events.
2026-05-19 04:13:17.774 10 INFO neutron.db.ovn_revision_numbers_db [None req-4d210c03-7694-4481-a1bb-1928165fd051 f77b760cfffc4917925ca7502c2aaccd 35cb3bd5217649d8b8ad9932c17d036d - - default default] Successfully bumped revision number for resource 5fe91499-1281-4d89-9097-fad68a1f91bc (type: security_group_rules) to 0
2026-05-19 04:13:17.787 10 INFO neutron.db.ovn_revision_numbers_db [None req-4d210c03-7694-4481-a1bb-1928165fd051 f77b760cfffc4917925ca7502c2aaccd 35cb3bd5217649d8b8ad9932c17d036d - - default default] Successfully bumped revision number for resource a59c1623-50fc-456e-9cea-4b0eae6bf98c (type: security_group_rules) to 0
2026-05-19 04:13:17.802 10 INFO neutron.db.ovn_revision_numbers_db [None req-4d210c03-7694-4481-a1bb-1928165fd051 f77b760cfffc4917925ca7502c2aaccd 35cb3bd5217649d8b8ad9932c17d036d - - default default] Successfully bumped revision number for resource baebdfe6-3f60-4b65-8d57-6043a7e1d9ab (type: security_group_rules) to 0
2026-05-19 04:13:17.839 10 INFO neutron.api.wsgi [None req-4d210c03-7694-4481-a1bb-1928165fd051 f77b760cfffc4917925ca7502c2aaccd 35cb3bd5217649d8b8ad9932c17d036d - - default default] 10.0.0.238 "GET /v2.0/security-groups?tenant_id=ed1098b988b3465696a5eaa7566650ee&name=default HTTP/1.1" status: 200 len: 3120 time: 0.2131624
2026-05-19 04:13:17.894 9 INFO neutron.db.ovn_revision_numbers_db [None req-de7c5ad1-47a3-4825-9bcf-e4446466b802 d1bc5480b73a4f6bb59dc3031904ba35 dffd2bf7a3e04968ae613c45e23cf3ca - - default default] Successfully bumped revision number for resource 7083933a-11ff-41fc-af4a-1fa241bfab45 (type: ports) to 1
2026-05-19 04:13:18.047 10 INFO neutron.api.wsgi [None req-405d1e74-213b-49b7-b944-4ad1c2eae896 f77b760cfffc4917925ca7502c2aaccd 35cb3bd5217649d8b8ad9932c17d036d - - default default] 10.0.0.238 "DELETE /v2.0/security-groups/c25a0980-a9a2-4857-93a3-4c46f4c8fa74 HTTP/1.1" status: 204 len: 168 time: 0.2023373
2026-05-19 04:13:18.526 9 INFO neutron.plugins.ml2.drivers.ovn.mech_driver.ovsdb.commands [None req-f03c888f-68af-4455-a70c-5f38655edb84 - - - - - -] Schedule LRP lrp-7083933a-11ff-41fc-af4a-1fa241bfab45 on gateway 28312ec4-fdeb-4925-b132-d59774fea301 with priority 1
2026-05-19 04:13:18.538 10 INFO neutron.plugins.ml2.drivers.ovn.mech_driver.mech_driver [None req-91b2da76-9ed9-4f69-afdb-228ef9527a62 - - - - - -] OVN reports status up for port: 7083933a-11ff-41fc-af4a-1fa241bfab45
2026-05-19 04:13:18.544 10 INFO neutron.plugins.ml2.plugin [None req-91b2da76-9ed9-4f69-afdb-228ef9527a62 - - - - - -] Attempt 1 to provision port 7083933a-11ff-41fc-af4a-1fa241bfab45
2026-05-19 04:13:18.568 9 INFO neutron.db.ovn_revision_numbers_db [None req-de7c5ad1-47a3-4825-9bcf-e4446466b802 d1bc5480b73a4f6bb59dc3031904ba35 dffd2bf7a3e04968ae613c45e23cf3ca - - default default] Successfully bumped revision number for resource 7083933a-11ff-41fc-af4a-1fa241bfab45 (type: router_ports) to 1
2026-05-19 04:13:18.630 9 INFO neutron.db.ovn_revision_numbers_db [None req-de7c5ad1-47a3-4825-9bcf-e4446466b802 d1bc5480b73a4f6bb59dc3031904ba35 dffd2bf7a3e04968ae613c45e23cf3ca - - default default] Successfully bumped revision number for resource 1c11a851-c762-4f62-b0d9-8fc88f85fd0b (type: routers) to 2
2026-05-19 04:13:18.647 9 INFO neutron.api.wsgi [None req-de7c5ad1-47a3-4825-9bcf-e4446466b802 d1bc5480b73a4f6bb59dc3031904ba35 dffd2bf7a3e04968ae613c45e23cf3ca - - default default] 10.0.0.238 "POST /v2.0/routers HTTP/1.1" status: 201 len: 1134 time: 1.2930284
2026-05-19 04:13:19.079 9 WARNING neutron_lib.context [None req-db6b2e5d-b091-457c-93b3-e29028a2f3da 96ee3c24d4ad46df998ce326b5d2b925 e8a9195a34ad4999a9fd4384c5108552 - - default default] Method 'is_advsvc' is deprecated since 2023.2 release (neutron-lib 3.8.0) and will be removed once support for the old RBAC API policies will be removed from Neutron. Please use method 'is_service_role' instead.
2026-05-19 04:13:19.098 9 WARNING neutron.scheduler.dhcp_agent_scheduler [None req-2d0aa349-0986-48bf-9233-d63c29b20eb5 d1bc5480b73a4f6bb59dc3031904ba35 dffd2bf7a3e04968ae613c45e23cf3ca - - default default] No more DHCP agents
2026-05-19 04:13:19.100 9 WARNING neutron.api.rpc.agentnotifiers.dhcp_rpc_agent_api [None req-2d0aa349-0986-48bf-9233-d63c29b20eb5 d1bc5480b73a4f6bb59dc3031904ba35 dffd2bf7a3e04968ae613c45e23cf3ca - - default default] Unable to schedule network 4cab8b78-f573-43d3-88f6-583b348dd456: no agents available; will retry on subsequent port and subnet creation events.
2026-05-19 04:13:19.123 9 INFO neutron.api.wsgi [None req-db6b2e5d-b091-457c-93b3-e29028a2f3da 96ee3c24d4ad46df998ce326b5d2b925 e8a9195a34ad4999a9fd4384c5108552 - - default default] 10.0.0.238 "POST /v2.0/subnetpools HTTP/1.1" status: 201 len: 715 time: 0.1564081
2026-05-19 04:13:19.153 9 INFO neutron.api.wsgi [None req-ebff337a-828b-4dc5-b36f-f04c3f88659e 96ee3c24d4ad46df998ce326b5d2b925 e8a9195a34ad4999a9fd4384c5108552 - - default default] 10.0.0.238 "PUT /v2.0/subnetpools/b9b1a0ef-f2c9-4976-824d-91bd70fdd502/tags HTTP/1.1" status: 200 len: 218 time: 0.0259533
2026-05-19 04:13:19.176 10 INFO neutron.api.wsgi [None req-cffd6115-6b68-46f7-b34a-e8e7177119b4 96ee3c24d4ad46df998ce326b5d2b925 e8a9195a34ad4999a9fd4384c5108552 - - default default] 10.0.0.238 "GET /v2.0/subnetpools/b9b1a0ef-f2c9-4976-824d-91bd70fdd502/tags HTTP/1.1" status: 200 len: 218 time: 0.0189686
2026-05-19 04:13:19.216 9 INFO neutron.db.ovn_revision_numbers_db [None req-2d0aa349-0986-48bf-9233-d63c29b20eb5 d1bc5480b73a4f6bb59dc3031904ba35 dffd2bf7a3e04968ae613c45e23cf3ca - - default default] Successfully bumped revision number for resource b4e31518-127e-4087-b233-bfcf5d0755ec (type: ports) to 1
2026-05-19 04:13:19.217 10 INFO neutron.api.wsgi [None req-48211892-92a5-4c22-a82b-17bc6b238aef 96ee3c24d4ad46df998ce326b5d2b925 e8a9195a34ad4999a9fd4384c5108552 - - default default] 10.0.0.238 "PUT /v2.0/subnetpools/b9b1a0ef-f2c9-4976-824d-91bd70fdd502/tags/green HTTP/1.1" status: 201 len: 201 time: 0.0361569
2026-05-19 04:13:19.242 10 INFO neutron.api.wsgi [None req-6878b2b3-a1ff-4651-9755-db2902b0d252 96ee3c24d4ad46df998ce326b5d2b925 e8a9195a34ad4999a9fd4384c5108552 - - default default] 10.0.0.238 "GET /v2.0/subnetpools/b9b1a0ef-f2c9-4976-824d-91bd70fdd502/tags HTTP/1.1" status: 200 len: 227 time: 0.0212061
2026-05-19 04:13:19.264 10 INFO neutron.api.wsgi [None req-224f7530-b759-4955-909e-0873b849e69e 96ee3c24d4ad46df998ce326b5d2b925 e8a9195a34ad4999a9fd4384c5108552 - - default default] 10.0.0.238 "PUT /v2.0/subnetpools/b9b1a0ef-f2c9-4976-824d-91bd70fdd502/tags/red HTTP/1.1" status: 201 len: 201 time: 0.0179679
2026-05-19 04:13:19.283 10 INFO neutron.api.wsgi [None req-a35fbedf-50eb-402e-934d-939a8a24ac80 96ee3c24d4ad46df998ce326b5d2b925 e8a9195a34ad4999a9fd4384c5108552 - - default default] 10.0.0.238 "GET /v2.0/subnetpools/b9b1a0ef-f2c9-4976-824d-91bd70fdd502/tags HTTP/1.1" status: 200 len: 227 time: 0.0145719
2026-05-19 04:13:19.311 10 INFO neutron.api.wsgi [None req-93cf4b47-b0b9-410d-80ce-234723ec7bc7 96ee3c24d4ad46df998ce326b5d2b925 e8a9195a34ad4999a9fd4384c5108552 - - default default] 10.0.0.238 "PUT /v2.0/subnetpools/b9b1a0ef-f2c9-4976-824d-91bd70fdd502/tags/black.or.white HTTP/1.1" status: 201 len: 201 time: 0.0243349
2026-05-19 04:13:19.330 10 INFO neutron.api.wsgi [None req-2ff1095f-71d2-4bb3-a153-d37522c524c8 96ee3c24d4ad46df998ce326b5d2b925 e8a9195a34ad4999a9fd4384c5108552 - - default default] 10.0.0.238 "GET /v2.0/subnetpools/b9b1a0ef-f2c9-4976-824d-91bd70fdd502/tags HTTP/1.1" status: 200 len: 245 time: 0.0149844
2026-05-19 04:13:19.369 10 INFO neutron.api.wsgi [None req-ff3ced12-866a-4382-95a6-bdc3e7412f80 96ee3c24d4ad46df998ce326b5d2b925 e8a9195a34ad4999a9fd4384c5108552 - - default default] 10.0.0.238 "PUT /v2.0/subnetpools/b9b1a0ef-f2c9-4976-824d-91bd70fdd502/tags HTTP/1.1" status: 200 len: 230 time: 0.0354066
2026-05-19 04:13:19.399 10 INFO neutron.api.wsgi [None req-cf39a5e1-2f47-4042-9637-bf202571e547 96ee3c24d4ad46df998ce326b5d2b925 e8a9195a34ad4999a9fd4384c5108552 - - default default] 10.0.0.238 "GET /v2.0/subnetpools/b9b1a0ef-f2c9-4976-824d-91bd70fdd502/tags HTTP/1.1" status: 200 len: 230 time: 0.0233705
2026-05-19 04:13:19.425 10 INFO neutron.api.wsgi [None req-e5bbe1dc-1ed5-40ca-987c-2571a5d0a298 96ee3c24d4ad46df998ce326b5d2b925 e8a9195a34ad4999a9fd4384c5108552 - - default default] 10.0.0.238 "GET /v2.0/subnetpools/b9b1a0ef-f2c9-4976-824d-91bd70fdd502/tags/red HTTP/1.1" status: 204 len: 168 time: 0.0221696
2026-05-19 04:13:19.447 10 INFO neutron.api.v2.resource [None req-156a4afc-12a7-4e62-abdd-ff2975ead799 96ee3c24d4ad46df998ce326b5d2b925 e8a9195a34ad4999a9fd4384c5108552 - - default default] show failed (client error): The resource could not be found.
2026-05-19 04:13:19.449 10 INFO neutron.api.wsgi [None req-156a4afc-12a7-4e62-abdd-ff2975ead799 96ee3c24d4ad46df998ce326b5d2b925 e8a9195a34ad4999a9fd4384c5108552 - - default default] 10.0.0.238 "GET /v2.0/subnetpools/b9b1a0ef-f2c9-4976-824d-91bd70fdd502/tags/green HTTP/1.1" status: 404 len: 299 time: 0.0171964
2026-05-19 04:13:19.485 10 INFO neutron.api.wsgi [None req-bf13eb42-8988-4be4-8ebc-2ce48b689700 96ee3c24d4ad46df998ce326b5d2b925 e8a9195a34ad4999a9fd4384c5108552 - - default default] 10.0.0.238 "DELETE /v2.0/subnetpools/b9b1a0ef-f2c9-4976-824d-91bd70fdd502/tags/red HTTP/1.1" status: 204 len: 168 time: 0.0289478
2026-05-19 04:13:19.507 10 INFO neutron.api.wsgi [None req-7204fcde-c4ee-473e-aaf7-e7b1ce596d6b 96ee3c24d4ad46df998ce326b5d2b925 e8a9195a34ad4999a9fd4384c5108552 - - default default] 10.0.0.238 "GET /v2.0/subnetpools/b9b1a0ef-f2c9-4976-824d-91bd70fdd502/tags HTTP/1.1" status: 200 len: 223 time: 0.0169621
2026-05-19 04:13:19.536 10 INFO neutron.api.v2.resource [None req-c7bdfceb-5fd5-4756-87f5-c6640d3d86a2 96ee3c24d4ad46df998ce326b5d2b925 e8a9195a34ad4999a9fd4384c5108552 - - default default] delete failed (client error): The resource could not be found.
2026-05-19 04:13:19.537 10 INFO neutron.api.wsgi [None req-c7bdfceb-5fd5-4756-87f5-c6640d3d86a2 96ee3c24d4ad46df998ce326b5d2b925 e8a9195a34ad4999a9fd4384c5108552 - - default default] 10.0.0.238 "DELETE /v2.0/subnetpools/b9b1a0ef-f2c9-4976-824d-91bd70fdd502/tags/green HTTP/1.1" status: 404 len: 299 time: 0.0227706
2026-05-19 04:13:19.607 9 INFO neutron.api.wsgi [None req-8ca32f30-d429-4e28-b430-3b08337babd1 96ee3c24d4ad46df998ce326b5d2b925 e8a9195a34ad4999a9fd4384c5108552 - - default default] 10.0.0.238 "DELETE /v2.0/subnetpools/b9b1a0ef-f2c9-4976-824d-91bd70fdd502/tags HTTP/1.1" status: 204 len: 168 time: 0.0559740
2026-05-19 04:13:19.631 10 INFO neutron.api.wsgi [None req-3d207c90-b6e8-4a76-8288-03386bda8776 96ee3c24d4ad46df998ce326b5d2b925 e8a9195a34ad4999a9fd4384c5108552 - - default default] 10.0.0.238 "GET /v2.0/subnetpools/b9b1a0ef-f2c9-4976-824d-91bd70fdd502/tags HTTP/1.1" status: 200 len: 205 time: 0.0185089
2026-05-19 04:13:19.698 10 INFO neutron.api.wsgi [None req-a45a6081-4b7d-4d3f-9a70-297ef3428944 96ee3c24d4ad46df998ce326b5d2b925 e8a9195a34ad4999a9fd4384c5108552 - - default default] 10.0.0.238 "DELETE /v2.0/subnetpools/b9b1a0ef-f2c9-4976-824d-91bd70fdd502 HTTP/1.1" status: 204 len: 168 time: 0.0530896
2026-05-19 04:13:19.851 9 INFO neutron.db.ovn_revision_numbers_db [None req-2d0aa349-0986-48bf-9233-d63c29b20eb5 d1bc5480b73a4f6bb59dc3031904ba35 dffd2bf7a3e04968ae613c45e23cf3ca - - default default] Successfully bumped revision number for resource b4e31518-127e-4087-b233-bfcf5d0755ec (type: ports) to 1
2026-05-19 04:13:19.909 9 WARNING neutron.scheduler.dhcp_agent_scheduler [None req-2d0aa349-0986-48bf-9233-d63c29b20eb5 d1bc5480b73a4f6bb59dc3031904ba35 dffd2bf7a3e04968ae613c45e23cf3ca - - default default] No more DHCP agents
2026-05-19 04:13:19.910 9 WARNING neutron.api.rpc.agentnotifiers.dhcp_rpc_agent_api [None req-2d0aa349-0986-48bf-9233-d63c29b20eb5 d1bc5480b73a4f6bb59dc3031904ba35 dffd2bf7a3e04968ae613c45e23cf3ca - - default default] Unable to schedule network 4cab8b78-f573-43d3-88f6-583b348dd456: no agents available; will retry on subsequent port and subnet creation events.
2026-05-19 04:13:20.251 9 INFO neutron.db.ovn_revision_numbers_db [None req-2d0aa349-0986-48bf-9233-d63c29b20eb5 d1bc5480b73a4f6bb59dc3031904ba35 dffd2bf7a3e04968ae613c45e23cf3ca - - default default] Successfully bumped revision number for resource b4e31518-127e-4087-b233-bfcf5d0755ec (type: router_ports) to 1
2026-05-19 04:13:20.257 9 INFO neutron.api.wsgi [None req-2d0aa349-0986-48bf-9233-d63c29b20eb5 d1bc5480b73a4f6bb59dc3031904ba35 dffd2bf7a3e04968ae613c45e23cf3ca - - default default] 10.0.0.238 "PUT /v2.0/routers/1c11a851-c762-4f62-b0d9-8fc88f85fd0b/add_router_interface HTTP/1.1" status: 200 len: 503 time: 1.6062052
2026-05-19 04:13:20.267 9 WARNING neutron_lib.context [None req-b1b3a954-bbab-4264-a69e-ee907c24765f d1bc5480b73a4f6bb59dc3031904ba35 dffd2bf7a3e04968ae613c45e23cf3ca - - default default] Method 'is_advsvc' is deprecated since 2023.2 release (neutron-lib 3.8.0) and will be removed once support for the old RBAC API policies will be removed from Neutron. Please use method 'is_service_role' instead.
2026-05-19 04:13:20.443 10 WARNING neutron_lib.context [None req-40c41cfd-57c7-4967-9482-9d45dc2e740c 13be16f689c94ca0b4ba66d843bacc52 e1aa5b8badd84d1c8341ac96242ce15d - - default default] Method 'is_advsvc' is deprecated since 2023.2 release (neutron-lib 3.8.0) and will be removed once support for the old RBAC API policies will be removed from Neutron. Please use method 'is_service_role' instead.
2026-05-19 04:13:20.595 10 INFO neutron.db.ovn_revision_numbers_db [None req-40c41cfd-57c7-4967-9482-9d45dc2e740c 13be16f689c94ca0b4ba66d843bacc52 e1aa5b8badd84d1c8341ac96242ce15d - - default default] Successfully bumped revision number for resource 3d1c82ee-c42d-404a-9b90-3f980ff77834 (type: security_groups) to 1
2026-05-19 04:13:20.610 10 INFO neutron.db.ovn_revision_numbers_db [None req-40c41cfd-57c7-4967-9482-9d45dc2e740c 13be16f689c94ca0b4ba66d843bacc52 e1aa5b8badd84d1c8341ac96242ce15d - - default default] Successfully bumped revision number for resource 028458ef-6323-455c-9105-c07223d67bfa (type: security_group_rules) to 0
2026-05-19 04:13:20.616 10 INFO neutron.db.ovn_revision_numbers_db [None req-3d02e0ea-dd63-41f8-a0e0-b66e1914e075 f77b760cfffc4917925ca7502c2aaccd 35cb3bd5217649d8b8ad9932c17d036d - - default default] Successfully bumped revision number for resource a336e0ee-8f04-4beb-93bc-3921426ef3a7 (type: security_groups) to 1
2026-05-19 04:13:20.626 10 INFO neutron.db.ovn_revision_numbers_db [None req-40c41cfd-57c7-4967-9482-9d45dc2e740c 13be16f689c94ca0b4ba66d843bacc52 e1aa5b8badd84d1c8341ac96242ce15d - - default default] Successfully bumped revision number for resource 7fb6d8d2-bd0c-43f5-bf65-0eb6f0a71faa (type: security_group_rules) to 0
2026-05-19 04:13:20.630 10 INFO neutron.db.ovn_revision_numbers_db [None req-3d02e0ea-dd63-41f8-a0e0-b66e1914e075 f77b760cfffc4917925ca7502c2aaccd 35cb3bd5217649d8b8ad9932c17d036d - - default default] Successfully bumped revision number for resource 94bd84bc-dfa5-4419-b077-9e67662533f9 (type: security_group_rules) to 0
2026-05-19 04:13:20.641 10 INFO neutron.db.ovn_revision_numbers_db [None req-40c41cfd-57c7-4967-9482-9d45dc2e740c 13be16f689c94ca0b4ba66d843bacc52 e1aa5b8badd84d1c8341ac96242ce15d - - default default] Successfully bumped revision number for resource af33c2db-0ff7-47be-a9d3-1c034943b087 (type: security_group_rules) to 0
2026-05-19 04:13:20.649 10 INFO neutron.db.ovn_revision_numbers_db [None req-3d02e0ea-dd63-41f8-a0e0-b66e1914e075 f77b760cfffc4917925ca7502c2aaccd 35cb3bd5217649d8b8ad9932c17d036d - - default default] Successfully bumped revision number for resource 9f2d5327-846d-42d8-9a6c-7aa811ac0c40 (type: security_group_rules) to 0
2026-05-19 04:13:20.656 10 INFO neutron.db.ovn_revision_numbers_db [None req-40c41cfd-57c7-4967-9482-9d45dc2e740c 13be16f689c94ca0b4ba66d843bacc52 e1aa5b8badd84d1c8341ac96242ce15d - - default default] Successfully bumped revision number for resource fe67e94d-91b8-499a-af5d-54720abc4c12 (type: security_group_rules) to 0
2026-05-19 04:13:20.665 10 INFO neutron.db.ovn_revision_numbers_db [None req-3d02e0ea-dd63-41f8-a0e0-b66e1914e075 f77b760cfffc4917925ca7502c2aaccd 35cb3bd5217649d8b8ad9932c17d036d - - default default] Successfully bumped revision number for resource be024222-0f95-4eb9-b0fc-e4277a0ea4a3 (type: security_group_rules) to 0
2026-05-19 04:13:20.683 10 INFO neutron.db.ovn_revision_numbers_db [None req-3d02e0ea-dd63-41f8-a0e0-b66e1914e075 f77b760cfffc4917925ca7502c2aaccd 35cb3bd5217649d8b8ad9932c17d036d - - default default] Successfully bumped revision number for resource eb3b788d-844b-45f2-ac4c-bc0a3ea70037 (type: security_group_rules) to 0
2026-05-19 04:13:20.713 10 INFO neutron.api.wsgi [None req-3d02e0ea-dd63-41f8-a0e0-b66e1914e075 f77b760cfffc4917925ca7502c2aaccd 35cb3bd5217649d8b8ad9932c17d036d - - default default] 10.0.0.238 "GET /v2.0/security-groups?tenant_id=e8a9195a34ad4999a9fd4384c5108552&name=default HTTP/1.1" status: 200 len: 3120 time: 0.2611001
2026-05-19 04:13:20.732 10 INFO neutron.db.segments_db [None req-40c41cfd-57c7-4967-9482-9d45dc2e740c 13be16f689c94ca0b4ba66d843bacc52 e1aa5b8badd84d1c8341ac96242ce15d - - default default] Added segment 5379848d-0744-4909-af9a-ddbf45cdb5f4 of type geneve for network 61bef2de-699b-4849-90f8-2724b85c03e8
2026-05-19 04:13:20.859 10 INFO neutron.db.ovn_revision_numbers_db [None req-40c41cfd-57c7-4967-9482-9d45dc2e740c 13be16f689c94ca0b4ba66d843bacc52 e1aa5b8badd84d1c8341ac96242ce15d - - default default] Successfully bumped revision number for resource 61bef2de-699b-4849-90f8-2724b85c03e8 (type: networks) to 1
2026-05-19 04:13:20.950 9 WARNING neutron.scheduler.dhcp_agent_scheduler [None req-3b213c48-0266-4c19-8f04-b528df570021 - - - - - -] No more DHCP agents
2026-05-19 04:13:20.952 9 WARNING neutron.api.rpc.agentnotifiers.dhcp_rpc_agent_api [None req-3b213c48-0266-4c19-8f04-b528df570021 - - - - - -] Unable to schedule network 2488a5c5-3a77-416a-9b17-71dfc3b2bd90: no agents available; will retry on subsequent port and subnet creation events.
2026-05-19 04:13:20.985 9 INFO neutron.api.wsgi [None req-fdcf47c7-198b-48a1-b99e-eae43bda3a8c f77b760cfffc4917925ca7502c2aaccd 35cb3bd5217649d8b8ad9932c17d036d - - default default] 10.0.0.238 "DELETE /v2.0/security-groups/a336e0ee-8f04-4beb-93bc-3921426ef3a7 HTTP/1.1" status: 204 len: 168 time: 0.2684228
2026-05-19 04:13:21.021 10 WARNING neutron.scheduler.dhcp_agent_scheduler [None req-40c41cfd-57c7-4967-9482-9d45dc2e740c 13be16f689c94ca0b4ba66d843bacc52 e1aa5b8badd84d1c8341ac96242ce15d - - default default] No more DHCP agents
2026-05-19 04:13:21.022 10 WARNING neutron.api.rpc.agentnotifiers.dhcp_rpc_agent_api [None req-40c41cfd-57c7-4967-9482-9d45dc2e740c 13be16f689c94ca0b4ba66d843bacc52 e1aa5b8badd84d1c8341ac96242ce15d - - default default] Unable to schedule network 61bef2de-699b-4849-90f8-2724b85c03e8: no agents available; will retry on subsequent port and subnet creation events.
2026-05-19 04:13:21.071 9 INFO neutron.db.ovn_revision_numbers_db [None req-3b213c48-0266-4c19-8f04-b528df570021 - - - - - -] Successfully bumped revision number for resource 74ad838f-3125-40e6-9d85-22dd54ebabb5 (type: ports) to 1
2026-05-19 04:13:21.087 10 INFO neutron.db.ovn_revision_numbers_db [None req-40c41cfd-57c7-4967-9482-9d45dc2e740c 13be16f689c94ca0b4ba66d843bacc52 e1aa5b8badd84d1c8341ac96242ce15d - - default default] Successfully bumped revision number for resource a6fa0077-4c02-4a27-b044-b0d255b80678 (type: ports) to 1
2026-05-19 04:13:21.105 10 INFO neutron.api.wsgi [None req-40c41cfd-57c7-4967-9482-9d45dc2e740c 13be16f689c94ca0b4ba66d843bacc52 e1aa5b8badd84d1c8341ac96242ce15d - - default default] 10.0.0.238 "POST /v2.0/networks HTTP/1.1" status: 201 len: 831 time: 0.8415363
2026-05-19 04:13:21.114 9 WARNING neutron_lib.context [None req-9a8cf343-9b4f-4354-9ba4-cfd58feeb752 13be16f689c94ca0b4ba66d843bacc52 e1aa5b8badd84d1c8341ac96242ce15d - - default default] Method 'is_advsvc' is deprecated since 2023.2 release (neutron-lib 3.8.0) and will be removed once support for the old RBAC API policies will be removed from Neutron. Please use method 'is_service_role' instead.
2026-05-19 04:13:21.226 10 INFO neutron.db.ovn_revision_numbers_db [None req-f8b915e6-7913-4e06-ad19-bc5e44b4d158 f77b760cfffc4917925ca7502c2aaccd 35cb3bd5217649d8b8ad9932c17d036d - - default default] Successfully bumped revision number for resource 4acbb986-7eb5-4c4e-a8a7-848d7230770e (type: security_groups) to 1
2026-05-19 04:13:21.237 10 INFO neutron.db.ovn_revision_numbers_db [None req-f8b915e6-7913-4e06-ad19-bc5e44b4d158 f77b760cfffc4917925ca7502c2aaccd 35cb3bd5217649d8b8ad9932c17d036d - - default default] Successfully bumped revision number for resource 11b11ee8-28fb-4fa2-86d6-8696cb643832 (type: security_group_rules) to 0
2026-05-19 04:13:21.247 10 INFO neutron.db.ovn_revision_numbers_db [None req-f8b915e6-7913-4e06-ad19-bc5e44b4d158 f77b760cfffc4917925ca7502c2aaccd 35cb3bd5217649d8b8ad9932c17d036d - - default default] Successfully bumped revision number for resource b3a97d7b-9c65-4243-9c50-1894ebcd9c44 (type: security_group_rules) to 0
2026-05-19 04:13:21.259 10 INFO neutron.db.ovn_revision_numbers_db [None req-f8b915e6-7913-4e06-ad19-bc5e44b4d158 f77b760cfffc4917925ca7502c2aaccd 35cb3bd5217649d8b8ad9932c17d036d - - default default] Successfully bumped revision number for resource d7c2fcb3-2d3b-4814-82d3-6c7d95724bc2 (type: security_group_rules) to 0
2026-05-19 04:13:21.273 10 INFO neutron.db.ovn_revision_numbers_db [None req-f8b915e6-7913-4e06-ad19-bc5e44b4d158 f77b760cfffc4917925ca7502c2aaccd 35cb3bd5217649d8b8ad9932c17d036d - - default default] Successfully bumped revision number for resource de818a81-b34e-4019-be53-03d19e9bc4a4 (type: security_group_rules) to 0
2026-05-19 04:13:21.308 10 INFO neutron.api.wsgi [None req-f8b915e6-7913-4e06-ad19-bc5e44b4d158 f77b760cfffc4917925ca7502c2aaccd 35cb3bd5217649d8b8ad9932c17d036d - - default default] 10.0.0.238 "GET /v2.0/security-groups?tenant_id=cb5ea0e992954639b27a79a4345ed0da&name=default HTTP/1.1" status: 200 len: 3120 time: 0.1985195
2026-05-19 04:13:21.350 9 INFO neutron.db.ovn_revision_numbers_db [None req-3b213c48-0266-4c19-8f04-b528df570021 - - - - - -] Successfully bumped revision number for resource 74ad838f-3125-40e6-9d85-22dd54ebabb5 (type: ports) to 3
2026-05-19 04:13:21.387 9 WARNING neutron.scheduler.dhcp_agent_scheduler [None req-9a8cf343-9b4f-4354-9ba4-cfd58feeb752 13be16f689c94ca0b4ba66d843bacc52 e1aa5b8badd84d1c8341ac96242ce15d - - default default] No more DHCP agents
2026-05-19 04:13:21.388 9 WARNING neutron.api.rpc.agentnotifiers.dhcp_rpc_agent_api [None req-9a8cf343-9b4f-4354-9ba4-cfd58feeb752 13be16f689c94ca0b4ba66d843bacc52 e1aa5b8badd84d1c8341ac96242ce15d - - default default] Unable to schedule network 61bef2de-699b-4849-90f8-2724b85c03e8: no agents available; will retry on subsequent port and subnet creation events.
2026-05-19 04:13:21.429 9 INFO neutron.db.segments_db [None req-3b213c48-0266-4c19-8f04-b528df570021 - - - - - -] Added segment abf541fe-c8c2-4899-8b26-9a161b33f15e of type geneve for network 108218ce-1aa3-498c-89b2-2b6b50464883
2026-05-19 04:13:21.471 9 INFO neutron.db.ovn_revision_numbers_db [None req-9a8cf343-9b4f-4354-9ba4-cfd58feeb752 13be16f689c94ca0b4ba66d843bacc52 e1aa5b8badd84d1c8341ac96242ce15d - - default default] Successfully bumped revision number for resource 7249f944-41a6-4172-baf1-d1b4d7a6ff27 (type: ports) to 1
2026-05-19 04:13:21.497 9 INFO neutron.api.wsgi [None req-9a8cf343-9b4f-4354-9ba4-cfd58feeb752 13be16f689c94ca0b4ba66d843bacc52 e1aa5b8badd84d1c8341ac96242ce15d - - default default] 10.0.0.238 "POST /v2.0/ports HTTP/1.1" status: 201 len: 942 time: 0.3859901
2026-05-19 04:13:21.506 10 WARNING neutron_lib.context [None req-e8f49cf6-7e26-43dd-a154-2f445a94ac25 13be16f689c94ca0b4ba66d843bacc52 e1aa5b8badd84d1c8341ac96242ce15d - - default default] Method 'is_advsvc' is deprecated since 2023.2 release (neutron-lib 3.8.0) and will be removed once support for the old RBAC API policies will be removed from Neutron. Please use method 'is_service_role' instead.
2026-05-19 04:13:21.514 10 INFO neutron.api.wsgi [None req-31edd5af-125f-42f2-b83c-c2ae2b489c02 f77b760cfffc4917925ca7502c2aaccd 35cb3bd5217649d8b8ad9932c17d036d - - default default] 10.0.0.238 "DELETE /v2.0/security-groups/4acbb986-7eb5-4c4e-a8a7-848d7230770e HTTP/1.1" status: 204 len: 168 time: 0.2013934
2026-05-19 04:13:21.525 10 INFO neutron.api.wsgi [-] 10.0.0.52 "GET / HTTP/1.1" status: 200 len: 247 time: 0.0015621
2026-05-19 04:13:21.527 10 INFO neutron.api.wsgi [-] 10.0.0.52 "GET / HTTP/1.1" status: 200 len: 247 time: 0.0012267
2026-05-19 04:13:21.558 9 INFO neutron.db.ovn_revision_numbers_db [None req-711243ae-475d-4ca6-9db7-8a4fd00a953a - - - - - -] Successfully bumped revision number for resource 108218ce-1aa3-498c-89b2-2b6b50464883 (type: networks) to 1
2026-05-19 04:13:21.605 10 INFO neutron.db.segments_db [None req-e8f49cf6-7e26-43dd-a154-2f445a94ac25 13be16f689c94ca0b4ba66d843bacc52 e1aa5b8badd84d1c8341ac96242ce15d - - default default] Added segment 5da44d76-9410-4c34-9836-8615640c8e7f of type geneve for network de692f3d-17d2-4f7a-80ff-6083bd75382d
2026-05-19 04:13:21.708 9 WARNING neutron.scheduler.dhcp_agent_scheduler [None req-711243ae-475d-4ca6-9db7-8a4fd00a953a - - - - - -] No more DHCP agents
2026-05-19 04:13:21.709 9 WARNING neutron.api.rpc.agentnotifiers.dhcp_rpc_agent_api [None req-711243ae-475d-4ca6-9db7-8a4fd00a953a - - - - - -] Unable to schedule network 108218ce-1aa3-498c-89b2-2b6b50464883: no agents available; will retry on subsequent port and subnet creation events.
2026-05-19 04:13:21.716 10 INFO neutron.db.ovn_revision_numbers_db [None req-e8f49cf6-7e26-43dd-a154-2f445a94ac25 13be16f689c94ca0b4ba66d843bacc52 e1aa5b8badd84d1c8341ac96242ce15d - - default default] Successfully bumped revision number for resource de692f3d-17d2-4f7a-80ff-6083bd75382d (type: networks) to 1
2026-05-19 04:13:21.788 9 INFO neutron.db.ovn_revision_numbers_db [None req-711243ae-475d-4ca6-9db7-8a4fd00a953a - - - - - -] Successfully bumped revision number for resource ac4caa6d-8593-4869-8bc3-41e8bfb36f7f (type: ports) to 1
2026-05-19 04:13:21.875 10 WARNING neutron.scheduler.dhcp_agent_scheduler [None req-e8f49cf6-7e26-43dd-a154-2f445a94ac25 13be16f689c94ca0b4ba66d843bacc52 e1aa5b8badd84d1c8341ac96242ce15d - - default default] No more DHCP agents
2026-05-19 04:13:21.879 10 WARNING neutron.api.rpc.agentnotifiers.dhcp_rpc_agent_api [None req-e8f49cf6-7e26-43dd-a154-2f445a94ac25 13be16f689c94ca0b4ba66d843bacc52 e1aa5b8badd84d1c8341ac96242ce15d - - default default] Unable to schedule network de692f3d-17d2-4f7a-80ff-6083bd75382d: no agents available; will retry on subsequent port and subnet creation events.
2026-05-19 04:13:21.923 9 WARNING neutron.scheduler.dhcp_agent_scheduler [None req-711243ae-475d-4ca6-9db7-8a4fd00a953a - - - - - -] No more DHCP agents
2026-05-19 04:13:21.927 9 WARNING neutron.api.rpc.agentnotifiers.dhcp_rpc_agent_api [None req-711243ae-475d-4ca6-9db7-8a4fd00a953a - - - - - -] Unable to schedule network 108218ce-1aa3-498c-89b2-2b6b50464883: no agents available; will retry on subsequent port and subnet creation events.
2026-05-19 04:13:21.936 10 INFO neutron.db.ovn_revision_numbers_db [None req-e8f49cf6-7e26-43dd-a154-2f445a94ac25 13be16f689c94ca0b4ba66d843bacc52 e1aa5b8badd84d1c8341ac96242ce15d - - default default] Successfully bumped revision number for resource 2f703625-3e07-4b36-80f6-45f744b44564 (type: ports) to 1
2026-05-19 04:13:21.951 9 INFO neutron.db.ovn_revision_numbers_db [None req-711243ae-475d-4ca6-9db7-8a4fd00a953a - - - - - -] Successfully bumped revision number for resource f086b26f-1fa3-43b7-92b6-a854046087d3 (type: subnets) to 0
2026-05-19 04:13:21.966 10 INFO neutron.api.wsgi [None req-e8f49cf6-7e26-43dd-a154-2f445a94ac25 13be16f689c94ca0b4ba66d843bacc52 e1aa5b8badd84d1c8341ac96242ce15d - - default default] 10.0.0.238 "POST /v2.0/networks HTTP/1.1" status: 201 len: 831 time: 0.4641533
2026-05-19 04:13:21.975 10 WARNING neutron_lib.context [None req-2566fdb0-e346-4bb0-8dd0-b9d917a1ccfa 13be16f689c94ca0b4ba66d843bacc52 e1aa5b8badd84d1c8341ac96242ce15d - - default default] Method 'is_advsvc' is deprecated since 2023.2 release (neutron-lib 3.8.0) and will be removed once support for the old RBAC API policies will be removed from Neutron. Please use method 'is_service_role' instead.
2026-05-19 04:13:22.200 10 WARNING neutron.scheduler.dhcp_agent_scheduler [None req-2566fdb0-e346-4bb0-8dd0-b9d917a1ccfa 13be16f689c94ca0b4ba66d843bacc52 e1aa5b8badd84d1c8341ac96242ce15d - - default default] No more DHCP agents
