2026-05-19 04:11:19.845 10 INFO neutron.api.wsgi [req-66149bab-5dfd-40a5-a466-3983f0b1eabd req-f62d5e58-87d3-46e9-84e1-0736c25a9bbd 3967bfc2a0d34d4e9e694670449f981d b61be2799aa145a88128ac9b77722395 - - default default] 10.0.0.160 "GET /v2.0/ports?device_id=d77e669e-3991-4e56-890a-fd43d8299662 HTTP/1.1" status: 200 len: 210 time: 0.0320239
2026-05-19 04:11:19.851 9 INFO neutron.db.ovn_revision_numbers_db [None req-8b957661-fc3a-43f1-b9aa-2fe3cce4cf84 92a0f858ce6e443f9ee7b7239b3c4dcf 8a2c5af7beb34591a9bb60cd3da2d8da - - default default] Successfully bumped revision number for resource b1533a67-5f25-44b9-91ec-cef0f8d6a916 (type: floatingips) to 2
2026-05-19 04:11:19.960 9 INFO neutron.db.ovn_revision_numbers_db [None req-8b957661-fc3a-43f1-b9aa-2fe3cce4cf84 92a0f858ce6e443f9ee7b7239b3c4dcf 8a2c5af7beb34591a9bb60cd3da2d8da - - default default] Successfully bumped revision number for resource b1533a67-5f25-44b9-91ec-cef0f8d6a916 (type: floatingips) to 2
2026-05-19 04:11:19.961 9 INFO neutron.db.l3_db [None req-8b957661-fc3a-43f1-b9aa-2fe3cce4cf84 92a0f858ce6e443f9ee7b7239b3c4dcf 8a2c5af7beb34591a9bb60cd3da2d8da - - default default] Floating IP b1533a67-5f25-44b9-91ec-cef0f8d6a916 associated. External IP: 10.96.250.220, port: 6db3f72e-d9f2-4a04-9a0a-4d8bb53d233d.
2026-05-19 04:11:20.001 10 INFO neutron.db.ovn_revision_numbers_db [None req-212927b8-21bd-44ce-b93d-34399ceed4a0 f77b760cfffc4917925ca7502c2aaccd 35cb3bd5217649d8b8ad9932c17d036d - - default default] Successfully bumped revision number for resource 444ce9af-4d31-437b-9103-90ab41e02048 (type: security_groups) to 1
2026-05-19 04:11:20.015 9 INFO neutron.api.wsgi [None req-8b957661-fc3a-43f1-b9aa-2fe3cce4cf84 92a0f858ce6e443f9ee7b7239b3c4dcf 8a2c5af7beb34591a9bb60cd3da2d8da - - default default] 10.0.0.238 "PUT /v2.0/floatingips/b1533a67-5f25-44b9-91ec-cef0f8d6a916 HTTP/1.1" status: 200 len: 1038 time: 0.7506070
2026-05-19 04:11:20.018 10 INFO neutron.db.ovn_revision_numbers_db [None req-212927b8-21bd-44ce-b93d-34399ceed4a0 f77b760cfffc4917925ca7502c2aaccd 35cb3bd5217649d8b8ad9932c17d036d - - default default] Successfully bumped revision number for resource 1118c357-79e4-4190-92d0-51b497eadd5c (type: security_group_rules) to 0
2026-05-19 04:11:20.024 9 INFO neutron.notifiers.nova [-] Nova event matching ['req-d4f57b85-99ce-424d-8342-c7afc0e58a56'] response: {'server_uuid': 'd77e669e-3991-4e56-890a-fd43d8299662', 'name': 'network-vif-unplugged', 'status': 'completed', 'tag': '1c1689f7-8db7-4c64-94b6-6bb07a8ee1b5', 'code': 200}
2026-05-19 04:11:20.024 9 INFO neutron.notifiers.nova [-] Nova event matching ['req-d4f57b85-99ce-424d-8342-c7afc0e58a56'] response: {'server_uuid': 'd77e669e-3991-4e56-890a-fd43d8299662', 'name': 'network-vif-unplugged', 'status': 'completed', 'tag': '1c1689f7-8db7-4c64-94b6-6bb07a8ee1b5', 'code': 200} /var/lib/openstack/lib/python3.12/site-packages/pycadf/identifier.py:71: UserWarning: Invalid uuid: neutron. To ensure interoperability, identifiers should be a valid uuid. warnings.warn(('Invalid uuid: %s. To ensure interoperability, '
2026-05-19 04:11:20.032 10 INFO neutron.db.ovn_revision_numbers_db [None req-212927b8-21bd-44ce-b93d-34399ceed4a0 f77b760cfffc4917925ca7502c2aaccd 35cb3bd5217649d8b8ad9932c17d036d - - default default] Successfully bumped revision number for resource 4f88a619-c4a0-4a5e-8dab-7f5ca7a50595 (type: security_group_rules) to 0
2026-05-19 04:11:20.046 10 INFO neutron.db.ovn_revision_numbers_db [None req-212927b8-21bd-44ce-b93d-34399ceed4a0 f77b760cfffc4917925ca7502c2aaccd 35cb3bd5217649d8b8ad9932c17d036d - - default default] Successfully bumped revision number for resource a2333a98-4eac-4d75-8e3f-ad3d8f7c9365 (type: security_group_rules) to 0
2026-05-19 04:11:20.062 10 INFO neutron.db.ovn_revision_numbers_db [None req-212927b8-21bd-44ce-b93d-34399ceed4a0 f77b760cfffc4917925ca7502c2aaccd 35cb3bd5217649d8b8ad9932c17d036d - - default default] Successfully bumped revision number for resource db0e16fa-9fba-4427-b72d-d2a3ddbaf857 (type: security_group_rules) to 0
2026-05-19 04:11:20.098 10 INFO neutron.api.wsgi [None req-212927b8-21bd-44ce-b93d-34399ceed4a0 f77b760cfffc4917925ca7502c2aaccd 35cb3bd5217649d8b8ad9932c17d036d - - default default] 10.0.0.238 "GET /v2.0/security-groups?tenant_id=7d6f68b14ed64c47be9f8a70cec1185c&name=default HTTP/1.1" status: 200 len: 3120 time: 0.2065699
2026-05-19 04:11:20.197 10 INFO neutron.api.wsgi [req-8f63da03-ce2d-4eb0-9b1d-d7b33a67141f req-91f3bfa4-f28a-40a1-9989-2c43731a6113 c834e764410548f794cde0c82596473f e685a53ef7874751b59cb65199d00e90 - - 7ea3e3be34a04c748fa51567ef9afceb 7ea3e3be34a04c748fa51567ef9afceb] 199.19.213.225 "GET /v2.0/ports?tenant_id=f58c58a1ae174e17af741c2585469534&device_id=c6f88717-1a94-4d8b-b03b-c678d14a08e9 HTTP/1.1" status: 200 len: 1407 time: 0.0365279
2026-05-19 04:11:20.201 9 INFO neutron.db.ovn_revision_numbers_db [None req-5ac47edb-b907-4e4d-b86c-33983994d748 92a0f858ce6e443f9ee7b7239b3c4dcf 8a2c5af7beb34591a9bb60cd3da2d8da - - default default] Successfully bumped revision number for resource b1533a67-5f25-44b9-91ec-cef0f8d6a916 (type: floatingips) to 3
2026-05-19 04:11:20.215 10 INFO neutron.api.wsgi [req-8f63da03-ce2d-4eb0-9b1d-d7b33a67141f req-775b290c-3d58-4133-a0de-f6be78d9109b c834e764410548f794cde0c82596473f e685a53ef7874751b59cb65199d00e90 - - 7ea3e3be34a04c748fa51567ef9afceb 7ea3e3be34a04c748fa51567ef9afceb] 199.19.213.225 "GET /v2.0/floatingips?fixed_ip_address=10.100.0.4&port_id=0be79b4c-6eeb-496d-bf17-b80c25c8a702 HTTP/1.1" status: 200 len: 217 time: 0.0146718
2026-05-19 04:11:20.244 10 INFO neutron.api.wsgi [req-8f63da03-ce2d-4eb0-9b1d-d7b33a67141f req-ead32f80-76e0-4c67-95ed-16eb5a486b64 c834e764410548f794cde0c82596473f e685a53ef7874751b59cb65199d00e90 - - 7ea3e3be34a04c748fa51567ef9afceb 7ea3e3be34a04c748fa51567ef9afceb] 199.19.213.225 "GET /v2.0/subnets?id=c0162e45-b298-4145-b3ae-8f9a865897ed HTTP/1.1" status: 200 len: 877 time: 0.0236483
2026-05-19 04:11:20.248 9 INFO neutron.db.l3_db [None req-5ac47edb-b907-4e4d-b86c-33983994d748 92a0f858ce6e443f9ee7b7239b3c4dcf 8a2c5af7beb34591a9bb60cd3da2d8da - - default default] Floating IP b1533a67-5f25-44b9-91ec-cef0f8d6a916 disassociated. External IP: 10.96.250.220, port: 5aed8b60-2939-41ea-ab53-50ed8fbea7fd.
2026-05-19 04:11:20.265 10 INFO neutron.api.wsgi [req-8f63da03-ce2d-4eb0-9b1d-d7b33a67141f req-d2aad973-3f73-4bf2-acc9-8e89c846541d c834e764410548f794cde0c82596473f e685a53ef7874751b59cb65199d00e90 - - 7ea3e3be34a04c748fa51567ef9afceb 7ea3e3be34a04c748fa51567ef9afceb] 199.19.213.225 "GET /v2.0/ports?network_id=1b732f19-9a00-4de4-a82d-74e7a0aa2fc4&device_owner=network%3Adhcp HTTP/1.1" status: 200 len: 210 time: 0.0167234
2026-05-19 04:11:20.276 9 INFO neutron.api.wsgi [None req-5ac47edb-b907-4e4d-b86c-33983994d748 92a0f858ce6e443f9ee7b7239b3c4dcf 8a2c5af7beb34591a9bb60cd3da2d8da - - default default] 10.0.0.238 "PUT /v2.0/floatingips/b1533a67-5f25-44b9-91ec-cef0f8d6a916 HTTP/1.1" status: 200 len: 748 time: 0.2533410 /var/lib/openstack/lib/python3.12/site-packages/pycadf/identifier.py:71: UserWarning: Invalid uuid: neutron. To ensure interoperability, identifiers should be a valid uuid. warnings.warn(('Invalid uuid: %s. To ensure interoperability, '
2026-05-19 04:11:20.316 10 INFO neutron.api.wsgi [req-8f63da03-ce2d-4eb0-9b1d-d7b33a67141f req-07793251-c391-453a-88c9-ca7e9ff7d429 c834e764410548f794cde0c82596473f e685a53ef7874751b59cb65199d00e90 - - 7ea3e3be34a04c748fa51567ef9afceb 7ea3e3be34a04c748fa51567ef9afceb] 199.19.213.225 "GET /v2.0/networks/1b732f19-9a00-4de4-a82d-74e7a0aa2fc4?fields=segments HTTP/1.1" status: 200 len: 212 time: 0.0455072
2026-05-19 04:11:20.355 10 INFO neutron.api.wsgi [None req-ab11707f-6683-4c6b-b8de-da8ee6394d47 f77b760cfffc4917925ca7502c2aaccd 35cb3bd5217649d8b8ad9932c17d036d - - default default] 10.0.0.238 "DELETE /v2.0/security-groups/444ce9af-4d31-437b-9103-90ab41e02048 HTTP/1.1" status: 204 len: 168 time: 0.2529788
2026-05-19 04:11:20.373 10 INFO neutron.api.wsgi [req-8f63da03-ce2d-4eb0-9b1d-d7b33a67141f req-2c02e4c0-7884-4eda-a7be-0dfcb7d69da3 c834e764410548f794cde0c82596473f e685a53ef7874751b59cb65199d00e90 - - 7ea3e3be34a04c748fa51567ef9afceb 7ea3e3be34a04c748fa51567ef9afceb] 199.19.213.225 "GET /v2.0/networks/1b732f19-9a00-4de4-a82d-74e7a0aa2fc4?fields=provider%3Aphysical_network&fields=provider%3Anetwork_type HTTP/1.1" status: 200 len: 277 time: 0.0508196
2026-05-19 04:11:20.455 10 INFO neutron.notifiers.nova [-] Nova event matching ['req-8167114b-e694-4622-a951-bcecdee0ea73'] response: {'server_uuid': 'd77e669e-3991-4e56-890a-fd43d8299662', 'name': 'network-vif-deleted', 'tag': '1c1689f7-8db7-4c64-94b6-6bb07a8ee1b5', 'status': 'completed', 'code': 200}
2026-05-19 04:11:20.572 9 INFO neutron.api.wsgi [None req-64dff430-31e0-4d16-b2d1-574b8e1d50b2 92a0f858ce6e443f9ee7b7239b3c4dcf 8a2c5af7beb34591a9bb60cd3da2d8da - - default default] 10.0.0.238 "DELETE /v2.0/floatingips/b1533a67-5f25-44b9-91ec-cef0f8d6a916 HTTP/1.1" status: 204 len: 168 time: 0.2913826
2026-05-19 04:11:20.608 9 INFO neutron.api.v2.resource [None req-501ebe80-6049-4ee9-ad75-f5d36990c2a8 92a0f858ce6e443f9ee7b7239b3c4dcf 8a2c5af7beb34591a9bb60cd3da2d8da - - default default] delete failed (client error): The resource could not be found.
2026-05-19 04:11:20.609 9 INFO neutron.api.wsgi [None req-501ebe80-6049-4ee9-ad75-f5d36990c2a8 92a0f858ce6e443f9ee7b7239b3c4dcf 8a2c5af7beb34591a9bb60cd3da2d8da - - default default] 10.0.0.238 "DELETE /v2.0/floatingips/b1533a67-5f25-44b9-91ec-cef0f8d6a916 HTTP/1.1" status: 404 len: 345 time: 0.0322409
2026-05-19 04:11:20.671 9 INFO neutron.api.wsgi [req-c90a0313-78a5-4449-9ed2-007414c8b3c0 req-a2e5384b-f544-4212-bedb-2ac587f845bd deba606f398642cc8fbfc09018e8cad3 f58c58a1ae174e17af741c2585469534 - - default default] 10.0.0.160 "GET /v2.0/ports?device_id=c6f88717-1a94-4d8b-b03b-c678d14a08e9 HTTP/1.1" status: 200 len: 1168 time: 0.0381892
2026-05-19 04:11:20.742 9 INFO neutron.api.wsgi [req-c90a0313-78a5-4449-9ed2-007414c8b3c0 req-1d9c64a8-fdd1-4430-b408-a27f20cc94d7 deba606f398642cc8fbfc09018e8cad3 f58c58a1ae174e17af741c2585469534 - - default default] 10.0.0.160 "GET /v2.0/security-groups?id=1dd70798-ec38-4188-bf07-108668cac136&fields=id&fields=name HTTP/1.1" status: 200 len: 313 time: 0.0626976
2026-05-19 04:11:20.951 10 INFO neutron.api.wsgi [req-79b72c0d-0eb1-46c1-b767-ba7be87c735e req-7b845147-3da0-4497-8e1d-8b071645945a 3967bfc2a0d34d4e9e694670449f981d b61be2799aa145a88128ac9b77722395 - - default default] 10.0.0.160 "GET /v2.0/ports?device_id=d77e669e-3991-4e56-890a-fd43d8299662 HTTP/1.1" status: 200 len: 210 time: 0.0288208
2026-05-19 04:11:20.986 9 INFO neutron.api.wsgi [None req-6047936b-eb05-4b48-b436-08396e1fb8f7 92a0f858ce6e443f9ee7b7239b3c4dcf 8a2c5af7beb34591a9bb60cd3da2d8da - - default default] 10.0.0.238 "DELETE /v2.0/ports/5aed8b60-2939-41ea-ab53-50ed8fbea7fd HTTP/1.1" status: 204 len: 168 time: 0.3698432
2026-05-19 04:11:21.264 9 INFO neutron.api.wsgi [None req-61c4c198-4394-4cc7-9a62-900af2fac24c 92a0f858ce6e443f9ee7b7239b3c4dcf 8a2c5af7beb34591a9bb60cd3da2d8da - - default default] 10.0.0.238 "DELETE /v2.0/ports/6db3f72e-d9f2-4a04-9a0a-4d8bb53d233d HTTP/1.1" status: 204 len: 168 time: 0.2744243
2026-05-19 04:11:21.299 9 INFO neutron.api.wsgi [None req-5aba8660-5711-484d-833a-d8d5f433c973 92a0f858ce6e443f9ee7b7239b3c4dcf 8a2c5af7beb34591a9bb60cd3da2d8da - - default default] 10.0.0.238 "GET /v2.0/ports?device_id=c70ea564-10c8-4399-846e-2bedc7fe528a HTTP/1.1" status: 200 len: 1140 time: 0.0311913
2026-05-19 04:11:21.526 9 INFO neutron.api.wsgi [-] 10.0.0.52 "GET / HTTP/1.1" status: 200 len: 247 time: 0.0020697
2026-05-19 04:11:21.528 10 INFO neutron.api.wsgi [-] 10.0.0.52 "GET / HTTP/1.1" status: 200 len: 247 time: 0.0031235
2026-05-19 04:11:21.844 9 INFO neutron.api.wsgi [req-cf183f28-5da3-410c-9d09-9688279b147a req-d8ab32eb-a802-47ff-bd1c-81f86571a991 deba606f398642cc8fbfc09018e8cad3 f58c58a1ae174e17af741c2585469534 - - default default] 10.0.0.160 "GET /v2.0/ports?device_id=c6f88717-1a94-4d8b-b03b-c678d14a08e9 HTTP/1.1" status: 200 len: 1168 time: 0.0319049
2026-05-19 04:11:21.900 9 INFO neutron.api.wsgi [req-cf183f28-5da3-410c-9d09-9688279b147a req-0f62e8f8-e493-46ba-83a3-5bd271045813 deba606f398642cc8fbfc09018e8cad3 f58c58a1ae174e17af741c2585469534 - - default default] 10.0.0.160 "GET /v2.0/security-groups?id=1dd70798-ec38-4188-bf07-108668cac136&fields=id&fields=name HTTP/1.1" status: 200 len: 313 time: 0.0501428
2026-05-19 04:11:22.044 10 INFO neutron.api.wsgi [req-a1986833-db47-4285-b829-f9136d653e4e req-bbd2b810-7d27-4ab2-87f9-6a65488cbe32 3967bfc2a0d34d4e9e694670449f981d b61be2799aa145a88128ac9b77722395 - - default default] 10.0.0.160 "GET /v2.0/ports?device_id=d77e669e-3991-4e56-890a-fd43d8299662 HTTP/1.1" status: 200 len: 210 time: 0.0242436
2026-05-19 04:11:22.103 9 INFO neutron.api.wsgi [None req-af3aa726-1d1f-40d5-9478-6f77461dfd8c 92a0f858ce6e443f9ee7b7239b3c4dcf 8a2c5af7beb34591a9bb60cd3da2d8da - - default default] 10.0.0.238 "PUT /v2.0/routers/c70ea564-10c8-4399-846e-2bedc7fe528a/remove_router_interface HTTP/1.1" status: 200 len: 503 time: 0.7989669 /var/lib/openstack/lib/python3.12/site-packages/pycadf/identifier.py:71: UserWarning: Invalid uuid: neutron. To ensure interoperability, identifiers should be a valid uuid. warnings.warn(('Invalid uuid: %s. To ensure interoperability, '
2026-05-19 04:11:22.740 9 INFO neutron.api.wsgi [None req-0d3a1090-fa5a-4937-b927-a1334ff2d8c8 92a0f858ce6e443f9ee7b7239b3c4dcf 8a2c5af7beb34591a9bb60cd3da2d8da - - default default] 10.0.0.238 "DELETE /v2.0/routers/c70ea564-10c8-4399-846e-2bedc7fe528a HTTP/1.1" status: 204 len: 168 time: 0.6326985
2026-05-19 04:11:22.850 9 INFO neutron.api.wsgi [None req-78424468-486a-4dee-8379-f2f1db1b551b 92a0f858ce6e443f9ee7b7239b3c4dcf 8a2c5af7beb34591a9bb60cd3da2d8da - - default default] 10.0.0.238 "DELETE /v2.0/subnets/d1627c50-4c0b-40d7-b197-cb718d5e7655 HTTP/1.1" status: 204 len: 168 time: 0.1020055
2026-05-19 04:11:22.997 9 INFO neutron.api.wsgi [req-bc0b3e3d-a81f-41bd-8cd3-aaca2b3bca9e req-96e51eab-7e34-422d-9f03-e00b18b2cc8b deba606f398642cc8fbfc09018e8cad3 f58c58a1ae174e17af741c2585469534 - - default default] 10.0.0.160 "GET /v2.0/ports?device_id=c6f88717-1a94-4d8b-b03b-c678d14a08e9 HTTP/1.1" status: 200 len: 1168 time: 0.0358553
2026-05-19 04:11:23.054 10 INFO neutron.db.ovn_revision_numbers_db [None req-abe3a3aa-6b3d-4411-a70f-9d0a8ac3b104 f77b760cfffc4917925ca7502c2aaccd 35cb3bd5217649d8b8ad9932c17d036d - - default default] Successfully bumped revision number for resource d82e674d-f30f-4632-813d-791e48ca8eb7 (type: security_groups) to 1
2026-05-19 04:11:23.064 9 INFO neutron.api.wsgi [req-bc0b3e3d-a81f-41bd-8cd3-aaca2b3bca9e req-f5cdbf3f-b2cf-4888-906a-e4842626b976 deba606f398642cc8fbfc09018e8cad3 f58c58a1ae174e17af741c2585469534 - - default default] 10.0.0.160 "GET /v2.0/security-groups?id=1dd70798-ec38-4188-bf07-108668cac136&fields=id&fields=name HTTP/1.1" status: 200 len: 313 time: 0.0565960
2026-05-19 04:11:23.099 10 INFO neutron.db.ovn_revision_numbers_db [None req-abe3a3aa-6b3d-4411-a70f-9d0a8ac3b104 f77b760cfffc4917925ca7502c2aaccd 35cb3bd5217649d8b8ad9932c17d036d - - default default] Successfully bumped revision number for resource 393c08dd-16ba-429b-9a05-15da8071d9f6 (type: security_group_rules) to 0
2026-05-19 04:11:23.123 10 INFO neutron.db.ovn_revision_numbers_db [None req-abe3a3aa-6b3d-4411-a70f-9d0a8ac3b104 f77b760cfffc4917925ca7502c2aaccd 35cb3bd5217649d8b8ad9932c17d036d - - default default] Successfully bumped revision number for resource 84952550-9973-4bab-87d7-a76a67f277b9 (type: security_group_rules) to 0
2026-05-19 04:11:23.138 10 INFO neutron.db.ovn_revision_numbers_db [None req-abe3a3aa-6b3d-4411-a70f-9d0a8ac3b104 f77b760cfffc4917925ca7502c2aaccd 35cb3bd5217649d8b8ad9932c17d036d - - default default] Successfully bumped revision number for resource b4998212-0d21-4817-a55d-719617692213 (type: security_group_rules) to 0
2026-05-19 04:11:23.150 10 INFO neutron.db.ovn_revision_numbers_db [None req-abe3a3aa-6b3d-4411-a70f-9d0a8ac3b104 f77b760cfffc4917925ca7502c2aaccd 35cb3bd5217649d8b8ad9932c17d036d - - default default] Successfully bumped revision number for resource e30b2a63-6d20-462b-9f58-46220545f10a (type: security_group_rules) to 0
2026-05-19 04:11:23.189 10 INFO neutron.api.wsgi [None req-abe3a3aa-6b3d-4411-a70f-9d0a8ac3b104 f77b760cfffc4917925ca7502c2aaccd 35cb3bd5217649d8b8ad9932c17d036d - - default default] 10.0.0.238 "GET /v2.0/security-groups?tenant_id=f046f6e7fce7436ebeeeb933d9c26693&name=default HTTP/1.1" status: 200 len: 3120 time: 0.5011771
2026-05-19 04:11:23.199 9 INFO neutron.services.segments.plugin [-] Segment 11b948e5-47b5-43c9-8988-aa04e79e4da7 resource provider aggregate not found
2026-05-19 04:11:23.202 9 INFO neutron.services.segments.plugin [-] Segment 11b948e5-47b5-43c9-8988-aa04e79e4da7 resource provider aggregate not found
2026-05-19 04:11:23.217 9 INFO neutron.services.segments.plugin [-] Segment 11b948e5-47b5-43c9-8988-aa04e79e4da7 resource provider not found; error: Placement Client Error (4xx): {"errors": [{"status": 404, "title": "Not Found", "detail": "The resource could not be found.\n\n No resource provider with uuid 11b948e5-47b5-43c9-8988-aa04e79e4da7 found for delete ", "request_id": "req-7adc3ed8-673c-4242-a7a0-deec9131fac7"}]}
2026-05-19 04:11:23.219 9 INFO neutron.services.segments.plugin [-] Segment 11b948e5-47b5-43c9-8988-aa04e79e4da7 resource provider not found; error: Placement Client Error (4xx): {"errors": [{"status": 404, "title": "Not Found", "detail": "The resource could not be found.\n\n No resource provider with uuid 11b948e5-47b5-43c9-8988-aa04e79e4da7 found for delete ", "request_id": "req-0510e1e3-444a-4819-b27c-34b540839025"}]}
2026-05-19 04:11:23.245 9 INFO neutron.api.wsgi [None req-a3e9ccee-d024-4abe-bf26-c0f186c6eb08 92a0f858ce6e443f9ee7b7239b3c4dcf 8a2c5af7beb34591a9bb60cd3da2d8da - - default default] 10.0.0.238 "DELETE /v2.0/networks/5ba6d9bb-4012-42a8-bfd9-73c8e8a878ea HTTP/1.1" status: 204 len: 168 time: 0.3911984
2026-05-19 04:11:23.302 9 INFO neutron.api.wsgi [None req-9bf2bf38-30ee-41a2-ac9b-d634d5739bd9 3967bfc2a0d34d4e9e694670449f981d b61be2799aa145a88128ac9b77722395 - - default default] 10.0.0.238 "DELETE /v2.0/security-groups/00567702-cfc3-4242-afc5-48ec0c2cf893 HTTP/1.1" status: 204 len: 168 time: 0.1688163
2026-05-19 04:11:23.322 10 INFO neutron.api.v2.resource [None req-15066521-3dde-4107-a9d4-9dcc34b841c3 3967bfc2a0d34d4e9e694670449f981d b61be2799aa145a88128ac9b77722395 - - default default] show failed (client error): The resource could not be found.
2026-05-19 04:11:23.323 10 INFO neutron.api.wsgi [None req-15066521-3dde-4107-a9d4-9dcc34b841c3 3967bfc2a0d34d4e9e694670449f981d b61be2799aa145a88128ac9b77722395 - - default default] 10.0.0.238 "GET /v2.0/security-groups/00567702-cfc3-4242-afc5-48ec0c2cf893 HTTP/1.1" status: 404 len: 347 time: 0.0152650
2026-05-19 04:11:23.443 9 INFO neutron.api.wsgi [None req-20be6e0f-b2dd-4b04-a280-98d3ca738821 f77b760cfffc4917925ca7502c2aaccd 35cb3bd5217649d8b8ad9932c17d036d - - default default] 10.0.0.238 "DELETE /v2.0/security-groups/d82e674d-f30f-4632-813d-791e48ca8eb7 HTTP/1.1" status: 204 len: 168 time: 0.2496078
2026-05-19 04:11:23.614 9 INFO neutron.api.wsgi [None req-de5de6b2-f70e-43b3-b23c-dbf5af0f6140 3967bfc2a0d34d4e9e694670449f981d b61be2799aa145a88128ac9b77722395 - - default default] 10.0.0.238 "DELETE /v2.0/floatingips/970a4b93-b35a-47a7-920f-c6f36edc0b6d HTTP/1.1" status: 204 len: 168 time: 0.2805579
2026-05-19 04:11:23.892 9 INFO neutron.api.wsgi [None req-015339b1-374d-476d-8b2f-8ef067641c8f f77b760cfffc4917925ca7502c2aaccd 35cb3bd5217649d8b8ad9932c17d036d - - default default] 10.0.0.238 "GET /v2.0/security-groups?tenant_id=8a2c5af7beb34591a9bb60cd3da2d8da&name=default HTTP/1.1" status: 200 len: 3120 time: 0.1861858
2026-05-19 04:11:24.116 9 INFO neutron.api.wsgi [None req-e2920a22-8ac9-4681-8598-d6e098a343c9 f77b760cfffc4917925ca7502c2aaccd 35cb3bd5217649d8b8ad9932c17d036d - - default default] 10.0.0.238 "DELETE /v2.0/security-groups/88f25d81-1ac6-4a8d-9f72-a8c07ccd62c3 HTTP/1.1" status: 204 len: 168 time: 0.2191784
2026-05-19 04:11:24.216 10 INFO neutron.api.wsgi [req-07f83ae3-1140-4237-a7a9-7cad7c4a673e req-ebfd8740-f1c2-4e8c-8cb5-36274accac79 deba606f398642cc8fbfc09018e8cad3 f58c58a1ae174e17af741c2585469534 - - default default] 10.0.0.160 "GET /v2.0/ports?device_id=c6f88717-1a94-4d8b-b03b-c678d14a08e9 HTTP/1.1" status: 200 len: 1168 time: 0.0824974
2026-05-19 04:11:24.256 10 INFO neutron.api.wsgi [req-07f83ae3-1140-4237-a7a9-7cad7c4a673e req-87609003-0839-4f59-b251-b0202ac06303 deba606f398642cc8fbfc09018e8cad3 f58c58a1ae174e17af741c2585469534 - - default default] 10.0.0.160 "GET /v2.0/security-groups?id=1dd70798-ec38-4188-bf07-108668cac136&fields=id&fields=name HTTP/1.1" status: 200 len: 313 time: 0.0374596
2026-05-19 04:11:24.261 10 WARNING neutron.plugins.ml2.drivers.ovn.mech_driver.ovsdb.ovn_client [None req-19451401-08b1-44d0-b074-9b4f485529a4 - - - - - -] No port found with ID 3b855916-4414-47d1-a24d-fb0c525f8742: RuntimeError: No port found with ID 3b855916-4414-47d1-a24d-fb0c525f8742
2026-05-19 04:11:24.352 10 INFO neutron.plugins.ml2.drivers.ovn.mech_driver.mech_driver [None req-19451401-08b1-44d0-b074-9b4f485529a4 - - - - - -] OVN reports status up for port: 0be79b4c-6eeb-496d-bf17-b80c25c8a702
2026-05-19 04:11:24.368 10 INFO neutron.plugins.ml2.plugin [None req-19451401-08b1-44d0-b074-9b4f485529a4 - - - - - -] Attempt 1 to provision port 0be79b4c-6eeb-496d-bf17-b80c25c8a702
2026-05-19 04:11:24.480 10 INFO neutron.notifiers.nova [-] Nova event matching ['req-1c479df1-0c81-4614-9a4c-ca770ca9945e'] response: {'server_uuid': 'c6f88717-1a94-4d8b-b03b-c678d14a08e9', 'name': 'network-vif-plugged', 'status': 'completed', 'tag': '0be79b4c-6eeb-496d-bf17-b80c25c8a702', 'code': 200}
2026-05-19 04:11:24.614 10 INFO neutron.db.ovn_revision_numbers_db [None req-19451401-08b1-44d0-b074-9b4f485529a4 - - - - - -] Successfully bumped revision number for resource 0be79b4c-6eeb-496d-bf17-b80c25c8a702 (type: ports) to 5
2026-05-19 04:11:24.644 9 INFO neutron.api.wsgi [None req-8dd47145-42a4-4470-a3df-821b270bd750 f77b760cfffc4917925ca7502c2aaccd 35cb3bd5217649d8b8ad9932c17d036d - - default default] 10.0.0.238 "PUT /v2.0/routers/d3b29802-120d-4b43-ba24-7d9183127eb2/remove_router_interface HTTP/1.1" status: 200 len: 503 time: 1.0253079 /var/lib/openstack/lib/python3.12/site-packages/pycadf/identifier.py:71: UserWarning: Invalid uuid: neutron. To ensure interoperability, identifiers should be a valid uuid. warnings.warn(('Invalid uuid: %s. To ensure interoperability, ' /var/lib/openstack/lib/python3.12/site-packages/pycadf/identifier.py:71: UserWarning: Invalid uuid: neutron. To ensure interoperability, identifiers should be a valid uuid. warnings.warn(('Invalid uuid: %s. To ensure interoperability, '
2026-05-19 04:11:25.337 9 INFO neutron.api.wsgi [None req-1d16c3da-d629-4627-b9cc-000f49ab6312 f77b760cfffc4917925ca7502c2aaccd 35cb3bd5217649d8b8ad9932c17d036d - - default default] 10.0.0.238 "DELETE /v2.0/routers/d3b29802-120d-4b43-ba24-7d9183127eb2 HTTP/1.1" status: 204 len: 168 time: 0.6848438
2026-05-19 04:11:25.362 10 INFO neutron.api.wsgi [req-6c8f85fc-9d6d-40d5-a41b-437bb68df742 req-73101f88-ac83-470e-82f2-ddb85d37e072 deba606f398642cc8fbfc09018e8cad3 f58c58a1ae174e17af741c2585469534 - - default default] 10.0.0.160 "GET /v2.0/ports?device_id=c6f88717-1a94-4d8b-b03b-c678d14a08e9 HTTP/1.1" status: 200 len: 1170 time: 0.0388696
2026-05-19 04:11:25.401 10 INFO neutron.api.wsgi [None req-9b216c08-4e45-4b77-98ac-1c6a4c4ac530 ebde98231fc54556ad6f7ff1409ceed5 3624f6264a374915a8239a0cc79cf9f4 - - default default] 10.0.0.238 "GET /v2.0/extensions HTTP/1.1" status: 200 len: 19293 time: 0.1833293
2026-05-19 04:11:25.406 10 INFO neutron.api.wsgi [req-6c8f85fc-9d6d-40d5-a41b-437bb68df742 req-5ed71075-859b-44b3-9bea-17a21fd3b7f7 deba606f398642cc8fbfc09018e8cad3 f58c58a1ae174e17af741c2585469534 - - default default] 10.0.0.160 "GET /v2.0/security-groups?id=1dd70798-ec38-4188-bf07-108668cac136&fields=id&fields=name HTTP/1.1" status: 200 len: 313 time: 0.0356803
2026-05-19 04:11:25.411 9 INFO neutron.api.wsgi [None req-ffda96ef-b755-46df-96c0-8f17a8e5a7a1 ebde98231fc54556ad6f7ff1409ceed5 3624f6264a374915a8239a0cc79cf9f4 - - default default] 10.0.0.238 "GET /v2.0/extensions/address-group HTTP/1.1" status: 200 len: 353 time: 0.0056708
2026-05-19 04:11:25.421 9 INFO neutron.api.wsgi [None req-0dcbd86f-a914-4979-a9a2-f63ec8eca336 ebde98231fc54556ad6f7ff1409ceed5 3624f6264a374915a8239a0cc79cf9f4 - - default default] 10.0.0.238 "GET /v2.0/extensions/address-scope HTTP/1.1" status: 200 len: 357 time: 0.0066204
2026-05-19 04:11:25.435 10 INFO neutron.api.wsgi [None req-29d78dd5-c189-4d40-b38f-11c52ab02eeb ebde98231fc54556ad6f7ff1409ceed5 3624f6264a374915a8239a0cc79cf9f4 - - default default] 10.0.0.238 "GET /v2.0/extensions/agent HTTP/1.1" status: 200 len: 347 time: 0.0079525
2026-05-19 04:11:25.443 10 INFO neutron.api.wsgi [None req-f2f14069-1f83-4773-b578-b2a95b8b005f ebde98231fc54556ad6f7ff1409ceed5 3624f6264a374915a8239a0cc79cf9f4 - - default default] 10.0.0.238 "GET /v2.0/extensions/allowed-address-pairs HTTP/1.1" status: 200 len: 378 time: 0.0046453
2026-05-19 04:11:25.452 10 INFO neutron.api.wsgi [None req-009551bd-657c-4e23-aee5-32acc9f668f8 ebde98231fc54556ad6f7ff1409ceed5 3624f6264a374915a8239a0cc79cf9f4 - - default default] 10.0.0.238 "GET /v2.0/extensions/auto-allocated-topology HTTP/1.1" status: 200 len: 394 time: 0.0053034
2026-05-19 04:11:25.461 10 INFO neutron.api.wsgi [None req-9e7d53ae-ae17-4c83-8445-c69a56144a37 ebde98231fc54556ad6f7ff1409ceed5 3624f6264a374915a8239a0cc79cf9f4 - - default default] 10.0.0.238 "GET /v2.0/extensions/availability_zone HTTP/1.1" status: 200 len: 372 time: 0.0054440
2026-05-19 04:11:25.478 10 INFO neutron.api.wsgi [None req-3ac3a1a6-cedf-47d4-8441-4c5fa61ad0b0 ebde98231fc54556ad6f7ff1409ceed5 3624f6264a374915a8239a0cc79cf9f4 - - default default] 10.0.0.238 "GET /v2.0/extensions/default-subnetpools HTTP/1.1" status: 200 len: 405 time: 0.0073264
2026-05-19 04:11:25.485 10 INFO neutron.api.wsgi [None req-99b2276a-ea2d-4a1b-aa12-54b90a31d1e7 ebde98231fc54556ad6f7ff1409ceed5 3624f6264a374915a8239a0cc79cf9f4 - - default default] 10.0.0.238 "GET /v2.0/extensions/dhcp_agent_scheduler HTTP/1.1" status: 200 len: 381 time: 0.0028400
2026-05-19 04:11:25.492 10 INFO neutron.api.wsgi [None req-b64e291f-e4de-43c8-b2da-e68ac63e6e56 ebde98231fc54556ad6f7ff1409ceed5 3624f6264a374915a8239a0cc79cf9f4 - - default default] 10.0.0.238 "GET /v2.0/extensions/dns-integration HTTP/1.1" status: 200 len: 366 time: 0.0027406
2026-05-19 04:11:25.498 10 INFO neutron.api.wsgi [None req-8cc7e6be-1afb-43b0-8425-96ed16c2e9e5 ebde98231fc54556ad6f7ff1409ceed5 3624f6264a374915a8239a0cc79cf9f4 - - default default] 10.0.0.238 "GET /v2.0/extensions/dns-domain-ports HTTP/1.1" status: 200 len: 399 time: 0.0030308
2026-05-19 04:11:25.506 9 INFO neutron.api.wsgi [None req-77b067a8-e8e6-4cac-a821-6f1a3d0ec7b4 ebde98231fc54556ad6f7ff1409ceed5 3624f6264a374915a8239a0cc79cf9f4 - - default default] 10.0.0.238 "GET /v2.0/extensions/dns-integration-domain-keywords HTTP/1.1" status: 200 len: 477 time: 0.0046616
2026-05-19 04:11:25.515 10 INFO neutron.api.wsgi [None req-6fed6dc9-3b84-41cb-b02d-fbbb51113c29 ebde98231fc54556ad6f7ff1409ceed5 3624f6264a374915a8239a0cc79cf9f4 - - default default] 10.0.0.238 "GET /v2.0/extensions/empty-string-filtering HTTP/1.1" status: 200 len: 413 time: 0.0043986
2026-05-19 04:11:25.525 9 INFO neutron.api.wsgi [None req-3362f28d-49d3-4c64-83f3-7e23a4bae0c6 ebde98231fc54556ad6f7ff1409ceed5 3624f6264a374915a8239a0cc79cf9f4 - - default default] 10.0.0.238 "GET /v2.0/extensions/external-net HTTP/1.1" status: 200 len: 394 time: 0.0046189
2026-05-19 04:11:25.532 9 INFO neutron.api.wsgi [None req-d40a9d35-6486-416e-9360-9ed9923fc689 ebde98231fc54556ad6f7ff1409ceed5 3624f6264a374915a8239a0cc79cf9f4 - - default default] 10.0.0.238 "GET /v2.0/extensions/extra_dhcp_opt HTTP/1.1" status: 200 len: 498 time: 0.0042462
2026-05-19 04:11:25.539 10 INFO neutron.api.wsgi [None req-3b368526-c288-44fb-bde1-85eee1ed38ac ebde98231fc54556ad6f7ff1409ceed5 3624f6264a374915a8239a0cc79cf9f4 - - default default] 10.0.0.238 "GET /v2.0/extensions/extraroute HTTP/1.1" status: 200 len: 375 time: 0.0040479
2026-05-19 04:11:25.548 9 INFO neutron.api.wsgi [None req-92162371-7d13-4c6d-b6a6-bc740804624e ebde98231fc54556ad6f7ff1409ceed5 3624f6264a374915a8239a0cc79cf9f4 - - default default] 10.0.0.238 "GET /v2.0/extensions/floating-ip-port-forwarding-detail HTTP/1.1" status: 200 len: 465 time: 0.0049071
2026-05-19 04:11:25.556 10 INFO neutron.api.wsgi [None req-b4b0bb2e-6d05-4c7d-bf9a-ab2a299a69cc ebde98231fc54556ad6f7ff1409ceed5 3624f6264a374915a8239a0cc79cf9f4 - - default default] 10.0.0.238 "GET /v2.0/extensions/fip-port-details HTTP/1.1" status: 200 len: 406 time: 0.0042689
2026-05-19 04:11:25.558 9 INFO neutron.api.wsgi [None req-740208c0-7021-4f56-9b29-e9fc0c64c1c8 f77b760cfffc4917925ca7502c2aaccd 35cb3bd5217649d8b8ad9932c17d036d - - default default] 10.0.0.238 "DELETE /v2.0/subnets/0fa85e67-2785-49b6-8d94-8e05b5fa4a97 HTTP/1.1" status: 204 len: 168 time: 0.2168138
2026-05-19 04:11:25.569 10 INFO neutron.api.wsgi [None req-8c8115c5-7403-4804-a003-3ac0b0a840f6 ebde98231fc54556ad6f7ff1409ceed5 3624f6264a374915a8239a0cc79cf9f4 - - default default] 10.0.0.238 "GET /v2.0/extensions/flavors HTTP/1.1" status: 200 len: 387 time: 0.0093138
2026-05-19 04:11:25.580 10 INFO neutron.api.wsgi [None req-f7b97bf0-0ba3-494d-b5fa-c9870378d9cc ebde98231fc54556ad6f7ff1409ceed5 3624f6264a374915a8239a0cc79cf9f4 - - default default] 10.0.0.238 "GET /v2.0/extensions/floatingip-pools HTTP/1.1" status: 200 len: 382 time: 0.0044458
2026-05-19 04:11:25.594 9 INFO neutron.api.wsgi [None req-d61ca48e-edb1-475d-8a13-74cf06790747 ebde98231fc54556ad6f7ff1409ceed5 3624f6264a374915a8239a0cc79cf9f4 - - default default] 10.0.0.238 "GET /v2.0/extensions/ip_allocation HTTP/1.1" status: 200 len: 356 time: 0.0064895
2026-05-19 04:11:25.604 10 INFO neutron.api.wsgi [None req-a8188ff5-2b08-4701-ae56-15be89fb2878 ebde98231fc54556ad6f7ff1409ceed5 3624f6264a374915a8239a0cc79cf9f4 - - default default] 10.0.0.238 "GET /v2.0/extensions/l2_adjacency HTTP/1.1" status: 200 len: 372 time: 0.0042031
2026-05-19 04:11:25.615 10 INFO neutron.api.wsgi [None req-d9b35845-42da-4cf9-a439-6643610204c8 ebde98231fc54556ad6f7ff1409ceed5 3624f6264a374915a8239a0cc79cf9f4 - - default default] 10.0.0.238 "GET /v2.0/extensions/router HTTP/1.1" status: 200 len: 450 time: 0.0059862
2026-05-19 04:11:25.622 10 INFO neutron.api.wsgi [None req-a4677d16-9c49-470d-bc92-40ba4aaf571f ebde98231fc54556ad6f7ff1409ceed5 3624f6264a374915a8239a0cc79cf9f4 - - default default] 10.0.0.238 "GET /v2.0/extensions/enable-default-route-bfd HTTP/1.1" status: 200 len: 406 time: 0.0027902
2026-05-19 04:11:25.630 9 INFO neutron.api.wsgi [None req-ac9c3410-eb01-4f0b-9386-efd3c5b755f5 ebde98231fc54556ad6f7ff1409ceed5 3624f6264a374915a8239a0cc79cf9f4 - - default default] 10.0.0.238 "GET /v2.0/extensions/enable-default-route-ecmp HTTP/1.1" status: 200 len: 409 time: 0.0049946
2026-05-19 04:11:25.639 10 INFO neutron.api.wsgi [None req-61a2d51a-ca1d-440c-aaa4-cf9c8d2f8f53 ebde98231fc54556ad6f7ff1409ceed5 3624f6264a374915a8239a0cc79cf9f4 - - default default] 10.0.0.238 "GET /v2.0/extensions/ext-gw-mode HTTP/1.1" status: 200 len: 462 time: 0.0047710
2026-05-19 04:11:25.647 9 INFO neutron.api.wsgi [None req-c4ce280a-818b-4af1-9d05-80797ce91289 ebde98231fc54556ad6f7ff1409ceed5 3624f6264a374915a8239a0cc79cf9f4 - - default default] 10.0.0.238 "GET /v2.0/extensions/l3-ha HTTP/1.1" status: 200 len: 360 time: 0.0046604
2026-05-19 04:11:25.655 9 INFO neutron.api.wsgi [None req-4b41dd66-1741-4648-86ef-7bd52d5b5b5f ebde98231fc54556ad6f7ff1409ceed5 3624f6264a374915a8239a0cc79cf9f4 - - default default] 10.0.0.238 "GET /v2.0/extensions/external-gateway-multihoming HTTP/1.1" status: 200 len: 421 time: 0.0043809
2026-05-19 04:11:25.661 9 INFO neutron.api.wsgi [None req-c970c5a3-5128-4fca-b237-27a9aa6ac910 ebde98231fc54556ad6f7ff1409ceed5 3624f6264a374915a8239a0cc79cf9f4 - - default default] 10.0.0.238 "GET /v2.0/extensions/l3-flavors HTTP/1.1" status: 200 len: 366 time: 0.0030489
2026-05-19 04:11:25.669 10 INFO neutron.api.wsgi [None req-9886c2e4-8721-4e3e-853c-d31fc1910ec6 ebde98231fc54556ad6f7ff1409ceed5 3624f6264a374915a8239a0cc79cf9f4 - - default default] 10.0.0.238 "GET /v2.0/extensions/logging HTTP/1.1" status: 200 len: 407 time: 0.0044620
2026-05-19 04:11:25.677 10 INFO neutron.api.wsgi [None req-2fabfb93-7bc4-451d-a5a7-d55593026e34 ebde98231fc54556ad6f7ff1409ceed5 3624f6264a374915a8239a0cc79cf9f4 - - default default] 10.0.0.238 "GET /v2.0/extensions/multi-provider HTTP/1.1" status: 200 len: 406 time: 0.0046861
2026-05-19 04:11:25.688 9 INFO neutron.api.wsgi [None req-5fa576e1-8c65-403d-95ad-477a26fdde74 ebde98231fc54556ad6f7ff1409ceed5 3624f6264a374915a8239a0cc79cf9f4 - - default default] 10.0.0.238 "GET /v2.0/extensions/net-mtu HTTP/1.1" status: 200 len: 370 time: 0.0062792
2026-05-19 04:11:25.695 9 INFO neutron.api.wsgi [None req-e3401d6e-0959-4bb2-b1c5-c2a346e791a2 ebde98231fc54556ad6f7ff1409ceed5 3624f6264a374915a8239a0cc79cf9f4 - - default default] 10.0.0.238 "GET /v2.0/extensions/net-mtu-writable HTTP/1.1" status: 200 len: 401 time: 0.0030615
2026-05-19 04:11:25.703 9 INFO neutron.api.wsgi [None req-d6ce8393-9519-4eea-a244-b54ae17911c4 ebde98231fc54556ad6f7ff1409ceed5 3624f6264a374915a8239a0cc79cf9f4 - - default default] 10.0.0.238 "GET /v2.0/extensions/network_availability_zone HTTP/1.1" status: 200 len: 394 time: 0.0042722
2026-05-19 04:11:25.711 9 INFO neutron.api.wsgi [None req-88a3c434-6b51-4b32-8380-7a3f3ab69fd5 ebde98231fc54556ad6f7ff1409ceed5 3624f6264a374915a8239a0cc79cf9f4 - - default default] 10.0.0.238 "GET /v2.0/extensions/network-ip-availability HTTP/1.1" status: 200 len: 410 time: 0.0041375
2026-05-19 04:11:25.719 9 INFO neutron.api.wsgi [None req-4e4d9be8-cd5a-44bf-8069-2a9b2bc80b09 ebde98231fc54556ad6f7ff1409ceed5 3624f6264a374915a8239a0cc79cf9f4 - - default default] 10.0.0.238 "GET /v2.0/extensions/pagination HTTP/1.1" status: 200 len: 386 time: 0.0039549
2026-05-19 04:11:25.728 9 INFO neutron.api.wsgi [None req-171812c4-5e02-4b2d-bef0-b480b909b1bf ebde98231fc54556ad6f7ff1409ceed5 3624f6264a374915a8239a0cc79cf9f4 - - default default] 10.0.0.238 "GET /v2.0/extensions/port-device-profile HTTP/1.1" status: 200 len: 383 time: 0.0034940
2026-05-19 04:11:25.734 9 INFO neutron.api.wsgi [None req-b3696862-83f0-40e7-ba57-dd01dc33d8ee ebde98231fc54556ad6f7ff1409ceed5 3624f6264a374915a8239a0cc79cf9f4 - - default default] 10.0.0.238 "GET /v2.0/extensions/port-mac-address-regenerate HTTP/1.1" status: 200 len: 403 time: 0.0031126
2026-05-19 04:11:25.740 9 INFO neutron.api.wsgi [None req-3d959464-6b06-41c9-b3b8-888e5828ac34 ebde98231fc54556ad6f7ff1409ceed5 3624f6264a374915a8239a0cc79cf9f4 - - default default] 10.0.0.238 "GET /v2.0/extensions/port-numa-affinity-policy HTTP/1.1" status: 200 len: 392 time: 0.0029268
2026-05-19 04:11:25.746 9 INFO neutron.api.wsgi [None req-5e8bdc96-ad06-474b-8db8-905402259559 ebde98231fc54556ad6f7ff1409ceed5 3624f6264a374915a8239a0cc79cf9f4 - - default default] 10.0.0.238 "GET /v2.0/extensions/port-numa-affinity-policy-socket HTTP/1.1" status: 200 len: 434 time: 0.0038784
2026-05-19 04:11:25.757 10 INFO neutron.api.wsgi [None req-6f1850c9-2376-4002-be19-ca75c94f1e26 ebde98231fc54556ad6f7ff1409ceed5 3624f6264a374915a8239a0cc79cf9f4 - - default default] 10.0.0.238 "GET /v2.0/extensions/port-resource-request HTTP/1.1" status: 200 len: 379 time: 0.0060043
2026-05-19 04:11:25.768 9 INFO neutron.api.wsgi [None req-1558c887-f757-41ef-a563-fb3d7fe0531d ebde98231fc54556ad6f7ff1409ceed5 3624f6264a374915a8239a0cc79cf9f4 - - default default] 10.0.0.238 "GET /v2.0/extensions/port-resource-request-groups HTTP/1.1" status: 200 len: 465 time: 0.0069933
2026-05-19 04:11:25.777 9 INFO neutron.api.wsgi [None req-af2e9a41-c7ca-41b1-95af-c28a9c5a110f ebde98231fc54556ad6f7ff1409ceed5 3624f6264a374915a8239a0cc79cf9f4 - - default default] 10.0.0.238 "GET /v2.0/extensions/binding HTTP/1.1" status: 200 len: 387 time: 0.0043964
2026-05-19 04:11:25.792 10 INFO neutron.api.wsgi [None req-c2bd43fd-1b2c-40aa-9ea5-399a0a19add7 ebde98231fc54556ad6f7ff1409ceed5 3624f6264a374915a8239a0cc79cf9f4 - - default default] 10.0.0.238 "GET /v2.0/extensions/binding-extended HTTP/1.1" status: 200 len: 406 time: 0.0087187
2026-05-19 04:11:25.804 10 INFO neutron.api.wsgi [None req-970d09f4-5c67-425e-9eeb-ec026c93ded2 ebde98231fc54556ad6f7ff1409ceed5 3624f6264a374915a8239a0cc79cf9f4 - - default default] 10.0.0.238 "GET /v2.0/extensions/port-security HTTP/1.1" status: 200 len: 354 time: 0.0063431
2026-05-19 04:11:25.813 9 INFO neutron.api.wsgi [None req-2036bfeb-f874-435a-9778-8100e62735aa ebde98231fc54556ad6f7ff1409ceed5 3624f6264a374915a8239a0cc79cf9f4 - - default default] 10.0.0.238 "GET /v2.0/extensions/project-id HTTP/1.1" status: 200 len: 398 time: 0.0052829
2026-05-19 04:11:25.821 9 INFO neutron.api.wsgi [None req-fc07125f-9142-4ea2-b31d-0f816f5df593 ebde98231fc54556ad6f7ff1409ceed5 3624f6264a374915a8239a0cc79cf9f4 - - default default] 10.0.0.238 "GET /v2.0/extensions/provider HTTP/1.1" status: 200 len: 385 time: 0.0033021
2026-05-19 04:11:25.831 10 INFO neutron.api.wsgi [None req-2474a6b2-d32d-4235-922d-ec39e5acc9a0 ebde98231fc54556ad6f7ff1409ceed5 3624f6264a374915a8239a0cc79cf9f4 - - default default] 10.0.0.238 "GET /v2.0/extensions/qos HTTP/1.1" status: 200 len: 360 time: 0.0056355
2026-05-19 04:11:25.844 10 INFO neutron.api.wsgi [None req-09b0473b-0b25-459b-b1ef-128fc5a317e0 ebde98231fc54556ad6f7ff1409ceed5 3624f6264a374915a8239a0cc79cf9f4 - - default default] 10.0.0.238 "GET /v2.0/extensions/qos-bw-limit-direction HTTP/1.1" status: 200 len: 452 time: 0.0050099
2026-05-19 04:11:25.870 9 INFO neutron.api.wsgi [None req-4494d8aa-3c1e-4eb9-9bf9-7200230f2b10 ebde98231fc54556ad6f7ff1409ceed5 3624f6264a374915a8239a0cc79cf9f4 - - default default] 10.0.0.238 "GET /v2.0/extensions/qos-bw-minimum-ingress HTTP/1.1" status: 200 len: 445 time: 0.0098562
2026-05-19 04:11:25.882 10 INFO neutron.api.wsgi [None req-88f5209c-da90-443e-8fb6-f707bfae12ad ebde98231fc54556ad6f7ff1409ceed5 3624f6264a374915a8239a0cc79cf9f4 - - default default] 10.0.0.238 "GET /v2.0/extensions/qos-default HTTP/1.1" status: 200 len: 377 time: 0.0057778
2026-05-19 04:11:25.897 9 INFO neutron.api.wsgi [None req-d6ad04ae-70d5-4437-b87d-389eb5716451 ebde98231fc54556ad6f7ff1409ceed5 3624f6264a374915a8239a0cc79cf9f4 - - default default] 10.0.0.238 "GET /v2.0/extensions/qos-fip HTTP/1.1" status: 200 len: 372 time: 0.0064516
2026-05-19 04:11:25.912 9 INFO neutron.api.wsgi [None req-9de5d963-3687-4ba2-aaf8-0846f88c70c0 ebde98231fc54556ad6f7ff1409ceed5 3624f6264a374915a8239a0cc79cf9f4 - - default default] 10.0.0.238 "GET /v2.0/extensions/qos-gateway-ip HTTP/1.1" status: 200 len: 391 time: 0.0050244
2026-05-19 04:11:25.920 9 INFO neutron.api.wsgi [None req-7e25aad9-ec9d-4854-b5e7-094915346196 ebde98231fc54556ad6f7ff1409ceed5 3624f6264a374915a8239a0cc79cf9f4 - - default default] 10.0.0.238 "GET /v2.0/extensions/qos-port-network-policy HTTP/1.1" status: 200 len: 403 time: 0.0046186
2026-05-19 04:11:25.928 10 INFO neutron.api.wsgi [None req-404edeef-11e6-422d-a047-fcecd0c447c7 ebde98231fc54556ad6f7ff1409ceed5 3624f6264a374915a8239a0cc79cf9f4 - - default default] 10.0.0.238 "GET /v2.0/extensions/qos-pps-minimum HTTP/1.1" status: 200 len: 397 time: 0.0041077
2026-05-19 04:11:25.930 10 INFO neutron.services.segments.plugin [-] Segment d7501929-f735-4402-af54-660a474e7c60 resource provider aggregate not found
2026-05-19 04:11:25.934 10 INFO neutron.services.segments.plugin [-] Segment d7501929-f735-4402-af54-660a474e7c60 resource provider aggregate not found
2026-05-19 04:11:25.939 9 INFO neutron.api.wsgi [None req-c27a438d-689a-447d-bd51-c77db7241802 ebde98231fc54556ad6f7ff1409ceed5 3624f6264a374915a8239a0cc79cf9f4 - - default default] 10.0.0.238 "GET /v2.0/extensions/qos-pps-minimum-rule-alias HTTP/1.1" status: 200 len: 471 time: 0.0047362
2026-05-19 04:11:25.944 10 WARNING neutron_lib.context [None req-992a4223-f540-4c8e-9bb2-9ca88a7a56c1 f05571de42174e29b33532a2fd20f722 015177c092d042079ee33bd8f6bbb3a9 - - default default] Method 'is_advsvc' is deprecated since 2023.2 release (neutron-lib 3.8.0) and will be removed once support for the old RBAC API policies will be removed from Neutron. Please use method 'is_service_role' instead.
2026-05-19 04:11:25.947 10 INFO neutron.services.segments.plugin [-] Segment d7501929-f735-4402-af54-660a474e7c60 resource provider not found; error: Placement Client Error (4xx): {"errors": [{"status": 404, "title": "Not Found", "detail": "The resource could not be found.\n\n No resource provider with uuid d7501929-f735-4402-af54-660a474e7c60 found for delete ", "request_id": "req-e8adb835-f4b5-4b97-9ffa-c77ff843d7e0"}]}
2026-05-19 04:11:25.948 10 INFO neutron.services.segments.plugin [-] Segment d7501929-f735-4402-af54-660a474e7c60 resource provider not found; error: Placement Client Error (4xx): {"errors": [{"status": 404, "title": "Not Found", "detail": "The resource could not be found.\n\n No resource provider with uuid d7501929-f735-4402-af54-660a474e7c60 found for delete ", "request_id": "req-ed4f76d0-69c7-47fe-8504-b43f0182b2d7"}]}
2026-05-19 04:11:25.950 9 INFO neutron.api.wsgi [None req-02d6ab30-b41e-43ba-9a9f-bfd8db01dbb6 ebde98231fc54556ad6f7ff1409ceed5 3624f6264a374915a8239a0cc79cf9f4 - - default default] 10.0.0.238 "GET /v2.0/extensions/qos-pps HTTP/1.1" status: 200 len: 389 time: 0.0057821
2026-05-19 04:11:25.957 9 INFO neutron.api.wsgi [None req-9eb70f18-dacf-498f-ac78-2f54c3b0ecbb ebde98231fc54556ad6f7ff1409ceed5 3624f6264a374915a8239a0cc79cf9f4 - - default default] 10.0.0.238 "GET /v2.0/extensions/qos-rule-type-details HTTP/1.1" status: 200 len: 423 time: 0.0027857
2026-05-19 04:11:25.963 9 INFO neutron.api.wsgi [None req-984d41e6-da3a-4f5b-961f-a054bfb9d6d2 ebde98231fc54556ad6f7ff1409ceed5 3624f6264a374915a8239a0cc79cf9f4 - - default default] 10.0.0.238 "GET /v2.0/extensions/qos-rule-type-filter HTTP/1.1" status: 200 len: 567 time: 0.0035317
2026-05-19 04:11:25.970 9 INFO neutron.api.wsgi [None req-9035529b-ceaa-47c5-bc1a-ccaf551e74f8 ebde98231fc54556ad6f7ff1409ceed5 3624f6264a374915a8239a0cc79cf9f4 - - default default] 10.0.0.238 "GET /v2.0/extensions/qos-rules-alias HTTP/1.1" status: 200 len: 448 time: 0.0036840
2026-05-19 04:11:25.979 9 INFO neutron.api.wsgi [None req-b65e2a0d-d391-430f-89cb-a7a07629d87c ebde98231fc54556ad6f7ff1409ceed5 3624f6264a374915a8239a0cc79cf9f4 - - default default] 10.0.0.238 "GET /v2.0/extensions/quota-check-limit HTTP/1.1" status: 200 len: 420 time: 0.0051019
2026-05-19 04:11:25.986 10 INFO neutron.api.wsgi [None req-1297f3a8-fb47-4efc-a5c4-5031b3f2cb39 f77b760cfffc4917925ca7502c2aaccd 35cb3bd5217649d8b8ad9932c17d036d - - default default] 10.0.0.238 "DELETE /v2.0/networks/0aed0912-398c-4476-837a-61e575cd8ba1 HTTP/1.1" status: 204 len: 168 time: 0.4239206
2026-05-19 04:11:25.987 9 INFO neutron.api.wsgi [None req-01279cb0-c7da-4226-af3d-7bece1bc8e60 ebde98231fc54556ad6f7ff1409ceed5 3624f6264a374915a8239a0cc79cf9f4 - - default default] 10.0.0.238 "GET /v2.0/extensions/quotas HTTP/1.1" status: 200 len: 386 time: 0.0044694
2026-05-19 04:11:25.996 9 INFO neutron.api.wsgi [None req-a78cd9cc-4f9b-4f3b-94b0-a63979dd79c5 ebde98231fc54556ad6f7ff1409ceed5 3624f6264a374915a8239a0cc79cf9f4 - - default default] 10.0.0.238 "GET /v2.0/extensions/quota_details HTTP/1.1" status: 200 len: 407 time: 0.0030918
2026-05-19 04:11:26.005 9 INFO neutron.api.wsgi [None req-bd9cd17b-efa1-48b4-9228-55f6ae7eec07 ebde98231fc54556ad6f7ff1409ceed5 3624f6264a374915a8239a0cc79cf9f4 - - default default] 10.0.0.238 "GET /v2.0/extensions/rbac-policies HTTP/1.1" status: 200 len: 417 time: 0.0053306
2026-05-19 04:11:26.013 9 INFO neutron.api.wsgi [None req-9b7e145f-83b5-4233-b9aa-d54210d1acbb ebde98231fc54556ad6f7ff1409ceed5 3624f6264a374915a8239a0cc79cf9f4 - - default default] 10.0.0.238 "GET /v2.0/extensions/rbac-address-scope HTTP/1.1" status: 200 len: 384 time: 0.0055282
2026-05-19 04:11:26.021 9 INFO neutron.api.wsgi [None req-fbdeb49a-a0e4-400d-a8a1-8b9440365016 ebde98231fc54556ad6f7ff1409ceed5 3624f6264a374915a8239a0cc79cf9f4 - - default default] 10.0.0.238 "GET /v2.0/extensions/rbac-security-groups HTTP/1.1" status: 200 len: 404 time: 0.0037065
2026-05-19 04:11:26.029 10 INFO neutron.api.wsgi [None req-dbc4fd9b-8616-4af2-a8f2-98fd44b1f3f7 ebde98231fc54556ad6f7ff1409ceed5 3624f6264a374915a8239a0cc79cf9f4 - - default default] 10.0.0.238 "GET /v2.0/extensions/revision-if-match HTTP/1.1" status: 200 len: 441 time: 0.0046170
2026-05-19 04:11:26.037 9 INFO neutron.api.wsgi [None req-3a616b2a-4bce-4ddc-8428-69a6a065e2a0 ebde98231fc54556ad6f7ff1409ceed5 3624f6264a374915a8239a0cc79cf9f4 - - default default] 10.0.0.238 "GET /v2.0/extensions/standard-attr-revisions HTTP/1.1" status: 200 len: 423 time: 0.0044498
2026-05-19 04:11:26.051 9 INFO neutron.api.wsgi [None req-fb4efe59-2432-44da-ab68-88a59498c51a ebde98231fc54556ad6f7ff1409ceed5 3624f6264a374915a8239a0cc79cf9f4 - - default default] 10.0.0.238 "GET /v2.0/extensions/router_availability_zone HTTP/1.1" status: 200 len: 391 time: 0.0087018
2026-05-19 04:11:26.062 9 INFO neutron.api.wsgi [None req-2891fc76-3d8b-439a-8054-2215f0367296 ebde98231fc54556ad6f7ff1409ceed5 3624f6264a374915a8239a0cc79cf9f4 - - default default] 10.0.0.238 "GET /v2.0/extensions/security-groups-default-rules HTTP/1.1" status: 200 len: 456 time: 0.0065038
2026-05-19 04:11:26.072 10 INFO neutron.api.wsgi [None req-c6adb0fe-1c7f-4d9f-b12d-a9d5578d418c ebde98231fc54556ad6f7ff1409ceed5 3624f6264a374915a8239a0cc79cf9f4 - - default default] 10.0.0.238 "GET /v2.0/extensions/security-groups-normalized-cidr HTTP/1.1" status: 200 len: 445 time: 0.0054870
2026-05-19 04:11:26.080 10 INFO neutron.api.wsgi [None req-d6d883da-ee3b-4e75-bc4d-7bb249c175e5 ebde98231fc54556ad6f7ff1409ceed5 3624f6264a374915a8239a0cc79cf9f4 - - default default] 10.0.0.238 "GET /v2.0/extensions/security-groups-remote-address-group HTTP/1.1" status: 200 len: 448 time: 0.0034478
2026-05-19 04:11:26.088 9 INFO neutron.api.wsgi [None req-0502cf0e-5323-4a7e-ad4d-2332a3b84041 ebde98231fc54556ad6f7ff1409ceed5 3624f6264a374915a8239a0cc79cf9f4 - - default default] 10.0.0.238 "GET /v2.0/extensions/security-groups-rules-belongs-to-default-sg HTTP/1.1" status: 200 len: 508 time: 0.0043867
2026-05-19 04:11:26.095 10 INFO neutron.api.wsgi [None req-129a2845-a86b-45ec-b1c2-16edf5400b12 ebde98231fc54556ad6f7ff1409ceed5 3624f6264a374915a8239a0cc79cf9f4 - - default default] 10.0.0.238 "GET /v2.0/extensions/security-groups-shared-filtering HTTP/1.1" status: 200 len: 435 time: 0.0039055
2026-05-19 04:11:26.096 10 INFO neutron.db.ovn_revision_numbers_db [None req-992a4223-f540-4c8e-9bb2-9ca88a7a56c1 f05571de42174e29b33532a2fd20f722 015177c092d042079ee33bd8f6bbb3a9 - - default default] Successfully bumped revision number for resource 7e9132f0-31aa-48eb-aa6f-4b17b3aa874d (type: security_groups) to 1
2026-05-19 04:11:26.105 10 INFO neutron.api.wsgi [None req-53d0d471-21c9-4747-9b90-69a09b72c760 ebde98231fc54556ad6f7ff1409ceed5 3624f6264a374915a8239a0cc79cf9f4 - - default default] 10.0.0.238 "GET /v2.0/extensions/security-group HTTP/1.1" status: 200 len: 364 time: 0.0053713
2026-05-19 04:11:26.114 10 INFO neutron.api.wsgi [None req-bf8333fd-fba8-45af-8bd1-afcf6e231965 ebde98231fc54556ad6f7ff1409ceed5 3624f6264a374915a8239a0cc79cf9f4 - - default default] 10.0.0.238 "GET /v2.0/extensions/segment HTTP/1.1" status: 200 len: 339 time: 0.0046651
2026-05-19 04:11:26.123 10 INFO neutron.api.wsgi [None req-ced142e5-32a3-4799-930e-2b3d0799b683 ebde98231fc54556ad6f7ff1409ceed5 3624f6264a374915a8239a0cc79cf9f4 - - default default] 10.0.0.238 "GET /v2.0/extensions/segments-peer-subnet-host-routes HTTP/1.1" status: 200 len: 427 time: 0.0035517
2026-05-19 04:11:26.125 10 INFO neutron.db.ovn_revision_numbers_db [None req-992a4223-f540-4c8e-9bb2-9ca88a7a56c1 f05571de42174e29b33532a2fd20f722 015177c092d042079ee33bd8f6bbb3a9 - - default default] Successfully bumped revision number for resource 241ba0c7-b941-4c2b-80b0-8d5cf13a0d81 (type: security_group_rules) to 0
2026-05-19 04:11:26.138 10 INFO neutron.api.wsgi [None req-6c376cbf-63b4-4aaf-8f8c-86043b517f1d ebde98231fc54556ad6f7ff1409ceed5 3624f6264a374915a8239a0cc79cf9f4 - - default default] 10.0.0.238 "GET /v2.0/extensions/service-type HTTP/1.1" status: 200 len: 415 time: 0.0108089
2026-05-19 04:11:26.150 9 INFO neutron.api.wsgi [None req-ccf93237-3b41-412b-8d25-28871accdc75 ebde98231fc54556ad6f7ff1409ceed5 3624f6264a374915a8239a0cc79cf9f4 - - default default] 10.0.0.238 "GET /v2.0/extensions/sorting HTTP/1.1" status: 200 len: 377 time: 0.0064442
2026-05-19 04:11:26.155 10 INFO neutron.db.ovn_revision_numbers_db [None req-992a4223-f540-4c8e-9bb2-9ca88a7a56c1 f05571de42174e29b33532a2fd20f722 015177c092d042079ee33bd8f6bbb3a9 - - default default] Successfully bumped revision number for resource 427fa237-1ad9-4360-aea7-21d44ad2f134 (type: security_group_rules) to 0
2026-05-19 04:11:26.157 9 INFO neutron.api.wsgi [None req-afee446e-cdc9-4078-9d2a-edec6d64e612 ebde98231fc54556ad6f7ff1409ceed5 3624f6264a374915a8239a0cc79cf9f4 - - default default] 10.0.0.238 "GET /v2.0/extensions/standard-attr-segment HTTP/1.1" status: 200 len: 406 time: 0.0039370
2026-05-19 04:11:26.164 9 INFO neutron.api.wsgi [None req-4c802a85-cc7f-4c8f-8a05-ce0e5eea47f5 ebde98231fc54556ad6f7ff1409ceed5 3624f6264a374915a8239a0cc79cf9f4 - - default default] 10.0.0.238 "GET /v2.0/extensions/standard-attr-description HTTP/1.1" status: 200 len: 408 time: 0.0034113
2026-05-19 04:11:26.170 9 INFO neutron.api.wsgi [None req-9829c41d-939e-417d-9b99-12ec837d7948 ebde98231fc54556ad6f7ff1409ceed5 3624f6264a374915a8239a0cc79cf9f4 - - default default] 10.0.0.238 "GET /v2.0/extensions/stateful-security-group HTTP/1.1" status: 200 len: 402 time: 0.0035813
