2026-05-19 04:09:55.252 9 INFO neutron.api.wsgi [None req-1207a7fc-7f15-4222-8b1d-548009937f05 59569d0f1eca40c7b7c6811a53f7a20f b408a3cfc16643b2ae34d91037bf9d82 - - default default] 10.0.0.238 "GET /v2.0/networks HTTP/1.1" status: 200 len: 2049 time: 0.0690649
2026-05-19 04:09:55.312 10 INFO neutron.api.wsgi [req-ad1e92cc-0101-41a3-b122-8c39b5f6343a req-4c15b42b-801c-4e22-944f-5d74a344c8a9 c0a831bd50344ee1987c71edb520472e ec2728b47b934aafb494f225505645e0 - - default default] 10.0.0.160 "GET /v2.0/ports?device_id=a9c3fa4e-df7b-41c3-ad6d-68866671c230 HTTP/1.1" status: 200 len: 210 time: 0.0164921
2026-05-19 04:09:55.415 9 WARNING neutron.scheduler.dhcp_agent_scheduler [None req-dab9d44b-6234-47d4-8b93-48c0449cc624 f77b760cfffc4917925ca7502c2aaccd 35cb3bd5217649d8b8ad9932c17d036d - - default default] No more DHCP agents
2026-05-19 04:09:55.416 9 WARNING neutron.api.rpc.agentnotifiers.dhcp_rpc_agent_api [None req-dab9d44b-6234-47d4-8b93-48c0449cc624 f77b760cfffc4917925ca7502c2aaccd 35cb3bd5217649d8b8ad9932c17d036d - - default default] Unable to schedule network 2488a5c5-3a77-416a-9b17-71dfc3b2bd90: no agents available; will retry on subsequent port and subnet creation events.
2026-05-19 04:09:55.544 9 INFO neutron.api.wsgi [req-c36f4e20-570f-484a-8a93-f2f6bcb377e8 req-14091b77-61a0-4b46-8903-faa18d0b4eb2 d88d58978ec24dd1a4a1ffc5d123254b 111194f18d9445be885d61c6884ad82e - - default default] 10.0.0.160 "GET /v2.0/ports?device_id=331c2c36-d2da-4a66-9c4e-5babb8e0a597 HTTP/1.1" status: 200 len: 210 time: 0.0227041
2026-05-19 04:09:55.578 9 INFO neutron.db.ovn_revision_numbers_db [None req-dab9d44b-6234-47d4-8b93-48c0449cc624 f77b760cfffc4917925ca7502c2aaccd 35cb3bd5217649d8b8ad9932c17d036d - - default default] Successfully bumped revision number for resource 0dd23d56-6028-45fa-977b-4afc36446b6d (type: ports) to 1
2026-05-19 04:09:55.812 9 WARNING neutron.plugins.ml2.drivers.ovn.mech_driver.ovsdb.ovn_client [None req-4bc13630-5bf2-4074-8e8b-6bb9d9da41c8 - - - - - -] No hosting information found for port 46767b19-c8a7-4f04-b5f1-808daea7a61e: RuntimeError: No hosting information found for port 46767b19-c8a7-4f04-b5f1-808daea7a61e
2026-05-19 04:09:55.958 9 INFO neutron.db.ovn_revision_numbers_db [None req-4bc13630-5bf2-4074-8e8b-6bb9d9da41c8 - - - - - -] Successfully bumped revision number for resource 46767b19-c8a7-4f04-b5f1-808daea7a61e (type: router_ports) to 2
2026-05-19 04:09:55.971 9 INFO neutron.api.wsgi [None req-232f8ad2-194b-48a7-9916-fab0136f50c9 59569d0f1eca40c7b7c6811a53f7a20f b408a3cfc16643b2ae34d91037bf9d82 - - default default] 10.0.0.238 "DELETE /v2.0/networks/2c1f29dd-b944-4868-8b95-ae5fb5c76c78 HTTP/1.1" status: 204 len: 168 time: 0.7137547
2026-05-19 04:09:56.068 10 INFO neutron.api.wsgi [req-0bf2a91f-feae-4fb3-9279-1d30e63e3ef6 req-f68f5e94-e8d0-42be-804f-71c9b7b8c095 d88d58978ec24dd1a4a1ffc5d123254b 111194f18d9445be885d61c6884ad82e - - default default] 199.19.213.225 "GET /v2.0/networks?id=d76f4a31-5ea5-43be-a3e7-3d528e5811c5 HTTP/1.1" status: 200 len: 874 time: 0.0872195
2026-05-19 04:09:56.142 10 INFO neutron.api.wsgi [req-0bf2a91f-feae-4fb3-9279-1d30e63e3ef6 req-7c6680c3-915e-4143-88f1-fcd8e6c14d34 d88d58978ec24dd1a4a1ffc5d123254b 111194f18d9445be885d61c6884ad82e - - default default] 199.19.213.225 "GET /v2.0/security-groups?fields=id&fields=name&tenant_id=111194f18d9445be885d61c6884ad82e HTTP/1.1" status: 200 len: 379 time: 0.0484960
2026-05-19 04:09:56.150 10 WARNING neutron_lib.context [req-0bf2a91f-feae-4fb3-9279-1d30e63e3ef6 req-45d772c3-7135-4983-854d-53bdc1121627 d88d58978ec24dd1a4a1ffc5d123254b 111194f18d9445be885d61c6884ad82e - - default default] Method 'is_advsvc' is deprecated since 2023.2 release (neutron-lib 3.8.0) and will be removed once support for the old RBAC API policies will be removed from Neutron. Please use method 'is_service_role' instead.
2026-05-19 04:09:56.228 9 INFO neutron.plugins.ml2.drivers.ovn.mech_driver.ovsdb.commands [None req-f03c888f-68af-4455-a70c-5f38655edb84 - - - - - -] Schedule LRP lrp-0dd23d56-6028-45fa-977b-4afc36446b6d on gateway 28312ec4-fdeb-4925-b132-d59774fea301 with priority 1
2026-05-19 04:09:56.243 9 INFO neutron.plugins.ml2.drivers.ovn.mech_driver.mech_driver [None req-4bc13630-5bf2-4074-8e8b-6bb9d9da41c8 - - - - - -] OVN reports status up for port: 0dd23d56-6028-45fa-977b-4afc36446b6d
2026-05-19 04:09:56.252 9 INFO neutron.plugins.ml2.drivers.ovn.mech_driver.ovsdb.ovsdb_monitor [None req-d4c78712-1b2e-4b43-a796-5751919824fb - - - - - -] Router 3c3e7747-f794-4b8b-8142-49edccaa319b is bound to host instance
2026-05-19 04:09:56.272 9 INFO neutron.plugins.ml2.plugin [None req-4bc13630-5bf2-4074-8e8b-6bb9d9da41c8 - - - - - -] Attempt 1 to provision port 0dd23d56-6028-45fa-977b-4afc36446b6d
2026-05-19 04:09:56.302 9 INFO neutron.db.ovn_revision_numbers_db [None req-dab9d44b-6234-47d4-8b93-48c0449cc624 f77b760cfffc4917925ca7502c2aaccd 35cb3bd5217649d8b8ad9932c17d036d - - default default] Successfully bumped revision number for resource 0dd23d56-6028-45fa-977b-4afc36446b6d (type: router_ports) to 1
2026-05-19 04:09:56.330 9 INFO neutron.services.segments.plugin [-] Segment 58ad924a-a16c-4b50-9eac-4b368ee8d6dc resource provider aggregate not found
2026-05-19 04:09:56.349 9 INFO neutron.services.segments.plugin [-] Segment 58ad924a-a16c-4b50-9eac-4b368ee8d6dc resource provider not found; error: Placement Client Error (4xx): {"errors": [{"status": 404, "title": "Not Found", "detail": "The resource could not be found.\n\n No resource provider with uuid 58ad924a-a16c-4b50-9eac-4b368ee8d6dc found for delete ", "request_id": "req-cd7aafb1-208d-4147-b6e3-d18cfecb8d7f"}]}
2026-05-19 04:09:56.362 9 INFO neutron.services.segments.plugin [-] Segment 58ad924a-a16c-4b50-9eac-4b368ee8d6dc resource provider aggregate not found
2026-05-19 04:09:56.382 9 INFO neutron.services.segments.plugin [-] Segment 58ad924a-a16c-4b50-9eac-4b368ee8d6dc resource provider not found; error: Placement Client Error (4xx): {"errors": [{"status": 404, "title": "Not Found", "detail": "The resource could not be found.\n\n No resource provider with uuid 58ad924a-a16c-4b50-9eac-4b368ee8d6dc found for delete ", "request_id": "req-e2ece90a-98b4-4682-aeae-b7064dd04df9"}]}
2026-05-19 04:09:56.396 10 INFO neutron.services.segments.plugin [-] Segment 6cfe2565-9b1d-44a0-a724-276f492496f3 resource provider aggregate not found
2026-05-19 04:09:56.402 10 INFO neutron.services.segments.plugin [-] Segment 6cfe2565-9b1d-44a0-a724-276f492496f3 resource provider aggregate not found
2026-05-19 04:09:56.407 9 INFO neutron.db.ovn_revision_numbers_db [None req-dab9d44b-6234-47d4-8b93-48c0449cc624 f77b760cfffc4917925ca7502c2aaccd 35cb3bd5217649d8b8ad9932c17d036d - - default default] Successfully bumped revision number for resource 3c3e7747-f794-4b8b-8142-49edccaa319b (type: routers) to 2
2026-05-19 04:09:56.414 10 INFO neutron.services.segments.plugin [-] Segment 6cfe2565-9b1d-44a0-a724-276f492496f3 resource provider not found; error: Placement Client Error (4xx): {"errors": [{"status": 404, "title": "Not Found", "detail": "The resource could not be found.\n\n No resource provider with uuid 6cfe2565-9b1d-44a0-a724-276f492496f3 found for delete ", "request_id": "req-ba80495a-baf7-4d6d-a37e-d78b494b3ea9"}]}
2026-05-19 04:09:56.415 10 INFO neutron.services.segments.plugin [-] Segment 6cfe2565-9b1d-44a0-a724-276f492496f3 resource provider not found; error: Placement Client Error (4xx): {"errors": [{"status": 404, "title": "Not Found", "detail": "The resource could not be found.\n\n No resource provider with uuid 6cfe2565-9b1d-44a0-a724-276f492496f3 found for delete ", "request_id": "req-c2a01280-de4d-4bfa-9e1e-b6bc5dbd95e5"}]}
2026-05-19 04:09:56.421 10 INFO neutron.api.wsgi [req-e709bed1-fd94-47ed-bfd6-867962531729 req-f0b6dd32-b54d-4ffd-b9f4-41acbf9c2392 c0a831bd50344ee1987c71edb520472e ec2728b47b934aafb494f225505645e0 - - default default] 10.0.0.160 "GET /v2.0/ports?device_id=a9c3fa4e-df7b-41c3-ad6d-68866671c230 HTTP/1.1" status: 200 len: 210 time: 0.0230200
2026-05-19 04:09:56.422 9 INFO neutron.api.wsgi [None req-dab9d44b-6234-47d4-8b93-48c0449cc624 f77b760cfffc4917925ca7502c2aaccd 35cb3bd5217649d8b8ad9932c17d036d - - default default] 10.0.0.238 "POST /v2.0/routers HTTP/1.1" status: 201 len: 1168 time: 1.5228322
2026-05-19 04:09:56.453 10 INFO neutron.api.wsgi [None req-a712b5da-cda0-448a-ba90-aa2e1641e959 59569d0f1eca40c7b7c6811a53f7a20f b408a3cfc16643b2ae34d91037bf9d82 - - default default] 10.0.0.238 "DELETE /v2.0/networks/b2cd48b6-ff29-458f-b1c0-f764b7741336 HTTP/1.1" status: 204 len: 168 time: 0.4688320
2026-05-19 04:09:56.510 10 INFO neutron.api.wsgi [None req-66e28ab2-2a36-437f-83b0-fccd37c7d3a5 59569d0f1eca40c7b7c6811a53f7a20f b408a3cfc16643b2ae34d91037bf9d82 - - default default] 10.0.0.238 "GET /v2.0/networks HTTP/1.1" status: 200 len: 845 time: 0.0513957 /var/lib/openstack/lib/python3.12/site-packages/pycadf/identifier.py:71: UserWarning: Invalid uuid: neutron. To ensure interoperability, identifiers should be a valid uuid. warnings.warn(('Invalid uuid: %s. To ensure interoperability, '
2026-05-19 04:09:56.519 10 WARNING neutron_lib.context [None req-bbe709c5-00f4-43c1-be0a-34d00335e51e 59569d0f1eca40c7b7c6811a53f7a20f b408a3cfc16643b2ae34d91037bf9d82 - - default default] Method 'is_advsvc' is deprecated since 2023.2 release (neutron-lib 3.8.0) and will be removed once support for the old RBAC API policies will be removed from Neutron. Please use method 'is_service_role' instead.
2026-05-19 04:09:56.533 10 WARNING neutron.scheduler.dhcp_agent_scheduler [req-0bf2a91f-feae-4fb3-9279-1d30e63e3ef6 req-45d772c3-7135-4983-854d-53bdc1121627 d88d58978ec24dd1a4a1ffc5d123254b 111194f18d9445be885d61c6884ad82e - - default default] No more DHCP agents
2026-05-19 04:09:56.534 10 WARNING neutron.api.rpc.agentnotifiers.dhcp_rpc_agent_api [req-0bf2a91f-feae-4fb3-9279-1d30e63e3ef6 req-45d772c3-7135-4983-854d-53bdc1121627 d88d58978ec24dd1a4a1ffc5d123254b 111194f18d9445be885d61c6884ad82e - - default default] Unable to schedule network d76f4a31-5ea5-43be-a3e7-3d528e5811c5: no agents available; will retry on subsequent port and subnet creation events.
2026-05-19 04:09:56.718 9 INFO neutron.api.wsgi [req-9a346855-3823-4db0-a81c-2bdf468008f7 req-16d74585-fea8-4e03-afdc-428221e94235 d88d58978ec24dd1a4a1ffc5d123254b 111194f18d9445be885d61c6884ad82e - - default default] 10.0.0.160 "GET /v2.0/ports?device_id=331c2c36-d2da-4a66-9c4e-5babb8e0a597 HTTP/1.1" status: 200 len: 1160 time: 0.1089821
2026-05-19 04:09:56.743 10 INFO neutron.db.segments_db [None req-bbe709c5-00f4-43c1-be0a-34d00335e51e 59569d0f1eca40c7b7c6811a53f7a20f b408a3cfc16643b2ae34d91037bf9d82 - - default default] Added segment ab663585-714e-440f-b138-f9d1a1803b2d of type geneve for network 72856bf9-81c1-4530-acc0-4371a7d85b88
2026-05-19 04:09:56.788 9 INFO neutron.api.wsgi [req-9a346855-3823-4db0-a81c-2bdf468008f7 req-6402a2f5-9e73-466e-b7c4-09160f16a3f6 d88d58978ec24dd1a4a1ffc5d123254b 111194f18d9445be885d61c6884ad82e - - default default] 10.0.0.160 "GET /v2.0/security-groups?id=7d2d5077-1110-409e-aa3b-3daf2153ac58&fields=id&fields=name HTTP/1.1" status: 200 len: 312 time: 0.0642025
2026-05-19 04:09:56.809 10 INFO neutron.db.ovn_revision_numbers_db [req-0bf2a91f-feae-4fb3-9279-1d30e63e3ef6 req-45d772c3-7135-4983-854d-53bdc1121627 d88d58978ec24dd1a4a1ffc5d123254b 111194f18d9445be885d61c6884ad82e - - default default] Successfully bumped revision number for resource e7f2c676-2920-4500-9fb4-0eb0cbd235dd (type: ports) to 1
2026-05-19 04:09:56.837 10 INFO neutron.api.wsgi [req-0bf2a91f-feae-4fb3-9279-1d30e63e3ef6 req-45d772c3-7135-4983-854d-53bdc1121627 d88d58978ec24dd1a4a1ffc5d123254b 111194f18d9445be885d61c6884ad82e - - default default] 199.19.213.225 "POST /v2.0/ports HTTP/1.1" status: 201 len: 1162 time: 0.6918378
2026-05-19 04:09:56.845 10 INFO neutron.api.wsgi [req-0bf2a91f-feae-4fb3-9279-1d30e63e3ef6 req-849e9cdc-7f0f-40d2-8f5d-02cbf7420361 d88d58978ec24dd1a4a1ffc5d123254b 111194f18d9445be885d61c6884ad82e - - default default] 199.19.213.225 "GET /v2.0/extensions HTTP/1.1" status: 200 len: 19298 time: 0.0047288
2026-05-19 04:09:56.845 9 INFO neutron.db.ovn_revision_numbers_db [None req-ba86611d-8d8a-4583-8d47-b8880b99877b - - - - - -] Successfully bumped revision number for resource 0dd23d56-6028-45fa-977b-4afc36446b6d (type: ports) to 1
2026-05-19 04:09:56.871 10 INFO neutron.db.ovn_revision_numbers_db [None req-bbe709c5-00f4-43c1-be0a-34d00335e51e 59569d0f1eca40c7b7c6811a53f7a20f b408a3cfc16643b2ae34d91037bf9d82 - - default default] Successfully bumped revision number for resource 72856bf9-81c1-4530-acc0-4371a7d85b88 (type: networks) to 1
2026-05-19 04:09:56.954 9 WARNING neutron.scheduler.dhcp_agent_scheduler [None req-54d0d2e0-f170-4a5b-9b1a-35c27676c822 f77b760cfffc4917925ca7502c2aaccd 35cb3bd5217649d8b8ad9932c17d036d - - default default] No more DHCP agents
2026-05-19 04:09:56.955 9 WARNING neutron.api.rpc.agentnotifiers.dhcp_rpc_agent_api [None req-54d0d2e0-f170-4a5b-9b1a-35c27676c822 f77b760cfffc4917925ca7502c2aaccd 35cb3bd5217649d8b8ad9932c17d036d - - default default] Unable to schedule network da5b6915-a8b8-432d-b10b-c608cfc2ca53: no agents available; will retry on subsequent port and subnet creation events.
2026-05-19 04:09:57.004 10 WARNING neutron.scheduler.dhcp_agent_scheduler [None req-bbe709c5-00f4-43c1-be0a-34d00335e51e 59569d0f1eca40c7b7c6811a53f7a20f b408a3cfc16643b2ae34d91037bf9d82 - - default default] No more DHCP agents
2026-05-19 04:09:57.006 10 WARNING neutron.api.rpc.agentnotifiers.dhcp_rpc_agent_api [None req-bbe709c5-00f4-43c1-be0a-34d00335e51e 59569d0f1eca40c7b7c6811a53f7a20f b408a3cfc16643b2ae34d91037bf9d82 - - default default] Unable to schedule network 72856bf9-81c1-4530-acc0-4371a7d85b88: no agents available; will retry on subsequent port and subnet creation events.
2026-05-19 04:09:57.066 10 INFO neutron.db.ovn_revision_numbers_db [None req-bbe709c5-00f4-43c1-be0a-34d00335e51e 59569d0f1eca40c7b7c6811a53f7a20f b408a3cfc16643b2ae34d91037bf9d82 - - default default] Successfully bumped revision number for resource 73e61d4b-c051-4d56-82dd-60946dc99126 (type: ports) to 1
2026-05-19 04:09:57.086 9 INFO neutron.db.ovn_revision_numbers_db [None req-54d0d2e0-f170-4a5b-9b1a-35c27676c822 f77b760cfffc4917925ca7502c2aaccd 35cb3bd5217649d8b8ad9932c17d036d - - default default] Successfully bumped revision number for resource 362ecc12-0940-44b9-b46f-88e322402832 (type: ports) to 1
2026-05-19 04:09:57.090 10 INFO neutron.api.wsgi [None req-bbe709c5-00f4-43c1-be0a-34d00335e51e 59569d0f1eca40c7b7c6811a53f7a20f b408a3cfc16643b2ae34d91037bf9d82 - - default default] 10.0.0.238 "POST /v2.0/networks HTTP/1.1" status: 201 len: 849 time: 0.5738471
2026-05-19 04:09:57.100 10 WARNING neutron_lib.context [None req-7907312a-7f8c-407b-979a-729448bb475c 59569d0f1eca40c7b7c6811a53f7a20f b408a3cfc16643b2ae34d91037bf9d82 - - default default] Method 'is_advsvc' is deprecated since 2023.2 release (neutron-lib 3.8.0) and will be removed once support for the old RBAC API policies will be removed from Neutron. Please use method 'is_service_role' instead.
2026-05-19 04:09:57.192 10 INFO neutron.db.segments_db [None req-7907312a-7f8c-407b-979a-729448bb475c 59569d0f1eca40c7b7c6811a53f7a20f b408a3cfc16643b2ae34d91037bf9d82 - - default default] Added segment 2e3ee632-bcc9-4faf-97b7-b5e1b86c44bc of type geneve for network 387b3ad6-d632-4296-a49a-e69697ab9490
2026-05-19 04:09:57.212 9 INFO neutron.db.ovn_revision_numbers_db [None req-ba86611d-8d8a-4583-8d47-b8880b99877b - - - - - -] Successfully bumped revision number for resource 0dd23d56-6028-45fa-977b-4afc36446b6d (type: ports) to 4
2026-05-19 04:09:57.335 10 INFO neutron.db.ovn_revision_numbers_db [None req-7907312a-7f8c-407b-979a-729448bb475c 59569d0f1eca40c7b7c6811a53f7a20f b408a3cfc16643b2ae34d91037bf9d82 - - default default] Successfully bumped revision number for resource 387b3ad6-d632-4296-a49a-e69697ab9490 (type: networks) to 1 /var/lib/openstack/lib/python3.12/site-packages/pycadf/identifier.py:71: UserWarning: Invalid uuid: neutron. To ensure interoperability, identifiers should be a valid uuid. warnings.warn(('Invalid uuid: %s. To ensure interoperability, '
2026-05-19 04:09:57.505 10 INFO neutron.api.wsgi [req-ed5b6079-eec7-46e7-b6f7-8b3c7b5806c9 req-91bc2e5a-342c-4797-b3ae-6cadedfbc5fd c0a831bd50344ee1987c71edb520472e ec2728b47b934aafb494f225505645e0 - - default default] 10.0.0.160 "GET /v2.0/ports?device_id=a9c3fa4e-df7b-41c3-ad6d-68866671c230 HTTP/1.1" status: 200 len: 210 time: 0.0207953
2026-05-19 04:09:57.520 10 WARNING neutron.scheduler.dhcp_agent_scheduler [None req-7907312a-7f8c-407b-979a-729448bb475c 59569d0f1eca40c7b7c6811a53f7a20f b408a3cfc16643b2ae34d91037bf9d82 - - default default] No more DHCP agents
2026-05-19 04:09:57.522 10 WARNING neutron.api.rpc.agentnotifiers.dhcp_rpc_agent_api [None req-7907312a-7f8c-407b-979a-729448bb475c 59569d0f1eca40c7b7c6811a53f7a20f b408a3cfc16643b2ae34d91037bf9d82 - - default default] Unable to schedule network 387b3ad6-d632-4296-a49a-e69697ab9490: no agents available; will retry on subsequent port and subnet creation events.
2026-05-19 04:09:57.612 10 INFO neutron.db.ovn_revision_numbers_db [None req-7907312a-7f8c-407b-979a-729448bb475c 59569d0f1eca40c7b7c6811a53f7a20f b408a3cfc16643b2ae34d91037bf9d82 - - default default] Successfully bumped revision number for resource 64c6f180-56dd-4b22-89a0-2f38a25fd436 (type: ports) to 1
2026-05-19 04:09:57.622 10 INFO neutron.db.ovn_revision_numbers_db [req-0bf2a91f-feae-4fb3-9279-1d30e63e3ef6 req-0178d97d-4fbb-4c85-8774-3548a078f5d8 c834e764410548f794cde0c82596473f e685a53ef7874751b59cb65199d00e90 - - 7ea3e3be34a04c748fa51567ef9afceb 7ea3e3be34a04c748fa51567ef9afceb] Successfully bumped revision number for resource e7f2c676-2920-4500-9fb4-0eb0cbd235dd (type: ports) to 2
2026-05-19 04:09:57.631 10 INFO neutron.api.wsgi [None req-7907312a-7f8c-407b-979a-729448bb475c 59569d0f1eca40c7b7c6811a53f7a20f b408a3cfc16643b2ae34d91037bf9d82 - - default default] 10.0.0.238 "POST /v2.0/networks HTTP/1.1" status: 201 len: 849 time: 0.5352371
2026-05-19 04:09:57.643 9 WARNING neutron_lib.context [None req-517bf7a1-6498-4d1d-a906-6e757cf6b339 59569d0f1eca40c7b7c6811a53f7a20f b408a3cfc16643b2ae34d91037bf9d82 - - default default] Method 'is_advsvc' is deprecated since 2023.2 release (neutron-lib 3.8.0) and will be removed once support for the old RBAC API policies will be removed from Neutron. Please use method 'is_service_role' instead.
2026-05-19 04:09:57.690 9 WARNING neutron_lib.context [None req-517bf7a1-6498-4d1d-a906-6e757cf6b339 59569d0f1eca40c7b7c6811a53f7a20f b408a3cfc16643b2ae34d91037bf9d82 - - default default] Method 'is_advsvc' is deprecated since 2023.2 release (neutron-lib 3.8.0) and will be removed once support for the old RBAC API policies will be removed from Neutron. Please use method 'is_service_role' instead.
2026-05-19 04:09:57.709 9 INFO neutron.db.ovn_revision_numbers_db [None req-ba86611d-8d8a-4583-8d47-b8880b99877b - - - - - -] Successfully bumped revision number for resource 0dd23d56-6028-45fa-977b-4afc36446b6d (type: ports) to 5
2026-05-19 04:09:57.750 10 INFO neutron.api.wsgi [req-e393c1c3-c9c3-4bcb-96d7-c2d7e7885a8a req-7333dfd0-ed15-4060-8049-b34137598981 c0a831bd50344ee1987c71edb520472e ec2728b47b934aafb494f225505645e0 - - default default] 199.19.213.225 "GET /v2.0/networks?id=d40b00c1-95bf-4c1b-a9b8-3d4d2bb452ea HTTP/1.1" status: 200 len: 878 time: 0.0535352
2026-05-19 04:09:57.807 10 INFO neutron.api.wsgi [req-e393c1c3-c9c3-4bcb-96d7-c2d7e7885a8a req-eb579b89-d64f-4cb3-aded-2953ad192752 c0a831bd50344ee1987c71edb520472e ec2728b47b934aafb494f225505645e0 - - default default] 199.19.213.225 "GET /v2.0/security-groups?fields=id&fields=name&tenant_id=ec2728b47b934aafb494f225505645e0 HTTP/1.1" status: 200 len: 380 time: 0.0506780 /var/lib/openstack/lib/python3.12/site-packages/pycadf/identifier.py:71: UserWarning: Invalid uuid: neutron. To ensure interoperability, identifiers should be a valid uuid. warnings.warn(('Invalid uuid: %s. To ensure interoperability, '
2026-05-19 04:09:57.821 10 WARNING neutron_lib.context [req-e393c1c3-c9c3-4bcb-96d7-c2d7e7885a8a req-49be6f82-a34c-4214-beca-37a9327a5d73 c0a831bd50344ee1987c71edb520472e ec2728b47b934aafb494f225505645e0 - - default default] Method 'is_advsvc' is deprecated since 2023.2 release (neutron-lib 3.8.0) and will be removed once support for the old RBAC API policies will be removed from Neutron. Please use method 'is_service_role' instead.
2026-05-19 04:09:57.915 10 INFO neutron.db.ovn_revision_numbers_db [req-0bf2a91f-feae-4fb3-9279-1d30e63e3ef6 req-0178d97d-4fbb-4c85-8774-3548a078f5d8 c834e764410548f794cde0c82596473f e685a53ef7874751b59cb65199d00e90 - - 7ea3e3be34a04c748fa51567ef9afceb 7ea3e3be34a04c748fa51567ef9afceb] Successfully bumped revision number for resource e7f2c676-2920-4500-9fb4-0eb0cbd235dd (type: ports) to 4
2026-05-19 04:09:57.935 10 INFO neutron.api.wsgi [req-0bf2a91f-feae-4fb3-9279-1d30e63e3ef6 req-0178d97d-4fbb-4c85-8774-3548a078f5d8 c834e764410548f794cde0c82596473f e685a53ef7874751b59cb65199d00e90 - - 7ea3e3be34a04c748fa51567ef9afceb 7ea3e3be34a04c748fa51567ef9afceb] 199.19.213.225 "PUT /v2.0/ports/e7f2c676-2920-4500-9fb4-0eb0cbd235dd HTTP/1.1" status: 200 len: 1408 time: 0.7722125
2026-05-19 04:09:57.936 9 INFO neutron.api.wsgi [req-52a8cb36-3616-4ac0-a563-98165ed0b135 req-18fc5938-4d96-4e3a-8fc3-31bc90c36546 d88d58978ec24dd1a4a1ffc5d123254b 111194f18d9445be885d61c6884ad82e - - default default] 10.0.0.160 "GET /v2.0/ports?device_id=331c2c36-d2da-4a66-9c4e-5babb8e0a597 HTTP/1.1" status: 200 len: 1172 time: 0.0707951
2026-05-19 04:09:57.991 9 INFO neutron.db.ovn_revision_numbers_db [None req-54d0d2e0-f170-4a5b-9b1a-35c27676c822 f77b760cfffc4917925ca7502c2aaccd 35cb3bd5217649d8b8ad9932c17d036d - - default default] Successfully bumped revision number for resource 362ecc12-0940-44b9-b46f-88e322402832 (type: ports) to 1
2026-05-19 04:09:57.996 9 INFO neutron.api.wsgi [req-52a8cb36-3616-4ac0-a563-98165ed0b135 req-137cb869-f41f-46aa-8125-ac9950830e16 d88d58978ec24dd1a4a1ffc5d123254b 111194f18d9445be885d61c6884ad82e - - default default] 10.0.0.160 "GET /v2.0/security-groups?id=7d2d5077-1110-409e-aa3b-3daf2153ac58&fields=id&fields=name HTTP/1.1" status: 200 len: 312 time: 0.0555456
2026-05-19 04:09:58.064 9 WARNING neutron.scheduler.dhcp_agent_scheduler [None req-54d0d2e0-f170-4a5b-9b1a-35c27676c822 f77b760cfffc4917925ca7502c2aaccd 35cb3bd5217649d8b8ad9932c17d036d - - default default] No more DHCP agents
2026-05-19 04:09:58.066 9 WARNING neutron.api.rpc.agentnotifiers.dhcp_rpc_agent_api [None req-54d0d2e0-f170-4a5b-9b1a-35c27676c822 f77b760cfffc4917925ca7502c2aaccd 35cb3bd5217649d8b8ad9932c17d036d - - default default] Unable to schedule network da5b6915-a8b8-432d-b10b-c608cfc2ca53: no agents available; will retry on subsequent port and subnet creation events.
2026-05-19 04:09:58.149 10 WARNING neutron.scheduler.dhcp_agent_scheduler [req-e393c1c3-c9c3-4bcb-96d7-c2d7e7885a8a req-49be6f82-a34c-4214-beca-37a9327a5d73 c0a831bd50344ee1987c71edb520472e ec2728b47b934aafb494f225505645e0 - - default default] No more DHCP agents
2026-05-19 04:09:58.150 10 WARNING neutron.api.rpc.agentnotifiers.dhcp_rpc_agent_api [req-e393c1c3-c9c3-4bcb-96d7-c2d7e7885a8a req-49be6f82-a34c-4214-beca-37a9327a5d73 c0a831bd50344ee1987c71edb520472e ec2728b47b934aafb494f225505645e0 - - default default] Unable to schedule network d40b00c1-95bf-4c1b-a9b8-3d4d2bb452ea: no agents available; will retry on subsequent port and subnet creation events.
2026-05-19 04:09:58.294 10 INFO neutron.db.ovn_revision_numbers_db [req-e393c1c3-c9c3-4bcb-96d7-c2d7e7885a8a req-49be6f82-a34c-4214-beca-37a9327a5d73 c0a831bd50344ee1987c71edb520472e ec2728b47b934aafb494f225505645e0 - - default default] Successfully bumped revision number for resource 8c917f0b-21f9-45d8-b070-9672ff207b1a (type: ports) to 1
2026-05-19 04:09:58.318 10 INFO neutron.api.wsgi [req-e393c1c3-c9c3-4bcb-96d7-c2d7e7885a8a req-49be6f82-a34c-4214-beca-37a9327a5d73 c0a831bd50344ee1987c71edb520472e ec2728b47b934aafb494f225505645e0 - - default default] 199.19.213.225 "POST /v2.0/ports HTTP/1.1" status: 201 len: 1158 time: 0.5048182 /var/lib/openstack/lib/python3.12/site-packages/pycadf/identifier.py:71: UserWarning: Invalid uuid: neutron. To ensure interoperability, identifiers should be a valid uuid. warnings.warn(('Invalid uuid: %s. To ensure interoperability, '
2026-05-19 04:09:58.335 9 WARNING neutron.scheduler.dhcp_agent_scheduler [None req-517bf7a1-6498-4d1d-a906-6e757cf6b339 59569d0f1eca40c7b7c6811a53f7a20f b408a3cfc16643b2ae34d91037bf9d82 - - default default] No more DHCP agents
2026-05-19 04:09:58.336 9 WARNING neutron.api.rpc.agentnotifiers.dhcp_rpc_agent_api [None req-517bf7a1-6498-4d1d-a906-6e757cf6b339 59569d0f1eca40c7b7c6811a53f7a20f b408a3cfc16643b2ae34d91037bf9d82 - - default default] Unable to schedule network 72856bf9-81c1-4530-acc0-4371a7d85b88: no agents available; will retry on subsequent port and subnet creation events.
2026-05-19 04:09:58.437 9 INFO neutron.db.ovn_revision_numbers_db [None req-517bf7a1-6498-4d1d-a906-6e757cf6b339 59569d0f1eca40c7b7c6811a53f7a20f b408a3cfc16643b2ae34d91037bf9d82 - - default default] Successfully bumped revision number for resource dec271af-c6a3-47d4-883c-2fde89b0effd (type: ports) to 1
2026-05-19 04:09:58.454 10 INFO neutron.notifiers.nova [-] Nova event matching ['req-a8e7d6ab-6605-44d9-a7d0-fdf9b2516c31'] response: {'name': 'network-changed', 'server_uuid': '331c2c36-d2da-4a66-9c4e-5babb8e0a597', 'tag': 'e7f2c676-2920-4500-9fb4-0eb0cbd235dd', 'status': 'completed', 'code': 200}
2026-05-19 04:09:58.492 9 WARNING neutron.scheduler.dhcp_agent_scheduler [None req-517bf7a1-6498-4d1d-a906-6e757cf6b339 59569d0f1eca40c7b7c6811a53f7a20f b408a3cfc16643b2ae34d91037bf9d82 - - default default] No more DHCP agents
2026-05-19 04:09:58.494 9 WARNING neutron.api.rpc.agentnotifiers.dhcp_rpc_agent_api [None req-517bf7a1-6498-4d1d-a906-6e757cf6b339 59569d0f1eca40c7b7c6811a53f7a20f b408a3cfc16643b2ae34d91037bf9d82 - - default default] Unable to schedule network 387b3ad6-d632-4296-a49a-e69697ab9490: no agents available; will retry on subsequent port and subnet creation events. /var/lib/openstack/lib/python3.12/site-packages/pycadf/identifier.py:71: UserWarning: Invalid uuid: neutron. To ensure interoperability, identifiers should be a valid uuid. warnings.warn(('Invalid uuid: %s. To ensure interoperability, '
2026-05-19 04:09:58.593 9 INFO neutron.db.ovn_revision_numbers_db [None req-517bf7a1-6498-4d1d-a906-6e757cf6b339 59569d0f1eca40c7b7c6811a53f7a20f b408a3cfc16643b2ae34d91037bf9d82 - - default default] Successfully bumped revision number for resource 408e78ae-58b2-4793-a07f-4a62056d4e60 (type: ports) to 1
2026-05-19 04:09:58.631 9 INFO neutron.api.wsgi [None req-517bf7a1-6498-4d1d-a906-6e757cf6b339 59569d0f1eca40c7b7c6811a53f7a20f b408a3cfc16643b2ae34d91037bf9d82 - - default default] 10.0.0.238 "POST /v2.0/ports HTTP/1.1" status: 201 len: 1705 time: 0.9931431
2026-05-19 04:09:58.702 9 INFO neutron.api.wsgi [req-f178b43c-7c7b-4835-9f7b-9a86809b8afc req-4deca361-f082-4fed-a2a7-35d9d64d3888 c0a831bd50344ee1987c71edb520472e ec2728b47b934aafb494f225505645e0 - - default default] 10.0.0.160 "GET /v2.0/ports?device_id=a9c3fa4e-df7b-41c3-ad6d-68866671c230 HTTP/1.1" status: 200 len: 1168 time: 0.1233325
2026-05-19 04:09:58.727 10 INFO neutron.db.ovn_revision_numbers_db [req-e393c1c3-c9c3-4bcb-96d7-c2d7e7885a8a req-8dea945d-d82e-4250-aa3d-4f73a9ec7fe0 c834e764410548f794cde0c82596473f e685a53ef7874751b59cb65199d00e90 - - 7ea3e3be34a04c748fa51567ef9afceb 7ea3e3be34a04c748fa51567ef9afceb] Successfully bumped revision number for resource 8c917f0b-21f9-45d8-b070-9672ff207b1a (type: ports) to 2
2026-05-19 04:09:58.766 9 INFO neutron.api.wsgi [req-f178b43c-7c7b-4835-9f7b-9a86809b8afc req-33da85dd-7c9f-4407-b214-2eff243b2949 c0a831bd50344ee1987c71edb520472e ec2728b47b934aafb494f225505645e0 - - default default] 10.0.0.160 "GET /v2.0/security-groups?id=28918370-ee37-4467-aaa0-e76759362c21&fields=id&fields=name HTTP/1.1" status: 200 len: 313 time: 0.0614116
2026-05-19 04:09:58.784 9 INFO neutron.api.wsgi [None req-6e4512fb-5b65-4b76-92df-4947ed814c87 59569d0f1eca40c7b7c6811a53f7a20f b408a3cfc16643b2ae34d91037bf9d82 - - default default] 10.0.0.238 "GET /v2.0/ports HTTP/1.1" status: 200 len: 3212 time: 0.1450665
2026-05-19 04:09:58.925 10 INFO neutron.db.ovn_revision_numbers_db [req-e393c1c3-c9c3-4bcb-96d7-c2d7e7885a8a req-8dea945d-d82e-4250-aa3d-4f73a9ec7fe0 c834e764410548f794cde0c82596473f e685a53ef7874751b59cb65199d00e90 - - 7ea3e3be34a04c748fa51567ef9afceb 7ea3e3be34a04c748fa51567ef9afceb] Successfully bumped revision number for resource 8c917f0b-21f9-45d8-b070-9672ff207b1a (type: ports) to 4
2026-05-19 04:09:58.951 10 INFO neutron.api.wsgi [req-e393c1c3-c9c3-4bcb-96d7-c2d7e7885a8a req-8dea945d-d82e-4250-aa3d-4f73a9ec7fe0 c834e764410548f794cde0c82596473f e685a53ef7874751b59cb65199d00e90 - - 7ea3e3be34a04c748fa51567ef9afceb 7ea3e3be34a04c748fa51567ef9afceb] 199.19.213.225 "PUT /v2.0/ports/8c917f0b-21f9-45d8-b070-9672ff207b1a HTTP/1.1" status: 200 len: 1404 time: 0.6250026 /var/lib/openstack/lib/python3.12/site-packages/pycadf/identifier.py:71: UserWarning: Invalid uuid: neutron. To ensure interoperability, identifiers should be a valid uuid. warnings.warn(('Invalid uuid: %s. To ensure interoperability, '
2026-05-19 04:09:58.981 9 INFO neutron.db.ovn_revision_numbers_db [None req-54d0d2e0-f170-4a5b-9b1a-35c27676c822 f77b760cfffc4917925ca7502c2aaccd 35cb3bd5217649d8b8ad9932c17d036d - - default default] Successfully bumped revision number for resource 362ecc12-0940-44b9-b46f-88e322402832 (type: router_ports) to 1
2026-05-19 04:09:58.986 9 INFO neutron.api.wsgi [None req-54d0d2e0-f170-4a5b-9b1a-35c27676c822 f77b760cfffc4917925ca7502c2aaccd 35cb3bd5217649d8b8ad9932c17d036d - - default default] 10.0.0.238 "PUT /v2.0/routers/3c3e7747-f794-4b8b-8142-49edccaa319b/add_router_interface HTTP/1.1" status: 200 len: 503 time: 2.5575202
2026-05-19 04:09:59.000 10 INFO neutron.api.wsgi [req-0bf2a91f-feae-4fb3-9279-1d30e63e3ef6 req-02affd65-ab95-4769-8e41-e503afbfd420 c834e764410548f794cde0c82596473f e685a53ef7874751b59cb65199d00e90 - - 7ea3e3be34a04c748fa51567ef9afceb 7ea3e3be34a04c748fa51567ef9afceb] 199.19.213.225 "GET /v2.0/ports?tenant_id=111194f18d9445be885d61c6884ad82e&device_id=331c2c36-d2da-4a66-9c4e-5babb8e0a597 HTTP/1.1" status: 200 len: 1411 time: 0.0485053
2026-05-19 04:09:59.057 10 INFO neutron.api.wsgi [req-0bf2a91f-feae-4fb3-9279-1d30e63e3ef6 req-e5e2941a-e225-4ea7-a8cb-cac16d2cab77 c834e764410548f794cde0c82596473f e685a53ef7874751b59cb65199d00e90 - - 7ea3e3be34a04c748fa51567ef9afceb 7ea3e3be34a04c748fa51567ef9afceb] 199.19.213.225 "GET /v2.0/floatingips?fixed_ip_address=10.100.0.13&port_id=e7f2c676-2920-4500-9fb4-0eb0cbd235dd HTTP/1.1" status: 200 len: 217 time: 0.0476041
2026-05-19 04:09:59.084 9 INFO neutron.api.wsgi [None req-a808e174-6a93-40a6-8c65-e51da165acac 59569d0f1eca40c7b7c6811a53f7a20f b408a3cfc16643b2ae34d91037bf9d82 - - default default] 10.0.0.238 "DELETE /v2.0/ports/dec271af-c6a3-47d4-883c-2fde89b0effd HTTP/1.1" status: 204 len: 168 time: 0.2945054
2026-05-19 04:09:59.113 10 INFO neutron.api.wsgi [req-0bf2a91f-feae-4fb3-9279-1d30e63e3ef6 req-b24fa980-c7f2-4476-86ab-7d50774b71eb c834e764410548f794cde0c82596473f e685a53ef7874751b59cb65199d00e90 - - 7ea3e3be34a04c748fa51567ef9afceb 7ea3e3be34a04c748fa51567ef9afceb] 199.19.213.225 "GET /v2.0/subnets?id=e16e3b59-fd97-4988-b4ae-9c0d90d062bf HTTP/1.1" status: 200 len: 892 time: 0.0519011
2026-05-19 04:09:59.146 10 INFO neutron.api.wsgi [req-0bf2a91f-feae-4fb3-9279-1d30e63e3ef6 req-02fcc8a0-52b1-47e0-b416-951243ab8156 c834e764410548f794cde0c82596473f e685a53ef7874751b59cb65199d00e90 - - 7ea3e3be34a04c748fa51567ef9afceb 7ea3e3be34a04c748fa51567ef9afceb] 199.19.213.225 "GET /v2.0/ports?network_id=d76f4a31-5ea5-43be-a3e7-3d528e5811c5&device_owner=network%3Adhcp HTTP/1.1" status: 200 len: 210 time: 0.0265360
2026-05-19 04:09:59.173 10 INFO neutron.api.wsgi [req-f5736397-cc41-4549-9987-a37c61a564a5 req-a46a2f5b-b527-4c50-bd27-d3cc58446ec6 d88d58978ec24dd1a4a1ffc5d123254b 111194f18d9445be885d61c6884ad82e - - default default] 10.0.0.160 "GET /v2.0/ports?device_id=331c2c36-d2da-4a66-9c4e-5babb8e0a597 HTTP/1.1" status: 200 len: 1172 time: 0.1107814
2026-05-19 04:09:59.200 10 INFO neutron.api.wsgi [req-0bf2a91f-feae-4fb3-9279-1d30e63e3ef6 req-a4b1ab27-9f98-48e5-a1c7-dd5178a85b0b c834e764410548f794cde0c82596473f e685a53ef7874751b59cb65199d00e90 - - 7ea3e3be34a04c748fa51567ef9afceb 7ea3e3be34a04c748fa51567ef9afceb] 199.19.213.225 "GET /v2.0/networks/d76f4a31-5ea5-43be-a3e7-3d528e5811c5?fields=segments HTTP/1.1" status: 200 len: 212 time: 0.0478477
2026-05-19 04:09:59.242 10 INFO neutron.api.wsgi [req-f5736397-cc41-4549-9987-a37c61a564a5 req-88c18358-0c1c-445f-83ee-46d8a1437d8a d88d58978ec24dd1a4a1ffc5d123254b 111194f18d9445be885d61c6884ad82e - - default default] 10.0.0.160 "GET /v2.0/security-groups?id=7d2d5077-1110-409e-aa3b-3daf2153ac58&fields=id&fields=name HTTP/1.1" status: 200 len: 312 time: 0.0619748
2026-05-19 04:09:59.267 10 INFO neutron.api.wsgi [req-0bf2a91f-feae-4fb3-9279-1d30e63e3ef6 req-2b5c11d3-9212-4644-a958-184e9fc616d6 c834e764410548f794cde0c82596473f e685a53ef7874751b59cb65199d00e90 - - 7ea3e3be34a04c748fa51567ef9afceb 7ea3e3be34a04c748fa51567ef9afceb] 199.19.213.225 "GET /v2.0/networks/d76f4a31-5ea5-43be-a3e7-3d528e5811c5?fields=provider%3Aphysical_network&fields=provider%3Anetwork_type HTTP/1.1" status: 200 len: 277 time: 0.0579107
2026-05-19 04:09:59.302 9 INFO neutron.plugins.ml2.drivers.ovn.mech_driver.mech_driver [None req-4bc13630-5bf2-4074-8e8b-6bb9d9da41c8 - - - - - -] OVN reports status up for port: 362ecc12-0940-44b9-b46f-88e322402832
2026-05-19 04:09:59.309 9 INFO neutron.plugins.ml2.plugin [None req-4bc13630-5bf2-4074-8e8b-6bb9d9da41c8 - - - - - -] Attempt 1 to provision port 362ecc12-0940-44b9-b46f-88e322402832
2026-05-19 04:09:59.322 9 INFO neutron.api.wsgi [None req-78b36aa0-5aff-4c78-bf66-99b338062990 59569d0f1eca40c7b7c6811a53f7a20f b408a3cfc16643b2ae34d91037bf9d82 - - default default] 10.0.0.238 "DELETE /v2.0/ports/408e78ae-58b2-4793-a07f-4a62056d4e60 HTTP/1.1" status: 204 len: 168 time: 0.2329562
2026-05-19 04:09:59.452 10 INFO neutron.api.wsgi [None req-466d4286-924c-482a-ada8-2697ee373845 59569d0f1eca40c7b7c6811a53f7a20f b408a3cfc16643b2ae34d91037bf9d82 - - default default] 10.0.0.238 "GET /v2.0/ports HTTP/1.1" status: 200 len: 1718 time: 0.1227162
2026-05-19 04:09:59.469 10 WARNING neutron_lib.context [None req-5141cc6d-7a09-4c35-b3d2-f8c1efd7165a 59569d0f1eca40c7b7c6811a53f7a20f b408a3cfc16643b2ae34d91037bf9d82 - - default default] Method 'is_advsvc' is deprecated since 2023.2 release (neutron-lib 3.8.0) and will be removed once support for the old RBAC API policies will be removed from Neutron. Please use method 'is_service_role' instead.
2026-05-19 04:09:59.511 9 WARNING neutron_lib.context [req-3e2d1514-78f3-48db-a0cc-16846cf0a96a req-b17e0c02-bd45-4c91-9386-d741c1c6e82c 7ecdac4d557945e383b6e5bb6541d319 a25157ea79f24963af8d97250213441b - - default default] Method 'is_advsvc' is deprecated since 2023.2 release (neutron-lib 3.8.0) and will be removed once support for the old RBAC API policies will be removed from Neutron. Please use method 'is_service_role' instead.
2026-05-19 04:09:59.560 10 INFO neutron.db.segments_db [None req-5141cc6d-7a09-4c35-b3d2-f8c1efd7165a 59569d0f1eca40c7b7c6811a53f7a20f b408a3cfc16643b2ae34d91037bf9d82 - - default default] Added segment d0b18e4b-225b-4792-9ee4-502e58e8dfb2 of type geneve for network 44e7c48c-7b63-4e64-8367-35521e9674eb
2026-05-19 04:09:59.679 10 INFO neutron.db.ovn_revision_numbers_db [None req-5141cc6d-7a09-4c35-b3d2-f8c1efd7165a 59569d0f1eca40c7b7c6811a53f7a20f b408a3cfc16643b2ae34d91037bf9d82 - - default default] Successfully bumped revision number for resource 44e7c48c-7b63-4e64-8367-35521e9674eb (type: networks) to 1
2026-05-19 04:09:59.813 9 INFO neutron.db.ovn_revision_numbers_db [req-3e2d1514-78f3-48db-a0cc-16846cf0a96a req-b17e0c02-bd45-4c91-9386-d741c1c6e82c 7ecdac4d557945e383b6e5bb6541d319 a25157ea79f24963af8d97250213441b - - default default] Successfully bumped revision number for resource 36c1e50f-4b53-48d3-aa9f-dd213d148535 (type: security_groups) to 1
2026-05-19 04:09:59.836 9 INFO neutron.db.ovn_revision_numbers_db [req-3e2d1514-78f3-48db-a0cc-16846cf0a96a req-b17e0c02-bd45-4c91-9386-d741c1c6e82c 7ecdac4d557945e383b6e5bb6541d319 a25157ea79f24963af8d97250213441b - - default default] Successfully bumped revision number for resource 10a04a72-289e-4576-8fe3-becf3c13edae (type: security_group_rules) to 0
2026-05-19 04:09:59.869 9 INFO neutron.db.ovn_revision_numbers_db [req-3e2d1514-78f3-48db-a0cc-16846cf0a96a req-b17e0c02-bd45-4c91-9386-d741c1c6e82c 7ecdac4d557945e383b6e5bb6541d319 a25157ea79f24963af8d97250213441b - - default default] Successfully bumped revision number for resource ed28a806-c4c7-48de-a838-8a96a43ee492 (type: security_group_rules) to 0
2026-05-19 04:09:59.896 10 WARNING neutron.scheduler.dhcp_agent_scheduler [None req-5141cc6d-7a09-4c35-b3d2-f8c1efd7165a 59569d0f1eca40c7b7c6811a53f7a20f b408a3cfc16643b2ae34d91037bf9d82 - - default default] No more DHCP agents
2026-05-19 04:09:59.898 10 WARNING neutron.api.rpc.agentnotifiers.dhcp_rpc_agent_api [None req-5141cc6d-7a09-4c35-b3d2-f8c1efd7165a 59569d0f1eca40c7b7c6811a53f7a20f b408a3cfc16643b2ae34d91037bf9d82 - - default default] Unable to schedule network 44e7c48c-7b63-4e64-8367-35521e9674eb: no agents available; will retry on subsequent port and subnet creation events.
2026-05-19 04:09:59.903 9 INFO neutron.api.wsgi [req-3e2d1514-78f3-48db-a0cc-16846cf0a96a req-b17e0c02-bd45-4c91-9386-d741c1c6e82c 7ecdac4d557945e383b6e5bb6541d319 a25157ea79f24963af8d97250213441b - - default default] 10.0.0.160 "POST /v2.0/security-groups HTTP/1.1" status: 201 len: 1887 time: 0.3974583
2026-05-19 04:09:59.920 10 INFO neutron.api.wsgi [req-ba05b224-2afd-4d5c-b2aa-ea9966472ea3 req-58e56882-c012-4542-8980-6818cc155bc2 c0a831bd50344ee1987c71edb520472e ec2728b47b934aafb494f225505645e0 - - default default] 10.0.0.160 "GET /v2.0/ports?device_id=a9c3fa4e-df7b-41c3-ad6d-68866671c230 HTTP/1.1" status: 200 len: 1168 time: 0.0885065
2026-05-19 04:09:59.935 9 WARNING neutron_lib.context [req-4292a872-bec0-4c17-93a8-be13a5c0af4a req-8c425157-4698-4044-b867-409c22af3fe9 7ecdac4d557945e383b6e5bb6541d319 a25157ea79f24963af8d97250213441b - - default default] Method 'is_advsvc' is deprecated since 2023.2 release (neutron-lib 3.8.0) and will be removed once support for the old RBAC API policies will be removed from Neutron. Please use method 'is_service_role' instead.
2026-05-19 04:09:59.939 9 INFO neutron.db.ovn_revision_numbers_db [None req-4bc13630-5bf2-4074-8e8b-6bb9d9da41c8 - - - - - -] Successfully bumped revision number for resource 362ecc12-0940-44b9-b46f-88e322402832 (type: ports) to 2
2026-05-19 04:09:59.990 10 INFO neutron.api.wsgi [req-ba05b224-2afd-4d5c-b2aa-ea9966472ea3 req-c893e6b2-9877-4712-885d-4a7d6402b69c c0a831bd50344ee1987c71edb520472e ec2728b47b934aafb494f225505645e0 - - default default] 10.0.0.160 "GET /v2.0/security-groups?id=28918370-ee37-4467-aaa0-e76759362c21&fields=id&fields=name HTTP/1.1" status: 200 len: 313 time: 0.0632536
2026-05-19 04:09:59.992 10 INFO neutron.db.ovn_revision_numbers_db [None req-5141cc6d-7a09-4c35-b3d2-f8c1efd7165a 59569d0f1eca40c7b7c6811a53f7a20f b408a3cfc16643b2ae34d91037bf9d82 - - default default] Successfully bumped revision number for resource a466e1d7-6ff2-44b0-8cff-7273bfc08295 (type: ports) to 1
2026-05-19 04:10:00.006 10 INFO neutron.api.wsgi [req-e393c1c3-c9c3-4bcb-96d7-c2d7e7885a8a req-621cb257-7327-4663-92e6-d91a5d9b0a21 c834e764410548f794cde0c82596473f e685a53ef7874751b59cb65199d00e90 - - 7ea3e3be34a04c748fa51567ef9afceb 7ea3e3be34a04c748fa51567ef9afceb] 199.19.213.225 "GET /v2.0/ports?tenant_id=ec2728b47b934aafb494f225505645e0&device_id=a9c3fa4e-df7b-41c3-ad6d-68866671c230 HTTP/1.1" status: 200 len: 1407 time: 0.0443449
2026-05-19 04:10:00.016 10 INFO neutron.api.wsgi [None req-5141cc6d-7a09-4c35-b3d2-f8c1efd7165a 59569d0f1eca40c7b7c6811a53f7a20f b408a3cfc16643b2ae34d91037bf9d82 - - default default] 10.0.0.238 "POST /v2.0/networks HTTP/1.1" status: 201 len: 849 time: 0.5515001
2026-05-19 04:10:00.025 9 WARNING neutron_lib.context [None req-0358258d-c003-4886-a471-2aeb445d1725 59569d0f1eca40c7b7c6811a53f7a20f b408a3cfc16643b2ae34d91037bf9d82 - - default default] Method 'is_advsvc' is deprecated since 2023.2 release (neutron-lib 3.8.0) and will be removed once support for the old RBAC API policies will be removed from Neutron. Please use method 'is_service_role' instead.
2026-05-19 04:10:00.034 10 INFO neutron.api.wsgi [req-e393c1c3-c9c3-4bcb-96d7-c2d7e7885a8a req-9cb7f898-7de5-4409-a492-4fdc502cc8ae c834e764410548f794cde0c82596473f e685a53ef7874751b59cb65199d00e90 - - 7ea3e3be34a04c748fa51567ef9afceb 7ea3e3be34a04c748fa51567ef9afceb] 199.19.213.225 "GET /v2.0/floatingips?fixed_ip_address=10.100.0.4&port_id=8c917f0b-21f9-45d8-b070-9672ff207b1a HTTP/1.1" status: 200 len: 217 time: 0.0210426
2026-05-19 04:10:00.065 10 INFO neutron.api.wsgi [req-e393c1c3-c9c3-4bcb-96d7-c2d7e7885a8a req-be29b773-03fc-4c64-be19-e3563f584e65 c834e764410548f794cde0c82596473f e685a53ef7874751b59cb65199d00e90 - - 7ea3e3be34a04c748fa51567ef9afceb 7ea3e3be34a04c748fa51567ef9afceb] 199.19.213.225 "GET /v2.0/subnets?id=7f09784c-0bdd-4e1d-a694-035338439588 HTTP/1.1" status: 200 len: 896 time: 0.0244784
2026-05-19 04:10:00.085 10 INFO neutron.api.wsgi [req-e393c1c3-c9c3-4bcb-96d7-c2d7e7885a8a req-711f33b0-7199-4bb1-b784-d9549f69208d c834e764410548f794cde0c82596473f e685a53ef7874751b59cb65199d00e90 - - 7ea3e3be34a04c748fa51567ef9afceb 7ea3e3be34a04c748fa51567ef9afceb] 199.19.213.225 "GET /v2.0/ports?network_id=d40b00c1-95bf-4c1b-a9b8-3d4d2bb452ea&device_owner=network%3Adhcp HTTP/1.1" status: 200 len: 210 time: 0.0163567
2026-05-19 04:10:00.118 9 INFO neutron.db.segments_db [None req-0358258d-c003-4886-a471-2aeb445d1725 59569d0f1eca40c7b7c6811a53f7a20f b408a3cfc16643b2ae34d91037bf9d82 - - default default] Added segment 8d1db26c-5787-4da6-9516-57743a9f375a of type geneve for network 8a516603-af39-457e-beb3-f6194803c99f
2026-05-19 04:10:00.135 10 INFO neutron.api.wsgi [req-e393c1c3-c9c3-4bcb-96d7-c2d7e7885a8a req-6127d290-7f3a-4a6d-9c3b-a075bf60b651 c834e764410548f794cde0c82596473f e685a53ef7874751b59cb65199d00e90 - - 7ea3e3be34a04c748fa51567ef9afceb 7ea3e3be34a04c748fa51567ef9afceb] 199.19.213.225 "GET /v2.0/networks/d40b00c1-95bf-4c1b-a9b8-3d4d2bb452ea?fields=segments HTTP/1.1" status: 200 len: 212 time: 0.0396986
2026-05-19 04:10:00.185 10 INFO neutron.api.wsgi [req-e393c1c3-c9c3-4bcb-96d7-c2d7e7885a8a req-fd19c94e-fb82-49e3-a86b-ab708bf9a705 c834e764410548f794cde0c82596473f e685a53ef7874751b59cb65199d00e90 - - 7ea3e3be34a04c748fa51567ef9afceb 7ea3e3be34a04c748fa51567ef9afceb] 199.19.213.225 "GET /v2.0/networks/d40b00c1-95bf-4c1b-a9b8-3d4d2bb452ea?fields=provider%3Aphysical_network&fields=provider%3Anetwork_type HTTP/1.1" status: 200 len: 277 time: 0.0456972
2026-05-19 04:10:00.344 10 INFO neutron.api.wsgi [req-b80e06e9-aeee-4680-8493-01bbcfe8b7d7 req-6804ce9b-2d09-446f-96f5-78838c91b8f1 c834e764410548f794cde0c82596473f e685a53ef7874751b59cb65199d00e90 - - 7ea3e3be34a04c748fa51567ef9afceb 7ea3e3be34a04c748fa51567ef9afceb] 199.19.213.225 "GET /v2.0/ports?tenant_id=111194f18d9445be885d61c6884ad82e&device_id=331c2c36-d2da-4a66-9c4e-5babb8e0a597 HTTP/1.1" status: 200 len: 1411 time: 0.0556760
2026-05-19 04:10:00.350 10 INFO neutron.api.wsgi [req-09df2e55-2581-43fa-93c3-241d392b7003 req-ea19acf8-676c-459f-afa3-f270a952256f d88d58978ec24dd1a4a1ffc5d123254b 111194f18d9445be885d61c6884ad82e - - default default] 10.0.0.160 "GET /v2.0/ports?device_id=331c2c36-d2da-4a66-9c4e-5babb8e0a597 HTTP/1.1" status: 200 len: 1172 time: 0.0459280
2026-05-19 04:10:00.401 9 INFO neutron.db.ovn_revision_numbers_db [req-4292a872-bec0-4c17-93a8-be13a5c0af4a req-8c425157-4698-4044-b867-409c22af3fe9 7ecdac4d557945e383b6e5bb6541d319 a25157ea79f24963af8d97250213441b - - default default] Successfully bumped revision number for resource cb205058-dba7-4007-b4aa-99eb7697cda0 (type: security_groups) to 1
2026-05-19 04:10:00.407 10 INFO neutron.api.wsgi [req-09df2e55-2581-43fa-93c3-241d392b7003 req-c80108ca-7d90-4c90-9f12-25eb4e381ca4 d88d58978ec24dd1a4a1ffc5d123254b 111194f18d9445be885d61c6884ad82e - - default default] 10.0.0.160 "GET /v2.0/security-groups?id=7d2d5077-1110-409e-aa3b-3daf2153ac58&fields=id&fields=name HTTP/1.1" status: 200 len: 312 time: 0.0458925
2026-05-19 04:10:00.411 10 INFO neutron.api.wsgi [req-b80e06e9-aeee-4680-8493-01bbcfe8b7d7 req-65a98bc2-0b48-49fb-9c16-86a9ffda3af5 c834e764410548f794cde0c82596473f e685a53ef7874751b59cb65199d00e90 - - 7ea3e3be34a04c748fa51567ef9afceb 7ea3e3be34a04c748fa51567ef9afceb] 199.19.213.225 "GET /v2.0/networks?id=d76f4a31-5ea5-43be-a3e7-3d528e5811c5 HTTP/1.1" status: 200 len: 973 time: 0.0603399
2026-05-19 04:10:00.422 9 INFO neutron.db.ovn_revision_numbers_db [req-4292a872-bec0-4c17-93a8-be13a5c0af4a req-8c425157-4698-4044-b867-409c22af3fe9 7ecdac4d557945e383b6e5bb6541d319 a25157ea79f24963af8d97250213441b - - default default] Successfully bumped revision number for resource 93d21c46-ce4d-4408-8c8d-386134caa558 (type: security_group_rules) to 0
2026-05-19 04:10:00.430 10 INFO neutron.api.wsgi [req-b80e06e9-aeee-4680-8493-01bbcfe8b7d7 req-0e1ef79d-e2a8-4b84-82f9-14cbb34a79f7 c834e764410548f794cde0c82596473f e685a53ef7874751b59cb65199d00e90 - - 7ea3e3be34a04c748fa51567ef9afceb 7ea3e3be34a04c748fa51567ef9afceb] 199.19.213.225 "GET /v2.0/floatingips?fixed_ip_address=10.100.0.13&port_id=e7f2c676-2920-4500-9fb4-0eb0cbd235dd HTTP/1.1" status: 200 len: 217 time: 0.0140948
2026-05-19 04:10:00.437 9 INFO neutron.db.ovn_revision_numbers_db [req-4292a872-bec0-4c17-93a8-be13a5c0af4a req-8c425157-4698-4044-b867-409c22af3fe9 7ecdac4d557945e383b6e5bb6541d319 a25157ea79f24963af8d97250213441b - - default default] Successfully bumped revision number for resource d83b984c-6e60-4c9f-8ab3-b40e191c3326 (type: security_group_rules) to 0
2026-05-19 04:10:00.471 9 INFO neutron.api.wsgi [req-4292a872-bec0-4c17-93a8-be13a5c0af4a req-8c425157-4698-4044-b867-409c22af3fe9 7ecdac4d557945e383b6e5bb6541d319 a25157ea79f24963af8d97250213441b - - default default] 10.0.0.160 "POST /v2.0/security-groups HTTP/1.1" status: 201 len: 1886 time: 0.5413134
2026-05-19 04:10:00.483 9 INFO neutron.db.ovn_revision_numbers_db [None req-0358258d-c003-4886-a471-2aeb445d1725 59569d0f1eca40c7b7c6811a53f7a20f b408a3cfc16643b2ae34d91037bf9d82 - - default default] Successfully bumped revision number for resource 8a516603-af39-457e-beb3-f6194803c99f (type: networks) to 1
2026-05-19 04:10:00.485 10 INFO neutron.api.wsgi [req-b80e06e9-aeee-4680-8493-01bbcfe8b7d7 req-6b346eb5-57d9-47ac-a6c5-57cc3b0741ce c834e764410548f794cde0c82596473f e685a53ef7874751b59cb65199d00e90 - - 7ea3e3be34a04c748fa51567ef9afceb 7ea3e3be34a04c748fa51567ef9afceb] 199.19.213.225 "GET /v2.0/subnets?id=e16e3b59-fd97-4988-b4ae-9c0d90d062bf HTTP/1.1" status: 200 len: 892 time: 0.0509937
2026-05-19 04:10:00.488 10 INFO neutron.notifiers.nova [-] Nova event matching ['req-b0c2c522-b274-4b74-9e16-e2676f29b8fa'] response: {'name': 'network-changed', 'server_uuid': 'a9c3fa4e-df7b-41c3-ad6d-68866671c230', 'tag': '8c917f0b-21f9-45d8-b070-9672ff207b1a', 'status': 'completed', 'code': 200}
2026-05-19 04:10:00.508 10 INFO neutron.api.wsgi [req-b80e06e9-aeee-4680-8493-01bbcfe8b7d7 req-08ee1017-5fb0-42ad-87fc-9cdd709e9a0f c834e764410548f794cde0c82596473f e685a53ef7874751b59cb65199d00e90 - - 7ea3e3be34a04c748fa51567ef9afceb 7ea3e3be34a04c748fa51567ef9afceb] 199.19.213.225 "GET /v2.0/ports?network_id=d76f4a31-5ea5-43be-a3e7-3d528e5811c5&device_owner=network%3Adhcp HTTP/1.1" status: 200 len: 210 time: 0.0166011
2026-05-19 04:10:00.513 9 WARNING neutron_lib.context [req-6e35e0be-18bb-4ab4-902f-b50250e44e07 req-5ee834c9-3083-46a0-ab11-2c6db4934d59 7ecdac4d557945e383b6e5bb6541d319 a25157ea79f24963af8d97250213441b - - default default] Method 'is_advsvc' is deprecated since 2023.2 release (neutron-lib 3.8.0) and will be removed once support for the old RBAC API policies will be removed from Neutron. Please use method 'is_service_role' instead.
2026-05-19 04:10:00.552 10 INFO neutron.api.wsgi [req-b80e06e9-aeee-4680-8493-01bbcfe8b7d7 req-08a45b11-a6df-43fa-9dd2-0631c68121d0 c834e764410548f794cde0c82596473f e685a53ef7874751b59cb65199d00e90 - - 7ea3e3be34a04c748fa51567ef9afceb 7ea3e3be34a04c748fa51567ef9afceb] 199.19.213.225 "GET /v2.0/networks/d76f4a31-5ea5-43be-a3e7-3d528e5811c5?fields=segments HTTP/1.1" status: 200 len: 212 time: 0.0402076
2026-05-19 04:10:00.598 10 INFO neutron.api.wsgi [req-b80e06e9-aeee-4680-8493-01bbcfe8b7d7 req-93e53ce3-7610-44d2-a351-3ec08802c316 c834e764410548f794cde0c82596473f e685a53ef7874751b59cb65199d00e90 - - 7ea3e3be34a04c748fa51567ef9afceb 7ea3e3be34a04c748fa51567ef9afceb] 199.19.213.225 "GET /v2.0/networks/d76f4a31-5ea5-43be-a3e7-3d528e5811c5?fields=provider%3Aphysical_network&fields=provider%3Anetwork_type HTTP/1.1" status: 200 len: 277 time: 0.0407667
2026-05-19 04:10:00.758 9 WARNING neutron.scheduler.dhcp_agent_scheduler [None req-0358258d-c003-4886-a471-2aeb445d1725 59569d0f1eca40c7b7c6811a53f7a20f b408a3cfc16643b2ae34d91037bf9d82 - - default default] No more DHCP agents
2026-05-19 04:10:00.760 9 WARNING neutron.api.rpc.agentnotifiers.dhcp_rpc_agent_api [None req-0358258d-c003-4886-a471-2aeb445d1725 59569d0f1eca40c7b7c6811a53f7a20f b408a3cfc16643b2ae34d91037bf9d82 - - default default] Unable to schedule network 8a516603-af39-457e-beb3-f6194803c99f: no agents available; will retry on subsequent port and subnet creation events.
