+ COMMAND=start + start + for KEYSTONE_WSGI_SCRIPT in keystone-wsgi-public ++ type -p keystone-wsgi-public + cp -a /var/lib/openstack/bin/keystone-wsgi-public /var/www/cgi-bin/keystone/ + '[' -f /etc/apache2/envvars ']' + source /etc/apache2/envvars ++ unset HOME ++ '[' '' '!=' '' ']' ++ SUFFIX= ++ export APACHE_RUN_USER=www-data ++ APACHE_RUN_USER=www-data ++ export APACHE_RUN_GROUP=www-data ++ APACHE_RUN_GROUP=www-data ++ export APACHE_PID_FILE=/var/run/apache2/apache2.pid ++ APACHE_PID_FILE=/var/run/apache2/apache2.pid ++ export APACHE_RUN_DIR=/var/run/apache2 ++ APACHE_RUN_DIR=/var/run/apache2 ++ export APACHE_LOCK_DIR=/var/lock/apache2 ++ APACHE_LOCK_DIR=/var/lock/apache2 ++ export APACHE_LOG_DIR=/var/log/apache2 ++ APACHE_LOG_DIR=/var/log/apache2 ++ export LANG=C ++ LANG=C ++ export LANG + '[' -f /var/run/apache2/apache2.pid ']' + exec apache2 -DFOREGROUND AH00558: apache2: Could not reliably determine the server's fully qualified domain name, using 10.0.0.17. Set the 'ServerName' directive globally to suppress this message AH00558: apache2: Could not reliably determine the server's fully qualified domain name, using 10.0.0.17. Set the 'ServerName' directive globally to suppress this message
[Thu May 28 12:10:15.528525 2026] [mpm_event:notice] [pid 1:tid 140377953978240] AH00489: Apache/2.4.58 (Ubuntu) mod_wsgi/5.0.0 Python/3.12 configured -- resuming normal operations
[Thu May 28 12:10:15.528654 2026] [core:notice] [pid 1:tid 140377953978240] AH00094: Command line: 'apache2 -D FOREGROUND'
[Thu May 28 12:11:12.553516 2026] [wsgi:error] [pid 11:tid 140377317205696] /var/lib/openstack/lib/python3.12/site-packages/oslo_utils/importutils.py:77: EventletDeprecationWarning:
[Thu May 28 12:11:12.553553 2026] [wsgi:error] [pid 11:tid 140377317205696] Eventlet is deprecated. It is currently being maintained in bugfix mode, and
[Thu May 28 12:11:12.553554 2026] [wsgi:error] [pid 11:tid 140377317205696] we strongly recommend against using it for new projects.
[Thu May 28 12:11:12.553556 2026] [wsgi:error] [pid 11:tid 140377317205696]
[Thu May 28 12:11:12.553557 2026] [wsgi:error] [pid 11:tid 140377317205696] If you are already using Eventlet, we recommend migrating to a different
[Thu May 28 12:11:12.553558 2026] [wsgi:error] [pid 11:tid 140377317205696] framework. For more detail see
[Thu May 28 12:11:12.553559 2026] [wsgi:error] [pid 11:tid 140377317205696] https://eventlet.readthedocs.io/en/latest/asyncio/migration.html
[Thu May 28 12:11:12.553560 2026] [wsgi:error] [pid 11:tid 140377317205696]
[Thu May 28 12:11:12.553561 2026] [wsgi:error] [pid 11:tid 140377317205696] __import__(import_str)
[Thu May 28 12:11:12.557998 2026] [wsgi:error] [pid 10:tid 140377317205696] /var/lib/openstack/lib/python3.12/site-packages/oslo_utils/importutils.py:77: EventletDeprecationWarning:
[Thu May 28 12:11:12.558040 2026] [wsgi:error] [pid 10:tid 140377317205696] Eventlet is deprecated. It is currently being maintained in bugfix mode, and
[Thu May 28 12:11:12.558042 2026] [wsgi:error] [pid 10:tid 140377317205696] we strongly recommend against using it for new projects.
[Thu May 28 12:11:12.558043 2026] [wsgi:error] [pid 10:tid 140377317205696]
[Thu May 28 12:11:12.558044 2026] [wsgi:error] [pid 10:tid 140377317205696] If you are already using Eventlet, we recommend migrating to a different
[Thu May 28 12:11:12.558045 2026] [wsgi:error] [pid 10:tid 140377317205696] framework. For more detail see
[Thu May 28 12:11:12.558047 2026] [wsgi:error] [pid 10:tid 140377317205696] https://eventlet.readthedocs.io/en/latest/asyncio/migration.html
[Thu May 28 12:11:12.558048 2026] [wsgi:error] [pid 10:tid 140377317205696]
[Thu May 28 12:11:12.558049 2026] [wsgi:error] [pid 10:tid 140377317205696] __import__(import_str) 10.0.0.6 - - [28/May/2026:12:11:11 +0000] "GET /v3/ HTTP/1.1" 200 249 10.0.0.6 - - [28/May/2026:12:11:11 +0000] "GET /v3/ HTTP/1.1" 200 249
[Thu May 28 12:11:25.170035 2026] [wsgi:error] [pid 9:tid 140377317205696] /var/lib/openstack/lib/python3.12/site-packages/oslo_utils/importutils.py:77: EventletDeprecationWarning:
[Thu May 28 12:11:25.170074 2026] [wsgi:error] [pid 9:tid 140377317205696] Eventlet is deprecated. It is currently being maintained in bugfix mode, and
[Thu May 28 12:11:25.170075 2026] [wsgi:error] [pid 9:tid 140377317205696] we strongly recommend against using it for new projects.
[Thu May 28 12:11:25.170077 2026] [wsgi:error] [pid 9:tid 140377317205696]
[Thu May 28 12:11:25.170078 2026] [wsgi:error] [pid 9:tid 140377317205696] If you are already using Eventlet, we recommend migrating to a different
[Thu May 28 12:11:25.170079 2026] [wsgi:error] [pid 9:tid 140377317205696] framework. For more detail see
[Thu May 28 12:11:25.170080 2026] [wsgi:error] [pid 9:tid 140377317205696] https://eventlet.readthedocs.io/en/latest/asyncio/migration.html
[Thu May 28 12:11:25.170081 2026] [wsgi:error] [pid 9:tid 140377317205696]
[Thu May 28 12:11:25.170082 2026] [wsgi:error] [pid 9:tid 140377317205696] __import__(import_str) 10.0.0.103 - - [28/May/2026:12:11:24 +0000] "GET / HTTP/1.1" 300 295
[Thu May 28 12:11:30.487705 2026] [wsgi:error] [pid 12:tid 140377317205696] /var/lib/openstack/lib/python3.12/site-packages/oslo_utils/importutils.py:77: EventletDeprecationWarning:
[Thu May 28 12:11:30.487747 2026] [wsgi:error] [pid 12:tid 140377317205696] Eventlet is deprecated. It is currently being maintained in bugfix mode, and
[Thu May 28 12:11:30.487749 2026] [wsgi:error] [pid 12:tid 140377317205696] we strongly recommend against using it for new projects.
[Thu May 28 12:11:30.487750 2026] [wsgi:error] [pid 12:tid 140377317205696]
[Thu May 28 12:11:30.487752 2026] [wsgi:error] [pid 12:tid 140377317205696] If you are already using Eventlet, we recommend migrating to a different
[Thu May 28 12:11:30.487753 2026] [wsgi:error] [pid 12:tid 140377317205696] framework. For more detail see
[Thu May 28 12:11:30.487754 2026] [wsgi:error] [pid 12:tid 140377317205696] https://eventlet.readthedocs.io/en/latest/asyncio/migration.html
[Thu May 28 12:11:30.487755 2026] [wsgi:error] [pid 12:tid 140377317205696]
[Thu May 28 12:11:30.487756 2026] [wsgi:error] [pid 12:tid 140377317205696] __import__(import_str)
[Thu May 28 12:11:35.057365 2026] [wsgi:error] [pid 12:tid 140377317205696] [remote 10.0.0.103:39744] 2026-05-28 12:11:35.053 12 WARNING keystone.identity.core [None req-b4cffa66-eb8d-4960-b34d-45b8dc72c85d - - - - - -] Invalid domain name (atmosphere) found in config file name: keystone.exception.DomainNotFound: Could not find domain: atmosphere.
[Thu May 28 12:11:35.118020 2026] [wsgi:error] [pid 12:tid 140377317205696] [remote 10.0.0.103:39744] 2026-05-28 12:11:35.117 12 WARNING keystone.common.password_hashing [None req-b4cffa66-eb8d-4960-b34d-45b8dc72c85d - - - - - -] Truncating password to algorithm specific maximum length 72 characters.
[Thu May 28 12:11:35.408487 2026] [wsgi:error] [pid 12:tid 140377317205696] [remote 10.0.0.103:39744] 2026-05-28 12:11:35.408 12 WARNING keystone.common.fernet_utils [None req-b4cffa66-eb8d-4960-b34d-45b8dc72c85d - - - - - -] key_repository is world readable: /etc/keystone/fernet-keys/ 10.0.0.103 - - [28/May/2026:12:11:29 +0000] "POST /v3/auth/tokens HTTP/1.1" 201 1360
[Thu May 28 12:11:35.782060 2026] [wsgi:error] [pid 11:tid 140377317205696] [remote 10.0.0.103:39744] 2026-05-28 12:11:35.779 11 WARNING keystone.identity.core [None req-8344bdf5-96a1-4c36-8e7e-6e2126366df5 - - - - - -] Invalid domain name (atmosphere) found in config file name: keystone.exception.DomainNotFound: Could not find domain: atmosphere. 10.0.0.103 - - [28/May/2026:12:11:35 +0000] "POST /v3/domains HTTP/1.1" 201 261 10.0.0.33 - - [28/May/2026:12:11:46 +0000] "GET / HTTP/1.1" 300 295
[Thu May 28 12:11:46.918298 2026] [wsgi:error] [pid 9:tid 140377317205696] [remote 10.0.0.33:34578] 2026-05-28 12:11:46.917 9 WARNING keystone.common.password_hashing [None req-2c940504-3b0c-4a52-b55b-213a1f3012c8 - - - - - -] Truncating password to algorithm specific maximum length 72 characters.
[Thu May 28 12:11:47.193268 2026] [wsgi:error] [pid 9:tid 140377317205696] [remote 10.0.0.33:34578] 2026-05-28 12:11:47.192 9 WARNING keystone.common.fernet_utils [None req-2c940504-3b0c-4a52-b55b-213a1f3012c8 - - - - - -] key_repository is world readable: /etc/keystone/fernet-keys/ 10.0.0.33 - - [28/May/2026:12:11:46 +0000] "POST /v3/auth/tokens HTTP/1.1" 201 1360 10.0.0.33 - - [28/May/2026:12:11:47 +0000] "GET /v3/roles/admin HTTP/1.1" 404 83
[Thu May 28 12:11:47.468773 2026] [wsgi:error] [pid 11:tid 140377317205696] [remote 10.0.0.33:34578] 2026-05-28 12:11:47.468 11 WARNING keystone.common.rbac_enforcer.enforcer [None req-a49de7ea-eafc-407e-b158-6b5a72b4d48b a6c49fd606ba4e319ca1c49da5eeded7 d9881236f0e04a9088fc0252f7b23cdc - - default default] Deprecated policy rules found. Use oslopolicy-policy-generator and oslopolicy-policy-upgrade to detect and resolve deprecated policies in your configuration. 10.0.0.33 - - [28/May/2026:12:11:47 +0000] "GET /v3/roles?name=admin HTTP/1.1" 200 389
[Thu May 28 12:11:47.955125 2026] [wsgi:error] [pid 10:tid 140377317205696] [remote 10.0.0.33:34578] 2026-05-28 12:11:47.954 10 WARNING keystone.common.rbac_enforcer.enforcer [None req-1e223492-1e86-4c4c-aa74-0b20af5e7b18 a6c49fd606ba4e319ca1c49da5eeded7 d9881236f0e04a9088fc0252f7b23cdc - - default default] Deprecated policy rules found. Use oslopolicy-policy-generator and oslopolicy-policy-upgrade to detect and resolve deprecated policies in your configuration. 10.0.0.33 - - [28/May/2026:12:11:47 +0000] "GET /v3/users/admin-RegionOne HTTP/1.1" 404 93
[Thu May 28 12:11:48.087542 2026] [wsgi:error] [pid 9:tid 140377317205696] [remote 10.0.0.33:34578] 2026-05-28 12:11:48.087 9 WARNING keystone.common.rbac_enforcer.enforcer [None req-43d48ae7-5a7d-4c3f-9f32-17aadac36913 a6c49fd606ba4e319ca1c49da5eeded7 d9881236f0e04a9088fc0252f7b23cdc - - default default] Deprecated policy rules found. Use oslopolicy-policy-generator and oslopolicy-policy-upgrade to detect and resolve deprecated policies in your configuration. 10.0.0.33 - - [28/May/2026:12:11:47 +0000] "GET /v3/users?name=admin-RegionOne HTTP/1.1" 200 422
[Thu May 28 12:11:48.255724 2026] [wsgi:error] [pid 12:tid 140377317205696] [remote 10.0.0.33:34578] 2026-05-28 12:11:48.255 12 WARNING keystone.common.rbac_enforcer.enforcer [None req-e3d9ca86-c306-4749-846c-68d28047242c a6c49fd606ba4e319ca1c49da5eeded7 d9881236f0e04a9088fc0252f7b23cdc - - default default] Deprecated policy rules found. Use oslopolicy-policy-generator and oslopolicy-policy-upgrade to detect and resolve deprecated policies in your configuration. 10.0.0.33 - - [28/May/2026:12:11:48 +0000] "GET /v3/domains/default HTTP/1.1" 200 224 10.0.0.33 - - [28/May/2026:12:11:48 +0000] "PUT /v3/domains/default/users/a6c49fd606ba4e319ca1c49da5eeded7/roles/7bf0ae64e73544389aaec209d8f92b90 HTTP/1.1" 204 - 10.0.0.6 - - [28/May/2026:12:11:57 +0000] "GET / HTTP/1.1" 300 281 10.0.0.6 - - [28/May/2026:12:11:59 +0000] "GET /v3 HTTP/1.1" 200 266
[Thu May 28 12:11:59.193824 2026] [wsgi:error] [pid 12:tid 140377317205696] [remote 10.0.0.6:42878] 2026-05-28 12:11:59.193 12 WARNING keystone.common.password_hashing [None req-f5a98abc-0194-413f-a0d9-f3e4f3fc3e87 - - - - - -] Truncating password to algorithm specific maximum length 72 characters.
[Thu May 28 12:11:59.466263 2026] [wsgi:error] [pid 12:tid 140377317205696] [remote 10.0.0.6:42878] 2026-05-28 12:11:59.466 12 WARNING keystone.common.fernet_utils [None req-f5a98abc-0194-413f-a0d9-f3e4f3fc3e87 - - - - - -] key_repository is world readable: /etc/keystone/fernet-keys/ 10.0.0.6 - - [28/May/2026:12:11:59 +0000] "POST /v3/auth/tokens HTTP/1.1" 201 1360 10.0.0.6 - - [28/May/2026:12:11:59 +0000] "GET / HTTP/1.1" 300 281 10.0.0.6 - - [28/May/2026:12:11:59 +0000] "GET /v3/domains/atmosphere HTTP/1.1" 404 90 10.0.0.6 - - [28/May/2026:12:11:59 +0000] "GET /v3/domains?name=atmosphere HTTP/1.1" 200 370 10.0.0.6 - - [28/May/2026:12:11:59 +0000] "GET /v3/domains/760ba11838c74d28af1bf24ada0fbe52 HTTP/1.1" 200 247 10.0.0.6 - - [28/May/2026:12:12:00 +0000] "GET /v3 HTTP/1.1" 200 266
[Thu May 28 12:12:00.555114 2026] [wsgi:error] [pid 10:tid 140377317205696] [remote 10.0.0.6:42894] 2026-05-28 12:12:00.554 10 WARNING keystone.common.password_hashing [None req-950db0a5-6b84-4f19-9b04-163d52329559 - - - - - -] Truncating password to algorithm specific maximum length 72 characters.
[Thu May 28 12:12:00.838333 2026] [wsgi:error] [pid 10:tid 140377317205696] [remote 10.0.0.6:42894] 2026-05-28 12:12:00.838 10 WARNING keystone.common.fernet_utils [None req-950db0a5-6b84-4f19-9b04-163d52329559 - - - - - -] key_repository is world readable: /etc/keystone/fernet-keys/ 10.0.0.6 - - [28/May/2026:12:12:00 +0000] "POST /v3/auth/tokens HTTP/1.1" 201 1360 10.0.0.6 - - [28/May/2026:12:12:00 +0000] "GET / HTTP/1.1" 300 281 10.0.0.6 - - [28/May/2026:12:12:00 +0000] "GET /v3/OS-FEDERATION/identity_providers/atmosphere HTTP/1.1" 404 101 10.0.0.6 - - [28/May/2026:12:12:00 +0000] "GET /v3/OS-FEDERATION/identity_providers HTTP/1.1" 200 156 10.0.0.6 - - [28/May/2026:12:12:00 +0000] "PUT /v3/OS-FEDERATION/identity_providers/atmosphere HTTP/1.1" 201 342 10.0.0.6 - - [28/May/2026:12:12:01 +0000] "GET /v3 HTTP/1.1" 200 266
[Thu May 28 12:12:01.645623 2026] [wsgi:error] [pid 12:tid 140377317205696] [remote 10.0.0.6:42878] 2026-05-28 12:12:01.645 12 WARNING keystone.common.password_hashing [None req-5e1285da-331b-45c5-8e90-6ba01c6078de - - - - - -] Truncating password to algorithm specific maximum length 72 characters.
[Thu May 28 12:12:01.917640 2026] [wsgi:error] [pid 12:tid 140377317205696] [remote 10.0.0.6:42878] 2026-05-28 12:12:01.917 12 WARNING keystone.common.fernet_utils [None req-5e1285da-331b-45c5-8e90-6ba01c6078de - - - - - -] key_repository is world readable: /etc/keystone/fernet-keys/ 10.0.0.6 - - [28/May/2026:12:12:01 +0000] "POST /v3/auth/tokens HTTP/1.1" 201 1360 10.0.0.6 - - [28/May/2026:12:12:01 +0000] "GET / HTTP/1.1" 300 281 10.0.0.6 - - [28/May/2026:12:12:01 +0000] "GET /v3/OS-FEDERATION/mappings/atmosphere-openid HTTP/1.1" 404 98 10.0.0.6 - - [28/May/2026:12:12:01 +0000] "GET /v3/OS-FEDERATION/mappings HTTP/1.1" 200 136 10.0.0.6 - - [28/May/2026:12:12:01 +0000] "PUT /v3/OS-FEDERATION/mappings/atmosphere-openid HTTP/1.1" 201 357 10.0.0.6 - - [28/May/2026:12:12:02 +0000] "GET /v3 HTTP/1.1" 200 266
[Thu May 28 12:12:02.716154 2026] [wsgi:error] [pid 10:tid 140377317205696] [remote 10.0.0.6:42894] 2026-05-28 12:12:02.715 10 WARNING keystone.common.password_hashing [None req-fd87635b-b551-4f1c-b8f3-803ecc7f1ff2 - - - - - -] Truncating password to algorithm specific maximum length 72 characters.
[Thu May 28 12:12:02.986895 2026] [wsgi:error] [pid 10:tid 140377317205696] [remote 10.0.0.6:42894] 2026-05-28 12:12:02.986 10 WARNING keystone.common.fernet_utils [None req-fd87635b-b551-4f1c-b8f3-803ecc7f1ff2 - - - - - -] key_repository is world readable: /etc/keystone/fernet-keys/ 10.0.0.6 - - [28/May/2026:12:12:02 +0000] "POST /v3/auth/tokens HTTP/1.1" 201 1360 10.0.0.6 - - [28/May/2026:12:12:02 +0000] "GET / HTTP/1.1" 300 281 10.0.0.6 - - [28/May/2026:12:12:03 +0000] "GET /v3/OS-FEDERATION/identity_providers/atmosphere/protocols/openid?idp_id=atmosphere HTTP/1.1" 404 131 10.0.0.6 - - [28/May/2026:12:12:03 +0000] "GET /v3/OS-FEDERATION/identity_providers/atmosphere/protocols HTTP/1.1" 200 168 10.0.0.6 - - [28/May/2026:12:12:03 +0000] "PUT /v3/OS-FEDERATION/identity_providers/atmosphere/protocols/openid HTTP/1.1" 201 224 10.0.0.6 - - [28/May/2026:12:12:11 +0000] "GET /v3/ HTTP/1.1" 200 249 10.0.0.6 - - [28/May/2026:12:12:11 +0000] "GET /v3/ HTTP/1.1" 200 249 10.0.0.6 - - [28/May/2026:12:13:11 +0000] "GET /v3/ HTTP/1.1" 200 249 10.0.0.6 - - [28/May/2026:12:13:11 +0000] "GET /v3/ HTTP/1.1" 200 249 10.0.0.251 - - [28/May/2026:12:13:29 +0000] "GET / HTTP/1.1" 300 295
[Thu May 28 12:13:29.347364 2026] [wsgi:error] [pid 9:tid 140377317205696] [remote 10.0.0.251:52218] 2026-05-28 12:13:29.347 9 WARNING keystone.common.password_hashing [None req-984e7b97-6ebd-4318-8de0-e72d08cb573c - - - - - -] Truncating password to algorithm specific maximum length 72 characters.
[Thu May 28 12:13:29.619663 2026] [wsgi:error] [pid 9:tid 140377317205696] [remote 10.0.0.251:52218] 2026-05-28 12:13:29.619 9 WARNING keystone.common.fernet_utils [None req-984e7b97-6ebd-4318-8de0-e72d08cb573c - - - - - -] key_repository is world readable: /etc/keystone/fernet-keys/ 10.0.0.251 - - [28/May/2026:12:13:29 +0000] "POST /v3/auth/tokens HTTP/1.1" 201 1360 10.0.0.251 - - [28/May/2026:12:13:29 +0000] "GET /v3/services HTTP/1.1" 200 355 10.0.0.251 - - [28/May/2026:12:13:33 +0000] "GET / HTTP/1.1" 300 295
[Thu May 28 12:13:33.121167 2026] [wsgi:error] [pid 12:tid 140377317205696] [remote 10.0.0.251:52230] 2026-05-28 12:13:33.121 12 WARNING keystone.common.password_hashing [None req-49b82348-0386-42e5-aa49-d159384b152d - - - - - -] Truncating password to algorithm specific maximum length 72 characters.
[Thu May 28 12:13:33.391742 2026] [wsgi:error] [pid 12:tid 140377317205696] [remote 10.0.0.251:52230] 2026-05-28 12:13:33.391 12 WARNING keystone.common.fernet_utils [None req-49b82348-0386-42e5-aa49-d159384b152d - - - - - -] key_repository is world readable: /etc/keystone/fernet-keys/ 10.0.0.251 - - [28/May/2026:12:13:33 +0000] "POST /v3/auth/tokens HTTP/1.1" 201 1360 10.0.0.251 - - [28/May/2026:12:13:33 +0000] "GET /v3/services HTTP/1.1" 200 355 10.0.0.251 - - [28/May/2026:12:13:36 +0000] "GET / HTTP/1.1" 300 295
[Thu May 28 12:13:36.801224 2026] [wsgi:error] [pid 10:tid 140377317205696] [remote 10.0.0.251:55410] 2026-05-28 12:13:36.801 10 WARNING keystone.common.password_hashing [None req-21ffb7c4-6b7e-4c30-a189-fda250681dfb - - - - - -] Truncating password to algorithm specific maximum length 72 characters.
[Thu May 28 12:13:37.074160 2026] [wsgi:error] [pid 10:tid 140377317205696] [remote 10.0.0.251:55410] 2026-05-28 12:13:37.074 10 WARNING keystone.common.fernet_utils [None req-21ffb7c4-6b7e-4c30-a189-fda250681dfb - - - - - -] key_repository is world readable: /etc/keystone/fernet-keys/ 10.0.0.251 - - [28/May/2026:12:13:36 +0000] "POST /v3/auth/tokens HTTP/1.1" 201 1360 10.0.0.251 - - [28/May/2026:12:13:37 +0000] "GET /v3/services HTTP/1.1" 200 355 10.0.0.251 - - [28/May/2026:12:13:40 +0000] "GET / HTTP/1.1" 300 295
[Thu May 28 12:13:40.510868 2026] [wsgi:error] [pid 11:tid 140377317205696] [remote 10.0.0.251:55414] 2026-05-28 12:13:40.510 11 WARNING keystone.common.password_hashing [None req-2e0fa4b8-61cc-4b5e-9032-cbf9db10386e - - - - - -] Truncating password to algorithm specific maximum length 72 characters.
[Thu May 28 12:13:40.789425 2026] [wsgi:error] [pid 11:tid 140377317205696] [remote 10.0.0.251:55414] 2026-05-28 12:13:40.789 11 WARNING keystone.common.fernet_utils [None req-2e0fa4b8-61cc-4b5e-9032-cbf9db10386e - - - - - -] key_repository is world readable: /etc/keystone/fernet-keys/ 10.0.0.251 - - [28/May/2026:12:13:40 +0000] "POST /v3/auth/tokens HTTP/1.1" 201 1360 10.0.0.251 - - [28/May/2026:12:13:40 +0000] "POST /v3/services HTTP/1.1" 201 296 10.0.0.181 - - [28/May/2026:12:13:50 +0000] "GET / HTTP/1.1" 300 295
[Thu May 28 12:13:50.699411 2026] [wsgi:error] [pid 9:tid 140377317205696] [remote 10.0.0.181:39710] 2026-05-28 12:13:50.699 9 WARNING keystone.common.password_hashing [None req-66f08b0e-8673-4cae-9853-9dfda98dd30a - - - - - -] Truncating password to algorithm specific maximum length 72 characters. 10.0.0.181 - - [28/May/2026:12:13:50 +0000] "GET / HTTP/1.1" 300 295
[Thu May 28 12:13:50.738930 2026] [wsgi:error] [pid 10:tid 140377317205696] [remote 10.0.0.181:39714] 2026-05-28 12:13:50.738 10 WARNING keystone.common.password_hashing [None req-76fa4cf4-9daa-4bd2-8b3c-18571197aa07 - - - - - -] Truncating password to algorithm specific maximum length 72 characters. 10.0.0.181 - - [28/May/2026:12:13:50 +0000] "GET / HTTP/1.1" 300 295
[Thu May 28 12:13:50.842616 2026] [wsgi:error] [pid 11:tid 140377317205696] [remote 10.0.0.181:39728] 2026-05-28 12:13:50.842 11 WARNING keystone.common.password_hashing [None req-39ec364a-4f16-4401-af9c-1f6e885c956a - - - - - -] Truncating password to algorithm specific maximum length 72 characters.
[Thu May 28 12:13:50.999629 2026] [wsgi:error] [pid 9:tid 140377317205696] [remote 10.0.0.181:39710] 2026-05-28 12:13:50.999 9 WARNING keystone.common.fernet_utils [None req-66f08b0e-8673-4cae-9853-9dfda98dd30a - - - - - -] key_repository is world readable: /etc/keystone/fernet-keys/ 10.0.0.181 - - [28/May/2026:12:13:50 +0000] "POST /v3/auth/tokens HTTP/1.1" 201 1464
[Thu May 28 12:13:51.025180 2026] [wsgi:error] [pid 10:tid 140377317205696] [remote 10.0.0.181:39714] 2026-05-28 12:13:51.024 10 WARNING keystone.common.fernet_utils [None req-76fa4cf4-9daa-4bd2-8b3c-18571197aa07 - - - - - -] key_repository is world readable: /etc/keystone/fernet-keys/ 10.0.0.181 - - [28/May/2026:12:13:50 +0000] "POST /v3/auth/tokens HTTP/1.1" 201 1464
[Thu May 28 12:13:51.126500 2026] [wsgi:error] [pid 11:tid 140377317205696] [remote 10.0.0.181:39728] 2026-05-28 12:13:51.126 11 WARNING keystone.common.fernet_utils [None req-39ec364a-4f16-4401-af9c-1f6e885c956a - - - - - -] key_repository is world readable: /etc/keystone/fernet-keys/ 10.0.0.181 - - [28/May/2026:12:13:50 +0000] "POST /v3/auth/tokens HTTP/1.1" 201 1464 10.0.0.181 - - [28/May/2026:12:13:51 +0000] "GET /v3/services HTTP/1.1" 200 639 10.0.0.181 - - [28/May/2026:12:13:51 +0000] "GET /v3/services HTTP/1.1" 200 639 10.0.0.181 - - [28/May/2026:12:13:51 +0000] "GET /v3/services HTTP/1.1" 200 639 10.0.0.181 - - [28/May/2026:12:13:52 +0000] "GET / HTTP/1.1" 300 295
[Thu May 28 12:13:52.442617 2026] [wsgi:error] [pid 12:tid 140377317205696] [remote 10.0.0.181:39742] 2026-05-28 12:13:52.442 12 WARNING keystone.common.password_hashing [None req-1a02e6a1-290f-4f87-b1cd-6b77729a9a2d - - - - - -] Truncating password to algorithm specific maximum length 72 characters. 10.0.0.181 - - [28/May/2026:12:13:52 +0000] "GET / HTTP/1.1" 300 295
[Thu May 28 12:13:52.496267 2026] [wsgi:error] [pid 10:tid 140377317205696] [remote 10.0.0.181:39754] 2026-05-28 12:13:52.496 10 WARNING keystone.common.password_hashing [None req-2e968286-025f-4756-91cc-94b902cba755 - - - - - -] Truncating password to algorithm specific maximum length 72 characters. 10.0.0.181 - - [28/May/2026:12:13:52 +0000] "GET / HTTP/1.1" 300 295
[Thu May 28 12:13:52.669506 2026] [wsgi:error] [pid 9:tid 140377317205696] [remote 10.0.0.181:39758] 2026-05-28 12:13:52.669 9 WARNING keystone.common.password_hashing [None req-ec3acc9e-3fc0-43c5-a11e-42e8cd022f8f - - - - - -] Truncating password to algorithm specific maximum length 72 characters.
[Thu May 28 12:13:52.732681 2026] [wsgi:error] [pid 12:tid 140377317205696] [remote 10.0.0.181:39742] 2026-05-28 12:13:52.732 12 WARNING keystone.common.fernet_utils [None req-1a02e6a1-290f-4f87-b1cd-6b77729a9a2d - - - - - -] key_repository is world readable: /etc/keystone/fernet-keys/ 10.0.0.181 - - [28/May/2026:12:13:52 +0000] "POST /v3/auth/tokens HTTP/1.1" 201 1464
[Thu May 28 12:13:52.774788 2026] [wsgi:error] [pid 10:tid 140377317205696] [remote 10.0.0.181:39754] 2026-05-28 12:13:52.774 10 WARNING keystone.common.fernet_utils [None req-2e968286-025f-4756-91cc-94b902cba755 - - - - - -] key_repository is world readable: /etc/keystone/fernet-keys/ 10.0.0.181 - - [28/May/2026:12:13:52 +0000] "POST /v3/auth/tokens HTTP/1.1" 201 1464 10.0.0.181 - - [28/May/2026:12:13:52 +0000] "GET /v3/endpoints HTTP/1.1" 200 1227 10.0.0.181 - - [28/May/2026:12:13:52 +0000] "GET /v3/services/aacabcf2ba8d4bb58bc7d829272d1deb HTTP/1.1" 200 233 10.0.0.181 - - [28/May/2026:12:13:52 +0000] "GET /v3/endpoints HTTP/1.1" 200 1227 10.0.0.181 - - [28/May/2026:12:13:52 +0000] "GET /v3/services/aacabcf2ba8d4bb58bc7d829272d1deb HTTP/1.1" 200 233 10.0.0.181 - - [28/May/2026:12:13:52 +0000] "GET /v3/services/aacabcf2ba8d4bb58bc7d829272d1deb HTTP/1.1" 200 233 10.0.0.181 - - [28/May/2026:12:13:52 +0000] "GET /v3/services/aacabcf2ba8d4bb58bc7d829272d1deb HTTP/1.1" 200 233 10.0.0.181 - - [28/May/2026:12:13:52 +0000] "GET /v3/services/aacabcf2ba8d4bb58bc7d829272d1deb HTTP/1.1" 200 233 10.0.0.181 - - [28/May/2026:12:13:52 +0000] "GET /v3/services/aacabcf2ba8d4bb58bc7d829272d1deb HTTP/1.1" 200 233
[Thu May 28 12:13:52.948429 2026] [wsgi:error] [pid 9:tid 140377317205696] [remote 10.0.0.181:39758] 2026-05-28 12:13:52.948 9 WARNING keystone.common.fernet_utils [None req-ec3acc9e-3fc0-43c5-a11e-42e8cd022f8f - - - - - -] key_repository is world readable: /etc/keystone/fernet-keys/ 10.0.0.181 - - [28/May/2026:12:13:52 +0000] "POST /v3/auth/tokens HTTP/1.1" 201 1464 10.0.0.181 - - [28/May/2026:12:13:53 +0000] "GET /v3/endpoints HTTP/1.1" 200 1227 10.0.0.181 - - [28/May/2026:12:13:53 +0000] "GET /v3/services/aacabcf2ba8d4bb58bc7d829272d1deb HTTP/1.1" 200 233 10.0.0.181 - - [28/May/2026:12:13:53 +0000] "GET /v3/services/aacabcf2ba8d4bb58bc7d829272d1deb HTTP/1.1" 200 233 10.0.0.181 - - [28/May/2026:12:13:53 +0000] "GET /v3/services/aacabcf2ba8d4bb58bc7d829272d1deb HTTP/1.1" 200 233 10.0.0.181 - - [28/May/2026:12:13:54 +0000] "GET / HTTP/1.1" 300 295
[Thu May 28 12:13:54.199675 2026] [wsgi:error] [pid 10:tid 140377317205696] [remote 10.0.0.181:39760] 2026-05-28 12:13:54.199 10 WARNING keystone.common.password_hashing [None req-5f3ef6cf-8fa2-4df2-9310-920862e94267 - - - - - -] Truncating password to algorithm specific maximum length 72 characters. 10.0.0.181 - - [28/May/2026:12:13:54 +0000] "GET / HTTP/1.1" 300 295
[Thu May 28 12:13:54.247181 2026] [wsgi:error] [pid 9:tid 140377317205696] [remote 10.0.0.181:39766] 2026-05-28 12:13:54.247 9 WARNING keystone.common.password_hashing [None req-711ed1d4-1a96-4e92-b137-1589457cc071 - - - - - -] Truncating password to algorithm specific maximum length 72 characters. 10.0.0.181 - - [28/May/2026:12:13:54 +0000] "GET / HTTP/1.1" 300 295
[Thu May 28 12:13:54.470185 2026] [wsgi:error] [pid 10:tid 140377317205696] [remote 10.0.0.181:39760] 2026-05-28 12:13:54.470 10 WARNING keystone.common.fernet_utils [None req-5f3ef6cf-8fa2-4df2-9310-920862e94267 - - - - - -] key_repository is world readable: /etc/keystone/fernet-keys/
[Thu May 28 12:13:54.472356 2026] [wsgi:error] [pid 12:tid 140377317205696] [remote 10.0.0.181:39778] 2026-05-28 12:13:54.472 12 WARNING keystone.common.password_hashing [None req-7ab7a434-3095-434c-aa33-ad4a510588f3 - - - - - -] Truncating password to algorithm specific maximum length 72 characters. 10.0.0.181 - - [28/May/2026:12:13:54 +0000] "POST /v3/auth/tokens HTTP/1.1" 201 1464
[Thu May 28 12:13:54.522426 2026] [wsgi:error] [pid 9:tid 140377317205696] [remote 10.0.0.181:39766] 2026-05-28 12:13:54.522 9 WARNING keystone.common.fernet_utils [None req-711ed1d4-1a96-4e92-b137-1589457cc071 - - - - - -] key_repository is world readable: /etc/keystone/fernet-keys/ 10.0.0.181 - - [28/May/2026:12:13:54 +0000] "POST /v3/auth/tokens HTTP/1.1" 201 1464 10.0.0.181 - - [28/May/2026:12:13:54 +0000] "GET /v3/services/e74e31ee8f47456a93a34e3dcb3db243 HTTP/1.1" 200 296 10.0.0.181 - - [28/May/2026:12:13:54 +0000] "GET /v3/regions/RegionOne HTTP/1.1" 200 173 10.0.0.181 - - [28/May/2026:12:13:54 +0000] "GET /v3/services/e74e31ee8f47456a93a34e3dcb3db243 HTTP/1.1" 200 296 10.0.0.181 - - [28/May/2026:12:13:54 +0000] "GET /v3/regions/RegionOne HTTP/1.1" 200 173 10.0.0.181 - - [28/May/2026:12:13:54 +0000] "POST /v3/endpoints HTTP/1.1" 201 380
[Thu May 28 12:13:54.762136 2026] [wsgi:error] [pid 12:tid 140377317205696] [remote 10.0.0.181:39778] 2026-05-28 12:13:54.762 12 WARNING keystone.common.fernet_utils [None req-7ab7a434-3095-434c-aa33-ad4a510588f3 - - - - - -] key_repository is world readable: /etc/keystone/fernet-keys/ 10.0.0.181 - - [28/May/2026:12:13:54 +0000] "POST /v3/auth/tokens HTTP/1.1" 201 1823 10.0.0.181 - - [28/May/2026:12:13:54 +0000] "POST /v3/endpoints HTTP/1.1" 201 383 10.0.0.181 - - [28/May/2026:12:13:54 +0000] "GET /v3/services/e74e31ee8f47456a93a34e3dcb3db243 HTTP/1.1" 200 296 10.0.0.181 - - [28/May/2026:12:13:54 +0000] "GET /v3/regions/RegionOne HTTP/1.1" 200 173 10.0.0.181 - - [28/May/2026:12:13:54 +0000] "POST /v3/endpoints HTTP/1.1" 201 370 10.0.0.181 - - [28/May/2026:12:13:55 +0000] "GET / HTTP/1.1" 300 295
[Thu May 28 12:13:55.986430 2026] [wsgi:error] [pid 10:tid 140377317205696] [remote 10.0.0.181:35064] 2026-05-28 12:13:55.986 10 WARNING keystone.common.password_hashing [None req-beed8ac6-7d3f-42f5-ba43-7cf8c453b058 - - - - - -] Truncating password to algorithm specific maximum length 72 characters. 10.0.0.181 - - [28/May/2026:12:13:56 +0000] "GET / HTTP/1.1" 300 295
[Thu May 28 12:13:56.082205 2026] [wsgi:error] [pid 12:tid 140377317205696] [remote 10.0.0.181:35080] 2026-05-28 12:13:56.082 12 WARNING keystone.common.password_hashing [None req-e61c3173-6d83-4262-b5b6-618831b87fa8 - - - - - -] Truncating password to algorithm specific maximum length 72 characters.
[Thu May 28 12:13:56.261616 2026] [wsgi:error] [pid 10:tid 140377317205696] [remote 10.0.0.181:35064] 2026-05-28 12:13:56.261 10 WARNING keystone.common.fernet_utils [None req-beed8ac6-7d3f-42f5-ba43-7cf8c453b058 - - - - - -] key_repository is world readable: /etc/keystone/fernet-keys/ 10.0.0.181 - - [28/May/2026:12:13:55 +0000] "POST /v3/auth/tokens HTTP/1.1" 201 1992 10.0.0.181 - - [28/May/2026:12:13:56 +0000] "GET / HTTP/1.1" 300 295
[Thu May 28 12:13:56.315480 2026] [wsgi:error] [pid 11:tid 140377317205696] [remote 10.0.0.181:35082] 2026-05-28 12:13:56.315 11 WARNING keystone.common.password_hashing [None req-7ed08e5b-36f6-43bb-86f7-dc852ed371cd - - - - - -] Truncating password to algorithm specific maximum length 72 characters.
[Thu May 28 12:13:56.354034 2026] [wsgi:error] [pid 12:tid 140377317205696] [remote 10.0.0.181:35080] 2026-05-28 12:13:56.353 12 WARNING keystone.common.fernet_utils [None req-e61c3173-6d83-4262-b5b6-618831b87fa8 - - - - - -] key_repository is world readable: /etc/keystone/fernet-keys/ 10.0.0.181 - - [28/May/2026:12:13:56 +0000] "POST /v3/auth/tokens HTTP/1.1" 201 1992 10.0.0.181 - - [28/May/2026:12:13:56 +0000] "GET /v3/endpoints/33752566b78c4a40834f0dc2ece55812 HTTP/1.1" 200 380 10.0.0.181 - - [28/May/2026:12:13:56 +0000] "GET /v3/services/e74e31ee8f47456a93a34e3dcb3db243 HTTP/1.1" 200 296 10.0.0.181 - - [28/May/2026:12:13:56 +0000] "GET /v3/endpoints/f4761c36c7094f1dac1371cbd74ee1e3 HTTP/1.1" 200 383 10.0.0.181 - - [28/May/2026:12:13:56 +0000] "GET /v3/services/e74e31ee8f47456a93a34e3dcb3db243 HTTP/1.1" 200 296
[Thu May 28 12:13:56.595664 2026] [wsgi:error] [pid 11:tid 140377317205696] [remote 10.0.0.181:35082] 2026-05-28 12:13:56.595 11 WARNING keystone.common.fernet_utils [None req-7ed08e5b-36f6-43bb-86f7-dc852ed371cd - - - - - -] key_repository is world readable: /etc/keystone/fernet-keys/ 10.0.0.181 - - [28/May/2026:12:13:56 +0000] "POST /v3/auth/tokens HTTP/1.1" 201 1992 10.0.0.181 - - [28/May/2026:12:13:56 +0000] "GET /v3/endpoints/b3e2dbe7cd25499495d1064a0c47a294 HTTP/1.1" 200 370 10.0.0.181 - - [28/May/2026:12:13:56 +0000] "GET /v3/services/e74e31ee8f47456a93a34e3dcb3db243 HTTP/1.1" 200 296 10.0.0.122 - - [28/May/2026:12:14:07 +0000] "GET / HTTP/1.1" 300 295
[Thu May 28 12:14:07.796678 2026] [wsgi:error] [pid 11:tid 140377317205696] [remote 10.0.0.122:53362] 2026-05-28 12:14:07.796 11 WARNING keystone.common.password_hashing [None req-b2b7fa15-69de-4fd0-8052-ab3409ef17be - - - - - -] Truncating password to algorithm specific maximum length 72 characters.
[Thu May 28 12:14:08.077098 2026] [wsgi:error] [pid 11:tid 140377317205696] [remote 10.0.0.122:53362] 2026-05-28 12:14:08.076 11 WARNING keystone.common.fernet_utils [None req-b2b7fa15-69de-4fd0-8052-ab3409ef17be - - - - - -] key_repository is world readable: /etc/keystone/fernet-keys/ 10.0.0.122 - - [28/May/2026:12:14:07 +0000] "POST /v3/auth/tokens HTTP/1.1" 201 1992 10.0.0.122 - - [28/May/2026:12:14:08 +0000] "POST /v3/domains HTTP/1.1" 201 284 10.0.0.122 - - [28/May/2026:12:14:09 +0000] "GET / HTTP/1.1" 300 295
[Thu May 28 12:14:09.531090 2026] [wsgi:error] [pid 10:tid 140377317205696] [remote 10.0.0.122:53374] 2026-05-28 12:14:09.530 10 WARNING keystone.common.password_hashing [None req-8818ff5b-a780-43b2-9096-3094aa4d9708 - - - - - -] Truncating password to algorithm specific maximum length 72 characters.
[Thu May 28 12:14:09.808988 2026] [wsgi:error] [pid 10:tid 140377317205696] [remote 10.0.0.122:53374] 2026-05-28 12:14:09.808 10 WARNING keystone.common.fernet_utils [None req-8818ff5b-a780-43b2-9096-3094aa4d9708 - - - - - -] key_repository is world readable: /etc/keystone/fernet-keys/ 10.0.0.122 - - [28/May/2026:12:14:09 +0000] "POST /v3/auth/tokens HTTP/1.1" 201 1992
[Thu May 28 12:14:09.985140 2026] [wsgi:error] [pid 11:tid 140377317205696] [remote 10.0.0.122:53374] 2026-05-28 12:14:09.972 11 ERROR keystone.server.flask.application [None req-2662d9af-f2e9-4fb1-ad9d-fc5c6b1b23c9 a6c49fd606ba4e319ca1c49da5eeded7 d9881236f0e04a9088fc0252f7b23cdc - - default default] Conflict occurred attempting to store project - it is not permitted to have two projects acting as domains with the same name: service.: keystone.exception.Conflict: Conflict occurred attempting to store project - it is not permitted to have two projects acting as domains with the same name: service.
[Thu May 28 12:14:09.985166 2026] [wsgi:error] [pid 11:tid 140377317205696] [remote 10.0.0.122:53374] 2026-05-28 12:14:09.972 11 ERROR keystone.server.flask.application
Traceback (most recent call last):
[Thu May 28 12:14:09.985169 2026] [wsgi:error] [pid 11:tid 140377317205696] [remote 10.0.0.122:53374] 2026-05-28 12:14:09.972 11 ERROR keystone.server.flask.application
File "/var/lib/openstack/lib/python3.12/site-packages/sqlalchemy/engine/base.py", line 1967, in _exec_single_context
[Thu May 28 12:14:09.985171 2026] [wsgi:error] [pid 11:tid 140377317205696] [remote 10.0.0.122:53374] 2026-05-28 12:14:09.972 11 ERROR keystone.server.flask.application self.dialect.do_execute(
[Thu May 28 12:14:09.985172 2026] [wsgi:error] [pid 11:tid 140377317205696] [remote 10.0.0.122:53374] 2026-05-28 12:14:09.972 11 ERROR keystone.server.flask.application
File "/var/lib/openstack/lib/python3.12/site-packages/sqlalchemy/engine/default.py", line 952, in do_execute
[Thu May 28 12:14:09.985174 2026] [wsgi:error] [pid 11:tid 140377317205696] [remote 10.0.0.122:53374] 2026-05-28 12:14:09.972 11 ERROR keystone.server.flask.application cursor.execute(statement, parameters)
[Thu May 28 12:14:09.985176 2026] [wsgi:error] [pid 11:tid 140377317205696] [remote 10.0.0.122:53374] 2026-05-28 12:14:09.972 11 ERROR keystone.server.flask.application
File "/var/lib/openstack/lib/python3.12/site-packages/pymysql/cursors.py", line 159, in execute
[Thu May 28 12:14:09.985178 2026] [wsgi:error] [pid 11:tid 140377317205696] [remote 10.0.0.122:53374] 2026-05-28 12:14:09.972 11 ERROR keystone.server.flask.application result = self._query(query)
[Thu May 28 12:14:09.985179 2026] [wsgi:error] [pid 11:tid 140377317205696] [remote 10.0.0.122:53374] 2026-05-28 12:14:09.972 11 ERROR keystone.server.flask.application ^^^^^^^^^^^^^^^^^^
[Thu May 28 12:14:09.985180 2026] [wsgi:error] [pid 11:tid 140377317205696] [remote 10.0.0.122:53374] 2026-05-28 12:14:09.972 11 ERROR keystone.server.flask.application
File "/var/lib/openstack/lib/python3.12/site-packages/pymysql/cursors.py", line 330, in _query
[Thu May 28 12:14:09.985182 2026] [wsgi:error] [pid 11:tid 140377317205696] [remote 10.0.0.122:53374] 2026-05-28 12:14:09.972 11 ERROR keystone.server.flask.application conn.query(q)
[Thu May 28 12:14:09.985184 2026] [wsgi:error] [pid 11:tid 140377317205696] [remote 10.0.0.122:53374] 2026-05-28 12:14:09.972 11 ERROR keystone.server.flask.application
File "/var/lib/openstack/lib/python3.12/site-packages/pymysql/connections.py", line 582, in query
[Thu May 28 12:14:09.985185 2026] [wsgi:error] [pid 11:tid 140377317205696] [remote 10.0.0.122:53374] 2026-05-28 12:14:09.972 11 ERROR keystone.server.flask.application self._affected_rows = self._read_query_result(unbuffered=unbuffered)
[Thu May 28 12:14:09.985187 2026] [wsgi:error] [pid 11:tid 140377317205696] [remote 10.0.0.122:53374] 2026-05-28 12:14:09.972 11 ERROR keystone.server.flask.application ^^^^^^^^^^^^^^^^^^^^^^^^^^^^^^^^^^^^^^^^^^^^^^
[Thu May 28 12:14:09.985188 2026] [wsgi:error] [pid 11:tid 140377317205696] [remote 10.0.0.122:53374] 2026-05-28 12:14:09.972 11 ERROR keystone.server.flask.application
File "/var/lib/openstack/lib/python3.12/site-packages/pymysql/connections.py", line 847, in _read_query_result
[Thu May 28 12:14:09.985190 2026] [wsgi:error] [pid 11:tid 140377317205696] [remote 10.0.0.122:53374] 2026-05-28 12:14:09.972 11 ERROR keystone.server.flask.application result.read()
[Thu May 28 12:14:09.985193 2026] [wsgi:error] [pid 11:tid 140377317205696] [remote 10.0.0.122:53374] 2026-05-28 12:14:09.972 11 ERROR keystone.server.flask.application
File "/var/lib/openstack/lib/python3.12/site-packages/pymysql/connections.py", line 1245, in read
[Thu May 28 12:14:09.985195 2026] [wsgi:error] [pid 11:tid 140377317205696] [remote 10.0.0.122:53374] 2026-05-28 12:14:09.972 11 ERROR keystone.server.flask.application first_packet = self.connection._read_packet()
[Thu May 28 12:14:09.985196 2026] [wsgi:error] [pid 11:tid 140377317205696] [remote 10.0.0.122:53374] 2026-05-28 12:14:09.972 11 ERROR keystone.server.flask.application ^^^^^^^^^^^^^^^^^^^^^^^^^^^^^^
[Thu May 28 12:14:09.985198 2026] [wsgi:error] [pid 11:tid 140377317205696] [remote 10.0.0.122:53374] 2026-05-28 12:14:09.972 11 ERROR keystone.server.flask.application
File "/var/lib/openstack/lib/python3.12/site-packages/pymysql/connections.py", line 803, in _read_packet
[Thu May 28 12:14:09.985200 2026] [wsgi:error] [pid 11:tid 140377317205696] [remote 10.0.0.122:53374] 2026-05-28 12:14:09.972 11 ERROR keystone.server.flask.application packet.raise_for_error()
[Thu May 28 12:14:09.985201 2026] [wsgi:error] [pid 11:tid 140377317205696] [remote 10.0.0.122:53374] 2026-05-28 12:14:09.972 11 ERROR keystone.server.flask.application
File "/var/lib/openstack/lib/python3.12/site-packages/pymysql/protocol.py", line 219, in raise_for_error
[Thu May 28 12:14:09.985203 2026] [wsgi:error] [pid 11:tid 140377317205696] [remote 10.0.0.122:53374] 2026-05-28 12:14:09.972 11 ERROR keystone.server.flask.application err.raise_mysql_exception(self._data)
[Thu May 28 12:14:09.985204 2026] [wsgi:error] [pid 11:tid 140377317205696] [remote 10.0.0.122:53374] 2026-05-28 12:14:09.972 11 ERROR keystone.server.flask.application
File "/var/lib/openstack/lib/python3.12/site-packages/pymysql/err.py", line 154, in raise_mysql_exception
[Thu May 28 12:14:09.985206 2026] [wsgi:error] [pid 11:tid 140377317205696] [remote 10.0.0.122:53374] 2026-05-28 12:14:09.972 11 ERROR keystone.server.flask.application raise errorclass(errno, errval, sqlstate=sqlstate)
[Thu May 28 12:14:09.985207 2026] [wsgi:error] [pid 11:tid 140377317205696] [remote 10.0.0.122:53374] 2026-05-28 12:14:09.972 11 ERROR keystone.server.flask.application pymysql.err.IntegrityError: (1062, "Duplicate entry '<>-service' for key 'project.ixu_project_name_domain_id'")
[Thu May 28 12:14:09.985209 2026] [wsgi:error] [pid 11:tid 140377317205696] [remote 10.0.0.122:53374] 2026-05-28 12:14:09.972 11 ERROR keystone.server.flask.application
[Thu May 28 12:14:09.985211 2026] [wsgi:error] [pid 11:tid 140377317205696] [remote 10.0.0.122:53374] 2026-05-28 12:14:09.972 11 ERROR keystone.server.flask.application The above exception was the direct cause of the following exception:
[Thu May 28 12:14:09.985212 2026] [wsgi:error] [pid 11:tid 140377317205696] [remote 10.0.0.122:53374] 2026-05-28 12:14:09.972 11 ERROR keystone.server.flask.application
[Thu May 28 12:14:09.985214 2026] [wsgi:error] [pid 11:tid 140377317205696] [remote 10.0.0.122:53374] 2026-05-28 12:14:09.972 11 ERROR keystone.server.flask.application
Traceback (most recent call last):
[Thu May 28 12:14:09.985215 2026] [wsgi:error] [pid 11:tid 140377317205696] [remote 10.0.0.122:53374] 2026-05-28 12:14:09.972 11 ERROR keystone.server.flask.application
File "/var/lib/openstack/lib/python3.12/site-packages/keystone/common/sql/core.py", line 575, in wrapper
[Thu May 28 12:14:09.985217 2026] [wsgi:error] [pid 11:tid 140377317205696] [remote 10.0.0.122:53374] 2026-05-28 12:14:09.972 11 ERROR keystone.server.flask.application return method(*args, **kwargs)
[Thu May 28 12:14:09.985218 2026] [wsgi:error] [pid 11:tid 140377317205696] [remote 10.0.0.122:53374] 2026-05-28 12:14:09.972 11 ERROR keystone.server.flask.application ^^^^^^^^^^^^^^^^^^^^^^^
[Thu May 28 12:14:09.985220 2026] [wsgi:error] [pid 11:tid 140377317205696] [remote 10.0.0.122:53374] 2026-05-28 12:14:09.972 11 ERROR keystone.server.flask.application
File "/var/lib/openstack/lib/python3.12/site-packages/keystone/resource/backends/sql.py", line 278, in create_project
[Thu May 28 12:14:09.985222 2026] [wsgi:error] [pid 11:tid 140377317205696] [remote 10.0.0.122:53374] 2026-05-28 12:14:09.972 11 ERROR keystone.server.flask.application with sql.session_for_write() as session:
[Thu May 28 12:14:09.985223 2026] [wsgi:error] [pid 11:tid 140377317205696] [remote 10.0.0.122:53374] 2026-05-28 12:14:09.972 11 ERROR keystone.server.flask.application
File "/usr/lib/python3.12/contextlib.py", line 144, in __exit__
[Thu May 28 12:14:09.985225 2026] [wsgi:error] [pid 11:tid 140377317205696] [remote 10.0.0.122:53374] 2026-05-28 12:14:09.972 11 ERROR keystone.server.flask.application next(self.gen)
[Thu May 28 12:14:09.985226 2026] [wsgi:error] [pid 11:tid 140377317205696] [remote 10.0.0.122:53374] 2026-05-28 12:14:09.972 11 ERROR keystone.server.flask.application
File "/var/lib/openstack/lib/python3.12/site-packages/oslo_db/sqlalchemy/enginefacade.py", line 1175, in _transaction_scope
[Thu May 28 12:14:09.985228 2026] [wsgi:error] [pid 11:tid 140377317205696] [remote 10.0.0.122:53374] 2026-05-28 12:14:09.972 11 ERROR keystone.server.flask.application with current._produce_block(
[Thu May 28 12:14:09.985229 2026] [wsgi:error] [pid 11:tid 140377317205696] [remote 10.0.0.122:53374] 2026-05-28 12:14:09.972 11 ERROR keystone.server.flask.application
File "/usr/lib/python3.12/contextlib.py", line 144, in __exit__
[Thu May 28 12:14:09.985231 2026] [wsgi:error] [pid 11:tid 140377317205696] [remote 10.0.0.122:53374] 2026-05-28 12:14:09.972 11 ERROR keystone.server.flask.application next(self.gen)
[Thu May 28 12:14:09.985232 2026] [wsgi:error] [pid 11:tid 140377317205696] [remote 10.0.0.122:53374] 2026-05-28 12:14:09.972 11 ERROR keystone.server.flask.application
File "/var/lib/openstack/lib/python3.12/site-packages/oslo_db/sqlalchemy/enginefacade.py", line 837, in _session
[Thu May 28 12:14:09.985234 2026] [wsgi:error] [pid 11:tid 140377317205696] [remote 10.0.0.122:53374] 2026-05-28 12:14:09.972 11 ERROR keystone.server.flask.application with excutils.save_and_reraise_exception():
[Thu May 28 12:14:09.985235 2026] [wsgi:error] [pid 11:tid 140377317205696] [remote 10.0.0.122:53374] 2026-05-28 12:14:09.972 11 ERROR keystone.server.flask.application
File "/var/lib/openstack/lib/python3.12/site-packages/oslo_utils/excutils.py", line 271, in __exit__
[Thu May 28 12:14:09.985237 2026] [wsgi:error] [pid 11:tid 140377317205696] [remote 10.0.0.122:53374] 2026-05-28 12:14:09.972 11 ERROR keystone.server.flask.application self.force_reraise()
[Thu May 28 12:14:09.985238 2026] [wsgi:error] [pid 11:tid 140377317205696] [remote 10.0.0.122:53374] 2026-05-28 12:14:09.972 11 ERROR keystone.server.flask.application
File "/var/lib/openstack/lib/python3.12/site-packages/oslo_utils/excutils.py", line 233, in force_reraise
[Thu May 28 12:14:09.985240 2026] [wsgi:error] [pid 11:tid 140377317205696] [remote 10.0.0.122:53374] 2026-05-28 12:14:09.972 11 ERROR keystone.server.flask.application raise self.value
[Thu May 28 12:14:09.985242 2026] [wsgi:error] [pid 11:tid 140377317205696] [remote 10.0.0.122:53374] 2026-05-28 12:14:09.972 11 ERROR keystone.server.flask.application
File "/var/lib/openstack/lib/python3.12/site-packages/oslo_db/sqlalchemy/enginefacade.py", line 835, in _session
[Thu May 28 12:14:09.985243 2026] [wsgi:error] [pid 11:tid 140377317205696] [remote 10.0.0.122:53374] 2026-05-28 12:14:09.972 11 ERROR keystone.server.flask.application self._end_session_transaction(self.session)
[Thu May 28 12:14:09.985245 2026] [wsgi:error] [pid 11:tid 140377317205696] [remote 10.0.0.122:53374] 2026-05-28 12:14:09.972 11 ERROR keystone.server.flask.application
File "/var/lib/openstack/lib/python3.12/site-packages/oslo_db/sqlalchemy/enginefacade.py", line 748, in _end_session_transaction
[Thu May 28 12:14:09.985248 2026] [wsgi:error] [pid 11:tid 140377317205696] [remote 10.0.0.122:53374] 2026-05-28 12:14:09.972 11 ERROR keystone.server.flask.application session.commit()
[Thu May 28 12:14:09.985249 2026] [wsgi:error] [pid 11:tid 140377317205696] [remote 10.0.0.122:53374] 2026-05-28 12:14:09.972 11 ERROR keystone.server.flask.application
File "/var/lib/openstack/lib/python3.12/site-packages/sqlalchemy/orm/session.py", line 2030, in commit
[Thu May 28 12:14:09.985251 2026] [wsgi:error] [pid 11:tid 140377317205696] [remote 10.0.0.122:53374] 2026-05-28 12:14:09.972 11 ERROR keystone.server.flask.application trans.commit(_to_root=True)
[Thu May 28 12:14:09.985252 2026] [wsgi:error] [pid 11:tid 140377317205696] [remote 10.0.0.122:53374] 2026-05-28 12:14:09.972 11 ERROR keystone.server.flask.application File "", line 2, in commit
[Thu May 28 12:14:09.985254 2026] [wsgi:error] [pid 11:tid 140377317205696] [remote 10.0.0.122:53374] 2026-05-28 12:14:09.972 11 ERROR keystone.server.flask.application
File "/var/lib/openstack/lib/python3.12/site-packages/sqlalchemy/orm/state_changes.py", line 137, in _go
[Thu May 28 12:14:09.985255 2026] [wsgi:error] [pid 11:tid 140377317205696] [remote 10.0.0.122:53374] 2026-05-28 12:14:09.972 11 ERROR keystone.server.flask.application ret_value = fn(self, *arg, **kw)
[Thu May 28 12:14:09.985257 2026] [wsgi:error] [pid 11:tid 140377317205696] [remote 10.0.0.122:53374] 2026-05-28 12:14:09.972 11 ERROR keystone.server.flask.application ^^^^^^^^^^^^^^^^^^^^
[Thu May 28 12:14:09.985258 2026] [wsgi:error] [pid 11:tid 140377317205696] [remote 10.0.0.122:53374] 2026-05-28 12:14:09.972 11 ERROR keystone.server.flask.application
File "/var/lib/openstack/lib/python3.12/site-packages/sqlalchemy/orm/session.py", line 1311, in commit
[Thu May 28 12:14:09.985260 2026] [wsgi:error] [pid 11:tid 140377317205696] [remote 10.0.0.122:53374] 2026-05-28 12:14:09.972 11 ERROR keystone.server.flask.application self._prepare_impl()
[Thu May 28 12:14:09.985261 2026] [wsgi:error] [pid 11:tid 140377317205696] [remote 10.0.0.122:53374] 2026-05-28 12:14:09.972 11 ERROR keystone.server.flask.application File "", line 2, in _prepare_impl
[Thu May 28 12:14:09.985263 2026] [wsgi:error] [pid 11:tid 140377317205696] [remote 10.0.0.122:53374] 2026-05-28 12:14:09.972 11 ERROR keystone.server.flask.application
File "/var/lib/openstack/lib/python3.12/site-packages/sqlalchemy/orm/state_changes.py", line 137, in _go
[Thu May 28 12:14:09.985264 2026] [wsgi:error] [pid 11:tid 140377317205696] [remote 10.0.0.122:53374] 2026-05-28 12:14:09.972 11 ERROR keystone.server.flask.application ret_value = fn(self, *arg, **kw)
[Thu May 28 12:14:09.985266 2026] [wsgi:error] [pid 11:tid 140377317205696] [remote 10.0.0.122:53374] 2026-05-28 12:14:09.972 11 ERROR keystone.server.flask.application ^^^^^^^^^^^^^^^^^^^^
[Thu May 28 12:14:09.985267 2026] [wsgi:error] [pid 11:tid 140377317205696] [remote 10.0.0.122:53374] 2026-05-28 12:14:09.972 11 ERROR keystone.server.flask.application
File "/var/lib/openstack/lib/python3.12/site-packages/sqlalchemy/orm/session.py", line 1286, in _prepare_impl
[Thu May 28 12:14:09.985278 2026] [wsgi:error] [pid 11:tid 140377317205696] [remote 10.0.0.122:53374] 2026-05-28 12:14:09.972 11 ERROR keystone.server.flask.application self.session.flush()
[Thu May 28 12:14:09.985280 2026] [wsgi:error] [pid 11:tid 140377317205696] [remote 10.0.0.122:53374] 2026-05-28 12:14:09.972 11 ERROR keystone.server.flask.application
File "/var/lib/openstack/lib/python3.12/site-packages/sqlalchemy/orm/session.py", line 4331, in flush
[Thu May 28 12:14:09.985281 2026] [wsgi:error] [pid 11:tid 140377317205696] [remote 10.0.0.122:53374] 2026-05-28 12:14:09.972 11 ERROR keystone.server.flask.application self._flush(objects)
[Thu May 28 12:14:09.985283 2026] [wsgi:error] [pid 11:tid 140377317205696] [remote 10.0.0.122:53374] 2026-05-28 12:14:09.972 11 ERROR keystone.server.flask.application
File "/var/lib/openstack/lib/python3.12/site-packages/sqlalchemy/orm/session.py", line 4466, in _flush
[Thu May 28 12:14:09.985284 2026] [wsgi:error] [pid 11:tid 140377317205696] [remote 10.0.0.122:53374] 2026-05-28 12:14:09.972 11 ERROR keystone.server.flask.application with util.safe_reraise():
[Thu May 28 12:14:09.985286 2026] [wsgi:error] [pid 11:tid 140377317205696] [remote 10.0.0.122:53374] 2026-05-28 12:14:09.972 11 ERROR keystone.server.flask.application
File "/var/lib/openstack/lib/python3.12/site-packages/sqlalchemy/util/langhelpers.py", line 121, in __exit__
[Thu May 28 12:14:09.985287 2026] [wsgi:error] [pid 11:tid 140377317205696] [remote 10.0.0.122:53374] 2026-05-28 12:14:09.972 11 ERROR keystone.server.flask.application raise exc_value.with_traceback(exc_tb)
[Thu May 28 12:14:09.985289 2026] [wsgi:error] [pid 11:tid 140377317205696] [remote 10.0.0.122:53374] 2026-05-28 12:14:09.972 11 ERROR keystone.server.flask.application
File "/var/lib/openstack/lib/python3.12/site-packages/sqlalchemy/orm/session.py", line 4427, in _flush
[Thu May 28 12:14:09.985291 2026] [wsgi:error] [pid 11:tid 140377317205696] [remote 10.0.0.122:53374] 2026-05-28 12:14:09.972 11 ERROR keystone.server.flask.application flush_context.execute()
[Thu May 28 12:14:09.985292 2026] [wsgi:error] [pid 11:tid 140377317205696] [remote 10.0.0.122:53374] 2026-05-28 12:14:09.972 11 ERROR keystone.server.flask.application
File "/var/lib/openstack/lib/python3.12/site-packages/sqlalchemy/orm/unitofwork.py", line 466, in execute
