+ COMMAND=start + start + for KEYSTONE_WSGI_SCRIPT in keystone-wsgi-public ++ type -p keystone-wsgi-public + cp -a /var/lib/openstack/bin/keystone-wsgi-public /var/www/cgi-bin/keystone/ + '[' -f /etc/apache2/envvars ']' + source /etc/apache2/envvars ++ unset HOME ++ '[' '' '!=' '' ']' ++ SUFFIX= ++ export APACHE_RUN_USER=www-data ++ APACHE_RUN_USER=www-data ++ export APACHE_RUN_GROUP=www-data ++ APACHE_RUN_GROUP=www-data ++ export APACHE_PID_FILE=/var/run/apache2/apache2.pid ++ APACHE_PID_FILE=/var/run/apache2/apache2.pid ++ export APACHE_RUN_DIR=/var/run/apache2 ++ APACHE_RUN_DIR=/var/run/apache2 ++ export APACHE_LOCK_DIR=/var/lock/apache2 ++ APACHE_LOCK_DIR=/var/lock/apache2 ++ export APACHE_LOG_DIR=/var/log/apache2 ++ APACHE_LOG_DIR=/var/log/apache2 ++ export LANG=C ++ LANG=C ++ export LANG + '[' -f /var/run/apache2/apache2.pid ']' + exec apache2 -DFOREGROUND AH00558: apache2: Could not reliably determine the server's fully qualified domain name, using 10.0.0.239. Set the 'ServerName' directive globally to suppress this message AH00558: apache2: Could not reliably determine the server's fully qualified domain name, using 10.0.0.239. Set the 'ServerName' directive globally to suppress this message
[Thu Jul 16 10:03:42.423824 2026] [mpm_event:notice] [pid 1:tid 140443765684096] AH00489: Apache/2.4.58 (Ubuntu) mod_wsgi/5.0.0 Python/3.12 configured -- resuming normal operations
[Thu Jul 16 10:03:42.424035 2026] [core:notice] [pid 1:tid 140443765684096] AH00094: Command line: 'apache2 -D FOREGROUND'
[Thu Jul 16 10:04:37.929476 2026] [wsgi:error] [pid 12:tid 140443128911552] /var/lib/openstack/lib/python3.12/site-packages/oslo_utils/importutils.py:77: EventletDeprecationWarning:
[Thu Jul 16 10:04:37.929521 2026] [wsgi:error] [pid 12:tid 140443128911552] Eventlet is deprecated. It is currently being maintained in bugfix mode, and
[Thu Jul 16 10:04:37.929523 2026] [wsgi:error] [pid 12:tid 140443128911552] we strongly recommend against using it for new projects.
[Thu Jul 16 10:04:37.929525 2026] [wsgi:error] [pid 12:tid 140443128911552]
[Thu Jul 16 10:04:37.929526 2026] [wsgi:error] [pid 12:tid 140443128911552] If you are already using Eventlet, we recommend migrating to a different
[Thu Jul 16 10:04:37.929527 2026] [wsgi:error] [pid 12:tid 140443128911552] framework. For more detail see
[Thu Jul 16 10:04:37.929528 2026] [wsgi:error] [pid 12:tid 140443128911552] https://eventlet.readthedocs.io/en/latest/asyncio/migration.html
[Thu Jul 16 10:04:37.929529 2026] [wsgi:error] [pid 12:tid 140443128911552]
[Thu Jul 16 10:04:37.929530 2026] [wsgi:error] [pid 12:tid 140443128911552] __import__(import_str)
[Thu Jul 16 10:04:38.015888 2026] [wsgi:error] [pid 9:tid 140443128911552] /var/lib/openstack/lib/python3.12/site-packages/oslo_utils/importutils.py:77: EventletDeprecationWarning:
[Thu Jul 16 10:04:38.015950 2026] [wsgi:error] [pid 9:tid 140443128911552] Eventlet is deprecated. It is currently being maintained in bugfix mode, and
[Thu Jul 16 10:04:38.015954 2026] [wsgi:error] [pid 9:tid 140443128911552] we strongly recommend against using it for new projects.
[Thu Jul 16 10:04:38.015956 2026] [wsgi:error] [pid 9:tid 140443128911552]
[Thu Jul 16 10:04:38.015957 2026] [wsgi:error] [pid 9:tid 140443128911552] If you are already using Eventlet, we recommend migrating to a different
[Thu Jul 16 10:04:38.015959 2026] [wsgi:error] [pid 9:tid 140443128911552] framework. For more detail see
[Thu Jul 16 10:04:38.015960 2026] [wsgi:error] [pid 9:tid 140443128911552] https://eventlet.readthedocs.io/en/latest/asyncio/migration.html
[Thu Jul 16 10:04:38.015962 2026] [wsgi:error] [pid 9:tid 140443128911552]
[Thu Jul 16 10:04:38.015963 2026] [wsgi:error] [pid 9:tid 140443128911552] __import__(import_str) 10.0.0.93 - - [16/Jul/2026:10:04:37 +0000] "GET /v3/ HTTP/1.1" 200 250 10.0.0.93 - - [16/Jul/2026:10:04:37 +0000] "GET /v3/ HTTP/1.1" 200 250
[Thu Jul 16 10:04:50.800161 2026] [wsgi:error] [pid 10:tid 140443128911552] /var/lib/openstack/lib/python3.12/site-packages/oslo_utils/importutils.py:77: EventletDeprecationWarning:
[Thu Jul 16 10:04:50.800228 2026] [wsgi:error] [pid 10:tid 140443128911552] Eventlet is deprecated. It is currently being maintained in bugfix mode, and
[Thu Jul 16 10:04:50.800230 2026] [wsgi:error] [pid 10:tid 140443128911552] we strongly recommend against using it for new projects.
[Thu Jul 16 10:04:50.800232 2026] [wsgi:error] [pid 10:tid 140443128911552]
[Thu Jul 16 10:04:50.800233 2026] [wsgi:error] [pid 10:tid 140443128911552] If you are already using Eventlet, we recommend migrating to a different
[Thu Jul 16 10:04:50.800234 2026] [wsgi:error] [pid 10:tid 140443128911552] framework. For more detail see
[Thu Jul 16 10:04:50.800235 2026] [wsgi:error] [pid 10:tid 140443128911552] https://eventlet.readthedocs.io/en/latest/asyncio/migration.html
[Thu Jul 16 10:04:50.800236 2026] [wsgi:error] [pid 10:tid 140443128911552]
[Thu Jul 16 10:04:50.800237 2026] [wsgi:error] [pid 10:tid 140443128911552] __import__(import_str) 10.0.0.234 - - [16/Jul/2026:10:04:49 +0000] "GET / HTTP/1.1" 300 295
[Thu Jul 16 10:04:56.538820 2026] [wsgi:error] [pid 11:tid 140443128911552] /var/lib/openstack/lib/python3.12/site-packages/oslo_utils/importutils.py:77: EventletDeprecationWarning:
[Thu Jul 16 10:04:56.538868 2026] [wsgi:error] [pid 11:tid 140443128911552] Eventlet is deprecated. It is currently being maintained in bugfix mode, and
[Thu Jul 16 10:04:56.538871 2026] [wsgi:error] [pid 11:tid 140443128911552] we strongly recommend against using it for new projects.
[Thu Jul 16 10:04:56.538873 2026] [wsgi:error] [pid 11:tid 140443128911552]
[Thu Jul 16 10:04:56.538874 2026] [wsgi:error] [pid 11:tid 140443128911552] If you are already using Eventlet, we recommend migrating to a different
[Thu Jul 16 10:04:56.538875 2026] [wsgi:error] [pid 11:tid 140443128911552] framework. For more detail see
[Thu Jul 16 10:04:56.538876 2026] [wsgi:error] [pid 11:tid 140443128911552] https://eventlet.readthedocs.io/en/latest/asyncio/migration.html
[Thu Jul 16 10:04:56.538877 2026] [wsgi:error] [pid 11:tid 140443128911552]
[Thu Jul 16 10:04:56.538878 2026] [wsgi:error] [pid 11:tid 140443128911552] __import__(import_str)
[Thu Jul 16 10:05:01.647565 2026] [wsgi:error] [pid 11:tid 140443128911552] [remote 10.0.0.234:41548] 2026-07-16 10:05:01.641 11 WARNING keystone.identity.core [None req-88a974d4-8fac-4e59-aee2-1126a9784b80 - - - - - -] Invalid domain name (atmosphere) found in config file name: keystone.exception.DomainNotFound: Could not find domain: atmosphere.
[Thu Jul 16 10:05:01.719215 2026] [wsgi:error] [pid 11:tid 140443128911552] [remote 10.0.0.234:41548] 2026-07-16 10:05:01.718 11 WARNING keystone.common.password_hashing [None req-88a974d4-8fac-4e59-aee2-1126a9784b80 - - - - - -] Truncating password to algorithm specific maximum length 72 characters.
[Thu Jul 16 10:05:02.014515 2026] [wsgi:error] [pid 11:tid 140443128911552] [remote 10.0.0.234:41548] 2026-07-16 10:05:02.014 11 WARNING keystone.common.fernet_utils [None req-88a974d4-8fac-4e59-aee2-1126a9784b80 - - - - - -] key_repository is world readable: /etc/keystone/fernet-keys/ 10.0.0.234 - - [16/Jul/2026:10:04:55 +0000] "POST /v3/auth/tokens HTTP/1.1" 201 1360
[Thu Jul 16 10:05:02.415369 2026] [wsgi:error] [pid 9:tid 140443128911552] [remote 10.0.0.234:41548] 2026-07-16 10:05:02.411 9 WARNING keystone.identity.core [None req-80bbaba4-d804-428a-bdec-77419d37d148 - - - - - -] Invalid domain name (atmosphere) found in config file name: keystone.exception.DomainNotFound: Could not find domain: atmosphere. 10.0.0.234 - - [16/Jul/2026:10:05:02 +0000] "POST /v3/domains HTTP/1.1" 201 261 10.0.0.182 - - [16/Jul/2026:10:05:15 +0000] "GET / HTTP/1.1" 300 295
[Thu Jul 16 10:05:15.369458 2026] [wsgi:error] [pid 10:tid 140443128911552] [remote 10.0.0.182:47078] 2026-07-16 10:05:15.368 10 WARNING keystone.common.password_hashing [None req-7e307d45-0db0-4895-95ab-da6770fb55c3 - - - - - -] Truncating password to algorithm specific maximum length 72 characters.
[Thu Jul 16 10:05:15.660466 2026] [wsgi:error] [pid 10:tid 140443128911552] [remote 10.0.0.182:47078] 2026-07-16 10:05:15.659 10 WARNING keystone.common.fernet_utils [None req-7e307d45-0db0-4895-95ab-da6770fb55c3 - - - - - -] key_repository is world readable: /etc/keystone/fernet-keys/ 10.0.0.182 - - [16/Jul/2026:10:05:15 +0000] "POST /v3/auth/tokens HTTP/1.1" 201 1360 10.0.0.182 - - [16/Jul/2026:10:05:15 +0000] "GET /v3/roles/admin HTTP/1.1" 404 83
[Thu Jul 16 10:05:15.932431 2026] [wsgi:error] [pid 9:tid 140443128911552] [remote 10.0.0.182:47078] 2026-07-16 10:05:15.932 9 WARNING keystone.common.rbac_enforcer.enforcer [None req-4a1dffe2-5f0e-4b66-b208-9b8a6fea0c31 29b387797582409795e35b2942438c10 f0564efd0c4845e3805f16698b874764 - - default default] Deprecated policy rules found. Use oslopolicy-policy-generator and oslopolicy-policy-upgrade to detect and resolve deprecated policies in your configuration. 10.0.0.182 - - [16/Jul/2026:10:05:15 +0000] "GET /v3/roles?name=admin HTTP/1.1" 200 389
[Thu Jul 16 10:05:16.501020 2026] [wsgi:error] [pid 12:tid 140443128911552] [remote 10.0.0.182:47078] 2026-07-16 10:05:16.500 12 WARNING keystone.common.rbac_enforcer.enforcer [None req-b6fc6f40-f4c9-4914-be3f-7eb701196cdf 29b387797582409795e35b2942438c10 f0564efd0c4845e3805f16698b874764 - - default default] Deprecated policy rules found. Use oslopolicy-policy-generator and oslopolicy-policy-upgrade to detect and resolve deprecated policies in your configuration. 10.0.0.182 - - [16/Jul/2026:10:05:16 +0000] "GET /v3/users/admin-RegionOne HTTP/1.1" 404 93
[Thu Jul 16 10:05:16.703607 2026] [wsgi:error] [pid 10:tid 140443128911552] [remote 10.0.0.182:47078] 2026-07-16 10:05:16.703 10 WARNING keystone.common.rbac_enforcer.enforcer [None req-128a3373-6961-4632-bfdc-f11347a6e781 29b387797582409795e35b2942438c10 f0564efd0c4845e3805f16698b874764 - - default default] Deprecated policy rules found. Use oslopolicy-policy-generator and oslopolicy-policy-upgrade to detect and resolve deprecated policies in your configuration. 10.0.0.182 - - [16/Jul/2026:10:05:16 +0000] "GET /v3/users?name=admin-RegionOne HTTP/1.1" 200 422
[Thu Jul 16 10:05:16.938561 2026] [wsgi:error] [pid 11:tid 140443128911552] [remote 10.0.0.182:47078] 2026-07-16 10:05:16.938 11 WARNING keystone.common.rbac_enforcer.enforcer [None req-9688f9a3-cae2-4020-89f4-3ae84ffcff32 29b387797582409795e35b2942438c10 f0564efd0c4845e3805f16698b874764 - - default default] Deprecated policy rules found. Use oslopolicy-policy-generator and oslopolicy-policy-upgrade to detect and resolve deprecated policies in your configuration. 10.0.0.182 - - [16/Jul/2026:10:05:16 +0000] "GET /v3/domains/default HTTP/1.1" 200 224 10.0.0.182 - - [16/Jul/2026:10:05:16 +0000] "PUT /v3/domains/default/users/29b387797582409795e35b2942438c10/roles/a43ff220ecee46b2915ca35bed5a159e HTTP/1.1" 204 - 10.0.0.93 - - [16/Jul/2026:10:05:26 +0000] "GET / HTTP/1.1" 300 281 10.0.0.93 - - [16/Jul/2026:10:05:27 +0000] "GET /v3 HTTP/1.1" 200 266
[Thu Jul 16 10:05:27.395668 2026] [wsgi:error] [pid 11:tid 140443128911552] [remote 10.0.0.93:51118] 2026-07-16 10:05:27.395 11 WARNING keystone.common.password_hashing [None req-e40b1254-b112-44dd-89ab-6cb589711ed2 - - - - - -] Truncating password to algorithm specific maximum length 72 characters.
[Thu Jul 16 10:05:27.686302 2026] [wsgi:error] [pid 11:tid 140443128911552] [remote 10.0.0.93:51118] 2026-07-16 10:05:27.686 11 WARNING keystone.common.fernet_utils [None req-e40b1254-b112-44dd-89ab-6cb589711ed2 - - - - - -] key_repository is world readable: /etc/keystone/fernet-keys/ 10.0.0.93 - - [16/Jul/2026:10:05:27 +0000] "POST /v3/auth/tokens HTTP/1.1" 201 1360 10.0.0.93 - - [16/Jul/2026:10:05:27 +0000] "GET / HTTP/1.1" 300 281 10.0.0.93 - - [16/Jul/2026:10:05:27 +0000] "GET /v3/domains/atmosphere HTTP/1.1" 404 90 10.0.0.93 - - [16/Jul/2026:10:05:27 +0000] "GET /v3/domains?name=atmosphere HTTP/1.1" 200 370 10.0.0.93 - - [16/Jul/2026:10:05:27 +0000] "GET /v3/domains/a98d982cdc57486ba8e27d81940fdbda HTTP/1.1" 200 247 10.0.0.93 - - [16/Jul/2026:10:05:28 +0000] "GET /v3 HTTP/1.1" 200 266
[Thu Jul 16 10:05:28.878715 2026] [wsgi:error] [pid 12:tid 140443128911552] [remote 10.0.0.93:51118] 2026-07-16 10:05:28.877 12 WARNING keystone.common.password_hashing [None req-b978d193-13a3-4123-b8ce-d4f4cd4c5ff0 - - - - - -] Truncating password to algorithm specific maximum length 72 characters.
[Thu Jul 16 10:05:29.158153 2026] [wsgi:error] [pid 12:tid 140443128911552] [remote 10.0.0.93:51118] 2026-07-16 10:05:29.157 12 WARNING keystone.common.fernet_utils [None req-b978d193-13a3-4123-b8ce-d4f4cd4c5ff0 - - - - - -] key_repository is world readable: /etc/keystone/fernet-keys/ 10.0.0.93 - - [16/Jul/2026:10:05:28 +0000] "POST /v3/auth/tokens HTTP/1.1" 201 1360 10.0.0.93 - - [16/Jul/2026:10:05:29 +0000] "GET / HTTP/1.1" 300 281 10.0.0.93 - - [16/Jul/2026:10:05:29 +0000] "GET /v3/OS-FEDERATION/identity_providers/atmosphere HTTP/1.1" 404 101 10.0.0.93 - - [16/Jul/2026:10:05:29 +0000] "GET /v3/OS-FEDERATION/identity_providers HTTP/1.1" 200 156 10.0.0.93 - - [16/Jul/2026:10:05:29 +0000] "PUT /v3/OS-FEDERATION/identity_providers/atmosphere HTTP/1.1" 201 342 10.0.0.93 - - [16/Jul/2026:10:05:29 +0000] "GET /v3 HTTP/1.1" 200 266
[Thu Jul 16 10:05:29.882917 2026] [wsgi:error] [pid 11:tid 140443128911552] [remote 10.0.0.93:51116] 2026-07-16 10:05:29.882 11 WARNING keystone.common.password_hashing [None req-97f42548-c685-435b-81b9-ddaa42c15e21 - - - - - -] Truncating password to algorithm specific maximum length 72 characters.
[Thu Jul 16 10:05:30.158645 2026] [wsgi:error] [pid 11:tid 140443128911552] [remote 10.0.0.93:51116] 2026-07-16 10:05:30.158 11 WARNING keystone.common.fernet_utils [None req-97f42548-c685-435b-81b9-ddaa42c15e21 - - - - - -] key_repository is world readable: /etc/keystone/fernet-keys/ 10.0.0.93 - - [16/Jul/2026:10:05:29 +0000] "POST /v3/auth/tokens HTTP/1.1" 201 1360 10.0.0.93 - - [16/Jul/2026:10:05:30 +0000] "GET / HTTP/1.1" 300 281 10.0.0.93 - - [16/Jul/2026:10:05:30 +0000] "GET /v3/OS-FEDERATION/mappings/atmosphere-openid HTTP/1.1" 404 98 10.0.0.93 - - [16/Jul/2026:10:05:30 +0000] "GET /v3/OS-FEDERATION/mappings HTTP/1.1" 200 136 10.0.0.93 - - [16/Jul/2026:10:05:30 +0000] "PUT /v3/OS-FEDERATION/mappings/atmosphere-openid HTTP/1.1" 201 357 10.0.0.93 - - [16/Jul/2026:10:05:30 +0000] "GET /v3 HTTP/1.1" 200 266
[Thu Jul 16 10:05:30.948236 2026] [wsgi:error] [pid 12:tid 140443128911552] [remote 10.0.0.93:51116] 2026-07-16 10:05:30.948 12 WARNING keystone.common.password_hashing [None req-bbf887e2-4abe-4588-9276-336092a098e9 - - - - - -] Truncating password to algorithm specific maximum length 72 characters.
[Thu Jul 16 10:05:31.219564 2026] [wsgi:error] [pid 12:tid 140443128911552] [remote 10.0.0.93:51116] 2026-07-16 10:05:31.219 12 WARNING keystone.common.fernet_utils [None req-bbf887e2-4abe-4588-9276-336092a098e9 - - - - - -] key_repository is world readable: /etc/keystone/fernet-keys/ 10.0.0.93 - - [16/Jul/2026:10:05:30 +0000] "POST /v3/auth/tokens HTTP/1.1" 201 1360 10.0.0.93 - - [16/Jul/2026:10:05:31 +0000] "GET / HTTP/1.1" 300 281 10.0.0.93 - - [16/Jul/2026:10:05:31 +0000] "GET /v3/OS-FEDERATION/identity_providers/atmosphere/protocols/openid?idp_id=atmosphere HTTP/1.1" 404 131 10.0.0.93 - - [16/Jul/2026:10:05:31 +0000] "GET /v3/OS-FEDERATION/identity_providers/atmosphere/protocols HTTP/1.1" 200 168 10.0.0.93 - - [16/Jul/2026:10:05:31 +0000] "PUT /v3/OS-FEDERATION/identity_providers/atmosphere/protocols/openid HTTP/1.1" 201 224 10.0.0.93 - - [16/Jul/2026:10:05:37 +0000] "GET /v3/ HTTP/1.1" 200 250 10.0.0.93 - - [16/Jul/2026:10:05:37 +0000] "GET /v3/ HTTP/1.1" 200 250 10.0.0.93 - - [16/Jul/2026:10:06:37 +0000] "GET /v3/ HTTP/1.1" 200 250 10.0.0.93 - - [16/Jul/2026:10:06:37 +0000] "GET /v3/ HTTP/1.1" 200 250 10.0.0.21 - - [16/Jul/2026:10:06:54 +0000] "GET / HTTP/1.1" 300 295
[Thu Jul 16 10:06:54.852744 2026] [wsgi:error] [pid 11:tid 140443128911552] [remote 10.0.0.21:40194] 2026-07-16 10:06:54.852 11 WARNING keystone.common.password_hashing [None req-13bcce8d-652a-4dbd-876e-48671ac69a98 - - - - - -] Truncating password to algorithm specific maximum length 72 characters.
[Thu Jul 16 10:06:55.137297 2026] [wsgi:error] [pid 11:tid 140443128911552] [remote 10.0.0.21:40194] 2026-07-16 10:06:55.137 11 WARNING keystone.common.fernet_utils [None req-13bcce8d-652a-4dbd-876e-48671ac69a98 - - - - - -] key_repository is world readable: /etc/keystone/fernet-keys/ 10.0.0.21 - - [16/Jul/2026:10:06:54 +0000] "POST /v3/auth/tokens HTTP/1.1" 201 1360 10.0.0.21 - - [16/Jul/2026:10:06:55 +0000] "GET /v3/services HTTP/1.1" 200 355 10.0.0.21 - - [16/Jul/2026:10:06:58 +0000] "GET / HTTP/1.1" 300 295
[Thu Jul 16 10:06:58.821186 2026] [wsgi:error] [pid 10:tid 140443128911552] [remote 10.0.0.21:40208] 2026-07-16 10:06:58.820 10 WARNING keystone.common.password_hashing [None req-e2412f7b-2c5f-4b6a-b876-2a4d4be0d2ac - - - - - -] Truncating password to algorithm specific maximum length 72 characters.
[Thu Jul 16 10:06:59.099127 2026] [wsgi:error] [pid 10:tid 140443128911552] [remote 10.0.0.21:40208] 2026-07-16 10:06:59.098 10 WARNING keystone.common.fernet_utils [None req-e2412f7b-2c5f-4b6a-b876-2a4d4be0d2ac - - - - - -] key_repository is world readable: /etc/keystone/fernet-keys/ 10.0.0.21 - - [16/Jul/2026:10:06:58 +0000] "POST /v3/auth/tokens HTTP/1.1" 201 1360 10.0.0.21 - - [16/Jul/2026:10:06:59 +0000] "GET /v3/services HTTP/1.1" 200 355 10.0.0.21 - - [16/Jul/2026:10:07:02 +0000] "GET / HTTP/1.1" 300 295
[Thu Jul 16 10:07:02.778485 2026] [wsgi:error] [pid 9:tid 140443128911552] [remote 10.0.0.21:45238] 2026-07-16 10:07:02.778 9 WARNING keystone.common.password_hashing [None req-7b028f3c-ed08-4c4f-9738-de2e631fb6a6 - - - - - -] Truncating password to algorithm specific maximum length 72 characters.
[Thu Jul 16 10:07:03.058572 2026] [wsgi:error] [pid 9:tid 140443128911552] [remote 10.0.0.21:45238] 2026-07-16 10:07:03.058 9 WARNING keystone.common.fernet_utils [None req-7b028f3c-ed08-4c4f-9738-de2e631fb6a6 - - - - - -] key_repository is world readable: /etc/keystone/fernet-keys/ 10.0.0.21 - - [16/Jul/2026:10:07:02 +0000] "POST /v3/auth/tokens HTTP/1.1" 201 1360 10.0.0.21 - - [16/Jul/2026:10:07:03 +0000] "GET /v3/services HTTP/1.1" 200 355 10.0.0.21 - - [16/Jul/2026:10:07:06 +0000] "GET / HTTP/1.1" 300 295
[Thu Jul 16 10:07:06.827585 2026] [wsgi:error] [pid 12:tid 140443128911552] [remote 10.0.0.21:45242] 2026-07-16 10:07:06.827 12 WARNING keystone.common.password_hashing [None req-57cec9b1-40e9-4735-81fe-29a87adafadd - - - - - -] Truncating password to algorithm specific maximum length 72 characters.
[Thu Jul 16 10:07:07.121375 2026] [wsgi:error] [pid 12:tid 140443128911552] [remote 10.0.0.21:45242] 2026-07-16 10:07:07.121 12 WARNING keystone.common.fernet_utils [None req-57cec9b1-40e9-4735-81fe-29a87adafadd - - - - - -] key_repository is world readable: /etc/keystone/fernet-keys/ 10.0.0.21 - - [16/Jul/2026:10:07:06 +0000] "POST /v3/auth/tokens HTTP/1.1" 201 1360 10.0.0.21 - - [16/Jul/2026:10:07:07 +0000] "POST /v3/services HTTP/1.1" 201 296 10.0.0.227 - - [16/Jul/2026:10:07:17 +0000] "GET / HTTP/1.1" 300 295
[Thu Jul 16 10:07:17.158972 2026] [wsgi:error] [pid 11:tid 140443128911552] [remote 10.0.0.227:33012] 2026-07-16 10:07:17.158 11 WARNING keystone.common.password_hashing [None req-a517d9ac-515b-4fca-8e86-a4c42b103338 - - - - - -] Truncating password to algorithm specific maximum length 72 characters. 10.0.0.227 - - [16/Jul/2026:10:07:17 +0000] "GET / HTTP/1.1" 300 295
[Thu Jul 16 10:07:17.253009 2026] [wsgi:error] [pid 9:tid 140443128911552] [remote 10.0.0.227:33026] 2026-07-16 10:07:17.252 9 WARNING keystone.common.password_hashing [None req-e5b24f14-f11b-4cc7-aef6-8d2b222e81e8 - - - - - -] Truncating password to algorithm specific maximum length 72 characters. 10.0.0.227 - - [16/Jul/2026:10:07:17 +0000] "GET / HTTP/1.1" 300 295
[Thu Jul 16 10:07:17.395954 2026] [wsgi:error] [pid 12:tid 140443128911552] [remote 10.0.0.227:33028] 2026-07-16 10:07:17.395 12 WARNING keystone.common.password_hashing [None req-65567b57-87ee-472a-b002-a6c21220536d - - - - - -] Truncating password to algorithm specific maximum length 72 characters.
[Thu Jul 16 10:07:17.433339 2026] [wsgi:error] [pid 11:tid 140443128911552] [remote 10.0.0.227:33012] 2026-07-16 10:07:17.433 11 WARNING keystone.common.fernet_utils [None req-a517d9ac-515b-4fca-8e86-a4c42b103338 - - - - - -] key_repository is world readable: /etc/keystone/fernet-keys/ 10.0.0.227 - - [16/Jul/2026:10:07:17 +0000] "POST /v3/auth/tokens HTTP/1.1" 201 1464
[Thu Jul 16 10:07:17.533797 2026] [wsgi:error] [pid 9:tid 140443128911552] [remote 10.0.0.227:33026] 2026-07-16 10:07:17.533 9 WARNING keystone.common.fernet_utils [None req-e5b24f14-f11b-4cc7-aef6-8d2b222e81e8 - - - - - -] key_repository is world readable: /etc/keystone/fernet-keys/ 10.0.0.227 - - [16/Jul/2026:10:07:17 +0000] "POST /v3/auth/tokens HTTP/1.1" 201 1464 10.0.0.227 - - [16/Jul/2026:10:07:17 +0000] "GET /v3/services HTTP/1.1" 200 639 10.0.0.227 - - [16/Jul/2026:10:07:17 +0000] "GET /v3/services HTTP/1.1" 200 639
[Thu Jul 16 10:07:17.685013 2026] [wsgi:error] [pid 12:tid 140443128911552] [remote 10.0.0.227:33028] 2026-07-16 10:07:17.684 12 WARNING keystone.common.fernet_utils [None req-65567b57-87ee-472a-b002-a6c21220536d - - - - - -] key_repository is world readable: /etc/keystone/fernet-keys/ 10.0.0.227 - - [16/Jul/2026:10:07:17 +0000] "POST /v3/auth/tokens HTTP/1.1" 201 1464 10.0.0.227 - - [16/Jul/2026:10:07:17 +0000] "GET /v3/services HTTP/1.1" 200 639 10.0.0.227 - - [16/Jul/2026:10:07:19 +0000] "GET / HTTP/1.1" 300 295
[Thu Jul 16 10:07:19.277632 2026] [wsgi:error] [pid 11:tid 140443128911552] [remote 10.0.0.227:33042] 2026-07-16 10:07:19.277 11 WARNING keystone.common.password_hashing [None req-8bc44ca7-4de2-4a5c-bd7b-14f096ca55e7 - - - - - -] Truncating password to algorithm specific maximum length 72 characters. 10.0.0.227 - - [16/Jul/2026:10:07:19 +0000] "GET / HTTP/1.1" 300 295
[Thu Jul 16 10:07:19.366952 2026] [wsgi:error] [pid 9:tid 140443128911552] [remote 10.0.0.227:33048] 2026-07-16 10:07:19.366 9 WARNING keystone.common.password_hashing [None req-9798a8ec-0dc9-4367-ab2e-a34e851dc960 - - - - - -] Truncating password to algorithm specific maximum length 72 characters. 10.0.0.227 - - [16/Jul/2026:10:07:19 +0000] "GET / HTTP/1.1" 300 295
[Thu Jul 16 10:07:19.397799 2026] [wsgi:error] [pid 12:tid 140443128911552] [remote 10.0.0.227:33052] 2026-07-16 10:07:19.397 12 WARNING keystone.common.password_hashing [None req-533ee218-a79f-4c77-8b50-52d224ed4514 - - - - - -] Truncating password to algorithm specific maximum length 72 characters.
[Thu Jul 16 10:07:19.559700 2026] [wsgi:error] [pid 11:tid 140443128911552] [remote 10.0.0.227:33042] 2026-07-16 10:07:19.559 11 WARNING keystone.common.fernet_utils [None req-8bc44ca7-4de2-4a5c-bd7b-14f096ca55e7 - - - - - -] key_repository is world readable: /etc/keystone/fernet-keys/ 10.0.0.227 - - [16/Jul/2026:10:07:19 +0000] "POST /v3/auth/tokens HTTP/1.1" 201 1464
[Thu Jul 16 10:07:19.671958 2026] [wsgi:error] [pid 9:tid 140443128911552] [remote 10.0.0.227:33048] 2026-07-16 10:07:19.671 9 WARNING keystone.common.fernet_utils [None req-9798a8ec-0dc9-4367-ab2e-a34e851dc960 - - - - - -] key_repository is world readable: /etc/keystone/fernet-keys/ 10.0.0.227 - - [16/Jul/2026:10:07:19 +0000] "POST /v3/auth/tokens HTTP/1.1" 201 1464
[Thu Jul 16 10:07:19.678550 2026] [wsgi:error] [pid 12:tid 140443128911552] [remote 10.0.0.227:33052] 2026-07-16 10:07:19.678 12 WARNING keystone.common.fernet_utils [None req-533ee218-a79f-4c77-8b50-52d224ed4514 - - - - - -] key_repository is world readable: /etc/keystone/fernet-keys/ 10.0.0.227 - - [16/Jul/2026:10:07:19 +0000] "POST /v3/auth/tokens HTTP/1.1" 201 1464 10.0.0.227 - - [16/Jul/2026:10:07:19 +0000] "GET /v3/endpoints HTTP/1.1" 200 1227 10.0.0.227 - - [16/Jul/2026:10:07:19 +0000] "GET /v3/services/bbe46be5d96d4c898960defe38a5fda6 HTTP/1.1" 200 233 10.0.0.227 - - [16/Jul/2026:10:07:19 +0000] "GET /v3/services/bbe46be5d96d4c898960defe38a5fda6 HTTP/1.1" 200 233 10.0.0.227 - - [16/Jul/2026:10:07:19 +0000] "GET /v3/services/bbe46be5d96d4c898960defe38a5fda6 HTTP/1.1" 200 233 10.0.0.227 - - [16/Jul/2026:10:07:19 +0000] "GET /v3/endpoints HTTP/1.1" 200 1227 10.0.0.227 - - [16/Jul/2026:10:07:19 +0000] "GET /v3/endpoints HTTP/1.1" 200 1227 10.0.0.227 - - [16/Jul/2026:10:07:19 +0000] "GET /v3/services/bbe46be5d96d4c898960defe38a5fda6 HTTP/1.1" 200 233 10.0.0.227 - - [16/Jul/2026:10:07:19 +0000] "GET /v3/services/bbe46be5d96d4c898960defe38a5fda6 HTTP/1.1" 200 233 10.0.0.227 - - [16/Jul/2026:10:07:19 +0000] "GET /v3/services/bbe46be5d96d4c898960defe38a5fda6 HTTP/1.1" 200 233 10.0.0.227 - - [16/Jul/2026:10:07:19 +0000] "GET /v3/services/bbe46be5d96d4c898960defe38a5fda6 HTTP/1.1" 200 233 10.0.0.227 - - [16/Jul/2026:10:07:19 +0000] "GET /v3/services/bbe46be5d96d4c898960defe38a5fda6 HTTP/1.1" 200 233 10.0.0.227 - - [16/Jul/2026:10:07:19 +0000] "GET /v3/services/bbe46be5d96d4c898960defe38a5fda6 HTTP/1.1" 200 233 10.0.0.227 - - [16/Jul/2026:10:07:21 +0000] "GET / HTTP/1.1" 300 295
[Thu Jul 16 10:07:21.336649 2026] [wsgi:error] [pid 11:tid 140443128911552] [remote 10.0.0.227:33058] 2026-07-16 10:07:21.336 11 WARNING keystone.common.password_hashing [None req-3eb1e5c2-a8ae-41e3-a2cb-bf2afa777c20 - - - - - -] Truncating password to algorithm specific maximum length 72 characters. 10.0.0.227 - - [16/Jul/2026:10:07:21 +0000] "GET / HTTP/1.1" 300 295
[Thu Jul 16 10:07:21.473119 2026] [wsgi:error] [pid 12:tid 140443128911552] [remote 10.0.0.227:33070] 2026-07-16 10:07:21.472 12 WARNING keystone.common.password_hashing [None req-ee57fba9-60a7-4872-b820-4fa9a398684f - - - - - -] Truncating password to algorithm specific maximum length 72 characters. 10.0.0.227 - - [16/Jul/2026:10:07:21 +0000] "GET / HTTP/1.1" 300 295
[Thu Jul 16 10:07:21.505492 2026] [wsgi:error] [pid 9:tid 140443128911552] [remote 10.0.0.227:33078] 2026-07-16 10:07:21.505 9 WARNING keystone.common.password_hashing [None req-f8237601-d994-4e92-a3fb-4345b7e479c3 - - - - - -] Truncating password to algorithm specific maximum length 72 characters.
[Thu Jul 16 10:07:21.625275 2026] [wsgi:error] [pid 11:tid 140443128911552] [remote 10.0.0.227:33058] 2026-07-16 10:07:21.625 11 WARNING keystone.common.fernet_utils [None req-3eb1e5c2-a8ae-41e3-a2cb-bf2afa777c20 - - - - - -] key_repository is world readable: /etc/keystone/fernet-keys/ 10.0.0.227 - - [16/Jul/2026:10:07:21 +0000] "POST /v3/auth/tokens HTTP/1.1" 201 1464
[Thu Jul 16 10:07:21.762651 2026] [wsgi:error] [pid 12:tid 140443128911552] [remote 10.0.0.227:33070] 2026-07-16 10:07:21.762 12 WARNING keystone.common.fernet_utils [None req-ee57fba9-60a7-4872-b820-4fa9a398684f - - - - - -] key_repository is world readable: /etc/keystone/fernet-keys/ 10.0.0.227 - - [16/Jul/2026:10:07:21 +0000] "GET /v3/services/6ce24f279e5c4128b750f33557ecc265 HTTP/1.1" 200 296 10.0.0.227 - - [16/Jul/2026:10:07:21 +0000] "POST /v3/auth/tokens HTTP/1.1" 201 1464 10.0.0.227 - - [16/Jul/2026:10:07:21 +0000] "GET /v3/regions/RegionOne HTTP/1.1" 200 173
[Thu Jul 16 10:07:21.801173 2026] [wsgi:error] [pid 9:tid 140443128911552] [remote 10.0.0.227:33078] 2026-07-16 10:07:21.801 9 WARNING keystone.common.fernet_utils [None req-f8237601-d994-4e92-a3fb-4345b7e479c3 - - - - - -] key_repository is world readable: /etc/keystone/fernet-keys/ 10.0.0.227 - - [16/Jul/2026:10:07:21 +0000] "POST /v3/auth/tokens HTTP/1.1" 201 1464 10.0.0.227 - - [16/Jul/2026:10:07:21 +0000] "GET /v3/services/6ce24f279e5c4128b750f33557ecc265 HTTP/1.1" 200 296 10.0.0.227 - - [16/Jul/2026:10:07:21 +0000] "GET /v3/regions/RegionOne HTTP/1.1" 200 173 10.0.0.227 - - [16/Jul/2026:10:07:21 +0000] "GET /v3/services/6ce24f279e5c4128b750f33557ecc265 HTTP/1.1" 200 296 10.0.0.227 - - [16/Jul/2026:10:07:21 +0000] "GET /v3/regions/RegionOne HTTP/1.1" 200 173 10.0.0.227 - - [16/Jul/2026:10:07:21 +0000] "POST /v3/endpoints HTTP/1.1" 201 380 10.0.0.227 - - [16/Jul/2026:10:07:21 +0000] "POST /v3/endpoints HTTP/1.1" 201 370 10.0.0.227 - - [16/Jul/2026:10:07:21 +0000] "POST /v3/endpoints HTTP/1.1" 201 383 10.0.0.227 - - [16/Jul/2026:10:07:23 +0000] "GET / HTTP/1.1" 300 295
[Thu Jul 16 10:07:23.496846 2026] [wsgi:error] [pid 11:tid 140443128911552] [remote 10.0.0.227:58482] 2026-07-16 10:07:23.496 11 WARNING keystone.common.password_hashing [None req-cef19377-94b9-4f85-a23d-607af6beca66 - - - - - -] Truncating password to algorithm specific maximum length 72 characters. 10.0.0.227 - - [16/Jul/2026:10:07:23 +0000] "GET / HTTP/1.1" 300 295 10.0.0.227 - - [16/Jul/2026:10:07:23 +0000] "GET / HTTP/1.1" 300 295
[Thu Jul 16 10:07:23.637617 2026] [wsgi:error] [pid 12:tid 140443128911552] [remote 10.0.0.227:58492] 2026-07-16 10:07:23.637 12 WARNING keystone.common.password_hashing [None req-02662806-811f-4a57-812e-5d2f9c62def7 - - - - - -] Truncating password to algorithm specific maximum length 72 characters.
[Thu Jul 16 10:07:23.641487 2026] [wsgi:error] [pid 9:tid 140443128911552] [remote 10.0.0.227:58500] 2026-07-16 10:07:23.641 9 WARNING keystone.common.password_hashing [None req-e701771a-2b47-4109-a1b0-9b1fe9fff9a6 - - - - - -] Truncating password to algorithm specific maximum length 72 characters.
[Thu Jul 16 10:07:23.798165 2026] [wsgi:error] [pid 11:tid 140443128911552] [remote 10.0.0.227:58482] 2026-07-16 10:07:23.798 11 WARNING keystone.common.fernet_utils [None req-cef19377-94b9-4f85-a23d-607af6beca66 - - - - - -] key_repository is world readable: /etc/keystone/fernet-keys/ 10.0.0.227 - - [16/Jul/2026:10:07:23 +0000] "POST /v3/auth/tokens HTTP/1.1" 201 1992
[Thu Jul 16 10:07:23.923833 2026] [wsgi:error] [pid 12:tid 140443128911552] [remote 10.0.0.227:58492] 2026-07-16 10:07:23.923 12 WARNING keystone.common.fernet_utils [None req-02662806-811f-4a57-812e-5d2f9c62def7 - - - - - -] key_repository is world readable: /etc/keystone/fernet-keys/ 10.0.0.227 - - [16/Jul/2026:10:07:23 +0000] "POST /v3/auth/tokens HTTP/1.1" 201 1992
[Thu Jul 16 10:07:23.949098 2026] [wsgi:error] [pid 9:tid 140443128911552] [remote 10.0.0.227:58500] 2026-07-16 10:07:23.948 9 WARNING keystone.common.fernet_utils [None req-e701771a-2b47-4109-a1b0-9b1fe9fff9a6 - - - - - -] key_repository is world readable: /etc/keystone/fernet-keys/ 10.0.0.227 - - [16/Jul/2026:10:07:23 +0000] "GET /v3/endpoints/7cb4ed41eacb4946982959c8c8c765f7 HTTP/1.1" 200 380 10.0.0.227 - - [16/Jul/2026:10:07:23 +0000] "POST /v3/auth/tokens HTTP/1.1" 201 1992 10.0.0.227 - - [16/Jul/2026:10:07:23 +0000] "GET /v3/services/6ce24f279e5c4128b750f33557ecc265 HTTP/1.1" 200 296 10.0.0.227 - - [16/Jul/2026:10:07:24 +0000] "GET /v3/endpoints/bb081731a5a14eb2b901e1adeb07465d HTTP/1.1" 200 383 10.0.0.227 - - [16/Jul/2026:10:07:24 +0000] "GET /v3/services/6ce24f279e5c4128b750f33557ecc265 HTTP/1.1" 200 296 10.0.0.227 - - [16/Jul/2026:10:07:24 +0000] "GET /v3/endpoints/f3a98f4c33114286943d660e2e134b38 HTTP/1.1" 200 370 10.0.0.227 - - [16/Jul/2026:10:07:24 +0000] "GET /v3/services/6ce24f279e5c4128b750f33557ecc265 HTTP/1.1" 200 296 10.0.0.138 - - [16/Jul/2026:10:07:35 +0000] "GET / HTTP/1.1" 300 295
[Thu Jul 16 10:07:35.279651 2026] [wsgi:error] [pid 12:tid 140443128911552] [remote 10.0.0.138:48860] 2026-07-16 10:07:35.279 12 WARNING keystone.common.password_hashing [None req-37137237-aae3-490d-aa7b-a2388fe37aab - - - - - -] Truncating password to algorithm specific maximum length 72 characters.
[Thu Jul 16 10:07:35.561025 2026] [wsgi:error] [pid 12:tid 140443128911552] [remote 10.0.0.138:48860] 2026-07-16 10:07:35.560 12 WARNING keystone.common.fernet_utils [None req-37137237-aae3-490d-aa7b-a2388fe37aab - - - - - -] key_repository is world readable: /etc/keystone/fernet-keys/ 10.0.0.138 - - [16/Jul/2026:10:07:35 +0000] "POST /v3/auth/tokens HTTP/1.1" 201 1992 10.0.0.138 - - [16/Jul/2026:10:07:35 +0000] "POST /v3/domains HTTP/1.1" 201 284 10.0.0.93 - - [16/Jul/2026:10:07:37 +0000] "GET /v3/ HTTP/1.1" 200 250 10.0.0.93 - - [16/Jul/2026:10:07:37 +0000] "GET /v3/ HTTP/1.1" 200 250 10.0.0.138 - - [16/Jul/2026:10:07:37 +0000] "GET / HTTP/1.1" 300 295
[Thu Jul 16 10:07:37.463067 2026] [wsgi:error] [pid 10:tid 140443128911552] [remote 10.0.0.138:48874] 2026-07-16 10:07:37.462 10 WARNING keystone.common.password_hashing [None req-15a601e6-2ce3-470d-a47c-0694ce63b5f0 - - - - - -] Truncating password to algorithm specific maximum length 72 characters.
[Thu Jul 16 10:07:37.753038 2026] [wsgi:error] [pid 10:tid 140443128911552] [remote 10.0.0.138:48874] 2026-07-16 10:07:37.752 10 WARNING keystone.common.fernet_utils [None req-15a601e6-2ce3-470d-a47c-0694ce63b5f0 - - - - - -] key_repository is world readable: /etc/keystone/fernet-keys/ 10.0.0.138 - - [16/Jul/2026:10:07:37 +0000] "POST /v3/auth/tokens HTTP/1.1" 201 1992
[Thu Jul 16 10:07:37.949035 2026] [wsgi:error] [pid 9:tid 140443128911552] [remote 10.0.0.138:48874] 2026-07-16 10:07:37.936 9 ERROR keystone.server.flask.application [None req-f988bd9a-9520-40f5-8b33-ed8cc717dcb6 29b387797582409795e35b2942438c10 f0564efd0c4845e3805f16698b874764 - - default default] Conflict occurred attempting to store project - it is not permitted to have two projects acting as domains with the same name: service.: keystone.exception.Conflict: Conflict occurred attempting to store project - it is not permitted to have two projects acting as domains with the same name: service.
[Thu Jul 16 10:07:37.949066 2026] [wsgi:error] [pid 9:tid 140443128911552] [remote 10.0.0.138:48874] 2026-07-16 10:07:37.936 9 ERROR keystone.server.flask.application
Traceback (most recent call last):
[Thu Jul 16 10:07:37.949068 2026] [wsgi:error] [pid 9:tid 140443128911552] [remote 10.0.0.138:48874] 2026-07-16 10:07:37.936 9 ERROR keystone.server.flask.application
File "/var/lib/openstack/lib/python3.12/site-packages/sqlalchemy/engine/base.py", line 1969, in _exec_single_context
[Thu Jul 16 10:07:37.949070 2026] [wsgi:error] [pid 9:tid 140443128911552] [remote 10.0.0.138:48874] 2026-07-16 10:07:37.936 9 ERROR keystone.server.flask.application self.dialect.do_execute(
[Thu Jul 16 10:07:37.949071 2026] [wsgi:error] [pid 9:tid 140443128911552] [remote 10.0.0.138:48874] 2026-07-16 10:07:37.936 9 ERROR keystone.server.flask.application
File "/var/lib/openstack/lib/python3.12/site-packages/sqlalchemy/engine/default.py", line 952, in do_execute
[Thu Jul 16 10:07:37.949073 2026] [wsgi:error] [pid 9:tid 140443128911552] [remote 10.0.0.138:48874] 2026-07-16 10:07:37.936 9 ERROR keystone.server.flask.application cursor.execute(statement, parameters)
[Thu Jul 16 10:07:37.949075 2026] [wsgi:error] [pid 9:tid 140443128911552] [remote 10.0.0.138:48874] 2026-07-16 10:07:37.936 9 ERROR keystone.server.flask.application
File "/var/lib/openstack/lib/python3.12/site-packages/pymysql/cursors.py", line 159, in execute
[Thu Jul 16 10:07:37.949076 2026] [wsgi:error] [pid 9:tid 140443128911552] [remote 10.0.0.138:48874] 2026-07-16 10:07:37.936 9 ERROR keystone.server.flask.application result = self._query(query)
[Thu Jul 16 10:07:37.949078 2026] [wsgi:error] [pid 9:tid 140443128911552] [remote 10.0.0.138:48874] 2026-07-16 10:07:37.936 9 ERROR keystone.server.flask.application ^^^^^^^^^^^^^^^^^^
[Thu Jul 16 10:07:37.949079 2026] [wsgi:error] [pid 9:tid 140443128911552] [remote 10.0.0.138:48874] 2026-07-16 10:07:37.936 9 ERROR keystone.server.flask.application
File "/var/lib/openstack/lib/python3.12/site-packages/pymysql/cursors.py", line 330, in _query
[Thu Jul 16 10:07:37.949080 2026] [wsgi:error] [pid 9:tid 140443128911552] [remote 10.0.0.138:48874] 2026-07-16 10:07:37.936 9 ERROR keystone.server.flask.application conn.query(q)
[Thu Jul 16 10:07:37.949082 2026] [wsgi:error] [pid 9:tid 140443128911552] [remote 10.0.0.138:48874] 2026-07-16 10:07:37.936 9 ERROR keystone.server.flask.application
File "/var/lib/openstack/lib/python3.12/site-packages/pymysql/connections.py", line 582, in query
[Thu Jul 16 10:07:37.949083 2026] [wsgi:error] [pid 9:tid 140443128911552] [remote 10.0.0.138:48874] 2026-07-16 10:07:37.936 9 ERROR keystone.server.flask.application self._affected_rows = self._read_query_result(unbuffered=unbuffered)
[Thu Jul 16 10:07:37.949085 2026] [wsgi:error] [pid 9:tid 140443128911552] [remote 10.0.0.138:48874] 2026-07-16 10:07:37.936 9 ERROR keystone.server.flask.application ^^^^^^^^^^^^^^^^^^^^^^^^^^^^^^^^^^^^^^^^^^^^^^
[Thu Jul 16 10:07:37.949086 2026] [wsgi:error] [pid 9:tid 140443128911552] [remote 10.0.0.138:48874] 2026-07-16 10:07:37.936 9 ERROR keystone.server.flask.application
File "/var/lib/openstack/lib/python3.12/site-packages/pymysql/connections.py", line 847, in _read_query_result
[Thu Jul 16 10:07:37.949088 2026] [wsgi:error] [pid 9:tid 140443128911552] [remote 10.0.0.138:48874] 2026-07-16 10:07:37.936 9 ERROR keystone.server.flask.application result.read()
[Thu Jul 16 10:07:37.949093 2026] [wsgi:error] [pid 9:tid 140443128911552] [remote 10.0.0.138:48874] 2026-07-16 10:07:37.936 9 ERROR keystone.server.flask.application
File "/var/lib/openstack/lib/python3.12/site-packages/pymysql/connections.py", line 1245, in read
[Thu Jul 16 10:07:37.949095 2026] [wsgi:error] [pid 9:tid 140443128911552] [remote 10.0.0.138:48874] 2026-07-16 10:07:37.936 9 ERROR keystone.server.flask.application first_packet = self.connection._read_packet()
[Thu Jul 16 10:07:37.949096 2026] [wsgi:error] [pid 9:tid 140443128911552] [remote 10.0.0.138:48874] 2026-07-16 10:07:37.936 9 ERROR keystone.server.flask.application ^^^^^^^^^^^^^^^^^^^^^^^^^^^^^^
[Thu Jul 16 10:07:37.949097 2026] [wsgi:error] [pid 9:tid 140443128911552] [remote 10.0.0.138:48874] 2026-07-16 10:07:37.936 9 ERROR keystone.server.flask.application
File "/var/lib/openstack/lib/python3.12/site-packages/pymysql/connections.py", line 803, in _read_packet
[Thu Jul 16 10:07:37.949099 2026] [wsgi:error] [pid 9:tid 140443128911552] [remote 10.0.0.138:48874] 2026-07-16 10:07:37.936 9 ERROR keystone.server.flask.application packet.raise_for_error()
[Thu Jul 16 10:07:37.949100 2026] [wsgi:error] [pid 9:tid 140443128911552] [remote 10.0.0.138:48874] 2026-07-16 10:07:37.936 9 ERROR keystone.server.flask.application
File "/var/lib/openstack/lib/python3.12/site-packages/pymysql/protocol.py", line 219, in raise_for_error
[Thu Jul 16 10:07:37.949101 2026] [wsgi:error] [pid 9:tid 140443128911552] [remote 10.0.0.138:48874] 2026-07-16 10:07:37.936 9 ERROR keystone.server.flask.application err.raise_mysql_exception(self._data)
[Thu Jul 16 10:07:37.949103 2026] [wsgi:error] [pid 9:tid 140443128911552] [remote 10.0.0.138:48874] 2026-07-16 10:07:37.936 9 ERROR keystone.server.flask.application
File "/var/lib/openstack/lib/python3.12/site-packages/pymysql/err.py", line 154, in raise_mysql_exception
[Thu Jul 16 10:07:37.949105 2026] [wsgi:error] [pid 9:tid 140443128911552] [remote 10.0.0.138:48874] 2026-07-16 10:07:37.936 9 ERROR keystone.server.flask.application raise errorclass(errno, errval, sqlstate=sqlstate)
[Thu Jul 16 10:07:37.949106 2026] [wsgi:error] [pid 9:tid 140443128911552] [remote 10.0.0.138:48874] 2026-07-16 10:07:37.936 9 ERROR keystone.server.flask.application pymysql.err.IntegrityError: (1062, "Duplicate entry '<>-service' for key 'project.ixu_project_name_domain_id'")
[Thu Jul 16 10:07:37.949108 2026] [wsgi:error] [pid 9:tid 140443128911552] [remote 10.0.0.138:48874] 2026-07-16 10:07:37.936 9 ERROR keystone.server.flask.application
[Thu Jul 16 10:07:37.949109 2026] [wsgi:error] [pid 9:tid 140443128911552] [remote 10.0.0.138:48874] 2026-07-16 10:07:37.936 9 ERROR keystone.server.flask.application The above exception was the direct cause of the following exception:
[Thu Jul 16 10:07:37.949111 2026] [wsgi:error] [pid 9:tid 140443128911552] [remote 10.0.0.138:48874] 2026-07-16 10:07:37.936 9 ERROR keystone.server.flask.application
[Thu Jul 16 10:07:37.949112 2026] [wsgi:error] [pid 9:tid 140443128911552] [remote 10.0.0.138:48874] 2026-07-16 10:07:37.936 9 ERROR keystone.server.flask.application
Traceback (most recent call last):
[Thu Jul 16 10:07:37.949113 2026] [wsgi:error] [pid 9:tid 140443128911552] [remote 10.0.0.138:48874] 2026-07-16 10:07:37.936 9 ERROR keystone.server.flask.application
File "/var/lib/openstack/lib/python3.12/site-packages/keystone/common/sql/core.py", line 575, in wrapper
[Thu Jul 16 10:07:37.949115 2026] [wsgi:error] [pid 9:tid 140443128911552] [remote 10.0.0.138:48874] 2026-07-16 10:07:37.936 9 ERROR keystone.server.flask.application return method(*args, **kwargs)
[Thu Jul 16 10:07:37.949116 2026] [wsgi:error] [pid 9:tid 140443128911552] [remote 10.0.0.138:48874] 2026-07-16 10:07:37.936 9 ERROR keystone.server.flask.application ^^^^^^^^^^^^^^^^^^^^^^^
[Thu Jul 16 10:07:37.949117 2026] [wsgi:error] [pid 9:tid 140443128911552] [remote 10.0.0.138:48874] 2026-07-16 10:07:37.936 9 ERROR keystone.server.flask.application
File "/var/lib/openstack/lib/python3.12/site-packages/keystone/resource/backends/sql.py", line 278, in create_project
[Thu Jul 16 10:07:37.949120 2026] [wsgi:error] [pid 9:tid 140443128911552] [remote 10.0.0.138:48874] 2026-07-16 10:07:37.936 9 ERROR keystone.server.flask.application with sql.session_for_write() as session:
[Thu Jul 16 10:07:37.949121 2026] [wsgi:error] [pid 9:tid 140443128911552] [remote 10.0.0.138:48874] 2026-07-16 10:07:37.936 9 ERROR keystone.server.flask.application
File "/usr/lib/python3.12/contextlib.py", line 144, in __exit__
[Thu Jul 16 10:07:37.949122 2026] [wsgi:error] [pid 9:tid 140443128911552] [remote 10.0.0.138:48874] 2026-07-16 10:07:37.936 9 ERROR keystone.server.flask.application next(self.gen)
[Thu Jul 16 10:07:37.949124 2026] [wsgi:error] [pid 9:tid 140443128911552] [remote 10.0.0.138:48874] 2026-07-16 10:07:37.936 9 ERROR keystone.server.flask.application
File "/var/lib/openstack/lib/python3.12/site-packages/oslo_db/sqlalchemy/enginefacade.py", line 1175, in _transaction_scope
[Thu Jul 16 10:07:37.949125 2026] [wsgi:error] [pid 9:tid 140443128911552] [remote 10.0.0.138:48874] 2026-07-16 10:07:37.936 9 ERROR keystone.server.flask.application with current._produce_block(
[Thu Jul 16 10:07:37.949127 2026] [wsgi:error] [pid 9:tid 140443128911552] [remote 10.0.0.138:48874] 2026-07-16 10:07:37.936 9 ERROR keystone.server.flask.application
File "/usr/lib/python3.12/contextlib.py", line 144, in __exit__
[Thu Jul 16 10:07:37.949128 2026] [wsgi:error] [pid 9:tid 140443128911552] [remote 10.0.0.138:48874] 2026-07-16 10:07:37.936 9 ERROR keystone.server.flask.application next(self.gen)
[Thu Jul 16 10:07:37.949129 2026] [wsgi:error] [pid 9:tid 140443128911552] [remote 10.0.0.138:48874] 2026-07-16 10:07:37.936 9 ERROR keystone.server.flask.application
File "/var/lib/openstack/lib/python3.12/site-packages/oslo_db/sqlalchemy/enginefacade.py", line 837, in _session
[Thu Jul 16 10:07:37.949131 2026] [wsgi:error] [pid 9:tid 140443128911552] [remote 10.0.0.138:48874] 2026-07-16 10:07:37.936 9 ERROR keystone.server.flask.application with excutils.save_and_reraise_exception():
[Thu Jul 16 10:07:37.949132 2026] [wsgi:error] [pid 9:tid 140443128911552] [remote 10.0.0.138:48874] 2026-07-16 10:07:37.936 9 ERROR keystone.server.flask.application
File "/var/lib/openstack/lib/python3.12/site-packages/oslo_utils/excutils.py", line 266, in __exit__
[Thu Jul 16 10:07:37.949133 2026] [wsgi:error] [pid 9:tid 140443128911552] [remote 10.0.0.138:48874] 2026-07-16 10:07:37.936 9 ERROR keystone.server.flask.application self.force_reraise()
[Thu Jul 16 10:07:37.949135 2026] [wsgi:error] [pid 9:tid 140443128911552] [remote 10.0.0.138:48874] 2026-07-16 10:07:37.936 9 ERROR keystone.server.flask.application
File "/var/lib/openstack/lib/python3.12/site-packages/oslo_utils/excutils.py", line 232, in force_reraise
[Thu Jul 16 10:07:37.949136 2026] [wsgi:error] [pid 9:tid 140443128911552] [remote 10.0.0.138:48874] 2026-07-16 10:07:37.936 9 ERROR keystone.server.flask.application raise self.value
[Thu Jul 16 10:07:37.949137 2026] [wsgi:error] [pid 9:tid 140443128911552] [remote 10.0.0.138:48874] 2026-07-16 10:07:37.936 9 ERROR keystone.server.flask.application
File "/var/lib/openstack/lib/python3.12/site-packages/oslo_db/sqlalchemy/enginefacade.py", line 835, in _session
[Thu Jul 16 10:07:37.949139 2026] [wsgi:error] [pid 9:tid 140443128911552] [remote 10.0.0.138:48874] 2026-07-16 10:07:37.936 9 ERROR keystone.server.flask.application self._end_session_transaction(self.session)
[Thu Jul 16 10:07:37.949140 2026] [wsgi:error] [pid 9:tid 140443128911552] [remote 10.0.0.138:48874] 2026-07-16 10:07:37.936 9 ERROR keystone.server.flask.application
File "/var/lib/openstack/lib/python3.12/site-packages/oslo_db/sqlalchemy/enginefacade.py", line 748, in _end_session_transaction
[Thu Jul 16 10:07:37.949141 2026] [wsgi:error] [pid 9:tid 140443128911552] [remote 10.0.0.138:48874] 2026-07-16 10:07:37.936 9 ERROR keystone.server.flask.application session.commit()
[Thu Jul 16 10:07:37.949144 2026] [wsgi:error] [pid 9:tid 140443128911552] [remote 10.0.0.138:48874] 2026-07-16 10:07:37.936 9 ERROR keystone.server.flask.application
File "/var/lib/openstack/lib/python3.12/site-packages/sqlalchemy/orm/session.py", line 2034, in commit
[Thu Jul 16 10:07:37.949145 2026] [wsgi:error] [pid 9:tid 140443128911552] [remote 10.0.0.138:48874] 2026-07-16 10:07:37.936 9 ERROR keystone.server.flask.application trans.commit(_to_root=True)
[Thu Jul 16 10:07:37.949184 2026] [wsgi:error] [pid 9:tid 140443128911552] [remote 10.0.0.138:48874] 2026-07-16 10:07:37.936 9 ERROR keystone.server.flask.application File "", line 2, in commit
[Thu Jul 16 10:07:37.949186 2026] [wsgi:error] [pid 9:tid 140443128911552] [remote 10.0.0.138:48874] 2026-07-16 10:07:37.936 9 ERROR keystone.server.flask.application
File "/var/lib/openstack/lib/python3.12/site-packages/sqlalchemy/orm/state_changes.py", line 137, in _go
[Thu Jul 16 10:07:37.949187 2026] [wsgi:error] [pid 9:tid 140443128911552] [remote 10.0.0.138:48874] 2026-07-16 10:07:37.936 9 ERROR keystone.server.flask.application ret_value = fn(self, *arg, **kw)
[Thu Jul 16 10:07:37.949189 2026] [wsgi:error] [pid 9:tid 140443128911552] [remote 10.0.0.138:48874] 2026-07-16 10:07:37.936 9 ERROR keystone.server.flask.application ^^^^^^^^^^^^^^^^^^^^
[Thu Jul 16 10:07:37.949190 2026] [wsgi:error] [pid 9:tid 140443128911552] [remote 10.0.0.138:48874] 2026-07-16 10:07:37.936 9 ERROR keystone.server.flask.application
File "/var/lib/openstack/lib/python3.12/site-packages/sqlalchemy/orm/session.py", line 1315, in commit
[Thu Jul 16 10:07:37.949192 2026] [wsgi:error] [pid 9:tid 140443128911552] [remote 10.0.0.138:48874] 2026-07-16 10:07:37.936 9 ERROR keystone.server.flask.application self._prepare_impl()
[Thu Jul 16 10:07:37.949193 2026] [wsgi:error] [pid 9:tid 140443128911552] [remote 10.0.0.138:48874] 2026-07-16 10:07:37.936 9 ERROR keystone.server.flask.application File "", line 2, in _prepare_impl
[Thu Jul 16 10:07:37.949195 2026] [wsgi:error] [pid 9:tid 140443128911552] [remote 10.0.0.138:48874] 2026-07-16 10:07:37.936 9 ERROR keystone.server.flask.application
File "/var/lib/openstack/lib/python3.12/site-packages/sqlalchemy/orm/state_changes.py", line 137, in _go
[Thu Jul 16 10:07:37.949196 2026] [wsgi:error] [pid 9:tid 140443128911552] [remote 10.0.0.138:48874] 2026-07-16 10:07:37.936 9 ERROR keystone.server.flask.application ret_value = fn(self, *arg, **kw)
[Thu Jul 16 10:07:37.949198 2026] [wsgi:error] [pid 9:tid 140443128911552] [remote 10.0.0.138:48874] 2026-07-16 10:07:37.936 9 ERROR keystone.server.flask.application ^^^^^^^^^^^^^^^^^^^^
[Thu Jul 16 10:07:37.949199 2026] [wsgi:error] [pid 9:tid 140443128911552] [remote 10.0.0.138:48874] 2026-07-16 10:07:37.936 9 ERROR keystone.server.flask.application
File "/var/lib/openstack/lib/python3.12/site-packages/sqlalchemy/orm/session.py", line 1290, in _prepare_impl
[Thu Jul 16 10:07:37.949201 2026] [wsgi:error] [pid 9:tid 140443128911552] [remote 10.0.0.138:48874] 2026-07-16 10:07:37.936 9 ERROR keystone.server.flask.application self.session.flush()
[Thu Jul 16 10:07:37.949202 2026] [wsgi:error] [pid 9:tid 140443128911552] [remote 10.0.0.138:48874] 2026-07-16 10:07:37.936 9 ERROR keystone.server.flask.application
File "/var/lib/openstack/lib/python3.12/site-packages/sqlalchemy/orm/session.py", line 4352, in flush
[Thu Jul 16 10:07:37.949204 2026] [wsgi:error] [pid 9:tid 140443128911552] [remote 10.0.0.138:48874] 2026-07-16 10:07:37.936 9 ERROR keystone.server.flask.application self._flush(objects)
[Thu Jul 16 10:07:37.949205 2026] [wsgi:error] [pid 9:tid 140443128911552] [remote 10.0.0.138:48874] 2026-07-16 10:07:37.936 9 ERROR keystone.server.flask.application
File "/var/lib/openstack/lib/python3.12/site-packages/sqlalchemy/orm/session.py", line 4487, in _flush
[Thu Jul 16 10:07:37.949207 2026] [wsgi:error] [pid 9:tid 140443128911552] [remote 10.0.0.138:48874] 2026-07-16 10:07:37.936 9 ERROR keystone.server.flask.application with util.safe_reraise():
[Thu Jul 16 10:07:37.949208 2026] [wsgi:error] [pid 9:tid 140443128911552] [remote 10.0.0.138:48874] 2026-07-16 10:07:37.936 9 ERROR keystone.server.flask.application
File "/var/lib/openstack/lib/python3.12/site-packages/sqlalchemy/util/langhelpers.py", line 122, in __exit__
[Thu Jul 16 10:07:37.949211 2026] [wsgi:error] [pid 9:tid 140443128911552] [remote 10.0.0.138:48874] 2026-07-16 10:07:37.936 9 ERROR keystone.server.flask.application raise exc_value.with_traceback(exc_tb)
[Thu Jul 16 10:07:37.949212 2026] [wsgi:error] [pid 9:tid 140443128911552] [remote 10.0.0.138:48874] 2026-07-16 10:07:37.936 9 ERROR keystone.server.flask.application
File "/var/lib/openstack/lib/python3.12/site-packages/sqlalchemy/orm/session.py", line 4448, in _flush
[Thu Jul 16 10:07:37.949214 2026] [wsgi:error] [pid 9:tid 140443128911552] [remote 10.0.0.138:48874] 2026-07-16 10:07:37.936 9 ERROR keystone.server.flask.application flush_context.execute()
[Thu Jul 16 10:07:37.949215 2026] [wsgi:error] [pid 9:tid 140443128911552] [remote 10.0.0.138:48874] 2026-07-16 10:07:37.936 9 ERROR keystone.server.flask.application
File "/var/lib/openstack/lib/python3.12/site-packages/sqlalchemy/orm/unitofwork.py", line 465, in execute
