2026-09-02 09:16:21.667 9 INFO neutron.db.ovn_revision_numbers_db [req-1fa539be-292f-4606-93d1-d735b6215dec req-188f73b8-47b3-4ae1-8063-91bae9ffc889 e0420304acc54ff18591e5d918b15ea6 23075490109b4dfab789ef8873f8caf4 - - default default] Successfully bumped revision number for resource f6f34d07-0af4-4c09-9d86-f715a42673ca (type: ports) to 6
2026-09-02 09:16:21.680 9 INFO neutron.wsgi [req-1fa539be-292f-4606-93d1-d735b6215dec req-188f73b8-47b3-4ae1-8063-91bae9ffc889 e0420304acc54ff18591e5d918b15ea6 23075490109b4dfab789ef8873f8caf4 - - default default] 162.253.55.156 "PUT /v2.0/ports/f6f34d07-0af4-4c09-9d86-f715a42673ca HTTP/1.1" status: 200 len: 1167 time: 0.7368882
2026-09-02 09:16:21.683 10 INFO neutron.wsgi [req-589f85f9-37e7-43ef-b0eb-248b3cb6377a req-0e52a56d-f44b-4e24-9fe1-a12fbe3ca89b ab2fe41318cf428fae55e2a45ddf0569 d4385c5896b94e2382f9a35e5d01b6cc - - default default] 10.0.0.229 "GET /v2.0/ports?device_id=0afadac5-f80a-4f5d-ae14-e8044d3a358b HTTP/1.1" status: 200 len: 210 time: 0.0194972 /var/lib/openstack/lib/python3.10/site-packages/pycadf/identifier.py:71: UserWarning: Invalid uuid: neutron. To ensure interoperability, identifiers should be a valid uuid. warnings.warn(('Invalid uuid: %s. To ensure interoperability, '
2026-09-02 09:16:21.719 9 INFO neutron.notifiers.nova [-] Nova event matching ['req-0a21b75f-5491-4f39-a64d-b3912b3ea9c0'] response: {'name': 'network-changed', 'server_uuid': 'd8867c11-4dee-4bee-94f7-148c5d191de5', 'tag': 'f6f34d07-0af4-4c09-9d86-f715a42673ca', 'status': 'completed', 'code': 200}
2026-09-02 09:16:21.722 10 INFO neutron.wsgi [None req-474f970d-25a8-4800-bfbd-49691bba8a13 3ae23c41bc1f4269940bbf1c7b927978 093a2da55a974dd7987cb51a448df596 - - default default] 10.0.0.155 "DELETE /v2.0/security-groups/829000de-a33d-4f36-b053-7b77922b7179 HTTP/1.1" status: 204 len: 168 time: 0.2373292
2026-09-02 09:16:21.744 9 INFO neutron.wsgi [req-1fa539be-292f-4606-93d1-d735b6215dec req-35aa4fcc-c2a0-4774-8e28-3f637eb82135 54e45c44743743bf8e98b1d9fd967fb6 cb0409feed8740599f50043f2d087d16 - - e0c1695d482d4b12a80bd9f7a9960d56 e0c1695d482d4b12a80bd9f7a9960d56] 162.253.55.156 "GET /v2.0/ports?tenant_id=23075490109b4dfab789ef8873f8caf4&device_id=d8867c11-4dee-4bee-94f7-148c5d191de5 HTTP/1.1" status: 200 len: 1409 time: 0.0329580
2026-09-02 09:16:21.812 9 INFO neutron.wsgi [req-1fa539be-292f-4606-93d1-d735b6215dec req-8bab3167-4704-4af8-9333-878638d8e3d6 54e45c44743743bf8e98b1d9fd967fb6 cb0409feed8740599f50043f2d087d16 - - e0c1695d482d4b12a80bd9f7a9960d56 e0c1695d482d4b12a80bd9f7a9960d56] 162.253.55.156 "GET /v2.0/networks?id=0772df9d-938f-46b8-88b9-233b3291176b HTTP/1.1" status: 200 len: 982 time: 0.0618305
2026-09-02 09:16:21.870 9 INFO neutron.wsgi [req-1fa539be-292f-4606-93d1-d735b6215dec req-b671de9a-7c5f-4dd8-ae7d-bb8b9e1d7929 54e45c44743743bf8e98b1d9fd967fb6 cb0409feed8740599f50043f2d087d16 - - e0c1695d482d4b12a80bd9f7a9960d56 e0c1695d482d4b12a80bd9f7a9960d56] 162.253.55.156 "GET /v2.0/floatingips?fixed_ip_address=10.100.0.9&port_id=f6f34d07-0af4-4c09-9d86-f715a42673ca HTTP/1.1" status: 200 len: 1059 time: 0.0503335
2026-09-02 09:16:21.903 9 INFO neutron.wsgi [req-1fa539be-292f-4606-93d1-d735b6215dec req-ccf189ad-ea37-4b25-a58b-e3f6f7e5d1eb 54e45c44743743bf8e98b1d9fd967fb6 cb0409feed8740599f50043f2d087d16 - - e0c1695d482d4b12a80bd9f7a9960d56 e0c1695d482d4b12a80bd9f7a9960d56] 162.253.55.156 "GET /v2.0/subnets?id=11340a32-68d6-4bae-914f-1ab39983a8c0 HTTP/1.1" status: 200 len: 877 time: 0.0255432
2026-09-02 09:16:21.928 9 INFO neutron.wsgi [req-1fa539be-292f-4606-93d1-d735b6215dec req-e1bd4ba8-2867-4235-ba13-873cfbf74b11 54e45c44743743bf8e98b1d9fd967fb6 cb0409feed8740599f50043f2d087d16 - - e0c1695d482d4b12a80bd9f7a9960d56 e0c1695d482d4b12a80bd9f7a9960d56] 162.253.55.156 "GET /v2.0/ports?network_id=0772df9d-938f-46b8-88b9-233b3291176b&device_owner=network%3Adhcp HTTP/1.1" status: 200 len: 210 time: 0.0158336
2026-09-02 09:16:22.003 9 INFO neutron.wsgi [req-1fa539be-292f-4606-93d1-d735b6215dec req-4eec7a15-3e1d-4105-9034-91ce412dc319 54e45c44743743bf8e98b1d9fd967fb6 cb0409feed8740599f50043f2d087d16 - - e0c1695d482d4b12a80bd9f7a9960d56 e0c1695d482d4b12a80bd9f7a9960d56] 162.253.55.156 "GET /v2.0/networks/0772df9d-938f-46b8-88b9-233b3291176b?fields=segments HTTP/1.1" status: 200 len: 212 time: 0.0647211
2026-09-02 09:16:22.091 9 INFO neutron.wsgi [req-1fa539be-292f-4606-93d1-d735b6215dec req-94562035-df10-4604-8642-f51ab660392d 54e45c44743743bf8e98b1d9fd967fb6 cb0409feed8740599f50043f2d087d16 - - e0c1695d482d4b12a80bd9f7a9960d56 e0c1695d482d4b12a80bd9f7a9960d56] 162.253.55.156 "GET /v2.0/networks/0772df9d-938f-46b8-88b9-233b3291176b?fields=provider%3Aphysical_network&fields=provider%3Anetwork_type HTTP/1.1" status: 200 len: 277 time: 0.0846410
2026-09-02 09:16:22.133 9 INFO neutron.db.ovn_revision_numbers_db [None req-7fdb5756-fce3-4635-9a79-3479b0bc7e91 4a4dc743a4ec401c99767857d9b888dd 3c9317b137e245879a30016208724001 - - default default] Successfully bumped revision number for resource 9985f1c4-f936-44e2-b705-51388c9810cf (type: router_ports) to 1
2026-09-02 09:16:22.171 9 INFO neutron.wsgi [req-9e8635b8-569b-44c4-bec0-918d7bc005ce req-cdee6c84-c3f5-493b-b47d-40b9b8428125 54e45c44743743bf8e98b1d9fd967fb6 cb0409feed8740599f50043f2d087d16 - - e0c1695d482d4b12a80bd9f7a9960d56 e0c1695d482d4b12a80bd9f7a9960d56] 162.253.55.156 "GET /v2.0/ports?tenant_id=23075490109b4dfab789ef8873f8caf4&device_id=d8867c11-4dee-4bee-94f7-148c5d191de5 HTTP/1.1" status: 200 len: 1409 time: 0.0278194
2026-09-02 09:16:22.246 9 INFO neutron.wsgi [req-9e8635b8-569b-44c4-bec0-918d7bc005ce req-93f83cde-f010-4b6c-bb78-5e61394233ef 54e45c44743743bf8e98b1d9fd967fb6 cb0409feed8740599f50043f2d087d16 - - e0c1695d482d4b12a80bd9f7a9960d56 e0c1695d482d4b12a80bd9f7a9960d56] 162.253.55.156 "GET /v2.0/networks?id=0772df9d-938f-46b8-88b9-233b3291176b HTTP/1.1" status: 200 len: 982 time: 0.0678790
2026-09-02 09:16:22.307 9 INFO neutron.wsgi [req-9e8635b8-569b-44c4-bec0-918d7bc005ce req-2fe91ab3-ff07-44fc-a611-c3167efd01ac 54e45c44743743bf8e98b1d9fd967fb6 cb0409feed8740599f50043f2d087d16 - - e0c1695d482d4b12a80bd9f7a9960d56 e0c1695d482d4b12a80bd9f7a9960d56] 162.253.55.156 "GET /v2.0/floatingips?fixed_ip_address=10.100.0.9&port_id=f6f34d07-0af4-4c09-9d86-f715a42673ca HTTP/1.1" status: 200 len: 1059 time: 0.0404446
2026-09-02 09:16:22.334 9 INFO neutron.db.ovn_revision_numbers_db [None req-7fdb5756-fce3-4635-9a79-3479b0bc7e91 4a4dc743a4ec401c99767857d9b888dd 3c9317b137e245879a30016208724001 - - default default] Successfully bumped revision number for resource 9985f1c4-f936-44e2-b705-51388c9810cf (type: ports) to 1
2026-09-02 09:16:22.341 9 INFO neutron.wsgi [req-9e8635b8-569b-44c4-bec0-918d7bc005ce req-2dcd1d0c-de81-441d-9a54-8afe502950f3 54e45c44743743bf8e98b1d9fd967fb6 cb0409feed8740599f50043f2d087d16 - - e0c1695d482d4b12a80bd9f7a9960d56 e0c1695d482d4b12a80bd9f7a9960d56] 162.253.55.156 "GET /v2.0/subnets?id=11340a32-68d6-4bae-914f-1ab39983a8c0 HTTP/1.1" status: 200 len: 877 time: 0.0266905
2026-09-02 09:16:22.381 9 INFO neutron.wsgi [req-9e8635b8-569b-44c4-bec0-918d7bc005ce req-8fe509ef-565a-4c3b-9591-d1ba65d7e449 54e45c44743743bf8e98b1d9fd967fb6 cb0409feed8740599f50043f2d087d16 - - e0c1695d482d4b12a80bd9f7a9960d56 e0c1695d482d4b12a80bd9f7a9960d56] 162.253.55.156 "GET /v2.0/ports?network_id=0772df9d-938f-46b8-88b9-233b3291176b&device_owner=network%3Adhcp HTTP/1.1" status: 200 len: 210 time: 0.0208240
2026-09-02 09:16:22.429 9 WARNING neutron.scheduler.dhcp_agent_scheduler [None req-7fdb5756-fce3-4635-9a79-3479b0bc7e91 4a4dc743a4ec401c99767857d9b888dd 3c9317b137e245879a30016208724001 - - default default] No more DHCP agents
2026-09-02 09:16:22.431 9 WARNING neutron.api.rpc.agentnotifiers.dhcp_rpc_agent_api [None req-7fdb5756-fce3-4635-9a79-3479b0bc7e91 4a4dc743a4ec401c99767857d9b888dd 3c9317b137e245879a30016208724001 - - default default] Unable to schedule network 8e8cb686-9511-4b4a-89ca-0bd5a99290af: no agents available; will retry on subsequent port and subnet creation events.
2026-09-02 09:16:22.456 9 INFO neutron.wsgi [req-9e8635b8-569b-44c4-bec0-918d7bc005ce req-ad1451d8-9aa1-4959-8eef-16cbb6fde99e 54e45c44743743bf8e98b1d9fd967fb6 cb0409feed8740599f50043f2d087d16 - - e0c1695d482d4b12a80bd9f7a9960d56 e0c1695d482d4b12a80bd9f7a9960d56] 162.253.55.156 "GET /v2.0/networks/0772df9d-938f-46b8-88b9-233b3291176b?fields=segments HTTP/1.1" status: 200 len: 212 time: 0.0615730
2026-09-02 09:16:22.530 9 INFO neutron.wsgi [req-9e8635b8-569b-44c4-bec0-918d7bc005ce req-0c498dc1-7723-46ea-a19e-7505d4f372d5 54e45c44743743bf8e98b1d9fd967fb6 cb0409feed8740599f50043f2d087d16 - - e0c1695d482d4b12a80bd9f7a9960d56 e0c1695d482d4b12a80bd9f7a9960d56] 162.253.55.156 "GET /v2.0/networks/0772df9d-938f-46b8-88b9-233b3291176b?fields=provider%3Aphysical_network&fields=provider%3Anetwork_type HTTP/1.1" status: 200 len: 277 time: 0.0604093
2026-09-02 09:16:22.640 9 INFO neutron.wsgi [req-17c3e87f-ec16-48e7-9d13-f2623167b100 req-63598712-ae3d-4970-86da-3e9b8ec2d018 ab2fe41318cf428fae55e2a45ddf0569 d4385c5896b94e2382f9a35e5d01b6cc - - default default] 162.253.55.156 "GET /v2.0/networks?id=b06d2f89-ea93-4ca0-80b3-afcc115334fb HTTP/1.1" status: 200 len: 875 time: 0.0629447
2026-09-02 09:16:22.691 9 INFO neutron.wsgi [req-17c3e87f-ec16-48e7-9d13-f2623167b100 req-d5addcdb-6a10-420b-a112-3c0b70c2fc72 ab2fe41318cf428fae55e2a45ddf0569 d4385c5896b94e2382f9a35e5d01b6cc - - default default] 162.253.55.156 "GET /v2.0/security-groups?fields=id&fields=name&tenant_id=d4385c5896b94e2382f9a35e5d01b6cc HTTP/1.1" status: 200 len: 380 time: 0.0466194
2026-09-02 09:16:22.796 9 INFO neutron.db.ovn_revision_numbers_db [None req-7fdb5756-fce3-4635-9a79-3479b0bc7e91 4a4dc743a4ec401c99767857d9b888dd 3c9317b137e245879a30016208724001 - - default default] Successfully bumped revision number for resource 9985f1c4-f936-44e2-b705-51388c9810cf (type: router_ports) to 1
2026-09-02 09:16:22.798 9 INFO neutron.wsgi [None req-7fdb5756-fce3-4635-9a79-3479b0bc7e91 4a4dc743a4ec401c99767857d9b888dd 3c9317b137e245879a30016208724001 - - default default] 10.0.0.155 "PUT /v2.0/routers/c285a062-c0db-4344-b949-faac3dfe66f3/add_router_interface HTTP/1.1" status: 200 len: 503 time: 2.5548391
2026-09-02 09:16:22.808 10 INFO neutron.wsgi [req-3b7ce618-79b3-4aa2-81d4-fc43f9fbd0e0 req-a621c3f7-07d4-4abb-987e-0735d648272f ab2fe41318cf428fae55e2a45ddf0569 d4385c5896b94e2382f9a35e5d01b6cc - - default default] 10.0.0.229 "GET /v2.0/ports?device_id=0afadac5-f80a-4f5d-ae14-e8044d3a358b HTTP/1.1" status: 200 len: 210 time: 0.0402377
2026-09-02 09:16:22.969 10 WARNING neutron.plugins.ml2.drivers.ovn.mech_driver.ovsdb.ovn_client [None req-5f734516-6267-4978-9435-44ef8a49628a - - - - - -] No hosting information found for port fa5008b2-07e7-46ff-8c1f-cbfda7392029: RuntimeError: No hosting information found for port fa5008b2-07e7-46ff-8c1f-cbfda7392029
2026-09-02 09:16:23.040 10 INFO neutron.plugins.ml2.drivers.ovn.mech_driver.mech_driver [None req-5f734516-6267-4978-9435-44ef8a49628a - - - - - -] OVN reports status down for port: f6f34d07-0af4-4c09-9d86-f715a42673ca
2026-09-02 09:16:23.112 10 INFO neutron.wsgi [req-7688fa35-1863-4b18-8114-5b070740174c req-ba037e7d-d642-4072-82ff-87ebee53fc9c e0420304acc54ff18591e5d918b15ea6 23075490109b4dfab789ef8873f8caf4 - - default default] 10.0.0.229 "GET /v2.0/ports?device_id=d8867c11-4dee-4bee-94f7-148c5d191de5 HTTP/1.1" status: 200 len: 1170 time: 0.1326537
2026-09-02 09:16:23.179 10 INFO neutron.wsgi [req-7688fa35-1863-4b18-8114-5b070740174c req-297116f4-f0fd-44f1-bc32-c89e4a33af9e e0420304acc54ff18591e5d918b15ea6 23075490109b4dfab789ef8873f8caf4 - - default default] 10.0.0.229 "GET /v2.0/security-groups?id=85c71501-7f10-47e4-b1b9-70a67577ba2f&fields=id&fields=name HTTP/1.1" status: 200 len: 312 time: 0.0576608
2026-09-02 09:16:23.219 10 INFO neutron.notifiers.nova [-] Nova event matching ['req-a26488b1-5b74-460a-955d-1b371d3866f4'] response: {'server_uuid': 'd8867c11-4dee-4bee-94f7-148c5d191de5', 'name': 'network-vif-unplugged', 'status': 'completed', 'tag': 'f6f34d07-0af4-4c09-9d86-f715a42673ca', 'code': 200}
2026-09-02 09:16:23.263 9 WARNING neutron.scheduler.dhcp_agent_scheduler [req-17c3e87f-ec16-48e7-9d13-f2623167b100 req-90d4d9bb-9054-4a1c-9736-54bd3519fdc2 ab2fe41318cf428fae55e2a45ddf0569 d4385c5896b94e2382f9a35e5d01b6cc - - default default] No more DHCP agents
2026-09-02 09:16:23.267 9 WARNING neutron.api.rpc.agentnotifiers.dhcp_rpc_agent_api [req-17c3e87f-ec16-48e7-9d13-f2623167b100 req-90d4d9bb-9054-4a1c-9736-54bd3519fdc2 ab2fe41318cf428fae55e2a45ddf0569 d4385c5896b94e2382f9a35e5d01b6cc - - default default] Unable to schedule network b06d2f89-ea93-4ca0-80b3-afcc115334fb: no agents available; will retry on subsequent port and subnet creation events.
2026-09-02 09:16:23.339 10 INFO neutron.db.ovn_revision_numbers_db [None req-5f734516-6267-4978-9435-44ef8a49628a - - - - - -] Successfully bumped revision number for resource f6f34d07-0af4-4c09-9d86-f715a42673ca (type: ports) to 7
2026-09-02 09:16:23.412 9 WARNING neutron.scheduler.dhcp_agent_scheduler [None req-f4c3b930-1cae-48d0-b1dc-3991a62b0a06 4a4dc743a4ec401c99767857d9b888dd 3c9317b137e245879a30016208724001 - - default default] No more DHCP agents
2026-09-02 09:16:23.417 9 WARNING neutron.api.rpc.agentnotifiers.dhcp_rpc_agent_api [None req-f4c3b930-1cae-48d0-b1dc-3991a62b0a06 4a4dc743a4ec401c99767857d9b888dd 3c9317b137e245879a30016208724001 - - default default] Unable to schedule network 8e8cb686-9511-4b4a-89ca-0bd5a99290af: no agents available; will retry on subsequent port and subnet creation events. /var/lib/openstack/lib/python3.10/site-packages/pycadf/identifier.py:71: UserWarning: Invalid uuid: neutron. To ensure interoperability, identifiers should be a valid uuid. warnings.warn(('Invalid uuid: %s. To ensure interoperability, '
2026-09-02 09:16:23.477 9 INFO neutron.db.ovn_revision_numbers_db [req-17c3e87f-ec16-48e7-9d13-f2623167b100 req-90d4d9bb-9054-4a1c-9736-54bd3519fdc2 ab2fe41318cf428fae55e2a45ddf0569 d4385c5896b94e2382f9a35e5d01b6cc - - default default] Successfully bumped revision number for resource 30dba5fb-a208-4271-b122-81fe0056f159 (type: ports) to 1
2026-09-02 09:16:23.517 9 INFO neutron.wsgi [req-17c3e87f-ec16-48e7-9d13-f2623167b100 req-90d4d9bb-9054-4a1c-9736-54bd3519fdc2 ab2fe41318cf428fae55e2a45ddf0569 d4385c5896b94e2382f9a35e5d01b6cc - - default default] 162.253.55.156 "POST /v2.0/ports HTTP/1.1" status: 201 len: 1162 time: 0.8230796
2026-09-02 09:16:23.542 9 INFO neutron.wsgi [req-de4ab694-0bf3-4c1f-8c9c-80afec0e7e9a req-f6096d4d-f298-4ac2-bf2f-68c2d82f637c e0420304acc54ff18591e5d918b15ea6 23075490109b4dfab789ef8873f8caf4 - - default default] 162.253.55.156 "GET /v2.0/ports?device_id=d8867c11-4dee-4bee-94f7-148c5d191de5 HTTP/1.1" status: 200 len: 1168 time: 0.1265442
2026-09-02 09:16:23.680 9 INFO neutron.db.ovn_revision_numbers_db [None req-f4c3b930-1cae-48d0-b1dc-3991a62b0a06 4a4dc743a4ec401c99767857d9b888dd 3c9317b137e245879a30016208724001 - - default default] Successfully bumped revision number for resource 11872f70-01e3-4b53-8c16-8aed4bc1197d (type: ports) to 1
2026-09-02 09:16:23.716 9 INFO neutron.wsgi [None req-f4c3b930-1cae-48d0-b1dc-3991a62b0a06 4a4dc743a4ec401c99767857d9b888dd 3c9317b137e245879a30016208724001 - - default default] 10.0.0.155 "POST /v2.0/ports HTTP/1.1" status: 201 len: 1153 time: 0.9068267 /var/lib/openstack/lib/python3.10/site-packages/pycadf/identifier.py:71: UserWarning: Invalid uuid: neutron. To ensure interoperability, identifiers should be a valid uuid. warnings.warn(('Invalid uuid: %s. To ensure interoperability, '
2026-09-02 09:16:23.912 9 INFO neutron.db.l3_db [req-de4ab694-0bf3-4c1f-8c9c-80afec0e7e9a req-506a6617-57eb-4724-b0ff-e3154a86dd9a e0420304acc54ff18591e5d918b15ea6 23075490109b4dfab789ef8873f8caf4 - - default default] Floating IP dc9b9969-0e0c-4847-a51c-59f0808dce38 disassociated. External IP: 10.96.250.203, port: f6f34d07-0af4-4c09-9d86-f715a42673ca.
2026-09-02 09:16:23.931 9 INFO neutron.wsgi [-] 10.0.0.155 "GET / HTTP/1.1" status: 200 len: 279 time: 0.0012555
2026-09-02 09:16:23.978 10 INFO neutron.wsgi [req-959b3ea5-9a05-4c5e-b15a-8a34c6d1f216 req-a5508d79-8899-46fb-9ff6-f2af7e7a9039 ab2fe41318cf428fae55e2a45ddf0569 d4385c5896b94e2382f9a35e5d01b6cc - - default default] 10.0.0.229 "GET /v2.0/ports?device_id=0afadac5-f80a-4f5d-ae14-e8044d3a358b HTTP/1.1" status: 200 len: 1172 time: 0.0682023 /var/lib/openstack/lib/python3.10/site-packages/pycadf/identifier.py:71: UserWarning: Invalid uuid: neutron. To ensure interoperability, identifiers should be a valid uuid. warnings.warn(('Invalid uuid: %s. To ensure interoperability, '
2026-09-02 09:16:24.044 9 INFO neutron.db.ovn_revision_numbers_db [req-17c3e87f-ec16-48e7-9d13-f2623167b100 req-dad5b064-3553-4b8e-8ceb-01b31b29c6a2 54e45c44743743bf8e98b1d9fd967fb6 cb0409feed8740599f50043f2d087d16 - - e0c1695d482d4b12a80bd9f7a9960d56 e0c1695d482d4b12a80bd9f7a9960d56] Successfully bumped revision number for resource 30dba5fb-a208-4271-b122-81fe0056f159 (type: ports) to 2
2026-09-02 09:16:24.048 10 INFO neutron.wsgi [req-959b3ea5-9a05-4c5e-b15a-8a34c6d1f216 req-0db4956f-4474-46fe-b79f-6e08486db04e ab2fe41318cf428fae55e2a45ddf0569 d4385c5896b94e2382f9a35e5d01b6cc - - default default] 10.0.0.229 "GET /v2.0/security-groups?id=9c3b4802-390c-40b3-bd11-b0a74ddfa532&fields=id&fields=name HTTP/1.1" status: 200 len: 313 time: 0.0596139
2026-09-02 09:16:24.083 9 INFO neutron.wsgi [req-de4ab694-0bf3-4c1f-8c9c-80afec0e7e9a req-506a6617-57eb-4724-b0ff-e3154a86dd9a e0420304acc54ff18591e5d918b15ea6 23075490109b4dfab789ef8873f8caf4 - - default default] 162.253.55.156 "DELETE /v2.0/ports/f6f34d07-0af4-4c09-9d86-f715a42673ca HTTP/1.1" status: 204 len: 173 time: 0.5307596
2026-09-02 09:16:24.135 9 INFO neutron.notifiers.nova [-] Nova event matching ['req-b6c71c37-6e38-439e-a6d9-ef12c0ee80d5'] response: {'server_uuid': 'd8867c11-4dee-4bee-94f7-148c5d191de5', 'name': 'network-vif-deleted', 'tag': 'f6f34d07-0af4-4c09-9d86-f715a42673ca', 'status': 'completed', 'code': 200} /var/lib/openstack/lib/python3.10/site-packages/pycadf/identifier.py:71: UserWarning: Invalid uuid: neutron. To ensure interoperability, identifiers should be a valid uuid. warnings.warn(('Invalid uuid: %s. To ensure interoperability, '
2026-09-02 09:16:24.173 9 INFO neutron.wsgi [None req-d5b8db1b-ff8f-422c-8ccf-c99461ba133b 6f128858f27d4545973afa815be045fd fc88e775bc544819b1d1a75802fda7e3 - - default default] 10.0.0.155 "GET /v2.0/ HTTP/1.1" status: 200 len: 826 time: 0.2286260
2026-09-02 09:16:24.239 10 WARNING neutron.scheduler.dhcp_agent_scheduler [None req-21b30d30-00a1-4890-a5eb-67e76a2deb68 4a4dc743a4ec401c99767857d9b888dd 3c9317b137e245879a30016208724001 - - default default] No more DHCP agents
2026-09-02 09:16:24.253 9 INFO neutron.db.ovn_revision_numbers_db [req-17c3e87f-ec16-48e7-9d13-f2623167b100 req-dad5b064-3553-4b8e-8ceb-01b31b29c6a2 54e45c44743743bf8e98b1d9fd967fb6 cb0409feed8740599f50043f2d087d16 - - e0c1695d482d4b12a80bd9f7a9960d56 e0c1695d482d4b12a80bd9f7a9960d56] Successfully bumped revision number for resource 30dba5fb-a208-4271-b122-81fe0056f159 (type: ports) to 2
2026-09-02 09:16:24.253 10 WARNING neutron.api.rpc.agentnotifiers.dhcp_rpc_agent_api [None req-21b30d30-00a1-4890-a5eb-67e76a2deb68 4a4dc743a4ec401c99767857d9b888dd 3c9317b137e245879a30016208724001 - - default default] Unable to schedule network 8e8cb686-9511-4b4a-89ca-0bd5a99290af: no agents available; will retry on subsequent port and subnet creation events.
2026-09-02 09:16:24.271 9 INFO neutron.wsgi [req-17c3e87f-ec16-48e7-9d13-f2623167b100 req-dad5b064-3553-4b8e-8ceb-01b31b29c6a2 54e45c44743743bf8e98b1d9fd967fb6 cb0409feed8740599f50043f2d087d16 - - e0c1695d482d4b12a80bd9f7a9960d56 e0c1695d482d4b12a80bd9f7a9960d56] 162.253.55.156 "PUT /v2.0/ports/30dba5fb-a208-4271-b122-81fe0056f159 HTTP/1.1" status: 200 len: 1380 time: 0.7432151 /var/lib/openstack/lib/python3.10/site-packages/pycadf/identifier.py:71: UserWarning: Invalid uuid: neutron. To ensure interoperability, identifiers should be a valid uuid. warnings.warn(('Invalid uuid: %s. To ensure interoperability, ' /var/lib/openstack/lib/python3.10/site-packages/pycadf/identifier.py:71: UserWarning: Invalid uuid: neutron. To ensure interoperability, identifiers should be a valid uuid. warnings.warn(('Invalid uuid: %s. To ensure interoperability, '
2026-09-02 09:16:24.341 10 INFO neutron.wsgi [req-c208775b-b75a-464d-9d8d-f5199e5fc5ad req-695ae59d-b155-4d20-a2be-65858a2a983a e0420304acc54ff18591e5d918b15ea6 23075490109b4dfab789ef8873f8caf4 - - default default] 10.0.0.229 "GET /v2.0/ports?device_id=d8867c11-4dee-4bee-94f7-148c5d191de5 HTTP/1.1" status: 200 len: 210 time: 0.0424259
2026-09-02 09:16:24.360 9 INFO neutron.wsgi [req-17c3e87f-ec16-48e7-9d13-f2623167b100 req-fc57aff2-ac4b-4eb5-9144-f88c3ef4135c 54e45c44743743bf8e98b1d9fd967fb6 cb0409feed8740599f50043f2d087d16 - - e0c1695d482d4b12a80bd9f7a9960d56 e0c1695d482d4b12a80bd9f7a9960d56] 162.253.55.156 "GET /v2.0/ports?tenant_id=d4385c5896b94e2382f9a35e5d01b6cc&device_id=0afadac5-f80a-4f5d-ae14-e8044d3a358b HTTP/1.1" status: 200 len: 1411 time: 0.0414665
2026-09-02 09:16:24.383 9 INFO neutron.wsgi [req-17c3e87f-ec16-48e7-9d13-f2623167b100 req-04e8c3e1-8443-4ce2-a3fe-64e92f6553ab 54e45c44743743bf8e98b1d9fd967fb6 cb0409feed8740599f50043f2d087d16 - - e0c1695d482d4b12a80bd9f7a9960d56 e0c1695d482d4b12a80bd9f7a9960d56] 162.253.55.156 "GET /v2.0/floatingips?fixed_ip_address=10.100.0.10&port_id=30dba5fb-a208-4271-b122-81fe0056f159 HTTP/1.1" status: 200 len: 217 time: 0.0201538
2026-09-02 09:16:24.417 9 INFO neutron.wsgi [req-17c3e87f-ec16-48e7-9d13-f2623167b100 req-7ccf444d-233f-4d43-9359-26478f3efdc6 54e45c44743743bf8e98b1d9fd967fb6 cb0409feed8740599f50043f2d087d16 - - e0c1695d482d4b12a80bd9f7a9960d56 e0c1695d482d4b12a80bd9f7a9960d56] 162.253.55.156 "GET /v2.0/subnets?id=80870fcd-9715-4f3a-9acd-cf54b3811639 HTTP/1.1" status: 200 len: 869 time: 0.0320344
2026-09-02 09:16:24.450 9 INFO neutron.wsgi [req-17c3e87f-ec16-48e7-9d13-f2623167b100 req-1e7ac80f-de3b-42e0-991b-27c214ec7599 54e45c44743743bf8e98b1d9fd967fb6 cb0409feed8740599f50043f2d087d16 - - e0c1695d482d4b12a80bd9f7a9960d56 e0c1695d482d4b12a80bd9f7a9960d56] 162.253.55.156 "GET /v2.0/ports?network_id=b06d2f89-ea93-4ca0-80b3-afcc115334fb&device_owner=network%3Adhcp HTTP/1.1" status: 200 len: 210 time: 0.0218089
2026-09-02 09:16:24.524 9 INFO neutron.wsgi [req-17c3e87f-ec16-48e7-9d13-f2623167b100 req-57faebea-d21e-4fc4-964c-da55d17e95a3 54e45c44743743bf8e98b1d9fd967fb6 cb0409feed8740599f50043f2d087d16 - - e0c1695d482d4b12a80bd9f7a9960d56 e0c1695d482d4b12a80bd9f7a9960d56] 162.253.55.156 "GET /v2.0/networks/b06d2f89-ea93-4ca0-80b3-afcc115334fb?fields=segments HTTP/1.1" status: 200 len: 212 time: 0.0652072
2026-09-02 09:16:24.562 10 INFO neutron.db.ovn_revision_numbers_db [None req-21b30d30-00a1-4890-a5eb-67e76a2deb68 4a4dc743a4ec401c99767857d9b888dd 3c9317b137e245879a30016208724001 - - default default] Successfully bumped revision number for resource c72d1b7f-fe10-4223-9446-216c5cb1e146 (type: ports) to 1
2026-09-02 09:16:24.597 9 INFO neutron.wsgi [req-17c3e87f-ec16-48e7-9d13-f2623167b100 req-629537c5-d89a-4402-86d8-5bfce4fe22e5 54e45c44743743bf8e98b1d9fd967fb6 cb0409feed8740599f50043f2d087d16 - - e0c1695d482d4b12a80bd9f7a9960d56 e0c1695d482d4b12a80bd9f7a9960d56] 162.253.55.156 "GET /v2.0/networks/b06d2f89-ea93-4ca0-80b3-afcc115334fb?fields=provider%3Aphysical_network&fields=provider%3Anetwork_type HTTP/1.1" status: 200 len: 277 time: 0.0680537
2026-09-02 09:16:24.612 10 INFO neutron.wsgi [None req-21b30d30-00a1-4890-a5eb-67e76a2deb68 4a4dc743a4ec401c99767857d9b888dd 3c9317b137e245879a30016208724001 - - default default] 10.0.0.155 "POST /v2.0/ports HTTP/1.1" status: 201 len: 1153 time: 0.8909433
2026-09-02 09:16:24.939 9 WARNING neutron.scheduler.dhcp_agent_scheduler [None req-db8dca5b-f8a0-4572-92be-c945af5b43ec 4a4dc743a4ec401c99767857d9b888dd 3c9317b137e245879a30016208724001 - - default default] No more DHCP agents
2026-09-02 09:16:24.942 9 WARNING neutron.api.rpc.agentnotifiers.dhcp_rpc_agent_api [None req-db8dca5b-f8a0-4572-92be-c945af5b43ec 4a4dc743a4ec401c99767857d9b888dd 3c9317b137e245879a30016208724001 - - default default] Unable to schedule network 81381afb-9760-4b27-98f0-5197d5c3d7d3: no agents available; will retry on subsequent port and subnet creation events.
2026-09-02 09:16:25.133 10 INFO neutron.db.ovn_revision_numbers_db [None req-efe1dc67-e0ae-487c-a087-77584c09fbb6 3ae23c41bc1f4269940bbf1c7b927978 093a2da55a974dd7987cb51a448df596 - - default default] Successfully bumped revision number for resource 6eae1665-5422-4dca-8c56-d739092c3ded (type: security_groups) to 1
2026-09-02 09:16:25.153 10 INFO neutron.db.ovn_revision_numbers_db [None req-efe1dc67-e0ae-487c-a087-77584c09fbb6 3ae23c41bc1f4269940bbf1c7b927978 093a2da55a974dd7987cb51a448df596 - - default default] Successfully bumped revision number for resource 780b800f-24d1-4b06-b1fe-87e5b7e6dbe9 (type: security_group_rules) to 0
2026-09-02 09:16:25.188 10 INFO neutron.db.ovn_revision_numbers_db [None req-efe1dc67-e0ae-487c-a087-77584c09fbb6 3ae23c41bc1f4269940bbf1c7b927978 093a2da55a974dd7987cb51a448df596 - - default default] Successfully bumped revision number for resource a00f40ff-8548-47d0-8658-928a7668cb9f (type: security_group_rules) to 0
2026-09-02 09:16:25.273 10 INFO neutron.wsgi [req-2c0989c5-ff18-4477-a6ee-ca76b9eba0bb req-933925af-5f66-4ad2-94bd-e308d72fdaf2 ab2fe41318cf428fae55e2a45ddf0569 d4385c5896b94e2382f9a35e5d01b6cc - - default default] 10.0.0.229 "GET /v2.0/ports?device_id=0afadac5-f80a-4f5d-ae14-e8044d3a358b HTTP/1.1" status: 200 len: 1172 time: 0.1019311
2026-09-02 09:16:25.275 10 INFO neutron.db.ovn_revision_numbers_db [None req-efe1dc67-e0ae-487c-a087-77584c09fbb6 3ae23c41bc1f4269940bbf1c7b927978 093a2da55a974dd7987cb51a448df596 - - default default] Successfully bumped revision number for resource b45619bd-183a-4b11-aadf-238ace5eeb51 (type: security_group_rules) to 0
2026-09-02 09:16:25.304 10 INFO neutron.notifiers.nova [-] Nova event matching ['req-80dc5ee8-fc21-44d4-a20e-b3c5e45843e0'] response: {'server_uuid': 'd8867c11-4dee-4bee-94f7-148c5d191de5', 'name': 'network-vif-plugged', 'status': 'completed', 'tag': 'f6f34d07-0af4-4c09-9d86-f715a42673ca', 'code': 200}
2026-09-02 09:16:25.335 10 INFO neutron.db.ovn_revision_numbers_db [None req-efe1dc67-e0ae-487c-a087-77584c09fbb6 3ae23c41bc1f4269940bbf1c7b927978 093a2da55a974dd7987cb51a448df596 - - default default] Successfully bumped revision number for resource f4f04103-e8da-41c4-9492-d492ed4d395d (type: security_group_rules) to 0
2026-09-02 09:16:25.349 9 INFO neutron.db.l3_db [None req-db8dca5b-f8a0-4572-92be-c945af5b43ec 4a4dc743a4ec401c99767857d9b888dd 3c9317b137e245879a30016208724001 - - default default] Floating IP f579544b-d802-44ed-8140-1b83fe9a92a5 associated. External IP: 10.96.250.201, port: c72d1b7f-fe10-4223-9446-216c5cb1e146.
2026-09-02 09:16:25.361 10 INFO neutron.wsgi [req-2c0989c5-ff18-4477-a6ee-ca76b9eba0bb req-dc04c98e-4dec-4b7e-9b22-6dace036adc9 ab2fe41318cf428fae55e2a45ddf0569 d4385c5896b94e2382f9a35e5d01b6cc - - default default] 10.0.0.229 "GET /v2.0/security-groups?id=9c3b4802-390c-40b3-bd11-b0a74ddfa532&fields=id&fields=name HTTP/1.1" status: 200 len: 313 time: 0.0825498
2026-09-02 09:16:25.365 10 INFO neutron.wsgi [None req-efe1dc67-e0ae-487c-a087-77584c09fbb6 3ae23c41bc1f4269940bbf1c7b927978 093a2da55a974dd7987cb51a448df596 - - default default] 10.0.0.155 "GET /v2.0/security-groups?tenant_id=fc88e775bc544819b1d1a75802fda7e3&name=default HTTP/1.1" status: 200 len: 2996 time: 0.5954061
2026-09-02 09:16:25.630 10 INFO neutron.wsgi [None req-bdf7aae8-d5db-4e1d-a05f-51f9aeb967e0 e0420304acc54ff18591e5d918b15ea6 23075490109b4dfab789ef8873f8caf4 - - default default] 10.0.0.155 "DELETE /v2.0/security-groups/85c71501-7f10-47e4-b1b9-70a67577ba2f HTTP/1.1" status: 204 len: 168 time: 0.1608768
2026-09-02 09:16:25.647 10 INFO neutron.api.v2.resource [None req-2de78360-35b3-4be4-b2bc-41cc509ee9e1 e0420304acc54ff18591e5d918b15ea6 23075490109b4dfab789ef8873f8caf4 - - default default] show failed (client error): The resource could not be found.
2026-09-02 09:16:25.648 10 INFO neutron.wsgi [None req-2de78360-35b3-4be4-b2bc-41cc509ee9e1 e0420304acc54ff18591e5d918b15ea6 23075490109b4dfab789ef8873f8caf4 - - default default] 10.0.0.155 "GET /v2.0/security-groups/85c71501-7f10-47e4-b1b9-70a67577ba2f HTTP/1.1" status: 404 len: 347 time: 0.0100915
2026-09-02 09:16:25.732 9 WARNING neutron.plugins.ml2.drivers.ovn.mech_driver.ovsdb.ovn_client [None req-8963fdc7-5ca0-4f58-aab6-7e2a0674ef9d - - - - - -] No hosting information found for port 3d1bd8d4-be7b-498e-a64f-29d48eed9348: RuntimeError: No hosting information found for port 3d1bd8d4-be7b-498e-a64f-29d48eed9348
2026-09-02 09:16:25.733 9 INFO neutron.plugins.ml2.drivers.ovn.mech_driver.mech_driver [None req-8963fdc7-5ca0-4f58-aab6-7e2a0674ef9d - - - - - -] OVN reports status up for port: 9985f1c4-f936-44e2-b705-51388c9810cf
2026-09-02 09:16:25.781 9 INFO neutron.plugins.ml2.plugin [None req-8963fdc7-5ca0-4f58-aab6-7e2a0674ef9d - - - - - -] Attempt 1 to provision port 9985f1c4-f936-44e2-b705-51388c9810cf
2026-09-02 09:16:25.878 9 INFO neutron.db.ovn_revision_numbers_db [None req-db8dca5b-f8a0-4572-92be-c945af5b43ec 4a4dc743a4ec401c99767857d9b888dd 3c9317b137e245879a30016208724001 - - default default] Successfully bumped revision number for resource f579544b-d802-44ed-8140-1b83fe9a92a5 (type: floatingips) to 0
2026-09-02 09:16:25.961 10 INFO neutron.wsgi [None req-233ed992-0049-4ef2-aecd-a83f6a5738eb e0420304acc54ff18591e5d918b15ea6 23075490109b4dfab789ef8873f8caf4 - - default default] 10.0.0.155 "DELETE /v2.0/floatingips/dc9b9969-0e0c-4847-a51c-59f0808dce38 HTTP/1.1" status: 204 len: 168 time: 0.2981281
2026-09-02 09:16:26.011 9 INFO neutron.db.ovn_revision_numbers_db [None req-db8dca5b-f8a0-4572-92be-c945af5b43ec 4a4dc743a4ec401c99767857d9b888dd 3c9317b137e245879a30016208724001 - - default default] Successfully bumped revision number for resource f579544b-d802-44ed-8140-1b83fe9a92a5 (type: floatingips) to 1
2026-09-02 09:16:26.017 9 INFO neutron.wsgi [None req-c243e901-27cf-42ce-b49f-ef38204d3e22 3ae23c41bc1f4269940bbf1c7b927978 093a2da55a974dd7987cb51a448df596 - - default default] 10.0.0.155 "DELETE /v2.0/security-groups/6eae1665-5422-4dca-8c56-d739092c3ded HTTP/1.1" status: 204 len: 168 time: 0.6328065
2026-09-02 09:16:26.055 9 INFO neutron.wsgi [None req-db8dca5b-f8a0-4572-92be-c945af5b43ec 4a4dc743a4ec401c99767857d9b888dd 3c9317b137e245879a30016208724001 - - default default] 10.0.0.155 "POST /v2.0/floatingips HTTP/1.1" status: 201 len: 1040 time: 1.4359505
2026-09-02 09:16:26.172 9 INFO neutron.db.ovn_revision_numbers_db [None req-8963fdc7-5ca0-4f58-aab6-7e2a0674ef9d - - - - - -] Successfully bumped revision number for resource 9985f1c4-f936-44e2-b705-51388c9810cf (type: ports) to 2
2026-09-02 09:16:26.199 9 INFO neutron.notifiers.nova [-] Nova event matching ['req-9495b9bc-ffed-48c2-b0f2-1072aa5f17f6'] response: {'name': 'network-changed', 'server_uuid': '0afadac5-f80a-4f5d-ae14-e8044d3a358b', 'tag': '30dba5fb-a208-4271-b122-81fe0056f159', 'status': 'completed', 'code': 200}
2026-09-02 09:16:26.217 10 INFO neutron.db.l3_db [None req-bf334e73-59a6-4a29-826d-589b027038a7 4a4dc743a4ec401c99767857d9b888dd 3c9317b137e245879a30016208724001 - - default default] Floating IP f579544b-d802-44ed-8140-1b83fe9a92a5 disassociated. External IP: 10.96.250.201, port: c72d1b7f-fe10-4223-9446-216c5cb1e146.
2026-09-02 09:16:26.251 10 INFO neutron.db.ovn_revision_numbers_db [None req-bf334e73-59a6-4a29-826d-589b027038a7 4a4dc743a4ec401c99767857d9b888dd 3c9317b137e245879a30016208724001 - - default default] Successfully bumped revision number for resource f579544b-d802-44ed-8140-1b83fe9a92a5 (type: floatingips) to 2
2026-09-02 09:16:26.276 9 INFO neutron.wsgi [req-0bc033f7-58ba-4e1a-b80d-1fb9180e523e req-7a154d45-1dd9-44f6-96c8-8f2643f54daf 54e45c44743743bf8e98b1d9fd967fb6 cb0409feed8740599f50043f2d087d16 - - e0c1695d482d4b12a80bd9f7a9960d56 e0c1695d482d4b12a80bd9f7a9960d56] 162.253.55.156 "GET /v2.0/ports?tenant_id=d4385c5896b94e2382f9a35e5d01b6cc&device_id=0afadac5-f80a-4f5d-ae14-e8044d3a358b HTTP/1.1" status: 200 len: 1411 time: 0.0534208
2026-09-02 09:16:26.308 10 INFO neutron.wsgi [None req-bf334e73-59a6-4a29-826d-589b027038a7 4a4dc743a4ec401c99767857d9b888dd 3c9317b137e245879a30016208724001 - - default default] 10.0.0.155 "PUT /v2.0/floatingips/f579544b-d802-44ed-8140-1b83fe9a92a5 HTTP/1.1" status: 200 len: 748 time: 0.2451756
2026-09-02 09:16:26.360 9 INFO neutron.db.ovn_revision_numbers_db [None req-8963fdc7-5ca0-4f58-aab6-7e2a0674ef9d - - - - - -] Successfully bumped revision number for resource 9985f1c4-f936-44e2-b705-51388c9810cf (type: router_ports) to 2
2026-09-02 09:16:26.364 9 INFO neutron.wsgi [req-0bc033f7-58ba-4e1a-b80d-1fb9180e523e req-b935d83a-b816-45b0-916d-8d414acfc8eb 54e45c44743743bf8e98b1d9fd967fb6 cb0409feed8740599f50043f2d087d16 - - e0c1695d482d4b12a80bd9f7a9960d56 e0c1695d482d4b12a80bd9f7a9960d56] 162.253.55.156 "GET /v2.0/networks?id=b06d2f89-ea93-4ca0-80b3-afcc115334fb HTTP/1.1" status: 200 len: 974 time: 0.0795820
2026-09-02 09:16:26.393 9 INFO neutron.wsgi [req-0bc033f7-58ba-4e1a-b80d-1fb9180e523e req-41d6a9e0-cd6b-4ea4-a93b-161463fc0e59 54e45c44743743bf8e98b1d9fd967fb6 cb0409feed8740599f50043f2d087d16 - - e0c1695d482d4b12a80bd9f7a9960d56 e0c1695d482d4b12a80bd9f7a9960d56] 162.253.55.156 "GET /v2.0/floatingips?fixed_ip_address=10.100.0.10&port_id=30dba5fb-a208-4271-b122-81fe0056f159 HTTP/1.1" status: 200 len: 217 time: 0.0205321
2026-09-02 09:16:26.477 9 INFO neutron.wsgi [req-0bc033f7-58ba-4e1a-b80d-1fb9180e523e req-03e9141b-3ec1-4b5b-8491-513f55eaa686 54e45c44743743bf8e98b1d9fd967fb6 cb0409feed8740599f50043f2d087d16 - - e0c1695d482d4b12a80bd9f7a9960d56 e0c1695d482d4b12a80bd9f7a9960d56] 162.253.55.156 "GET /v2.0/subnets?id=80870fcd-9715-4f3a-9acd-cf54b3811639 HTTP/1.1" status: 200 len: 869 time: 0.0788305
2026-09-02 09:16:26.520 9 INFO neutron.wsgi [req-0bc033f7-58ba-4e1a-b80d-1fb9180e523e req-33ecb3fa-3d38-4d9e-ad54-7b6be2f4526e 54e45c44743743bf8e98b1d9fd967fb6 cb0409feed8740599f50043f2d087d16 - - e0c1695d482d4b12a80bd9f7a9960d56 e0c1695d482d4b12a80bd9f7a9960d56] 162.253.55.156 "GET /v2.0/ports?network_id=b06d2f89-ea93-4ca0-80b3-afcc115334fb&device_owner=network%3Adhcp HTTP/1.1" status: 200 len: 210 time: 0.0335975
2026-09-02 09:16:26.573 10 INFO neutron.wsgi [req-631d6e4c-1abd-4ee8-8f2a-a2b4640810d4 req-3ed5e0e1-08b5-472b-b214-c11d83ccfaeb ab2fe41318cf428fae55e2a45ddf0569 d4385c5896b94e2382f9a35e5d01b6cc - - default default] 10.0.0.229 "GET /v2.0/ports?device_id=0afadac5-f80a-4f5d-ae14-e8044d3a358b HTTP/1.1" status: 200 len: 1172 time: 0.1219225
2026-09-02 09:16:26.620 9 INFO neutron.wsgi [req-0bc033f7-58ba-4e1a-b80d-1fb9180e523e req-4a6f16b1-688d-4de7-a4e8-f52e1cce47ef 54e45c44743743bf8e98b1d9fd967fb6 cb0409feed8740599f50043f2d087d16 - - e0c1695d482d4b12a80bd9f7a9960d56 e0c1695d482d4b12a80bd9f7a9960d56] 162.253.55.156 "GET /v2.0/networks/b06d2f89-ea93-4ca0-80b3-afcc115334fb?fields=segments HTTP/1.1" status: 200 len: 212 time: 0.0829384
2026-09-02 09:16:26.629 10 INFO neutron.wsgi [req-631d6e4c-1abd-4ee8-8f2a-a2b4640810d4 req-bd174a8d-ec60-4082-98b5-22511fd7b525 ab2fe41318cf428fae55e2a45ddf0569 d4385c5896b94e2382f9a35e5d01b6cc - - default default] 10.0.0.229 "GET /v2.0/security-groups?id=9c3b4802-390c-40b3-bd11-b0a74ddfa532&fields=id&fields=name HTTP/1.1" status: 200 len: 313 time: 0.0452402
2026-09-02 09:16:26.722 10 INFO neutron.wsgi [None req-1d5e98ed-b502-4132-a9b5-92ca6542af3d 4a4dc743a4ec401c99767857d9b888dd 3c9317b137e245879a30016208724001 - - default default] 10.0.0.155 "DELETE /v2.0/floatingips/f579544b-d802-44ed-8140-1b83fe9a92a5 HTTP/1.1" status: 204 len: 168 time: 0.4016061
2026-09-02 09:16:26.747 9 INFO neutron.wsgi [req-0bc033f7-58ba-4e1a-b80d-1fb9180e523e req-e0de3391-a059-4c51-b031-82b489c67795 54e45c44743743bf8e98b1d9fd967fb6 cb0409feed8740599f50043f2d087d16 - - e0c1695d482d4b12a80bd9f7a9960d56 e0c1695d482d4b12a80bd9f7a9960d56] 162.253.55.156 "GET /v2.0/networks/b06d2f89-ea93-4ca0-80b3-afcc115334fb?fields=provider%3Aphysical_network&fields=provider%3Anetwork_type HTTP/1.1" status: 200 len: 277 time: 0.1126509
2026-09-02 09:16:26.927 10 WARNING neutron.scheduler.dhcp_agent_scheduler [None req-51e9996b-edc0-4a1a-aa32-729976ff2ed7 4a4dc743a4ec401c99767857d9b888dd 3c9317b137e245879a30016208724001 - - default default] No more DHCP agents
2026-09-02 09:16:26.928 10 WARNING neutron.api.rpc.agentnotifiers.dhcp_rpc_agent_api [None req-51e9996b-edc0-4a1a-aa32-729976ff2ed7 4a4dc743a4ec401c99767857d9b888dd 3c9317b137e245879a30016208724001 - - default default] Unable to schedule network 81381afb-9760-4b27-98f0-5197d5c3d7d3: no agents available; will retry on subsequent port and subnet creation events.
2026-09-02 09:16:27.338 10 INFO neutron.db.l3_db [None req-51e9996b-edc0-4a1a-aa32-729976ff2ed7 4a4dc743a4ec401c99767857d9b888dd 3c9317b137e245879a30016208724001 - - default default] Floating IP 7a418946-48c1-4c0e-ab7f-6abe5832cd17 associated. External IP: 10.96.250.220, port: 11872f70-01e3-4b53-8c16-8aed4bc1197d.
2026-09-02 09:16:27.360 9 INFO neutron.wsgi [None req-fe565394-0fde-46ad-9322-90a738eaaf7f 3ae23c41bc1f4269940bbf1c7b927978 093a2da55a974dd7987cb51a448df596 - - default default] 10.0.0.155 "PUT /v2.0/routers/aaf9644c-e4c7-4b1d-9d1a-7d5ff8114bfd/remove_router_interface HTTP/1.1" status: 200 len: 503 time: 1.2950754 /var/lib/openstack/lib/python3.10/site-packages/pycadf/identifier.py:71: UserWarning: Invalid uuid: neutron. To ensure interoperability, identifiers should be a valid uuid. warnings.warn(('Invalid uuid: %s. To ensure interoperability, '
2026-09-02 09:16:27.541 10 INFO neutron.db.ovn_revision_numbers_db [None req-51e9996b-edc0-4a1a-aa32-729976ff2ed7 4a4dc743a4ec401c99767857d9b888dd 3c9317b137e245879a30016208724001 - - default default] Successfully bumped revision number for resource 7a418946-48c1-4c0e-ab7f-6abe5832cd17 (type: floatingips) to 0 /var/lib/openstack/lib/python3.10/site-packages/pycadf/identifier.py:71: UserWarning: Invalid uuid: neutron. To ensure interoperability, identifiers should be a valid uuid. warnings.warn(('Invalid uuid: %s. To ensure interoperability, '
2026-09-02 09:16:27.726 10 INFO neutron.db.ovn_revision_numbers_db [None req-51e9996b-edc0-4a1a-aa32-729976ff2ed7 4a4dc743a4ec401c99767857d9b888dd 3c9317b137e245879a30016208724001 - - default default] Successfully bumped revision number for resource 7a418946-48c1-4c0e-ab7f-6abe5832cd17 (type: floatingips) to 1
2026-09-02 09:16:27.762 10 INFO neutron.wsgi [req-f55421a7-8fe8-49c4-b32e-08a6a093e463 req-d0ef06a8-526a-4787-bdee-bf2ee888c0ce ab2fe41318cf428fae55e2a45ddf0569 d4385c5896b94e2382f9a35e5d01b6cc - - default default] 10.0.0.229 "GET /v2.0/ports?device_id=0afadac5-f80a-4f5d-ae14-e8044d3a358b HTTP/1.1" status: 200 len: 1172 time: 0.0493131
2026-09-02 09:16:27.786 10 INFO neutron.wsgi [None req-51e9996b-edc0-4a1a-aa32-729976ff2ed7 4a4dc743a4ec401c99767857d9b888dd 3c9317b137e245879a30016208724001 - - default default] 10.0.0.155 "POST /v2.0/floatingips HTTP/1.1" status: 201 len: 1040 time: 1.0587387
2026-09-02 09:16:27.807 10 INFO neutron.wsgi [req-f55421a7-8fe8-49c4-b32e-08a6a093e463 req-f8df68ca-0ec7-42ca-8442-7bfd9d68e16c ab2fe41318cf428fae55e2a45ddf0569 d4385c5896b94e2382f9a35e5d01b6cc - - default default] 10.0.0.229 "GET /v2.0/security-groups?id=9c3b4802-390c-40b3-bd11-b0a74ddfa532&fields=id&fields=name HTTP/1.1" status: 200 len: 313 time: 0.0373747
2026-09-02 09:16:28.169 9 INFO neutron.wsgi [None req-8805e818-082c-489e-9f58-5175e5fde0cd 4a4dc743a4ec401c99767857d9b888dd 3c9317b137e245879a30016208724001 - - default default] 10.0.0.155 "GET /v2.0/floatingips/7a418946-48c1-4c0e-ab7f-6abe5832cd17 HTTP/1.1" status: 200 len: 1037 time: 0.3743708
2026-09-02 09:16:28.256 10 INFO neutron.wsgi [None req-36c64d63-0542-40d4-99fd-fb90f20a048c 4a4dc743a4ec401c99767857d9b888dd 3c9317b137e245879a30016208724001 - - default default] 10.0.0.155 "GET /v2.0/floatingips HTTP/1.1" status: 200 len: 1040 time: 0.0802214
2026-09-02 09:16:28.276 9 INFO neutron.wsgi [None req-07b0d83e-3e1c-4e25-8da7-4ae261bafc54 3ae23c41bc1f4269940bbf1c7b927978 093a2da55a974dd7987cb51a448df596 - - default default] 10.0.0.155 "DELETE /v2.0/routers/aaf9644c-e4c7-4b1d-9d1a-7d5ff8114bfd HTTP/1.1" status: 204 len: 168 time: 0.9021862
2026-09-02 09:16:28.515 9 INFO neutron.wsgi [None req-606a38e9-09b6-48c2-97ff-2b8879f5a25f 3ae23c41bc1f4269940bbf1c7b927978 093a2da55a974dd7987cb51a448df596 - - default default] 10.0.0.155 "DELETE /v2.0/subnets/11340a32-68d6-4bae-914f-1ab39983a8c0 HTTP/1.1" status: 204 len: 168 time: 0.2331204
2026-09-02 09:16:28.821 9 INFO neutron.services.segments.plugin [-] Segment 6d526ef8-7a70-4697-a250-cdf3f29b2fc9 resource provider aggregate not found
2026-09-02 09:16:28.826 9 INFO neutron.services.segments.plugin [-] Segment 6d526ef8-7a70-4697-a250-cdf3f29b2fc9 resource provider aggregate not found
2026-09-02 09:16:28.842 9 INFO neutron.services.segments.plugin [-] Segment 6d526ef8-7a70-4697-a250-cdf3f29b2fc9 resource provider not found; error: Placement Client Error (4xx): {"errors": [{"status": 404, "title": "Not Found", "detail": "The resource could not be found.\n\n No resource provider with uuid 6d526ef8-7a70-4697-a250-cdf3f29b2fc9 found for delete ", "request_id": "req-a121f3d7-f7eb-4006-bc86-d457f0abfabf"}]}
2026-09-02 09:16:28.847 9 INFO neutron.services.segments.plugin [-] Segment 6d526ef8-7a70-4697-a250-cdf3f29b2fc9 resource provider not found; error: Placement Client Error (4xx): {"errors": [{"status": 404, "title": "Not Found", "detail": "The resource could not be found.\n\n No resource provider with uuid 6d526ef8-7a70-4697-a250-cdf3f29b2fc9 found for delete ", "request_id": "req-929248da-78fe-4ed4-b5ed-e5c2bb49a172"}]}
2026-09-02 09:16:28.858 9 INFO neutron.wsgi [None req-c9028212-6afe-4ac4-82f6-d879ecd24657 3ae23c41bc1f4269940bbf1c7b927978 093a2da55a974dd7987cb51a448df596 - - default default] 10.0.0.155 "DELETE /v2.0/networks/0772df9d-938f-46b8-88b9-233b3291176b HTTP/1.1" status: 204 len: 168 time: 0.3347631
2026-09-02 09:16:28.964 10 INFO neutron.wsgi [req-48b67fde-f022-46bf-bf35-dddcb57beaef req-6e53c317-3881-429a-aead-4bc65b87d0e0 ab2fe41318cf428fae55e2a45ddf0569 d4385c5896b94e2382f9a35e5d01b6cc - - default default] 10.0.0.229 "GET /v2.0/ports?device_id=0afadac5-f80a-4f5d-ae14-e8044d3a358b HTTP/1.1" status: 200 len: 1172 time: 0.0688674
2026-09-02 09:16:29.031 10 INFO neutron.wsgi [req-48b67fde-f022-46bf-bf35-dddcb57beaef req-a66d3f32-f50f-4539-a480-c8377c7db485 ab2fe41318cf428fae55e2a45ddf0569 d4385c5896b94e2382f9a35e5d01b6cc - - default default] 10.0.0.229 "GET /v2.0/security-groups?id=9c3b4802-390c-40b3-bd11-b0a74ddfa532&fields=id&fields=name HTTP/1.1" status: 200 len: 313 time: 0.0568116
2026-09-02 09:16:29.037 9 INFO neutron.db.ovn_revision_numbers_db [None req-c527f4e9-329c-47c9-9298-8a70f5075c04 3ae23c41bc1f4269940bbf1c7b927978 093a2da55a974dd7987cb51a448df596 - - default default] Successfully bumped revision number for resource 540d1d31-3932-48aa-8683-6ee8347321af (type: security_groups) to 1
2026-09-02 09:16:29.039 10 INFO neutron.db.l3_db [None req-d186ac7a-83a3-45e9-906f-5fc2f7cb0538 4a4dc743a4ec401c99767857d9b888dd 3c9317b137e245879a30016208724001 - - default default] Floating IP 7a418946-48c1-4c0e-ab7f-6abe5832cd17 associated. External IP: 10.96.250.220, port: 11872f70-01e3-4b53-8c16-8aed4bc1197d.
2026-09-02 09:16:29.064 9 INFO neutron.db.ovn_revision_numbers_db [None req-c527f4e9-329c-47c9-9298-8a70f5075c04 3ae23c41bc1f4269940bbf1c7b927978 093a2da55a974dd7987cb51a448df596 - - default default] Successfully bumped revision number for resource 03fdfb02-1d27-4b46-ab2b-6b4a967ee43b (type: security_group_rules) to 0
2026-09-02 09:16:29.073 9 INFO neutron.wsgi [None req-d5f17aea-91ec-4691-aa81-2bc7a0265454 3ae23c41bc1f4269940bbf1c7b927978 093a2da55a974dd7987cb51a448df596 - - default default] 10.0.0.155 "GET /v2.0/security-groups?tenant_id=23075490109b4dfab789ef8873f8caf4&name=default HTTP/1.1" status: 200 len: 2996 time: 0.0465503
2026-09-02 09:16:29.090 9 INFO neutron.db.ovn_revision_numbers_db [None req-c527f4e9-329c-47c9-9298-8a70f5075c04 3ae23c41bc1f4269940bbf1c7b927978 093a2da55a974dd7987cb51a448df596 - - default default] Successfully bumped revision number for resource 0ea654e2-fbdd-4cff-9df7-668163b10ac1 (type: security_group_rules) to 0
2026-09-02 09:16:29.107 9 INFO neutron.db.ovn_revision_numbers_db [None req-c527f4e9-329c-47c9-9298-8a70f5075c04 3ae23c41bc1f4269940bbf1c7b927978 093a2da55a974dd7987cb51a448df596 - - default default] Successfully bumped revision number for resource 6c45a404-0acd-48da-988d-06ba7738865e (type: security_group_rules) to 0
2026-09-02 09:16:29.122 9 INFO neutron.db.ovn_revision_numbers_db [None req-c527f4e9-329c-47c9-9298-8a70f5075c04 3ae23c41bc1f4269940bbf1c7b927978 093a2da55a974dd7987cb51a448df596 - - default default] Successfully bumped revision number for resource f13af8cc-96f3-4021-b52a-c488f0dbc2c2 (type: security_group_rules) to 0
2026-09-02 09:16:29.156 9 INFO neutron.wsgi [None req-c527f4e9-329c-47c9-9298-8a70f5075c04 3ae23c41bc1f4269940bbf1c7b927978 093a2da55a974dd7987cb51a448df596 - - default default] 10.0.0.155 "GET /v2.0/security-groups?tenant_id=07042f35b23546888425e84f7bccc5c5&name=default HTTP/1.1" status: 200 len: 2996 time: 0.4453597
2026-09-02 09:16:29.252 10 INFO neutron.db.ovn_revision_numbers_db [None req-d186ac7a-83a3-45e9-906f-5fc2f7cb0538 4a4dc743a4ec401c99767857d9b888dd 3c9317b137e245879a30016208724001 - - default default] Successfully bumped revision number for resource 7a418946-48c1-4c0e-ab7f-6abe5832cd17 (type: floatingips) to 2
2026-09-02 09:16:29.330 9 INFO neutron.wsgi [None req-44d98afa-55d0-44e7-a2f6-82751f6df25e 3ae23c41bc1f4269940bbf1c7b927978 093a2da55a974dd7987cb51a448df596 - - default default] 10.0.0.155 "DELETE /v2.0/security-groups/e306316d-0e5d-4b5b-a4a6-6f2933d2d04a HTTP/1.1" status: 204 len: 168 time: 0.2510500
2026-09-02 09:16:29.344 10 INFO neutron.db.ovn_revision_numbers_db [None req-d186ac7a-83a3-45e9-906f-5fc2f7cb0538 4a4dc743a4ec401c99767857d9b888dd 3c9317b137e245879a30016208724001 - - default default] Successfully bumped revision number for resource 7a418946-48c1-4c0e-ab7f-6abe5832cd17 (type: floatingips) to 2
2026-09-02 09:16:29.387 10 INFO neutron.wsgi [None req-d186ac7a-83a3-45e9-906f-5fc2f7cb0538 4a4dc743a4ec401c99767857d9b888dd 3c9317b137e245879a30016208724001 - - default default] 10.0.0.155 "PUT /v2.0/floatingips/7a418946-48c1-4c0e-ab7f-6abe5832cd17 HTTP/1.1" status: 200 len: 1037 time: 1.1249104 /var/lib/openstack/lib/python3.10/site-packages/pycadf/identifier.py:71: UserWarning: Invalid uuid: neutron. To ensure interoperability, identifiers should be a valid uuid. warnings.warn(('Invalid uuid: %s. To ensure interoperability, '
2026-09-02 09:16:29.415 9 INFO neutron.wsgi [None req-51d8569c-7e8a-44e5-ae05-009c36e3610d 3ae23c41bc1f4269940bbf1c7b927978 093a2da55a974dd7987cb51a448df596 - - default default] 10.0.0.155 "DELETE /v2.0/security-groups/540d1d31-3932-48aa-8683-6ee8347321af HTTP/1.1" status: 204 len: 168 time: 0.2397425
2026-09-02 09:16:29.608 10 INFO neutron.db.l3_db [None req-38e045cd-2986-4bf4-b3bb-f4c96fedfad3 4a4dc743a4ec401c99767857d9b888dd 3c9317b137e245879a30016208724001 - - default default] Floating IP 7a418946-48c1-4c0e-ab7f-6abe5832cd17 disassociated. External IP: 10.96.250.220, port: c72d1b7f-fe10-4223-9446-216c5cb1e146.
2026-09-02 09:16:29.685 10 INFO neutron.db.ovn_revision_numbers_db [None req-38e045cd-2986-4bf4-b3bb-f4c96fedfad3 4a4dc743a4ec401c99767857d9b888dd 3c9317b137e245879a30016208724001 - - default default] Successfully bumped revision number for resource 7a418946-48c1-4c0e-ab7f-6abe5832cd17 (type: floatingips) to 3
2026-09-02 09:16:29.762 10 INFO neutron.wsgi [None req-38e045cd-2986-4bf4-b3bb-f4c96fedfad3 4a4dc743a4ec401c99767857d9b888dd 3c9317b137e245879a30016208724001 - - default default] 10.0.0.155 "PUT /v2.0/floatingips/7a418946-48c1-4c0e-ab7f-6abe5832cd17 HTTP/1.1" status: 200 len: 748 time: 0.3671069 /var/lib/openstack/lib/python3.10/site-packages/pycadf/identifier.py:71: UserWarning: Invalid uuid: neutron. To ensure interoperability, identifiers should be a valid uuid. warnings.warn(('Invalid uuid: %s. To ensure interoperability, '
2026-09-02 09:16:30.060 10 INFO neutron.wsgi [None req-636a640e-4ffc-4927-809f-7536e1f4c171 4a4dc743a4ec401c99767857d9b888dd 3c9317b137e245879a30016208724001 - - default default] 10.0.0.155 "DELETE /v2.0/floatingips/7a418946-48c1-4c0e-ab7f-6abe5832cd17 HTTP/1.1" status: 204 len: 168 time: 0.2894337
2026-09-02 09:16:30.088 10 INFO neutron.api.v2.resource [None req-df1d8f96-5cd8-416e-8195-ce5d53762a92 4a4dc743a4ec401c99767857d9b888dd 3c9317b137e245879a30016208724001 - - default default] delete failed (client error): The resource could not be found.
2026-09-02 09:16:30.089 10 INFO neutron.wsgi [None req-df1d8f96-5cd8-416e-8195-ce5d53762a92 4a4dc743a4ec401c99767857d9b888dd 3c9317b137e245879a30016208724001 - - default default] 10.0.0.155 "DELETE /v2.0/floatingips/7a418946-48c1-4c0e-ab7f-6abe5832cd17 HTTP/1.1" status: 404 len: 345 time: 0.0218983
2026-09-02 09:16:30.169 10 INFO neutron.wsgi [req-afbd2b9f-4913-46b5-b44d-55a4a5e23e95 req-0d9b5f78-fdea-471f-8ee8-da084706072e ab2fe41318cf428fae55e2a45ddf0569 d4385c5896b94e2382f9a35e5d01b6cc - - default default] 10.0.0.229 "GET /v2.0/ports?device_id=0afadac5-f80a-4f5d-ae14-e8044d3a358b HTTP/1.1" status: 200 len: 1172 time: 0.0490580
2026-09-02 09:16:30.249 10 INFO neutron.wsgi [req-afbd2b9f-4913-46b5-b44d-55a4a5e23e95 req-c815290d-461c-470e-ad64-ef9068944110 ab2fe41318cf428fae55e2a45ddf0569 d4385c5896b94e2382f9a35e5d01b6cc - - default default] 10.0.0.229 "GET /v2.0/security-groups?id=9c3b4802-390c-40b3-bd11-b0a74ddfa532&fields=id&fields=name HTTP/1.1" status: 200 len: 313 time: 0.0694726
