2026-09-02 09:18:50.828 10 INFO neutron.db.ovn_revision_numbers_db [None req-49776dff-f6e3-4659-9d49-4540aecf862c 1d6fdd9d9f124826985c8fd743e2007c 04fbcac8238a495688374fb5313cd28b - - default default] Successfully bumped revision number for resource cf564590-77ad-4e53-afba-bddb73e2c4aa (type: ports) to 1
2026-09-02 09:18:50.879 10 INFO neutron.wsgi [None req-49776dff-f6e3-4659-9d49-4540aecf862c 1d6fdd9d9f124826985c8fd743e2007c 04fbcac8238a495688374fb5313cd28b - - default default] 10.0.0.155 "POST /v2.0/networks HTTP/1.1" status: 201 len: 831 time: 1.6187596
2026-09-02 09:18:51.039 10 INFO neutron.wsgi [None req-dcac7897-71ce-48bb-b09a-79e441c6c04a 94f030901ea740148e994ed3c2f7256b ce81f603e9a74de98388882ef45d4d79 - - default default] 10.0.0.155 "PUT /v2.0/routers/0f239a26-cc25-4a9d-a8b8-5efa52713f48/remove_router_interface HTTP/1.1" status: 200 len: 503 time: 1.5347672
2026-09-02 09:18:51.137 10 INFO neutron.db.ovn_revision_numbers_db [None req-99eb6c07-18a6-4329-bb7e-9952003e144b e6de193159dd4ac188ec02027fadaf9e f9c828f7561747aba8260f355988f113 - - default default] Successfully bumped revision number for resource e6e4ffb5-a455-406e-8cb5-66d26bcceac5 (type: ports) to 2
2026-09-02 09:18:51.181 10 INFO neutron.db.ovn_revision_numbers_db [None req-99eb6c07-18a6-4329-bb7e-9952003e144b e6de193159dd4ac188ec02027fadaf9e f9c828f7561747aba8260f355988f113 - - default default] Successfully bumped revision number for resource 06447625-ed1a-486c-9500-5889f642e217 (type: subnets) to 0
2026-09-02 09:18:51.201 9 WARNING neutron.scheduler.dhcp_agent_scheduler [None req-2c62e9c1-5338-41c3-acbf-3613c4190830 1d6fdd9d9f124826985c8fd743e2007c 04fbcac8238a495688374fb5313cd28b - - default default] No more DHCP agents
2026-09-02 09:18:51.201 10 INFO neutron.wsgi [None req-99eb6c07-18a6-4329-bb7e-9952003e144b e6de193159dd4ac188ec02027fadaf9e f9c828f7561747aba8260f355988f113 - - default default] 10.0.0.155 "POST /v2.0/subnets HTTP/1.1" status: 201 len: 801 time: 1.4962676
2026-09-02 09:18:51.204 9 WARNING neutron.api.rpc.agentnotifiers.dhcp_rpc_agent_api [None req-2c62e9c1-5338-41c3-acbf-3613c4190830 1d6fdd9d9f124826985c8fd743e2007c 04fbcac8238a495688374fb5313cd28b - - default default] Unable to schedule network 30542058-477c-4d79-ab2e-543d8fad448e: no agents available; will retry on subsequent port and subnet creation events. /var/lib/openstack/lib/python3.10/site-packages/pycadf/identifier.py:71: UserWarning: Invalid uuid: neutron. To ensure interoperability, identifiers should be a valid uuid. warnings.warn(('Invalid uuid: %s. To ensure interoperability, '
2026-09-02 09:18:51.289 9 INFO neutron.db.ovn_revision_numbers_db [None req-2c62e9c1-5338-41c3-acbf-3613c4190830 1d6fdd9d9f124826985c8fd743e2007c 04fbcac8238a495688374fb5313cd28b - - default default] Successfully bumped revision number for resource 7fba9af8-ebf6-4e15-bdcc-bff65713bcfc (type: ports) to 1
2026-09-02 09:18:51.299 9 INFO neutron.wsgi [None req-a446d13c-cd3e-4a93-b0fd-c8c8f2e2f8a6 94f030901ea740148e994ed3c2f7256b ce81f603e9a74de98388882ef45d4d79 - - default default] 10.0.0.155 "DELETE /v2.0/subnets/8ce215af-1345-498b-8d6d-c582ccafb099 HTTP/1.1" status: 204 len: 168 time: 0.2528379
2026-09-02 09:18:51.320 9 INFO neutron.wsgi [None req-2c62e9c1-5338-41c3-acbf-3613c4190830 1d6fdd9d9f124826985c8fd743e2007c 04fbcac8238a495688374fb5313cd28b - - default default] 10.0.0.155 "POST /v2.0/ports HTTP/1.1" status: 201 len: 942 time: 0.4308858 /var/lib/openstack/lib/python3.10/site-packages/pycadf/identifier.py:71: UserWarning: Invalid uuid: neutron. To ensure interoperability, identifiers should be a valid uuid. warnings.warn(('Invalid uuid: %s. To ensure interoperability, '
2026-09-02 09:18:51.536 9 INFO neutron.wsgi [None req-277230f2-eef2-4e19-a4cd-414daec539af 1d6fdd9d9f124826985c8fd743e2007c 04fbcac8238a495688374fb5313cd28b - - default default] 10.0.0.155 "POST /v2.0/trunks HTTP/1.1" status: 201 len: 608 time: 0.2112207
2026-09-02 09:18:51.554 10 WARNING neutron.scheduler.dhcp_agent_scheduler [None req-6383e9f3-e40d-4b73-9e36-33e84d42dda0 e6de193159dd4ac188ec02027fadaf9e f9c828f7561747aba8260f355988f113 - - default default] No more DHCP agents
2026-09-02 09:18:51.559 10 WARNING neutron.api.rpc.agentnotifiers.dhcp_rpc_agent_api [None req-6383e9f3-e40d-4b73-9e36-33e84d42dda0 e6de193159dd4ac188ec02027fadaf9e f9c828f7561747aba8260f355988f113 - - default default] Unable to schedule network a173690f-49f6-449b-bf4c-274cc82af740: no agents available; will retry on subsequent port and subnet creation events.
2026-09-02 09:18:51.648 9 INFO neutron.db.segments_db [None req-f425b928-bc49-49a7-998a-a122ca9024bf 1d6fdd9d9f124826985c8fd743e2007c 04fbcac8238a495688374fb5313cd28b - - default default] Added segment 84d09873-e8a0-4e9c-895f-2f695d7e6352 of type geneve for network d8a9ee3f-def4-40d5-b779-b4f151c179fd
2026-09-02 09:18:51.793 9 INFO neutron.db.ovn_revision_numbers_db [None req-f425b928-bc49-49a7-998a-a122ca9024bf 1d6fdd9d9f124826985c8fd743e2007c 04fbcac8238a495688374fb5313cd28b - - default default] Successfully bumped revision number for resource d8a9ee3f-def4-40d5-b779-b4f151c179fd (type: networks) to 1
2026-09-02 09:18:51.926 9 WARNING neutron.scheduler.dhcp_agent_scheduler [None req-f425b928-bc49-49a7-998a-a122ca9024bf 1d6fdd9d9f124826985c8fd743e2007c 04fbcac8238a495688374fb5313cd28b - - default default] No more DHCP agents
2026-09-02 09:18:51.927 9 WARNING neutron.api.rpc.agentnotifiers.dhcp_rpc_agent_api [None req-f425b928-bc49-49a7-998a-a122ca9024bf 1d6fdd9d9f124826985c8fd743e2007c 04fbcac8238a495688374fb5313cd28b - - default default] Unable to schedule network d8a9ee3f-def4-40d5-b779-b4f151c179fd: no agents available; will retry on subsequent port and subnet creation events.
2026-09-02 09:18:51.994 9 INFO neutron.db.ovn_revision_numbers_db [None req-f425b928-bc49-49a7-998a-a122ca9024bf 1d6fdd9d9f124826985c8fd743e2007c 04fbcac8238a495688374fb5313cd28b - - default default] Successfully bumped revision number for resource 2b1decd2-b034-4bf4-95d3-91094f9782ab (type: ports) to 1
2026-09-02 09:18:52.016 9 INFO neutron.wsgi [None req-f425b928-bc49-49a7-998a-a122ca9024bf 1d6fdd9d9f124826985c8fd743e2007c 04fbcac8238a495688374fb5313cd28b - - default default] 10.0.0.155 "POST /v2.0/networks HTTP/1.1" status: 201 len: 830 time: 0.4735076
2026-09-02 09:18:52.202 9 WARNING neutron.scheduler.dhcp_agent_scheduler [None req-43ec533a-27e3-4fc9-aa63-0667c377032d 1d6fdd9d9f124826985c8fd743e2007c 04fbcac8238a495688374fb5313cd28b - - default default] No more DHCP agents
2026-09-02 09:18:52.203 9 WARNING neutron.api.rpc.agentnotifiers.dhcp_rpc_agent_api [None req-43ec533a-27e3-4fc9-aa63-0667c377032d 1d6fdd9d9f124826985c8fd743e2007c 04fbcac8238a495688374fb5313cd28b - - default default] Unable to schedule network d8a9ee3f-def4-40d5-b779-b4f151c179fd: no agents available; will retry on subsequent port and subnet creation events.
2026-09-02 09:18:52.229 10 INFO neutron.wsgi [None req-9110750d-c7b3-4210-860c-f1612ad52f4a 94f030901ea740148e994ed3c2f7256b ce81f603e9a74de98388882ef45d4d79 - - default default] 10.0.0.155 "DELETE /v2.0/routers/0f239a26-cc25-4a9d-a8b8-5efa52713f48 HTTP/1.1" status: 204 len: 168 time: 0.9218805 /var/lib/openstack/lib/python3.10/site-packages/pycadf/identifier.py:71: UserWarning: Invalid uuid: neutron. To ensure interoperability, identifiers should be a valid uuid. warnings.warn(('Invalid uuid: %s. To ensure interoperability, '
2026-09-02 09:18:52.324 9 INFO neutron.db.ovn_revision_numbers_db [None req-43ec533a-27e3-4fc9-aa63-0667c377032d 1d6fdd9d9f124826985c8fd743e2007c 04fbcac8238a495688374fb5313cd28b - - default default] Successfully bumped revision number for resource b525e7df-4947-4e20-9329-617ecfda60f9 (type: ports) to 1
2026-09-02 09:18:52.358 9 INFO neutron.wsgi [None req-43ec533a-27e3-4fc9-aa63-0667c377032d 1d6fdd9d9f124826985c8fd743e2007c 04fbcac8238a495688374fb5313cd28b - - default default] 10.0.0.155 "POST /v2.0/ports HTTP/1.1" status: 201 len: 942 time: 0.3370626
2026-09-02 09:18:52.427 10 INFO neutron.db.ovn_revision_numbers_db [None req-6383e9f3-e40d-4b73-9e36-33e84d42dda0 e6de193159dd4ac188ec02027fadaf9e f9c828f7561747aba8260f355988f113 - - default default] Successfully bumped revision number for resource e74f9347-8da3-41bf-a4f7-40ec4469637d (type: ports) to 2
2026-09-02 09:18:52.511 10 INFO neutron.db.ovn_revision_numbers_db [None req-6383e9f3-e40d-4b73-9e36-33e84d42dda0 e6de193159dd4ac188ec02027fadaf9e f9c828f7561747aba8260f355988f113 - - default default] Successfully bumped revision number for resource 9aac535a-8876-458a-8005-3c8234d4dd18 (type: subnets) to 0
2026-09-02 09:18:52.595 10 INFO neutron.wsgi [None req-6383e9f3-e40d-4b73-9e36-33e84d42dda0 e6de193159dd4ac188ec02027fadaf9e f9c828f7561747aba8260f355988f113 - - default default] 10.0.0.155 "POST /v2.0/subnets HTTP/1.1" status: 201 len: 801 time: 1.3880556
2026-09-02 09:18:52.776 10 INFO neutron.wsgi [None req-e2c363ed-74a6-4f61-b662-dd88f983ccf1 1d6fdd9d9f124826985c8fd743e2007c 04fbcac8238a495688374fb5313cd28b - - default default] 10.0.0.155 "POST /v2.0/trunks HTTP/1.1" status: 201 len: 608 time: 0.4100258
2026-09-02 09:18:52.778 9 INFO neutron.services.segments.plugin [-] Segment 2cb0fd36-d393-49d1-b2f6-95f5fa6514f9 resource provider aggregate not found
2026-09-02 09:18:52.791 9 INFO neutron.services.segments.plugin [-] Segment 2cb0fd36-d393-49d1-b2f6-95f5fa6514f9 resource provider aggregate not found
2026-09-02 09:18:52.797 9 INFO neutron.services.segments.plugin [-] Segment 2cb0fd36-d393-49d1-b2f6-95f5fa6514f9 resource provider not found; error: Placement Client Error (4xx): {"errors": [{"status": 404, "title": "Not Found", "detail": "The resource could not be found.\n\n No resource provider with uuid 2cb0fd36-d393-49d1-b2f6-95f5fa6514f9 found for delete ", "request_id": "req-640cd740-7bbb-49b4-b182-c28d1628b05e"}]}
2026-09-02 09:18:52.810 9 INFO neutron.services.segments.plugin [-] Segment 2cb0fd36-d393-49d1-b2f6-95f5fa6514f9 resource provider not found; error: Placement Client Error (4xx): {"errors": [{"status": 404, "title": "Not Found", "detail": "The resource could not be found.\n\n No resource provider with uuid 2cb0fd36-d393-49d1-b2f6-95f5fa6514f9 found for delete ", "request_id": "req-9d71e135-d143-4e44-9afd-c0c13f7a439f"}]}
2026-09-02 09:18:52.825 9 INFO neutron.db.ovn_revision_numbers_db [None req-9a07e74b-a24a-44fc-bc1d-09e2685822f1 e6de193159dd4ac188ec02027fadaf9e f9c828f7561747aba8260f355988f113 - - default default] Successfully bumped revision number for resource 6a7d2e35-906b-457e-bcdd-5e5e21406fed (type: routers) to 1
2026-09-02 09:18:52.835 9 INFO neutron.wsgi [None req-c328b662-3108-4ae1-b1be-dde220a53d6a 94f030901ea740148e994ed3c2f7256b ce81f603e9a74de98388882ef45d4d79 - - default default] 10.0.0.155 "DELETE /v2.0/networks/5a4f87d9-a9b4-45be-b796-cdc72d4d5561 HTTP/1.1" status: 204 len: 168 time: 0.5984058
2026-09-02 09:18:52.841 9 INFO neutron.wsgi [None req-9a07e74b-a24a-44fc-bc1d-09e2685822f1 e6de193159dd4ac188ec02027fadaf9e f9c828f7561747aba8260f355988f113 - - default default] 10.0.0.155 "POST /v2.0/routers HTTP/1.1" status: 201 len: 687 time: 0.2392020
2026-09-02 09:18:52.887 10 INFO neutron.db.segments_db [None req-08424f91-1a77-4f98-9c7b-6c9c91ccf7c6 1d6fdd9d9f124826985c8fd743e2007c 04fbcac8238a495688374fb5313cd28b - - default default] Added segment 133a6122-293c-4d9f-9844-1bb03ae63de1 of type geneve for network 83808455-0f7e-427a-8cb3-906bdf11227e
2026-09-02 09:18:53.043 10 INFO neutron.db.ovn_revision_numbers_db [None req-08424f91-1a77-4f98-9c7b-6c9c91ccf7c6 1d6fdd9d9f124826985c8fd743e2007c 04fbcac8238a495688374fb5313cd28b - - default default] Successfully bumped revision number for resource 83808455-0f7e-427a-8cb3-906bdf11227e (type: networks) to 1
2026-09-02 09:18:53.148 9 WARNING neutron.scheduler.dhcp_agent_scheduler [None req-e5f33d69-0a83-49b6-920d-0a1c1dd7ab97 e6de193159dd4ac188ec02027fadaf9e f9c828f7561747aba8260f355988f113 - - default default] No more DHCP agents
2026-09-02 09:18:53.150 9 WARNING neutron.api.rpc.agentnotifiers.dhcp_rpc_agent_api [None req-e5f33d69-0a83-49b6-920d-0a1c1dd7ab97 e6de193159dd4ac188ec02027fadaf9e f9c828f7561747aba8260f355988f113 - - default default] Unable to schedule network 5e21a18b-e8cf-4fbf-b427-6ab00ac50062: no agents available; will retry on subsequent port and subnet creation events.
2026-09-02 09:18:53.236 10 WARNING neutron.scheduler.dhcp_agent_scheduler [None req-08424f91-1a77-4f98-9c7b-6c9c91ccf7c6 1d6fdd9d9f124826985c8fd743e2007c 04fbcac8238a495688374fb5313cd28b - - default default] No more DHCP agents
2026-09-02 09:18:53.239 10 WARNING neutron.api.rpc.agentnotifiers.dhcp_rpc_agent_api [None req-08424f91-1a77-4f98-9c7b-6c9c91ccf7c6 1d6fdd9d9f124826985c8fd743e2007c 04fbcac8238a495688374fb5313cd28b - - default default] Unable to schedule network 83808455-0f7e-427a-8cb3-906bdf11227e: no agents available; will retry on subsequent port and subnet creation events.
2026-09-02 09:18:53.277 9 INFO neutron.db.ovn_revision_numbers_db [None req-e5f33d69-0a83-49b6-920d-0a1c1dd7ab97 e6de193159dd4ac188ec02027fadaf9e f9c828f7561747aba8260f355988f113 - - default default] Successfully bumped revision number for resource d4fd2b5f-9d26-42f0-bf95-c1749c502778 (type: ports) to 1
2026-09-02 09:18:53.321 10 INFO neutron.db.ovn_revision_numbers_db [None req-08424f91-1a77-4f98-9c7b-6c9c91ccf7c6 1d6fdd9d9f124826985c8fd743e2007c 04fbcac8238a495688374fb5313cd28b - - default default] Successfully bumped revision number for resource 8de9f1a3-e90b-4f2f-83c2-3dc1c8cb947e (type: ports) to 1
2026-09-02 09:18:53.343 10 INFO neutron.wsgi [None req-08424f91-1a77-4f98-9c7b-6c9c91ccf7c6 1d6fdd9d9f124826985c8fd743e2007c 04fbcac8238a495688374fb5313cd28b - - default default] 10.0.0.155 "POST /v2.0/networks HTTP/1.1" status: 201 len: 831 time: 0.5607481
2026-09-02 09:18:53.594 10 WARNING neutron.scheduler.dhcp_agent_scheduler [None req-130170fc-6e83-4acb-9311-68ba82d949ab 1d6fdd9d9f124826985c8fd743e2007c 04fbcac8238a495688374fb5313cd28b - - default default] No more DHCP agents
2026-09-02 09:18:53.597 10 WARNING neutron.api.rpc.agentnotifiers.dhcp_rpc_agent_api [None req-130170fc-6e83-4acb-9311-68ba82d949ab 1d6fdd9d9f124826985c8fd743e2007c 04fbcac8238a495688374fb5313cd28b - - default default] Unable to schedule network 83808455-0f7e-427a-8cb3-906bdf11227e: no agents available; will retry on subsequent port and subnet creation events.
2026-09-02 09:18:53.616 9 INFO neutron.plugins.ml2.drivers.ovn.mech_driver.mech_driver [None req-8963fdc7-5ca0-4f58-aab6-7e2a0674ef9d - - - - - -] OVN reports status up for port: d4fd2b5f-9d26-42f0-bf95-c1749c502778
2026-09-02 09:18:53.634 9 INFO neutron.plugins.ml2.plugin [None req-8963fdc7-5ca0-4f58-aab6-7e2a0674ef9d - - - - - -] Attempt 1 to provision port d4fd2b5f-9d26-42f0-bf95-c1749c502778
2026-09-02 09:18:53.644 9 INFO neutron.db.ovn_revision_numbers_db [None req-e5f33d69-0a83-49b6-920d-0a1c1dd7ab97 e6de193159dd4ac188ec02027fadaf9e f9c828f7561747aba8260f355988f113 - - default default] Successfully bumped revision number for resource d4fd2b5f-9d26-42f0-bf95-c1749c502778 (type: router_ports) to 1
2026-09-02 09:18:53.668 10 INFO neutron.db.ovn_revision_numbers_db [None req-130170fc-6e83-4acb-9311-68ba82d949ab 1d6fdd9d9f124826985c8fd743e2007c 04fbcac8238a495688374fb5313cd28b - - default default] Successfully bumped revision number for resource 3367bea4-cb81-4d4f-b5ca-54224655ce9c (type: ports) to 1
2026-09-02 09:18:53.685 10 INFO neutron.wsgi [None req-130170fc-6e83-4acb-9311-68ba82d949ab 1d6fdd9d9f124826985c8fd743e2007c 04fbcac8238a495688374fb5313cd28b - - default default] 10.0.0.155 "POST /v2.0/ports HTTP/1.1" status: 201 len: 942 time: 0.3368642 /var/lib/openstack/lib/python3.10/site-packages/pycadf/identifier.py:71: UserWarning: Invalid uuid: neutron. To ensure interoperability, identifiers should be a valid uuid. warnings.warn(('Invalid uuid: %s. To ensure interoperability, '
2026-09-02 09:18:53.872 10 INFO neutron.wsgi [None req-45904e52-d6fe-4eaf-bd9d-6382a7683215 1d6fdd9d9f124826985c8fd743e2007c 04fbcac8238a495688374fb5313cd28b - - default default] 10.0.0.155 "POST /v2.0/trunks HTTP/1.1" status: 201 len: 608 time: 0.1807668
2026-09-02 09:18:53.897 9 INFO neutron.db.ovn_revision_numbers_db [None req-e5f33d69-0a83-49b6-920d-0a1c1dd7ab97 e6de193159dd4ac188ec02027fadaf9e f9c828f7561747aba8260f355988f113 - - default default] Successfully bumped revision number for resource d4fd2b5f-9d26-42f0-bf95-c1749c502778 (type: ports) to 1
2026-09-02 09:18:53.949 10 INFO neutron.db.segments_db [None req-962b6d97-ba71-4fbf-ae10-c61cf7cf5a4e 1d6fdd9d9f124826985c8fd743e2007c 04fbcac8238a495688374fb5313cd28b - - default default] Added segment b1303ac7-bbc1-4d5c-8221-7743faf44ec0 of type geneve for network e64e3aa3-030f-4827-88dc-33550246ec42
2026-09-02 09:18:54.073 10 INFO neutron.db.ovn_revision_numbers_db [None req-962b6d97-ba71-4fbf-ae10-c61cf7cf5a4e 1d6fdd9d9f124826985c8fd743e2007c 04fbcac8238a495688374fb5313cd28b - - default default] Successfully bumped revision number for resource e64e3aa3-030f-4827-88dc-33550246ec42 (type: networks) to 1
2026-09-02 09:18:54.219 10 WARNING neutron.scheduler.dhcp_agent_scheduler [None req-962b6d97-ba71-4fbf-ae10-c61cf7cf5a4e 1d6fdd9d9f124826985c8fd743e2007c 04fbcac8238a495688374fb5313cd28b - - default default] No more DHCP agents
2026-09-02 09:18:54.221 10 WARNING neutron.api.rpc.agentnotifiers.dhcp_rpc_agent_api [None req-962b6d97-ba71-4fbf-ae10-c61cf7cf5a4e 1d6fdd9d9f124826985c8fd743e2007c 04fbcac8238a495688374fb5313cd28b - - default default] Unable to schedule network e64e3aa3-030f-4827-88dc-33550246ec42: no agents available; will retry on subsequent port and subnet creation events.
2026-09-02 09:18:54.292 10 INFO neutron.db.ovn_revision_numbers_db [None req-962b6d97-ba71-4fbf-ae10-c61cf7cf5a4e 1d6fdd9d9f124826985c8fd743e2007c 04fbcac8238a495688374fb5313cd28b - - default default] Successfully bumped revision number for resource 0e91bbde-04b8-4277-924b-0f5249dc6ee2 (type: ports) to 1
2026-09-02 09:18:54.310 10 INFO neutron.wsgi [None req-962b6d97-ba71-4fbf-ae10-c61cf7cf5a4e 1d6fdd9d9f124826985c8fd743e2007c 04fbcac8238a495688374fb5313cd28b - - default default] 10.0.0.155 "POST /v2.0/networks HTTP/1.1" status: 201 len: 831 time: 0.4340541
2026-09-02 09:18:54.376 9 WARNING neutron.scheduler.dhcp_agent_scheduler [None req-e5f33d69-0a83-49b6-920d-0a1c1dd7ab97 e6de193159dd4ac188ec02027fadaf9e f9c828f7561747aba8260f355988f113 - - default default] No more DHCP agents
2026-09-02 09:18:54.380 9 WARNING neutron.api.rpc.agentnotifiers.dhcp_rpc_agent_api [None req-e5f33d69-0a83-49b6-920d-0a1c1dd7ab97 e6de193159dd4ac188ec02027fadaf9e f9c828f7561747aba8260f355988f113 - - default default] Unable to schedule network 5e21a18b-e8cf-4fbf-b427-6ab00ac50062: no agents available; will retry on subsequent port and subnet creation events.
2026-09-02 09:18:54.392 9 INFO neutron.db.ovn_revision_numbers_db [None req-53a9d425-6c53-418b-8d54-b4f6dda39db5 3ae23c41bc1f4269940bbf1c7b927978 093a2da55a974dd7987cb51a448df596 - - default default] Successfully bumped revision number for resource b0ae9bc3-10dd-4334-9f42-eb93f31a2323 (type: security_groups) to 1
2026-09-02 09:18:54.394 9 INFO neutron.db.ovn_revision_numbers_db [None req-8963fdc7-5ca0-4f58-aab6-7e2a0674ef9d - - - - - -] Successfully bumped revision number for resource d4fd2b5f-9d26-42f0-bf95-c1749c502778 (type: ports) to 2
2026-09-02 09:18:54.429 9 INFO neutron.db.ovn_revision_numbers_db [None req-53a9d425-6c53-418b-8d54-b4f6dda39db5 3ae23c41bc1f4269940bbf1c7b927978 093a2da55a974dd7987cb51a448df596 - - default default] Successfully bumped revision number for resource 079fa81e-02ca-461e-9768-300738b4178a (type: security_group_rules) to 0
2026-09-02 09:18:54.485 9 INFO neutron.db.ovn_revision_numbers_db [None req-53a9d425-6c53-418b-8d54-b4f6dda39db5 3ae23c41bc1f4269940bbf1c7b927978 093a2da55a974dd7987cb51a448df596 - - default default] Successfully bumped revision number for resource 4a57c08e-5bc7-4e4d-b90d-754914620d2c (type: security_group_rules) to 0
2026-09-02 09:18:54.521 9 INFO neutron.db.ovn_revision_numbers_db [None req-53a9d425-6c53-418b-8d54-b4f6dda39db5 3ae23c41bc1f4269940bbf1c7b927978 093a2da55a974dd7987cb51a448df596 - - default default] Successfully bumped revision number for resource 9a3ce224-0a05-4fe8-9b64-6da94ba0a320 (type: security_group_rules) to 0
2026-09-02 09:18:54.523 10 WARNING neutron.scheduler.dhcp_agent_scheduler [None req-3b79cad7-8438-4b86-a12f-b95ba6cb863c 1d6fdd9d9f124826985c8fd743e2007c 04fbcac8238a495688374fb5313cd28b - - default default] No more DHCP agents
2026-09-02 09:18:54.525 10 WARNING neutron.api.rpc.agentnotifiers.dhcp_rpc_agent_api [None req-3b79cad7-8438-4b86-a12f-b95ba6cb863c 1d6fdd9d9f124826985c8fd743e2007c 04fbcac8238a495688374fb5313cd28b - - default default] Unable to schedule network e64e3aa3-030f-4827-88dc-33550246ec42: no agents available; will retry on subsequent port and subnet creation events.
2026-09-02 09:18:54.573 9 INFO neutron.db.ovn_revision_numbers_db [None req-53a9d425-6c53-418b-8d54-b4f6dda39db5 3ae23c41bc1f4269940bbf1c7b927978 093a2da55a974dd7987cb51a448df596 - - default default] Successfully bumped revision number for resource a5b438dd-46d2-4837-bacb-ebecbdafc1b6 (type: security_group_rules) to 0
2026-09-02 09:18:54.607 10 INFO neutron.db.ovn_revision_numbers_db [None req-3b79cad7-8438-4b86-a12f-b95ba6cb863c 1d6fdd9d9f124826985c8fd743e2007c 04fbcac8238a495688374fb5313cd28b - - default default] Successfully bumped revision number for resource d139f5b6-5a1b-4389-ad64-7e1ac7c7a41e (type: ports) to 1
2026-09-02 09:18:54.615 9 INFO neutron.wsgi [None req-53a9d425-6c53-418b-8d54-b4f6dda39db5 3ae23c41bc1f4269940bbf1c7b927978 093a2da55a974dd7987cb51a448df596 - - default default] 10.0.0.155 "GET /v2.0/security-groups?tenant_id=abbb964965284d56955dd612e1788565&name=default HTTP/1.1" status: 200 len: 2996 time: 0.9176097 /var/lib/openstack/lib/python3.10/site-packages/pycadf/identifier.py:71: UserWarning: Invalid uuid: neutron. To ensure interoperability, identifiers should be a valid uuid. warnings.warn(('Invalid uuid: %s. To ensure interoperability, '
2026-09-02 09:18:54.630 10 INFO neutron.wsgi [None req-3b79cad7-8438-4b86-a12f-b95ba6cb863c 1d6fdd9d9f124826985c8fd743e2007c 04fbcac8238a495688374fb5313cd28b - - default default] 10.0.0.155 "POST /v2.0/ports HTTP/1.1" status: 201 len: 942 time: 0.3144090
2026-09-02 09:18:54.630 9 INFO neutron.db.ovn_revision_numbers_db [None req-8963fdc7-5ca0-4f58-aab6-7e2a0674ef9d - - - - - -] Successfully bumped revision number for resource d4fd2b5f-9d26-42f0-bf95-c1749c502778 (type: router_ports) to 2
2026-09-02 09:18:54.672 9 INFO neutron.db.ovn_revision_numbers_db [None req-e5f33d69-0a83-49b6-920d-0a1c1dd7ab97 e6de193159dd4ac188ec02027fadaf9e f9c828f7561747aba8260f355988f113 - - default default] Successfully bumped revision number for resource d4fd2b5f-9d26-42f0-bf95-c1749c502778 (type: router_ports) to 2
2026-09-02 09:18:54.676 9 INFO neutron.wsgi [None req-e5f33d69-0a83-49b6-920d-0a1c1dd7ab97 e6de193159dd4ac188ec02027fadaf9e f9c828f7561747aba8260f355988f113 - - default default] 10.0.0.155 "PUT /v2.0/routers/6a7d2e35-906b-457e-bcdd-5e5e21406fed/add_router_interface HTTP/1.1" status: 200 len: 503 time: 1.8285034
2026-09-02 09:18:54.790 9 INFO neutron.wsgi [None req-4389393c-8e2c-4600-927f-e1e8bc9b3c6c e6de193159dd4ac188ec02027fadaf9e f9c828f7561747aba8260f355988f113 - - default default] 10.0.0.155 "GET /v2.0/ports/d4fd2b5f-9d26-42f0-bf95-c1749c502778 HTTP/1.1" status: 200 len: 1137 time: 0.1073024
2026-09-02 09:18:54.849 10 INFO neutron.wsgi [None req-ac332d8b-b3e9-4f10-8e16-2ab7395c7697 1d6fdd9d9f124826985c8fd743e2007c 04fbcac8238a495688374fb5313cd28b - - default default] 10.0.0.155 "POST /v2.0/trunks HTTP/1.1" status: 201 len: 608 time: 0.2125242
2026-09-02 09:18:54.879 10 INFO neutron.wsgi [None req-a0f85a18-d858-4243-a921-c44c32c74964 3ae23c41bc1f4269940bbf1c7b927978 093a2da55a974dd7987cb51a448df596 - - default default] 10.0.0.155 "DELETE /v2.0/security-groups/b0ae9bc3-10dd-4334-9f42-eb93f31a2323 HTTP/1.1" status: 204 len: 168 time: 0.2572730
2026-09-02 09:18:54.988 9 INFO neutron.db.segments_db [None req-3b39aa81-8110-4e60-a304-332c74f0da1b 1d6fdd9d9f124826985c8fd743e2007c 04fbcac8238a495688374fb5313cd28b - - default default] Added segment 35b668f4-4005-4498-8b89-8a38d894943d of type geneve for network 9c16d97e-37a6-471d-b69d-d3f188ff5750
2026-09-02 09:18:55.066 10 INFO neutron.wsgi [None req-e303b12c-2b89-4cbf-a3b6-774c9592809f 3ae23c41bc1f4269940bbf1c7b927978 093a2da55a974dd7987cb51a448df596 - - default default] 10.0.0.155 "GET /v2.0/security-groups?tenant_id=ce81f603e9a74de98388882ef45d4d79&name=default HTTP/1.1" status: 200 len: 2996 time: 0.0443921
2026-09-02 09:18:55.217 9 INFO neutron.db.ovn_revision_numbers_db [None req-3b39aa81-8110-4e60-a304-332c74f0da1b 1d6fdd9d9f124826985c8fd743e2007c 04fbcac8238a495688374fb5313cd28b - - default default] Successfully bumped revision number for resource 9c16d97e-37a6-471d-b69d-d3f188ff5750 (type: networks) to 1
2026-09-02 09:18:55.433 9 WARNING neutron.scheduler.dhcp_agent_scheduler [None req-3bd05b89-7521-426b-88aa-b4699ef275a3 e6de193159dd4ac188ec02027fadaf9e f9c828f7561747aba8260f355988f113 - - default default] No more DHCP agents
2026-09-02 09:18:55.442 9 WARNING neutron.api.rpc.agentnotifiers.dhcp_rpc_agent_api [None req-3bd05b89-7521-426b-88aa-b4699ef275a3 e6de193159dd4ac188ec02027fadaf9e f9c828f7561747aba8260f355988f113 - - default default] Unable to schedule network a173690f-49f6-449b-bf4c-274cc82af740: no agents available; will retry on subsequent port and subnet creation events.
2026-09-02 09:18:55.538 9 WARNING neutron.scheduler.dhcp_agent_scheduler [None req-3b39aa81-8110-4e60-a304-332c74f0da1b 1d6fdd9d9f124826985c8fd743e2007c 04fbcac8238a495688374fb5313cd28b - - default default] No more DHCP agents
2026-09-02 09:18:55.552 9 WARNING neutron.api.rpc.agentnotifiers.dhcp_rpc_agent_api [None req-3b39aa81-8110-4e60-a304-332c74f0da1b 1d6fdd9d9f124826985c8fd743e2007c 04fbcac8238a495688374fb5313cd28b - - default default] Unable to schedule network 9c16d97e-37a6-471d-b69d-d3f188ff5750: no agents available; will retry on subsequent port and subnet creation events.
2026-09-02 09:18:55.568 9 INFO neutron.wsgi [None req-8d8a11a5-5de8-4b7a-b8ff-ed70c67a60fd 3ae23c41bc1f4269940bbf1c7b927978 093a2da55a974dd7987cb51a448df596 - - default default] 10.0.0.155 "DELETE /v2.0/security-groups/f256ec16-6b50-4a79-8a86-4a578c00a741 HTTP/1.1" status: 204 len: 168 time: 0.4834158
2026-09-02 09:18:55.679 9 INFO neutron.db.ovn_revision_numbers_db [None req-3b39aa81-8110-4e60-a304-332c74f0da1b 1d6fdd9d9f124826985c8fd743e2007c 04fbcac8238a495688374fb5313cd28b - - default default] Successfully bumped revision number for resource 7dc1f841-e4f5-4d81-ad00-5114ebd73f1b (type: ports) to 1
2026-09-02 09:18:55.683 9 INFO neutron.db.ovn_revision_numbers_db [None req-3bd05b89-7521-426b-88aa-b4699ef275a3 e6de193159dd4ac188ec02027fadaf9e f9c828f7561747aba8260f355988f113 - - default default] Successfully bumped revision number for resource 0db9ed19-4fe5-4cff-9b8a-197dce08c500 (type: ports) to 1
2026-09-02 09:18:55.707 9 INFO neutron.wsgi [None req-3b39aa81-8110-4e60-a304-332c74f0da1b 1d6fdd9d9f124826985c8fd743e2007c 04fbcac8238a495688374fb5313cd28b - - default default] 10.0.0.155 "POST /v2.0/networks HTTP/1.1" status: 201 len: 831 time: 0.8466563
2026-09-02 09:18:56.259 9 WARNING neutron.scheduler.dhcp_agent_scheduler [None req-4aa484b1-8dd3-488a-8ef3-1e92c5d88828 1d6fdd9d9f124826985c8fd743e2007c 04fbcac8238a495688374fb5313cd28b - - default default] No more DHCP agents
2026-09-02 09:18:56.273 9 WARNING neutron.api.rpc.agentnotifiers.dhcp_rpc_agent_api [None req-4aa484b1-8dd3-488a-8ef3-1e92c5d88828 1d6fdd9d9f124826985c8fd743e2007c 04fbcac8238a495688374fb5313cd28b - - default default] Unable to schedule network 9c16d97e-37a6-471d-b69d-d3f188ff5750: no agents available; will retry on subsequent port and subnet creation events.
2026-09-02 09:18:56.454 9 INFO neutron.db.ovn_revision_numbers_db [None req-4aa484b1-8dd3-488a-8ef3-1e92c5d88828 1d6fdd9d9f124826985c8fd743e2007c 04fbcac8238a495688374fb5313cd28b - - default default] Successfully bumped revision number for resource 009ee9f6-35a8-40db-8f1a-cf0569fa587c (type: ports) to 1
2026-09-02 09:18:56.498 10 INFO neutron.plugins.ml2.drivers.ovn.mech_driver.mech_driver [None req-5f734516-6267-4978-9435-44ef8a49628a - - - - - -] OVN reports status up for port: 0db9ed19-4fe5-4cff-9b8a-197dce08c500
2026-09-02 09:18:56.511 10 INFO neutron.plugins.ml2.plugin [None req-5f734516-6267-4978-9435-44ef8a49628a - - - - - -] Attempt 1 to provision port 0db9ed19-4fe5-4cff-9b8a-197dce08c500
2026-09-02 09:18:56.516 9 INFO neutron.wsgi [None req-4aa484b1-8dd3-488a-8ef3-1e92c5d88828 1d6fdd9d9f124826985c8fd743e2007c 04fbcac8238a495688374fb5313cd28b - - default default] 10.0.0.155 "POST /v2.0/ports HTTP/1.1" status: 201 len: 942 time: 0.8033125 /var/lib/openstack/lib/python3.10/site-packages/pycadf/identifier.py:71: UserWarning: Invalid uuid: neutron. To ensure interoperability, identifiers should be a valid uuid. warnings.warn(('Invalid uuid: %s. To ensure interoperability, '
2026-09-02 09:18:56.547 9 INFO neutron.db.ovn_revision_numbers_db [None req-3bd05b89-7521-426b-88aa-b4699ef275a3 e6de193159dd4ac188ec02027fadaf9e f9c828f7561747aba8260f355988f113 - - default default] Successfully bumped revision number for resource 0db9ed19-4fe5-4cff-9b8a-197dce08c500 (type: router_ports) to 1
2026-09-02 09:18:56.725 9 INFO neutron.db.ovn_revision_numbers_db [None req-3bd05b89-7521-426b-88aa-b4699ef275a3 e6de193159dd4ac188ec02027fadaf9e f9c828f7561747aba8260f355988f113 - - default default] Successfully bumped revision number for resource 0db9ed19-4fe5-4cff-9b8a-197dce08c500 (type: ports) to 1
2026-09-02 09:18:56.744 9 INFO neutron.wsgi [None req-4afa3c0e-ff19-4499-a8be-c69f4e05ab86 1d6fdd9d9f124826985c8fd743e2007c 04fbcac8238a495688374fb5313cd28b - - default default] 10.0.0.155 "POST /v2.0/trunks HTTP/1.1" status: 201 len: 608 time: 0.2149053
2026-09-02 09:18:56.785 9 INFO neutron.wsgi [None req-2813112b-4227-44b4-98cc-9e3276ed9c1b 1d6fdd9d9f124826985c8fd743e2007c 04fbcac8238a495688374fb5313cd28b - - default default] 10.0.0.155 "PUT /v2.0/trunks/50a3831a-2018-4233-8590-431ae594cf88/tags HTTP/1.1" status: 200 len: 210 time: 0.0354919
2026-09-02 09:18:56.803 9 WARNING neutron.scheduler.dhcp_agent_scheduler [None req-3bd05b89-7521-426b-88aa-b4699ef275a3 e6de193159dd4ac188ec02027fadaf9e f9c828f7561747aba8260f355988f113 - - default default] No more DHCP agents
2026-09-02 09:18:56.805 9 WARNING neutron.api.rpc.agentnotifiers.dhcp_rpc_agent_api [None req-3bd05b89-7521-426b-88aa-b4699ef275a3 e6de193159dd4ac188ec02027fadaf9e f9c828f7561747aba8260f355988f113 - - default default] Unable to schedule network a173690f-49f6-449b-bf4c-274cc82af740: no agents available; will retry on subsequent port and subnet creation events.
2026-09-02 09:18:56.824 9 INFO neutron.wsgi [None req-766fb09a-935d-4656-8639-87137e70c5ef 1d6fdd9d9f124826985c8fd743e2007c 04fbcac8238a495688374fb5313cd28b - - default default] 10.0.0.155 "PUT /v2.0/trunks/e58cebcb-0efb-4d75-b630-546066b7db26/tags HTTP/1.1" status: 200 len: 218 time: 0.0322118
2026-09-02 09:18:56.831 10 INFO neutron.db.ovn_revision_numbers_db [None req-5f734516-6267-4978-9435-44ef8a49628a - - - - - -] Successfully bumped revision number for resource 0db9ed19-4fe5-4cff-9b8a-197dce08c500 (type: ports) to 2
2026-09-02 09:18:56.906 10 INFO neutron.wsgi [None req-66f9ad66-aec6-4571-b14f-a718d5c743a2 1d6fdd9d9f124826985c8fd743e2007c 04fbcac8238a495688374fb5313cd28b - - default default] 10.0.0.155 "PUT /v2.0/trunks/784cc8f0-134d-4d83-8964-afbab3d86b5e/tags HTTP/1.1" status: 200 len: 227 time: 0.0761015
2026-09-02 09:18:56.940 9 INFO neutron.wsgi [None req-46e9e87f-74a7-4bbb-ae39-0a6296549311 1d6fdd9d9f124826985c8fd743e2007c 04fbcac8238a495688374fb5313cd28b - - default default] 10.0.0.155 "PUT /v2.0/trunks/c99361d8-f48c-40a9-bd8e-467d3a279de9/tags HTTP/1.1" status: 200 len: 212 time: 0.0302615
2026-09-02 09:18:56.964 9 INFO neutron.db.ovn_revision_numbers_db [None req-3bd05b89-7521-426b-88aa-b4699ef275a3 e6de193159dd4ac188ec02027fadaf9e f9c828f7561747aba8260f355988f113 - - default default] Successfully bumped revision number for resource 0db9ed19-4fe5-4cff-9b8a-197dce08c500 (type: router_ports) to 2
2026-09-02 09:18:56.966 9 INFO neutron.wsgi [None req-3bd05b89-7521-426b-88aa-b4699ef275a3 e6de193159dd4ac188ec02027fadaf9e f9c828f7561747aba8260f355988f113 - - default default] 10.0.0.155 "PUT /v2.0/routers/6a7d2e35-906b-457e-bcdd-5e5e21406fed/add_router_interface HTTP/1.1" status: 200 len: 503 time: 2.1687908
2026-09-02 09:18:56.972 10 INFO neutron.wsgi [None req-d47b5056-910f-4f02-9e34-79fbe3e1045e 1d6fdd9d9f124826985c8fd743e2007c 04fbcac8238a495688374fb5313cd28b - - default default] 10.0.0.155 "GET /v2.0/trunks?tags=red HTTP/1.1" status: 200 len: 1447 time: 0.0249341
2026-09-02 09:18:56.997 10 INFO neutron.wsgi [None req-22e20c17-823d-423d-9bf6-1162d108ab94 1d6fdd9d9f124826985c8fd743e2007c 04fbcac8238a495688374fb5313cd28b - - default default] 10.0.0.155 "GET /v2.0/trunks?tags=red%2Cblue HTTP/1.1" status: 200 len: 1041 time: 0.0196924
2026-09-02 09:18:57.028 10 INFO neutron.wsgi [None req-6eed78ad-e31e-4179-b3a7-924bda5f1cc5 1d6fdd9d9f124826985c8fd743e2007c 04fbcac8238a495688374fb5313cd28b - - default default] 10.0.0.155 "GET /v2.0/trunks?tags-any=blue HTTP/1.1" status: 200 len: 1041 time: 0.0244515
2026-09-02 09:18:57.039 9 INFO neutron.wsgi [None req-167a6f9f-71df-40a1-b265-d1bb63401684 e6de193159dd4ac188ec02027fadaf9e f9c828f7561747aba8260f355988f113 - - default default] 10.0.0.155 "GET /v2.0/ports/0db9ed19-4fe5-4cff-9b8a-197dce08c500 HTTP/1.1" status: 200 len: 1137 time: 0.0677657
2026-09-02 09:18:57.059 10 INFO neutron.wsgi [None req-c4b33877-c75d-444c-8bbc-0e77970c7329 1d6fdd9d9f124826985c8fd743e2007c 04fbcac8238a495688374fb5313cd28b - - default default] 10.0.0.155 "GET /v2.0/trunks?tags-any=red%2Cblue HTTP/1.1" status: 200 len: 1447 time: 0.0261672
2026-09-02 09:18:57.082 10 INFO neutron.wsgi [None req-95b08e93-603f-4753-947b-c7168aabbbb1 1d6fdd9d9f124826985c8fd743e2007c 04fbcac8238a495688374fb5313cd28b - - default default] 10.0.0.155 "GET /v2.0/trunks?not-tags=red HTTP/1.1" status: 200 len: 1013 time: 0.0174870
2026-09-02 09:18:57.103 9 INFO neutron.wsgi [None req-16d21d63-8f21-40c2-a3d4-6962c49b41e0 e6de193159dd4ac188ec02027fadaf9e f9c828f7561747aba8260f355988f113 - - default default] 10.0.0.155 "GET /v2.0/ports/0db9ed19-4fe5-4cff-9b8a-197dce08c500 HTTP/1.1" status: 200 len: 1137 time: 0.0542066
2026-09-02 09:18:57.105 10 INFO neutron.wsgi [None req-7354ec08-cb94-4b38-8df8-a5dabde5fe05 1d6fdd9d9f124826985c8fd743e2007c 04fbcac8238a495688374fb5313cd28b - - default default] 10.0.0.155 "GET /v2.0/trunks?not-tags=red%2Cblue HTTP/1.1" status: 200 len: 1419 time: 0.0182583
2026-09-02 09:18:57.143 9 INFO neutron.wsgi [None req-7d9bdd74-824e-4740-8716-386ab0625530 1d6fdd9d9f124826985c8fd743e2007c 04fbcac8238a495688374fb5313cd28b - - default default] 10.0.0.155 "GET /v2.0/trunks?not-tags-any=blue HTTP/1.1" status: 200 len: 1419 time: 0.0330200
2026-09-02 09:18:57.174 10 INFO neutron.wsgi [None req-2ec63b62-6e8b-4d09-b159-a7e88d83ebcb 1d6fdd9d9f124826985c8fd743e2007c 04fbcac8238a495688374fb5313cd28b - - default default] 10.0.0.155 "GET /v2.0/trunks?not-tags-any=red%2Cblue HTTP/1.1" status: 200 len: 1013 time: 0.0259905
2026-09-02 09:18:57.231 10 INFO neutron.wsgi [None req-a4129ccc-6b97-4aeb-b750-01c35e48f097 1d6fdd9d9f124826985c8fd743e2007c 04fbcac8238a495688374fb5313cd28b - - default default] 10.0.0.155 "GET /v2.0/trunks/50a3831a-2018-4233-8590-431ae594cf88 HTTP/1.1" status: 200 len: 608 time: 0.0506246
2026-09-02 09:18:57.380 9 INFO neutron.wsgi [None req-d674630a-9f28-4d11-a8b9-25302ab07415 1d6fdd9d9f124826985c8fd743e2007c 04fbcac8238a495688374fb5313cd28b - - default default] 10.0.0.155 "GET /v2.0/ports/7fba9af8-ebf6-4e15-bdcc-bff65713bcfc HTTP/1.1" status: 200 len: 1020 time: 0.1431921
2026-09-02 09:18:57.465 9 INFO neutron.wsgi [None req-cca8ebf8-c40a-4518-8dd0-9bc56f16fec3 1d6fdd9d9f124826985c8fd743e2007c 04fbcac8238a495688374fb5313cd28b - - default default] 10.0.0.155 "DELETE /v2.0/trunks/50a3831a-2018-4233-8590-431ae594cf88 HTTP/1.1" status: 204 len: 168 time: 0.0794096
2026-09-02 09:18:57.491 9 INFO neutron.wsgi [None req-d7f807e5-e6b0-453e-b2b6-a92c112e6ba0 1d6fdd9d9f124826985c8fd743e2007c 04fbcac8238a495688374fb5313cd28b - - default default] 10.0.0.155 "GET /v2.0/trunks/e58cebcb-0efb-4d75-b630-546066b7db26 HTTP/1.1" status: 200 len: 616 time: 0.0194294
2026-09-02 09:18:57.593 9 INFO neutron.wsgi [None req-a388c258-bd2f-480d-bd56-a1b151e7e145 1d6fdd9d9f124826985c8fd743e2007c 04fbcac8238a495688374fb5313cd28b - - default default] 10.0.0.155 "GET /v2.0/ports/b525e7df-4947-4e20-9329-617ecfda60f9 HTTP/1.1" status: 200 len: 1020 time: 0.0971296
2026-09-02 09:18:57.660 9 INFO neutron.wsgi [None req-8a10cbbe-ddf7-4456-8ec0-c3fa3e2a5b35 1d6fdd9d9f124826985c8fd743e2007c 04fbcac8238a495688374fb5313cd28b - - default default] 10.0.0.155 "DELETE /v2.0/trunks/e58cebcb-0efb-4d75-b630-546066b7db26 HTTP/1.1" status: 204 len: 168 time: 0.0621479
2026-09-02 09:18:57.682 9 INFO neutron.wsgi [None req-d2ff025c-49d4-41b4-b406-b77f2b6b5364 1d6fdd9d9f124826985c8fd743e2007c 04fbcac8238a495688374fb5313cd28b - - default default] 10.0.0.155 "GET /v2.0/trunks/784cc8f0-134d-4d83-8964-afbab3d86b5e HTTP/1.1" status: 200 len: 625 time: 0.0180745
2026-09-02 09:18:57.744 9 INFO neutron.wsgi [None req-7b61661b-2bf2-4756-a959-ad6ee407f6ee 1d6fdd9d9f124826985c8fd743e2007c 04fbcac8238a495688374fb5313cd28b - - default default] 10.0.0.155 "GET /v2.0/ports/3367bea4-cb81-4d4f-b5ca-54224655ce9c HTTP/1.1" status: 200 len: 1020 time: 0.0587075
2026-09-02 09:18:57.812 9 INFO neutron.wsgi [None req-b3958a15-ccce-4a15-aa1d-0e09d712512a 1d6fdd9d9f124826985c8fd743e2007c 04fbcac8238a495688374fb5313cd28b - - default default] 10.0.0.155 "DELETE /v2.0/trunks/784cc8f0-134d-4d83-8964-afbab3d86b5e HTTP/1.1" status: 204 len: 168 time: 0.0647888
2026-09-02 09:18:57.836 9 INFO neutron.wsgi [None req-876faf2b-32ee-47e3-a89c-ff807e955167 1d6fdd9d9f124826985c8fd743e2007c 04fbcac8238a495688374fb5313cd28b - - default default] 10.0.0.155 "GET /v2.0/trunks/c99361d8-f48c-40a9-bd8e-467d3a279de9 HTTP/1.1" status: 200 len: 610 time: 0.0198202
2026-09-02 09:18:57.904 9 INFO neutron.wsgi [None req-7409b719-4477-4131-a859-4b9a103053d9 1d6fdd9d9f124826985c8fd743e2007c 04fbcac8238a495688374fb5313cd28b - - default default] 10.0.0.155 "GET /v2.0/ports/d139f5b6-5a1b-4389-ad64-7e1ac7c7a41e HTTP/1.1" status: 200 len: 1020 time: 0.0626695
2026-09-02 09:18:57.964 10 INFO neutron.wsgi [None req-5763439d-3b96-4f61-a2f8-1d11970bcaf3 e6de193159dd4ac188ec02027fadaf9e f9c828f7561747aba8260f355988f113 - - default default] 10.0.0.155 "PUT /v2.0/routers/6a7d2e35-906b-457e-bcdd-5e5e21406fed/remove_router_interface HTTP/1.1" status: 200 len: 503 time: 0.8563571
2026-09-02 09:18:57.971 9 INFO neutron.wsgi [None req-4e234876-5fda-4796-9cd9-6ed8d8f40b0b 1d6fdd9d9f124826985c8fd743e2007c 04fbcac8238a495688374fb5313cd28b - - default default] 10.0.0.155 "DELETE /v2.0/trunks/c99361d8-f48c-40a9-bd8e-467d3a279de9 HTTP/1.1" status: 204 len: 168 time: 0.0613551 /var/lib/openstack/lib/python3.10/site-packages/pycadf/identifier.py:71: UserWarning: Invalid uuid: neutron. To ensure interoperability, identifiers should be a valid uuid. warnings.warn(('Invalid uuid: %s. To ensure interoperability, '
2026-09-02 09:18:57.988 9 INFO neutron.wsgi [None req-280ab86d-3381-43d5-b171-e602e7e43b28 1d6fdd9d9f124826985c8fd743e2007c 04fbcac8238a495688374fb5313cd28b - - default default] 10.0.0.155 "GET /v2.0/trunks/5af98774-7b5c-4f91-a93c-5a19c63d205e HTTP/1.1" status: 200 len: 603 time: 0.0133383
2026-09-02 09:18:58.051 10 INFO neutron.wsgi [None req-64e1747b-f54a-43bb-818e-0d07a28c1252 e6de193159dd4ac188ec02027fadaf9e f9c828f7561747aba8260f355988f113 - - default default] 10.0.0.155 "GET /v2.0/ports/d4fd2b5f-9d26-42f0-bf95-c1749c502778 HTTP/1.1" status: 200 len: 1137 time: 0.0806553
2026-09-02 09:18:58.063 9 INFO neutron.wsgi [None req-c093a559-da13-4b2b-b66c-6797d1e05771 1d6fdd9d9f124826985c8fd743e2007c 04fbcac8238a495688374fb5313cd28b - - default default] 10.0.0.155 "GET /v2.0/ports/009ee9f6-35a8-40db-8f1a-cf0569fa587c HTTP/1.1" status: 200 len: 1020 time: 0.0703533
2026-09-02 09:18:58.144 10 INFO neutron.wsgi [None req-6112828a-bf33-41b0-a6b7-1bacfab58a30 1d6fdd9d9f124826985c8fd743e2007c 04fbcac8238a495688374fb5313cd28b - - default default] 10.0.0.155 "DELETE /v2.0/trunks/5af98774-7b5c-4f91-a93c-5a19c63d205e HTTP/1.1" status: 204 len: 168 time: 0.0772426
2026-09-02 09:18:58.397 9 INFO neutron.wsgi [None req-52819110-5f5a-4ae1-9ed6-6e605c88eafe 1d6fdd9d9f124826985c8fd743e2007c 04fbcac8238a495688374fb5313cd28b - - default default] 10.0.0.155 "DELETE /v2.0/ports/7fba9af8-ebf6-4e15-bdcc-bff65713bcfc HTTP/1.1" status: 204 len: 168 time: 0.2486615
2026-09-02 09:18:58.655 10 INFO neutron.wsgi [None req-34825c4e-7e53-4965-a73b-3fa0901206d0 1d6fdd9d9f124826985c8fd743e2007c 04fbcac8238a495688374fb5313cd28b - - default default] 10.0.0.155 "DELETE /v2.0/ports/b525e7df-4947-4e20-9329-617ecfda60f9 HTTP/1.1" status: 204 len: 168 time: 0.2505620
2026-09-02 09:18:58.833 9 INFO neutron.wsgi [None req-8367ad33-3be3-4838-82fd-0c77ee61ae5d e6de193159dd4ac188ec02027fadaf9e f9c828f7561747aba8260f355988f113 - - default default] 10.0.0.155 "PUT /v2.0/routers/6a7d2e35-906b-457e-bcdd-5e5e21406fed/remove_router_interface HTTP/1.1" status: 200 len: 503 time: 0.7756693
2026-09-02 09:18:58.838 10 INFO neutron.wsgi [None req-c6109d98-d60d-436b-b3ef-6b00530fb493 1d6fdd9d9f124826985c8fd743e2007c 04fbcac8238a495688374fb5313cd28b - - default default] 10.0.0.155 "DELETE /v2.0/ports/3367bea4-cb81-4d4f-b5ca-54224655ce9c HTTP/1.1" status: 204 len: 168 time: 0.1767163 /var/lib/openstack/lib/python3.10/site-packages/pycadf/identifier.py:71: UserWarning: Invalid uuid: neutron. To ensure interoperability, identifiers should be a valid uuid. warnings.warn(('Invalid uuid: %s. To ensure interoperability, '
2026-09-02 09:18:58.852 10 INFO neutron.wsgi [None req-06123fbc-bbe4-463d-913b-b55ecd82ea10 e6de193159dd4ac188ec02027fadaf9e f9c828f7561747aba8260f355988f113 - - default default] 10.0.0.155 "GET /v2.0/ports?device_id=6a7d2e35-906b-457e-bcdd-5e5e21406fed HTTP/1.1" status: 200 len: 205 time: 0.0135825
2026-09-02 09:18:59.024 10 INFO neutron.wsgi [None req-a4d57722-a4b2-4075-b65f-19d4f69a2b2e e6de193159dd4ac188ec02027fadaf9e f9c828f7561747aba8260f355988f113 - - default default] 10.0.0.155 "DELETE /v2.0/routers/6a7d2e35-906b-457e-bcdd-5e5e21406fed HTTP/1.1" status: 204 len: 168 time: 0.1672134
2026-09-02 09:18:59.193 10 INFO neutron.wsgi [None req-3597085e-b16d-4ceb-a153-0095a120023e e6de193159dd4ac188ec02027fadaf9e f9c828f7561747aba8260f355988f113 - - default default] 10.0.0.155 "DELETE /v2.0/subnets/9aac535a-8876-458a-8005-3c8234d4dd18 HTTP/1.1" status: 204 len: 168 time: 0.1631660
2026-09-02 09:18:59.259 9 WARNING neutron.plugins.ml2.drivers.ovn.mech_driver.ovsdb.ovn_client [None req-8963fdc7-5ca0-4f58-aab6-7e2a0674ef9d - - - - - -] No port found with ID d4fd2b5f-9d26-42f0-bf95-c1749c502778: RuntimeError: No port found with ID d4fd2b5f-9d26-42f0-bf95-c1749c502778
2026-09-02 09:18:59.327 9 INFO neutron.wsgi [None req-4ffedcb5-af64-4e6d-b3c3-5d156307e3e6 1d6fdd9d9f124826985c8fd743e2007c 04fbcac8238a495688374fb5313cd28b - - default default] 10.0.0.155 "DELETE /v2.0/ports/d139f5b6-5a1b-4389-ad64-7e1ac7c7a41e HTTP/1.1" status: 204 len: 168 time: 0.4838641
2026-09-02 09:18:59.359 10 INFO neutron.wsgi [None req-1fee7941-48cd-4a6e-a91d-25dacdbc3430 e6de193159dd4ac188ec02027fadaf9e f9c828f7561747aba8260f355988f113 - - default default] 10.0.0.155 "DELETE /v2.0/subnets/06447625-ed1a-486c-9500-5889f642e217 HTTP/1.1" status: 204 len: 168 time: 0.1543925
2026-09-02 09:18:59.534 9 INFO neutron.wsgi [None req-7551c5a2-a090-4091-9323-92abb90639eb 1d6fdd9d9f124826985c8fd743e2007c 04fbcac8238a495688374fb5313cd28b - - default default] 10.0.0.155 "DELETE /v2.0/ports/009ee9f6-35a8-40db-8f1a-cf0569fa587c HTTP/1.1" status: 204 len: 168 time: 0.2022746
2026-09-02 09:18:59.779 10 INFO neutron.services.segments.plugin [-] Segment 08eb2d10-e8aa-4a37-9b2c-8606d9d74694 resource provider aggregate not found
2026-09-02 09:18:59.784 10 INFO neutron.services.segments.plugin [-] Segment 08eb2d10-e8aa-4a37-9b2c-8606d9d74694 resource provider aggregate not found
2026-09-02 09:18:59.805 10 INFO neutron.services.segments.plugin [-] Segment 08eb2d10-e8aa-4a37-9b2c-8606d9d74694 resource provider not found; error: Placement Client Error (4xx): {"errors": [{"status": 404, "title": "Not Found", "detail": "The resource could not be found.\n\n No resource provider with uuid 08eb2d10-e8aa-4a37-9b2c-8606d9d74694 found for delete ", "request_id": "req-54bec40e-d0b2-447a-ba89-471104f4100d"}]}
2026-09-02 09:18:59.813 10 INFO neutron.services.segments.plugin [-] Segment 08eb2d10-e8aa-4a37-9b2c-8606d9d74694 resource provider not found; error: Placement Client Error (4xx): {"errors": [{"status": 404, "title": "Not Found", "detail": "The resource could not be found.\n\n No resource provider with uuid 08eb2d10-e8aa-4a37-9b2c-8606d9d74694 found for delete ", "request_id": "req-7396b33d-3330-4ea7-9e97-dd128d54ec61"}]}
2026-09-02 09:18:59.826 10 INFO neutron.wsgi [None req-9af5d730-98b6-40b8-bac6-05ff685720b9 e6de193159dd4ac188ec02027fadaf9e f9c828f7561747aba8260f355988f113 - - default default] 10.0.0.155 "DELETE /v2.0/networks/a173690f-49f6-449b-bf4c-274cc82af740 HTTP/1.1" status: 204 len: 168 time: 0.4609270
2026-09-02 09:18:59.880 9 INFO neutron.services.segments.plugin [-] Segment 23bfcbe0-a338-494a-8fba-cbf1d10c09bc resource provider aggregate not found
2026-09-02 09:18:59.884 9 INFO neutron.services.segments.plugin [-] Segment 23bfcbe0-a338-494a-8fba-cbf1d10c09bc resource provider aggregate not found
2026-09-02 09:18:59.902 9 INFO neutron.services.segments.plugin [-] Segment 23bfcbe0-a338-494a-8fba-cbf1d10c09bc resource provider not found; error: Placement Client Error (4xx): {"errors": [{"status": 404, "title": "Not Found", "detail": "The resource could not be found.\n\n No resource provider with uuid 23bfcbe0-a338-494a-8fba-cbf1d10c09bc found for delete ", "request_id": "req-ae739cc6-d99d-41eb-bada-10020b99302d"}]}
2026-09-02 09:18:59.906 9 INFO neutron.services.segments.plugin [-] Segment 23bfcbe0-a338-494a-8fba-cbf1d10c09bc resource provider not found; error: Placement Client Error (4xx): {"errors": [{"status": 404, "title": "Not Found", "detail": "The resource could not be found.\n\n No resource provider with uuid 23bfcbe0-a338-494a-8fba-cbf1d10c09bc found for delete ", "request_id": "req-ff2e1d21-f73c-46c7-8aea-a19e463e49bc"}]}
2026-09-02 09:18:59.927 9 INFO neutron.wsgi [None req-293595f6-7b97-4496-b6ee-caf773ce85b7 1d6fdd9d9f124826985c8fd743e2007c 04fbcac8238a495688374fb5313cd28b - - default default] 10.0.0.155 "DELETE /v2.0/networks/30542058-477c-4d79-ab2e-543d8fad448e HTTP/1.1" status: 204 len: 168 time: 0.3846104
2026-09-02 09:19:00.444 10 INFO neutron.wsgi [None req-a8be93be-eac7-4180-bc76-25f2a9349487 e6de193159dd4ac188ec02027fadaf9e f9c828f7561747aba8260f355988f113 - - default default] 10.0.0.155 "DELETE /v2.0/networks/5e21a18b-e8cf-4fbf-b427-6ab00ac50062 HTTP/1.1" status: 204 len: 168 time: 0.6095800
2026-09-02 09:19:00.497 10 INFO neutron.wsgi [None req-75a8d337-e248-48d6-889c-f90c94a34c71 1d6fdd9d9f124826985c8fd743e2007c 04fbcac8238a495688374fb5313cd28b - - default default] 10.0.0.155 "DELETE /v2.0/networks/d8a9ee3f-def4-40d5-b779-b4f151c179fd HTTP/1.1" status: 204 len: 168 time: 0.5637407
2026-09-02 09:19:00.648 9 INFO neutron.db.segments_db [None req-1fc83e2a-64e7-48be-895c-360cc2d794ca e6de193159dd4ac188ec02027fadaf9e f9c828f7561747aba8260f355988f113 - - default default] Added segment 0d666833-61f2-42c7-b891-ae66a95a0a6e of type geneve for network 33d01a42-e73c-4fa8-954b-83f10da9c5a3
2026-09-02 09:19:00.730 9 INFO neutron.db.ovn_revision_numbers_db [None req-a13b24f3-fb1e-4a67-a1bd-cde5d74e4a97 29dad2a25b3c43b587343938ab6dec14 6217c49884d1461fa9dfba2a84a2c946 - - default default] Successfully bumped revision number for resource 63bbe9c8-40b9-40ea-910b-9a04535796dc (type: security_groups) to 1
2026-09-02 09:19:00.765 9 INFO neutron.db.ovn_revision_numbers_db [None req-a13b24f3-fb1e-4a67-a1bd-cde5d74e4a97 29dad2a25b3c43b587343938ab6dec14 6217c49884d1461fa9dfba2a84a2c946 - - default default] Successfully bumped revision number for resource 0b6c3cb4-0103-44c2-a35d-6204e5a0b2cd (type: security_group_rules) to 0
2026-09-02 09:19:00.808 9 INFO neutron.db.ovn_revision_numbers_db [None req-a13b24f3-fb1e-4a67-a1bd-cde5d74e4a97 29dad2a25b3c43b587343938ab6dec14 6217c49884d1461fa9dfba2a84a2c946 - - default default] Successfully bumped revision number for resource 55f2dca4-1a9a-40c6-8534-cc840253199b (type: security_group_rules) to 0
2026-09-02 09:19:00.861 9 INFO neutron.db.ovn_revision_numbers_db [None req-a13b24f3-fb1e-4a67-a1bd-cde5d74e4a97 29dad2a25b3c43b587343938ab6dec14 6217c49884d1461fa9dfba2a84a2c946 - - default default] Successfully bumped revision number for resource 603bb0ed-7440-4b96-aadb-de3feef9f880 (type: security_group_rules) to 0
2026-09-02 09:19:00.873 9 INFO neutron.db.ovn_revision_numbers_db [None req-1fc83e2a-64e7-48be-895c-360cc2d794ca e6de193159dd4ac188ec02027fadaf9e f9c828f7561747aba8260f355988f113 - - default default] Successfully bumped revision number for resource 33d01a42-e73c-4fa8-954b-83f10da9c5a3 (type: networks) to 1
2026-09-02 09:19:00.890 9 INFO neutron.db.ovn_revision_numbers_db [None req-a13b24f3-fb1e-4a67-a1bd-cde5d74e4a97 29dad2a25b3c43b587343938ab6dec14 6217c49884d1461fa9dfba2a84a2c946 - - default default] Successfully bumped revision number for resource cba724bf-f532-4c57-9b34-3f991961c813 (type: security_group_rules) to 0
