2026-09-02 09:19:00.974 9 INFO neutron.db.segments_db [None req-a13b24f3-fb1e-4a67-a1bd-cde5d74e4a97 29dad2a25b3c43b587343938ab6dec14 6217c49884d1461fa9dfba2a84a2c946 - - default default] Added segment 58761fd6-085d-4832-93c0-cd87d0faae58 of type geneve for network 232495ab-c834-4b59-880d-961a29d04996
2026-09-02 09:19:01.119 9 INFO neutron.wsgi [None req-f4ac858a-bead-4b18-814e-8f199900bd45 1d6fdd9d9f124826985c8fd743e2007c 04fbcac8238a495688374fb5313cd28b - - default default] 10.0.0.155 "DELETE /v2.0/networks/83808455-0f7e-427a-8cb3-906bdf11227e HTTP/1.1" status: 204 len: 168 time: 0.6134617
2026-09-02 09:19:01.151 9 WARNING neutron.scheduler.dhcp_agent_scheduler [None req-1fc83e2a-64e7-48be-895c-360cc2d794ca e6de193159dd4ac188ec02027fadaf9e f9c828f7561747aba8260f355988f113 - - default default] No more DHCP agents
2026-09-02 09:19:01.159 9 WARNING neutron.api.rpc.agentnotifiers.dhcp_rpc_agent_api [None req-1fc83e2a-64e7-48be-895c-360cc2d794ca e6de193159dd4ac188ec02027fadaf9e f9c828f7561747aba8260f355988f113 - - default default] Unable to schedule network 33d01a42-e73c-4fa8-954b-83f10da9c5a3: no agents available; will retry on subsequent port and subnet creation events.
2026-09-02 09:19:01.214 9 INFO neutron.db.ovn_revision_numbers_db [None req-a13b24f3-fb1e-4a67-a1bd-cde5d74e4a97 29dad2a25b3c43b587343938ab6dec14 6217c49884d1461fa9dfba2a84a2c946 - - default default] Successfully bumped revision number for resource 232495ab-c834-4b59-880d-961a29d04996 (type: networks) to 1
2026-09-02 09:19:01.297 9 INFO neutron.db.ovn_revision_numbers_db [None req-1fc83e2a-64e7-48be-895c-360cc2d794ca e6de193159dd4ac188ec02027fadaf9e f9c828f7561747aba8260f355988f113 - - default default] Successfully bumped revision number for resource baf7a6ac-e2f6-4022-8acd-1dd9d2958f7b (type: ports) to 1
2026-09-02 09:19:01.348 9 INFO neutron.wsgi [None req-1fc83e2a-64e7-48be-895c-360cc2d794ca e6de193159dd4ac188ec02027fadaf9e f9c828f7561747aba8260f355988f113 - - default default] 10.0.0.155 "POST /v2.0/networks HTTP/1.1" status: 201 len: 829 time: 0.8940532
2026-09-02 09:19:01.414 9 WARNING neutron.scheduler.dhcp_agent_scheduler [None req-a13b24f3-fb1e-4a67-a1bd-cde5d74e4a97 29dad2a25b3c43b587343938ab6dec14 6217c49884d1461fa9dfba2a84a2c946 - - default default] No more DHCP agents
2026-09-02 09:19:01.418 9 WARNING neutron.api.rpc.agentnotifiers.dhcp_rpc_agent_api [None req-a13b24f3-fb1e-4a67-a1bd-cde5d74e4a97 29dad2a25b3c43b587343938ab6dec14 6217c49884d1461fa9dfba2a84a2c946 - - default default] Unable to schedule network 232495ab-c834-4b59-880d-961a29d04996: no agents available; will retry on subsequent port and subnet creation events.
2026-09-02 09:19:01.522 9 INFO neutron.db.ovn_revision_numbers_db [None req-a13b24f3-fb1e-4a67-a1bd-cde5d74e4a97 29dad2a25b3c43b587343938ab6dec14 6217c49884d1461fa9dfba2a84a2c946 - - default default] Successfully bumped revision number for resource ea4f3575-1d66-4728-bb43-fab04108521b (type: ports) to 1
2026-09-02 09:19:01.577 9 INFO neutron.wsgi [None req-a13b24f3-fb1e-4a67-a1bd-cde5d74e4a97 29dad2a25b3c43b587343938ab6dec14 6217c49884d1461fa9dfba2a84a2c946 - - default default] 10.0.0.155 "POST /v2.0/networks HTTP/1.1" status: 201 len: 831 time: 1.3249323
2026-09-02 09:19:01.615 9 INFO neutron.wsgi [None req-6794f5d7-e8c0-4c56-8eb3-c7c38a1784f3 1d6fdd9d9f124826985c8fd743e2007c 04fbcac8238a495688374fb5313cd28b - - default default] 10.0.0.155 "DELETE /v2.0/networks/e64e3aa3-030f-4827-88dc-33550246ec42 HTTP/1.1" status: 204 len: 168 time: 0.4850547
2026-09-02 09:19:01.629 10 WARNING neutron.scheduler.dhcp_agent_scheduler [None req-70ea8d39-ee6b-4f6a-9ee5-2d1aaecd207d e6de193159dd4ac188ec02027fadaf9e f9c828f7561747aba8260f355988f113 - - default default] No more DHCP agents
2026-09-02 09:19:01.633 10 WARNING neutron.api.rpc.agentnotifiers.dhcp_rpc_agent_api [None req-70ea8d39-ee6b-4f6a-9ee5-2d1aaecd207d e6de193159dd4ac188ec02027fadaf9e f9c828f7561747aba8260f355988f113 - - default default] Unable to schedule network 33d01a42-e73c-4fa8-954b-83f10da9c5a3: no agents available; will retry on subsequent port and subnet creation events.
2026-09-02 09:19:01.698 10 INFO neutron.db.segments_db [None req-965fb496-125f-456f-86e8-c9edc00a445c 29dad2a25b3c43b587343938ab6dec14 6217c49884d1461fa9dfba2a84a2c946 - - default default] Added segment 0834398e-ed7d-49fd-a7ce-1213fcc726af of type geneve for network e9ccc924-a403-4958-96b2-906ad51f63f3
2026-09-02 09:19:01.791 10 WARNING neutron.plugins.ml2.drivers.ovn.mech_driver.ovsdb.ovn_client [None req-5f734516-6267-4978-9435-44ef8a49628a - - - - - -] No port found with ID 0db9ed19-4fe5-4cff-9b8a-197dce08c500: RuntimeError: No port found with ID 0db9ed19-4fe5-4cff-9b8a-197dce08c500
2026-09-02 09:19:01.841 10 INFO neutron.services.segments.plugin [-] Segment 0b1235de-6eaf-463b-910c-1f89f8337187 resource provider aggregate not found
2026-09-02 09:19:01.846 10 INFO neutron.services.segments.plugin [-] Segment 0b1235de-6eaf-463b-910c-1f89f8337187 resource provider aggregate not found
2026-09-02 09:19:01.876 10 INFO neutron.services.segments.plugin [-] Segment 0b1235de-6eaf-463b-910c-1f89f8337187 resource provider not found; error: Placement Client Error (4xx): {"errors": [{"status": 404, "title": "Not Found", "detail": "The resource could not be found.\n\n No resource provider with uuid 0b1235de-6eaf-463b-910c-1f89f8337187 found for delete ", "request_id": "req-8e46d688-46c9-4a1f-9eff-8f33c8b4a87e"}]}
2026-09-02 09:19:01.881 10 INFO neutron.services.segments.plugin [-] Segment 0b1235de-6eaf-463b-910c-1f89f8337187 resource provider not found; error: Placement Client Error (4xx): {"errors": [{"status": 404, "title": "Not Found", "detail": "The resource could not be found.\n\n No resource provider with uuid 0b1235de-6eaf-463b-910c-1f89f8337187 found for delete ", "request_id": "req-03bd5b81-bbc5-4d1c-bce7-18486ff80343"}]}
2026-09-02 09:19:01.909 10 INFO neutron.db.ovn_revision_numbers_db [None req-965fb496-125f-456f-86e8-c9edc00a445c 29dad2a25b3c43b587343938ab6dec14 6217c49884d1461fa9dfba2a84a2c946 - - default default] Successfully bumped revision number for resource e9ccc924-a403-4958-96b2-906ad51f63f3 (type: networks) to 1
2026-09-02 09:19:01.914 10 INFO neutron.services.segments.plugin [-] Segment 84d09873-e8a0-4e9c-895f-2f695d7e6352 resource provider aggregate not found
2026-09-02 09:19:01.916 9 INFO neutron.wsgi [None req-c8ab8928-da6a-4777-9bd6-a98fd238aba8 1d6fdd9d9f124826985c8fd743e2007c 04fbcac8238a495688374fb5313cd28b - - default default] 10.0.0.155 "DELETE /v2.0/networks/9c16d97e-37a6-471d-b69d-d3f188ff5750 HTTP/1.1" status: 204 len: 168 time: 0.2941804
2026-09-02 09:19:01.921 10 INFO neutron.services.segments.plugin [-] Segment 84d09873-e8a0-4e9c-895f-2f695d7e6352 resource provider aggregate not found
2026-09-02 09:19:01.927 9 INFO neutron.services.segments.plugin [-] Segment 133a6122-293c-4d9f-9844-1bb03ae63de1 resource provider aggregate not found
2026-09-02 09:19:01.942 10 INFO neutron.services.segments.plugin [-] Segment 84d09873-e8a0-4e9c-895f-2f695d7e6352 resource provider not found; error: Placement Client Error (4xx): {"errors": [{"status": 404, "title": "Not Found", "detail": "The resource could not be found.\n\n No resource provider with uuid 84d09873-e8a0-4e9c-895f-2f695d7e6352 found for delete ", "request_id": "req-cb1c623d-dd05-4bbf-9c78-64a1fc90e4f1"}]}
2026-09-02 09:19:01.942 9 INFO neutron.services.segments.plugin [-] Segment 133a6122-293c-4d9f-9844-1bb03ae63de1 resource provider aggregate not found
2026-09-02 09:19:01.955 10 INFO neutron.services.segments.plugin [-] Segment 84d09873-e8a0-4e9c-895f-2f695d7e6352 resource provider not found; error: Placement Client Error (4xx): {"errors": [{"status": 404, "title": "Not Found", "detail": "The resource could not be found.\n\n No resource provider with uuid 84d09873-e8a0-4e9c-895f-2f695d7e6352 found for delete ", "request_id": "req-a4f23f6f-9d8e-419c-bada-6a6ed756beec"}]}
2026-09-02 09:19:01.962 9 INFO neutron.services.segments.plugin [-] Segment 133a6122-293c-4d9f-9844-1bb03ae63de1 resource provider not found; error: Placement Client Error (4xx): {"errors": [{"status": 404, "title": "Not Found", "detail": "The resource could not be found.\n\n No resource provider with uuid 133a6122-293c-4d9f-9844-1bb03ae63de1 found for delete ", "request_id": "req-f62b4484-25d9-4143-99ea-4d4b7207fcc3"}]}
2026-09-02 09:19:01.968 9 INFO neutron.services.segments.plugin [-] Segment 133a6122-293c-4d9f-9844-1bb03ae63de1 resource provider not found; error: Placement Client Error (4xx): {"errors": [{"status": 404, "title": "Not Found", "detail": "The resource could not be found.\n\n No resource provider with uuid 133a6122-293c-4d9f-9844-1bb03ae63de1 found for delete ", "request_id": "req-86aa7e2c-a7d0-4135-9b00-4dfd634a384e"}]}
2026-09-02 09:19:01.986 9 INFO neutron.services.segments.plugin [-] Segment b1303ac7-bbc1-4d5c-8221-7743faf44ec0 resource provider aggregate not found
2026-09-02 09:19:01.993 9 INFO neutron.services.segments.plugin [-] Segment b1303ac7-bbc1-4d5c-8221-7743faf44ec0 resource provider aggregate not found
2026-09-02 09:19:02.009 9 INFO neutron.services.segments.plugin [-] Segment b1303ac7-bbc1-4d5c-8221-7743faf44ec0 resource provider not found; error: Placement Client Error (4xx): {"errors": [{"status": 404, "title": "Not Found", "detail": "The resource could not be found.\n\n No resource provider with uuid b1303ac7-bbc1-4d5c-8221-7743faf44ec0 found for delete ", "request_id": "req-47cdc826-1fbb-47ec-b6f9-bc7298f78d79"}]}
2026-09-02 09:19:02.015 9 INFO neutron.services.segments.plugin [-] Segment b1303ac7-bbc1-4d5c-8221-7743faf44ec0 resource provider not found; error: Placement Client Error (4xx): {"errors": [{"status": 404, "title": "Not Found", "detail": "The resource could not be found.\n\n No resource provider with uuid b1303ac7-bbc1-4d5c-8221-7743faf44ec0 found for delete ", "request_id": "req-e31e39c6-0ef7-4b00-a538-9b1f563b933c"}]}
2026-09-02 09:19:02.033 9 INFO neutron.services.segments.plugin [-] Segment 35b668f4-4005-4498-8b89-8a38d894943d resource provider aggregate not found
2026-09-02 09:19:02.039 9 INFO neutron.services.segments.plugin [-] Segment 35b668f4-4005-4498-8b89-8a38d894943d resource provider aggregate not found
2026-09-02 09:19:02.055 9 INFO neutron.services.segments.plugin [-] Segment 35b668f4-4005-4498-8b89-8a38d894943d resource provider not found; error: Placement Client Error (4xx): {"errors": [{"status": 404, "title": "Not Found", "detail": "The resource could not be found.\n\n No resource provider with uuid 35b668f4-4005-4498-8b89-8a38d894943d found for delete ", "request_id": "req-5cbc1aad-e101-437f-a59a-c06f7cd06e1d"}]}
2026-09-02 09:19:02.062 9 INFO neutron.services.segments.plugin [-] Segment 35b668f4-4005-4498-8b89-8a38d894943d resource provider not found; error: Placement Client Error (4xx): {"errors": [{"status": 404, "title": "Not Found", "detail": "The resource could not be found.\n\n No resource provider with uuid 35b668f4-4005-4498-8b89-8a38d894943d found for delete ", "request_id": "req-d2651e1e-e6c7-4172-8bee-651829be2286"}]}
2026-09-02 09:19:02.125 10 WARNING neutron.scheduler.dhcp_agent_scheduler [None req-965fb496-125f-456f-86e8-c9edc00a445c 29dad2a25b3c43b587343938ab6dec14 6217c49884d1461fa9dfba2a84a2c946 - - default default] No more DHCP agents
2026-09-02 09:19:02.128 10 WARNING neutron.api.rpc.agentnotifiers.dhcp_rpc_agent_api [None req-965fb496-125f-456f-86e8-c9edc00a445c 29dad2a25b3c43b587343938ab6dec14 6217c49884d1461fa9dfba2a84a2c946 - - default default] Unable to schedule network e9ccc924-a403-4958-96b2-906ad51f63f3: no agents available; will retry on subsequent port and subnet creation events.
2026-09-02 09:19:02.222 10 INFO neutron.db.ovn_revision_numbers_db [None req-965fb496-125f-456f-86e8-c9edc00a445c 29dad2a25b3c43b587343938ab6dec14 6217c49884d1461fa9dfba2a84a2c946 - - default default] Successfully bumped revision number for resource 96a0e408-dabc-49a2-8c87-4ac40c098d06 (type: ports) to 1
2026-09-02 09:19:02.251 10 INFO neutron.wsgi [None req-965fb496-125f-456f-86e8-c9edc00a445c 29dad2a25b3c43b587343938ab6dec14 6217c49884d1461fa9dfba2a84a2c946 - - default default] 10.0.0.155 "POST /v2.0/networks HTTP/1.1" status: 201 len: 831 time: 0.6649904
2026-09-02 09:19:02.266 10 INFO neutron.db.ovn_revision_numbers_db [None req-70ea8d39-ee6b-4f6a-9ee5-2d1aaecd207d e6de193159dd4ac188ec02027fadaf9e f9c828f7561747aba8260f355988f113 - - default default] Successfully bumped revision number for resource baf7a6ac-e2f6-4022-8acd-1dd9d2958f7b (type: ports) to 2
2026-09-02 09:19:02.307 10 INFO neutron.db.ovn_revision_numbers_db [None req-70ea8d39-ee6b-4f6a-9ee5-2d1aaecd207d e6de193159dd4ac188ec02027fadaf9e f9c828f7561747aba8260f355988f113 - - default default] Successfully bumped revision number for resource 150fe8b8-138b-46d7-a40e-b59aea658a86 (type: subnets) to 0
2026-09-02 09:19:02.320 10 INFO neutron.wsgi [None req-70ea8d39-ee6b-4f6a-9ee5-2d1aaecd207d e6de193159dd4ac188ec02027fadaf9e f9c828f7561747aba8260f355988f113 - - default default] 10.0.0.155 "POST /v2.0/subnets HTTP/1.1" status: 201 len: 801 time: 0.9645567
2026-09-02 09:19:02.349 10 INFO neutron.db.segments_db [None req-db8a2c79-32d1-45c5-9805-03b937e99ccd 29dad2a25b3c43b587343938ab6dec14 6217c49884d1461fa9dfba2a84a2c946 - - default default] Added segment 9c1e63d9-3484-4ab6-96d5-da961379fb6b of type geneve for network 3d388b89-218a-4429-abc4-b2a48186b49c
2026-09-02 09:19:03.044 10 INFO neutron.db.ovn_revision_numbers_db [None req-46428794-b892-401e-a63d-a5bc4aadb478 e6de193159dd4ac188ec02027fadaf9e f9c828f7561747aba8260f355988f113 - - default default] Successfully bumped revision number for resource f8356f5f-9a32-498f-8729-316a2b137754 (type: routers) to 1
2026-09-02 09:19:03.063 10 INFO neutron.wsgi [None req-46428794-b892-401e-a63d-a5bc4aadb478 e6de193159dd4ac188ec02027fadaf9e f9c828f7561747aba8260f355988f113 - - default default] 10.0.0.155 "POST /v2.0/routers HTTP/1.1" status: 201 len: 685 time: 0.7386210
2026-09-02 09:19:03.064 10 INFO neutron.db.ovn_revision_numbers_db [None req-db8a2c79-32d1-45c5-9805-03b937e99ccd 29dad2a25b3c43b587343938ab6dec14 6217c49884d1461fa9dfba2a84a2c946 - - default default] Successfully bumped revision number for resource 3d388b89-218a-4429-abc4-b2a48186b49c (type: networks) to 1
2026-09-02 09:19:03.225 10 WARNING neutron.scheduler.dhcp_agent_scheduler [None req-db8a2c79-32d1-45c5-9805-03b937e99ccd 29dad2a25b3c43b587343938ab6dec14 6217c49884d1461fa9dfba2a84a2c946 - - default default] No more DHCP agents
2026-09-02 09:19:03.227 10 WARNING neutron.api.rpc.agentnotifiers.dhcp_rpc_agent_api [None req-db8a2c79-32d1-45c5-9805-03b937e99ccd 29dad2a25b3c43b587343938ab6dec14 6217c49884d1461fa9dfba2a84a2c946 - - default default] Unable to schedule network 3d388b89-218a-4429-abc4-b2a48186b49c: no agents available; will retry on subsequent port and subnet creation events.
2026-09-02 09:19:03.232 9 INFO neutron.wsgi [None req-5786ac7f-f3c5-43e1-8919-f896b6eddb30 3ae23c41bc1f4269940bbf1c7b927978 093a2da55a974dd7987cb51a448df596 - - default default] 10.0.0.155 "GET /v2.0/security-groups?tenant_id=04fbcac8238a495688374fb5313cd28b&name=default HTTP/1.1" status: 200 len: 2996 time: 0.2383363
2026-09-02 09:19:03.336 10 INFO neutron.db.ovn_revision_numbers_db [None req-db8a2c79-32d1-45c5-9805-03b937e99ccd 29dad2a25b3c43b587343938ab6dec14 6217c49884d1461fa9dfba2a84a2c946 - - default default] Successfully bumped revision number for resource 857e86a3-68dc-40a3-8b69-78196a9b5bb0 (type: ports) to 1
2026-09-02 09:19:03.368 10 INFO neutron.wsgi [None req-db8a2c79-32d1-45c5-9805-03b937e99ccd 29dad2a25b3c43b587343938ab6dec14 6217c49884d1461fa9dfba2a84a2c946 - - default default] 10.0.0.155 "POST /v2.0/networks HTTP/1.1" status: 201 len: 831 time: 1.1085804
2026-09-02 09:19:03.381 9 WARNING neutron.scheduler.dhcp_agent_scheduler [None req-290434bf-9b6d-4ecb-b97a-eee9b69e26e9 e6de193159dd4ac188ec02027fadaf9e f9c828f7561747aba8260f355988f113 - - default default] No more DHCP agents
2026-09-02 09:19:03.383 9 WARNING neutron.api.rpc.agentnotifiers.dhcp_rpc_agent_api [None req-290434bf-9b6d-4ecb-b97a-eee9b69e26e9 e6de193159dd4ac188ec02027fadaf9e f9c828f7561747aba8260f355988f113 - - default default] Unable to schedule network 33d01a42-e73c-4fa8-954b-83f10da9c5a3: no agents available; will retry on subsequent port and subnet creation events.
2026-09-02 09:19:03.493 10 INFO neutron.db.segments_db [None req-138d945e-78c0-4288-8baf-b55c601bd573 29dad2a25b3c43b587343938ab6dec14 6217c49884d1461fa9dfba2a84a2c946 - - default default] Added segment 4139275d-6844-49db-affc-61c3e948e031 of type geneve for network 5d61ead8-a41b-4a2d-8764-5e3ed2f7ff94
2026-09-02 09:19:03.551 10 INFO neutron.wsgi [None req-ffdfdde2-8ef8-4625-aae1-ab3dd2f3ffaf 3ae23c41bc1f4269940bbf1c7b927978 093a2da55a974dd7987cb51a448df596 - - default default] 10.0.0.155 "DELETE /v2.0/security-groups/aafd0055-860e-469a-bdde-41c127d186e7 HTTP/1.1" status: 204 len: 168 time: 0.3116405
2026-09-02 09:19:03.615 9 INFO neutron.db.ovn_revision_numbers_db [None req-290434bf-9b6d-4ecb-b97a-eee9b69e26e9 e6de193159dd4ac188ec02027fadaf9e f9c828f7561747aba8260f355988f113 - - default default] Successfully bumped revision number for resource 20af2a3b-ab82-443d-9c2e-54bbbfab1aa9 (type: ports) to 1
2026-09-02 09:19:03.646 10 INFO neutron.db.ovn_revision_numbers_db [None req-138d945e-78c0-4288-8baf-b55c601bd573 29dad2a25b3c43b587343938ab6dec14 6217c49884d1461fa9dfba2a84a2c946 - - default default] Successfully bumped revision number for resource 5d61ead8-a41b-4a2d-8764-5e3ed2f7ff94 (type: networks) to 1
2026-09-02 09:19:03.647 9 INFO neutron.wsgi [None req-290434bf-9b6d-4ecb-b97a-eee9b69e26e9 e6de193159dd4ac188ec02027fadaf9e f9c828f7561747aba8260f355988f113 - - default default] 10.0.0.155 "POST /v2.0/ports HTTP/1.1" status: 201 len: 1147 time: 0.5772829 /var/lib/openstack/lib/python3.10/site-packages/pycadf/identifier.py:71: UserWarning: Invalid uuid: neutron. To ensure interoperability, identifiers should be a valid uuid. warnings.warn(('Invalid uuid: %s. To ensure interoperability, '
2026-09-02 09:19:03.823 10 INFO neutron.db.ovn_revision_numbers_db [None req-c678051d-cd75-4c39-8561-8fab41ff3c69 3ae23c41bc1f4269940bbf1c7b927978 093a2da55a974dd7987cb51a448df596 - - default default] Successfully bumped revision number for resource a4124b01-94e2-4984-8d5a-a82f5cc43dae (type: security_groups) to 1
2026-09-02 09:19:03.844 10 WARNING neutron.scheduler.dhcp_agent_scheduler [None req-138d945e-78c0-4288-8baf-b55c601bd573 29dad2a25b3c43b587343938ab6dec14 6217c49884d1461fa9dfba2a84a2c946 - - default default] No more DHCP agents
2026-09-02 09:19:03.845 10 WARNING neutron.api.rpc.agentnotifiers.dhcp_rpc_agent_api [None req-138d945e-78c0-4288-8baf-b55c601bd573 29dad2a25b3c43b587343938ab6dec14 6217c49884d1461fa9dfba2a84a2c946 - - default default] Unable to schedule network 5d61ead8-a41b-4a2d-8764-5e3ed2f7ff94: no agents available; will retry on subsequent port and subnet creation events.
2026-09-02 09:19:03.848 10 INFO neutron.db.ovn_revision_numbers_db [None req-c678051d-cd75-4c39-8561-8fab41ff3c69 3ae23c41bc1f4269940bbf1c7b927978 093a2da55a974dd7987cb51a448df596 - - default default] Successfully bumped revision number for resource 232830b0-e429-4956-938e-969d7c1a6ed3 (type: security_group_rules) to 0
2026-09-02 09:19:03.872 10 INFO neutron.db.ovn_revision_numbers_db [None req-c678051d-cd75-4c39-8561-8fab41ff3c69 3ae23c41bc1f4269940bbf1c7b927978 093a2da55a974dd7987cb51a448df596 - - default default] Successfully bumped revision number for resource 8b7edec7-31f1-489f-8fea-31bc16e5dc07 (type: security_group_rules) to 0
2026-09-02 09:19:03.889 10 INFO neutron.db.ovn_revision_numbers_db [None req-c678051d-cd75-4c39-8561-8fab41ff3c69 3ae23c41bc1f4269940bbf1c7b927978 093a2da55a974dd7987cb51a448df596 - - default default] Successfully bumped revision number for resource d12a6c4a-e1c8-4fba-9d78-463200d15eb5 (type: security_group_rules) to 0
2026-09-02 09:19:03.907 10 INFO neutron.db.ovn_revision_numbers_db [None req-c678051d-cd75-4c39-8561-8fab41ff3c69 3ae23c41bc1f4269940bbf1c7b927978 093a2da55a974dd7987cb51a448df596 - - default default] Successfully bumped revision number for resource fe4f329e-123c-4174-9786-29493282a368 (type: security_group_rules) to 0
2026-09-02 09:19:03.915 10 INFO neutron.db.ovn_revision_numbers_db [None req-138d945e-78c0-4288-8baf-b55c601bd573 29dad2a25b3c43b587343938ab6dec14 6217c49884d1461fa9dfba2a84a2c946 - - default default] Successfully bumped revision number for resource 8e70b7cb-3f85-4462-8ae0-e6017d5c9aae (type: ports) to 1
2026-09-02 09:19:03.932 10 INFO neutron.wsgi [None req-c678051d-cd75-4c39-8561-8fab41ff3c69 3ae23c41bc1f4269940bbf1c7b927978 093a2da55a974dd7987cb51a448df596 - - default default] 10.0.0.155 "GET /v2.0/security-groups?tenant_id=fbfffd67d83d47c5b97141f4af60b491&name=default HTTP/1.1" status: 200 len: 2996 time: 0.2741766
2026-09-02 09:19:03.943 10 INFO neutron.wsgi [None req-138d945e-78c0-4288-8baf-b55c601bd573 29dad2a25b3c43b587343938ab6dec14 6217c49884d1461fa9dfba2a84a2c946 - - default default] 10.0.0.155 "POST /v2.0/networks HTTP/1.1" status: 201 len: 831 time: 0.5685294
2026-09-02 09:19:04.071 10 INFO neutron.db.segments_db [None req-9136a85e-a082-4673-a68e-eea53d0818b6 29dad2a25b3c43b587343938ab6dec14 6217c49884d1461fa9dfba2a84a2c946 - - default default] Added segment 05ed6acb-05ae-40d3-b951-bab1cfe01dd6 of type geneve for network a442272b-f886-48bd-98af-196dd452b383
2026-09-02 09:19:04.232 10 INFO neutron.wsgi [None req-29ba0f7f-c50a-45b6-8894-0e8e7a49e8cd 3ae23c41bc1f4269940bbf1c7b927978 093a2da55a974dd7987cb51a448df596 - - default default] 10.0.0.155 "DELETE /v2.0/security-groups/a4124b01-94e2-4984-8d5a-a82f5cc43dae HTTP/1.1" status: 204 len: 168 time: 0.2949705
2026-09-02 09:19:04.249 10 INFO neutron.db.ovn_revision_numbers_db [None req-9136a85e-a082-4673-a68e-eea53d0818b6 29dad2a25b3c43b587343938ab6dec14 6217c49884d1461fa9dfba2a84a2c946 - - default default] Successfully bumped revision number for resource a442272b-f886-48bd-98af-196dd452b383 (type: networks) to 1
2026-09-02 09:19:04.345 9 INFO neutron.plugins.ml2.drivers.ovn.mech_driver.mech_driver [None req-8963fdc7-5ca0-4f58-aab6-7e2a0674ef9d - - - - - -] OVN reports status up for port: 20af2a3b-ab82-443d-9c2e-54bbbfab1aa9
2026-09-02 09:19:04.358 9 INFO neutron.plugins.ml2.plugin [None req-8963fdc7-5ca0-4f58-aab6-7e2a0674ef9d - - - - - -] Attempt 1 to provision port 20af2a3b-ab82-443d-9c2e-54bbbfab1aa9
2026-09-02 09:19:04.375 9 INFO neutron.db.ovn_revision_numbers_db [None req-af00731e-504d-488b-bf28-1c655079851d e6de193159dd4ac188ec02027fadaf9e f9c828f7561747aba8260f355988f113 - - default default] Successfully bumped revision number for resource 20af2a3b-ab82-443d-9c2e-54bbbfab1aa9 (type: router_ports) to 2 /var/lib/openstack/lib/python3.10/site-packages/pycadf/identifier.py:71: UserWarning: Invalid uuid: neutron. To ensure interoperability, identifiers should be a valid uuid. warnings.warn(('Invalid uuid: %s. To ensure interoperability, '
2026-09-02 09:19:04.471 10 WARNING neutron.scheduler.dhcp_agent_scheduler [None req-9136a85e-a082-4673-a68e-eea53d0818b6 29dad2a25b3c43b587343938ab6dec14 6217c49884d1461fa9dfba2a84a2c946 - - default default] No more DHCP agents
2026-09-02 09:19:04.475 10 WARNING neutron.api.rpc.agentnotifiers.dhcp_rpc_agent_api [None req-9136a85e-a082-4673-a68e-eea53d0818b6 29dad2a25b3c43b587343938ab6dec14 6217c49884d1461fa9dfba2a84a2c946 - - default default] Unable to schedule network a442272b-f886-48bd-98af-196dd452b383: no agents available; will retry on subsequent port and subnet creation events.
2026-09-02 09:19:04.546 10 INFO neutron.wsgi [-] 10.0.0.63 "GET / HTTP/1.1" status: 200 len: 247 time: 0.0015397
2026-09-02 09:19:04.549 10 INFO neutron.wsgi [-] 10.0.0.63 "GET / HTTP/1.1" status: 200 len: 247 time: 0.0014508
2026-09-02 09:19:04.569 10 INFO neutron.db.ovn_revision_numbers_db [None req-9136a85e-a082-4673-a68e-eea53d0818b6 29dad2a25b3c43b587343938ab6dec14 6217c49884d1461fa9dfba2a84a2c946 - - default default] Successfully bumped revision number for resource b927c284-c80f-42ed-9ec2-55611292864c (type: ports) to 1
2026-09-02 09:19:04.597 10 INFO neutron.wsgi [None req-9136a85e-a082-4673-a68e-eea53d0818b6 29dad2a25b3c43b587343938ab6dec14 6217c49884d1461fa9dfba2a84a2c946 - - default default] 10.0.0.155 "POST /v2.0/networks HTTP/1.1" status: 201 len: 830 time: 0.6493330
2026-09-02 09:19:04.645 10 INFO neutron.wsgi [None req-5b0341f9-fbf2-4c7f-bdb4-69d45b8f15e8 29dad2a25b3c43b587343938ab6dec14 6217c49884d1461fa9dfba2a84a2c946 - - default default] 10.0.0.155 "PUT /v2.0/networks/232495ab-c834-4b59-880d-961a29d04996/tags HTTP/1.1" status: 200 len: 210 time: 0.0425971
2026-09-02 09:19:04.648 9 INFO neutron.db.ovn_revision_numbers_db [None req-b7d24a92-9507-42c0-8c39-c99f649a13bf 3ae23c41bc1f4269940bbf1c7b927978 093a2da55a974dd7987cb51a448df596 - - default default] Successfully bumped revision number for resource 68de688d-e57b-4af0-9f69-07e9b51a24ec (type: security_groups) to 1
2026-09-02 09:19:04.694 10 INFO neutron.wsgi [None req-33d2b94f-8295-4530-981c-73c3a1a6788b 29dad2a25b3c43b587343938ab6dec14 6217c49884d1461fa9dfba2a84a2c946 - - default default] 10.0.0.155 "PUT /v2.0/networks/e9ccc924-a403-4958-96b2-906ad51f63f3/tags HTTP/1.1" status: 200 len: 218 time: 0.0433173
2026-09-02 09:19:04.726 9 INFO neutron.db.ovn_revision_numbers_db [None req-b7d24a92-9507-42c0-8c39-c99f649a13bf 3ae23c41bc1f4269940bbf1c7b927978 093a2da55a974dd7987cb51a448df596 - - default default] Successfully bumped revision number for resource 507b3c42-b9ee-4462-81a7-dc38ca6f978d (type: security_group_rules) to 0
2026-09-02 09:19:04.734 9 INFO neutron.db.ovn_revision_numbers_db [None req-af00731e-504d-488b-bf28-1c655079851d e6de193159dd4ac188ec02027fadaf9e f9c828f7561747aba8260f355988f113 - - default default] Successfully bumped revision number for resource 20af2a3b-ab82-443d-9c2e-54bbbfab1aa9 (type: ports) to 2
2026-09-02 09:19:04.748 9 INFO neutron.db.ovn_revision_numbers_db [None req-b7d24a92-9507-42c0-8c39-c99f649a13bf 3ae23c41bc1f4269940bbf1c7b927978 093a2da55a974dd7987cb51a448df596 - - default default] Successfully bumped revision number for resource 75b90b6e-8e8e-48e3-861a-7344b1d8ce7a (type: security_group_rules) to 0
2026-09-02 09:19:04.769 10 INFO neutron.wsgi [None req-18d75c46-5905-4680-a5da-27497eb9ba12 29dad2a25b3c43b587343938ab6dec14 6217c49884d1461fa9dfba2a84a2c946 - - default default] 10.0.0.155 "PUT /v2.0/networks/3d388b89-218a-4429-abc4-b2a48186b49c/tags HTTP/1.1" status: 200 len: 227 time: 0.0698917
2026-09-02 09:19:04.782 9 INFO neutron.db.ovn_revision_numbers_db [None req-b7d24a92-9507-42c0-8c39-c99f649a13bf 3ae23c41bc1f4269940bbf1c7b927978 093a2da55a974dd7987cb51a448df596 - - default default] Successfully bumped revision number for resource a623652c-b126-4371-8e03-c561559d81c2 (type: security_group_rules) to 0
2026-09-02 09:19:04.806 9 INFO neutron.db.ovn_revision_numbers_db [None req-b7d24a92-9507-42c0-8c39-c99f649a13bf 3ae23c41bc1f4269940bbf1c7b927978 093a2da55a974dd7987cb51a448df596 - - default default] Successfully bumped revision number for resource f41892da-e0df-438a-9fe9-5ffe3873eb06 (type: security_group_rules) to 0
2026-09-02 09:19:04.822 10 INFO neutron.wsgi [None req-63c7013d-904b-4e9e-9f84-21b6f5341b88 29dad2a25b3c43b587343938ab6dec14 6217c49884d1461fa9dfba2a84a2c946 - - default default] 10.0.0.155 "PUT /v2.0/networks/5d61ead8-a41b-4a2d-8764-5e3ed2f7ff94/tags HTTP/1.1" status: 200 len: 212 time: 0.0440748
2026-09-02 09:19:04.829 9 INFO neutron.db.ovn_revision_numbers_db [None req-8963fdc7-5ca0-4f58-aab6-7e2a0674ef9d - - - - - -] Successfully bumped revision number for resource 20af2a3b-ab82-443d-9c2e-54bbbfab1aa9 (type: ports) to 3
2026-09-02 09:19:04.841 9 INFO neutron.wsgi [None req-b7d24a92-9507-42c0-8c39-c99f649a13bf 3ae23c41bc1f4269940bbf1c7b927978 093a2da55a974dd7987cb51a448df596 - - default default] 10.0.0.155 "GET /v2.0/security-groups?tenant_id=a68bf45db28f443e9f8013935d551c8a&name=default HTTP/1.1" status: 200 len: 2996 time: 0.4445944
2026-09-02 09:19:04.901 10 INFO neutron.wsgi [None req-ef1080a6-da2a-40ec-b88c-24009d9e1ab7 29dad2a25b3c43b587343938ab6dec14 6217c49884d1461fa9dfba2a84a2c946 - - default default] 10.0.0.155 "GET /v2.0/networks?tags=red HTTP/1.1" status: 200 len: 2070 time: 0.0729940
2026-09-02 09:19:04.974 10 INFO neutron.wsgi [None req-03151043-7eba-49e6-86b9-c0268e2e868a 29dad2a25b3c43b587343938ab6dec14 6217c49884d1461fa9dfba2a84a2c946 - - default default] 10.0.0.155 "GET /v2.0/networks?tags=red%2Cblue HTTP/1.1" status: 200 len: 1457 time: 0.0671446
2026-09-02 09:19:05.028 9 INFO neutron.db.ovn_revision_numbers_db [None req-8963fdc7-5ca0-4f58-aab6-7e2a0674ef9d - - - - - -] Successfully bumped revision number for resource 20af2a3b-ab82-443d-9c2e-54bbbfab1aa9 (type: router_ports) to 3
2026-09-02 09:19:05.056 10 INFO neutron.wsgi [None req-d003cc09-7bdc-4444-8077-2c0e199b183a 29dad2a25b3c43b587343938ab6dec14 6217c49884d1461fa9dfba2a84a2c946 - - default default] 10.0.0.155 "GET /v2.0/networks?tags-any=blue HTTP/1.1" status: 200 len: 1457 time: 0.0641143
2026-09-02 09:19:05.113 10 INFO neutron.wsgi [None req-72c58b2a-b3c6-4816-a9d5-d97c9125b8d2 29dad2a25b3c43b587343938ab6dec14 6217c49884d1461fa9dfba2a84a2c946 - - default default] 10.0.0.155 "GET /v2.0/networks?tags-any=red%2Cblue HTTP/1.1" status: 200 len: 2070 time: 0.0533385
2026-09-02 09:19:05.211 10 INFO neutron.wsgi [None req-934f347e-16e4-4698-9286-a8b2738483fe 29dad2a25b3c43b587343938ab6dec14 6217c49884d1461fa9dfba2a84a2c946 - - default default] 10.0.0.155 "GET /v2.0/networks?not-tags=red HTTP/1.1" status: 200 len: 2068 time: 0.0926609
2026-09-02 09:19:05.217 10 INFO neutron.wsgi [None req-5e1a635d-be66-46e8-a568-3fe7ab3bef40 3ae23c41bc1f4269940bbf1c7b927978 093a2da55a974dd7987cb51a448df596 - - default default] 10.0.0.155 "DELETE /v2.0/security-groups/68de688d-e57b-4af0-9f69-07e9b51a24ec HTTP/1.1" status: 204 len: 168 time: 0.3696115
2026-09-02 09:19:05.334 10 INFO neutron.wsgi [None req-0c50f22f-df57-458c-ad81-7cb74e87d2ed 29dad2a25b3c43b587343938ab6dec14 6217c49884d1461fa9dfba2a84a2c946 - - default default] 10.0.0.155 "GET /v2.0/networks?not-tags=red%2Cblue HTTP/1.1" status: 200 len: 2681 time: 0.1117322 /var/lib/openstack/lib/python3.10/site-packages/pycadf/identifier.py:71: UserWarning: Invalid uuid: neutron. To ensure interoperability, identifiers should be a valid uuid. warnings.warn(('Invalid uuid: %s. To ensure interoperability, '
2026-09-02 09:19:05.460 9 INFO neutron.wsgi [None req-b19212dc-e565-4a78-b1f3-126e503418b7 29dad2a25b3c43b587343938ab6dec14 6217c49884d1461fa9dfba2a84a2c946 - - default default] 10.0.0.155 "GET /v2.0/networks?not-tags-any=blue HTTP/1.1" status: 200 len: 2681 time: 0.1204033
2026-09-02 09:19:05.565 9 INFO neutron.db.ovn_revision_numbers_db [None req-af00731e-504d-488b-bf28-1c655079851d e6de193159dd4ac188ec02027fadaf9e f9c828f7561747aba8260f355988f113 - - default default] Successfully bumped revision number for resource 20af2a3b-ab82-443d-9c2e-54bbbfab1aa9 (type: ports) to 3
2026-09-02 09:19:05.602 10 INFO neutron.wsgi [None req-c6f408e6-8411-4d53-b109-19701c2d2cbc 29dad2a25b3c43b587343938ab6dec14 6217c49884d1461fa9dfba2a84a2c946 - - default default] 10.0.0.155 "GET /v2.0/networks?not-tags-any=red%2Cblue HTTP/1.1" status: 200 len: 2068 time: 0.1341715
2026-09-02 09:19:05.623 9 WARNING neutron.scheduler.dhcp_agent_scheduler [None req-af00731e-504d-488b-bf28-1c655079851d e6de193159dd4ac188ec02027fadaf9e f9c828f7561747aba8260f355988f113 - - default default] No more DHCP agents
2026-09-02 09:19:05.624 9 WARNING neutron.api.rpc.agentnotifiers.dhcp_rpc_agent_api [None req-af00731e-504d-488b-bf28-1c655079851d e6de193159dd4ac188ec02027fadaf9e f9c828f7561747aba8260f355988f113 - - default default] Unable to schedule network 33d01a42-e73c-4fa8-954b-83f10da9c5a3: no agents available; will retry on subsequent port and subnet creation events.
2026-09-02 09:19:05.809 9 INFO neutron.db.ovn_revision_numbers_db [None req-af00731e-504d-488b-bf28-1c655079851d e6de193159dd4ac188ec02027fadaf9e f9c828f7561747aba8260f355988f113 - - default default] Successfully bumped revision number for resource 20af2a3b-ab82-443d-9c2e-54bbbfab1aa9 (type: router_ports) to 3
2026-09-02 09:19:05.811 9 INFO neutron.wsgi [None req-af00731e-504d-488b-bf28-1c655079851d e6de193159dd4ac188ec02027fadaf9e f9c828f7561747aba8260f355988f113 - - default default] 10.0.0.155 "PUT /v2.0/routers/f8356f5f-9a32-498f-8729-316a2b137754/add_router_interface HTTP/1.1" status: 200 len: 503 time: 2.1569054
2026-09-02 09:19:05.873 9 INFO neutron.wsgi [None req-c5df8d91-6e91-4e74-8df2-7cade4c3ffc1 e6de193159dd4ac188ec02027fadaf9e f9c828f7561747aba8260f355988f113 - - default default] 10.0.0.155 "GET /v2.0/ports/20af2a3b-ab82-443d-9c2e-54bbbfab1aa9 HTTP/1.1" status: 200 len: 1205 time: 0.0578504
2026-09-02 09:19:06.153 10 INFO neutron.services.segments.plugin [-] Segment 58761fd6-085d-4832-93c0-cd87d0faae58 resource provider aggregate not found
2026-09-02 09:19:06.181 10 INFO neutron.services.segments.plugin [-] Segment 58761fd6-085d-4832-93c0-cd87d0faae58 resource provider not found; error: Placement Client Error (4xx): {"errors": [{"status": 404, "title": "Not Found", "detail": "The resource could not be found.\n\n No resource provider with uuid 58761fd6-085d-4832-93c0-cd87d0faae58 found for delete ", "request_id": "req-f4de9458-6c61-49bb-9330-3111327ee95b"}]}
2026-09-02 09:19:06.189 10 INFO neutron.services.segments.plugin [-] Segment 58761fd6-085d-4832-93c0-cd87d0faae58 resource provider aggregate not found
2026-09-02 09:19:06.209 10 INFO neutron.services.segments.plugin [-] Segment 58761fd6-085d-4832-93c0-cd87d0faae58 resource provider not found; error: Placement Client Error (4xx): {"errors": [{"status": 404, "title": "Not Found", "detail": "The resource could not be found.\n\n No resource provider with uuid 58761fd6-085d-4832-93c0-cd87d0faae58 found for delete ", "request_id": "req-c7715875-55b7-4a01-bc32-9575e1a93a42"}]}
2026-09-02 09:19:06.220 10 INFO neutron.wsgi [None req-d5266a35-abf1-4c4a-b2ac-8007ff9935c1 29dad2a25b3c43b587343938ab6dec14 6217c49884d1461fa9dfba2a84a2c946 - - default default] 10.0.0.155 "DELETE /v2.0/networks/232495ab-c834-4b59-880d-961a29d04996 HTTP/1.1" status: 204 len: 168 time: 0.6135025
2026-09-02 09:19:06.667 10 INFO neutron.wsgi [None req-3554a4fc-f095-4e8a-92e8-dca729233b26 29dad2a25b3c43b587343938ab6dec14 6217c49884d1461fa9dfba2a84a2c946 - - default default] 10.0.0.155 "DELETE /v2.0/networks/e9ccc924-a403-4958-96b2-906ad51f63f3 HTTP/1.1" status: 204 len: 168 time: 0.4410183
2026-09-02 09:19:06.732 9 INFO neutron.wsgi [None req-3a69df7a-4766-4506-b802-2662cd5ac882 e6de193159dd4ac188ec02027fadaf9e f9c828f7561747aba8260f355988f113 - - default default] 10.0.0.155 "PUT /v2.0/routers/f8356f5f-9a32-498f-8729-316a2b137754/remove_router_interface HTTP/1.1" status: 200 len: 503 time: 0.8546591
2026-09-02 09:19:06.804 10 INFO neutron.api.v2.resource [None req-5d40d80d-7ddf-4be5-86fb-e9e4dc08bcf7 e6de193159dd4ac188ec02027fadaf9e f9c828f7561747aba8260f355988f113 - - default default] remove_router_interface failed (client error): The resource could not be found.
2026-09-02 09:19:06.806 10 INFO neutron.wsgi [None req-5d40d80d-7ddf-4be5-86fb-e9e4dc08bcf7 e6de193159dd4ac188ec02027fadaf9e f9c828f7561747aba8260f355988f113 - - default default] 10.0.0.155 "PUT /v2.0/routers/f8356f5f-9a32-498f-8729-316a2b137754/remove_router_interface HTTP/1.1" status: 404 len: 398 time: 0.0682693 /var/lib/openstack/lib/python3.10/site-packages/pycadf/identifier.py:71: UserWarning: Invalid uuid: neutron. To ensure interoperability, identifiers should be a valid uuid. warnings.warn(('Invalid uuid: %s. To ensure interoperability, '
2026-09-02 09:19:06.879 9 INFO neutron.wsgi [None req-cec14703-5447-4fde-bd0f-63089314f22e e6de193159dd4ac188ec02027fadaf9e f9c828f7561747aba8260f355988f113 - - default default] 10.0.0.155 "GET /v2.0/ports?device_id=f8356f5f-9a32-498f-8729-316a2b137754 HTTP/1.1" status: 200 len: 205 time: 0.0643616
2026-09-02 09:19:07.135 9 INFO neutron.wsgi [None req-c1be31d7-30b2-4be6-89ae-e08c1e5c32f1 e6de193159dd4ac188ec02027fadaf9e f9c828f7561747aba8260f355988f113 - - default default] 10.0.0.155 "DELETE /v2.0/routers/f8356f5f-9a32-498f-8729-316a2b137754 HTTP/1.1" status: 204 len: 168 time: 0.2491903
2026-09-02 09:19:07.143 10 INFO neutron.wsgi [None req-749f8766-ecd4-454b-a326-748568fa4bf3 29dad2a25b3c43b587343938ab6dec14 6217c49884d1461fa9dfba2a84a2c946 - - default default] 10.0.0.155 "DELETE /v2.0/networks/3d388b89-218a-4429-abc4-b2a48186b49c HTTP/1.1" status: 204 len: 168 time: 0.4683433
2026-09-02 09:19:07.324 10 INFO neutron.wsgi [None req-58311527-f5f6-442c-bdb2-675fa7284be0 e6de193159dd4ac188ec02027fadaf9e f9c828f7561747aba8260f355988f113 - - default default] 10.0.0.155 "DELETE /v2.0/subnets/150fe8b8-138b-46d7-a40e-b59aea658a86 HTTP/1.1" status: 204 len: 168 time: 0.1789854
2026-09-02 09:19:07.622 9 INFO neutron.services.segments.plugin [-] Segment 4139275d-6844-49db-affc-61c3e948e031 resource provider aggregate not found
2026-09-02 09:19:07.637 9 INFO neutron.services.segments.plugin [-] Segment 4139275d-6844-49db-affc-61c3e948e031 resource provider aggregate not found
2026-09-02 09:19:07.655 9 INFO neutron.services.segments.plugin [-] Segment 4139275d-6844-49db-affc-61c3e948e031 resource provider not found; error: Placement Client Error (4xx): {"errors": [{"status": 404, "title": "Not Found", "detail": "The resource could not be found.\n\n No resource provider with uuid 4139275d-6844-49db-affc-61c3e948e031 found for delete ", "request_id": "req-cd925de2-b265-454d-9ab3-9829f3d59327"}]}
2026-09-02 09:19:07.670 9 INFO neutron.services.segments.plugin [-] Segment 4139275d-6844-49db-affc-61c3e948e031 resource provider not found; error: Placement Client Error (4xx): {"errors": [{"status": 404, "title": "Not Found", "detail": "The resource could not be found.\n\n No resource provider with uuid 4139275d-6844-49db-affc-61c3e948e031 found for delete ", "request_id": "req-ace154ac-a665-4280-a9eb-178a01b46906"}]}
2026-09-02 09:19:07.692 9 INFO neutron.wsgi [None req-5a88d8b5-097d-48da-8b03-99587a441a1e 29dad2a25b3c43b587343938ab6dec14 6217c49884d1461fa9dfba2a84a2c946 - - default default] 10.0.0.155 "DELETE /v2.0/networks/5d61ead8-a41b-4a2d-8764-5e3ed2f7ff94 HTTP/1.1" status: 204 len: 168 time: 0.5433547
2026-09-02 09:19:07.954 9 INFO neutron.wsgi [None req-39d3b544-a995-4207-bc6c-349dcac9266f e6de193159dd4ac188ec02027fadaf9e f9c828f7561747aba8260f355988f113 - - default default] 10.0.0.155 "DELETE /v2.0/networks/33d01a42-e73c-4fa8-954b-83f10da9c5a3 HTTP/1.1" status: 204 len: 168 time: 0.6239684
2026-09-02 09:19:08.057 10 INFO neutron.wsgi [None req-68fc203d-c5c1-4d64-b4a7-5d1908b093a9 29dad2a25b3c43b587343938ab6dec14 6217c49884d1461fa9dfba2a84a2c946 - - default default] 10.0.0.155 "DELETE /v2.0/networks/a442272b-f886-48bd-98af-196dd452b383 HTTP/1.1" status: 204 len: 168 time: 0.3585241
2026-09-02 09:19:08.109 9 INFO neutron.db.segments_db [None req-b86e684c-e206-4ebb-9d9f-33c5c99f78f9 e6de193159dd4ac188ec02027fadaf9e f9c828f7561747aba8260f355988f113 - - default default] Added segment 7017cadf-46a8-48aa-9930-159d2132e2ca of type geneve for network 4a50b9a6-f6dd-431c-8714-7f67e6d50118
2026-09-02 09:19:08.203 10 INFO neutron.services.segments.plugin [-] Segment 0834398e-ed7d-49fd-a7ce-1213fcc726af resource provider aggregate not found
2026-09-02 09:19:08.234 10 INFO neutron.services.segments.plugin [-] Segment 0834398e-ed7d-49fd-a7ce-1213fcc726af resource provider aggregate not found
2026-09-02 09:19:08.242 10 INFO neutron.services.segments.plugin [-] Segment 0834398e-ed7d-49fd-a7ce-1213fcc726af resource provider not found; error: Placement Client Error (4xx): {"errors": [{"status": 404, "title": "Not Found", "detail": "The resource could not be found.\n\n No resource provider with uuid 0834398e-ed7d-49fd-a7ce-1213fcc726af found for delete ", "request_id": "req-c1ad3a3a-37c0-4614-94c6-7d9626920fb5"}]}
2026-09-02 09:19:08.260 10 INFO neutron.services.segments.plugin [-] Segment 0834398e-ed7d-49fd-a7ce-1213fcc726af resource provider not found; error: Placement Client Error (4xx): {"errors": [{"status": 404, "title": "Not Found", "detail": "The resource could not be found.\n\n No resource provider with uuid 0834398e-ed7d-49fd-a7ce-1213fcc726af found for delete ", "request_id": "req-cab9ab4a-4c02-43d7-8cb0-feb3315e721d"}]}
2026-09-02 09:19:08.268 10 INFO neutron.services.segments.plugin [-] Segment 9c1e63d9-3484-4ab6-96d5-da961379fb6b resource provider aggregate not found
2026-09-02 09:19:08.277 9 INFO neutron.db.ovn_revision_numbers_db [None req-b86e684c-e206-4ebb-9d9f-33c5c99f78f9 e6de193159dd4ac188ec02027fadaf9e f9c828f7561747aba8260f355988f113 - - default default] Successfully bumped revision number for resource 4a50b9a6-f6dd-431c-8714-7f67e6d50118 (type: networks) to 1
2026-09-02 09:19:08.287 10 INFO neutron.services.segments.plugin [-] Segment 9c1e63d9-3484-4ab6-96d5-da961379fb6b resource provider aggregate not found
2026-09-02 09:19:08.294 10 INFO neutron.services.segments.plugin [-] Segment 9c1e63d9-3484-4ab6-96d5-da961379fb6b resource provider not found; error: Placement Client Error (4xx): {"errors": [{"status": 404, "title": "Not Found", "detail": "The resource could not be found.\n\n No resource provider with uuid 9c1e63d9-3484-4ab6-96d5-da961379fb6b found for delete ", "request_id": "req-7169a557-1ec3-41b3-ab22-0914af1abeaf"}]}
2026-09-02 09:19:08.311 10 INFO neutron.services.segments.plugin [-] Segment 9c1e63d9-3484-4ab6-96d5-da961379fb6b resource provider not found; error: Placement Client Error (4xx): {"errors": [{"status": 404, "title": "Not Found", "detail": "The resource could not be found.\n\n No resource provider with uuid 9c1e63d9-3484-4ab6-96d5-da961379fb6b found for delete ", "request_id": "req-1b326e29-93db-40a1-840b-3532c81b07cc"}]}
2026-09-02 09:19:08.328 10 INFO neutron.services.segments.plugin [-] Segment 05ed6acb-05ae-40d3-b951-bab1cfe01dd6 resource provider aggregate not found
2026-09-02 09:19:08.336 10 INFO neutron.services.segments.plugin [-] Segment 05ed6acb-05ae-40d3-b951-bab1cfe01dd6 resource provider aggregate not found
2026-09-02 09:19:08.361 10 INFO neutron.services.segments.plugin [-] Segment 05ed6acb-05ae-40d3-b951-bab1cfe01dd6 resource provider not found; error: Placement Client Error (4xx): {"errors": [{"status": 404, "title": "Not Found", "detail": "The resource could not be found.\n\n No resource provider with uuid 05ed6acb-05ae-40d3-b951-bab1cfe01dd6 found for delete ", "request_id": "req-71b5af8a-3e2a-4963-af2a-8b5ef20a0338"}]}
2026-09-02 09:19:08.364 10 INFO neutron.services.segments.plugin [-] Segment 05ed6acb-05ae-40d3-b951-bab1cfe01dd6 resource provider not found; error: Placement Client Error (4xx): {"errors": [{"status": 404, "title": "Not Found", "detail": "The resource could not be found.\n\n No resource provider with uuid 05ed6acb-05ae-40d3-b951-bab1cfe01dd6 found for delete ", "request_id": "req-7b70f5c6-e56d-4eb3-9328-ddd399da00fa"}]}
2026-09-02 09:19:08.473 9 WARNING neutron.scheduler.dhcp_agent_scheduler [None req-b86e684c-e206-4ebb-9d9f-33c5c99f78f9 e6de193159dd4ac188ec02027fadaf9e f9c828f7561747aba8260f355988f113 - - default default] No more DHCP agents
2026-09-02 09:19:08.474 9 WARNING neutron.api.rpc.agentnotifiers.dhcp_rpc_agent_api [None req-b86e684c-e206-4ebb-9d9f-33c5c99f78f9 e6de193159dd4ac188ec02027fadaf9e f9c828f7561747aba8260f355988f113 - - default default] Unable to schedule network 4a50b9a6-f6dd-431c-8714-7f67e6d50118: no agents available; will retry on subsequent port and subnet creation events.
2026-09-02 09:19:08.568 9 INFO neutron.db.ovn_revision_numbers_db [None req-b86e684c-e206-4ebb-9d9f-33c5c99f78f9 e6de193159dd4ac188ec02027fadaf9e f9c828f7561747aba8260f355988f113 - - default default] Successfully bumped revision number for resource 5c2bc0e8-b092-4e03-a0e0-ace23f2dfceb (type: ports) to 1
2026-09-02 09:19:08.586 9 INFO neutron.wsgi [None req-b86e684c-e206-4ebb-9d9f-33c5c99f78f9 e6de193159dd4ac188ec02027fadaf9e f9c828f7561747aba8260f355988f113 - - default default] 10.0.0.155 "POST /v2.0/networks HTTP/1.1" status: 201 len: 828 time: 0.6246309
2026-09-02 09:19:08.827 9 WARNING neutron.scheduler.dhcp_agent_scheduler [None req-b47e27f7-a0fc-4709-baae-43bdc5ce98cf e6de193159dd4ac188ec02027fadaf9e f9c828f7561747aba8260f355988f113 - - default default] No more DHCP agents
2026-09-02 09:19:08.830 9 WARNING neutron.api.rpc.agentnotifiers.dhcp_rpc_agent_api [None req-b47e27f7-a0fc-4709-baae-43bdc5ce98cf e6de193159dd4ac188ec02027fadaf9e f9c828f7561747aba8260f355988f113 - - default default] Unable to schedule network 4a50b9a6-f6dd-431c-8714-7f67e6d50118: no agents available; will retry on subsequent port and subnet creation events.
2026-09-02 09:19:09.188 9 INFO neutron.db.ovn_revision_numbers_db [None req-9779ac5b-4dac-4c0e-be97-9af1f631edb4 fcef246d9faf4382aea2f2fa0391ca0f 484974c07d334683b3bedb4f9958c6ab - - default default] Successfully bumped revision number for resource 836ce60b-4c6a-4ace-8d22-d250269d5faf (type: security_groups) to 1
2026-09-02 09:19:09.207 9 INFO neutron.db.ovn_revision_numbers_db [None req-9779ac5b-4dac-4c0e-be97-9af1f631edb4 fcef246d9faf4382aea2f2fa0391ca0f 484974c07d334683b3bedb4f9958c6ab - - default default] Successfully bumped revision number for resource 2bd34379-5e5c-484a-ba0a-0166869dc785 (type: security_group_rules) to 0
2026-09-02 09:19:09.234 9 INFO neutron.db.ovn_revision_numbers_db [None req-9779ac5b-4dac-4c0e-be97-9af1f631edb4 fcef246d9faf4382aea2f2fa0391ca0f 484974c07d334683b3bedb4f9958c6ab - - default default] Successfully bumped revision number for resource 33c3a894-cb72-4aac-ae64-98d0356f374a (type: security_group_rules) to 0
2026-09-02 09:19:09.257 9 INFO neutron.db.ovn_revision_numbers_db [None req-9779ac5b-4dac-4c0e-be97-9af1f631edb4 fcef246d9faf4382aea2f2fa0391ca0f 484974c07d334683b3bedb4f9958c6ab - - default default] Successfully bumped revision number for resource b46f0233-4a36-4976-b303-42ed005f04d8 (type: security_group_rules) to 0
2026-09-02 09:19:09.279 9 INFO neutron.db.ovn_revision_numbers_db [None req-9779ac5b-4dac-4c0e-be97-9af1f631edb4 fcef246d9faf4382aea2f2fa0391ca0f 484974c07d334683b3bedb4f9958c6ab - - default default] Successfully bumped revision number for resource e8c9e837-3967-4e7b-80b3-5cd0cf9f2dd7 (type: security_group_rules) to 0
2026-09-02 09:19:09.371 9 INFO neutron.db.segments_db [None req-9779ac5b-4dac-4c0e-be97-9af1f631edb4 fcef246d9faf4382aea2f2fa0391ca0f 484974c07d334683b3bedb4f9958c6ab - - default default] Added segment c2923c60-8a83-411e-a158-50687233c360 of type geneve for network bf1ad4cc-fca2-4476-b308-9ca7962733b4
2026-09-02 09:19:09.402 10 INFO neutron.db.ovn_revision_numbers_db [None req-4b280d6e-3d46-45fd-a764-5a69816c537e 3ae23c41bc1f4269940bbf1c7b927978 093a2da55a974dd7987cb51a448df596 - - default default] Successfully bumped revision number for resource 4c420d75-b64e-4a39-b322-1b11d663276a (type: security_groups) to 1
2026-09-02 09:19:09.421 10 INFO neutron.db.ovn_revision_numbers_db [None req-4b280d6e-3d46-45fd-a764-5a69816c537e 3ae23c41bc1f4269940bbf1c7b927978 093a2da55a974dd7987cb51a448df596 - - default default] Successfully bumped revision number for resource 082b2ee2-d4e6-40fa-839a-1049f43dbb7b (type: security_group_rules) to 0
2026-09-02 09:19:09.449 10 INFO neutron.db.ovn_revision_numbers_db [None req-4b280d6e-3d46-45fd-a764-5a69816c537e 3ae23c41bc1f4269940bbf1c7b927978 093a2da55a974dd7987cb51a448df596 - - default default] Successfully bumped revision number for resource 2cc5f571-18cd-48e9-a4d9-1dc864b1e008 (type: security_group_rules) to 0
2026-09-02 09:19:09.465 9 INFO neutron.db.ovn_revision_numbers_db [None req-b47e27f7-a0fc-4709-baae-43bdc5ce98cf e6de193159dd4ac188ec02027fadaf9e f9c828f7561747aba8260f355988f113 - - default default] Successfully bumped revision number for resource 5c2bc0e8-b092-4e03-a0e0-ace23f2dfceb (type: ports) to 2
2026-09-02 09:19:09.473 10 INFO neutron.db.ovn_revision_numbers_db [None req-4b280d6e-3d46-45fd-a764-5a69816c537e 3ae23c41bc1f4269940bbf1c7b927978 093a2da55a974dd7987cb51a448df596 - - default default] Successfully bumped revision number for resource 76b787cc-9368-48a4-bb05-11d1d9469165 (type: security_group_rules) to 0
2026-09-02 09:19:09.498 10 INFO neutron.db.ovn_revision_numbers_db [None req-4b280d6e-3d46-45fd-a764-5a69816c537e 3ae23c41bc1f4269940bbf1c7b927978 093a2da55a974dd7987cb51a448df596 - - default default] Successfully bumped revision number for resource da997a96-0d05-4f68-bd8d-02e55a116497 (type: security_group_rules) to 0
2026-09-02 09:19:09.556 10 INFO neutron.wsgi [None req-4b280d6e-3d46-45fd-a764-5a69816c537e 3ae23c41bc1f4269940bbf1c7b927978 093a2da55a974dd7987cb51a448df596 - - default default] 10.0.0.155 "GET /v2.0/security-groups?tenant_id=73c1ddb8b4714617848a40056f180fed&name=default HTTP/1.1" status: 200 len: 2996 time: 0.3828499
2026-09-02 09:19:09.577 9 INFO neutron.db.ovn_revision_numbers_db [None req-b47e27f7-a0fc-4709-baae-43bdc5ce98cf e6de193159dd4ac188ec02027fadaf9e f9c828f7561747aba8260f355988f113 - - default default] Successfully bumped revision number for resource 93979f6c-376c-4b1e-b910-6a0643d2fd8d (type: subnets) to 0
2026-09-02 09:19:09.587 9 INFO neutron.db.ovn_revision_numbers_db [None req-9779ac5b-4dac-4c0e-be97-9af1f631edb4 fcef246d9faf4382aea2f2fa0391ca0f 484974c07d334683b3bedb4f9958c6ab - - default default] Successfully bumped revision number for resource bf1ad4cc-fca2-4476-b308-9ca7962733b4 (type: networks) to 1
2026-09-02 09:19:09.600 9 INFO neutron.wsgi [None req-b47e27f7-a0fc-4709-baae-43bdc5ce98cf e6de193159dd4ac188ec02027fadaf9e f9c828f7561747aba8260f355988f113 - - default default] 10.0.0.155 "POST /v2.0/subnets HTTP/1.1" status: 201 len: 801 time: 1.0070293
2026-09-02 09:19:09.684 9 INFO neutron.services.segments.plugin [-] Segment 0d666833-61f2-42c7-b891-ae66a95a0a6e resource provider aggregate not found
