2026-09-02 09:19:09.705 9 INFO neutron.services.segments.plugin [-] Segment 0d666833-61f2-42c7-b891-ae66a95a0a6e resource provider not found; error: Placement Client Error (4xx): {"errors": [{"status": 404, "title": "Not Found", "detail": "The resource could not be found.\n\n No resource provider with uuid 0d666833-61f2-42c7-b891-ae66a95a0a6e found for delete ", "request_id": "req-67a7ab5b-7787-4db8-a43d-5a70456e7bc6"}]}
2026-09-02 09:19:09.707 9 INFO neutron.services.segments.plugin [-] Segment 0d666833-61f2-42c7-b891-ae66a95a0a6e resource provider aggregate not found
2026-09-02 09:19:09.731 9 INFO neutron.services.segments.plugin [-] Segment 0d666833-61f2-42c7-b891-ae66a95a0a6e resource provider not found; error: Placement Client Error (4xx): {"errors": [{"status": 404, "title": "Not Found", "detail": "The resource could not be found.\n\n No resource provider with uuid 0d666833-61f2-42c7-b891-ae66a95a0a6e found for delete ", "request_id": "req-1685ed2e-94e8-44f2-8f58-06f724bae9e2"}]}
2026-09-02 09:19:09.784 10 INFO neutron.wsgi [None req-f50495d1-dcb0-4e75-a47c-c125b510141c 3ae23c41bc1f4269940bbf1c7b927978 093a2da55a974dd7987cb51a448df596 - - default default] 10.0.0.155 "DELETE /v2.0/security-groups/4c420d75-b64e-4a39-b322-1b11d663276a HTTP/1.1" status: 204 len: 168 time: 0.2167947
2026-09-02 09:19:09.874 9 INFO neutron.db.ovn_revision_numbers_db [None req-cbf86865-dd4b-43be-a048-c7d7d2451d58 e6de193159dd4ac188ec02027fadaf9e f9c828f7561747aba8260f355988f113 - - default default] Successfully bumped revision number for resource b288d72c-437d-437d-a969-1149f1be17b9 (type: routers) to 1
2026-09-02 09:19:09.884 9 WARNING neutron.scheduler.dhcp_agent_scheduler [None req-9779ac5b-4dac-4c0e-be97-9af1f631edb4 fcef246d9faf4382aea2f2fa0391ca0f 484974c07d334683b3bedb4f9958c6ab - - default default] No more DHCP agents
2026-09-02 09:19:09.885 9 WARNING neutron.api.rpc.agentnotifiers.dhcp_rpc_agent_api [None req-9779ac5b-4dac-4c0e-be97-9af1f631edb4 fcef246d9faf4382aea2f2fa0391ca0f 484974c07d334683b3bedb4f9958c6ab - - default default] Unable to schedule network bf1ad4cc-fca2-4476-b308-9ca7962733b4: no agents available; will retry on subsequent port and subnet creation events.
2026-09-02 09:19:09.899 9 INFO neutron.wsgi [None req-cbf86865-dd4b-43be-a048-c7d7d2451d58 e6de193159dd4ac188ec02027fadaf9e f9c828f7561747aba8260f355988f113 - - default default] 10.0.0.155 "POST /v2.0/routers HTTP/1.1" status: 201 len: 687 time: 0.2945042
2026-09-02 09:19:09.960 9 INFO neutron.db.ovn_revision_numbers_db [None req-9779ac5b-4dac-4c0e-be97-9af1f631edb4 fcef246d9faf4382aea2f2fa0391ca0f 484974c07d334683b3bedb4f9958c6ab - - default default] Successfully bumped revision number for resource 1e4ccf8b-95f6-4bb9-81e4-5de4afa7f5da (type: ports) to 1
2026-09-02 09:19:09.993 9 INFO neutron.wsgi [None req-9779ac5b-4dac-4c0e-be97-9af1f631edb4 fcef246d9faf4382aea2f2fa0391ca0f 484974c07d334683b3bedb4f9958c6ab - - default default] 10.0.0.155 "POST /v2.0/networks HTTP/1.1" status: 201 len: 831 time: 1.2296479
2026-09-02 09:19:10.001 9 INFO neutron.wsgi [None req-8cd62d6f-3751-43ea-a12d-892c36162df5 3ae23c41bc1f4269940bbf1c7b927978 093a2da55a974dd7987cb51a448df596 - - default default] 10.0.0.155 "GET /v2.0/security-groups?tenant_id=6217c49884d1461fa9dfba2a84a2c946&name=default HTTP/1.1" status: 200 len: 2996 time: 0.0359769
2026-09-02 09:19:10.298 10 WARNING neutron.scheduler.dhcp_agent_scheduler [None req-57b7864b-ee1a-4aca-9ebe-36cfa0eac316 fcef246d9faf4382aea2f2fa0391ca0f 484974c07d334683b3bedb4f9958c6ab - - default default] No more DHCP agents
2026-09-02 09:19:10.303 10 WARNING neutron.api.rpc.agentnotifiers.dhcp_rpc_agent_api [None req-57b7864b-ee1a-4aca-9ebe-36cfa0eac316 fcef246d9faf4382aea2f2fa0391ca0f 484974c07d334683b3bedb4f9958c6ab - - default default] Unable to schedule network bf1ad4cc-fca2-4476-b308-9ca7962733b4: no agents available; will retry on subsequent port and subnet creation events.
2026-09-02 09:19:10.326 9 WARNING neutron.plugins.ml2.drivers.ovn.mech_driver.ovsdb.ovn_client [None req-8963fdc7-5ca0-4f58-aab6-7e2a0674ef9d - - - - - -] No port found with ID 20af2a3b-ab82-443d-9c2e-54bbbfab1aa9: RuntimeError: No port found with ID 20af2a3b-ab82-443d-9c2e-54bbbfab1aa9
2026-09-02 09:19:10.383 10 WARNING neutron.scheduler.dhcp_agent_scheduler [None req-8fed911c-e9cb-4608-b2f0-56e402955b31 e6de193159dd4ac188ec02027fadaf9e f9c828f7561747aba8260f355988f113 - - default default] No more DHCP agents
2026-09-02 09:19:10.387 10 WARNING neutron.api.rpc.agentnotifiers.dhcp_rpc_agent_api [None req-8fed911c-e9cb-4608-b2f0-56e402955b31 e6de193159dd4ac188ec02027fadaf9e f9c828f7561747aba8260f355988f113 - - default default] Unable to schedule network 4a50b9a6-f6dd-431c-8714-7f67e6d50118: no agents available; will retry on subsequent port and subnet creation events.
2026-09-02 09:19:10.408 10 INFO neutron.db.ovn_revision_numbers_db [None req-57b7864b-ee1a-4aca-9ebe-36cfa0eac316 fcef246d9faf4382aea2f2fa0391ca0f 484974c07d334683b3bedb4f9958c6ab - - default default] Successfully bumped revision number for resource edd3fd67-482b-4bf4-8dc0-589ece3f51b2 (type: ports) to 1
2026-09-02 09:19:10.441 10 INFO neutron.wsgi [None req-57b7864b-ee1a-4aca-9ebe-36cfa0eac316 fcef246d9faf4382aea2f2fa0391ca0f 484974c07d334683b3bedb4f9958c6ab - - default default] 10.0.0.155 "POST /v2.0/ports HTTP/1.1" status: 201 len: 942 time: 0.4424427
2026-09-02 09:19:10.517 9 INFO neutron.wsgi [None req-fe9fe84f-3e49-4a54-afd1-7005618dd223 fcef246d9faf4382aea2f2fa0391ca0f 484974c07d334683b3bedb4f9958c6ab - - default default] 10.0.0.155 "PUT /v2.0/ports/edd3fd67-482b-4bf4-8dc0-589ece3f51b2/tags HTTP/1.1" status: 200 len: 218 time: 0.0690222 /var/lib/openstack/lib/python3.10/site-packages/pycadf/identifier.py:71: UserWarning: Invalid uuid: neutron. To ensure interoperability, identifiers should be a valid uuid. warnings.warn(('Invalid uuid: %s. To ensure interoperability, '
2026-09-02 09:19:10.554 10 INFO neutron.wsgi [None req-e157e342-5f43-4bf9-a3e2-d6fb23893024 fcef246d9faf4382aea2f2fa0391ca0f 484974c07d334683b3bedb4f9958c6ab - - default default] 10.0.0.155 "GET /v2.0/ports/edd3fd67-482b-4bf4-8dc0-589ece3f51b2/tags HTTP/1.1" status: 200 len: 218 time: 0.0330632
2026-09-02 09:19:10.558 10 INFO neutron.db.ovn_revision_numbers_db [None req-8fed911c-e9cb-4608-b2f0-56e402955b31 e6de193159dd4ac188ec02027fadaf9e f9c828f7561747aba8260f355988f113 - - default default] Successfully bumped revision number for resource 50ff8d32-82a9-4c4c-bcd5-30352f30cdf2 (type: ports) to 1
2026-09-02 09:19:10.560 9 INFO neutron.wsgi [None req-a15bd3fe-6b73-4c48-b1e1-9ec01f64bb23 3ae23c41bc1f4269940bbf1c7b927978 093a2da55a974dd7987cb51a448df596 - - default default] 10.0.0.155 "DELETE /v2.0/security-groups/63bbe9c8-40b9-40ea-910b-9a04535796dc HTTP/1.1" status: 204 len: 168 time: 0.5545805
2026-09-02 09:19:10.635 9 INFO neutron.wsgi [None req-d439da2c-063a-4271-98f7-726963ac0884 fcef246d9faf4382aea2f2fa0391ca0f 484974c07d334683b3bedb4f9958c6ab - - default default] 10.0.0.155 "PUT /v2.0/ports/edd3fd67-482b-4bf4-8dc0-589ece3f51b2/tags/green HTTP/1.1" status: 201 len: 201 time: 0.0713618
2026-09-02 09:19:10.677 9 INFO neutron.wsgi [None req-c7af0ed1-adc4-4189-9ebf-c8b39667f6c7 fcef246d9faf4382aea2f2fa0391ca0f 484974c07d334683b3bedb4f9958c6ab - - default default] 10.0.0.155 "GET /v2.0/ports/edd3fd67-482b-4bf4-8dc0-589ece3f51b2/tags HTTP/1.1" status: 200 len: 227 time: 0.0359139
2026-09-02 09:19:10.712 9 INFO neutron.wsgi [None req-6c184bb5-2de7-4270-a49f-e4674c36d23b fcef246d9faf4382aea2f2fa0391ca0f 484974c07d334683b3bedb4f9958c6ab - - default default] 10.0.0.155 "PUT /v2.0/ports/edd3fd67-482b-4bf4-8dc0-589ece3f51b2/tags/red HTTP/1.1" status: 201 len: 201 time: 0.0286472
2026-09-02 09:19:10.746 10 INFO neutron.wsgi [None req-70196860-7227-4409-8e17-ec8c95a3aff1 fcef246d9faf4382aea2f2fa0391ca0f 484974c07d334683b3bedb4f9958c6ab - - default default] 10.0.0.155 "GET /v2.0/ports/edd3fd67-482b-4bf4-8dc0-589ece3f51b2/tags HTTP/1.1" status: 200 len: 227 time: 0.0288761
2026-09-02 09:19:10.803 10 INFO neutron.wsgi [None req-7c5b28bf-f6c4-4523-94e8-9676713fb58f fcef246d9faf4382aea2f2fa0391ca0f 484974c07d334683b3bedb4f9958c6ab - - default default] 10.0.0.155 "PUT /v2.0/ports/edd3fd67-482b-4bf4-8dc0-589ece3f51b2/tags/black.or.white HTTP/1.1" status: 201 len: 201 time: 0.0527585
2026-09-02 09:19:10.806 9 INFO neutron.db.ovn_revision_numbers_db [None req-05c12703-01c2-4f20-b921-04b72ea12e3c 3ae23c41bc1f4269940bbf1c7b927978 093a2da55a974dd7987cb51a448df596 - - default default] Successfully bumped revision number for resource 26630289-370a-4cf1-94b5-357f4ac2f8b9 (type: security_groups) to 1
2026-09-02 09:19:10.834 9 INFO neutron.db.ovn_revision_numbers_db [None req-05c12703-01c2-4f20-b921-04b72ea12e3c 3ae23c41bc1f4269940bbf1c7b927978 093a2da55a974dd7987cb51a448df596 - - default default] Successfully bumped revision number for resource 873af510-2cfa-440c-9299-34f3f45bc2d1 (type: security_group_rules) to 0
2026-09-02 09:19:10.842 9 INFO neutron.wsgi [None req-1bfc7ffe-1940-4be7-af5e-80ad8ceeaa65 fcef246d9faf4382aea2f2fa0391ca0f 484974c07d334683b3bedb4f9958c6ab - - default default] 10.0.0.155 "GET /v2.0/ports/edd3fd67-482b-4bf4-8dc0-589ece3f51b2/tags HTTP/1.1" status: 200 len: 245 time: 0.0329423
2026-09-02 09:19:10.853 9 INFO neutron.db.ovn_revision_numbers_db [None req-05c12703-01c2-4f20-b921-04b72ea12e3c 3ae23c41bc1f4269940bbf1c7b927978 093a2da55a974dd7987cb51a448df596 - - default default] Successfully bumped revision number for resource 983cf909-2bb0-4781-bd5b-2f0440831d7d (type: security_group_rules) to 0
2026-09-02 09:19:10.872 9 INFO neutron.db.ovn_revision_numbers_db [None req-05c12703-01c2-4f20-b921-04b72ea12e3c 3ae23c41bc1f4269940bbf1c7b927978 093a2da55a974dd7987cb51a448df596 - - default default] Successfully bumped revision number for resource db0eecc6-1771-41d5-933a-8876d6d9c5be (type: security_group_rules) to 0
2026-09-02 09:19:10.887 9 INFO neutron.db.ovn_revision_numbers_db [None req-05c12703-01c2-4f20-b921-04b72ea12e3c 3ae23c41bc1f4269940bbf1c7b927978 093a2da55a974dd7987cb51a448df596 - - default default] Successfully bumped revision number for resource ec548e4f-c0d6-4a07-8645-12383b523e5b (type: security_group_rules) to 0
2026-09-02 09:19:10.892 9 INFO neutron.wsgi [None req-4e2ae60d-205f-4afb-a969-d4311a00b05a fcef246d9faf4382aea2f2fa0391ca0f 484974c07d334683b3bedb4f9958c6ab - - default default] 10.0.0.155 "PUT /v2.0/ports/edd3fd67-482b-4bf4-8dc0-589ece3f51b2/tags HTTP/1.1" status: 200 len: 230 time: 0.0453517
2026-09-02 09:19:10.909 9 INFO neutron.wsgi [None req-05c12703-01c2-4f20-b921-04b72ea12e3c 3ae23c41bc1f4269940bbf1c7b927978 093a2da55a974dd7987cb51a448df596 - - default default] 10.0.0.155 "GET /v2.0/security-groups?tenant_id=ef689a6de4094f54b66beff9a806c682&name=default HTTP/1.1" status: 200 len: 2996 time: 0.1929858
2026-09-02 09:19:10.932 10 INFO neutron.plugins.ml2.drivers.ovn.mech_driver.mech_driver [None req-5f734516-6267-4978-9435-44ef8a49628a - - - - - -] OVN reports status up for port: 50ff8d32-82a9-4c4c-bcd5-30352f30cdf2
2026-09-02 09:19:10.940 10 INFO neutron.wsgi [None req-3c3b5964-edeb-4f6d-8fcf-b384de91f13a fcef246d9faf4382aea2f2fa0391ca0f 484974c07d334683b3bedb4f9958c6ab - - default default] 10.0.0.155 "GET /v2.0/ports/edd3fd67-482b-4bf4-8dc0-589ece3f51b2/tags HTTP/1.1" status: 200 len: 230 time: 0.0425563
2026-09-02 09:19:10.948 10 INFO neutron.plugins.ml2.plugin [None req-5f734516-6267-4978-9435-44ef8a49628a - - - - - -] Attempt 1 to provision port 50ff8d32-82a9-4c4c-bcd5-30352f30cdf2
2026-09-02 09:19:10.964 10 INFO neutron.db.ovn_revision_numbers_db [None req-8fed911c-e9cb-4608-b2f0-56e402955b31 e6de193159dd4ac188ec02027fadaf9e f9c828f7561747aba8260f355988f113 - - default default] Successfully bumped revision number for resource 50ff8d32-82a9-4c4c-bcd5-30352f30cdf2 (type: router_ports) to 1
2026-09-02 09:19:10.978 9 INFO neutron.wsgi [None req-3ef4974f-67ae-4b11-a43f-dbaeb1089ff1 fcef246d9faf4382aea2f2fa0391ca0f 484974c07d334683b3bedb4f9958c6ab - - default default] 10.0.0.155 "GET /v2.0/ports/edd3fd67-482b-4bf4-8dc0-589ece3f51b2/tags/red HTTP/1.1" status: 204 len: 168 time: 0.0321653
2026-09-02 09:19:11.010 9 INFO neutron.api.v2.resource [None req-f9b17b3d-7120-47a5-8cb1-c429cad8755c fcef246d9faf4382aea2f2fa0391ca0f 484974c07d334683b3bedb4f9958c6ab - - default default] show failed (client error): The resource could not be found.
2026-09-02 09:19:11.012 9 INFO neutron.wsgi [None req-f9b17b3d-7120-47a5-8cb1-c429cad8755c fcef246d9faf4382aea2f2fa0391ca0f 484974c07d334683b3bedb4f9958c6ab - - default default] 10.0.0.155 "GET /v2.0/ports/edd3fd67-482b-4bf4-8dc0-589ece3f51b2/tags/green HTTP/1.1" status: 404 len: 299 time: 0.0290444
2026-09-02 09:19:11.060 9 INFO neutron.wsgi [None req-b8aa2318-4456-4b71-b451-4f920e936a63 fcef246d9faf4382aea2f2fa0391ca0f 484974c07d334683b3bedb4f9958c6ab - - default default] 10.0.0.155 "DELETE /v2.0/ports/edd3fd67-482b-4bf4-8dc0-589ece3f51b2/tags/red HTTP/1.1" status: 204 len: 168 time: 0.0425096
2026-09-02 09:19:11.096 9 INFO neutron.wsgi [None req-4a8d8d01-a60d-42f9-ae61-fa6722fada59 fcef246d9faf4382aea2f2fa0391ca0f 484974c07d334683b3bedb4f9958c6ab - - default default] 10.0.0.155 "GET /v2.0/ports/edd3fd67-482b-4bf4-8dc0-589ece3f51b2/tags HTTP/1.1" status: 200 len: 223 time: 0.0285149
2026-09-02 09:19:11.164 9 INFO neutron.wsgi [None req-28bca0e3-776d-4dd9-a63e-8eb444072c6d 3ae23c41bc1f4269940bbf1c7b927978 093a2da55a974dd7987cb51a448df596 - - default default] 10.0.0.155 "DELETE /v2.0/security-groups/26630289-370a-4cf1-94b5-357f4ac2f8b9 HTTP/1.1" status: 204 len: 168 time: 0.2507353
2026-09-02 09:19:11.424 10 INFO neutron.db.ovn_revision_numbers_db [None req-8fed911c-e9cb-4608-b2f0-56e402955b31 e6de193159dd4ac188ec02027fadaf9e f9c828f7561747aba8260f355988f113 - - default default] Successfully bumped revision number for resource 50ff8d32-82a9-4c4c-bcd5-30352f30cdf2 (type: ports) to 1
2026-09-02 09:19:11.435 10 INFO neutron.api.v2.resource [None req-bfa7751c-feae-48d7-913b-2b190dae8e5a fcef246d9faf4382aea2f2fa0391ca0f 484974c07d334683b3bedb4f9958c6ab - - default default] delete failed (client error): The resource could not be found.
2026-09-02 09:19:11.436 10 INFO neutron.wsgi [None req-bfa7751c-feae-48d7-913b-2b190dae8e5a fcef246d9faf4382aea2f2fa0391ca0f 484974c07d334683b3bedb4f9958c6ab - - default default] 10.0.0.155 "DELETE /v2.0/ports/edd3fd67-482b-4bf4-8dc0-589ece3f51b2/tags/green HTTP/1.1" status: 404 len: 299 time: 0.3156257
2026-09-02 09:19:11.519 10 WARNING neutron.scheduler.dhcp_agent_scheduler [None req-8fed911c-e9cb-4608-b2f0-56e402955b31 e6de193159dd4ac188ec02027fadaf9e f9c828f7561747aba8260f355988f113 - - default default] No more DHCP agents
2026-09-02 09:19:11.523 10 WARNING neutron.api.rpc.agentnotifiers.dhcp_rpc_agent_api [None req-8fed911c-e9cb-4608-b2f0-56e402955b31 e6de193159dd4ac188ec02027fadaf9e f9c828f7561747aba8260f355988f113 - - default default] Unable to schedule network 4a50b9a6-f6dd-431c-8714-7f67e6d50118: no agents available; will retry on subsequent port and subnet creation events.
2026-09-02 09:19:11.523 9 INFO neutron.wsgi [None req-ee94b115-c05d-4d1b-84fd-2edc74a15785 fcef246d9faf4382aea2f2fa0391ca0f 484974c07d334683b3bedb4f9958c6ab - - default default] 10.0.0.155 "DELETE /v2.0/ports/edd3fd67-482b-4bf4-8dc0-589ece3f51b2/tags HTTP/1.1" status: 204 len: 168 time: 0.0777280
2026-09-02 09:19:11.577 10 INFO neutron.wsgi [None req-a01810e4-5dc8-4d18-84b5-e2e0c9e82e34 fcef246d9faf4382aea2f2fa0391ca0f 484974c07d334683b3bedb4f9958c6ab - - default default] 10.0.0.155 "GET /v2.0/ports/edd3fd67-482b-4bf4-8dc0-589ece3f51b2/tags HTTP/1.1" status: 200 len: 205 time: 0.0438311
2026-09-02 09:19:11.612 10 INFO neutron.db.ovn_revision_numbers_db [None req-5f734516-6267-4978-9435-44ef8a49628a - - - - - -] Successfully bumped revision number for resource 50ff8d32-82a9-4c4c-bcd5-30352f30cdf2 (type: ports) to 2
2026-09-02 09:19:11.740 10 INFO neutron.db.ovn_revision_numbers_db [None req-8fed911c-e9cb-4608-b2f0-56e402955b31 e6de193159dd4ac188ec02027fadaf9e f9c828f7561747aba8260f355988f113 - - default default] Successfully bumped revision number for resource 50ff8d32-82a9-4c4c-bcd5-30352f30cdf2 (type: router_ports) to 2
2026-09-02 09:19:11.742 10 INFO neutron.wsgi [None req-8fed911c-e9cb-4608-b2f0-56e402955b31 e6de193159dd4ac188ec02027fadaf9e f9c828f7561747aba8260f355988f113 - - default default] 10.0.0.155 "PUT /v2.0/routers/b288d72c-437d-437d-a969-1149f1be17b9/add_router_interface HTTP/1.1" status: 200 len: 503 time: 1.8333848
2026-09-02 09:19:11.742 10 INFO neutron.db.ovn_revision_numbers_db [None req-5f734516-6267-4978-9435-44ef8a49628a - - - - - -] Successfully bumped revision number for resource 50ff8d32-82a9-4c4c-bcd5-30352f30cdf2 (type: router_ports) to 2
2026-09-02 09:19:11.786 9 INFO neutron.wsgi [None req-180cf521-314c-475b-9fb7-fff3fe3c2956 e6de193159dd4ac188ec02027fadaf9e f9c828f7561747aba8260f355988f113 - - default default] 10.0.0.155 "GET /v2.0/ports/50ff8d32-82a9-4c4c-bcd5-30352f30cdf2 HTTP/1.1" status: 200 len: 1137 time: 0.0386894
2026-09-02 09:19:11.825 9 INFO neutron.wsgi [None req-57e16f54-51c0-4fd4-8dbb-cbd68bbaf98c e6de193159dd4ac188ec02027fadaf9e f9c828f7561747aba8260f355988f113 - - default default] 10.0.0.155 "GET /v2.0/ports/50ff8d32-82a9-4c4c-bcd5-30352f30cdf2 HTTP/1.1" status: 200 len: 1137 time: 0.0353069
2026-09-02 09:19:11.871 9 INFO neutron.wsgi [None req-2157371a-95d7-4644-9841-f150ba5b3501 fcef246d9faf4382aea2f2fa0391ca0f 484974c07d334683b3bedb4f9958c6ab - - default default] 10.0.0.155 "DELETE /v2.0/ports/edd3fd67-482b-4bf4-8dc0-589ece3f51b2 HTTP/1.1" status: 204 len: 168 time: 0.2838917
2026-09-02 09:19:12.306 10 INFO neutron.services.segments.plugin [-] Segment c2923c60-8a83-411e-a158-50687233c360 resource provider aggregate not found
2026-09-02 09:19:12.316 10 INFO neutron.services.segments.plugin [-] Segment c2923c60-8a83-411e-a158-50687233c360 resource provider aggregate not found
2026-09-02 09:19:12.334 10 INFO neutron.services.segments.plugin [-] Segment c2923c60-8a83-411e-a158-50687233c360 resource provider not found; error: Placement Client Error (4xx): {"errors": [{"status": 404, "title": "Not Found", "detail": "The resource could not be found.\n\n No resource provider with uuid c2923c60-8a83-411e-a158-50687233c360 found for delete ", "request_id": "req-4274521e-34f2-42f3-9122-1843241cf845"}]}
2026-09-02 09:19:12.339 10 INFO neutron.services.segments.plugin [-] Segment c2923c60-8a83-411e-a158-50687233c360 resource provider not found; error: Placement Client Error (4xx): {"errors": [{"status": 404, "title": "Not Found", "detail": "The resource could not be found.\n\n No resource provider with uuid c2923c60-8a83-411e-a158-50687233c360 found for delete ", "request_id": "req-53051fd4-28e3-4747-856b-b1de0434fb92"}]}
2026-09-02 09:19:12.420 10 INFO neutron.wsgi [None req-bbbd5e0a-8574-44cc-8880-a1ee2ee2adf5 fcef246d9faf4382aea2f2fa0391ca0f 484974c07d334683b3bedb4f9958c6ab - - default default] 10.0.0.155 "DELETE /v2.0/networks/bf1ad4cc-fca2-4476-b308-9ca7962733b4 HTTP/1.1" status: 204 len: 168 time: 0.5439210
2026-09-02 09:19:12.745 10 INFO neutron.wsgi [None req-abaea519-77ab-4140-ab9a-7ac501511321 e6de193159dd4ac188ec02027fadaf9e f9c828f7561747aba8260f355988f113 - - default default] 10.0.0.155 "PUT /v2.0/routers/b288d72c-437d-437d-a969-1149f1be17b9/remove_router_interface HTTP/1.1" status: 200 len: 503 time: 0.9161537
2026-09-02 09:19:12.783 9 INFO neutron.wsgi [None req-afdf1162-d0c6-4f72-b36e-9c479eb048a0 e6de193159dd4ac188ec02027fadaf9e f9c828f7561747aba8260f355988f113 - - default default] 10.0.0.155 "GET /v2.0/ports?device_id=b288d72c-437d-437d-a969-1149f1be17b9 HTTP/1.1" status: 200 len: 205 time: 0.0312471
2026-09-02 09:19:13.014 9 INFO neutron.wsgi [None req-b8b71de8-6bc4-42d5-83ed-8177f0801c1d e6de193159dd4ac188ec02027fadaf9e f9c828f7561747aba8260f355988f113 - - default default] 10.0.0.155 "DELETE /v2.0/routers/b288d72c-437d-437d-a969-1149f1be17b9 HTTP/1.1" status: 204 len: 168 time: 0.2251232
2026-09-02 09:19:13.174 9 INFO neutron.wsgi [None req-71f26bec-5a6d-4e41-9cdf-74fa5ba8b958 e6de193159dd4ac188ec02027fadaf9e f9c828f7561747aba8260f355988f113 - - default default] 10.0.0.155 "DELETE /v2.0/subnets/93979f6c-376c-4b1e-b910-6a0643d2fd8d HTTP/1.1" status: 204 len: 168 time: 0.1537185 /var/lib/openstack/lib/python3.10/site-packages/pycadf/identifier.py:71: UserWarning: Invalid uuid: neutron. To ensure interoperability, identifiers should be a valid uuid. warnings.warn(('Invalid uuid: %s. To ensure interoperability, '
2026-09-02 09:19:13.523 9 INFO neutron.services.segments.plugin [-] Segment 7017cadf-46a8-48aa-9930-159d2132e2ca resource provider aggregate not found
2026-09-02 09:19:13.533 9 INFO neutron.services.segments.plugin [-] Segment 7017cadf-46a8-48aa-9930-159d2132e2ca resource provider aggregate not found
2026-09-02 09:19:13.566 9 INFO neutron.services.segments.plugin [-] Segment 7017cadf-46a8-48aa-9930-159d2132e2ca resource provider not found; error: Placement Client Error (4xx): {"errors": [{"status": 404, "title": "Not Found", "detail": "The resource could not be found.\n\n No resource provider with uuid 7017cadf-46a8-48aa-9930-159d2132e2ca found for delete ", "request_id": "req-b355b52a-f86e-4429-aa6e-763fc0629d2e"}]}
2026-09-02 09:19:13.568 10 INFO neutron.db.ovn_revision_numbers_db [None req-176d1a35-07cb-42ac-ba89-195994dea9a5 3ae23c41bc1f4269940bbf1c7b927978 093a2da55a974dd7987cb51a448df596 - - default default] Successfully bumped revision number for resource 52226197-bf4e-4556-81d2-ba095c20b9c4 (type: security_groups) to 1
2026-09-02 09:19:13.570 9 INFO neutron.services.segments.plugin [-] Segment 7017cadf-46a8-48aa-9930-159d2132e2ca resource provider not found; error: Placement Client Error (4xx): {"errors": [{"status": 404, "title": "Not Found", "detail": "The resource could not be found.\n\n No resource provider with uuid 7017cadf-46a8-48aa-9930-159d2132e2ca found for delete ", "request_id": "req-d2b32255-149c-4741-9097-84be89523b78"}]}
2026-09-02 09:19:13.586 10 INFO neutron.db.ovn_revision_numbers_db [None req-176d1a35-07cb-42ac-ba89-195994dea9a5 3ae23c41bc1f4269940bbf1c7b927978 093a2da55a974dd7987cb51a448df596 - - default default] Successfully bumped revision number for resource 2a5de59e-e91e-4574-966b-30753567d295 (type: security_group_rules) to 0
2026-09-02 09:19:13.602 9 INFO neutron.wsgi [None req-97ad9bc5-f798-45fc-980f-6e3fc90915ad e6de193159dd4ac188ec02027fadaf9e f9c828f7561747aba8260f355988f113 - - default default] 10.0.0.155 "DELETE /v2.0/networks/4a50b9a6-f6dd-431c-8714-7f67e6d50118 HTTP/1.1" status: 204 len: 168 time: 0.4233589
2026-09-02 09:19:13.620 10 INFO neutron.db.ovn_revision_numbers_db [None req-176d1a35-07cb-42ac-ba89-195994dea9a5 3ae23c41bc1f4269940bbf1c7b927978 093a2da55a974dd7987cb51a448df596 - - default default] Successfully bumped revision number for resource 2ba712b9-4571-4774-8b51-059ecd4e394a (type: security_group_rules) to 0
2026-09-02 09:19:13.641 10 INFO neutron.db.ovn_revision_numbers_db [None req-176d1a35-07cb-42ac-ba89-195994dea9a5 3ae23c41bc1f4269940bbf1c7b927978 093a2da55a974dd7987cb51a448df596 - - default default] Successfully bumped revision number for resource 5a382c8e-b682-4dda-9c65-f1dd1556fc8d (type: security_group_rules) to 0
2026-09-02 09:19:13.678 10 INFO neutron.db.ovn_revision_numbers_db [None req-176d1a35-07cb-42ac-ba89-195994dea9a5 3ae23c41bc1f4269940bbf1c7b927978 093a2da55a974dd7987cb51a448df596 - - default default] Successfully bumped revision number for resource 620bb5d2-f4fd-46f3-83c5-cf3a27557a18 (type: security_group_rules) to 0
2026-09-02 09:19:13.755 10 INFO neutron.wsgi [None req-176d1a35-07cb-42ac-ba89-195994dea9a5 3ae23c41bc1f4269940bbf1c7b927978 093a2da55a974dd7987cb51a448df596 - - default default] 10.0.0.155 "GET /v2.0/security-groups?tenant_id=b24b231b83b040ffb312e7f101e70572&name=default HTTP/1.1" status: 200 len: 2996 time: 0.5737243
2026-09-02 09:19:13.976 9 INFO neutron.wsgi [None req-9be1f267-4482-4e75-be7f-970fb5cf78ee 3ae23c41bc1f4269940bbf1c7b927978 093a2da55a974dd7987cb51a448df596 - - default default] 10.0.0.155 "DELETE /v2.0/security-groups/52226197-bf4e-4556-81d2-ba095c20b9c4 HTTP/1.1" status: 204 len: 168 time: 0.2127109
2026-09-02 09:19:14.175 10 WARNING neutron.scheduler.dhcp_agent_scheduler [None req-ea1fa159-a111-463a-929e-6f9b524b4058 e6de193159dd4ac188ec02027fadaf9e f9c828f7561747aba8260f355988f113 - - default default] No more DHCP agents
2026-09-02 09:19:14.178 10 WARNING neutron.api.rpc.agentnotifiers.dhcp_rpc_agent_api [None req-ea1fa159-a111-463a-929e-6f9b524b4058 e6de193159dd4ac188ec02027fadaf9e f9c828f7561747aba8260f355988f113 - - default default] Unable to schedule network 81381afb-9760-4b27-98f0-5197d5c3d7d3: no agents available; will retry on subsequent port and subnet creation events.
2026-09-02 09:19:14.223 9 INFO neutron.wsgi [None req-a76b2a46-fdbb-486f-9647-6fd720d744ad 3ae23c41bc1f4269940bbf1c7b927978 093a2da55a974dd7987cb51a448df596 - - default default] 10.0.0.155 "GET /v2.0/security-groups?tenant_id=484974c07d334683b3bedb4f9958c6ab&name=default HTTP/1.1" status: 200 len: 2996 time: 0.0546727
2026-09-02 09:19:14.310 10 INFO neutron.db.ovn_revision_numbers_db [None req-ea1fa159-a111-463a-929e-6f9b524b4058 e6de193159dd4ac188ec02027fadaf9e f9c828f7561747aba8260f355988f113 - - default default] Successfully bumped revision number for resource f86b97c2-2567-41a5-a0aa-7df55e418282 (type: ports) to 1
2026-09-02 09:19:14.414 9 INFO neutron.wsgi [None req-6f72db32-31b3-47e9-800f-cd13c5726e6a 3ae23c41bc1f4269940bbf1c7b927978 093a2da55a974dd7987cb51a448df596 - - default default] 10.0.0.155 "DELETE /v2.0/security-groups/836ce60b-4c6a-4ace-8d22-d250269d5faf HTTP/1.1" status: 204 len: 168 time: 0.1848812
2026-09-02 09:19:14.934 10 INFO neutron.db.ovn_revision_numbers_db [None req-ea1fa159-a111-463a-929e-6f9b524b4058 e6de193159dd4ac188ec02027fadaf9e f9c828f7561747aba8260f355988f113 - - default default] Successfully bumped revision number for resource f86b97c2-2567-41a5-a0aa-7df55e418282 (type: router_ports) to 1
2026-09-02 09:19:14.990 10 INFO neutron.db.ovn_revision_numbers_db [None req-ea1fa159-a111-463a-929e-6f9b524b4058 e6de193159dd4ac188ec02027fadaf9e f9c828f7561747aba8260f355988f113 - - default default] Successfully bumped revision number for resource efaa068e-5563-4c33-9f61-7a124d82beaf (type: routers) to 2
2026-09-02 09:19:15.004 10 INFO neutron.wsgi [None req-ea1fa159-a111-463a-929e-6f9b524b4058 e6de193159dd4ac188ec02027fadaf9e f9c828f7561747aba8260f355988f113 - - default default] 10.0.0.155 "POST /v2.0/routers HTTP/1.1" status: 201 len: 867 time: 1.3929524
2026-09-02 09:19:15.068 10 INFO neutron.wsgi [None req-8530950c-c780-4a82-abae-fcb6f2ac8ff4 e6de193159dd4ac188ec02027fadaf9e f9c828f7561747aba8260f355988f113 - - default default] 10.0.0.155 "GET /v2.0/routers/efaa068e-5563-4c33-9f61-7a124d82beaf HTTP/1.1" status: 200 len: 868 time: 0.0580108
2026-09-02 09:19:15.198 9 INFO neutron.wsgi [None req-3e21afd4-3b99-4ec2-866a-cc1fe6bb14cd e6de193159dd4ac188ec02027fadaf9e f9c828f7561747aba8260f355988f113 - - default default] 10.0.0.155 "GET /v2.0/routers HTTP/1.1" status: 200 len: 871 time: 0.1251183
2026-09-02 09:19:15.588 9 INFO neutron.db.ovn_revision_numbers_db [None req-f7d72796-60e2-44b1-9f43-147e8dcf1000 e6de193159dd4ac188ec02027fadaf9e f9c828f7561747aba8260f355988f113 - - default default] Successfully bumped revision number for resource efaa068e-5563-4c33-9f61-7a124d82beaf (type: routers) to 3
2026-09-02 09:19:15.591 9 INFO neutron.wsgi [None req-f7d72796-60e2-44b1-9f43-147e8dcf1000 e6de193159dd4ac188ec02027fadaf9e f9c828f7561747aba8260f355988f113 - - default default] 10.0.0.155 "PUT /v2.0/routers/efaa068e-5563-4c33-9f61-7a124d82beaf HTTP/1.1" status: 200 len: 875 time: 0.3800199
2026-09-02 09:19:15.665 9 INFO neutron.wsgi [None req-89a857cb-ad8b-4816-be43-be93ac79aaf1 e6de193159dd4ac188ec02027fadaf9e f9c828f7561747aba8260f355988f113 - - default default] 10.0.0.155 "GET /v2.0/routers/efaa068e-5563-4c33-9f61-7a124d82beaf HTTP/1.1" status: 200 len: 875 time: 0.0650032
2026-09-02 09:19:15.692 9 INFO neutron.wsgi [None req-5a84cdbd-2fd3-42bc-b7e9-76dc7a32c1da e6de193159dd4ac188ec02027fadaf9e f9c828f7561747aba8260f355988f113 - - default default] 10.0.0.155 "GET /v2.0/ports?device_id=efaa068e-5563-4c33-9f61-7a124d82beaf HTTP/1.1" status: 200 len: 205 time: 0.0195744
2026-09-02 09:19:16.218 9 INFO neutron.wsgi [None req-d8fcca15-7a5e-4f4b-9505-b8baf2eba1af e6de193159dd4ac188ec02027fadaf9e f9c828f7561747aba8260f355988f113 - - default default] 10.0.0.155 "DELETE /v2.0/routers/efaa068e-5563-4c33-9f61-7a124d82beaf HTTP/1.1" status: 204 len: 168 time: 0.5216994
2026-09-02 09:19:16.280 10 INFO neutron.wsgi [None req-381c5941-7ef5-4f13-ba32-86b54a0c7d71 06392155b2fa4683ad3230d3bf1852ca 3dc9d8fd9dd2456da6bb40f797e42c9b - - default default] 10.0.0.155 "POST /v2.0/qos/policies HTTP/1.1" status: 201 len: 558 time: 0.3482013
2026-09-02 09:19:16.340 10 INFO neutron.wsgi [None req-f3fdd037-470e-4740-9ae7-9938ba487490 06392155b2fa4683ad3230d3bf1852ca 3dc9d8fd9dd2456da6bb40f797e42c9b - - default default] 10.0.0.155 "POST /v2.0/qos/policies HTTP/1.1" status: 201 len: 558 time: 0.0494800
2026-09-02 09:19:16.393 10 INFO neutron.wsgi [None req-119b0d17-0cc4-4f9d-924f-dd723976e785 06392155b2fa4683ad3230d3bf1852ca 3dc9d8fd9dd2456da6bb40f797e42c9b - - default default] 10.0.0.155 "POST /v2.0/qos/policies HTTP/1.1" status: 201 len: 558 time: 0.0476141
2026-09-02 09:19:16.443 10 INFO neutron.wsgi [None req-3f46a759-98ea-4cc2-828b-f5d037cb3e3e 06392155b2fa4683ad3230d3bf1852ca 3dc9d8fd9dd2456da6bb40f797e42c9b - - default default] 10.0.0.155 "POST /v2.0/qos/policies HTTP/1.1" status: 201 len: 558 time: 0.0419085
2026-09-02 09:19:16.489 10 INFO neutron.wsgi [None req-7f4da791-52be-4de7-afb4-d26a180dc2ab 06392155b2fa4683ad3230d3bf1852ca 3dc9d8fd9dd2456da6bb40f797e42c9b - - default default] 10.0.0.155 "POST /v2.0/qos/policies HTTP/1.1" status: 201 len: 558 time: 0.0380552
2026-09-02 09:19:16.495 9 INFO neutron.wsgi [None req-6d18ba7d-094e-4e96-9ccf-b9b1df668a2b e6de193159dd4ac188ec02027fadaf9e f9c828f7561747aba8260f355988f113 - - default default] 10.0.0.155 "GET /v2.0/ports?device_id=efaa068e-5563-4c33-9f61-7a124d82beaf HTTP/1.1" status: 200 len: 205 time: 0.2670939
2026-09-02 09:19:16.529 10 INFO neutron.wsgi [None req-dadc58ce-dc91-440d-922a-82c914390d35 06392155b2fa4683ad3230d3bf1852ca 3dc9d8fd9dd2456da6bb40f797e42c9b - - default default] 10.0.0.155 "PUT /v2.0/policies/a0d5b805-bddf-49ba-9321-e09f65b181ab/tags HTTP/1.1" status: 200 len: 210 time: 0.0305924
2026-09-02 09:19:16.529 9 INFO neutron.api.v2.resource [None req-79206f6f-60e9-40c9-a060-7aa74eee84ea e6de193159dd4ac188ec02027fadaf9e f9c828f7561747aba8260f355988f113 - - default default] delete failed (client error): The resource could not be found.
2026-09-02 09:19:16.531 9 INFO neutron.wsgi [None req-79206f6f-60e9-40c9-a060-7aa74eee84ea e6de193159dd4ac188ec02027fadaf9e f9c828f7561747aba8260f355988f113 - - default default] 10.0.0.155 "DELETE /v2.0/routers/efaa068e-5563-4c33-9f61-7a124d82beaf HTTP/1.1" status: 404 len: 336 time: 0.0298388
2026-09-02 09:19:16.558 10 INFO neutron.wsgi [None req-239398e9-0ceb-4d36-9be5-7ff295476887 06392155b2fa4683ad3230d3bf1852ca 3dc9d8fd9dd2456da6bb40f797e42c9b - - default default] 10.0.0.155 "PUT /v2.0/policies/64c4712a-c03b-4cd0-9057-5b63d20b24f9/tags HTTP/1.1" status: 200 len: 218 time: 0.0233216
2026-09-02 09:19:16.569 9 INFO neutron.wsgi [None req-29df5939-f5d4-43dd-8925-405d35d10737 e6de193159dd4ac188ec02027fadaf9e f9c828f7561747aba8260f355988f113 - - default default] 10.0.0.155 "GET /v2.0/ports?device_id=b288d72c-437d-437d-a969-1149f1be17b9 HTTP/1.1" status: 200 len: 205 time: 0.0303264
2026-09-02 09:19:16.875 10 INFO neutron.api.v2.resource [None req-3c93a508-e535-4001-8d06-e019e2b965da e6de193159dd4ac188ec02027fadaf9e f9c828f7561747aba8260f355988f113 - - default default] delete failed (client error): The resource could not be found.
2026-09-02 09:19:16.876 10 INFO neutron.wsgi [None req-3c93a508-e535-4001-8d06-e019e2b965da e6de193159dd4ac188ec02027fadaf9e f9c828f7561747aba8260f355988f113 - - default default] 10.0.0.155 "DELETE /v2.0/routers/b288d72c-437d-437d-a969-1149f1be17b9 HTTP/1.1" status: 404 len: 336 time: 0.3034644
2026-09-02 09:19:16.882 10 INFO neutron.wsgi [None req-002dd2cf-f04f-4b2f-8fba-db4d9a6a1682 06392155b2fa4683ad3230d3bf1852ca 3dc9d8fd9dd2456da6bb40f797e42c9b - - default default] 10.0.0.155 "PUT /v2.0/policies/2268ef1f-5494-497f-98a6-db516b176043/tags HTTP/1.1" status: 200 len: 227 time: 0.3178205
2026-09-02 09:19:16.905 9 INFO neutron.pecan_wsgi.hooks.translation [None req-c3e46f17-8c6f-457d-8711-56d9b504b10c e6de193159dd4ac188ec02027fadaf9e f9c828f7561747aba8260f355988f113 - - default default] DELETE failed (client error): The resource could not be found.
2026-09-02 09:19:16.905 10 INFO neutron.wsgi [None req-501b0b51-d92e-4af9-91d6-568681504249 06392155b2fa4683ad3230d3bf1852ca 3dc9d8fd9dd2456da6bb40f797e42c9b - - default default] 10.0.0.155 "PUT /v2.0/policies/d206623d-e872-4e25-a738-e1a6a4140cfa/tags HTTP/1.1" status: 200 len: 212 time: 0.0191681
2026-09-02 09:19:16.909 9 INFO neutron.wsgi [None req-c3e46f17-8c6f-457d-8711-56d9b504b10c e6de193159dd4ac188ec02027fadaf9e f9c828f7561747aba8260f355988f113 - - default default] 10.0.0.155 "DELETE /v2.0/subnets/93979f6c-376c-4b1e-b910-6a0643d2fd8d HTTP/1.1" status: 404 len: 337 time: 0.0260463
2026-09-02 09:19:16.929 10 INFO neutron.wsgi [None req-4b241b4c-3803-401d-843c-bf1b181c15a0 e6de193159dd4ac188ec02027fadaf9e f9c828f7561747aba8260f355988f113 - - default default] 10.0.0.155 "GET /v2.0/ports?device_id=f8356f5f-9a32-498f-8729-316a2b137754 HTTP/1.1" status: 200 len: 205 time: 0.0154734
2026-09-02 09:19:16.948 10 INFO neutron.api.v2.resource [None req-314019ef-9bd9-423f-bb29-f5651e7b5c6a e6de193159dd4ac188ec02027fadaf9e f9c828f7561747aba8260f355988f113 - - default default] delete failed (client error): The resource could not be found.
2026-09-02 09:19:16.949 10 INFO neutron.wsgi [None req-314019ef-9bd9-423f-bb29-f5651e7b5c6a e6de193159dd4ac188ec02027fadaf9e f9c828f7561747aba8260f355988f113 - - default default] 10.0.0.155 "DELETE /v2.0/routers/f8356f5f-9a32-498f-8729-316a2b137754 HTTP/1.1" status: 404 len: 336 time: 0.0162380
2026-09-02 09:19:16.967 10 INFO neutron.pecan_wsgi.hooks.translation [None req-49026530-1026-4937-b28e-f772552b9e27 e6de193159dd4ac188ec02027fadaf9e f9c828f7561747aba8260f355988f113 - - default default] DELETE failed (client error): The resource could not be found.
2026-09-02 09:19:16.968 10 INFO neutron.wsgi [None req-49026530-1026-4937-b28e-f772552b9e27 e6de193159dd4ac188ec02027fadaf9e f9c828f7561747aba8260f355988f113 - - default default] 10.0.0.155 "DELETE /v2.0/subnets/150fe8b8-138b-46d7-a40e-b59aea658a86 HTTP/1.1" status: 404 len: 337 time: 0.0152919
2026-09-02 09:19:16.990 10 INFO neutron.wsgi [None req-dd8debd8-2821-44ba-b4cf-924436604bbe e6de193159dd4ac188ec02027fadaf9e f9c828f7561747aba8260f355988f113 - - default default] 10.0.0.155 "GET /v2.0/ports?device_id=6a7d2e35-906b-457e-bcdd-5e5e21406fed HTTP/1.1" status: 200 len: 205 time: 0.0159402
2026-09-02 09:19:17.009 10 INFO neutron.api.v2.resource [None req-0cd06bfd-3d4b-4ea4-854d-c78286b799d8 e6de193159dd4ac188ec02027fadaf9e f9c828f7561747aba8260f355988f113 - - default default] delete failed (client error): The resource could not be found.
2026-09-02 09:19:17.010 10 INFO neutron.wsgi [None req-0cd06bfd-3d4b-4ea4-854d-c78286b799d8 e6de193159dd4ac188ec02027fadaf9e f9c828f7561747aba8260f355988f113 - - default default] 10.0.0.155 "DELETE /v2.0/routers/6a7d2e35-906b-457e-bcdd-5e5e21406fed HTTP/1.1" status: 404 len: 336 time: 0.0165517
2026-09-02 09:19:17.027 10 INFO neutron.pecan_wsgi.hooks.translation [None req-40768b19-ea1c-477c-a4c9-475d71095263 e6de193159dd4ac188ec02027fadaf9e f9c828f7561747aba8260f355988f113 - - default default] DELETE failed (client error): The resource could not be found.
2026-09-02 09:19:17.029 10 INFO neutron.wsgi [None req-40768b19-ea1c-477c-a4c9-475d71095263 e6de193159dd4ac188ec02027fadaf9e f9c828f7561747aba8260f355988f113 - - default default] 10.0.0.155 "DELETE /v2.0/subnets/9aac535a-8876-458a-8005-3c8234d4dd18 HTTP/1.1" status: 404 len: 337 time: 0.0138090
2026-09-02 09:19:17.045 10 INFO neutron.pecan_wsgi.hooks.translation [None req-ccfd06b7-277d-44f3-9ff4-f6ad41d4a320 e6de193159dd4ac188ec02027fadaf9e f9c828f7561747aba8260f355988f113 - - default default] DELETE failed (client error): The resource could not be found.
2026-09-02 09:19:17.046 10 INFO neutron.wsgi [None req-ccfd06b7-277d-44f3-9ff4-f6ad41d4a320 e6de193159dd4ac188ec02027fadaf9e f9c828f7561747aba8260f355988f113 - - default default] 10.0.0.155 "DELETE /v2.0/subnets/06447625-ed1a-486c-9500-5889f642e217 HTTP/1.1" status: 404 len: 337 time: 0.0133371
2026-09-02 09:19:17.114 10 WARNING neutron.plugins.ml2.drivers.ovn.mech_driver.ovsdb.ovn_client [None req-5f734516-6267-4978-9435-44ef8a49628a - - - - - -] No port found with ID 50ff8d32-82a9-4c4c-bcd5-30352f30cdf2: RuntimeError: No port found with ID 50ff8d32-82a9-4c4c-bcd5-30352f30cdf2
2026-09-02 09:19:17.115 10 INFO neutron.plugins.ml2.drivers.ovn.mech_driver.mech_driver [None req-5f734516-6267-4978-9435-44ef8a49628a - - - - - -] OVN reports status up for port: f86b97c2-2567-41a5-a0aa-7df55e418282
2026-09-02 09:19:17.701 9 INFO neutron.wsgi [None req-49039a10-b4fe-40e7-9458-f70671544833 9dd61ff2a30d48d8878f8da5e7577dc8 778dda8765634033a0860d35bc7a2d98 - - default default] 10.0.0.155 "GET /v2.0/qos/policies?tags=red HTTP/1.1" status: 200 len: 1296 time: 0.3582423
2026-09-02 09:19:17.763 9 INFO neutron.wsgi [None req-42ac4ff8-60cc-4115-a712-dd9014c4c3ba 9dd61ff2a30d48d8878f8da5e7577dc8 778dda8765634033a0860d35bc7a2d98 - - default default] 10.0.0.155 "GET /v2.0/qos/policies?tags=red%2Cblue HTTP/1.1" status: 200 len: 941 time: 0.0517862
2026-09-02 09:19:17.772 10 INFO neutron.wsgi [None req-da1ce459-6f75-442f-a39a-95d0a1f68558 3ae23c41bc1f4269940bbf1c7b927978 093a2da55a974dd7987cb51a448df596 - - default default] 10.0.0.155 "GET /v2.0/security-groups?tenant_id=f9c828f7561747aba8260f355988f113&name=default HTTP/1.1" status: 200 len: 2996 time: 0.1394095
2026-09-02 09:19:17.835 9 INFO neutron.wsgi [None req-5b3eab47-06b6-4f5e-ba9d-9583563bd109 9dd61ff2a30d48d8878f8da5e7577dc8 778dda8765634033a0860d35bc7a2d98 - - default default] 10.0.0.155 "GET /v2.0/qos/policies?tags-any=blue HTTP/1.1" status: 200 len: 941 time: 0.0676835
2026-09-02 09:19:17.935 10 INFO neutron.wsgi [None req-e05d720b-314a-4f3d-99c6-0e726981f53f 9dd61ff2a30d48d8878f8da5e7577dc8 778dda8765634033a0860d35bc7a2d98 - - default default] 10.0.0.155 "GET /v2.0/qos/policies?tags-any=red%2Cblue HTTP/1.1" status: 200 len: 1296 time: 0.0954797
2026-09-02 09:19:18.024 9 INFO neutron.wsgi [None req-dc7bd0e0-362f-40a9-9f9b-0e170896fb9b 3ae23c41bc1f4269940bbf1c7b927978 093a2da55a974dd7987cb51a448df596 - - default default] 10.0.0.155 "DELETE /v2.0/security-groups/613200ff-2a90-4733-8f35-ef2b7c8adfd9 HTTP/1.1" status: 204 len: 168 time: 0.2464886
2026-09-02 09:19:18.065 10 INFO neutron.wsgi [None req-30be7058-d006-4359-bc9f-65be2871594b 9dd61ff2a30d48d8878f8da5e7577dc8 778dda8765634033a0860d35bc7a2d98 - - default default] 10.0.0.155 "GET /v2.0/qos/policies?not-tags=red HTTP/1.1" status: 200 len: 913 time: 0.1213512
2026-09-02 09:19:18.150 10 INFO neutron.wsgi [None req-23982c69-806f-42f2-9e2f-28b17c4dc08b 9dd61ff2a30d48d8878f8da5e7577dc8 778dda8765634033a0860d35bc7a2d98 - - default default] 10.0.0.155 "GET /v2.0/qos/policies?not-tags=red%2Cblue HTTP/1.1" status: 200 len: 1268 time: 0.0796783
2026-09-02 09:19:18.219 10 INFO neutron.wsgi [None req-da6359c1-137f-46e5-9cbe-3f4e198fdc41 9dd61ff2a30d48d8878f8da5e7577dc8 778dda8765634033a0860d35bc7a2d98 - - default default] 10.0.0.155 "GET /v2.0/qos/policies?not-tags-any=blue HTTP/1.1" status: 200 len: 1268 time: 0.0639269
2026-09-02 09:19:18.264 10 INFO neutron.wsgi [None req-f96dc2f5-9bac-4bd5-968d-9be11c0ac43a 9dd61ff2a30d48d8878f8da5e7577dc8 778dda8765634033a0860d35bc7a2d98 - - default default] 10.0.0.155 "GET /v2.0/qos/policies?not-tags-any=red%2Cblue HTTP/1.1" status: 200 len: 913 time: 0.0404122
2026-09-02 09:19:18.315 10 INFO neutron.wsgi [None req-91adaa3e-c015-483b-822b-aaa396285343 06392155b2fa4683ad3230d3bf1852ca 3dc9d8fd9dd2456da6bb40f797e42c9b - - default default] 10.0.0.155 "DELETE /v2.0/qos/policies/a0d5b805-bddf-49ba-9321-e09f65b181ab HTTP/1.1" status: 204 len: 168 time: 0.0448074
2026-09-02 09:19:18.364 10 INFO neutron.wsgi [None req-e433ba2f-622a-4651-b0f6-c811660ef9d0 06392155b2fa4683ad3230d3bf1852ca 3dc9d8fd9dd2456da6bb40f797e42c9b - - default default] 10.0.0.155 "DELETE /v2.0/qos/policies/64c4712a-c03b-4cd0-9057-5b63d20b24f9 HTTP/1.1" status: 204 len: 168 time: 0.0439291
2026-09-02 09:19:18.417 10 INFO neutron.wsgi [None req-44c2b93c-9857-4e6b-8f5d-3df23f080779 06392155b2fa4683ad3230d3bf1852ca 3dc9d8fd9dd2456da6bb40f797e42c9b - - default default] 10.0.0.155 "DELETE /v2.0/qos/policies/2268ef1f-5494-497f-98a6-db516b176043 HTTP/1.1" status: 204 len: 168 time: 0.0493419
2026-09-02 09:19:18.551 9 INFO neutron.wsgi [None req-98e62ccc-08f5-4a6a-8d65-6bdd3006c42d 06392155b2fa4683ad3230d3bf1852ca 3dc9d8fd9dd2456da6bb40f797e42c9b - - default default] 10.0.0.155 "DELETE /v2.0/qos/policies/d206623d-e872-4e25-a738-e1a6a4140cfa HTTP/1.1" status: 204 len: 168 time: 0.1278725
2026-09-02 09:19:18.612 9 INFO neutron.wsgi [None req-c5b71043-3372-4485-8729-558e1a3bfb13 06392155b2fa4683ad3230d3bf1852ca 3dc9d8fd9dd2456da6bb40f797e42c9b - - default default] 10.0.0.155 "DELETE /v2.0/qos/policies/53ea585a-0089-4a59-804d-347d7270ee44 HTTP/1.1" status: 204 len: 168 time: 0.0543928
2026-09-02 09:19:18.712 10 INFO neutron.db.ovn_revision_numbers_db [None req-4b6547e2-4992-4719-b74f-162ea06f7f5f 1b437a7d8e7c45f0a9db12575eeba259 e0120a87950c43d99bea78643cf40562 - - default default] Successfully bumped revision number for resource ec5c9181-1c6f-417c-aae5-eaf02e24c028 (type: routers) to 1
2026-09-02 09:19:18.724 10 INFO neutron.wsgi [None req-4b6547e2-4992-4719-b74f-162ea06f7f5f 1b437a7d8e7c45f0a9db12575eeba259 e0120a87950c43d99bea78643cf40562 - - default default] 10.0.0.155 "POST /v2.0/routers HTTP/1.1" status: 201 len: 654 time: 0.3359034
2026-09-02 09:19:18.814 9 INFO neutron.wsgi [None req-fff4f513-9d25-4b48-b6bb-3c0d1e6c1a30 1b437a7d8e7c45f0a9db12575eeba259 e0120a87950c43d99bea78643cf40562 - - default default] 10.0.0.155 "PUT /v2.0/routers/ec5c9181-1c6f-417c-aae5-eaf02e24c028/tags HTTP/1.1" status: 200 len: 218 time: 0.0831907
2026-09-02 09:19:18.865 9 INFO neutron.wsgi [None req-8c258df0-3b88-44c0-94e9-113bb91fa26c 1b437a7d8e7c45f0a9db12575eeba259 e0120a87950c43d99bea78643cf40562 - - default default] 10.0.0.155 "GET /v2.0/routers/ec5c9181-1c6f-417c-aae5-eaf02e24c028/tags HTTP/1.1" status: 200 len: 218 time: 0.0460935
2026-09-02 09:19:18.914 9 INFO neutron.wsgi [None req-faaaf507-f856-439f-9603-4a7f68d1c822 1b437a7d8e7c45f0a9db12575eeba259 e0120a87950c43d99bea78643cf40562 - - default default] 10.0.0.155 "PUT /v2.0/routers/ec5c9181-1c6f-417c-aae5-eaf02e24c028/tags/green HTTP/1.1" status: 201 len: 201 time: 0.0445037
2026-09-02 09:19:18.956 9 INFO neutron.wsgi [None req-e48965c6-6505-44a8-ba01-fe66022313c5 1b437a7d8e7c45f0a9db12575eeba259 e0120a87950c43d99bea78643cf40562 - - default default] 10.0.0.155 "GET /v2.0/routers/ec5c9181-1c6f-417c-aae5-eaf02e24c028/tags HTTP/1.1" status: 200 len: 227 time: 0.0377917
2026-09-02 09:19:18.995 9 INFO neutron.wsgi [None req-4d6cccd1-62ec-4e7e-a6ff-7ef90c30f261 1b437a7d8e7c45f0a9db12575eeba259 e0120a87950c43d99bea78643cf40562 - - default default] 10.0.0.155 "PUT /v2.0/routers/ec5c9181-1c6f-417c-aae5-eaf02e24c028/tags/red HTTP/1.1" status: 201 len: 201 time: 0.0344825
2026-09-02 09:19:19.030 9 INFO neutron.wsgi [None req-59c41bb2-997f-402b-ae44-291e77999a96 1b437a7d8e7c45f0a9db12575eeba259 e0120a87950c43d99bea78643cf40562 - - default default] 10.0.0.155 "GET /v2.0/routers/ec5c9181-1c6f-417c-aae5-eaf02e24c028/tags HTTP/1.1" status: 200 len: 227 time: 0.0298185
2026-09-02 09:19:19.078 9 INFO neutron.wsgi [None req-f1856a07-a9e0-4a53-90fd-ea01ddd5c368 1b437a7d8e7c45f0a9db12575eeba259 e0120a87950c43d99bea78643cf40562 - - default default] 10.0.0.155 "PUT /v2.0/routers/ec5c9181-1c6f-417c-aae5-eaf02e24c028/tags/black.or.white HTTP/1.1" status: 201 len: 201 time: 0.0440679
2026-09-02 09:19:19.114 9 INFO neutron.wsgi [None req-d29c5b36-4a23-4f4e-b902-f642ca697719 1b437a7d8e7c45f0a9db12575eeba259 e0120a87950c43d99bea78643cf40562 - - default default] 10.0.0.155 "GET /v2.0/routers/ec5c9181-1c6f-417c-aae5-eaf02e24c028/tags HTTP/1.1" status: 200 len: 245 time: 0.0306098
2026-09-02 09:19:19.168 9 INFO neutron.wsgi [None req-5285590e-6b80-4802-8099-39f0feb6a0bd 1b437a7d8e7c45f0a9db12575eeba259 e0120a87950c43d99bea78643cf40562 - - default default] 10.0.0.155 "PUT /v2.0/routers/ec5c9181-1c6f-417c-aae5-eaf02e24c028/tags HTTP/1.1" status: 200 len: 230 time: 0.0488873
2026-09-02 09:19:19.207 9 INFO neutron.wsgi [None req-39896edf-640a-475c-b469-149f69a8e795 1b437a7d8e7c45f0a9db12575eeba259 e0120a87950c43d99bea78643cf40562 - - default default] 10.0.0.155 "GET /v2.0/routers/ec5c9181-1c6f-417c-aae5-eaf02e24c028/tags HTTP/1.1" status: 200 len: 230 time: 0.0332470
2026-09-02 09:19:19.260 9 INFO neutron.wsgi [None req-35c2baa9-653f-4d53-b413-b9cb713fd58f 1b437a7d8e7c45f0a9db12575eeba259 e0120a87950c43d99bea78643cf40562 - - default default] 10.0.0.155 "GET /v2.0/routers/ec5c9181-1c6f-417c-aae5-eaf02e24c028/tags/red HTTP/1.1" status: 204 len: 168 time: 0.0486987
2026-09-02 09:19:19.297 9 INFO neutron.api.v2.resource [None req-1560d1da-7e75-472d-a2ac-e075f76c11fb 1b437a7d8e7c45f0a9db12575eeba259 e0120a87950c43d99bea78643cf40562 - - default default] show failed (client error): The resource could not be found.
2026-09-02 09:19:19.299 9 INFO neutron.wsgi [None req-1560d1da-7e75-472d-a2ac-e075f76c11fb 1b437a7d8e7c45f0a9db12575eeba259 e0120a87950c43d99bea78643cf40562 - - default default] 10.0.0.155 "GET /v2.0/routers/ec5c9181-1c6f-417c-aae5-eaf02e24c028/tags/green HTTP/1.1" status: 404 len: 299 time: 0.0335746
2026-09-02 09:19:19.348 9 INFO neutron.wsgi [None req-2a641a82-017d-49e9-a4a4-a373c1fab374 1b437a7d8e7c45f0a9db12575eeba259 e0120a87950c43d99bea78643cf40562 - - default default] 10.0.0.155 "DELETE /v2.0/routers/ec5c9181-1c6f-417c-aae5-eaf02e24c028/tags/red HTTP/1.1" status: 204 len: 168 time: 0.0437133
2026-09-02 09:19:19.423 9 INFO neutron.wsgi [None req-44fa48d3-faa7-4f58-8066-7b7ff0b5ffc8 1b437a7d8e7c45f0a9db12575eeba259 e0120a87950c43d99bea78643cf40562 - - default default] 10.0.0.155 "GET /v2.0/routers/ec5c9181-1c6f-417c-aae5-eaf02e24c028/tags HTTP/1.1" status: 200 len: 223 time: 0.0702550
2026-09-02 09:19:19.498 9 INFO neutron.api.v2.resource [None req-47eb0315-30d5-401d-8cef-a3bde2ac4772 1b437a7d8e7c45f0a9db12575eeba259 e0120a87950c43d99bea78643cf40562 - - default default] delete failed (client error): The resource could not be found.
2026-09-02 09:19:19.500 9 INFO neutron.wsgi [None req-47eb0315-30d5-401d-8cef-a3bde2ac4772 1b437a7d8e7c45f0a9db12575eeba259 e0120a87950c43d99bea78643cf40562 - - default default] 10.0.0.155 "DELETE /v2.0/routers/ec5c9181-1c6f-417c-aae5-eaf02e24c028/tags/green HTTP/1.1" status: 404 len: 299 time: 0.0710385
2026-09-02 09:19:19.536 10 INFO neutron.wsgi [-] 10.0.0.63 "GET / HTTP/1.1" status: 200 len: 247 time: 0.0026243
2026-09-02 09:19:19.539 10 INFO neutron.wsgi [-] 10.0.0.63 "GET / HTTP/1.1" status: 200 len: 247 time: 0.0018020
2026-09-02 09:19:19.587 9 INFO neutron.wsgi [None req-4285ede9-3c0a-45ad-849d-eb7dace8649f 1b437a7d8e7c45f0a9db12575eeba259 e0120a87950c43d99bea78643cf40562 - - default default] 10.0.0.155 "DELETE /v2.0/routers/ec5c9181-1c6f-417c-aae5-eaf02e24c028/tags HTTP/1.1" status: 204 len: 168 time: 0.0786865
2026-09-02 09:19:19.635 9 INFO neutron.wsgi [None req-ba88959a-5ade-497a-a097-a8e5bd6e7090 1b437a7d8e7c45f0a9db12575eeba259 e0120a87950c43d99bea78643cf40562 - - default default] 10.0.0.155 "GET /v2.0/routers/ec5c9181-1c6f-417c-aae5-eaf02e24c028/tags HTTP/1.1" status: 200 len: 205 time: 0.0415173
2026-09-02 09:19:19.675 9 INFO neutron.wsgi [None req-0a929d26-90b3-4f7c-82bd-955a7b75a052 1b437a7d8e7c45f0a9db12575eeba259 e0120a87950c43d99bea78643cf40562 - - default default] 10.0.0.155 "GET /v2.0/routers/ec5c9181-1c6f-417c-aae5-eaf02e24c028 HTTP/1.1" status: 200 len: 655 time: 0.0349369
2026-09-02 09:19:19.815 10 INFO neutron.db.ovn_revision_numbers_db [None req-12988910-f753-4457-8a8c-52118c4caaff 3ae23c41bc1f4269940bbf1c7b927978 093a2da55a974dd7987cb51a448df596 - - default default] Successfully bumped revision number for resource f1214a85-b2d4-4097-8d6d-4ad2eb1fb488 (type: security_groups) to 1
2026-09-02 09:19:19.829 10 INFO neutron.db.ovn_revision_numbers_db [None req-12988910-f753-4457-8a8c-52118c4caaff 3ae23c41bc1f4269940bbf1c7b927978 093a2da55a974dd7987cb51a448df596 - - default default] Successfully bumped revision number for resource 17025add-c98a-41ad-918c-bbe8434b2cb7 (type: security_group_rules) to 0
2026-09-02 09:19:19.842 10 INFO neutron.db.ovn_revision_numbers_db [None req-12988910-f753-4457-8a8c-52118c4caaff 3ae23c41bc1f4269940bbf1c7b927978 093a2da55a974dd7987cb51a448df596 - - default default] Successfully bumped revision number for resource b86aa305-5f73-4320-9b83-d3eceb2cbed3 (type: security_group_rules) to 0
2026-09-02 09:19:19.859 10 INFO neutron.db.ovn_revision_numbers_db [None req-12988910-f753-4457-8a8c-52118c4caaff 3ae23c41bc1f4269940bbf1c7b927978 093a2da55a974dd7987cb51a448df596 - - default default] Successfully bumped revision number for resource dd570ceb-fe0a-45cb-9a99-750ac5e3a861 (type: security_group_rules) to 0
2026-09-02 09:19:19.874 10 INFO neutron.db.ovn_revision_numbers_db [None req-12988910-f753-4457-8a8c-52118c4caaff 3ae23c41bc1f4269940bbf1c7b927978 093a2da55a974dd7987cb51a448df596 - - default default] Successfully bumped revision number for resource eaaec594-1d86-477f-9b17-1648bc2ccb06 (type: security_group_rules) to 0
