2026-09-02 09:18:37.584 9 INFO neutron.services.segments.plugin [-] Segment bbac9431-08ac-415f-af74-9580b6481d7b resource provider not found; error: Placement Client Error (4xx): {"errors": [{"status": 404, "title": "Not Found", "detail": "The resource could not be found.\n\n No resource provider with uuid bbac9431-08ac-415f-af74-9580b6481d7b found for delete ", "request_id": "req-330f3793-0f04-4a8f-ae24-32e4d0fc5420"}]}
2026-09-02 09:18:37.616 9 INFO neutron.wsgi [None req-6e6ec741-6b07-481c-a1e1-08095445d306 9706fa7a69034178bcd58123921dc513 41e3dfe16bf9468698806ea644e33ae2 - - default default] 10.0.0.155 "DELETE /v2.0/networks/ae687b57-7b33-4c08-a2db-73c6c8ee0afd HTTP/1.1" status: 204 len: 168 time: 0.8261850
2026-09-02 09:18:37.734 10 INFO neutron.db.segments_db [None req-9326e180-355c-4a7e-9d4f-e87906972b5f 9706fa7a69034178bcd58123921dc513 41e3dfe16bf9468698806ea644e33ae2 - - default default] Added segment 10567782-1229-4ef9-8d0a-e5352964b761 of type geneve for network ffb00bea-572e-44e0-946f-00a5c7f22d22
2026-09-02 09:18:37.824 10 WARNING neutron.scheduler.dhcp_agent_scheduler [None req-a0b3a575-de81-4dfe-8892-afa49adf1ae3 b850d906264a4745af47d12be4c8280c 732eed0f2a8146bdaaee1ea6c7a1d556 - - default default] No more DHCP agents
2026-09-02 09:18:37.835 10 WARNING neutron.api.rpc.agentnotifiers.dhcp_rpc_agent_api [None req-a0b3a575-de81-4dfe-8892-afa49adf1ae3 b850d906264a4745af47d12be4c8280c 732eed0f2a8146bdaaee1ea6c7a1d556 - - default default] Unable to schedule network e1b40987-3f68-4b9d-aabf-d0cc324e3388: no agents available; will retry on subsequent port and subnet creation events.
2026-09-02 09:18:37.884 10 INFO neutron.db.ovn_revision_numbers_db [None req-9326e180-355c-4a7e-9d4f-e87906972b5f 9706fa7a69034178bcd58123921dc513 41e3dfe16bf9468698806ea644e33ae2 - - default default] Successfully bumped revision number for resource ffb00bea-572e-44e0-946f-00a5c7f22d22 (type: networks) to 1
2026-09-02 09:18:38.023 10 INFO neutron.db.ovn_revision_numbers_db [None req-a0b3a575-de81-4dfe-8892-afa49adf1ae3 b850d906264a4745af47d12be4c8280c 732eed0f2a8146bdaaee1ea6c7a1d556 - - default default] Successfully bumped revision number for resource a3ca51f5-b1d4-4315-b398-c13244e320b4 (type: ports) to 1
2026-09-02 09:18:38.046 10 WARNING neutron.scheduler.dhcp_agent_scheduler [None req-9326e180-355c-4a7e-9d4f-e87906972b5f 9706fa7a69034178bcd58123921dc513 41e3dfe16bf9468698806ea644e33ae2 - - default default] No more DHCP agents
2026-09-02 09:18:38.047 10 WARNING neutron.api.rpc.agentnotifiers.dhcp_rpc_agent_api [None req-9326e180-355c-4a7e-9d4f-e87906972b5f 9706fa7a69034178bcd58123921dc513 41e3dfe16bf9468698806ea644e33ae2 - - default default] Unable to schedule network ffb00bea-572e-44e0-946f-00a5c7f22d22: no agents available; will retry on subsequent port and subnet creation events.
2026-09-02 09:18:38.056 10 INFO neutron.wsgi [None req-a0b3a575-de81-4dfe-8892-afa49adf1ae3 b850d906264a4745af47d12be4c8280c 732eed0f2a8146bdaaee1ea6c7a1d556 - - default default] 10.0.0.155 "POST /v2.0/ports HTTP/1.1" status: 201 len: 1148 time: 0.6068962
2026-09-02 09:18:38.117 10 INFO neutron.db.ovn_revision_numbers_db [None req-9326e180-355c-4a7e-9d4f-e87906972b5f 9706fa7a69034178bcd58123921dc513 41e3dfe16bf9468698806ea644e33ae2 - - default default] Successfully bumped revision number for resource 7f479993-d252-4a22-9287-f25d4c6516da (type: ports) to 1
2026-09-02 09:18:38.134 10 INFO neutron.wsgi [None req-9326e180-355c-4a7e-9d4f-e87906972b5f 9706fa7a69034178bcd58123921dc513 41e3dfe16bf9468698806ea644e33ae2 - - default default] 10.0.0.155 "POST /v2.0/networks HTTP/1.1" status: 201 len: 927 time: 0.5091634 /var/lib/openstack/lib/python3.10/site-packages/pycadf/identifier.py:71: UserWarning: Invalid uuid: neutron. To ensure interoperability, identifiers should be a valid uuid. warnings.warn(('Invalid uuid: %s. To ensure interoperability, '
2026-09-02 09:18:38.315 10 WARNING neutron.scheduler.dhcp_agent_scheduler [None req-42d148e2-b0f4-4505-bca3-833a25eb9b1e 9706fa7a69034178bcd58123921dc513 41e3dfe16bf9468698806ea644e33ae2 - - default default] No more DHCP agents
2026-09-02 09:18:38.317 10 WARNING neutron.api.rpc.agentnotifiers.dhcp_rpc_agent_api [None req-42d148e2-b0f4-4505-bca3-833a25eb9b1e 9706fa7a69034178bcd58123921dc513 41e3dfe16bf9468698806ea644e33ae2 - - default default] Unable to schedule network ffb00bea-572e-44e0-946f-00a5c7f22d22: no agents available; will retry on subsequent port and subnet creation events.
2026-09-02 09:18:38.485 9 INFO neutron.wsgi [None req-ec588289-99ed-43fb-aff6-3ca8ef11f6a7 b850d906264a4745af47d12be4c8280c 732eed0f2a8146bdaaee1ea6c7a1d556 - - default default] 10.0.0.155 "DELETE /v2.0/ports/a3ca51f5-b1d4-4315-b398-c13244e320b4 HTTP/1.1" status: 204 len: 168 time: 0.4214971
2026-09-02 09:18:38.522 9 INFO neutron.pecan_wsgi.hooks.translation [None req-6b327a50-b9df-48f9-b7ea-215980680dfd b850d906264a4745af47d12be4c8280c 732eed0f2a8146bdaaee1ea6c7a1d556 - - default default] DELETE failed (client error): The resource could not be found.
2026-09-02 09:18:38.527 9 INFO neutron.wsgi [None req-6b327a50-b9df-48f9-b7ea-215980680dfd b850d906264a4745af47d12be4c8280c 732eed0f2a8146bdaaee1ea6c7a1d556 - - default default] 10.0.0.155 "DELETE /v2.0/ports/a3ca51f5-b1d4-4315-b398-c13244e320b4 HTTP/1.1" status: 404 len: 333 time: 0.0336006
2026-09-02 09:18:38.557 9 INFO neutron.pecan_wsgi.hooks.translation [None req-5ac1aeec-c543-4ebf-9921-52bc1194ff84 b850d906264a4745af47d12be4c8280c 732eed0f2a8146bdaaee1ea6c7a1d556 - - default default] GET failed (client error): The resource could not be found.
2026-09-02 09:18:38.559 9 INFO neutron.wsgi [None req-5ac1aeec-c543-4ebf-9921-52bc1194ff84 b850d906264a4745af47d12be4c8280c 732eed0f2a8146bdaaee1ea6c7a1d556 - - default default] 10.0.0.155 "GET /v2.0/ports/a3ca51f5-b1d4-4315-b398-c13244e320b4 HTTP/1.1" status: 404 len: 333 time: 0.0274148
2026-09-02 09:18:38.868 9 INFO neutron.wsgi [None req-5eb78f9f-25f5-4371-974c-b0a28c65d790 b850d906264a4745af47d12be4c8280c 732eed0f2a8146bdaaee1ea6c7a1d556 - - default default] 10.0.0.155 "DELETE /v2.0/subnets/d0fc4259-28ae-449a-806d-0c84d3e6f580 HTTP/1.1" status: 204 len: 168 time: 0.3031321
2026-09-02 09:18:38.872 10 INFO neutron.db.ovn_revision_numbers_db [None req-42d148e2-b0f4-4505-bca3-833a25eb9b1e 9706fa7a69034178bcd58123921dc513 41e3dfe16bf9468698806ea644e33ae2 - - default default] Successfully bumped revision number for resource 7f479993-d252-4a22-9287-f25d4c6516da (type: ports) to 2
2026-09-02 09:18:38.909 10 INFO neutron.db.ovn_revision_numbers_db [None req-42d148e2-b0f4-4505-bca3-833a25eb9b1e 9706fa7a69034178bcd58123921dc513 41e3dfe16bf9468698806ea644e33ae2 - - default default] Successfully bumped revision number for resource 5c996a60-474d-4bd7-ad92-585d7c932a37 (type: subnets) to 0
2026-09-02 09:18:38.926 10 INFO neutron.wsgi [None req-42d148e2-b0f4-4505-bca3-833a25eb9b1e 9706fa7a69034178bcd58123921dc513 41e3dfe16bf9468698806ea644e33ae2 - - default default] 10.0.0.155 "POST /v2.0/subnets HTTP/1.1" status: 201 len: 822 time: 0.7849274
2026-09-02 09:18:39.272 9 INFO neutron.wsgi [None req-bc8e6465-6ab1-4963-b00e-b202a29280f1 b850d906264a4745af47d12be4c8280c 732eed0f2a8146bdaaee1ea6c7a1d556 - - default default] 10.0.0.155 "DELETE /v2.0/networks/e1b40987-3f68-4b9d-aabf-d0cc324e3388 HTTP/1.1" status: 204 len: 168 time: 0.3971894
2026-09-02 09:18:39.360 9 INFO neutron.db.segments_db [None req-a44ea399-eca4-4985-90f7-2f1b7e212f42 b850d906264a4745af47d12be4c8280c 732eed0f2a8146bdaaee1ea6c7a1d556 - - default default] Added segment c4fb4e51-0bac-4093-8835-995e68ae8990 of type geneve for network 493a615f-012f-42e4-9c41-83aa50da2bb5
2026-09-02 09:18:39.505 9 INFO neutron.db.ovn_revision_numbers_db [None req-a44ea399-eca4-4985-90f7-2f1b7e212f42 b850d906264a4745af47d12be4c8280c 732eed0f2a8146bdaaee1ea6c7a1d556 - - default default] Successfully bumped revision number for resource 493a615f-012f-42e4-9c41-83aa50da2bb5 (type: networks) to 1
2026-09-02 09:18:39.613 9 INFO neutron.services.segments.plugin [-] Segment a58bfafb-d6e2-488d-aa68-3ae19c751151 resource provider aggregate not found
2026-09-02 09:18:39.621 9 INFO neutron.services.segments.plugin [-] Segment a58bfafb-d6e2-488d-aa68-3ae19c751151 resource provider aggregate not found
2026-09-02 09:18:39.634 9 INFO neutron.services.segments.plugin [-] Segment a58bfafb-d6e2-488d-aa68-3ae19c751151 resource provider not found; error: Placement Client Error (4xx): {"errors": [{"status": 404, "title": "Not Found", "detail": "The resource could not be found.\n\n No resource provider with uuid a58bfafb-d6e2-488d-aa68-3ae19c751151 found for delete ", "request_id": "req-720211c7-2172-4b77-adf6-89601491d918"}]}
2026-09-02 09:18:39.645 9 INFO neutron.services.segments.plugin [-] Segment a58bfafb-d6e2-488d-aa68-3ae19c751151 resource provider not found; error: Placement Client Error (4xx): {"errors": [{"status": 404, "title": "Not Found", "detail": "The resource could not be found.\n\n No resource provider with uuid a58bfafb-d6e2-488d-aa68-3ae19c751151 found for delete ", "request_id": "req-08e7a181-91bf-4570-8b3e-44284c60f385"}]}
2026-09-02 09:18:39.682 10 INFO neutron.wsgi [None req-b21930b5-9ca3-4180-9d82-a39214b23b1d 9706fa7a69034178bcd58123921dc513 41e3dfe16bf9468698806ea644e33ae2 - - default default] 10.0.0.155 "POST /v2.0/rbac-policies HTTP/1.1" status: 201 len: 523 time: 0.7513771
2026-09-02 09:18:39.706 9 WARNING neutron.scheduler.dhcp_agent_scheduler [None req-a44ea399-eca4-4985-90f7-2f1b7e212f42 b850d906264a4745af47d12be4c8280c 732eed0f2a8146bdaaee1ea6c7a1d556 - - default default] No more DHCP agents
2026-09-02 09:18:39.708 9 WARNING neutron.api.rpc.agentnotifiers.dhcp_rpc_agent_api [None req-a44ea399-eca4-4985-90f7-2f1b7e212f42 b850d906264a4745af47d12be4c8280c 732eed0f2a8146bdaaee1ea6c7a1d556 - - default default] Unable to schedule network 493a615f-012f-42e4-9c41-83aa50da2bb5: no agents available; will retry on subsequent port and subnet creation events.
2026-09-02 09:18:39.775 9 INFO neutron.db.ovn_revision_numbers_db [None req-a44ea399-eca4-4985-90f7-2f1b7e212f42 b850d906264a4745af47d12be4c8280c 732eed0f2a8146bdaaee1ea6c7a1d556 - - default default] Successfully bumped revision number for resource fa420b34-628a-4faf-a8e1-c82cd0e15ec7 (type: ports) to 1
2026-09-02 09:18:39.805 9 INFO neutron.wsgi [None req-a44ea399-eca4-4985-90f7-2f1b7e212f42 b850d906264a4745af47d12be4c8280c 732eed0f2a8146bdaaee1ea6c7a1d556 - - default default] 10.0.0.155 "POST /v2.0/networks HTTP/1.1" status: 201 len: 830 time: 0.5282285
2026-09-02 09:18:40.054 9 WARNING neutron.scheduler.dhcp_agent_scheduler [None req-34874b3c-493a-46e4-a488-7711fbf7441c b850d906264a4745af47d12be4c8280c 732eed0f2a8146bdaaee1ea6c7a1d556 - - default default] No more DHCP agents
2026-09-02 09:18:40.057 9 WARNING neutron.api.rpc.agentnotifiers.dhcp_rpc_agent_api [None req-34874b3c-493a-46e4-a488-7711fbf7441c b850d906264a4745af47d12be4c8280c 732eed0f2a8146bdaaee1ea6c7a1d556 - - default default] Unable to schedule network 493a615f-012f-42e4-9c41-83aa50da2bb5: no agents available; will retry on subsequent port and subnet creation events.
2026-09-02 09:18:40.214 10 INFO neutron.wsgi [None req-4160009d-42fe-4ad6-a529-91d0b36bedff e7e8c6bb0c0147ceb7051f4510643037 d6fb7fd733fd4877aefc670d05084d1f - - default default] 10.0.0.155 "GET /v2.0/networks/ffb00bea-572e-44e0-946f-00a5c7f22d22 HTTP/1.1" status: 200 len: 848 time: 0.1676004
2026-09-02 09:18:40.499 9 INFO neutron.db.ovn_revision_numbers_db [None req-34874b3c-493a-46e4-a488-7711fbf7441c b850d906264a4745af47d12be4c8280c 732eed0f2a8146bdaaee1ea6c7a1d556 - - default default] Successfully bumped revision number for resource fa420b34-628a-4faf-a8e1-c82cd0e15ec7 (type: ports) to 2
2026-09-02 09:18:40.546 9 INFO neutron.db.ovn_revision_numbers_db [None req-34874b3c-493a-46e4-a488-7711fbf7441c b850d906264a4745af47d12be4c8280c 732eed0f2a8146bdaaee1ea6c7a1d556 - - default default] Successfully bumped revision number for resource bc83b6c1-d42c-4c18-846f-a22b3469849d (type: subnets) to 0
2026-09-02 09:18:40.568 9 INFO neutron.wsgi [None req-34874b3c-493a-46e4-a488-7711fbf7441c b850d906264a4745af47d12be4c8280c 732eed0f2a8146bdaaee1ea6c7a1d556 - - default default] 10.0.0.155 "POST /v2.0/subnets HTTP/1.1" status: 201 len: 801 time: 0.7576354
2026-09-02 09:18:40.741 10 INFO neutron.pecan_wsgi.hooks.translation [None req-5b8ba1a3-16e6-401d-b8eb-ece043a42307 fa05d0457a1c41f0880ad5b60584ee24 4bf4e97c56504926935434c821e098e5 - - default default] GET failed (client error): The resource could not be found.
2026-09-02 09:18:40.745 10 INFO neutron.wsgi [None req-5b8ba1a3-16e6-401d-b8eb-ece043a42307 fa05d0457a1c41f0880ad5b60584ee24 4bf4e97c56504926935434c821e098e5 - - default default] 10.0.0.155 "GET /v2.0/networks/ffb00bea-572e-44e0-946f-00a5c7f22d22 HTTP/1.1" status: 404 len: 339 time: 0.0812278
2026-09-02 09:18:40.967 9 WARNING neutron.scheduler.dhcp_agent_scheduler [None req-884e31a0-fe33-4efa-a845-c657a58af47f b850d906264a4745af47d12be4c8280c 732eed0f2a8146bdaaee1ea6c7a1d556 - - default default] No more DHCP agents
2026-09-02 09:18:40.969 9 WARNING neutron.api.rpc.agentnotifiers.dhcp_rpc_agent_api [None req-884e31a0-fe33-4efa-a845-c657a58af47f b850d906264a4745af47d12be4c8280c 732eed0f2a8146bdaaee1ea6c7a1d556 - - default default] Unable to schedule network 493a615f-012f-42e4-9c41-83aa50da2bb5: no agents available; will retry on subsequent port and subnet creation events.
2026-09-02 09:18:41.150 9 INFO neutron.db.ovn_revision_numbers_db [None req-884e31a0-fe33-4efa-a845-c657a58af47f b850d906264a4745af47d12be4c8280c 732eed0f2a8146bdaaee1ea6c7a1d556 - - default default] Successfully bumped revision number for resource 68b32126-a8f2-4d22-ae46-87c1cf18d2e6 (type: ports) to 1
2026-09-02 09:18:41.176 9 INFO neutron.wsgi [None req-884e31a0-fe33-4efa-a845-c657a58af47f b850d906264a4745af47d12be4c8280c 732eed0f2a8146bdaaee1ea6c7a1d556 - - default default] 10.0.0.155 "POST /v2.0/ports HTTP/1.1" status: 201 len: 1115 time: 0.6013398
2026-09-02 09:18:41.340 10 INFO neutron.services.segments.plugin [-] Segment 10567782-1229-4ef9-8d0a-e5352964b761 resource provider aggregate not found
2026-09-02 09:18:41.346 10 INFO neutron.services.segments.plugin [-] Segment 10567782-1229-4ef9-8d0a-e5352964b761 resource provider aggregate not found
2026-09-02 09:18:41.367 10 INFO neutron.services.segments.plugin [-] Segment 10567782-1229-4ef9-8d0a-e5352964b761 resource provider not found; error: Placement Client Error (4xx): {"errors": [{"status": 404, "title": "Not Found", "detail": "The resource could not be found.\n\n No resource provider with uuid 10567782-1229-4ef9-8d0a-e5352964b761 found for delete ", "request_id": "req-579fdd4b-5398-4de8-ac1f-a49d20b725d7"}]}
2026-09-02 09:18:41.368 10 INFO neutron.services.segments.plugin [-] Segment 10567782-1229-4ef9-8d0a-e5352964b761 resource provider not found; error: Placement Client Error (4xx): {"errors": [{"status": 404, "title": "Not Found", "detail": "The resource could not be found.\n\n No resource provider with uuid 10567782-1229-4ef9-8d0a-e5352964b761 found for delete ", "request_id": "req-020d6ba8-0603-4308-8598-dcda90c78f4e"}]}
2026-09-02 09:18:41.394 10 INFO neutron.wsgi [None req-aea2c920-445e-4db2-a089-8bf86ce7e282 9706fa7a69034178bcd58123921dc513 41e3dfe16bf9468698806ea644e33ae2 - - default default] 10.0.0.155 "DELETE /v2.0/networks/ffb00bea-572e-44e0-946f-00a5c7f22d22 HTTP/1.1" status: 204 len: 168 time: 0.6446619
2026-09-02 09:18:41.420 10 INFO neutron.pecan_wsgi.hooks.translation [None req-781568f3-1498-432f-9ea5-83bb348e9a77 9706fa7a69034178bcd58123921dc513 41e3dfe16bf9468698806ea644e33ae2 - - default default] DELETE failed (client error): The resource could not be found.
2026-09-02 09:18:41.422 10 INFO neutron.wsgi [None req-781568f3-1498-432f-9ea5-83bb348e9a77 9706fa7a69034178bcd58123921dc513 41e3dfe16bf9468698806ea644e33ae2 - - default default] 10.0.0.155 "DELETE /v2.0/subnets/13df5039-a0cf-4bc4-8c59-af3289cb80c8 HTTP/1.1" status: 404 len: 337 time: 0.0207853
2026-09-02 09:18:41.447 10 INFO neutron.pecan_wsgi.hooks.translation [None req-54a3db8b-cdc8-4ff2-88b0-ffe510b56672 9706fa7a69034178bcd58123921dc513 41e3dfe16bf9468698806ea644e33ae2 - - default default] DELETE failed (client error): The resource could not be found.
2026-09-02 09:18:41.450 10 INFO neutron.wsgi [None req-54a3db8b-cdc8-4ff2-88b0-ffe510b56672 9706fa7a69034178bcd58123921dc513 41e3dfe16bf9468698806ea644e33ae2 - - default default] 10.0.0.155 "DELETE /v2.0/subnets/36e5f9d6-9fbf-4091-a1b4-fb9853de9047 HTTP/1.1" status: 404 len: 337 time: 0.0214474
2026-09-02 09:18:41.472 10 INFO neutron.pecan_wsgi.hooks.translation [None req-523bf057-d0f3-4b19-8924-df5c06ca65ea 9706fa7a69034178bcd58123921dc513 41e3dfe16bf9468698806ea644e33ae2 - - default default] DELETE failed (client error): The resource could not be found.
2026-09-02 09:18:41.475 10 INFO neutron.wsgi [None req-523bf057-d0f3-4b19-8924-df5c06ca65ea 9706fa7a69034178bcd58123921dc513 41e3dfe16bf9468698806ea644e33ae2 - - default default] 10.0.0.155 "DELETE /v2.0/subnets/5c996a60-474d-4bd7-ad92-585d7c932a37 HTTP/1.1" status: 404 len: 337 time: 0.0190437
2026-09-02 09:18:41.632 9 INFO neutron.wsgi [None req-49e42755-2596-4293-b3da-c983da5282c7 b850d906264a4745af47d12be4c8280c 732eed0f2a8146bdaaee1ea6c7a1d556 - - default default] 10.0.0.155 "DELETE /v2.0/ports/68b32126-a8f2-4d22-ae46-87c1cf18d2e6 HTTP/1.1" status: 204 len: 168 time: 0.4502733
2026-09-02 09:18:41.635 10 INFO neutron.wsgi [req-f771d0f7-66df-4cf7-ad32-39fea277c4b0 req-7343c039-bdfb-41a1-8ef6-8f9bdf381d28 54e45c44743743bf8e98b1d9fd967fb6 cb0409feed8740599f50043f2d087d16 - - e0c1695d482d4b12a80bd9f7a9960d56 e0c1695d482d4b12a80bd9f7a9960d56] 10.0.0.96 "GET /v2.0/ports?device_id=6b43ef0b-9781-4f95-90d7-d7bf29c78e6c HTTP/1.1" status: 200 len: 1413 time: 0.0470679
2026-09-02 09:18:41.658 10 INFO neutron.pecan_wsgi.hooks.translation [None req-0aae63de-adfd-44d8-a8b3-fa592f0d4de5 b850d906264a4745af47d12be4c8280c 732eed0f2a8146bdaaee1ea6c7a1d556 - - default default] GET failed (client error): The resource could not be found.
2026-09-02 09:18:41.660 10 INFO neutron.wsgi [None req-0aae63de-adfd-44d8-a8b3-fa592f0d4de5 b850d906264a4745af47d12be4c8280c 732eed0f2a8146bdaaee1ea6c7a1d556 - - default default] 10.0.0.155 "GET /v2.0/ports/68b32126-a8f2-4d22-ae46-87c1cf18d2e6 HTTP/1.1" status: 404 len: 333 time: 0.0215240
2026-09-02 09:18:41.685 10 INFO neutron.wsgi [req-f771d0f7-66df-4cf7-ad32-39fea277c4b0 req-9667452e-c2a4-4200-acef-0626fcda2e0e 54e45c44743743bf8e98b1d9fd967fb6 cb0409feed8740599f50043f2d087d16 - - e0c1695d482d4b12a80bd9f7a9960d56 e0c1695d482d4b12a80bd9f7a9960d56] 10.0.0.96 "GET /v2.0/security-groups?id=80ba1c51-4e58-4a5d-8cef-53d4223351d9&fields=id&fields=name HTTP/1.1" status: 200 len: 312 time: 0.0393381
2026-09-02 09:18:41.932 9 INFO neutron.wsgi [None req-3219d0cb-d3d6-4975-836d-384c6da1ca52 b850d906264a4745af47d12be4c8280c 732eed0f2a8146bdaaee1ea6c7a1d556 - - default default] 10.0.0.155 "DELETE /v2.0/subnets/bc83b6c1-d42c-4c18-846f-a22b3469849d HTTP/1.1" status: 204 len: 168 time: 0.2664862
2026-09-02 09:18:42.231 9 INFO neutron.services.segments.plugin [-] Segment c4fb4e51-0bac-4093-8835-995e68ae8990 resource provider aggregate not found
2026-09-02 09:18:42.236 9 INFO neutron.services.segments.plugin [-] Segment c4fb4e51-0bac-4093-8835-995e68ae8990 resource provider aggregate not found
2026-09-02 09:18:42.252 9 INFO neutron.services.segments.plugin [-] Segment c4fb4e51-0bac-4093-8835-995e68ae8990 resource provider not found; error: Placement Client Error (4xx): {"errors": [{"status": 404, "title": "Not Found", "detail": "The resource could not be found.\n\n No resource provider with uuid c4fb4e51-0bac-4093-8835-995e68ae8990 found for delete ", "request_id": "req-7572e29c-e952-4c09-99a9-06a39284e877"}]}
2026-09-02 09:18:42.255 9 INFO neutron.services.segments.plugin [-] Segment c4fb4e51-0bac-4093-8835-995e68ae8990 resource provider not found; error: Placement Client Error (4xx): {"errors": [{"status": 404, "title": "Not Found", "detail": "The resource could not be found.\n\n No resource provider with uuid c4fb4e51-0bac-4093-8835-995e68ae8990 found for delete ", "request_id": "req-664804c1-687a-4d16-bad3-47f3e8d253ed"}]}
2026-09-02 09:18:42.266 9 INFO neutron.wsgi [None req-53eb1472-70ce-4626-aa23-b91c346cc2ab b850d906264a4745af47d12be4c8280c 732eed0f2a8146bdaaee1ea6c7a1d556 - - default default] 10.0.0.155 "DELETE /v2.0/networks/493a615f-012f-42e4-9c41-83aa50da2bb5 HTTP/1.1" status: 204 len: 168 time: 0.3281684
2026-09-02 09:18:42.493 9 WARNING neutron.scheduler.dhcp_agent_scheduler [None req-96aed276-94d9-4218-86bf-980cc857bdeb b850d906264a4745af47d12be4c8280c 732eed0f2a8146bdaaee1ea6c7a1d556 - - default default] No more DHCP agents
2026-09-02 09:18:42.504 9 WARNING neutron.api.rpc.agentnotifiers.dhcp_rpc_agent_api [None req-96aed276-94d9-4218-86bf-980cc857bdeb b850d906264a4745af47d12be4c8280c 732eed0f2a8146bdaaee1ea6c7a1d556 - - default default] Unable to schedule network 0ce2416c-09bc-4189-96d4-6bcbda5a51fa: no agents available; will retry on subsequent port and subnet creation events.
2026-09-02 09:18:42.651 9 INFO neutron.db.ovn_revision_numbers_db [None req-96aed276-94d9-4218-86bf-980cc857bdeb b850d906264a4745af47d12be4c8280c 732eed0f2a8146bdaaee1ea6c7a1d556 - - default default] Successfully bumped revision number for resource a113ecec-7e60-4df8-9d69-25827b925f3b (type: ports) to 1
2026-09-02 09:18:42.690 9 INFO neutron.wsgi [None req-96aed276-94d9-4218-86bf-980cc857bdeb b850d906264a4745af47d12be4c8280c 732eed0f2a8146bdaaee1ea6c7a1d556 - - default default] 10.0.0.155 "POST /v2.0/ports HTTP/1.1" status: 201 len: 973 time: 0.4165056 /var/lib/openstack/lib/python3.10/site-packages/pycadf/identifier.py:71: UserWarning: Invalid uuid: neutron. To ensure interoperability, identifiers should be a valid uuid. warnings.warn(('Invalid uuid: %s. To ensure interoperability, '
2026-09-02 09:18:42.952 10 INFO neutron.db.ovn_revision_numbers_db [None req-bb31a6dd-8976-49fe-8f2d-0ce5b23397a7 3ae23c41bc1f4269940bbf1c7b927978 093a2da55a974dd7987cb51a448df596 - - default default] Successfully bumped revision number for resource f5317aa3-4a36-48fd-8058-9231356ede93 (type: security_groups) to 1
2026-09-02 09:18:42.970 10 INFO neutron.db.ovn_revision_numbers_db [None req-bb31a6dd-8976-49fe-8f2d-0ce5b23397a7 3ae23c41bc1f4269940bbf1c7b927978 093a2da55a974dd7987cb51a448df596 - - default default] Successfully bumped revision number for resource 0c57e9d3-fe37-4f60-9e12-f7d68269701b (type: security_group_rules) to 0
2026-09-02 09:18:42.990 10 INFO neutron.db.ovn_revision_numbers_db [None req-bb31a6dd-8976-49fe-8f2d-0ce5b23397a7 3ae23c41bc1f4269940bbf1c7b927978 093a2da55a974dd7987cb51a448df596 - - default default] Successfully bumped revision number for resource 19dc402c-5b61-4ab5-bc20-a838c4af57d1 (type: security_group_rules) to 0
2026-09-02 09:18:43.008 10 INFO neutron.db.ovn_revision_numbers_db [None req-bb31a6dd-8976-49fe-8f2d-0ce5b23397a7 3ae23c41bc1f4269940bbf1c7b927978 093a2da55a974dd7987cb51a448df596 - - default default] Successfully bumped revision number for resource 2b88695e-abca-4a70-943a-8c76bfd23822 (type: security_group_rules) to 0
2026-09-02 09:18:43.011 9 INFO neutron.plugins.ml2.drivers.ovn.mech_driver.mech_driver [None req-8963fdc7-5ca0-4f58-aab6-7e2a0674ef9d - - - - - -] OVN reports status down for port: a113ecec-7e60-4df8-9d69-25827b925f3b
2026-09-02 09:18:43.027 10 INFO neutron.db.ovn_revision_numbers_db [None req-bb31a6dd-8976-49fe-8f2d-0ce5b23397a7 3ae23c41bc1f4269940bbf1c7b927978 093a2da55a974dd7987cb51a448df596 - - default default] Successfully bumped revision number for resource 6393a3c5-586a-42f9-9a0f-8f9c2f33912b (type: security_group_rules) to 0
2026-09-02 09:18:43.041 9 INFO neutron.db.ovn_revision_numbers_db [None req-a1b9a7c6-fabd-4187-b154-0b2d1dec949d b850d906264a4745af47d12be4c8280c 732eed0f2a8146bdaaee1ea6c7a1d556 - - default default] Successfully bumped revision number for resource a113ecec-7e60-4df8-9d69-25827b925f3b (type: ports) to 2
2026-09-02 09:18:43.050 9 INFO neutron.wsgi [None req-a1b9a7c6-fabd-4187-b154-0b2d1dec949d b850d906264a4745af47d12be4c8280c 732eed0f2a8146bdaaee1ea6c7a1d556 - - default default] 10.0.0.155 "PUT /v2.0/ports/a113ecec-7e60-4df8-9d69-25827b925f3b HTTP/1.1" status: 200 len: 946 time: 0.3509684
2026-09-02 09:18:43.056 10 INFO neutron.wsgi [None req-bb31a6dd-8976-49fe-8f2d-0ce5b23397a7 3ae23c41bc1f4269940bbf1c7b927978 093a2da55a974dd7987cb51a448df596 - - default default] 10.0.0.155 "GET /v2.0/security-groups?tenant_id=d6fb7fd733fd4877aefc670d05084d1f&name=default HTTP/1.1" status: 200 len: 2996 time: 0.5720956 /var/lib/openstack/lib/python3.10/site-packages/pycadf/identifier.py:71: UserWarning: Invalid uuid: neutron. To ensure interoperability, identifiers should be a valid uuid. warnings.warn(('Invalid uuid: %s. To ensure interoperability, '
2026-09-02 09:18:43.216 9 INFO neutron.wsgi [None req-6f7d32a9-4db7-42e0-85da-28445a427987 3ae23c41bc1f4269940bbf1c7b927978 093a2da55a974dd7987cb51a448df596 - - default default] 10.0.0.155 "DELETE /v2.0/security-groups/f5317aa3-4a36-48fd-8058-9231356ede93 HTTP/1.1" status: 204 len: 168 time: 0.1544642
2026-09-02 09:18:43.279 10 INFO neutron.wsgi [None req-de1b6292-163d-4e1e-8715-58c984734136 b850d906264a4745af47d12be4c8280c 732eed0f2a8146bdaaee1ea6c7a1d556 - - default default] 10.0.0.155 "DELETE /v2.0/ports/a113ecec-7e60-4df8-9d69-25827b925f3b HTTP/1.1" status: 204 len: 168 time: 0.2214797
2026-09-02 09:18:43.406 10 INFO neutron.wsgi [None req-8bda3bbd-ca08-4ec2-ace6-9734185979d3 b850d906264a4745af47d12be4c8280c 732eed0f2a8146bdaaee1ea6c7a1d556 - - default default] 10.0.0.155 "GET /v2.0/ports HTTP/1.1" status: 200 len: 1729 time: 0.1220982
2026-09-02 09:18:43.438 9 INFO neutron.wsgi [None req-911c889a-6457-414c-89eb-9ba7fea04d2c 3ae23c41bc1f4269940bbf1c7b927978 093a2da55a974dd7987cb51a448df596 - - default default] 10.0.0.155 "GET /v2.0/security-groups?tenant_id=41e3dfe16bf9468698806ea644e33ae2&name=default HTTP/1.1" status: 200 len: 2996 time: 0.0613017
2026-09-02 09:18:43.439 9 INFO neutron.pecan_wsgi.hooks.translation [None req-d62e76ee-d141-426f-91bc-c5455681194b b850d906264a4745af47d12be4c8280c 732eed0f2a8146bdaaee1ea6c7a1d556 - - default default] GET failed (client error): The resource could not be found.
2026-09-02 09:18:43.440 9 INFO neutron.wsgi [None req-d62e76ee-d141-426f-91bc-c5455681194b b850d906264a4745af47d12be4c8280c 732eed0f2a8146bdaaee1ea6c7a1d556 - - default default] 10.0.0.155 "GET /v2.0/ports/a113ecec-7e60-4df8-9d69-25827b925f3b HTTP/1.1" status: 404 len: 333 time: 0.0264289
2026-09-02 09:18:43.530 10 INFO neutron.wsgi [None req-34438201-502f-4904-a789-e7d0499a53de b850d906264a4745af47d12be4c8280c 732eed0f2a8146bdaaee1ea6c7a1d556 - - default default] 10.0.0.155 "GET /v2.0/ports HTTP/1.1" status: 200 len: 1729 time: 0.0805247
2026-09-02 09:18:43.604 10 INFO neutron.wsgi [None req-16ce1652-6d4a-44a6-bedd-5ef163c8b950 b850d906264a4745af47d12be4c8280c 732eed0f2a8146bdaaee1ea6c7a1d556 - - default default] 10.0.0.155 "GET /v2.0/ports/dbea35be-c83a-4b6a-834a-e8fc3ba5b0f5 HTTP/1.1" status: 200 len: 969 time: 0.0611529
2026-09-02 09:18:43.629 10 INFO neutron.pecan_wsgi.hooks.translation [None req-adcb3f2a-c4ae-4127-8011-44691143e606 b850d906264a4745af47d12be4c8280c 732eed0f2a8146bdaaee1ea6c7a1d556 - - default default] DELETE failed (client error): The resource could not be found.
2026-09-02 09:18:43.632 10 INFO neutron.wsgi [None req-adcb3f2a-c4ae-4127-8011-44691143e606 b850d906264a4745af47d12be4c8280c 732eed0f2a8146bdaaee1ea6c7a1d556 - - default default] 10.0.0.155 "DELETE /v2.0/ports/68b32126-a8f2-4d22-ae46-87c1cf18d2e6 HTTP/1.1" status: 404 len: 333 time: 0.0206423
2026-09-02 09:18:43.657 10 INFO neutron.pecan_wsgi.hooks.translation [None req-0f96b9d3-81ff-4173-8db9-9ad7cace5911 b850d906264a4745af47d12be4c8280c 732eed0f2a8146bdaaee1ea6c7a1d556 - - default default] DELETE failed (client error): The resource could not be found.
2026-09-02 09:18:43.659 10 INFO neutron.wsgi [None req-0f96b9d3-81ff-4173-8db9-9ad7cace5911 b850d906264a4745af47d12be4c8280c 732eed0f2a8146bdaaee1ea6c7a1d556 - - default default] 10.0.0.155 "DELETE /v2.0/subnets/bc83b6c1-d42c-4c18-846f-a22b3469849d HTTP/1.1" status: 404 len: 337 time: 0.0194049
2026-09-02 09:18:43.678 10 INFO neutron.pecan_wsgi.hooks.translation [None req-9aaa96ee-ff27-4cfa-9811-674244b74a26 b850d906264a4745af47d12be4c8280c 732eed0f2a8146bdaaee1ea6c7a1d556 - - default default] DELETE failed (client error): The resource could not be found.
2026-09-02 09:18:43.680 10 INFO neutron.wsgi [None req-9aaa96ee-ff27-4cfa-9811-674244b74a26 b850d906264a4745af47d12be4c8280c 732eed0f2a8146bdaaee1ea6c7a1d556 - - default default] 10.0.0.155 "DELETE /v2.0/subnets/d0fc4259-28ae-449a-806d-0c84d3e6f580 HTTP/1.1" status: 404 len: 337 time: 0.0153010
2026-09-02 09:18:43.741 9 INFO neutron.wsgi [None req-d3c18a2f-269a-4a30-8e75-5c1ca16e7583 3ae23c41bc1f4269940bbf1c7b927978 093a2da55a974dd7987cb51a448df596 - - default default] 10.0.0.155 "DELETE /v2.0/security-groups/b071b261-b023-490a-bb1d-d576f08b7948 HTTP/1.1" status: 204 len: 168 time: 0.2966866
2026-09-02 09:18:43.935 10 INFO neutron.wsgi [None req-bddb2bf1-24ca-4bf6-8544-efd0842af53a b850d906264a4745af47d12be4c8280c 732eed0f2a8146bdaaee1ea6c7a1d556 - - default default] 10.0.0.155 "DELETE /v2.0/ports/dbea35be-c83a-4b6a-834a-e8fc3ba5b0f5 HTTP/1.1" status: 204 len: 168 time: 0.2508020
2026-09-02 09:18:44.135 9 INFO neutron.db.ovn_revision_numbers_db [None req-3e036b36-641c-4e5d-83c9-edeafb5084be 3ae23c41bc1f4269940bbf1c7b927978 093a2da55a974dd7987cb51a448df596 - - default default] Successfully bumped revision number for resource f6b68fdd-9a6f-4ad3-9a33-73b35aaa3d2f (type: security_groups) to 1
2026-09-02 09:18:44.179 9 INFO neutron.db.ovn_revision_numbers_db [None req-3e036b36-641c-4e5d-83c9-edeafb5084be 3ae23c41bc1f4269940bbf1c7b927978 093a2da55a974dd7987cb51a448df596 - - default default] Successfully bumped revision number for resource 4cb50ff1-34aa-4f60-9f59-eb89e1a471f1 (type: security_group_rules) to 0
2026-09-02 09:18:44.212 9 INFO neutron.db.ovn_revision_numbers_db [None req-3e036b36-641c-4e5d-83c9-edeafb5084be 3ae23c41bc1f4269940bbf1c7b927978 093a2da55a974dd7987cb51a448df596 - - default default] Successfully bumped revision number for resource 817badf2-405d-4ec7-8a5b-638a6b603ce0 (type: security_group_rules) to 0
2026-09-02 09:18:44.239 9 INFO neutron.db.ovn_revision_numbers_db [None req-3e036b36-641c-4e5d-83c9-edeafb5084be 3ae23c41bc1f4269940bbf1c7b927978 093a2da55a974dd7987cb51a448df596 - - default default] Successfully bumped revision number for resource 970d7b46-d8df-4d34-a156-32852bd806d6 (type: security_group_rules) to 0
2026-09-02 09:18:44.258 9 INFO neutron.db.ovn_revision_numbers_db [None req-3e036b36-641c-4e5d-83c9-edeafb5084be 3ae23c41bc1f4269940bbf1c7b927978 093a2da55a974dd7987cb51a448df596 - - default default] Successfully bumped revision number for resource e519b219-7b5c-4b7f-8992-c6da3e6b36ad (type: security_group_rules) to 0
2026-09-02 09:18:44.289 9 INFO neutron.wsgi [None req-3e036b36-641c-4e5d-83c9-edeafb5084be 3ae23c41bc1f4269940bbf1c7b927978 093a2da55a974dd7987cb51a448df596 - - default default] 10.0.0.155 "GET /v2.0/security-groups?tenant_id=4bf4e97c56504926935434c821e098e5&name=default HTTP/1.1" status: 200 len: 2996 time: 0.3708959
2026-09-02 09:18:44.439 9 INFO neutron.services.segments.plugin [-] Segment ad71adde-ab56-4e6e-932f-e57ab5bde914 resource provider aggregate not found
2026-09-02 09:18:44.445 9 INFO neutron.services.segments.plugin [-] Segment ad71adde-ab56-4e6e-932f-e57ab5bde914 resource provider aggregate not found
2026-09-02 09:18:44.475 9 INFO neutron.services.segments.plugin [-] Segment ad71adde-ab56-4e6e-932f-e57ab5bde914 resource provider not found; error: Placement Client Error (4xx): {"errors": [{"status": 404, "title": "Not Found", "detail": "The resource could not be found.\n\n No resource provider with uuid ad71adde-ab56-4e6e-932f-e57ab5bde914 found for delete ", "request_id": "req-3d7278b6-6395-4cae-90b9-cf2a6d29a0e8"}]}
2026-09-02 09:18:44.477 9 INFO neutron.services.segments.plugin [-] Segment ad71adde-ab56-4e6e-932f-e57ab5bde914 resource provider not found; error: Placement Client Error (4xx): {"errors": [{"status": 404, "title": "Not Found", "detail": "The resource could not be found.\n\n No resource provider with uuid ad71adde-ab56-4e6e-932f-e57ab5bde914 found for delete ", "request_id": "req-849c6aa8-7907-414c-95c0-e90ea0168d45"}]}
2026-09-02 09:18:44.509 9 INFO neutron.wsgi [None req-37c176cb-d3f0-4f1b-9887-5f888d9c2f03 b850d906264a4745af47d12be4c8280c 732eed0f2a8146bdaaee1ea6c7a1d556 - - default default] 10.0.0.155 "DELETE /v2.0/networks/0ce2416c-09bc-4189-96d4-6bcbda5a51fa HTTP/1.1" status: 204 len: 168 time: 0.5685136
2026-09-02 09:18:44.545 10 INFO neutron.wsgi [None req-f686c7d8-9017-4aa9-9294-28156c639000 3ae23c41bc1f4269940bbf1c7b927978 093a2da55a974dd7987cb51a448df596 - - default default] 10.0.0.155 "DELETE /v2.0/security-groups/f6b68fdd-9a6f-4ad3-9a33-73b35aaa3d2f HTTP/1.1" status: 204 len: 168 time: 0.2508748
2026-09-02 09:18:44.791 10 INFO neutron.plugins.ml2.drivers.ovn.mech_driver.mech_driver [None req-5f734516-6267-4978-9435-44ef8a49628a - - - - - -] OVN reports status down for port: b6e9e0e4-68c5-44f1-9257-5a0d7f59f21d
2026-09-02 09:18:44.925 10 INFO neutron.wsgi [req-5a18acb7-c6e6-45e9-b7a6-fe249a66f7aa req-712f66e8-8922-444f-a1d5-52d190fb6381 94f030901ea740148e994ed3c2f7256b ce81f603e9a74de98388882ef45d4d79 - - default default] 10.0.0.229 "GET /v2.0/ports?device_id=6b43ef0b-9781-4f95-90d7-d7bf29c78e6c HTTP/1.1" status: 200 len: 1174 time: 0.1878245
2026-09-02 09:18:45.003 10 INFO neutron.wsgi [req-5a18acb7-c6e6-45e9-b7a6-fe249a66f7aa req-f6145bb4-4d30-42aa-aebf-1f89fd7882db 94f030901ea740148e994ed3c2f7256b ce81f603e9a74de98388882ef45d4d79 - - default default] 10.0.0.229 "GET /v2.0/security-groups?id=80ba1c51-4e58-4a5d-8cef-53d4223351d9&fields=id&fields=name HTTP/1.1" status: 200 len: 312 time: 0.0641601
2026-09-02 09:18:45.024 10 INFO neutron.notifiers.nova [-] Nova event matching ['req-e70b739a-ddbc-4b37-8646-416605ad12a9'] response: {'server_uuid': '6b43ef0b-9781-4f95-90d7-d7bf29c78e6c', 'name': 'network-vif-unplugged', 'status': 'completed', 'tag': 'b6e9e0e4-68c5-44f1-9257-5a0d7f59f21d', 'code': 200}
2026-09-02 09:18:45.118 10 INFO neutron.wsgi [req-99480e92-1b56-47ad-9d75-be9ad3db85e0 req-efc4db5b-c796-4b34-b4f9-c7168dea1f89 94f030901ea740148e994ed3c2f7256b ce81f603e9a74de98388882ef45d4d79 - - default default] 162.253.55.156 "GET /v2.0/ports?device_id=6b43ef0b-9781-4f95-90d7-d7bf29c78e6c HTTP/1.1" status: 200 len: 1172 time: 0.0443583
2026-09-02 09:18:45.220 10 INFO neutron.db.ovn_revision_numbers_db [None req-5f734516-6267-4978-9435-44ef8a49628a - - - - - -] Successfully bumped revision number for resource b6e9e0e4-68c5-44f1-9257-5a0d7f59f21d (type: ports) to 5
2026-09-02 09:18:45.297 9 INFO neutron.wsgi [None req-6c41ce1f-859f-487e-a350-09da6f3a6c22 3ae23c41bc1f4269940bbf1c7b927978 093a2da55a974dd7987cb51a448df596 - - default default] 10.0.0.155 "GET /v2.0/security-groups?tenant_id=732eed0f2a8146bdaaee1ea6c7a1d556&name=default HTTP/1.1" status: 200 len: 2996 time: 0.1986041
2026-09-02 09:18:45.450 10 INFO neutron.db.l3_db [req-99480e92-1b56-47ad-9d75-be9ad3db85e0 req-daf6e948-c6bb-4010-9ca7-bb6a3cc29c1c 94f030901ea740148e994ed3c2f7256b ce81f603e9a74de98388882ef45d4d79 - - default default] Floating IP b6857e30-93d5-4435-896e-65a23e7ec993 disassociated. External IP: 10.96.250.206, port: b6e9e0e4-68c5-44f1-9257-5a0d7f59f21d.
2026-09-02 09:18:45.516 9 INFO neutron.wsgi [None req-67cc2d4f-f45b-4d72-9240-e51edfb873a3 3ae23c41bc1f4269940bbf1c7b927978 093a2da55a974dd7987cb51a448df596 - - default default] 10.0.0.155 "DELETE /v2.0/security-groups/d2517084-1c3a-4206-b3fe-7a5682e54b77 HTTP/1.1" status: 204 len: 168 time: 0.2110531
2026-09-02 09:18:45.656 10 INFO neutron.wsgi [req-99480e92-1b56-47ad-9d75-be9ad3db85e0 req-daf6e948-c6bb-4010-9ca7-bb6a3cc29c1c 94f030901ea740148e994ed3c2f7256b ce81f603e9a74de98388882ef45d4d79 - - default default] 162.253.55.156 "DELETE /v2.0/ports/b6e9e0e4-68c5-44f1-9257-5a0d7f59f21d HTTP/1.1" status: 204 len: 173 time: 0.5275912 /var/lib/openstack/lib/python3.10/site-packages/pycadf/identifier.py:71: UserWarning: Invalid uuid: neutron. To ensure interoperability, identifiers should be a valid uuid. warnings.warn(('Invalid uuid: %s. To ensure interoperability, '
2026-09-02 09:18:46.167 10 INFO neutron.wsgi [req-da8d703a-4be3-4523-a7aa-80d7ff371a21 req-077da2c2-f949-4636-bd8a-29ae4e0e3d34 94f030901ea740148e994ed3c2f7256b ce81f603e9a74de98388882ef45d4d79 - - default default] 10.0.0.229 "GET /v2.0/ports?device_id=6b43ef0b-9781-4f95-90d7-d7bf29c78e6c HTTP/1.1" status: 200 len: 210 time: 0.0444872
2026-09-02 09:18:47.094 10 INFO neutron.notifiers.nova [-] Nova event matching ['req-7460c68d-5294-430c-a202-c67d03942816'] response: {'server_uuid': '6b43ef0b-9781-4f95-90d7-d7bf29c78e6c', 'name': 'network-vif-plugged', 'status': 'completed', 'tag': 'b6e9e0e4-68c5-44f1-9257-5a0d7f59f21d', 'code': 200}
2026-09-02 09:18:47.094 10 INFO neutron.notifiers.nova [-] Nova event matching ['req-7460c68d-5294-430c-a202-c67d03942816'] response: {'server_uuid': '6b43ef0b-9781-4f95-90d7-d7bf29c78e6c', 'name': 'network-vif-deleted', 'tag': 'b6e9e0e4-68c5-44f1-9257-5a0d7f59f21d', 'status': 'completed', 'code': 200}
2026-09-02 09:18:47.420 9 INFO neutron.wsgi [None req-224db37c-810d-4fc1-8a24-85a8c3faa65d 94f030901ea740148e994ed3c2f7256b ce81f603e9a74de98388882ef45d4d79 - - default default] 10.0.0.155 "DELETE /v2.0/security-groups/80ba1c51-4e58-4a5d-8cef-53d4223351d9 HTTP/1.1" status: 204 len: 168 time: 0.1553774
2026-09-02 09:18:47.840 9 INFO neutron.wsgi [None req-addc20ee-14f9-4ba1-8762-76450beea9b9 94f030901ea740148e994ed3c2f7256b ce81f603e9a74de98388882ef45d4d79 - - default default] 10.0.0.155 "DELETE /v2.0/floatingips/b6857e30-93d5-4435-896e-65a23e7ec993 HTTP/1.1" status: 204 len: 168 time: 0.3701293
2026-09-02 09:18:47.927 9 INFO neutron.db.ovn_revision_numbers_db [None req-eeb47d22-5964-4a0e-8c47-006104f9d7f3 e6de193159dd4ac188ec02027fadaf9e f9c828f7561747aba8260f355988f113 - - default default] Successfully bumped revision number for resource 613200ff-2a90-4733-8f35-ef2b7c8adfd9 (type: security_groups) to 1
2026-09-02 09:18:47.947 9 INFO neutron.db.ovn_revision_numbers_db [None req-eeb47d22-5964-4a0e-8c47-006104f9d7f3 e6de193159dd4ac188ec02027fadaf9e f9c828f7561747aba8260f355988f113 - - default default] Successfully bumped revision number for resource 13eabe38-726a-4353-af77-8960ff36c9ef (type: security_group_rules) to 0
2026-09-02 09:18:47.980 9 INFO neutron.db.ovn_revision_numbers_db [None req-eeb47d22-5964-4a0e-8c47-006104f9d7f3 e6de193159dd4ac188ec02027fadaf9e f9c828f7561747aba8260f355988f113 - - default default] Successfully bumped revision number for resource 3dd1f152-0704-4488-aba2-f328bcc32d4e (type: security_group_rules) to 0
2026-09-02 09:18:48.006 9 INFO neutron.db.ovn_revision_numbers_db [None req-eeb47d22-5964-4a0e-8c47-006104f9d7f3 e6de193159dd4ac188ec02027fadaf9e f9c828f7561747aba8260f355988f113 - - default default] Successfully bumped revision number for resource 8178d698-8b58-4792-a8f2-a2efe83d36f5 (type: security_group_rules) to 0
2026-09-02 09:18:48.032 9 INFO neutron.db.ovn_revision_numbers_db [None req-eeb47d22-5964-4a0e-8c47-006104f9d7f3 e6de193159dd4ac188ec02027fadaf9e f9c828f7561747aba8260f355988f113 - - default default] Successfully bumped revision number for resource ee9486cf-4bb2-431c-b5e0-a6f2c4b731bb (type: security_group_rules) to 0
2026-09-02 09:18:48.073 10 INFO neutron.plugins.ml2.drivers.ovn.mech_driver.mech_driver [None req-5f734516-6267-4978-9435-44ef8a49628a - - - - - -] OVN reports status down for port: 54dc640a-7950-437e-affb-e7481f007217
2026-09-02 09:18:48.081 10 INFO neutron.wsgi [req-8540d160-84eb-4822-ae6b-e1b05b5f1567 req-0929c272-4b04-4982-8ba2-14e2e93cd9fd 94f030901ea740148e994ed3c2f7256b ce81f603e9a74de98388882ef45d4d79 - - default default] 10.0.0.229 "GET /v2.0/ports?device_id=351d7258-0af6-4e30-b2ec-4183fa9587dc HTTP/1.1" status: 200 len: 1174 time: 0.0678780
2026-09-02 09:18:48.125 9 INFO neutron.db.segments_db [None req-eeb47d22-5964-4a0e-8c47-006104f9d7f3 e6de193159dd4ac188ec02027fadaf9e f9c828f7561747aba8260f355988f113 - - default default] Added segment 0b1235de-6eaf-463b-910c-1f89f8337187 of type geneve for network 5e21a18b-e8cf-4fbf-b427-6ab00ac50062
2026-09-02 09:18:48.132 10 INFO neutron.wsgi [req-8540d160-84eb-4822-ae6b-e1b05b5f1567 req-dfd3852c-4486-4b5d-924e-9f08678b6dce 94f030901ea740148e994ed3c2f7256b ce81f603e9a74de98388882ef45d4d79 - - default default] 10.0.0.229 "GET /v2.0/security-groups?id=65e9f515-aafb-4abf-ab5f-de9aec439584&fields=id&fields=name HTTP/1.1" status: 200 len: 312 time: 0.0352235
2026-09-02 09:18:48.316 9 INFO neutron.db.ovn_revision_numbers_db [None req-eeb47d22-5964-4a0e-8c47-006104f9d7f3 e6de193159dd4ac188ec02027fadaf9e f9c828f7561747aba8260f355988f113 - - default default] Successfully bumped revision number for resource 5e21a18b-e8cf-4fbf-b427-6ab00ac50062 (type: networks) to 1
2026-09-02 09:18:48.410 10 INFO neutron.wsgi [req-18f8b6cc-d596-4df9-a536-6f9ddbd9c81a req-3b0fe455-81d9-4d53-9e20-eb56d3d4485a 94f030901ea740148e994ed3c2f7256b ce81f603e9a74de98388882ef45d4d79 - - default default] 162.253.55.156 "GET /v2.0/ports?device_id=351d7258-0af6-4e30-b2ec-4183fa9587dc HTTP/1.1" status: 200 len: 1172 time: 0.0509441
2026-09-02 09:18:48.442 10 INFO neutron.db.ovn_revision_numbers_db [None req-5f734516-6267-4978-9435-44ef8a49628a - - - - - -] Successfully bumped revision number for resource 54dc640a-7950-437e-affb-e7481f007217 (type: ports) to 5
2026-09-02 09:18:48.487 9 WARNING neutron.scheduler.dhcp_agent_scheduler [None req-eeb47d22-5964-4a0e-8c47-006104f9d7f3 e6de193159dd4ac188ec02027fadaf9e f9c828f7561747aba8260f355988f113 - - default default] No more DHCP agents
2026-09-02 09:18:48.489 9 WARNING neutron.api.rpc.agentnotifiers.dhcp_rpc_agent_api [None req-eeb47d22-5964-4a0e-8c47-006104f9d7f3 e6de193159dd4ac188ec02027fadaf9e f9c828f7561747aba8260f355988f113 - - default default] Unable to schedule network 5e21a18b-e8cf-4fbf-b427-6ab00ac50062: no agents available; will retry on subsequent port and subnet creation events.
2026-09-02 09:18:48.678 10 INFO neutron.wsgi [req-18f8b6cc-d596-4df9-a536-6f9ddbd9c81a req-2e0df72d-8fee-46a4-bff2-5f64e3a4f6f5 94f030901ea740148e994ed3c2f7256b ce81f603e9a74de98388882ef45d4d79 - - default default] 162.253.55.156 "DELETE /v2.0/ports/54dc640a-7950-437e-affb-e7481f007217 HTTP/1.1" status: 204 len: 173 time: 0.2600939
2026-09-02 09:18:49.017 9 INFO neutron.db.ovn_revision_numbers_db [None req-eeb47d22-5964-4a0e-8c47-006104f9d7f3 e6de193159dd4ac188ec02027fadaf9e f9c828f7561747aba8260f355988f113 - - default default] Successfully bumped revision number for resource e6e4ffb5-a455-406e-8cb5-66d26bcceac5 (type: ports) to 1
2026-09-02 09:18:49.051 9 INFO neutron.wsgi [None req-eeb47d22-5964-4a0e-8c47-006104f9d7f3 e6de193159dd4ac188ec02027fadaf9e f9c828f7561747aba8260f355988f113 - - default default] 10.0.0.155 "POST /v2.0/networks HTTP/1.1" status: 201 len: 829 time: 1.5020416
2026-09-02 09:18:49.166 10 INFO neutron.notifiers.nova [-] Nova event matching ['req-de4a5ee3-492c-444d-b917-b17060d4571c'] response: {'server_uuid': '351d7258-0af6-4e30-b2ec-4183fa9587dc', 'name': 'network-vif-unplugged', 'status': 'completed', 'tag': '54dc640a-7950-437e-affb-e7481f007217', 'code': 200}
2026-09-02 09:18:49.167 10 INFO neutron.notifiers.nova [-] Nova event matching ['req-de4a5ee3-492c-444d-b917-b17060d4571c'] response: {'server_uuid': '351d7258-0af6-4e30-b2ec-4183fa9587dc', 'name': 'network-vif-plugged', 'status': 'completed', 'tag': '54dc640a-7950-437e-affb-e7481f007217', 'code': 200}
2026-09-02 09:18:49.167 10 INFO neutron.notifiers.nova [-] Nova event matching ['req-de4a5ee3-492c-444d-b917-b17060d4571c'] response: {'server_uuid': '351d7258-0af6-4e30-b2ec-4183fa9587dc', 'name': 'network-vif-deleted', 'tag': '54dc640a-7950-437e-affb-e7481f007217', 'status': 'completed', 'code': 200}
2026-09-02 09:18:49.168 9 INFO neutron.db.segments_db [None req-2e351647-5a0a-4157-a168-9140ea8fd0ba e6de193159dd4ac188ec02027fadaf9e f9c828f7561747aba8260f355988f113 - - default default] Added segment 08eb2d10-e8aa-4a37-9b2c-8606d9d74694 of type geneve for network a173690f-49f6-449b-bf4c-274cc82af740
2026-09-02 09:18:49.375 9 INFO neutron.db.ovn_revision_numbers_db [None req-2e351647-5a0a-4157-a168-9140ea8fd0ba e6de193159dd4ac188ec02027fadaf9e f9c828f7561747aba8260f355988f113 - - default default] Successfully bumped revision number for resource a173690f-49f6-449b-bf4c-274cc82af740 (type: networks) to 1 /var/lib/openstack/lib/python3.10/site-packages/pycadf/identifier.py:71: UserWarning: Invalid uuid: neutron. To ensure interoperability, identifiers should be a valid uuid. warnings.warn(('Invalid uuid: %s. To ensure interoperability, '
2026-09-02 09:18:49.463 9 INFO neutron.wsgi [None req-85647f7d-52b0-44cb-8cf5-608fd1ac0a46 94f030901ea740148e994ed3c2f7256b ce81f603e9a74de98388882ef45d4d79 - - default default] 10.0.0.155 "DELETE /v2.0/security-groups/65e9f515-aafb-4abf-ab5f-de9aec439584 HTTP/1.1" status: 204 len: 168 time: 0.2310083
2026-09-02 09:18:49.535 9 INFO neutron.wsgi [-] 10.0.0.63 "GET / HTTP/1.1" status: 200 len: 247 time: 0.0018601
2026-09-02 09:18:49.537 9 INFO neutron.wsgi [-] 10.0.0.63 "GET / HTTP/1.1" status: 200 len: 247 time: 0.0011134
2026-09-02 09:18:49.606 9 WARNING neutron.scheduler.dhcp_agent_scheduler [None req-2e351647-5a0a-4157-a168-9140ea8fd0ba e6de193159dd4ac188ec02027fadaf9e f9c828f7561747aba8260f355988f113 - - default default] No more DHCP agents
2026-09-02 09:18:49.608 9 WARNING neutron.api.rpc.agentnotifiers.dhcp_rpc_agent_api [None req-2e351647-5a0a-4157-a168-9140ea8fd0ba e6de193159dd4ac188ec02027fadaf9e f9c828f7561747aba8260f355988f113 - - default default] Unable to schedule network a173690f-49f6-449b-bf4c-274cc82af740: no agents available; will retry on subsequent port and subnet creation events.
2026-09-02 09:18:49.682 9 INFO neutron.db.ovn_revision_numbers_db [None req-2e351647-5a0a-4157-a168-9140ea8fd0ba e6de193159dd4ac188ec02027fadaf9e f9c828f7561747aba8260f355988f113 - - default default] Successfully bumped revision number for resource e74f9347-8da3-41bf-a4f7-40ec4469637d (type: ports) to 1
2026-09-02 09:18:49.700 9 INFO neutron.wsgi [None req-2e351647-5a0a-4157-a168-9140ea8fd0ba e6de193159dd4ac188ec02027fadaf9e f9c828f7561747aba8260f355988f113 - - default default] 10.0.0.155 "POST /v2.0/networks HTTP/1.1" status: 201 len: 828 time: 0.6420302
2026-09-02 09:18:49.707 10 INFO neutron.db.ovn_revision_numbers_db [None req-49776dff-f6e3-4659-9d49-4540aecf862c 1d6fdd9d9f124826985c8fd743e2007c 04fbcac8238a495688374fb5313cd28b - - default default] Successfully bumped revision number for resource aafd0055-860e-469a-bdde-41c127d186e7 (type: security_groups) to 1
2026-09-02 09:18:49.761 10 INFO neutron.db.ovn_revision_numbers_db [None req-49776dff-f6e3-4659-9d49-4540aecf862c 1d6fdd9d9f124826985c8fd743e2007c 04fbcac8238a495688374fb5313cd28b - - default default] Successfully bumped revision number for resource 5258fcb7-9d3d-4f20-b090-c2ce9e7a7d73 (type: security_group_rules) to 0
2026-09-02 09:18:49.788 10 INFO neutron.db.ovn_revision_numbers_db [None req-49776dff-f6e3-4659-9d49-4540aecf862c 1d6fdd9d9f124826985c8fd743e2007c 04fbcac8238a495688374fb5313cd28b - - default default] Successfully bumped revision number for resource a4c19b5a-64a1-4b87-b57a-e9f59057c62d (type: security_group_rules) to 0
2026-09-02 09:18:50.067 10 INFO neutron.db.ovn_revision_numbers_db [None req-49776dff-f6e3-4659-9d49-4540aecf862c 1d6fdd9d9f124826985c8fd743e2007c 04fbcac8238a495688374fb5313cd28b - - default default] Successfully bumped revision number for resource ad78c6fd-103d-476b-8a4e-e8aa3ef19fc2 (type: security_group_rules) to 0
2026-09-02 09:18:50.100 10 INFO neutron.db.ovn_revision_numbers_db [None req-49776dff-f6e3-4659-9d49-4540aecf862c 1d6fdd9d9f124826985c8fd743e2007c 04fbcac8238a495688374fb5313cd28b - - default default] Successfully bumped revision number for resource bd7ac7da-2f50-4e67-b2ff-534a44857537 (type: security_group_rules) to 0
2026-09-02 09:18:50.171 10 INFO neutron.db.segments_db [None req-49776dff-f6e3-4659-9d49-4540aecf862c 1d6fdd9d9f124826985c8fd743e2007c 04fbcac8238a495688374fb5313cd28b - - default default] Added segment 23bfcbe0-a338-494a-8fba-cbf1d10c09bc of type geneve for network 30542058-477c-4d79-ab2e-543d8fad448e
2026-09-02 09:18:50.344 10 WARNING neutron.scheduler.dhcp_agent_scheduler [None req-99eb6c07-18a6-4329-bb7e-9952003e144b e6de193159dd4ac188ec02027fadaf9e f9c828f7561747aba8260f355988f113 - - default default] No more DHCP agents
2026-09-02 09:18:50.355 10 WARNING neutron.api.rpc.agentnotifiers.dhcp_rpc_agent_api [None req-99eb6c07-18a6-4329-bb7e-9952003e144b e6de193159dd4ac188ec02027fadaf9e f9c828f7561747aba8260f355988f113 - - default default] Unable to schedule network 5e21a18b-e8cf-4fbf-b427-6ab00ac50062: no agents available; will retry on subsequent port and subnet creation events.
2026-09-02 09:18:50.427 10 INFO neutron.db.ovn_revision_numbers_db [None req-49776dff-f6e3-4659-9d49-4540aecf862c 1d6fdd9d9f124826985c8fd743e2007c 04fbcac8238a495688374fb5313cd28b - - default default] Successfully bumped revision number for resource 30542058-477c-4d79-ab2e-543d8fad448e (type: networks) to 1
2026-09-02 09:18:50.701 10 WARNING neutron.scheduler.dhcp_agent_scheduler [None req-49776dff-f6e3-4659-9d49-4540aecf862c 1d6fdd9d9f124826985c8fd743e2007c 04fbcac8238a495688374fb5313cd28b - - default default] No more DHCP agents
2026-09-02 09:18:50.706 10 WARNING neutron.api.rpc.agentnotifiers.dhcp_rpc_agent_api [None req-49776dff-f6e3-4659-9d49-4540aecf862c 1d6fdd9d9f124826985c8fd743e2007c 04fbcac8238a495688374fb5313cd28b - - default default] Unable to schedule network 30542058-477c-4d79-ab2e-543d8fad448e: no agents available; will retry on subsequent port and subnet creation events.
