2026-09-02 09:17:41.085 10 INFO neutron.wsgi [None req-44336f35-478f-46c0-8138-3be02aede143 5b2e7f8c1ba644dfa5d9f985ed2dfec7 e84a891cac8e4913a39c3a1a62c29969 - - default default] 10.0.0.155 "PUT /v2.0/routers/966a8ec0-e28d-442e-aa6c-e922ae8e0fb2/add_router_interface HTTP/1.1" status: 200 len: 503 time: 1.5264933
2026-09-02 09:17:41.104 15 INFO neutron.plugins.ml2.drivers.ovn.mech_driver.ovsdb.maintenance [None req-27a8045a-c4ff-432e-adb6-be984f289fc6 - - - - - -] Maintenance task: Synchronization finished (took 1.14 seconds)
2026-09-02 09:17:41.122 10 INFO neutron.wsgi [req-954b5a7c-dcfd-4b96-8c45-2b8459b5b649 req-b2d7d5d4-f99a-4b1b-9669-7fcf8703aa44 54e45c44743743bf8e98b1d9fd967fb6 cb0409feed8740599f50043f2d087d16 - - e0c1695d482d4b12a80bd9f7a9960d56 e0c1695d482d4b12a80bd9f7a9960d56] 162.253.55.156 "GET /v2.0/networks/c4e868b7-a0a6-4a1c-8535-18f82f359db3?fields=segments HTTP/1.1" status: 200 len: 212 time: 0.0650578
2026-09-02 09:17:41.128 9 INFO neutron.wsgi [None req-b51bc7a3-b573-4fef-9ed3-653766e129b5 5b2e7f8c1ba644dfa5d9f985ed2dfec7 e84a891cac8e4913a39c3a1a62c29969 - - default default] 10.0.0.155 "GET /v2.0/ports/12aac9f1-7563-4cc2-8abd-81579eef71a9 HTTP/1.1" status: 200 len: 1220 time: 0.0346563
2026-09-02 09:17:41.177 10 INFO neutron.wsgi [req-954b5a7c-dcfd-4b96-8c45-2b8459b5b649 req-43239f54-e807-4b4b-bef6-7ff782b9d7d0 54e45c44743743bf8e98b1d9fd967fb6 cb0409feed8740599f50043f2d087d16 - - e0c1695d482d4b12a80bd9f7a9960d56 e0c1695d482d4b12a80bd9f7a9960d56] 162.253.55.156 "GET /v2.0/networks/c4e868b7-a0a6-4a1c-8535-18f82f359db3?fields=provider%3Aphysical_network&fields=provider%3Anetwork_type HTTP/1.1" status: 200 len: 277 time: 0.0486662
2026-09-02 09:17:41.377 9 INFO neutron.wsgi [None req-7ae4745e-0f67-42d3-a444-b3f2d03ff995 3ae23c41bc1f4269940bbf1c7b927978 093a2da55a974dd7987cb51a448df596 - - default default] 10.0.0.155 "DELETE /v2.0/security-groups/baea99ca-b954-4dda-bd1c-45b73c364321 HTTP/1.1" status: 204 len: 168 time: 0.4798477
2026-09-02 09:17:42.000 9 INFO neutron.wsgi [None req-36a70eff-4637-4e31-a82c-06b65d783d98 5b2e7f8c1ba644dfa5d9f985ed2dfec7 e84a891cac8e4913a39c3a1a62c29969 - - default default] 10.0.0.155 "PUT /v2.0/routers/966a8ec0-e28d-442e-aa6c-e922ae8e0fb2/remove_router_interface HTTP/1.1" status: 200 len: 503 time: 0.8631747
2026-09-02 09:17:42.079 10 INFO neutron.api.v2.resource [None req-0f9c7053-01f6-444b-b86d-40fa7a9117ed 5b2e7f8c1ba644dfa5d9f985ed2dfec7 e84a891cac8e4913a39c3a1a62c29969 - - default default] remove_router_interface failed (client error): The resource could not be found.
2026-09-02 09:17:42.081 10 INFO neutron.wsgi [None req-0f9c7053-01f6-444b-b86d-40fa7a9117ed 5b2e7f8c1ba644dfa5d9f985ed2dfec7 e84a891cac8e4913a39c3a1a62c29969 - - default default] 10.0.0.155 "PUT /v2.0/routers/966a8ec0-e28d-442e-aa6c-e922ae8e0fb2/remove_router_interface HTTP/1.1" status: 404 len: 398 time: 0.0711768
2026-09-02 09:17:42.116 10 INFO neutron.wsgi [None req-ca12655a-c3f3-4456-946b-1900d280bd97 5b2e7f8c1ba644dfa5d9f985ed2dfec7 e84a891cac8e4913a39c3a1a62c29969 - - default default] 10.0.0.155 "GET /v2.0/ports?device_id=966a8ec0-e28d-442e-aa6c-e922ae8e0fb2 HTTP/1.1" status: 200 len: 205 time: 0.0291941 /var/lib/openstack/lib/python3.10/site-packages/pycadf/identifier.py:71: UserWarning: Invalid uuid: neutron. To ensure interoperability, identifiers should be a valid uuid. warnings.warn(('Invalid uuid: %s. To ensure interoperability, '
2026-09-02 09:17:42.485 9 INFO neutron.db.ovn_revision_numbers_db [None req-d1f33f82-c959-481e-96c3-c00d8cc2a9e2 3ae23c41bc1f4269940bbf1c7b927978 093a2da55a974dd7987cb51a448df596 - - default default] Successfully bumped revision number for resource cd15ecf1-af3b-4aab-b2df-5ccbf2bdc5a3 (type: security_groups) to 1
2026-09-02 09:17:42.513 9 INFO neutron.db.ovn_revision_numbers_db [None req-d1f33f82-c959-481e-96c3-c00d8cc2a9e2 3ae23c41bc1f4269940bbf1c7b927978 093a2da55a974dd7987cb51a448df596 - - default default] Successfully bumped revision number for resource 0869bd6a-c3f0-4f33-b1d3-cf1360e184b0 (type: security_group_rules) to 0
2026-09-02 09:17:42.531 9 INFO neutron.db.ovn_revision_numbers_db [None req-d1f33f82-c959-481e-96c3-c00d8cc2a9e2 3ae23c41bc1f4269940bbf1c7b927978 093a2da55a974dd7987cb51a448df596 - - default default] Successfully bumped revision number for resource 338ac765-458c-45fd-93d8-db414aaed78f (type: security_group_rules) to 0
2026-09-02 09:17:42.564 9 INFO neutron.db.ovn_revision_numbers_db [None req-d1f33f82-c959-481e-96c3-c00d8cc2a9e2 3ae23c41bc1f4269940bbf1c7b927978 093a2da55a974dd7987cb51a448df596 - - default default] Successfully bumped revision number for resource 8e236e00-5278-4526-ace5-ced2c3e81015 (type: security_group_rules) to 0
2026-09-02 09:17:42.582 9 INFO neutron.db.ovn_revision_numbers_db [None req-d1f33f82-c959-481e-96c3-c00d8cc2a9e2 3ae23c41bc1f4269940bbf1c7b927978 093a2da55a974dd7987cb51a448df596 - - default default] Successfully bumped revision number for resource 9ae00787-2879-4286-80a0-14609703232b (type: security_group_rules) to 0
2026-09-02 09:17:42.611 9 INFO neutron.wsgi [None req-d1f33f82-c959-481e-96c3-c00d8cc2a9e2 3ae23c41bc1f4269940bbf1c7b927978 093a2da55a974dd7987cb51a448df596 - - default default] 10.0.0.155 "GET /v2.0/security-groups?tenant_id=b1f5f6cea4fb4a70bb00f467b9eda093&name=default HTTP/1.1" status: 200 len: 2996 time: 0.4384041
2026-09-02 09:17:42.659 10 INFO neutron.wsgi [None req-1769e32b-2f3c-4a87-8d7c-6b1d1135ca91 5b2e7f8c1ba644dfa5d9f985ed2dfec7 e84a891cac8e4913a39c3a1a62c29969 - - default default] 10.0.0.155 "DELETE /v2.0/routers/966a8ec0-e28d-442e-aa6c-e922ae8e0fb2 HTTP/1.1" status: 204 len: 168 time: 0.5330551
2026-09-02 09:17:42.963 9 INFO neutron.wsgi [None req-66b7d42f-e3fa-4db8-8a00-5060d5e6e451 5b2e7f8c1ba644dfa5d9f985ed2dfec7 e84a891cac8e4913a39c3a1a62c29969 - - default default] 10.0.0.155 "DELETE /v2.0/subnets/5a7679f8-2851-4008-9610-03c77fb27397 HTTP/1.1" status: 204 len: 168 time: 0.2969949
2026-09-02 09:17:42.970 9 INFO neutron.wsgi [None req-ae0f4ff5-2d1d-4c65-8f08-2c2e761521e4 3ae23c41bc1f4269940bbf1c7b927978 093a2da55a974dd7987cb51a448df596 - - default default] 10.0.0.155 "DELETE /v2.0/security-groups/cd15ecf1-af3b-4aab-b2df-5ccbf2bdc5a3 HTTP/1.1" status: 204 len: 168 time: 0.3533440
2026-09-02 09:17:43.276 10 INFO neutron.services.segments.plugin [-] Segment 8748aa48-44ef-4012-9e5a-7cceea81fa7c resource provider aggregate not found
2026-09-02 09:17:43.282 10 INFO neutron.services.segments.plugin [-] Segment 8748aa48-44ef-4012-9e5a-7cceea81fa7c resource provider aggregate not found
2026-09-02 09:17:43.301 10 INFO neutron.services.segments.plugin [-] Segment 8748aa48-44ef-4012-9e5a-7cceea81fa7c resource provider not found; error: Placement Client Error (4xx): {"errors": [{"status": 404, "title": "Not Found", "detail": "The resource could not be found.\n\n No resource provider with uuid 8748aa48-44ef-4012-9e5a-7cceea81fa7c found for delete ", "request_id": "req-42313926-e03d-455e-aecb-7159eda2ece8"}]}
2026-09-02 09:17:43.302 10 INFO neutron.services.segments.plugin [-] Segment 8748aa48-44ef-4012-9e5a-7cceea81fa7c resource provider not found; error: Placement Client Error (4xx): {"errors": [{"status": 404, "title": "Not Found", "detail": "The resource could not be found.\n\n No resource provider with uuid 8748aa48-44ef-4012-9e5a-7cceea81fa7c found for delete ", "request_id": "req-ed4325a1-bcb1-4cc3-a805-9af9fbebf9c4"}]}
2026-09-02 09:17:43.321 10 INFO neutron.wsgi [None req-041d522b-0155-4613-a970-49fd870dbcbd 5b2e7f8c1ba644dfa5d9f985ed2dfec7 e84a891cac8e4913a39c3a1a62c29969 - - default default] 10.0.0.155 "DELETE /v2.0/networks/e4759041-1b72-4507-ad80-b5dd56796851 HTTP/1.1" status: 204 len: 168 time: 0.3524716
2026-09-02 09:17:43.416 10 INFO neutron.db.segments_db [None req-b04b298c-752c-4bf8-bc17-0f6155b638ae 5b2e7f8c1ba644dfa5d9f985ed2dfec7 e84a891cac8e4913a39c3a1a62c29969 - - default default] Added segment c63fe187-f942-4851-b313-bf2c4e12d3b1 of type geneve for network 570d6683-3cfe-46f6-9f7c-7c6deb2d25e0
2026-09-02 09:17:43.660 10 INFO neutron.db.ovn_revision_numbers_db [None req-b04b298c-752c-4bf8-bc17-0f6155b638ae 5b2e7f8c1ba644dfa5d9f985ed2dfec7 e84a891cac8e4913a39c3a1a62c29969 - - default default] Successfully bumped revision number for resource 570d6683-3cfe-46f6-9f7c-7c6deb2d25e0 (type: networks) to 1
2026-09-02 09:17:43.871 10 WARNING neutron.scheduler.dhcp_agent_scheduler [None req-b04b298c-752c-4bf8-bc17-0f6155b638ae 5b2e7f8c1ba644dfa5d9f985ed2dfec7 e84a891cac8e4913a39c3a1a62c29969 - - default default] No more DHCP agents
2026-09-02 09:17:43.874 10 WARNING neutron.api.rpc.agentnotifiers.dhcp_rpc_agent_api [None req-b04b298c-752c-4bf8-bc17-0f6155b638ae 5b2e7f8c1ba644dfa5d9f985ed2dfec7 e84a891cac8e4913a39c3a1a62c29969 - - default default] Unable to schedule network 570d6683-3cfe-46f6-9f7c-7c6deb2d25e0: no agents available; will retry on subsequent port and subnet creation events.
2026-09-02 09:17:43.946 10 INFO neutron.db.ovn_revision_numbers_db [None req-b04b298c-752c-4bf8-bc17-0f6155b638ae 5b2e7f8c1ba644dfa5d9f985ed2dfec7 e84a891cac8e4913a39c3a1a62c29969 - - default default] Successfully bumped revision number for resource 59f99eef-8970-4669-9098-601c6efe31ab (type: ports) to 1
2026-09-02 09:17:43.969 10 INFO neutron.wsgi [None req-b04b298c-752c-4bf8-bc17-0f6155b638ae 5b2e7f8c1ba644dfa5d9f985ed2dfec7 e84a891cac8e4913a39c3a1a62c29969 - - default default] 10.0.0.155 "POST /v2.0/networks HTTP/1.1" status: 201 len: 832 time: 0.6400211
2026-09-02 09:17:44.210 10 WARNING neutron.scheduler.dhcp_agent_scheduler [None req-982ef143-0c33-4058-a624-e4ca706c2ce0 5b2e7f8c1ba644dfa5d9f985ed2dfec7 e84a891cac8e4913a39c3a1a62c29969 - - default default] No more DHCP agents
2026-09-02 09:17:44.212 10 WARNING neutron.api.rpc.agentnotifiers.dhcp_rpc_agent_api [None req-982ef143-0c33-4058-a624-e4ca706c2ce0 5b2e7f8c1ba644dfa5d9f985ed2dfec7 e84a891cac8e4913a39c3a1a62c29969 - - default default] Unable to schedule network 570d6683-3cfe-46f6-9f7c-7c6deb2d25e0: no agents available; will retry on subsequent port and subnet creation events.
2026-09-02 09:17:44.247 10 INFO neutron.db.ovn_revision_numbers_db [None req-982ef143-0c33-4058-a624-e4ca706c2ce0 5b2e7f8c1ba644dfa5d9f985ed2dfec7 e84a891cac8e4913a39c3a1a62c29969 - - default default] Successfully bumped revision number for resource e4b85ccb-02cf-48e3-8999-6c92d83d956d (type: subnets) to 0
2026-09-02 09:17:44.260 10 INFO neutron.wsgi [None req-982ef143-0c33-4058-a624-e4ca706c2ce0 5b2e7f8c1ba644dfa5d9f985ed2dfec7 e84a891cac8e4913a39c3a1a62c29969 - - default default] 10.0.0.155 "POST /v2.0/subnets HTTP/1.1" status: 201 len: 821 time: 0.2859356
2026-09-02 09:17:44.413 10 INFO neutron.db.ovn_revision_numbers_db [None req-73073ff9-bd93-4d67-a0cb-90384bf9bbfe 5b2e7f8c1ba644dfa5d9f985ed2dfec7 e84a891cac8e4913a39c3a1a62c29969 - - default default] Successfully bumped revision number for resource fde0adc7-93cd-4d27-b721-2ace2cbc0c82 (type: routers) to 1
2026-09-02 09:17:44.428 10 INFO neutron.wsgi [None req-73073ff9-bd93-4d67-a0cb-90384bf9bbfe 5b2e7f8c1ba644dfa5d9f985ed2dfec7 e84a891cac8e4913a39c3a1a62c29969 - - default default] 10.0.0.155 "POST /v2.0/routers HTTP/1.1" status: 201 len: 691 time: 0.1620076
2026-09-02 09:17:44.874 10 WARNING neutron.scheduler.dhcp_agent_scheduler [None req-f389b3de-d339-4bf4-ba20-6588f652d7a7 5b2e7f8c1ba644dfa5d9f985ed2dfec7 e84a891cac8e4913a39c3a1a62c29969 - - default default] No more DHCP agents
2026-09-02 09:17:44.877 10 WARNING neutron.api.rpc.agentnotifiers.dhcp_rpc_agent_api [None req-f389b3de-d339-4bf4-ba20-6588f652d7a7 5b2e7f8c1ba644dfa5d9f985ed2dfec7 e84a891cac8e4913a39c3a1a62c29969 - - default default] Unable to schedule network 570d6683-3cfe-46f6-9f7c-7c6deb2d25e0: no agents available; will retry on subsequent port and subnet creation events.
2026-09-02 09:17:45.038 10 INFO neutron.db.ovn_revision_numbers_db [None req-f389b3de-d339-4bf4-ba20-6588f652d7a7 5b2e7f8c1ba644dfa5d9f985ed2dfec7 e84a891cac8e4913a39c3a1a62c29969 - - default default] Successfully bumped revision number for resource 4a0302f1-18c7-4d78-9c9a-ec4deb987cf9 (type: ports) to 1
2026-09-02 09:17:45.321 10 INFO neutron.db.ovn_revision_numbers_db [None req-0b514d0e-42f2-4a93-9097-26b3d6d2cf45 94f030901ea740148e994ed3c2f7256b ce81f603e9a74de98388882ef45d4d79 - - default default] Successfully bumped revision number for resource f256ec16-6b50-4a79-8a86-4a578c00a741 (type: security_groups) to 1
2026-09-02 09:17:45.347 10 INFO neutron.db.ovn_revision_numbers_db [None req-0b514d0e-42f2-4a93-9097-26b3d6d2cf45 94f030901ea740148e994ed3c2f7256b ce81f603e9a74de98388882ef45d4d79 - - default default] Successfully bumped revision number for resource 258db740-1731-499d-bdf4-caca66fcbc00 (type: security_group_rules) to 0
2026-09-02 09:17:45.376 10 INFO neutron.db.ovn_revision_numbers_db [None req-0b514d0e-42f2-4a93-9097-26b3d6d2cf45 94f030901ea740148e994ed3c2f7256b ce81f603e9a74de98388882ef45d4d79 - - default default] Successfully bumped revision number for resource 7b27eda5-b654-4ee4-b762-b3a5c546b11b (type: security_group_rules) to 0
2026-09-02 09:17:45.404 10 INFO neutron.db.ovn_revision_numbers_db [None req-0b514d0e-42f2-4a93-9097-26b3d6d2cf45 94f030901ea740148e994ed3c2f7256b ce81f603e9a74de98388882ef45d4d79 - - default default] Successfully bumped revision number for resource b27a0584-640a-4bbd-a182-d79eeb1f1cba (type: security_group_rules) to 0
2026-09-02 09:17:45.416 10 WARNING neutron.plugins.ml2.drivers.ovn.mech_driver.ovsdb.ovn_client [None req-5f734516-6267-4978-9435-44ef8a49628a - - - - - -] No port found with ID 12aac9f1-7563-4cc2-8abd-81579eef71a9: RuntimeError: No port found with ID 12aac9f1-7563-4cc2-8abd-81579eef71a9
2026-09-02 09:17:45.448 10 INFO neutron.db.ovn_revision_numbers_db [None req-0b514d0e-42f2-4a93-9097-26b3d6d2cf45 94f030901ea740148e994ed3c2f7256b ce81f603e9a74de98388882ef45d4d79 - - default default] Successfully bumped revision number for resource f0344dc5-88a8-4e06-8188-0ea615828eee (type: security_group_rules) to 0
2026-09-02 09:17:45.490 10 INFO neutron.plugins.ml2.drivers.ovn.mech_driver.mech_driver [None req-5f734516-6267-4978-9435-44ef8a49628a - - - - - -] OVN reports status up for port: 4a0302f1-18c7-4d78-9c9a-ec4deb987cf9
2026-09-02 09:17:45.499 10 INFO neutron.plugins.ml2.plugin [None req-5f734516-6267-4978-9435-44ef8a49628a - - - - - -] Attempt 1 to provision port 4a0302f1-18c7-4d78-9c9a-ec4deb987cf9
2026-09-02 09:17:45.513 10 INFO neutron.db.segments_db [None req-0b514d0e-42f2-4a93-9097-26b3d6d2cf45 94f030901ea740148e994ed3c2f7256b ce81f603e9a74de98388882ef45d4d79 - - default default] Added segment 2cb0fd36-d393-49d1-b2f6-95f5fa6514f9 of type geneve for network 5a4f87d9-a9b4-45be-b796-cdc72d4d5561
2026-09-02 09:17:45.537 10 INFO neutron.db.ovn_revision_numbers_db [None req-f389b3de-d339-4bf4-ba20-6588f652d7a7 5b2e7f8c1ba644dfa5d9f985ed2dfec7 e84a891cac8e4913a39c3a1a62c29969 - - default default] Successfully bumped revision number for resource 4a0302f1-18c7-4d78-9c9a-ec4deb987cf9 (type: router_ports) to 1
2026-09-02 09:17:45.728 10 INFO neutron.db.ovn_revision_numbers_db [None req-0b514d0e-42f2-4a93-9097-26b3d6d2cf45 94f030901ea740148e994ed3c2f7256b ce81f603e9a74de98388882ef45d4d79 - - default default] Successfully bumped revision number for resource 5a4f87d9-a9b4-45be-b796-cdc72d4d5561 (type: networks) to 1
2026-09-02 09:17:45.748 10 INFO neutron.db.ovn_revision_numbers_db [None req-f389b3de-d339-4bf4-ba20-6588f652d7a7 5b2e7f8c1ba644dfa5d9f985ed2dfec7 e84a891cac8e4913a39c3a1a62c29969 - - default default] Successfully bumped revision number for resource 4a0302f1-18c7-4d78-9c9a-ec4deb987cf9 (type: ports) to 1
2026-09-02 09:17:45.879 10 WARNING neutron.scheduler.dhcp_agent_scheduler [None req-f389b3de-d339-4bf4-ba20-6588f652d7a7 5b2e7f8c1ba644dfa5d9f985ed2dfec7 e84a891cac8e4913a39c3a1a62c29969 - - default default] No more DHCP agents
2026-09-02 09:17:45.881 9 INFO neutron.db.ovn_revision_numbers_db [None req-8bbd7ed1-b6fe-4d4c-9f10-a9309b50a1b0 3ae23c41bc1f4269940bbf1c7b927978 093a2da55a974dd7987cb51a448df596 - - default default] Successfully bumped revision number for resource 18787012-a86f-440c-826c-1c2c8adc21eb (type: security_groups) to 1
2026-09-02 09:17:45.883 10 WARNING neutron.api.rpc.agentnotifiers.dhcp_rpc_agent_api [None req-f389b3de-d339-4bf4-ba20-6588f652d7a7 5b2e7f8c1ba644dfa5d9f985ed2dfec7 e84a891cac8e4913a39c3a1a62c29969 - - default default] Unable to schedule network 570d6683-3cfe-46f6-9f7c-7c6deb2d25e0: no agents available; will retry on subsequent port and subnet creation events.
2026-09-02 09:17:45.898 9 INFO neutron.db.ovn_revision_numbers_db [None req-8bbd7ed1-b6fe-4d4c-9f10-a9309b50a1b0 3ae23c41bc1f4269940bbf1c7b927978 093a2da55a974dd7987cb51a448df596 - - default default] Successfully bumped revision number for resource 5d777c18-9d20-4371-924c-94afba3b53b7 (type: security_group_rules) to 0
2026-09-02 09:17:45.912 9 INFO neutron.db.ovn_revision_numbers_db [None req-8bbd7ed1-b6fe-4d4c-9f10-a9309b50a1b0 3ae23c41bc1f4269940bbf1c7b927978 093a2da55a974dd7987cb51a448df596 - - default default] Successfully bumped revision number for resource 6bfb9f2d-20d8-400c-956b-33babd2547da (type: security_group_rules) to 0
2026-09-02 09:17:45.925 9 INFO neutron.db.ovn_revision_numbers_db [None req-8bbd7ed1-b6fe-4d4c-9f10-a9309b50a1b0 3ae23c41bc1f4269940bbf1c7b927978 093a2da55a974dd7987cb51a448df596 - - default default] Successfully bumped revision number for resource c77b80dc-f1c3-401d-8902-24e51e69a790 (type: security_group_rules) to 0
2026-09-02 09:17:45.943 9 INFO neutron.db.ovn_revision_numbers_db [None req-8bbd7ed1-b6fe-4d4c-9f10-a9309b50a1b0 3ae23c41bc1f4269940bbf1c7b927978 093a2da55a974dd7987cb51a448df596 - - default default] Successfully bumped revision number for resource ceab84fd-7545-4676-ac87-5dde8c8952a6 (type: security_group_rules) to 0
2026-09-02 09:17:45.964 9 INFO neutron.wsgi [None req-8bbd7ed1-b6fe-4d4c-9f10-a9309b50a1b0 3ae23c41bc1f4269940bbf1c7b927978 093a2da55a974dd7987cb51a448df596 - - default default] 10.0.0.155 "GET /v2.0/security-groups?tenant_id=72c9d804bed849a9ba3baeb256f28c02&name=default HTTP/1.1" status: 200 len: 2996 time: 0.4398386
2026-09-02 09:17:45.980 10 INFO neutron.db.ovn_revision_numbers_db [None req-5f734516-6267-4978-9435-44ef8a49628a - - - - - -] Successfully bumped revision number for resource 4a0302f1-18c7-4d78-9c9a-ec4deb987cf9 (type: ports) to 2
2026-09-02 09:17:45.985 10 WARNING neutron.scheduler.dhcp_agent_scheduler [None req-0b514d0e-42f2-4a93-9097-26b3d6d2cf45 94f030901ea740148e994ed3c2f7256b ce81f603e9a74de98388882ef45d4d79 - - default default] No more DHCP agents
2026-09-02 09:17:45.995 10 WARNING neutron.api.rpc.agentnotifiers.dhcp_rpc_agent_api [None req-0b514d0e-42f2-4a93-9097-26b3d6d2cf45 94f030901ea740148e994ed3c2f7256b ce81f603e9a74de98388882ef45d4d79 - - default default] Unable to schedule network 5a4f87d9-a9b4-45be-b796-cdc72d4d5561: no agents available; will retry on subsequent port and subnet creation events.
2026-09-02 09:17:46.191 9 INFO neutron.wsgi [None req-4be3fd1e-4d73-48f9-97d4-3058c827fb89 3ae23c41bc1f4269940bbf1c7b927978 093a2da55a974dd7987cb51a448df596 - - default default] 10.0.0.155 "DELETE /v2.0/security-groups/18787012-a86f-440c-826c-1c2c8adc21eb HTTP/1.1" status: 204 len: 168 time: 0.2213252
2026-09-02 09:17:46.368 10 INFO neutron.db.ovn_revision_numbers_db [None req-0b514d0e-42f2-4a93-9097-26b3d6d2cf45 94f030901ea740148e994ed3c2f7256b ce81f603e9a74de98388882ef45d4d79 - - default default] Successfully bumped revision number for resource 0cb1d696-a57b-4c1c-9980-a893ca768ef1 (type: ports) to 1
2026-09-02 09:17:46.402 10 INFO neutron.wsgi [None req-0b514d0e-42f2-4a93-9097-26b3d6d2cf45 94f030901ea740148e994ed3c2f7256b ce81f603e9a74de98388882ef45d4d79 - - default default] 10.0.0.155 "POST /v2.0/networks HTTP/1.1" status: 201 len: 832 time: 1.5042403
2026-09-02 09:17:46.413 10 INFO neutron.db.ovn_revision_numbers_db [None req-f389b3de-d339-4bf4-ba20-6588f652d7a7 5b2e7f8c1ba644dfa5d9f985ed2dfec7 e84a891cac8e4913a39c3a1a62c29969 - - default default] Successfully bumped revision number for resource 4a0302f1-18c7-4d78-9c9a-ec4deb987cf9 (type: router_ports) to 2
2026-09-02 09:17:46.415 10 INFO neutron.wsgi [None req-f389b3de-d339-4bf4-ba20-6588f652d7a7 5b2e7f8c1ba644dfa5d9f985ed2dfec7 e84a891cac8e4913a39c3a1a62c29969 - - default default] 10.0.0.155 "PUT /v2.0/routers/fde0adc7-93cd-4d27-b721-2ace2cbc0c82/add_router_interface HTTP/1.1" status: 200 len: 503 time: 1.9793079
2026-09-02 09:17:46.543 9 INFO neutron.wsgi [None req-73baa7da-435c-48f8-a93b-6ae21cefefa9 5b2e7f8c1ba644dfa5d9f985ed2dfec7 e84a891cac8e4913a39c3a1a62c29969 - - default default] 10.0.0.155 "GET /v2.0/ports/4a0302f1-18c7-4d78-9c9a-ec4deb987cf9 HTTP/1.1" status: 200 len: 1141 time: 0.1172106
2026-09-02 09:17:46.583 9 INFO neutron.wsgi [None req-bd36ce13-4723-4262-a3fd-9a2b0bad6d43 5b2e7f8c1ba644dfa5d9f985ed2dfec7 e84a891cac8e4913a39c3a1a62c29969 - - default default] 10.0.0.155 "GET /v2.0/ports/4a0302f1-18c7-4d78-9c9a-ec4deb987cf9 HTTP/1.1" status: 200 len: 1141 time: 0.0319710
2026-09-02 09:17:46.781 10 WARNING neutron.scheduler.dhcp_agent_scheduler [None req-685d2ad3-5247-45db-b31f-9af0635fff9d 94f030901ea740148e994ed3c2f7256b ce81f603e9a74de98388882ef45d4d79 - - default default] No more DHCP agents
2026-09-02 09:17:46.782 10 WARNING neutron.api.rpc.agentnotifiers.dhcp_rpc_agent_api [None req-685d2ad3-5247-45db-b31f-9af0635fff9d 94f030901ea740148e994ed3c2f7256b ce81f603e9a74de98388882ef45d4d79 - - default default] Unable to schedule network 81381afb-9760-4b27-98f0-5197d5c3d7d3: no agents available; will retry on subsequent port and subnet creation events.
2026-09-02 09:17:46.904 10 INFO neutron.db.ovn_revision_numbers_db [None req-685d2ad3-5247-45db-b31f-9af0635fff9d 94f030901ea740148e994ed3c2f7256b ce81f603e9a74de98388882ef45d4d79 - - default default] Successfully bumped revision number for resource 9148e933-b6ff-4d08-93a5-619883bd105a (type: ports) to 1
2026-09-02 09:17:47.103 9 INFO neutron.wsgi [None req-01dbd6eb-fb9a-4eff-a6d9-c4c5bf6a6c00 5b2e7f8c1ba644dfa5d9f985ed2dfec7 e84a891cac8e4913a39c3a1a62c29969 - - default default] 10.0.0.155 "PUT /v2.0/routers/fde0adc7-93cd-4d27-b721-2ace2cbc0c82/remove_router_interface HTTP/1.1" status: 200 len: 503 time: 0.5071039 /var/lib/openstack/lib/python3.10/site-packages/pycadf/identifier.py:71: UserWarning: Invalid uuid: neutron. To ensure interoperability, identifiers should be a valid uuid. warnings.warn(('Invalid uuid: %s. To ensure interoperability, '
2026-09-02 09:17:47.131 9 INFO neutron.wsgi [None req-76041a59-c33f-4ad2-af58-deae4bc8acde 5b2e7f8c1ba644dfa5d9f985ed2dfec7 e84a891cac8e4913a39c3a1a62c29969 - - default default] 10.0.0.155 "GET /v2.0/ports?device_id=fde0adc7-93cd-4d27-b721-2ace2cbc0c82 HTTP/1.1" status: 200 len: 205 time: 0.0210464
2026-09-02 09:17:47.300 9 INFO neutron.wsgi [None req-46ed4b7b-e980-43b1-ac54-21f49009532a 5b2e7f8c1ba644dfa5d9f985ed2dfec7 e84a891cac8e4913a39c3a1a62c29969 - - default default] 10.0.0.155 "DELETE /v2.0/routers/fde0adc7-93cd-4d27-b721-2ace2cbc0c82 HTTP/1.1" status: 204 len: 168 time: 0.1647408
2026-09-02 09:17:47.377 10 INFO neutron.plugins.ml2.drivers.ovn.mech_driver.ovsdb.ovsdb_monitor [None req-3dae7199-af6c-4831-8bff-d15bde473c9c - - - - - -] Router 0f239a26-cc25-4a9d-a8b8-5efa52713f48 is bound to host instance
2026-09-02 09:17:47.418 10 INFO neutron.db.ovn_revision_numbers_db [None req-685d2ad3-5247-45db-b31f-9af0635fff9d 94f030901ea740148e994ed3c2f7256b ce81f603e9a74de98388882ef45d4d79 - - default default] Successfully bumped revision number for resource 9148e933-b6ff-4d08-93a5-619883bd105a (type: router_ports) to 1
2026-09-02 09:17:47.471 9 INFO neutron.wsgi [None req-5a8f1919-8c83-4bbf-9211-ecbf1cd8dfc8 5b2e7f8c1ba644dfa5d9f985ed2dfec7 e84a891cac8e4913a39c3a1a62c29969 - - default default] 10.0.0.155 "DELETE /v2.0/subnets/e4b85ccb-02cf-48e3-8999-6c92d83d956d HTTP/1.1" status: 204 len: 168 time: 0.1639946
2026-09-02 09:17:47.541 10 INFO neutron.db.ovn_revision_numbers_db [None req-685d2ad3-5247-45db-b31f-9af0635fff9d 94f030901ea740148e994ed3c2f7256b ce81f603e9a74de98388882ef45d4d79 - - default default] Successfully bumped revision number for resource 0f239a26-cc25-4a9d-a8b8-5efa52713f48 (type: routers) to 2
2026-09-02 09:17:47.558 10 INFO neutron.wsgi [None req-685d2ad3-5247-45db-b31f-9af0635fff9d 94f030901ea740148e994ed3c2f7256b ce81f603e9a74de98388882ef45d4d79 - - default default] 10.0.0.155 "POST /v2.0/routers HTTP/1.1" status: 201 len: 874 time: 1.1504405
2026-09-02 09:17:47.808 9 INFO neutron.services.segments.plugin [-] Segment c63fe187-f942-4851-b313-bf2c4e12d3b1 resource provider aggregate not found
2026-09-02 09:17:47.816 9 INFO neutron.services.segments.plugin [-] Segment c63fe187-f942-4851-b313-bf2c4e12d3b1 resource provider aggregate not found
2026-09-02 09:17:47.839 9 INFO neutron.services.segments.plugin [-] Segment c63fe187-f942-4851-b313-bf2c4e12d3b1 resource provider not found; error: Placement Client Error (4xx): {"errors": [{"status": 404, "title": "Not Found", "detail": "The resource could not be found.\n\n No resource provider with uuid c63fe187-f942-4851-b313-bf2c4e12d3b1 found for delete ", "request_id": "req-b08e6bd8-0633-4e58-a5a0-c84a65830055"}]}
2026-09-02 09:17:47.841 9 INFO neutron.services.segments.plugin [-] Segment c63fe187-f942-4851-b313-bf2c4e12d3b1 resource provider not found; error: Placement Client Error (4xx): {"errors": [{"status": 404, "title": "Not Found", "detail": "The resource could not be found.\n\n No resource provider with uuid c63fe187-f942-4851-b313-bf2c4e12d3b1 found for delete ", "request_id": "req-65b7456a-0d32-44c8-9d0b-1c5c686444c4"}]}
2026-09-02 09:17:47.864 9 INFO neutron.wsgi [None req-52359f0b-06a1-4772-a880-07f731fc1d5c 5b2e7f8c1ba644dfa5d9f985ed2dfec7 e84a891cac8e4913a39c3a1a62c29969 - - default default] 10.0.0.155 "DELETE /v2.0/networks/570d6683-3cfe-46f6-9f7c-7c6deb2d25e0 HTTP/1.1" status: 204 len: 168 time: 0.3812809
2026-09-02 09:17:47.891 10 INFO neutron.wsgi [None req-9a1ef4e1-ee0a-4d2e-8611-73b91df17e8a 81313b228d404201a83201bdb599e69f abbb964965284d56955dd612e1788565 - - default default] 10.0.0.155 "GET /v2.0/subnets?project_id=ce81f603e9a74de98388882ef45d4d79&cidr=10.100.0.0%2F28 HTTP/1.1" status: 200 len: 207 time: 0.3182564
2026-09-02 09:17:47.986 10 INFO neutron.db.ovn_revision_numbers_db [None req-3dae7199-af6c-4831-8bff-d15bde473c9c - - - - - -] Successfully bumped revision number for resource 9148e933-b6ff-4d08-93a5-619883bd105a (type: ports) to 1
2026-09-02 09:17:47.989 10 INFO neutron.wsgi [None req-85be0250-abe8-41db-8084-f1776a63f065 81313b228d404201a83201bdb599e69f abbb964965284d56955dd612e1788565 - - default default] 10.0.0.155 "GET /v2.0/networks?router%3Aexternal=True HTTP/1.1" status: 200 len: 947 time: 0.0939648
2026-09-02 09:17:48.017 10 INFO neutron.wsgi [None req-102297c6-cf8d-4831-8490-3957bb1422ab 81313b228d404201a83201bdb599e69f abbb964965284d56955dd612e1788565 - - default default] 10.0.0.155 "GET /v2.0/subnets?network_id=81381afb-9760-4b27-98f0-5197d5c3d7d3&cidr=10.100.0.0%2F28 HTTP/1.1" status: 200 len: 207 time: 0.0215890
2026-09-02 09:17:48.292 9 WARNING neutron.scheduler.dhcp_agent_scheduler [None req-4dfec5ea-bfb3-4131-9d59-91baceec4b12 5b2e7f8c1ba644dfa5d9f985ed2dfec7 e84a891cac8e4913a39c3a1a62c29969 - - default default] No more DHCP agents
2026-09-02 09:17:48.307 9 WARNING neutron.api.rpc.agentnotifiers.dhcp_rpc_agent_api [None req-4dfec5ea-bfb3-4131-9d59-91baceec4b12 5b2e7f8c1ba644dfa5d9f985ed2dfec7 e84a891cac8e4913a39c3a1a62c29969 - - default default] Unable to schedule network 81381afb-9760-4b27-98f0-5197d5c3d7d3: no agents available; will retry on subsequent port and subnet creation events.
2026-09-02 09:17:48.343 10 WARNING neutron.scheduler.dhcp_agent_scheduler [None req-29ce2c8b-0fd4-4511-a546-8b53218de818 94f030901ea740148e994ed3c2f7256b ce81f603e9a74de98388882ef45d4d79 - - default default] No more DHCP agents
2026-09-02 09:17:48.346 10 WARNING neutron.api.rpc.agentnotifiers.dhcp_rpc_agent_api [None req-29ce2c8b-0fd4-4511-a546-8b53218de818 94f030901ea740148e994ed3c2f7256b ce81f603e9a74de98388882ef45d4d79 - - default default] Unable to schedule network 5a4f87d9-a9b4-45be-b796-cdc72d4d5561: no agents available; will retry on subsequent port and subnet creation events.
2026-09-02 09:17:48.355 10 INFO neutron.db.ovn_revision_numbers_db [None req-3dae7199-af6c-4831-8bff-d15bde473c9c - - - - - -] Successfully bumped revision number for resource 9148e933-b6ff-4d08-93a5-619883bd105a (type: router_ports) to 3
2026-09-02 09:17:48.399 9 INFO neutron.db.ovn_revision_numbers_db [None req-9d6be798-5766-4f43-b489-45240ebfafc6 d55e8b6559e6432aa64f7ec117ce93f2 c0078b4b47be4d3f8429fc74faf9c3ab - - default default] Successfully bumped revision number for resource 14b9261f-71fd-4e01-8d2e-a7e9f30883d5 (type: security_groups) to 1
2026-09-02 09:17:48.416 9 INFO neutron.db.ovn_revision_numbers_db [None req-9d6be798-5766-4f43-b489-45240ebfafc6 d55e8b6559e6432aa64f7ec117ce93f2 c0078b4b47be4d3f8429fc74faf9c3ab - - default default] Successfully bumped revision number for resource 418a8564-5f45-42bd-b88c-bbd089c337ac (type: security_group_rules) to 0
2026-09-02 09:17:48.434 9 INFO neutron.db.ovn_revision_numbers_db [None req-9d6be798-5766-4f43-b489-45240ebfafc6 d55e8b6559e6432aa64f7ec117ce93f2 c0078b4b47be4d3f8429fc74faf9c3ab - - default default] Successfully bumped revision number for resource b8880e79-0ab8-4dbd-8de5-ade7c697215f (type: security_group_rules) to 0
2026-09-02 09:17:48.461 9 INFO neutron.db.ovn_revision_numbers_db [None req-9d6be798-5766-4f43-b489-45240ebfafc6 d55e8b6559e6432aa64f7ec117ce93f2 c0078b4b47be4d3f8429fc74faf9c3ab - - default default] Successfully bumped revision number for resource f78674bc-59a5-46b9-8bdc-9ce6de8ab88c (type: security_group_rules) to 0
2026-09-02 09:17:48.473 9 INFO neutron.db.ovn_revision_numbers_db [None req-4dfec5ea-bfb3-4131-9d59-91baceec4b12 5b2e7f8c1ba644dfa5d9f985ed2dfec7 e84a891cac8e4913a39c3a1a62c29969 - - default default] Successfully bumped revision number for resource 8c1a5f2d-f9c1-49f1-bbd8-6affc5988958 (type: ports) to 1
2026-09-02 09:17:48.482 9 INFO neutron.db.ovn_revision_numbers_db [None req-9d6be798-5766-4f43-b489-45240ebfafc6 d55e8b6559e6432aa64f7ec117ce93f2 c0078b4b47be4d3f8429fc74faf9c3ab - - default default] Successfully bumped revision number for resource fb46bed0-cf79-400a-ad7e-24a408b5f8b0 (type: security_group_rules) to 0
2026-09-02 09:17:48.605 9 INFO neutron.db.segments_db [None req-9d6be798-5766-4f43-b489-45240ebfafc6 d55e8b6559e6432aa64f7ec117ce93f2 c0078b4b47be4d3f8429fc74faf9c3ab - - default default] Added segment 2968ad98-311c-4600-930b-f08ef19d8894 of type geneve for network 67873fdd-dad7-425f-b7b0-eed4a75a3d50
2026-09-02 09:17:49.032 9 INFO neutron.db.segments_db [None req-9d6be798-5766-4f43-b489-45240ebfafc6 d55e8b6559e6432aa64f7ec117ce93f2 c0078b4b47be4d3f8429fc74faf9c3ab - - default default] Added segment 94250375-3e6a-48db-ab32-24559e33f171 of type geneve for network 97e4cca3-85ea-4909-9cde-712c9f01ca0c
2026-09-02 09:17:49.039 10 INFO neutron.db.ovn_revision_numbers_db [None req-3dae7199-af6c-4831-8bff-d15bde473c9c - - - - - -] Successfully bumped revision number for resource 9148e933-b6ff-4d08-93a5-619883bd105a (type: ports) to 2
2026-09-02 09:17:49.197 9 INFO neutron.db.ovn_revision_numbers_db [None req-9d6be798-5766-4f43-b489-45240ebfafc6 d55e8b6559e6432aa64f7ec117ce93f2 c0078b4b47be4d3f8429fc74faf9c3ab - - default default] Successfully bumped revision number for resource 67873fdd-dad7-425f-b7b0-eed4a75a3d50 (type: networks) to 1
2026-09-02 09:17:49.395 10 INFO neutron.db.ovn_revision_numbers_db [None req-3dae7199-af6c-4831-8bff-d15bde473c9c - - - - - -] Successfully bumped revision number for resource 9148e933-b6ff-4d08-93a5-619883bd105a (type: ports) to 4
2026-09-02 09:17:49.400 9 WARNING neutron.scheduler.dhcp_agent_scheduler [None req-9d6be798-5766-4f43-b489-45240ebfafc6 d55e8b6559e6432aa64f7ec117ce93f2 c0078b4b47be4d3f8429fc74faf9c3ab - - default default] No more DHCP agents
2026-09-02 09:17:49.404 9 WARNING neutron.api.rpc.agentnotifiers.dhcp_rpc_agent_api [None req-9d6be798-5766-4f43-b489-45240ebfafc6 d55e8b6559e6432aa64f7ec117ce93f2 c0078b4b47be4d3f8429fc74faf9c3ab - - default default] Unable to schedule network 67873fdd-dad7-425f-b7b0-eed4a75a3d50: no agents available; will retry on subsequent port and subnet creation events.
2026-09-02 09:17:49.447 9 INFO neutron.plugins.ml2.drivers.ovn.mech_driver.mech_driver [None req-8963fdc7-5ca0-4f58-aab6-7e2a0674ef9d - - - - - -] OVN reports status up for port: 8c1a5f2d-f9c1-49f1-bbd8-6affc5988958
2026-09-02 09:17:49.469 10 INFO neutron.db.ovn_revision_numbers_db [None req-29ce2c8b-0fd4-4511-a546-8b53218de818 94f030901ea740148e994ed3c2f7256b ce81f603e9a74de98388882ef45d4d79 - - default default] Successfully bumped revision number for resource 0cb1d696-a57b-4c1c-9980-a893ca768ef1 (type: ports) to 2
2026-09-02 09:17:49.474 9 INFO neutron.plugins.ml2.plugin [None req-8963fdc7-5ca0-4f58-aab6-7e2a0674ef9d - - - - - -] Attempt 1 to provision port 8c1a5f2d-f9c1-49f1-bbd8-6affc5988958
2026-09-02 09:17:49.511 9 INFO neutron.db.ovn_revision_numbers_db [None req-4dfec5ea-bfb3-4131-9d59-91baceec4b12 5b2e7f8c1ba644dfa5d9f985ed2dfec7 e84a891cac8e4913a39c3a1a62c29969 - - default default] Successfully bumped revision number for resource 8c1a5f2d-f9c1-49f1-bbd8-6affc5988958 (type: router_ports) to 1
2026-09-02 09:17:49.529 10 INFO neutron.db.ovn_revision_numbers_db [None req-29ce2c8b-0fd4-4511-a546-8b53218de818 94f030901ea740148e994ed3c2f7256b ce81f603e9a74de98388882ef45d4d79 - - default default] Successfully bumped revision number for resource 8ce215af-1345-498b-8d6d-c582ccafb099 (type: subnets) to 0
2026-09-02 09:17:49.535 10 INFO neutron.wsgi [-] 10.0.0.63 "GET / HTTP/1.1" status: 200 len: 247 time: 0.0014021
2026-09-02 09:17:49.537 10 INFO neutron.wsgi [-] 10.0.0.63 "GET / HTTP/1.1" status: 200 len: 247 time: 0.0012105
2026-09-02 09:17:49.555 9 INFO neutron.db.ovn_revision_numbers_db [None req-9d6be798-5766-4f43-b489-45240ebfafc6 d55e8b6559e6432aa64f7ec117ce93f2 c0078b4b47be4d3f8429fc74faf9c3ab - - default default] Successfully bumped revision number for resource ae23a609-1144-42b7-89c6-af52f98ca714 (type: ports) to 1
2026-09-02 09:17:49.583 10 INFO neutron.wsgi [None req-29ce2c8b-0fd4-4511-a546-8b53218de818 94f030901ea740148e994ed3c2f7256b ce81f603e9a74de98388882ef45d4d79 - - default default] 10.0.0.155 "POST /v2.0/subnets HTTP/1.1" status: 201 len: 832 time: 1.5588953
2026-09-02 09:17:49.636 9 INFO neutron.db.ovn_revision_numbers_db [None req-4dfec5ea-bfb3-4131-9d59-91baceec4b12 5b2e7f8c1ba644dfa5d9f985ed2dfec7 e84a891cac8e4913a39c3a1a62c29969 - - default default] Successfully bumped revision number for resource 2784915d-d6cc-4e54-b45d-e38b976751e2 (type: routers) to 2
2026-09-02 09:17:49.652 9 INFO neutron.wsgi [None req-4dfec5ea-bfb3-4131-9d59-91baceec4b12 5b2e7f8c1ba644dfa5d9f985ed2dfec7 e84a891cac8e4913a39c3a1a62c29969 - - default default] 10.0.0.155 "POST /v2.0/routers HTTP/1.1" status: 201 len: 871 time: 1.7799869
2026-09-02 09:17:49.655 9 INFO neutron.db.ovn_revision_numbers_db [None req-9d6be798-5766-4f43-b489-45240ebfafc6 d55e8b6559e6432aa64f7ec117ce93f2 c0078b4b47be4d3f8429fc74faf9c3ab - - default default] Successfully bumped revision number for resource 97e4cca3-85ea-4909-9cde-712c9f01ca0c (type: networks) to 1
2026-09-02 09:17:49.674 10 INFO neutron.db.ovn_revision_numbers_db [None req-3dae7199-af6c-4831-8bff-d15bde473c9c - - - - - -] Successfully bumped revision number for resource 9148e933-b6ff-4d08-93a5-619883bd105a (type: router_ports) to 4
2026-09-02 09:17:49.745 9 INFO neutron.wsgi [None req-890d6cad-3475-4755-9ff5-dced5cf7cb7d 5b2e7f8c1ba644dfa5d9f985ed2dfec7 e84a891cac8e4913a39c3a1a62c29969 - - default default] 10.0.0.155 "GET /v2.0/routers/2784915d-d6cc-4e54-b45d-e38b976751e2 HTTP/1.1" status: 200 len: 872 time: 0.0868623
2026-09-02 09:17:49.856 9 INFO neutron.wsgi [None req-d503fd7f-77aa-4088-8bf5-4d9fa26a5eda 5b2e7f8c1ba644dfa5d9f985ed2dfec7 e84a891cac8e4913a39c3a1a62c29969 - - default default] 10.0.0.155 "GET /v2.0/routers HTTP/1.1" status: 200 len: 875 time: 0.1035249
2026-09-02 09:17:49.904 9 WARNING neutron.scheduler.dhcp_agent_scheduler [None req-9d6be798-5766-4f43-b489-45240ebfafc6 d55e8b6559e6432aa64f7ec117ce93f2 c0078b4b47be4d3f8429fc74faf9c3ab - - default default] No more DHCP agents
2026-09-02 09:17:49.912 9 WARNING neutron.api.rpc.agentnotifiers.dhcp_rpc_agent_api [None req-9d6be798-5766-4f43-b489-45240ebfafc6 d55e8b6559e6432aa64f7ec117ce93f2 c0078b4b47be4d3f8429fc74faf9c3ab - - default default] Unable to schedule network 97e4cca3-85ea-4909-9cde-712c9f01ca0c: no agents available; will retry on subsequent port and subnet creation events.
2026-09-02 09:17:50.015 9 INFO neutron.db.ovn_revision_numbers_db [None req-9d6be798-5766-4f43-b489-45240ebfafc6 d55e8b6559e6432aa64f7ec117ce93f2 c0078b4b47be4d3f8429fc74faf9c3ab - - default default] Successfully bumped revision number for resource e842d871-9fdb-4d49-8db0-ea584875757a (type: ports) to 1
2026-09-02 09:17:50.046 9 INFO neutron.wsgi [None req-9d6be798-5766-4f43-b489-45240ebfafc6 d55e8b6559e6432aa64f7ec117ce93f2 c0078b4b47be4d3f8429fc74faf9c3ab - - default default] 10.0.0.155 "POST /v2.0/networks HTTP/1.1" status: 201 len: 1444 time: 1.9082749
2026-09-02 09:17:50.172 10 INFO neutron.wsgi [None req-b19d7bdf-2df7-4bfa-85e9-fabc8bb194a1 d55e8b6559e6432aa64f7ec117ce93f2 c0078b4b47be4d3f8429fc74faf9c3ab - - default default] 10.0.0.155 "GET /v2.0/networks HTTP/1.1" status: 200 len: 2050 time: 0.1200483
2026-09-02 09:17:50.232 10 WARNING neutron.scheduler.dhcp_agent_scheduler [None req-44cadcd5-0866-4c87-ac2f-22b43f59938b 94f030901ea740148e994ed3c2f7256b ce81f603e9a74de98388882ef45d4d79 - - default default] No more DHCP agents
2026-09-02 09:17:50.237 10 WARNING neutron.api.rpc.agentnotifiers.dhcp_rpc_agent_api [None req-44cadcd5-0866-4c87-ac2f-22b43f59938b 94f030901ea740148e994ed3c2f7256b ce81f603e9a74de98388882ef45d4d79 - - default default] Unable to schedule network 5a4f87d9-a9b4-45be-b796-cdc72d4d5561: no agents available; will retry on subsequent port and subnet creation events.
2026-09-02 09:17:50.512 10 INFO neutron.db.ovn_revision_numbers_db [None req-44cadcd5-0866-4c87-ac2f-22b43f59938b 94f030901ea740148e994ed3c2f7256b ce81f603e9a74de98388882ef45d4d79 - - default default] Successfully bumped revision number for resource 4b56542b-9dc5-4d21-a381-ce4bbf1b2efb (type: ports) to 1
2026-09-02 09:17:50.524 9 INFO neutron.db.ovn_revision_numbers_db [None req-e5759a47-1e3f-46e0-b5d4-381fb7358137 5b2e7f8c1ba644dfa5d9f985ed2dfec7 e84a891cac8e4913a39c3a1a62c29969 - - default default] Successfully bumped revision number for resource 2784915d-d6cc-4e54-b45d-e38b976751e2 (type: routers) to 3
2026-09-02 09:17:50.527 9 INFO neutron.wsgi [None req-e5759a47-1e3f-46e0-b5d4-381fb7358137 5b2e7f8c1ba644dfa5d9f985ed2dfec7 e84a891cac8e4913a39c3a1a62c29969 - - default default] 10.0.0.155 "PUT /v2.0/routers/2784915d-d6cc-4e54-b45d-e38b976751e2 HTTP/1.1" status: 200 len: 879 time: 0.6647439
2026-09-02 09:17:50.592 9 INFO neutron.wsgi [None req-cd7dd2d0-3108-4dbc-aa4d-7793bd1e755e 5b2e7f8c1ba644dfa5d9f985ed2dfec7 e84a891cac8e4913a39c3a1a62c29969 - - default default] 10.0.0.155 "GET /v2.0/routers/2784915d-d6cc-4e54-b45d-e38b976751e2 HTTP/1.1" status: 200 len: 879 time: 0.0570931
2026-09-02 09:17:50.620 9 INFO neutron.wsgi [None req-1ac9fa6e-72b2-47a8-b250-774cec80ed67 5b2e7f8c1ba644dfa5d9f985ed2dfec7 e84a891cac8e4913a39c3a1a62c29969 - - default default] 10.0.0.155 "GET /v2.0/ports?device_id=2784915d-d6cc-4e54-b45d-e38b976751e2 HTTP/1.1" status: 200 len: 205 time: 0.0185258
2026-09-02 09:17:50.741 10 INFO neutron.services.segments.plugin [-] Segment 2968ad98-311c-4600-930b-f08ef19d8894 resource provider aggregate not found
2026-09-02 09:17:50.745 10 INFO neutron.services.segments.plugin [-] Segment 2968ad98-311c-4600-930b-f08ef19d8894 resource provider aggregate not found
2026-09-02 09:17:50.767 10 INFO neutron.services.segments.plugin [-] Segment 2968ad98-311c-4600-930b-f08ef19d8894 resource provider not found; error: Placement Client Error (4xx): {"errors": [{"status": 404, "title": "Not Found", "detail": "The resource could not be found.\n\n No resource provider with uuid 2968ad98-311c-4600-930b-f08ef19d8894 found for delete ", "request_id": "req-66097256-6331-457c-9c2e-f67c4bda901b"}]}
2026-09-02 09:17:50.771 10 INFO neutron.services.segments.plugin [-] Segment 2968ad98-311c-4600-930b-f08ef19d8894 resource provider not found; error: Placement Client Error (4xx): {"errors": [{"status": 404, "title": "Not Found", "detail": "The resource could not be found.\n\n No resource provider with uuid 2968ad98-311c-4600-930b-f08ef19d8894 found for delete ", "request_id": "req-abeaef36-555e-4e88-acd0-22903baf3d5b"}]}
2026-09-02 09:17:50.803 10 INFO neutron.wsgi [None req-5a45525d-0d50-4417-a8cc-1a59f13acb0f d55e8b6559e6432aa64f7ec117ce93f2 c0078b4b47be4d3f8429fc74faf9c3ab - - default default] 10.0.0.155 "DELETE /v2.0/networks/67873fdd-dad7-425f-b7b0-eed4a75a3d50 HTTP/1.1" status: 204 len: 168 time: 0.6237891
2026-09-02 09:17:51.082 10 INFO neutron.db.ovn_revision_numbers_db [None req-44cadcd5-0866-4c87-ac2f-22b43f59938b 94f030901ea740148e994ed3c2f7256b ce81f603e9a74de98388882ef45d4d79 - - default default] Successfully bumped revision number for resource 4b56542b-9dc5-4d21-a381-ce4bbf1b2efb (type: router_ports) to 1
2026-09-02 09:17:51.191 9 INFO neutron.services.segments.plugin [-] Segment 94250375-3e6a-48db-ab32-24559e33f171 resource provider aggregate not found
2026-09-02 09:17:51.195 9 INFO neutron.services.segments.plugin [-] Segment 94250375-3e6a-48db-ab32-24559e33f171 resource provider aggregate not found
2026-09-02 09:17:51.212 10 INFO neutron.db.ovn_revision_numbers_db [None req-44cadcd5-0866-4c87-ac2f-22b43f59938b 94f030901ea740148e994ed3c2f7256b ce81f603e9a74de98388882ef45d4d79 - - default default] Successfully bumped revision number for resource 4b56542b-9dc5-4d21-a381-ce4bbf1b2efb (type: ports) to 1
2026-09-02 09:17:51.219 9 INFO neutron.wsgi [None req-0c789192-59c8-4bbb-9911-c6ce757db3a2 5b2e7f8c1ba644dfa5d9f985ed2dfec7 e84a891cac8e4913a39c3a1a62c29969 - - default default] 10.0.0.155 "DELETE /v2.0/routers/2784915d-d6cc-4e54-b45d-e38b976751e2 HTTP/1.1" status: 204 len: 168 time: 0.5947020
2026-09-02 09:17:51.220 9 INFO neutron.services.segments.plugin [-] Segment 94250375-3e6a-48db-ab32-24559e33f171 resource provider not found; error: Placement Client Error (4xx): {"errors": [{"status": 404, "title": "Not Found", "detail": "The resource could not be found.\n\n No resource provider with uuid 94250375-3e6a-48db-ab32-24559e33f171 found for delete ", "request_id": "req-bdb96b39-8468-4db0-9330-aee076ab4ee4"}]}
2026-09-02 09:17:51.221 9 INFO neutron.services.segments.plugin [-] Segment 94250375-3e6a-48db-ab32-24559e33f171 resource provider not found; error: Placement Client Error (4xx): {"errors": [{"status": 404, "title": "Not Found", "detail": "The resource could not be found.\n\n No resource provider with uuid 94250375-3e6a-48db-ab32-24559e33f171 found for delete ", "request_id": "req-9a3da7f0-19ec-4b8a-9e78-ea37bb7e2f88"}]}
2026-09-02 09:17:51.243 9 INFO neutron.wsgi [None req-b617d97d-9b30-4946-9539-933444b5655a 5b2e7f8c1ba644dfa5d9f985ed2dfec7 e84a891cac8e4913a39c3a1a62c29969 - - default default] 10.0.0.155 "GET /v2.0/ports?device_id=2784915d-d6cc-4e54-b45d-e38b976751e2 HTTP/1.1" status: 200 len: 205 time: 0.0172491
2026-09-02 09:17:51.248 9 INFO neutron.wsgi [None req-dbdb533a-c320-4784-996d-7f5a111383aa d55e8b6559e6432aa64f7ec117ce93f2 c0078b4b47be4d3f8429fc74faf9c3ab - - default default] 10.0.0.155 "DELETE /v2.0/networks/97e4cca3-85ea-4909-9cde-712c9f01ca0c HTTP/1.1" status: 204 len: 168 time: 0.4379685
2026-09-02 09:17:51.292 10 INFO neutron.api.v2.resource [None req-0dadb605-f4a3-44f0-8f34-d38d191608ad 5b2e7f8c1ba644dfa5d9f985ed2dfec7 e84a891cac8e4913a39c3a1a62c29969 - - default default] delete failed (client error): The resource could not be found.
2026-09-02 09:17:51.294 10 INFO neutron.wsgi [None req-0dadb605-f4a3-44f0-8f34-d38d191608ad 5b2e7f8c1ba644dfa5d9f985ed2dfec7 e84a891cac8e4913a39c3a1a62c29969 - - default default] 10.0.0.155 "DELETE /v2.0/routers/2784915d-d6cc-4e54-b45d-e38b976751e2 HTTP/1.1" status: 404 len: 336 time: 0.0425532
2026-09-02 09:17:51.332 9 INFO neutron.wsgi [None req-441953ce-f9fd-4ca8-871c-98d6b0ee16d0 5b2e7f8c1ba644dfa5d9f985ed2dfec7 e84a891cac8e4913a39c3a1a62c29969 - - default default] 10.0.0.155 "GET /v2.0/ports?device_id=fde0adc7-93cd-4d27-b721-2ace2cbc0c82 HTTP/1.1" status: 200 len: 205 time: 0.0305650
2026-09-02 09:17:51.342 10 WARNING neutron.scheduler.dhcp_agent_scheduler [None req-44cadcd5-0866-4c87-ac2f-22b43f59938b 94f030901ea740148e994ed3c2f7256b ce81f603e9a74de98388882ef45d4d79 - - default default] No more DHCP agents
2026-09-02 09:17:51.345 10 WARNING neutron.api.rpc.agentnotifiers.dhcp_rpc_agent_api [None req-44cadcd5-0866-4c87-ac2f-22b43f59938b 94f030901ea740148e994ed3c2f7256b ce81f603e9a74de98388882ef45d4d79 - - default default] Unable to schedule network 5a4f87d9-a9b4-45be-b796-cdc72d4d5561: no agents available; will retry on subsequent port and subnet creation events.
2026-09-02 09:17:51.364 9 INFO neutron.api.v2.resource [None req-360e2784-6e18-4788-8191-245cad498b01 5b2e7f8c1ba644dfa5d9f985ed2dfec7 e84a891cac8e4913a39c3a1a62c29969 - - default default] delete failed (client error): The resource could not be found.
2026-09-02 09:17:51.366 9 INFO neutron.wsgi [None req-360e2784-6e18-4788-8191-245cad498b01 5b2e7f8c1ba644dfa5d9f985ed2dfec7 e84a891cac8e4913a39c3a1a62c29969 - - default default] 10.0.0.155 "DELETE /v2.0/routers/fde0adc7-93cd-4d27-b721-2ace2cbc0c82 HTTP/1.1" status: 404 len: 336 time: 0.0289392
2026-09-02 09:17:51.375 10 INFO neutron.wsgi [None req-173b936e-e4c5-438d-ac4f-369c78b8e960 d55e8b6559e6432aa64f7ec117ce93f2 c0078b4b47be4d3f8429fc74faf9c3ab - - default default] 10.0.0.155 "GET /v2.0/networks HTTP/1.1" status: 200 len: 845 time: 0.1145740
2026-09-02 09:17:51.394 9 INFO neutron.pecan_wsgi.hooks.translation [None req-362c330c-f61f-4699-90d5-2ee498389a02 5b2e7f8c1ba644dfa5d9f985ed2dfec7 e84a891cac8e4913a39c3a1a62c29969 - - default default] DELETE failed (client error): The resource could not be found.
2026-09-02 09:17:51.396 9 INFO neutron.wsgi [None req-362c330c-f61f-4699-90d5-2ee498389a02 5b2e7f8c1ba644dfa5d9f985ed2dfec7 e84a891cac8e4913a39c3a1a62c29969 - - default default] 10.0.0.155 "DELETE /v2.0/subnets/e4b85ccb-02cf-48e3-8999-6c92d83d956d HTTP/1.1" status: 404 len: 337 time: 0.0259995
2026-09-02 09:17:51.421 9 INFO neutron.wsgi [None req-80f739d7-69b9-4797-98a2-65f7f27cddd9 5b2e7f8c1ba644dfa5d9f985ed2dfec7 e84a891cac8e4913a39c3a1a62c29969 - - default default] 10.0.0.155 "GET /v2.0/ports?device_id=966a8ec0-e28d-442e-aa6c-e922ae8e0fb2 HTTP/1.1" status: 200 len: 205 time: 0.0207527
2026-09-02 09:17:51.450 10 INFO neutron.api.v2.resource [None req-e5e6a872-3e08-4c27-92c1-a490e1a1ac5e 5b2e7f8c1ba644dfa5d9f985ed2dfec7 e84a891cac8e4913a39c3a1a62c29969 - - default default] delete failed (client error): The resource could not be found.
2026-09-02 09:17:51.452 10 INFO neutron.wsgi [None req-e5e6a872-3e08-4c27-92c1-a490e1a1ac5e 5b2e7f8c1ba644dfa5d9f985ed2dfec7 e84a891cac8e4913a39c3a1a62c29969 - - default default] 10.0.0.155 "DELETE /v2.0/routers/966a8ec0-e28d-442e-aa6c-e922ae8e0fb2 HTTP/1.1" status: 404 len: 336 time: 0.0257282
2026-09-02 09:17:51.480 10 INFO neutron.pecan_wsgi.hooks.translation [None req-290eec12-5c69-4ee8-ac02-19c893cb8978 5b2e7f8c1ba644dfa5d9f985ed2dfec7 e84a891cac8e4913a39c3a1a62c29969 - - default default] DELETE failed (client error): The resource could not be found.
2026-09-02 09:17:51.482 10 INFO neutron.wsgi [None req-290eec12-5c69-4ee8-ac02-19c893cb8978 5b2e7f8c1ba644dfa5d9f985ed2dfec7 e84a891cac8e4913a39c3a1a62c29969 - - default default] 10.0.0.155 "DELETE /v2.0/subnets/5a7679f8-2851-4008-9610-03c77fb27397 HTTP/1.1" status: 404 len: 337 time: 0.0257399
2026-09-02 09:17:51.526 9 INFO neutron.db.segments_db [None req-4a1c1704-41a9-4172-9eb5-3ecacc7fa901 d55e8b6559e6432aa64f7ec117ce93f2 c0078b4b47be4d3f8429fc74faf9c3ab - - default default] Added segment 173d3723-541d-4d39-a625-ddc5cb6b6384 of type geneve for network df526252-7c42-4f6d-883b-d2b62c4afa9e
2026-09-02 09:17:51.529 9 INFO neutron.wsgi [None req-34e95c71-ab99-40ee-812c-9512f56c96cb 5b2e7f8c1ba644dfa5d9f985ed2dfec7 e84a891cac8e4913a39c3a1a62c29969 - - default default] 10.0.0.155 "GET /v2.0/ports?device_id=89fcff2d-203d-486a-9bc5-e96453eaf3e2 HTTP/1.1" status: 200 len: 205 time: 0.0226748
2026-09-02 09:17:51.567 10 INFO neutron.api.v2.resource [None req-9fed611e-f442-44a8-9ac4-28759facd3fc 5b2e7f8c1ba644dfa5d9f985ed2dfec7 e84a891cac8e4913a39c3a1a62c29969 - - default default] delete failed (client error): The resource could not be found.
2026-09-02 09:17:51.568 10 INFO neutron.wsgi [None req-9fed611e-f442-44a8-9ac4-28759facd3fc 5b2e7f8c1ba644dfa5d9f985ed2dfec7 e84a891cac8e4913a39c3a1a62c29969 - - default default] 10.0.0.155 "DELETE /v2.0/routers/89fcff2d-203d-486a-9bc5-e96453eaf3e2 HTTP/1.1" status: 404 len: 336 time: 0.0275896
2026-09-02 09:17:51.595 10 INFO neutron.pecan_wsgi.hooks.translation [None req-ba8cc812-dbf6-4c44-a111-5cccd7fd9197 5b2e7f8c1ba644dfa5d9f985ed2dfec7 e84a891cac8e4913a39c3a1a62c29969 - - default default] DELETE failed (client error): The resource could not be found.
2026-09-02 09:17:51.598 10 INFO neutron.wsgi [None req-ba8cc812-dbf6-4c44-a111-5cccd7fd9197 5b2e7f8c1ba644dfa5d9f985ed2dfec7 e84a891cac8e4913a39c3a1a62c29969 - - default default] 10.0.0.155 "DELETE /v2.0/subnets/1259f8c7-6866-4e08-b19f-213ee5c69231 HTTP/1.1" status: 404 len: 337 time: 0.0204959
2026-09-02 09:17:51.618 10 INFO neutron.pecan_wsgi.hooks.translation [None req-c9f01b5b-f1c7-4ec3-9bda-82f96018dce5 5b2e7f8c1ba644dfa5d9f985ed2dfec7 e84a891cac8e4913a39c3a1a62c29969 - - default default] DELETE failed (client error): The resource could not be found.
