2026-09-02 09:17:23.789 10 INFO neutron.db.ovn_revision_numbers_db [None req-25818374-75f9-4404-a37e-7a319e00e64b 3ae23c41bc1f4269940bbf1c7b927978 093a2da55a974dd7987cb51a448df596 - - default default] Successfully bumped revision number for resource bb903490-66d3-49d3-b2b2-03c999269e10 (type: security_group_rules) to 0
2026-09-02 09:17:23.810 10 INFO neutron.wsgi [None req-25818374-75f9-4404-a37e-7a319e00e64b 3ae23c41bc1f4269940bbf1c7b927978 093a2da55a974dd7987cb51a448df596 - - default default] 10.0.0.155 "GET /v2.0/security-groups?tenant_id=f8955a31a61a463e90a1738391c57673&name=default HTTP/1.1" status: 200 len: 2996 time: 0.2021687
2026-09-02 09:17:23.965 9 INFO neutron.db.ovn_revision_numbers_db [None req-168af365-d050-43f8-b46b-7f50d70132f4 3ae23c41bc1f4269940bbf1c7b927978 093a2da55a974dd7987cb51a448df596 - - default default] Successfully bumped revision number for resource d0836470-3201-4c5e-b804-52db6357abc6 (type: ports) to 1
2026-09-02 09:17:23.991 10 INFO neutron.wsgi [None req-60b949f1-75be-4ad1-919e-eafee878bf4b 3ae23c41bc1f4269940bbf1c7b927978 093a2da55a974dd7987cb51a448df596 - - default default] 10.0.0.155 "DELETE /v2.0/security-groups/bccecf43-8dcf-4076-8ecd-3ba0903ded52 HTTP/1.1" status: 204 len: 168 time: 0.1739731
2026-09-02 09:17:24.046 9 INFO neutron.db.ovn_revision_numbers_db [None req-6cea9c5b-c59b-402e-bf0d-6dbaad41dbcf 3ae23c41bc1f4269940bbf1c7b927978 093a2da55a974dd7987cb51a448df596 - - default default] Successfully bumped revision number for resource 6a1f56b0-e5f7-4c9a-b611-2f31003170ea (type: router_ports) to 2
2026-09-02 09:17:24.048 9 INFO neutron.wsgi [None req-6cea9c5b-c59b-402e-bf0d-6dbaad41dbcf 3ae23c41bc1f4269940bbf1c7b927978 093a2da55a974dd7987cb51a448df596 - - default default] 10.0.0.155 "PUT /v2.0/routers/c3ff29a4-c934-44ae-9343-20dfc75b7aba/add_router_interface HTTP/1.1" status: 200 len: 503 time: 3.7318645
2026-09-02 09:17:24.053 9 WARNING neutron.scheduler.dhcp_agent_scheduler [None req-168af365-d050-43f8-b46b-7f50d70132f4 3ae23c41bc1f4269940bbf1c7b927978 093a2da55a974dd7987cb51a448df596 - - default default] No more DHCP agents
2026-09-02 09:17:24.056 9 WARNING neutron.api.rpc.agentnotifiers.dhcp_rpc_agent_api [None req-168af365-d050-43f8-b46b-7f50d70132f4 3ae23c41bc1f4269940bbf1c7b927978 093a2da55a974dd7987cb51a448df596 - - default default] Unable to schedule network 8e28cdbd-6a39-4302-885d-84963429a313: no agents available; will retry on subsequent port and subnet creation events.
2026-09-02 09:17:25.045 9 INFO neutron.db.ovn_revision_numbers_db [None req-168af365-d050-43f8-b46b-7f50d70132f4 3ae23c41bc1f4269940bbf1c7b927978 093a2da55a974dd7987cb51a448df596 - - default default] Successfully bumped revision number for resource d0836470-3201-4c5e-b804-52db6357abc6 (type: router_ports) to 1
2026-09-02 09:17:25.047 9 INFO neutron.wsgi [None req-168af365-d050-43f8-b46b-7f50d70132f4 3ae23c41bc1f4269940bbf1c7b927978 093a2da55a974dd7987cb51a448df596 - - default default] 10.0.0.155 "PUT /v2.0/routers/501bb8d0-5a98-4187-91f4-4e180086c01f/add_router_interface HTTP/1.1" status: 200 len: 503 time: 3.4876318
2026-09-02 09:17:25.953 10 INFO neutron.db.ovn_revision_numbers_db [None req-fb860036-2673-4a59-b868-3edc011b29f3 fa4c5b432df942f0bbb8f8eabee90369 b08d96a6abf046be81fe1a0ad7687068 - - default default] Successfully bumped revision number for resource 1a7337c2-0287-48a4-a8c1-e9d4400fc7ea (type: security_groups) to 1
2026-09-02 09:17:25.968 10 INFO neutron.db.ovn_revision_numbers_db [None req-fb860036-2673-4a59-b868-3edc011b29f3 fa4c5b432df942f0bbb8f8eabee90369 b08d96a6abf046be81fe1a0ad7687068 - - default default] Successfully bumped revision number for resource 150a9fb1-d3ef-4966-b900-93897029cffa (type: security_group_rules) to 0
2026-09-02 09:17:25.983 10 INFO neutron.db.ovn_revision_numbers_db [None req-fb860036-2673-4a59-b868-3edc011b29f3 fa4c5b432df942f0bbb8f8eabee90369 b08d96a6abf046be81fe1a0ad7687068 - - default default] Successfully bumped revision number for resource 89550a24-5809-4ad9-af52-c10d6611272e (type: security_group_rules) to 0
2026-09-02 09:17:26.027 10 INFO neutron.wsgi [None req-fb860036-2673-4a59-b868-3edc011b29f3 fa4c5b432df942f0bbb8f8eabee90369 b08d96a6abf046be81fe1a0ad7687068 - - default default] 10.0.0.155 "POST /v2.0/security-groups HTTP/1.1" status: 201 len: 1811 time: 0.2784925
2026-09-02 09:17:26.186 10 INFO neutron.db.ovn_revision_numbers_db [None req-9aa1596a-d772-480f-9d3d-e0a2eb19fdef 5b2e7f8c1ba644dfa5d9f985ed2dfec7 e84a891cac8e4913a39c3a1a62c29969 - - default default] Successfully bumped revision number for resource 95fccb59-cbb0-4dfe-a8ab-c64f46d7d0a0 (type: security_groups) to 1
2026-09-02 09:17:26.193 10 INFO neutron.db.ovn_revision_numbers_db [None req-0b615f43-9096-4679-baee-6455310bb3cb fa4c5b432df942f0bbb8f8eabee90369 b08d96a6abf046be81fe1a0ad7687068 - - default default] Successfully bumped revision number for resource 94f4466b-345c-4b14-aa86-e3ef2c91eb72 (type: security_group_rules) to 0
2026-09-02 09:17:26.201 10 INFO neutron.db.ovn_revision_numbers_db [None req-9aa1596a-d772-480f-9d3d-e0a2eb19fdef 5b2e7f8c1ba644dfa5d9f985ed2dfec7 e84a891cac8e4913a39c3a1a62c29969 - - default default] Successfully bumped revision number for resource 7e25e92d-6b2f-4033-95ad-b6dde2087815 (type: security_group_rules) to 0
2026-09-02 09:17:26.214 10 INFO neutron.wsgi [None req-0b615f43-9096-4679-baee-6455310bb3cb fa4c5b432df942f0bbb8f8eabee90369 b08d96a6abf046be81fe1a0ad7687068 - - default default] 10.0.0.155 "POST /v2.0/security-group-rules HTTP/1.1" status: 201 len: 764 time: 0.1615052
2026-09-02 09:17:26.215 10 INFO neutron.db.ovn_revision_numbers_db [None req-9aa1596a-d772-480f-9d3d-e0a2eb19fdef 5b2e7f8c1ba644dfa5d9f985ed2dfec7 e84a891cac8e4913a39c3a1a62c29969 - - default default] Successfully bumped revision number for resource cc3779d0-2064-4a11-88df-55a2a8242169 (type: security_group_rules) to 0
2026-09-02 09:17:26.233 10 INFO neutron.db.ovn_revision_numbers_db [None req-9aa1596a-d772-480f-9d3d-e0a2eb19fdef 5b2e7f8c1ba644dfa5d9f985ed2dfec7 e84a891cac8e4913a39c3a1a62c29969 - - default default] Successfully bumped revision number for resource d9624e2b-8006-42a8-9b83-e83388612838 (type: security_group_rules) to 0
2026-09-02 09:17:26.246 10 INFO neutron.db.ovn_revision_numbers_db [None req-9aa1596a-d772-480f-9d3d-e0a2eb19fdef 5b2e7f8c1ba644dfa5d9f985ed2dfec7 e84a891cac8e4913a39c3a1a62c29969 - - default default] Successfully bumped revision number for resource e181338b-1927-4c5d-b4b9-3928601db3f4 (type: security_group_rules) to 0
2026-09-02 09:17:26.315 10 INFO neutron.db.segments_db [None req-9aa1596a-d772-480f-9d3d-e0a2eb19fdef 5b2e7f8c1ba644dfa5d9f985ed2dfec7 e84a891cac8e4913a39c3a1a62c29969 - - default default] Added segment 3363d54e-6ff2-4c26-92a5-d76cd7086f8e of type geneve for network 050e4da5-4c4b-4d61-b45a-941261784594
2026-09-02 09:17:26.327 10 INFO neutron.db.ovn_revision_numbers_db [None req-b1e372ef-effa-4111-bee6-257ce90794ba fa4c5b432df942f0bbb8f8eabee90369 b08d96a6abf046be81fe1a0ad7687068 - - default default] Successfully bumped revision number for resource ac14fafc-7421-45d0-994d-3bc65b66afdf (type: security_group_rules) to 0
2026-09-02 09:17:26.358 10 INFO neutron.wsgi [None req-b1e372ef-effa-4111-bee6-257ce90794ba fa4c5b432df942f0bbb8f8eabee90369 b08d96a6abf046be81fe1a0ad7687068 - - default default] 10.0.0.155 "POST /v2.0/security-group-rules HTTP/1.1" status: 201 len: 763 time: 0.1352444
2026-09-02 09:17:26.475 10 INFO neutron.db.ovn_revision_numbers_db [None req-9aa1596a-d772-480f-9d3d-e0a2eb19fdef 5b2e7f8c1ba644dfa5d9f985ed2dfec7 e84a891cac8e4913a39c3a1a62c29969 - - default default] Successfully bumped revision number for resource 050e4da5-4c4b-4d61-b45a-941261784594 (type: networks) to 1
2026-09-02 09:17:26.551 9 INFO neutron.db.ovn_revision_numbers_db [None req-1d235d59-6fd2-41ce-b3a6-a11a61223087 fa4c5b432df942f0bbb8f8eabee90369 b08d96a6abf046be81fe1a0ad7687068 - - default default] Successfully bumped revision number for resource 6d994b85-16a6-4440-abec-76c00fd943b6 (type: security_group_rules) to 0
2026-09-02 09:17:26.576 9 INFO neutron.wsgi [None req-1d235d59-6fd2-41ce-b3a6-a11a61223087 fa4c5b432df942f0bbb8f8eabee90369 b08d96a6abf046be81fe1a0ad7687068 - - default default] 10.0.0.155 "POST /v2.0/security-group-rules HTTP/1.1" status: 201 len: 769 time: 0.2094584
2026-09-02 09:17:26.616 10 WARNING neutron.scheduler.dhcp_agent_scheduler [None req-9aa1596a-d772-480f-9d3d-e0a2eb19fdef 5b2e7f8c1ba644dfa5d9f985ed2dfec7 e84a891cac8e4913a39c3a1a62c29969 - - default default] No more DHCP agents
2026-09-02 09:17:26.617 10 WARNING neutron.api.rpc.agentnotifiers.dhcp_rpc_agent_api [None req-9aa1596a-d772-480f-9d3d-e0a2eb19fdef 5b2e7f8c1ba644dfa5d9f985ed2dfec7 e84a891cac8e4913a39c3a1a62c29969 - - default default] Unable to schedule network 050e4da5-4c4b-4d61-b45a-941261784594: no agents available; will retry on subsequent port and subnet creation events.
2026-09-02 09:17:26.689 9 INFO neutron.db.ovn_revision_numbers_db [None req-0d6422f3-388d-4064-ad91-6878c6a0197e fa4c5b432df942f0bbb8f8eabee90369 b08d96a6abf046be81fe1a0ad7687068 - - default default] Successfully bumped revision number for resource a141f057-beb4-4753-ad9f-c54fe6b67ba6 (type: security_group_rules) to 0
2026-09-02 09:17:26.695 10 INFO neutron.wsgi [req-7ff1e346-9d5a-470d-96e5-f86dbca072d6 req-0c023127-e1ec-4c99-9af7-d81a2bf16b34 2461dd61703644648723bab99cc03c51 ef41337dccf846eda1a686f8b9840661 - - default default] 10.0.0.229 "GET /v2.0/networks?id=54c3d601-bf80-490c-be44-c4258ee8ce78 HTTP/1.1" status: 200 len: 871 time: 0.0764630
2026-09-02 09:17:26.714 10 INFO neutron.wsgi [req-7ff1e346-9d5a-470d-96e5-f86dbca072d6 req-7c185b8d-e0e3-439e-bbb4-580102d7557f 2461dd61703644648723bab99cc03c51 ef41337dccf846eda1a686f8b9840661 - - default default] 10.0.0.229 "GET /v2.0/quotas/ef41337dccf846eda1a686f8b9840661 HTTP/1.1" status: 200 len: 386 time: 0.0094771
2026-09-02 09:17:26.718 9 INFO neutron.wsgi [None req-0d6422f3-388d-4064-ad91-6878c6a0197e fa4c5b432df942f0bbb8f8eabee90369 b08d96a6abf046be81fe1a0ad7687068 - - default default] 10.0.0.155 "POST /v2.0/security-group-rules HTTP/1.1" status: 201 len: 768 time: 0.1358378
2026-09-02 09:17:26.725 10 INFO neutron.db.ovn_revision_numbers_db [None req-9aa1596a-d772-480f-9d3d-e0a2eb19fdef 5b2e7f8c1ba644dfa5d9f985ed2dfec7 e84a891cac8e4913a39c3a1a62c29969 - - default default] Successfully bumped revision number for resource 07e020fe-0fa5-414f-a3bc-18d0449a4753 (type: ports) to 1
2026-09-02 09:17:26.748 9 INFO neutron.db.securitygroups_db [None req-1d556f7a-bc8e-4baa-b7bf-d3fee15aeb5b fa4c5b432df942f0bbb8f8eabee90369 b08d96a6abf046be81fe1a0ad7687068 - - default default] Project b08d96a6abf046be81fe1a0ad7687068 added a security group rule with legacy IPv6 ICMP protocol name icmp, ipv6-icmp should be used instead. It was automatically converted.
2026-09-02 09:17:26.753 10 INFO neutron.wsgi [None req-9aa1596a-d772-480f-9d3d-e0a2eb19fdef 5b2e7f8c1ba644dfa5d9f985ed2dfec7 e84a891cac8e4913a39c3a1a62c29969 - - default default] 10.0.0.155 "POST /v2.0/networks HTTP/1.1" status: 201 len: 833 time: 0.9493132
2026-09-02 09:17:26.795 10 INFO neutron.wsgi [req-7ff1e346-9d5a-470d-96e5-f86dbca072d6 req-c0b862a1-5ca2-4151-9284-df15dc04bcda 2461dd61703644648723bab99cc03c51 ef41337dccf846eda1a686f8b9840661 - - default default] 10.0.0.229 "GET /v2.0/ports?tenant_id=ef41337dccf846eda1a686f8b9840661&fields=id HTTP/1.1" status: 200 len: 302 time: 0.0749476
2026-09-02 09:17:26.847 10 INFO neutron.wsgi [req-7ff1e346-9d5a-470d-96e5-f86dbca072d6 req-7d394337-578c-4896-a14d-6dafaac929c3 54e45c44743743bf8e98b1d9fd967fb6 cb0409feed8740599f50043f2d087d16 - - e0c1695d482d4b12a80bd9f7a9960d56 e0c1695d482d4b12a80bd9f7a9960d56] 10.0.0.229 "GET /v2.0/networks/54c3d601-bf80-490c-be44-c4258ee8ce78?fields=segments HTTP/1.1" status: 200 len: 212 time: 0.0427306
2026-09-02 09:17:26.898 9 INFO neutron.db.segments_db [None req-8e12b4e4-65a4-471e-819c-f89e14822f15 5b2e7f8c1ba644dfa5d9f985ed2dfec7 e84a891cac8e4913a39c3a1a62c29969 - - default default] Added segment 12ad8532-64ad-4537-89f4-9b94919614fd of type geneve for network 05e155ea-bede-4d1c-9d20-f6f64fc58e6e
2026-09-02 09:17:26.902 9 INFO neutron.db.ovn_revision_numbers_db [None req-1d556f7a-bc8e-4baa-b7bf-d3fee15aeb5b fa4c5b432df942f0bbb8f8eabee90369 b08d96a6abf046be81fe1a0ad7687068 - - default default] Successfully bumped revision number for resource 23dd35a4-e6b7-488d-bdb7-8031780c0a92 (type: security_group_rules) to 0
2026-09-02 09:17:26.909 10 INFO neutron.wsgi [req-7ff1e346-9d5a-470d-96e5-f86dbca072d6 req-764906c2-7aca-4268-9f46-3570fcf5d623 54e45c44743743bf8e98b1d9fd967fb6 cb0409feed8740599f50043f2d087d16 - - e0c1695d482d4b12a80bd9f7a9960d56 e0c1695d482d4b12a80bd9f7a9960d56] 10.0.0.229 "GET /v2.0/networks/54c3d601-bf80-490c-be44-c4258ee8ce78?fields=provider%3Aphysical_network&fields=provider%3Anetwork_type HTTP/1.1" status: 200 len: 277 time: 0.0534787
2026-09-02 09:17:26.951 9 INFO neutron.wsgi [None req-1d556f7a-bc8e-4baa-b7bf-d3fee15aeb5b fa4c5b432df942f0bbb8f8eabee90369 b08d96a6abf046be81fe1a0ad7687068 - - default default] 10.0.0.155 "POST /v2.0/security-group-rules HTTP/1.1" status: 201 len: 774 time: 0.2287745
2026-09-02 09:17:26.996 10 INFO neutron.db.securitygroups_db [None req-1e57e527-3a8a-4169-bc2d-0c66e47c247d fa4c5b432df942f0bbb8f8eabee90369 b08d96a6abf046be81fe1a0ad7687068 - - default default] Project b08d96a6abf046be81fe1a0ad7687068 added a security group rule with legacy IPv6 ICMP protocol name icmp, ipv6-icmp should be used instead. It was automatically converted.
2026-09-02 09:17:27.067 9 INFO neutron.db.ovn_revision_numbers_db [None req-8e12b4e4-65a4-471e-819c-f89e14822f15 5b2e7f8c1ba644dfa5d9f985ed2dfec7 e84a891cac8e4913a39c3a1a62c29969 - - default default] Successfully bumped revision number for resource 05e155ea-bede-4d1c-9d20-f6f64fc58e6e (type: networks) to 1
2026-09-02 09:17:27.080 10 INFO neutron.wsgi [req-a266f639-3094-409c-8448-f53e1c67fe3c req-1ca80ac0-5e75-47a3-a459-0eeb3611e434 2461dd61703644648723bab99cc03c51 ef41337dccf846eda1a686f8b9840661 - - default default] 10.0.0.229 "GET /v2.0/ports?device_id=db6a8ad6-51ca-49b1-a570-2346e8091bc1 HTTP/1.1" status: 200 len: 210 time: 0.0212374
2026-09-02 09:17:27.127 10 INFO neutron.db.ovn_revision_numbers_db [None req-1e57e527-3a8a-4169-bc2d-0c66e47c247d fa4c5b432df942f0bbb8f8eabee90369 b08d96a6abf046be81fe1a0ad7687068 - - default default] Successfully bumped revision number for resource 674dbe88-081b-4b46-9e80-dd07782fd463 (type: security_group_rules) to 0
2026-09-02 09:17:27.155 10 INFO neutron.wsgi [None req-1e57e527-3a8a-4169-bc2d-0c66e47c247d fa4c5b432df942f0bbb8f8eabee90369 b08d96a6abf046be81fe1a0ad7687068 - - default default] 10.0.0.155 "POST /v2.0/security-group-rules HTTP/1.1" status: 201 len: 773 time: 0.1912081
2026-09-02 09:17:27.224 9 WARNING neutron.scheduler.dhcp_agent_scheduler [None req-8e12b4e4-65a4-471e-819c-f89e14822f15 5b2e7f8c1ba644dfa5d9f985ed2dfec7 e84a891cac8e4913a39c3a1a62c29969 - - default default] No more DHCP agents
2026-09-02 09:17:27.225 9 WARNING neutron.api.rpc.agentnotifiers.dhcp_rpc_agent_api [None req-8e12b4e4-65a4-471e-819c-f89e14822f15 5b2e7f8c1ba644dfa5d9f985ed2dfec7 e84a891cac8e4913a39c3a1a62c29969 - - default default] Unable to schedule network 05e155ea-bede-4d1c-9d20-f6f64fc58e6e: no agents available; will retry on subsequent port and subnet creation events.
2026-09-02 09:17:27.291 9 INFO neutron.db.ovn_revision_numbers_db [None req-8e12b4e4-65a4-471e-819c-f89e14822f15 5b2e7f8c1ba644dfa5d9f985ed2dfec7 e84a891cac8e4913a39c3a1a62c29969 - - default default] Successfully bumped revision number for resource f400afd4-3499-4b93-a135-d842426c0975 (type: ports) to 1
2026-09-02 09:17:27.318 9 INFO neutron.wsgi [None req-8e12b4e4-65a4-471e-819c-f89e14822f15 5b2e7f8c1ba644dfa5d9f985ed2dfec7 e84a891cac8e4913a39c3a1a62c29969 - - default default] 10.0.0.155 "POST /v2.0/networks HTTP/1.1" status: 201 len: 833 time: 0.5578158
2026-09-02 09:17:27.551 9 WARNING neutron.scheduler.dhcp_agent_scheduler [None req-4e628a13-5e30-4ab9-8e1b-931502e34c64 5b2e7f8c1ba644dfa5d9f985ed2dfec7 e84a891cac8e4913a39c3a1a62c29969 - - default default] No more DHCP agents
2026-09-02 09:17:27.554 9 WARNING neutron.api.rpc.agentnotifiers.dhcp_rpc_agent_api [None req-4e628a13-5e30-4ab9-8e1b-931502e34c64 5b2e7f8c1ba644dfa5d9f985ed2dfec7 e84a891cac8e4913a39c3a1a62c29969 - - default default] Unable to schedule network 050e4da5-4c4b-4d61-b45a-941261784594: no agents available; will retry on subsequent port and subnet creation events.
2026-09-02 09:17:27.603 9 INFO neutron.db.ovn_revision_numbers_db [None req-4e628a13-5e30-4ab9-8e1b-931502e34c64 5b2e7f8c1ba644dfa5d9f985ed2dfec7 e84a891cac8e4913a39c3a1a62c29969 - - default default] Successfully bumped revision number for resource b7191788-806e-4e45-bbab-cdd37e5a31df (type: subnets) to 0
2026-09-02 09:17:27.622 9 INFO neutron.wsgi [None req-4e628a13-5e30-4ab9-8e1b-931502e34c64 5b2e7f8c1ba644dfa5d9f985ed2dfec7 e84a891cac8e4913a39c3a1a62c29969 - - default default] 10.0.0.155 "POST /v2.0/subnets HTTP/1.1" status: 201 len: 821 time: 0.2988183
2026-09-02 09:17:27.846 10 INFO neutron.db.ovn_revision_numbers_db [None req-a69efb89-80dd-42cf-9747-4eab7a171d73 fa4c5b432df942f0bbb8f8eabee90369 b08d96a6abf046be81fe1a0ad7687068 - - default default] Successfully bumped revision number for resource ae817099-e2b4-408b-9f68-f624460ece32 (type: security_groups) to 1
2026-09-02 09:17:27.863 10 INFO neutron.db.ovn_revision_numbers_db [None req-a69efb89-80dd-42cf-9747-4eab7a171d73 fa4c5b432df942f0bbb8f8eabee90369 b08d96a6abf046be81fe1a0ad7687068 - - default default] Successfully bumped revision number for resource 13725b36-caa4-47f4-8fa9-aa9991b14b08 (type: security_group_rules) to 0
2026-09-02 09:17:27.878 10 INFO neutron.db.ovn_revision_numbers_db [None req-a69efb89-80dd-42cf-9747-4eab7a171d73 fa4c5b432df942f0bbb8f8eabee90369 b08d96a6abf046be81fe1a0ad7687068 - - default default] Successfully bumped revision number for resource 16043108-55db-4f49-bb68-26e2245741ce (type: security_group_rules) to 0
2026-09-02 09:17:27.898 10 INFO neutron.wsgi [None req-a69efb89-80dd-42cf-9747-4eab7a171d73 fa4c5b432df942f0bbb8f8eabee90369 b08d96a6abf046be81fe1a0ad7687068 - - default default] 10.0.0.155 "POST /v2.0/security-groups HTTP/1.1" status: 201 len: 1796 time: 0.1876483
2026-09-02 09:17:28.020 9 INFO neutron.wsgi [req-7ff1e346-9d5a-470d-96e5-f86dbca072d6 req-cf152206-2d59-4973-957f-6e4cce4199f0 2461dd61703644648723bab99cc03c51 ef41337dccf846eda1a686f8b9840661 - - default default] 162.253.55.156 "GET /v2.0/networks?id=54c3d601-bf80-490c-be44-c4258ee8ce78 HTTP/1.1" status: 200 len: 871 time: 0.1302006
2026-09-02 09:17:28.023 10 INFO neutron.db.ovn_revision_numbers_db [None req-831846c5-706c-402a-bfbe-9ed59a897be6 fa4c5b432df942f0bbb8f8eabee90369 b08d96a6abf046be81fe1a0ad7687068 - - default default] Successfully bumped revision number for resource db1ba0a5-9217-457c-9a05-5a783b8efed5 (type: security_group_rules) to 0
2026-09-02 09:17:28.047 10 INFO neutron.wsgi [None req-831846c5-706c-402a-bfbe-9ed59a897be6 fa4c5b432df942f0bbb8f8eabee90369 b08d96a6abf046be81fe1a0ad7687068 - - default default] 10.0.0.155 "POST /v2.0/security-group-rules HTTP/1.1" status: 201 len: 764 time: 0.1352222
2026-09-02 09:17:28.052 9 WARNING neutron.scheduler.dhcp_agent_scheduler [None req-1a213113-5a71-4bf8-b513-8de84bbc8456 5b2e7f8c1ba644dfa5d9f985ed2dfec7 e84a891cac8e4913a39c3a1a62c29969 - - default default] No more DHCP agents
2026-09-02 09:17:28.055 9 WARNING neutron.api.rpc.agentnotifiers.dhcp_rpc_agent_api [None req-1a213113-5a71-4bf8-b513-8de84bbc8456 5b2e7f8c1ba644dfa5d9f985ed2dfec7 e84a891cac8e4913a39c3a1a62c29969 - - default default] Unable to schedule network 05e155ea-bede-4d1c-9d20-f6f64fc58e6e: no agents available; will retry on subsequent port and subnet creation events.
2026-09-02 09:17:28.102 9 INFO neutron.db.ovn_revision_numbers_db [None req-1a213113-5a71-4bf8-b513-8de84bbc8456 5b2e7f8c1ba644dfa5d9f985ed2dfec7 e84a891cac8e4913a39c3a1a62c29969 - - default default] Successfully bumped revision number for resource 1259f8c7-6866-4e08-b19f-213ee5c69231 (type: subnets) to 0
2026-09-02 09:17:28.123 9 INFO neutron.wsgi [None req-1a213113-5a71-4bf8-b513-8de84bbc8456 5b2e7f8c1ba644dfa5d9f985ed2dfec7 e84a891cac8e4913a39c3a1a62c29969 - - default default] 10.0.0.155 "POST /v2.0/subnets HTTP/1.1" status: 201 len: 830 time: 0.4949739
2026-09-02 09:17:28.208 10 INFO neutron.wsgi [req-4dab3661-7191-4bf3-8053-ef4464efb072 req-ecc0c810-7da9-4936-8421-49bf40e99792 2461dd61703644648723bab99cc03c51 ef41337dccf846eda1a686f8b9840661 - - default default] 10.0.0.229 "GET /v2.0/ports?device_id=db6a8ad6-51ca-49b1-a570-2346e8091bc1 HTTP/1.1" status: 200 len: 210 time: 0.0249009
2026-09-02 09:17:28.230 10 INFO neutron.db.ovn_revision_numbers_db [None req-266c1429-eec7-40ab-a98e-91ba0e4d8f6c fa4c5b432df942f0bbb8f8eabee90369 b08d96a6abf046be81fe1a0ad7687068 - - default default] Successfully bumped revision number for resource fee1aa6c-0fe7-4ddd-9c5e-4c41b8d623e0 (type: security_group_rules) to 0
2026-09-02 09:17:28.282 10 INFO neutron.wsgi [None req-266c1429-eec7-40ab-a98e-91ba0e4d8f6c fa4c5b432df942f0bbb8f8eabee90369 b08d96a6abf046be81fe1a0ad7687068 - - default default] 10.0.0.155 "POST /v2.0/security-group-rules HTTP/1.1" status: 201 len: 769 time: 0.2275043
2026-09-02 09:17:28.304 10 INFO neutron.db.ovn_revision_numbers_db [None req-c866d31c-6009-472f-ad0d-9482db7c9b1c 5b2e7f8c1ba644dfa5d9f985ed2dfec7 e84a891cac8e4913a39c3a1a62c29969 - - default default] Successfully bumped revision number for resource 89fcff2d-203d-486a-9bc5-e96453eaf3e2 (type: routers) to 1
2026-09-02 09:17:28.335 10 INFO neutron.wsgi [None req-c866d31c-6009-472f-ad0d-9482db7c9b1c 5b2e7f8c1ba644dfa5d9f985ed2dfec7 e84a891cac8e4913a39c3a1a62c29969 - - default default] 10.0.0.155 "POST /v2.0/routers HTTP/1.1" status: 201 len: 690 time: 0.2041445
2026-09-02 09:17:28.387 10 WARNING neutron.plugins.ml2.drivers.ovn.mech_driver.ovsdb.ovn_client [None req-5f734516-6267-4978-9435-44ef8a49628a - - - - - -] No hosting information found for port 6a1f56b0-e5f7-4c9a-b611-2f31003170ea: RuntimeError: No hosting information found for port 6a1f56b0-e5f7-4c9a-b611-2f31003170ea
2026-09-02 09:17:28.387 10 INFO neutron.plugins.ml2.drivers.ovn.mech_driver.mech_driver [None req-5f734516-6267-4978-9435-44ef8a49628a - - - - - -] OVN reports status up for port: d0836470-3201-4c5e-b804-52db6357abc6
2026-09-02 09:17:28.395 10 INFO neutron.plugins.ml2.plugin [None req-5f734516-6267-4978-9435-44ef8a49628a - - - - - -] Attempt 1 to provision port d0836470-3201-4c5e-b804-52db6357abc6
2026-09-02 09:17:28.661 10 INFO neutron.db.ovn_revision_numbers_db [None req-5f734516-6267-4978-9435-44ef8a49628a - - - - - -] Successfully bumped revision number for resource d0836470-3201-4c5e-b804-52db6357abc6 (type: ports) to 2
2026-09-02 09:17:28.718 9 WARNING neutron.scheduler.dhcp_agent_scheduler [req-7ff1e346-9d5a-470d-96e5-f86dbca072d6 req-e17a95de-074e-460d-8041-ad7729e594ae 2461dd61703644648723bab99cc03c51 ef41337dccf846eda1a686f8b9840661 - - default default] No more DHCP agents
2026-09-02 09:17:28.728 9 WARNING neutron.api.rpc.agentnotifiers.dhcp_rpc_agent_api [req-7ff1e346-9d5a-470d-96e5-f86dbca072d6 req-e17a95de-074e-460d-8041-ad7729e594ae 2461dd61703644648723bab99cc03c51 ef41337dccf846eda1a686f8b9840661 - - default default] Unable to schedule network 54c3d601-bf80-490c-be44-c4258ee8ce78: no agents available; will retry on subsequent port and subnet creation events.
2026-09-02 09:17:28.768 10 INFO neutron.db.ovn_revision_numbers_db [None req-5f734516-6267-4978-9435-44ef8a49628a - - - - - -] Successfully bumped revision number for resource d0836470-3201-4c5e-b804-52db6357abc6 (type: router_ports) to 2
2026-09-02 09:17:28.924 9 WARNING neutron.scheduler.dhcp_agent_scheduler [None req-77de3012-f3d4-4c96-bc0c-387935632d90 fa4c5b432df942f0bbb8f8eabee90369 b08d96a6abf046be81fe1a0ad7687068 - - default default] No more DHCP agents
2026-09-02 09:17:28.942 9 WARNING neutron.api.rpc.agentnotifiers.dhcp_rpc_agent_api [None req-77de3012-f3d4-4c96-bc0c-387935632d90 fa4c5b432df942f0bbb8f8eabee90369 b08d96a6abf046be81fe1a0ad7687068 - - default default] Unable to schedule network 81381afb-9760-4b27-98f0-5197d5c3d7d3: no agents available; will retry on subsequent port and subnet creation events.
2026-09-02 09:17:29.048 9 WARNING neutron.scheduler.dhcp_agent_scheduler [None req-37b2b7ae-423d-48a1-965b-bd7f3e3ea5f5 5b2e7f8c1ba644dfa5d9f985ed2dfec7 e84a891cac8e4913a39c3a1a62c29969 - - default default] No more DHCP agents
2026-09-02 09:17:29.051 9 WARNING neutron.api.rpc.agentnotifiers.dhcp_rpc_agent_api [None req-37b2b7ae-423d-48a1-965b-bd7f3e3ea5f5 5b2e7f8c1ba644dfa5d9f985ed2dfec7 e84a891cac8e4913a39c3a1a62c29969 - - default default] Unable to schedule network 050e4da5-4c4b-4d61-b45a-941261784594: no agents available; will retry on subsequent port and subnet creation events.
2026-09-02 09:17:29.053 9 INFO neutron.db.ovn_revision_numbers_db [req-7ff1e346-9d5a-470d-96e5-f86dbca072d6 req-e17a95de-074e-460d-8041-ad7729e594ae 2461dd61703644648723bab99cc03c51 ef41337dccf846eda1a686f8b9840661 - - default default] Successfully bumped revision number for resource edce811b-407e-4802-aa8e-4283c6732611 (type: ports) to 1
2026-09-02 09:17:29.093 9 INFO neutron.wsgi [req-7ff1e346-9d5a-470d-96e5-f86dbca072d6 req-e17a95de-074e-460d-8041-ad7729e594ae 2461dd61703644648723bab99cc03c51 ef41337dccf846eda1a686f8b9840661 - - default default] 162.253.55.156 "POST /v2.0/ports HTTP/1.1" status: 201 len: 1162 time: 1.0682254 /var/lib/openstack/lib/python3.10/site-packages/pycadf/identifier.py:71: UserWarning: Invalid uuid: neutron. To ensure interoperability, identifiers should be a valid uuid. warnings.warn(('Invalid uuid: %s. To ensure interoperability, '
2026-09-02 09:17:29.127 10 INFO neutron.db.ovn_revision_numbers_db [None req-db40683b-67ba-4750-9ecb-7279275f7fbb 3ae23c41bc1f4269940bbf1c7b927978 093a2da55a974dd7987cb51a448df596 - - default default] Successfully bumped revision number for resource a99e30ad-f73c-43e8-a646-c01a618771c9 (type: security_groups) to 1
2026-09-02 09:17:29.144 10 INFO neutron.db.ovn_revision_numbers_db [None req-db40683b-67ba-4750-9ecb-7279275f7fbb 3ae23c41bc1f4269940bbf1c7b927978 093a2da55a974dd7987cb51a448df596 - - default default] Successfully bumped revision number for resource 26be8722-9473-4be2-b87d-136802a297f8 (type: security_group_rules) to 0
2026-09-02 09:17:29.162 10 INFO neutron.db.ovn_revision_numbers_db [None req-db40683b-67ba-4750-9ecb-7279275f7fbb 3ae23c41bc1f4269940bbf1c7b927978 093a2da55a974dd7987cb51a448df596 - - default default] Successfully bumped revision number for resource 7e45633e-e1a6-4a7d-860c-a0a54ab9f226 (type: security_group_rules) to 0
2026-09-02 09:17:29.182 10 INFO neutron.db.ovn_revision_numbers_db [None req-db40683b-67ba-4750-9ecb-7279275f7fbb 3ae23c41bc1f4269940bbf1c7b927978 093a2da55a974dd7987cb51a448df596 - - default default] Successfully bumped revision number for resource 967da0ae-b82e-495d-91ad-60f2bfcc4543 (type: security_group_rules) to 0
2026-09-02 09:17:29.198 10 INFO neutron.db.ovn_revision_numbers_db [None req-db40683b-67ba-4750-9ecb-7279275f7fbb 3ae23c41bc1f4269940bbf1c7b927978 093a2da55a974dd7987cb51a448df596 - - default default] Successfully bumped revision number for resource 9d6de0f3-36ce-43f9-bcea-2937f7cdae8b (type: security_group_rules) to 0
2026-09-02 09:17:29.217 10 INFO neutron.wsgi [None req-db40683b-67ba-4750-9ecb-7279275f7fbb 3ae23c41bc1f4269940bbf1c7b927978 093a2da55a974dd7987cb51a448df596 - - default default] 10.0.0.155 "GET /v2.0/security-groups?tenant_id=1040a4f1ab48413f9d395f546801d06d&name=default HTTP/1.1" status: 200 len: 2996 time: 0.4101956
2026-09-02 09:17:29.341 10 INFO neutron.wsgi [req-46cd46a5-d429-433a-9f3e-648dc0352d6c req-435af74f-ef52-45a9-a597-01a35073d48d 2461dd61703644648723bab99cc03c51 ef41337dccf846eda1a686f8b9840661 - - default default] 10.0.0.229 "GET /v2.0/ports?device_id=db6a8ad6-51ca-49b1-a570-2346e8091bc1 HTTP/1.1" status: 200 len: 1160 time: 0.0323908
2026-09-02 09:17:29.385 10 INFO neutron.wsgi [req-46cd46a5-d429-433a-9f3e-648dc0352d6c req-53f8f303-4f18-499d-a639-f14f3d15a229 2461dd61703644648723bab99cc03c51 ef41337dccf846eda1a686f8b9840661 - - default default] 10.0.0.229 "GET /v2.0/security-groups?id=baea99ca-b954-4dda-bd1c-45b73c364321&fields=id&fields=name HTTP/1.1" status: 200 len: 286 time: 0.0356691
2026-09-02 09:17:29.428 10 INFO neutron.wsgi [None req-87f152a4-2af8-4de2-947a-e9e15a1057f2 3ae23c41bc1f4269940bbf1c7b927978 093a2da55a974dd7987cb51a448df596 - - default default] 10.0.0.155 "DELETE /v2.0/security-groups/a99e30ad-f73c-43e8-a646-c01a618771c9 HTTP/1.1" status: 204 len: 168 time: 0.2051976
2026-09-02 09:17:29.526 9 INFO neutron.db.ovn_revision_numbers_db [None req-37b2b7ae-423d-48a1-965b-bd7f3e3ea5f5 5b2e7f8c1ba644dfa5d9f985ed2dfec7 e84a891cac8e4913a39c3a1a62c29969 - - default default] Successfully bumped revision number for resource c648c074-f1ae-4f54-a600-245aa3588a62 (type: ports) to 1
2026-09-02 09:17:29.657 10 INFO neutron.db.ovn_revision_numbers_db [None req-3294687f-5cdc-4390-9c1f-14f52b765142 3ae23c41bc1f4269940bbf1c7b927978 093a2da55a974dd7987cb51a448df596 - - default default] Successfully bumped revision number for resource d492d09a-8337-4a2a-83ff-c16a3d5f54a1 (type: security_groups) to 1
2026-09-02 09:17:29.672 10 INFO neutron.db.ovn_revision_numbers_db [None req-3294687f-5cdc-4390-9c1f-14f52b765142 3ae23c41bc1f4269940bbf1c7b927978 093a2da55a974dd7987cb51a448df596 - - default default] Successfully bumped revision number for resource 14fe5f4c-10a8-4828-9379-c1f19fabdbc7 (type: security_group_rules) to 0
2026-09-02 09:17:29.685 10 INFO neutron.db.ovn_revision_numbers_db [None req-3294687f-5cdc-4390-9c1f-14f52b765142 3ae23c41bc1f4269940bbf1c7b927978 093a2da55a974dd7987cb51a448df596 - - default default] Successfully bumped revision number for resource 6c37ff35-faa9-4160-8a85-58f31883c99e (type: security_group_rules) to 0
2026-09-02 09:17:29.698 10 INFO neutron.db.ovn_revision_numbers_db [None req-3294687f-5cdc-4390-9c1f-14f52b765142 3ae23c41bc1f4269940bbf1c7b927978 093a2da55a974dd7987cb51a448df596 - - default default] Successfully bumped revision number for resource c5ce1a74-d55c-49e8-ba40-0c505f626614 (type: security_group_rules) to 0
2026-09-02 09:17:29.712 10 INFO neutron.db.ovn_revision_numbers_db [None req-3294687f-5cdc-4390-9c1f-14f52b765142 3ae23c41bc1f4269940bbf1c7b927978 093a2da55a974dd7987cb51a448df596 - - default default] Successfully bumped revision number for resource c63286ef-d2d3-4e81-a5cf-c58b4515f17e (type: security_group_rules) to 0
2026-09-02 09:17:29.731 10 INFO neutron.wsgi [None req-3294687f-5cdc-4390-9c1f-14f52b765142 3ae23c41bc1f4269940bbf1c7b927978 093a2da55a974dd7987cb51a448df596 - - default default] 10.0.0.155 "GET /v2.0/security-groups?tenant_id=4e19fadbd9d443cd91e37d7a2eddb130&name=default HTTP/1.1" status: 200 len: 2996 time: 0.1554184
2026-09-02 09:17:29.862 9 INFO neutron.db.ovn_revision_numbers_db [None req-77de3012-f3d4-4c96-bc0c-387935632d90 fa4c5b432df942f0bbb8f8eabee90369 b08d96a6abf046be81fe1a0ad7687068 - - default default] Successfully bumped revision number for resource e5215d89-eba4-40fd-8641-2f897b68a876 (type: floatingips) to 0
2026-09-02 09:17:29.899 9 INFO neutron.wsgi [None req-77de3012-f3d4-4c96-bc0c-387935632d90 fa4c5b432df942f0bbb8f8eabee90369 b08d96a6abf046be81fe1a0ad7687068 - - default default] 10.0.0.155 "POST /v2.0/floatingips HTTP/1.1" status: 201 len: 751 time: 1.6073914
2026-09-02 09:17:29.935 10 INFO neutron.wsgi [None req-f638ae7c-1944-43f8-a832-c3a1bb909763 3ae23c41bc1f4269940bbf1c7b927978 093a2da55a974dd7987cb51a448df596 - - default default] 10.0.0.155 "DELETE /v2.0/security-groups/d492d09a-8337-4a2a-83ff-c16a3d5f54a1 HTTP/1.1" status: 204 len: 168 time: 0.1970513
2026-09-02 09:17:30.060 10 INFO neutron.wsgi [req-4cb16456-eb06-45db-905d-4d8ab65fec2c req-f16241db-501b-4a2d-bbd4-abc1556842f1 fa4c5b432df942f0bbb8f8eabee90369 b08d96a6abf046be81fe1a0ad7687068 - - default default] 10.0.0.229 "GET /v2.0/security-groups?name=tempest-secgroup-smoke-1974692196&fields=id&tenant_id=b08d96a6abf046be81fe1a0ad7687068 HTTP/1.1" status: 200 len: 267 time: 0.0482512
2026-09-02 09:17:30.089 9 INFO neutron.db.ovn_revision_numbers_db [req-7ff1e346-9d5a-470d-96e5-f86dbca072d6 req-3ce59ec8-18c1-440a-b5b3-653f380dc808 54e45c44743743bf8e98b1d9fd967fb6 cb0409feed8740599f50043f2d087d16 - - e0c1695d482d4b12a80bd9f7a9960d56 e0c1695d482d4b12a80bd9f7a9960d56] Successfully bumped revision number for resource edce811b-407e-4802-aa8e-4283c6732611 (type: ports) to 2
2026-09-02 09:17:30.123 10 INFO neutron.wsgi [req-4cb16456-eb06-45db-905d-4d8ab65fec2c req-6150bfad-5d0b-49bb-a6b0-e7a0a48237ed fa4c5b432df942f0bbb8f8eabee90369 b08d96a6abf046be81fe1a0ad7687068 - - default default] 10.0.0.229 "GET /v2.0/security-groups?name=tempest-securitygroup--900601669&fields=id&tenant_id=b08d96a6abf046be81fe1a0ad7687068 HTTP/1.1" status: 200 len: 267 time: 0.0545747
2026-09-02 09:17:30.180 9 INFO neutron.db.ovn_revision_numbers_db [None req-37b2b7ae-423d-48a1-965b-bd7f3e3ea5f5 5b2e7f8c1ba644dfa5d9f985ed2dfec7 e84a891cac8e4913a39c3a1a62c29969 - - default default] Successfully bumped revision number for resource c648c074-f1ae-4f54-a600-245aa3588a62 (type: router_ports) to 1
2026-09-02 09:17:30.195 10 INFO neutron.wsgi [req-4cb16456-eb06-45db-905d-4d8ab65fec2c req-2b0b962e-d02d-435a-b469-4efe59a1cfd8 fa4c5b432df942f0bbb8f8eabee90369 b08d96a6abf046be81fe1a0ad7687068 - - default default] 10.0.0.229 "GET /v2.0/networks?id=c4e868b7-a0a6-4a1c-8535-18f82f359db3 HTTP/1.1" status: 200 len: 871 time: 0.0648024
2026-09-02 09:17:30.218 10 INFO neutron.wsgi [req-4cb16456-eb06-45db-905d-4d8ab65fec2c req-acf0811a-dcb6-43cf-b922-3162897c76fa fa4c5b432df942f0bbb8f8eabee90369 b08d96a6abf046be81fe1a0ad7687068 - - default default] 10.0.0.229 "GET /v2.0/quotas/b08d96a6abf046be81fe1a0ad7687068 HTTP/1.1" status: 200 len: 386 time: 0.0139289
2026-09-02 09:17:30.293 10 INFO neutron.wsgi [req-4cb16456-eb06-45db-905d-4d8ab65fec2c req-34fb9156-2b95-4c04-b78b-6e61baf4677a fa4c5b432df942f0bbb8f8eabee90369 b08d96a6abf046be81fe1a0ad7687068 - - default default] 10.0.0.229 "GET /v2.0/ports?tenant_id=b08d96a6abf046be81fe1a0ad7687068&fields=id HTTP/1.1" status: 200 len: 302 time: 0.0668168
2026-09-02 09:17:30.326 9 INFO neutron.db.ovn_revision_numbers_db [None req-37b2b7ae-423d-48a1-965b-bd7f3e3ea5f5 5b2e7f8c1ba644dfa5d9f985ed2dfec7 e84a891cac8e4913a39c3a1a62c29969 - - default default] Successfully bumped revision number for resource c648c074-f1ae-4f54-a600-245aa3588a62 (type: ports) to 1
2026-09-02 09:17:30.332 9 INFO neutron.db.ovn_revision_numbers_db [req-7ff1e346-9d5a-470d-96e5-f86dbca072d6 req-3ce59ec8-18c1-440a-b5b3-653f380dc808 54e45c44743743bf8e98b1d9fd967fb6 cb0409feed8740599f50043f2d087d16 - - e0c1695d482d4b12a80bd9f7a9960d56 e0c1695d482d4b12a80bd9f7a9960d56] Successfully bumped revision number for resource edce811b-407e-4802-aa8e-4283c6732611 (type: ports) to 2
2026-09-02 09:17:30.351 9 INFO neutron.wsgi [req-7ff1e346-9d5a-470d-96e5-f86dbca072d6 req-3ce59ec8-18c1-440a-b5b3-653f380dc808 54e45c44743743bf8e98b1d9fd967fb6 cb0409feed8740599f50043f2d087d16 - - e0c1695d482d4b12a80bd9f7a9960d56 e0c1695d482d4b12a80bd9f7a9960d56] 162.253.55.156 "PUT /v2.0/ports/edce811b-407e-4802-aa8e-4283c6732611 HTTP/1.1" status: 200 len: 1380 time: 1.2513595
2026-09-02 09:17:30.362 10 INFO neutron.wsgi [req-4cb16456-eb06-45db-905d-4d8ab65fec2c req-e501722d-8ef3-40e8-9910-f4178e5319b3 54e45c44743743bf8e98b1d9fd967fb6 cb0409feed8740599f50043f2d087d16 - - e0c1695d482d4b12a80bd9f7a9960d56 e0c1695d482d4b12a80bd9f7a9960d56] 10.0.0.229 "GET /v2.0/networks/c4e868b7-a0a6-4a1c-8535-18f82f359db3?fields=segments HTTP/1.1" status: 200 len: 212 time: 0.0523291
2026-09-02 09:17:30.385 9 INFO neutron.notifiers.nova [-] Nova event matching ['req-6ed5c8cb-78cf-4ced-905d-3080c1c02872'] response: {'name': 'network-changed', 'server_uuid': 'db6a8ad6-51ca-49b1-a570-2346e8091bc1', 'tag': 'edce811b-407e-4802-aa8e-4283c6732611', 'status': 'completed', 'code': 200} /var/lib/openstack/lib/python3.10/site-packages/pycadf/identifier.py:71: UserWarning: Invalid uuid: neutron. To ensure interoperability, identifiers should be a valid uuid. warnings.warn(('Invalid uuid: %s. To ensure interoperability, '
2026-09-02 09:17:30.430 10 INFO neutron.wsgi [req-4cb16456-eb06-45db-905d-4d8ab65fec2c req-999c6cd0-9017-4b60-8457-f6168f014c75 54e45c44743743bf8e98b1d9fd967fb6 cb0409feed8740599f50043f2d087d16 - - e0c1695d482d4b12a80bd9f7a9960d56 e0c1695d482d4b12a80bd9f7a9960d56] 10.0.0.229 "GET /v2.0/networks/c4e868b7-a0a6-4a1c-8535-18f82f359db3?fields=provider%3Aphysical_network&fields=provider%3Anetwork_type HTTP/1.1" status: 200 len: 277 time: 0.0610905
2026-09-02 09:17:30.437 9 WARNING neutron.scheduler.dhcp_agent_scheduler [None req-37b2b7ae-423d-48a1-965b-bd7f3e3ea5f5 5b2e7f8c1ba644dfa5d9f985ed2dfec7 e84a891cac8e4913a39c3a1a62c29969 - - default default] No more DHCP agents
2026-09-02 09:17:30.449 9 WARNING neutron.api.rpc.agentnotifiers.dhcp_rpc_agent_api [None req-37b2b7ae-423d-48a1-965b-bd7f3e3ea5f5 5b2e7f8c1ba644dfa5d9f985ed2dfec7 e84a891cac8e4913a39c3a1a62c29969 - - default default] Unable to schedule network 050e4da5-4c4b-4d61-b45a-941261784594: no agents available; will retry on subsequent port and subnet creation events.
2026-09-02 09:17:30.468 9 INFO neutron.wsgi [req-7ff1e346-9d5a-470d-96e5-f86dbca072d6 req-f48f1bbc-0760-43bf-90a3-9910056370fb 54e45c44743743bf8e98b1d9fd967fb6 cb0409feed8740599f50043f2d087d16 - - e0c1695d482d4b12a80bd9f7a9960d56 e0c1695d482d4b12a80bd9f7a9960d56] 162.253.55.156 "GET /v2.0/ports?tenant_id=ef41337dccf846eda1a686f8b9840661&device_id=db6a8ad6-51ca-49b1-a570-2346e8091bc1 HTTP/1.1" status: 200 len: 1411 time: 0.0703149
2026-09-02 09:17:30.526 9 INFO neutron.wsgi [req-7ff1e346-9d5a-470d-96e5-f86dbca072d6 req-7dd7ed21-3e6c-42fd-82e3-ca032753231c 54e45c44743743bf8e98b1d9fd967fb6 cb0409feed8740599f50043f2d087d16 - - e0c1695d482d4b12a80bd9f7a9960d56 e0c1695d482d4b12a80bd9f7a9960d56] 162.253.55.156 "GET /v2.0/floatingips?fixed_ip_address=10.100.0.10&port_id=edce811b-407e-4802-aa8e-4283c6732611 HTTP/1.1" status: 200 len: 217 time: 0.0431793
2026-09-02 09:17:30.530 10 INFO neutron.wsgi [None req-0b6bddbc-6038-4cf2-9a44-ecf82f6d8c33 3ae23c41bc1f4269940bbf1c7b927978 093a2da55a974dd7987cb51a448df596 - - default default] 10.0.0.34 "GET /v2.0/floatingips HTTP/1.1" status: 200 len: 730 time: 0.1975462
2026-09-02 09:17:30.540 10 INFO neutron.wsgi [req-8f433ccc-c2a7-416f-9b7c-2720622d1d86 req-f6d16606-e203-4027-b3f2-90f7d422d42f 2461dd61703644648723bab99cc03c51 ef41337dccf846eda1a686f8b9840661 - - default default] 10.0.0.229 "GET /v2.0/ports?device_id=db6a8ad6-51ca-49b1-a570-2346e8091bc1 HTTP/1.1" status: 200 len: 1172 time: 0.0545371
2026-09-02 09:17:30.616 9 INFO neutron.wsgi [req-7ff1e346-9d5a-470d-96e5-f86dbca072d6 req-3feea84c-6ef1-40de-8081-717956f6b030 54e45c44743743bf8e98b1d9fd967fb6 cb0409feed8740599f50043f2d087d16 - - e0c1695d482d4b12a80bd9f7a9960d56 e0c1695d482d4b12a80bd9f7a9960d56] 162.253.55.156 "GET /v2.0/subnets?id=01b665c4-a37e-4556-9688-9bf66ef52126 HTTP/1.1" status: 200 len: 865 time: 0.0823109
2026-09-02 09:17:30.649 9 INFO neutron.wsgi [req-7ff1e346-9d5a-470d-96e5-f86dbca072d6 req-e3650eba-0833-4dd2-8467-381039d34654 54e45c44743743bf8e98b1d9fd967fb6 cb0409feed8740599f50043f2d087d16 - - e0c1695d482d4b12a80bd9f7a9960d56 e0c1695d482d4b12a80bd9f7a9960d56] 162.253.55.156 "GET /v2.0/ports?network_id=54c3d601-bf80-490c-be44-c4258ee8ce78&device_owner=network%3Adhcp HTTP/1.1" status: 200 len: 210 time: 0.0244548
2026-09-02 09:17:30.730 9 INFO neutron.wsgi [req-7ff1e346-9d5a-470d-96e5-f86dbca072d6 req-95dbba9a-4803-413e-a3c3-c6b18e708ae8 54e45c44743743bf8e98b1d9fd967fb6 cb0409feed8740599f50043f2d087d16 - - e0c1695d482d4b12a80bd9f7a9960d56 e0c1695d482d4b12a80bd9f7a9960d56] 162.253.55.156 "GET /v2.0/networks/54c3d601-bf80-490c-be44-c4258ee8ce78?fields=segments HTTP/1.1" status: 200 len: 212 time: 0.0745394
2026-09-02 09:17:30.741 9 INFO neutron.db.ovn_revision_numbers_db [None req-37b2b7ae-423d-48a1-965b-bd7f3e3ea5f5 5b2e7f8c1ba644dfa5d9f985ed2dfec7 e84a891cac8e4913a39c3a1a62c29969 - - default default] Successfully bumped revision number for resource c648c074-f1ae-4f54-a600-245aa3588a62 (type: router_ports) to 1
2026-09-02 09:17:30.742 9 INFO neutron.wsgi [None req-37b2b7ae-423d-48a1-965b-bd7f3e3ea5f5 5b2e7f8c1ba644dfa5d9f985ed2dfec7 e84a891cac8e4913a39c3a1a62c29969 - - default default] 10.0.0.155 "PUT /v2.0/routers/89fcff2d-203d-486a-9bc5-e96453eaf3e2/add_router_interface HTTP/1.1" status: 200 len: 503 time: 2.3941157
2026-09-02 09:17:30.785 9 INFO neutron.wsgi [None req-6b0c2891-9d39-45f4-b1a5-004d172c9f4b 5b2e7f8c1ba644dfa5d9f985ed2dfec7 e84a891cac8e4913a39c3a1a62c29969 - - default default] 10.0.0.155 "GET /v2.0/ports/c648c074-f1ae-4f54-a600-245aa3588a62 HTTP/1.1" status: 200 len: 1139 time: 0.0375321
2026-09-02 09:17:30.833 9 INFO neutron.wsgi [req-7ff1e346-9d5a-470d-96e5-f86dbca072d6 req-67803015-1bcb-4513-a86b-07a57f0b7240 54e45c44743743bf8e98b1d9fd967fb6 cb0409feed8740599f50043f2d087d16 - - e0c1695d482d4b12a80bd9f7a9960d56 e0c1695d482d4b12a80bd9f7a9960d56] 162.253.55.156 "GET /v2.0/networks/54c3d601-bf80-490c-be44-c4258ee8ce78?fields=provider%3Aphysical_network&fields=provider%3Anetwork_type HTTP/1.1" status: 200 len: 277 time: 0.0937488
2026-09-02 09:17:30.879 10 INFO neutron.wsgi [req-b202bbc9-4a1d-45dd-ba10-bf1801175bff req-cf432367-a0cf-4232-8122-fb0aefdf50f6 fa4c5b432df942f0bbb8f8eabee90369 b08d96a6abf046be81fe1a0ad7687068 - - default default] 10.0.0.229 "GET /v2.0/ports?device_id=db47a8de-924f-461e-8609-b5aedbe58e49 HTTP/1.1" status: 200 len: 210 time: 0.0320773
2026-09-02 09:17:30.883 10 INFO neutron.wsgi [req-8f433ccc-c2a7-416f-9b7c-2720622d1d86 req-5752a335-cf10-4d74-999f-3f118dc7dd2e 2461dd61703644648723bab99cc03c51 ef41337dccf846eda1a686f8b9840661 - - default default] 10.0.0.229 "GET /v2.0/security-groups?id=baea99ca-b954-4dda-bd1c-45b73c364321&fields=id&fields=name HTTP/1.1" status: 200 len: 286 time: 0.3236682
2026-09-02 09:17:30.891 10 INFO neutron.wsgi [None req-f771fd8d-1298-4f73-8c51-622ce55c392a 3ae23c41bc1f4269940bbf1c7b927978 093a2da55a974dd7987cb51a448df596 - - default default] 10.0.0.34 "GET /v2.0/networks HTTP/1.1" status: 200 len: 6116 time: 0.3598690
2026-09-02 09:17:30.946 9 INFO neutron.wsgi [req-1994de64-726b-4dcd-86b1-3b731195f636 req-2b3800a9-56ac-487d-8a2f-e1c98dd25611 54e45c44743743bf8e98b1d9fd967fb6 cb0409feed8740599f50043f2d087d16 - - e0c1695d482d4b12a80bd9f7a9960d56 e0c1695d482d4b12a80bd9f7a9960d56] 162.253.55.156 "GET /v2.0/ports?tenant_id=ef41337dccf846eda1a686f8b9840661&device_id=db6a8ad6-51ca-49b1-a570-2346e8091bc1 HTTP/1.1" status: 200 len: 1411 time: 0.0479271
2026-09-02 09:17:30.957 10 INFO neutron.wsgi [None req-b580eeba-7058-4f2a-9c6f-02b196fad26b 3ae23c41bc1f4269940bbf1c7b927978 093a2da55a974dd7987cb51a448df596 - - default default] 10.0.0.34 "GET /v2.0/subnets HTTP/1.1" status: 200 len: 4666 time: 0.0553179
2026-09-02 09:17:31.053 10 INFO neutron.wsgi [None req-46fad5cc-a707-418a-9592-3dfab56a8ca7 3ae23c41bc1f4269940bbf1c7b927978 093a2da55a974dd7987cb51a448df596 - - default default] 10.0.0.34 "GET /v2.0/ports HTTP/1.1" status: 200 len: 20028 time: 0.0914495
2026-09-02 09:17:31.077 9 INFO neutron.wsgi [req-1994de64-726b-4dcd-86b1-3b731195f636 req-d151785b-1c9b-4ca0-9802-175007dda623 54e45c44743743bf8e98b1d9fd967fb6 cb0409feed8740599f50043f2d087d16 - - e0c1695d482d4b12a80bd9f7a9960d56 e0c1695d482d4b12a80bd9f7a9960d56] 162.253.55.156 "GET /v2.0/networks?id=54c3d601-bf80-490c-be44-c4258ee8ce78 HTTP/1.1" status: 200 len: 970 time: 0.1183403
2026-09-02 09:17:31.111 9 INFO neutron.plugins.ml2.drivers.ovn.mech_driver.mech_driver [None req-8963fdc7-5ca0-4f58-aab6-7e2a0674ef9d - - - - - -] OVN reports status up for port: edce811b-407e-4802-aa8e-4283c6732611
2026-09-02 09:17:31.112 10 INFO neutron.wsgi [None req-d5fd5036-06a5-4d00-82cb-208a8bb01cd9 3ae23c41bc1f4269940bbf1c7b927978 093a2da55a974dd7987cb51a448df596 - - default default] 10.0.0.34 "GET /v2.0/agents HTTP/1.1" status: 200 len: 997 time: 0.0293725
2026-09-02 09:17:31.133 9 INFO neutron.wsgi [req-1994de64-726b-4dcd-86b1-3b731195f636 req-21484f2f-e69b-4c97-bf26-c111cdf80031 54e45c44743743bf8e98b1d9fd967fb6 cb0409feed8740599f50043f2d087d16 - - e0c1695d482d4b12a80bd9f7a9960d56 e0c1695d482d4b12a80bd9f7a9960d56] 162.253.55.156 "GET /v2.0/floatingips?fixed_ip_address=10.100.0.10&port_id=edce811b-407e-4802-aa8e-4283c6732611 HTTP/1.1" status: 200 len: 217 time: 0.0346985
2026-09-02 09:17:31.141 9 INFO neutron.plugins.ml2.plugin [None req-8963fdc7-5ca0-4f58-aab6-7e2a0674ef9d - - - - - -] Attempt 1 to provision port edce811b-407e-4802-aa8e-4283c6732611
2026-09-02 09:17:31.198 9 INFO neutron.wsgi [req-1994de64-726b-4dcd-86b1-3b731195f636 req-6a97b156-4597-418e-9156-c1479d41ab6c 54e45c44743743bf8e98b1d9fd967fb6 cb0409feed8740599f50043f2d087d16 - - e0c1695d482d4b12a80bd9f7a9960d56 e0c1695d482d4b12a80bd9f7a9960d56] 162.253.55.156 "GET /v2.0/subnets?id=01b665c4-a37e-4556-9688-9bf66ef52126 HTTP/1.1" status: 200 len: 865 time: 0.0583351
2026-09-02 09:17:31.218 10 INFO neutron.wsgi [None req-581aa73a-e77f-4594-bb3b-0cfcf24f3695 3ae23c41bc1f4269940bbf1c7b927978 093a2da55a974dd7987cb51a448df596 - - default default] 10.0.0.34 "GET /v2.0/security-groups HTTP/1.1" status: 200 len: 35758 time: 0.1048007
2026-09-02 09:17:31.241 10 INFO neutron.wsgi [None req-372c6065-1cd7-4c98-a532-053280ff93df 3ae23c41bc1f4269940bbf1c7b927978 093a2da55a974dd7987cb51a448df596 - - default default] 10.0.0.34 "GET /v2.0/network-ip-availabilities HTTP/1.1" status: 200 len: 3600 time: 0.0172336
2026-09-02 09:17:31.325 10 INFO neutron.wsgi [None req-c50f9fbb-4e8b-46d3-ba4e-ec77063ff7ca 3ae23c41bc1f4269940bbf1c7b927978 093a2da55a974dd7987cb51a448df596 - - default default] 10.0.0.34 "GET /v2.0/routers HTTP/1.1" status: 200 len: 2687 time: 0.0819092
2026-09-02 09:17:31.334 10 INFO neutron.wsgi [None req-66b1b3a2-3099-46c5-bbb0-2d2a82459a47 3ae23c41bc1f4269940bbf1c7b927978 093a2da55a974dd7987cb51a448df596 - - default default] 10.0.0.34 "GET /v2.0/agents?binary=ovn-controller HTTP/1.1" status: 200 len: 591 time: 0.0081246
2026-09-02 09:17:31.363 10 INFO neutron.wsgi [None req-b4fff211-15b7-48ef-934a-3e9757e94119 3ae23c41bc1f4269940bbf1c7b927978 093a2da55a974dd7987cb51a448df596 - - default default] 10.0.0.34 "GET /v2.0/subnets HTTP/1.1" status: 200 len: 4666 time: 0.0274096
2026-09-02 09:17:31.375 10 INFO neutron.wsgi [None req-35fc9771-ff88-45e4-938a-2703098e1487 3ae23c41bc1f4269940bbf1c7b927978 093a2da55a974dd7987cb51a448df596 - - default default] 10.0.0.34 "GET /v2.0/subnetpools HTTP/1.1" status: 200 len: 193 time: 0.0109396
2026-09-02 09:17:31.477 9 INFO neutron.wsgi [req-1994de64-726b-4dcd-86b1-3b731195f636 req-7ce285ef-0ec0-4c48-8e16-6b889a2ecd97 54e45c44743743bf8e98b1d9fd967fb6 cb0409feed8740599f50043f2d087d16 - - e0c1695d482d4b12a80bd9f7a9960d56 e0c1695d482d4b12a80bd9f7a9960d56] 162.253.55.156 "GET /v2.0/ports?network_id=54c3d601-bf80-490c-be44-c4258ee8ce78&device_owner=network%3Adhcp HTTP/1.1" status: 200 len: 210 time: 0.2705643
2026-09-02 09:17:31.605 9 INFO neutron.wsgi [req-4cb16456-eb06-45db-905d-4d8ab65fec2c req-48af425e-05ab-4976-b03d-c324d0e95518 fa4c5b432df942f0bbb8f8eabee90369 b08d96a6abf046be81fe1a0ad7687068 - - default default] 162.253.55.156 "GET /v2.0/networks?id=c4e868b7-a0a6-4a1c-8535-18f82f359db3 HTTP/1.1" status: 200 len: 871 time: 0.1389349
2026-09-02 09:17:31.624 9 INFO neutron.wsgi [req-1994de64-726b-4dcd-86b1-3b731195f636 req-87e42e60-371c-4adc-b616-d26ba26ed18d 54e45c44743743bf8e98b1d9fd967fb6 cb0409feed8740599f50043f2d087d16 - - e0c1695d482d4b12a80bd9f7a9960d56 e0c1695d482d4b12a80bd9f7a9960d56] 162.253.55.156 "GET /v2.0/networks/54c3d601-bf80-490c-be44-c4258ee8ce78?fields=segments HTTP/1.1" status: 200 len: 212 time: 0.1374435
2026-09-02 09:17:31.723 9 INFO neutron.wsgi [req-4cb16456-eb06-45db-905d-4d8ab65fec2c req-bcdf68e9-cdd4-43d6-adc8-c7838ed56a40 fa4c5b432df942f0bbb8f8eabee90369 b08d96a6abf046be81fe1a0ad7687068 - - default default] 162.253.55.156 "GET /v2.0/security-groups?fields=id&fields=name&tenant_id=b08d96a6abf046be81fe1a0ad7687068 HTTP/1.1" status: 200 len: 472 time: 0.1113691
2026-09-02 09:17:31.759 9 INFO neutron.wsgi [req-1994de64-726b-4dcd-86b1-3b731195f636 req-c41fd40f-a5da-435a-8f29-d643a7fe4806 54e45c44743743bf8e98b1d9fd967fb6 cb0409feed8740599f50043f2d087d16 - - e0c1695d482d4b12a80bd9f7a9960d56 e0c1695d482d4b12a80bd9f7a9960d56] 162.253.55.156 "GET /v2.0/networks/54c3d601-bf80-490c-be44-c4258ee8ce78?fields=provider%3Aphysical_network&fields=provider%3Anetwork_type HTTP/1.1" status: 200 len: 277 time: 0.1143031
2026-09-02 09:17:31.822 9 WARNING neutron.scheduler.dhcp_agent_scheduler [None req-e3bffd6f-0c05-4631-a5b1-b84eaa0f9a00 5b2e7f8c1ba644dfa5d9f985ed2dfec7 e84a891cac8e4913a39c3a1a62c29969 - - default default] No more DHCP agents
2026-09-02 09:17:31.827 9 WARNING neutron.api.rpc.agentnotifiers.dhcp_rpc_agent_api [None req-e3bffd6f-0c05-4631-a5b1-b84eaa0f9a00 5b2e7f8c1ba644dfa5d9f985ed2dfec7 e84a891cac8e4913a39c3a1a62c29969 - - default default] Unable to schedule network 05e155ea-bede-4d1c-9d20-f6f64fc58e6e: no agents available; will retry on subsequent port and subnet creation events.
2026-09-02 09:17:31.900 9 INFO neutron.db.ovn_revision_numbers_db [None req-8963fdc7-5ca0-4f58-aab6-7e2a0674ef9d - - - - - -] Successfully bumped revision number for resource edce811b-407e-4802-aa8e-4283c6732611 (type: ports) to 4
2026-09-02 09:17:32.012 9 INFO neutron.db.ovn_revision_numbers_db [None req-e3bffd6f-0c05-4631-a5b1-b84eaa0f9a00 5b2e7f8c1ba644dfa5d9f985ed2dfec7 e84a891cac8e4913a39c3a1a62c29969 - - default default] Successfully bumped revision number for resource 8f6e9ec0-ba64-4ced-a4d5-4d80b8e707b3 (type: ports) to 1
