2026-09-02 09:16:55.575 10 INFO neutron.plugins.ml2.drivers.ovn.mech_driver.mech_driver [None req-5f734516-6267-4978-9435-44ef8a49628a - - - - - -] OVN reports status down for port: a74f8a33-be8e-4a36-981a-2e0cc6af25e8
2026-09-02 09:16:55.620 10 INFO neutron.db.ovn_revision_numbers_db [None req-06af16ed-9a73-431c-bde0-dfb48b8178cc 3ec93594f66d4ef7ab1a0b07b44b2e79 abedf3e12a5945e98d7491076f6ca98c - - default default] Successfully bumped revision number for resource a74f8a33-be8e-4a36-981a-2e0cc6af25e8 (type: ports) to 2
2026-09-02 09:16:55.633 10 INFO neutron.wsgi [None req-06af16ed-9a73-431c-bde0-dfb48b8178cc 3ec93594f66d4ef7ab1a0b07b44b2e79 abedf3e12a5945e98d7491076f6ca98c - - default default] 10.0.0.155 "PUT /v2.0/ports/a74f8a33-be8e-4a36-981a-2e0cc6af25e8 HTTP/1.1" status: 200 len: 946 time: 0.3248169
2026-09-02 09:16:55.923 9 INFO neutron.wsgi [None req-3f6caff7-d8e5-4876-a775-dafa164b56fb 3ec93594f66d4ef7ab1a0b07b44b2e79 abedf3e12a5945e98d7491076f6ca98c - - default default] 10.0.0.155 "DELETE /v2.0/ports/a74f8a33-be8e-4a36-981a-2e0cc6af25e8 HTTP/1.1" status: 204 len: 168 time: 0.2797968
2026-09-02 09:16:56.019 9 INFO neutron.wsgi [None req-87211e47-6a9f-491b-aca3-039c65447271 3ec93594f66d4ef7ab1a0b07b44b2e79 abedf3e12a5945e98d7491076f6ca98c - - default default] 10.0.0.155 "GET /v2.0/ports HTTP/1.1" status: 200 len: 1732 time: 0.0864797
2026-09-02 09:16:56.051 9 INFO neutron.pecan_wsgi.hooks.translation [None req-57360c3f-8fe8-4db3-98fe-f47e652d2e92 3ec93594f66d4ef7ab1a0b07b44b2e79 abedf3e12a5945e98d7491076f6ca98c - - default default] GET failed (client error): The resource could not be found.
2026-09-02 09:16:56.054 9 INFO neutron.wsgi [None req-57360c3f-8fe8-4db3-98fe-f47e652d2e92 3ec93594f66d4ef7ab1a0b07b44b2e79 abedf3e12a5945e98d7491076f6ca98c - - default default] 10.0.0.155 "GET /v2.0/ports/a74f8a33-be8e-4a36-981a-2e0cc6af25e8 HTTP/1.1" status: 404 len: 333 time: 0.0252209
2026-09-02 09:16:56.119 9 INFO neutron.wsgi [None req-e1a62ddf-4387-4042-92b3-7c60130e3447 3ec93594f66d4ef7ab1a0b07b44b2e79 abedf3e12a5945e98d7491076f6ca98c - - default default] 10.0.0.155 "GET /v2.0/ports HTTP/1.1" status: 200 len: 1732 time: 0.0557339
2026-09-02 09:16:56.196 9 INFO neutron.wsgi [None req-1fe2eefb-d131-4d21-8cde-1f877de818fa 3ec93594f66d4ef7ab1a0b07b44b2e79 abedf3e12a5945e98d7491076f6ca98c - - default default] 10.0.0.155 "GET /v2.0/ports/aa78aa65-f0b4-4463-b625-2ba7e8da50dd HTTP/1.1" status: 200 len: 972 time: 0.0636530 /var/lib/openstack/lib/python3.10/site-packages/pycadf/identifier.py:71: UserWarning: Invalid uuid: neutron. To ensure interoperability, identifiers should be a valid uuid. warnings.warn(('Invalid uuid: %s. To ensure interoperability, '
2026-09-02 09:16:56.223 10 INFO neutron.pecan_wsgi.hooks.translation [None req-beb5db0c-414c-49d0-b916-1e0e7d8c8c7f 3ec93594f66d4ef7ab1a0b07b44b2e79 abedf3e12a5945e98d7491076f6ca98c - - default default] DELETE failed (client error): The resource could not be found.
2026-09-02 09:16:56.226 10 INFO neutron.wsgi [None req-beb5db0c-414c-49d0-b916-1e0e7d8c8c7f 3ec93594f66d4ef7ab1a0b07b44b2e79 abedf3e12a5945e98d7491076f6ca98c - - default default] 10.0.0.155 "DELETE /v2.0/ports/6b8420fe-cca9-4660-97f7-db8755e8e046 HTTP/1.1" status: 404 len: 333 time: 0.0223584
2026-09-02 09:16:56.253 10 INFO neutron.pecan_wsgi.hooks.translation [None req-884e5309-5f88-4ac4-a3d5-225a78749b8d 3ec93594f66d4ef7ab1a0b07b44b2e79 abedf3e12a5945e98d7491076f6ca98c - - default default] DELETE failed (client error): The resource could not be found.
2026-09-02 09:16:56.255 10 INFO neutron.wsgi [None req-884e5309-5f88-4ac4-a3d5-225a78749b8d 3ec93594f66d4ef7ab1a0b07b44b2e79 abedf3e12a5945e98d7491076f6ca98c - - default default] 10.0.0.155 "DELETE /v2.0/subnets/a09a5c77-3262-49fd-a166-0e682b4abfed HTTP/1.1" status: 404 len: 337 time: 0.0241227
2026-09-02 09:16:56.278 10 INFO neutron.pecan_wsgi.hooks.translation [None req-b5cc8378-0a3c-4482-ac32-f1257f01be33 3ec93594f66d4ef7ab1a0b07b44b2e79 abedf3e12a5945e98d7491076f6ca98c - - default default] DELETE failed (client error): The resource could not be found.
2026-09-02 09:16:56.282 10 INFO neutron.wsgi [None req-b5cc8378-0a3c-4482-ac32-f1257f01be33 3ec93594f66d4ef7ab1a0b07b44b2e79 abedf3e12a5945e98d7491076f6ca98c - - default default] 10.0.0.155 "DELETE /v2.0/subnets/b3993afe-6df9-45ee-930c-6171727aaa51 HTTP/1.1" status: 404 len: 337 time: 0.0213871
2026-09-02 09:16:56.534 10 INFO neutron.wsgi [None req-e72a297e-fb64-4e64-9973-46227f9ba247 3ec93594f66d4ef7ab1a0b07b44b2e79 abedf3e12a5945e98d7491076f6ca98c - - default default] 10.0.0.155 "DELETE /v2.0/ports/aa78aa65-f0b4-4463-b625-2ba7e8da50dd HTTP/1.1" status: 204 len: 168 time: 0.2471747
2026-09-02 09:16:56.993 9 INFO neutron.services.segments.plugin [-] Segment 164a4280-4d58-466b-b141-eea9aa6adfe4 resource provider aggregate not found
2026-09-02 09:16:57.001 9 INFO neutron.services.segments.plugin [-] Segment 164a4280-4d58-466b-b141-eea9aa6adfe4 resource provider aggregate not found
2026-09-02 09:16:57.034 9 INFO neutron.services.segments.plugin [-] Segment 164a4280-4d58-466b-b141-eea9aa6adfe4 resource provider not found; error: Placement Client Error (4xx): {"errors": [{"status": 404, "title": "Not Found", "detail": "The resource could not be found.\n\n No resource provider with uuid 164a4280-4d58-466b-b141-eea9aa6adfe4 found for delete ", "request_id": "req-b8afaeeb-ecab-475c-aae3-6ec8b2e3fcac"}]}
2026-09-02 09:16:57.040 9 INFO neutron.services.segments.plugin [-] Segment 164a4280-4d58-466b-b141-eea9aa6adfe4 resource provider not found; error: Placement Client Error (4xx): {"errors": [{"status": 404, "title": "Not Found", "detail": "The resource could not be found.\n\n No resource provider with uuid 164a4280-4d58-466b-b141-eea9aa6adfe4 found for delete ", "request_id": "req-98aca8ed-e18a-4b52-8d0d-be5152af0ebc"}]}
2026-09-02 09:16:57.095 9 INFO neutron.wsgi [None req-16994dbf-09f2-4a7a-8c31-7956abf49cef 3ec93594f66d4ef7ab1a0b07b44b2e79 abedf3e12a5945e98d7491076f6ca98c - - default default] 10.0.0.155 "DELETE /v2.0/networks/5553be4d-4587-45b8-98d9-f8b4b05ecccd HTTP/1.1" status: 204 len: 168 time: 0.5509336
2026-09-02 09:16:57.200 10 INFO neutron.db.ovn_revision_numbers_db [None req-7d93f943-19f4-44a5-b921-32fb64076d04 3ae23c41bc1f4269940bbf1c7b927978 093a2da55a974dd7987cb51a448df596 - - default default] Successfully bumped revision number for resource bb148e30-68fd-4a4c-8aff-edda28400e37 (type: security_groups) to 1
2026-09-02 09:16:57.226 10 INFO neutron.db.ovn_revision_numbers_db [None req-7d93f943-19f4-44a5-b921-32fb64076d04 3ae23c41bc1f4269940bbf1c7b927978 093a2da55a974dd7987cb51a448df596 - - default default] Successfully bumped revision number for resource 19d780ff-8126-466a-ab1b-889c34704992 (type: security_group_rules) to 0
2026-09-02 09:16:57.247 10 INFO neutron.db.ovn_revision_numbers_db [None req-7d93f943-19f4-44a5-b921-32fb64076d04 3ae23c41bc1f4269940bbf1c7b927978 093a2da55a974dd7987cb51a448df596 - - default default] Successfully bumped revision number for resource 52b2c747-e9f6-4601-b362-ded8b90a5952 (type: security_group_rules) to 0
2026-09-02 09:16:57.267 10 INFO neutron.db.ovn_revision_numbers_db [None req-7d93f943-19f4-44a5-b921-32fb64076d04 3ae23c41bc1f4269940bbf1c7b927978 093a2da55a974dd7987cb51a448df596 - - default default] Successfully bumped revision number for resource 658ed783-47f9-4f38-a287-256442c4ae21 (type: security_group_rules) to 0
2026-09-02 09:16:57.287 10 INFO neutron.db.ovn_revision_numbers_db [None req-7d93f943-19f4-44a5-b921-32fb64076d04 3ae23c41bc1f4269940bbf1c7b927978 093a2da55a974dd7987cb51a448df596 - - default default] Successfully bumped revision number for resource 76094326-073e-4f16-b056-a718b1f9c4fc (type: security_group_rules) to 0
2026-09-02 09:16:57.327 10 INFO neutron.wsgi [None req-7d93f943-19f4-44a5-b921-32fb64076d04 3ae23c41bc1f4269940bbf1c7b927978 093a2da55a974dd7987cb51a448df596 - - default default] 10.0.0.155 "GET /v2.0/security-groups?tenant_id=4dc181b4aaa140308baf1cb6450e2243&name=default HTTP/1.1" status: 200 len: 2996 time: 0.5818584
2026-09-02 09:16:57.566 10 INFO neutron.wsgi [None req-9b3f770b-a1b8-4664-885f-6fbee1834399 3ae23c41bc1f4269940bbf1c7b927978 093a2da55a974dd7987cb51a448df596 - - default default] 10.0.0.155 "DELETE /v2.0/security-groups/bb148e30-68fd-4a4c-8aff-edda28400e37 HTTP/1.1" status: 204 len: 168 time: 0.2333307
2026-09-02 09:16:57.930 10 INFO neutron.db.ovn_revision_numbers_db [None req-6fb9e832-886c-4bbb-89c1-774cc74de873 3ae23c41bc1f4269940bbf1c7b927978 093a2da55a974dd7987cb51a448df596 - - default default] Successfully bumped revision number for resource 24e174da-b771-4294-a6c4-88b6f7e73a19 (type: security_groups) to 1
2026-09-02 09:16:57.943 10 INFO neutron.db.ovn_revision_numbers_db [None req-6fb9e832-886c-4bbb-89c1-774cc74de873 3ae23c41bc1f4269940bbf1c7b927978 093a2da55a974dd7987cb51a448df596 - - default default] Successfully bumped revision number for resource 5ca5cb02-6651-4cd7-b99c-2d8614759dca (type: security_group_rules) to 0
2026-09-02 09:16:57.954 10 INFO neutron.db.ovn_revision_numbers_db [None req-6fb9e832-886c-4bbb-89c1-774cc74de873 3ae23c41bc1f4269940bbf1c7b927978 093a2da55a974dd7987cb51a448df596 - - default default] Successfully bumped revision number for resource 8a109fd0-d21d-43bd-a2cf-a6b711bcca2d (type: security_group_rules) to 0
2026-09-02 09:16:57.966 10 INFO neutron.db.ovn_revision_numbers_db [None req-6fb9e832-886c-4bbb-89c1-774cc74de873 3ae23c41bc1f4269940bbf1c7b927978 093a2da55a974dd7987cb51a448df596 - - default default] Successfully bumped revision number for resource d8707395-f036-434f-b97c-1aa1c27e4175 (type: security_group_rules) to 0
2026-09-02 09:16:57.978 10 INFO neutron.db.ovn_revision_numbers_db [None req-6fb9e832-886c-4bbb-89c1-774cc74de873 3ae23c41bc1f4269940bbf1c7b927978 093a2da55a974dd7987cb51a448df596 - - default default] Successfully bumped revision number for resource e06630d4-0df2-4481-baa0-656bcd6dbcbf (type: security_group_rules) to 0
2026-09-02 09:16:57.998 10 INFO neutron.wsgi [None req-6fb9e832-886c-4bbb-89c1-774cc74de873 3ae23c41bc1f4269940bbf1c7b927978 093a2da55a974dd7987cb51a448df596 - - default default] 10.0.0.155 "GET /v2.0/security-groups?tenant_id=e66be503bcd2441a8848ee2489d233bf&name=default HTTP/1.1" status: 200 len: 2996 time: 0.2997158
2026-09-02 09:16:58.037 9 INFO neutron.wsgi [None req-e049144d-401f-4179-b54a-effa91984f34 3ae23c41bc1f4269940bbf1c7b927978 093a2da55a974dd7987cb51a448df596 - - default default] 10.0.0.155 "GET /v2.0/security-groups?tenant_id=abedf3e12a5945e98d7491076f6ca98c&name=default HTTP/1.1" status: 200 len: 2996 time: 0.3347824
2026-09-02 09:16:58.204 9 INFO neutron.wsgi [req-06ad29ba-01cb-4160-af12-044aa27e4267 req-4b1c59a9-34a1-4fad-bcb1-b66eee3db305 54e45c44743743bf8e98b1d9fd967fb6 cb0409feed8740599f50043f2d087d16 - - e0c1695d482d4b12a80bd9f7a9960d56 e0c1695d482d4b12a80bd9f7a9960d56] 162.253.55.156 "GET /v2.0/ports?device_id=0afadac5-f80a-4f5d-ae14-e8044d3a358b&fields=binding%3Ahost_id&fields=binding%3Avif_type HTTP/1.1" status: 200 len: 265 time: 0.0743885
2026-09-02 09:16:58.212 10 INFO neutron.wsgi [None req-fc516727-7392-42ac-b6ed-963d7a1bb474 3ae23c41bc1f4269940bbf1c7b927978 093a2da55a974dd7987cb51a448df596 - - default default] 10.0.0.155 "DELETE /v2.0/security-groups/24e174da-b771-4294-a6c4-88b6f7e73a19 HTTP/1.1" status: 204 len: 168 time: 0.2081559
2026-09-02 09:16:58.256 10 INFO neutron.wsgi [None req-7d2dc65e-804e-4d2f-9620-1fdfede0f372 3ae23c41bc1f4269940bbf1c7b927978 093a2da55a974dd7987cb51a448df596 - - default default] 10.0.0.155 "DELETE /v2.0/security-groups/b1459f7c-60d5-4a82-a350-318ec29dc84e HTTP/1.1" status: 204 len: 168 time: 0.2112989
2026-09-02 09:16:58.316 9 INFO neutron.wsgi [req-06ad29ba-01cb-4160-af12-044aa27e4267 req-66ee0f2a-2a7f-4c82-88c6-440749b4910b 54e45c44743743bf8e98b1d9fd967fb6 cb0409feed8740599f50043f2d087d16 - - e0c1695d482d4b12a80bd9f7a9960d56 e0c1695d482d4b12a80bd9f7a9960d56] 162.253.55.156 "GET /v2.0/ports?tenant_id=d4385c5896b94e2382f9a35e5d01b6cc&device_id=0afadac5-f80a-4f5d-ae14-e8044d3a358b HTTP/1.1" status: 200 len: 1413 time: 0.0571637
2026-09-02 09:16:58.406 9 INFO neutron.wsgi [req-06ad29ba-01cb-4160-af12-044aa27e4267 req-b87d3509-724a-4c31-97fe-bfbd027649a9 54e45c44743743bf8e98b1d9fd967fb6 cb0409feed8740599f50043f2d087d16 - - e0c1695d482d4b12a80bd9f7a9960d56 e0c1695d482d4b12a80bd9f7a9960d56] 162.253.55.156 "GET /v2.0/networks?id=b06d2f89-ea93-4ca0-80b3-afcc115334fb HTTP/1.1" status: 200 len: 974 time: 0.0680251
2026-09-02 09:16:58.462 9 INFO neutron.wsgi [req-06ad29ba-01cb-4160-af12-044aa27e4267 req-25ba0bba-a954-46ad-b090-9c8618ac6439 54e45c44743743bf8e98b1d9fd967fb6 cb0409feed8740599f50043f2d087d16 - - e0c1695d482d4b12a80bd9f7a9960d56 e0c1695d482d4b12a80bd9f7a9960d56] 162.253.55.156 "GET /v2.0/floatingips?fixed_ip_address=10.100.0.10&port_id=30dba5fb-a208-4271-b122-81fe0056f159 HTTP/1.1" status: 200 len: 1060 time: 0.0513978
2026-09-02 09:16:58.503 9 INFO neutron.wsgi [req-06ad29ba-01cb-4160-af12-044aa27e4267 req-c1e6243b-532a-4659-ba72-456577a8dc13 54e45c44743743bf8e98b1d9fd967fb6 cb0409feed8740599f50043f2d087d16 - - e0c1695d482d4b12a80bd9f7a9960d56 e0c1695d482d4b12a80bd9f7a9960d56] 162.253.55.156 "GET /v2.0/subnets?id=80870fcd-9715-4f3a-9acd-cf54b3811639 HTTP/1.1" status: 200 len: 869 time: 0.0375183
2026-09-02 09:16:58.522 9 INFO neutron.wsgi [req-06ad29ba-01cb-4160-af12-044aa27e4267 req-b35fd370-db82-4ce9-8bbe-ba5bb50bbf78 54e45c44743743bf8e98b1d9fd967fb6 cb0409feed8740599f50043f2d087d16 - - e0c1695d482d4b12a80bd9f7a9960d56 e0c1695d482d4b12a80bd9f7a9960d56] 162.253.55.156 "GET /v2.0/ports?network_id=b06d2f89-ea93-4ca0-80b3-afcc115334fb&device_owner=network%3Adhcp HTTP/1.1" status: 200 len: 210 time: 0.0152538
2026-09-02 09:16:58.534 10 INFO neutron.db.ovn_revision_numbers_db [None req-7a798e3a-e8c8-45b5-bace-cd27785819fc 3ae23c41bc1f4269940bbf1c7b927978 093a2da55a974dd7987cb51a448df596 - - default default] Successfully bumped revision number for resource 2f728a5e-4e6d-4b40-abbe-998782e67b40 (type: security_groups) to 1
2026-09-02 09:16:58.567 10 INFO neutron.db.ovn_revision_numbers_db [None req-7a798e3a-e8c8-45b5-bace-cd27785819fc 3ae23c41bc1f4269940bbf1c7b927978 093a2da55a974dd7987cb51a448df596 - - default default] Successfully bumped revision number for resource 04546e8b-9511-4f46-9334-b75783f3014e (type: security_group_rules) to 0
2026-09-02 09:16:58.593 10 INFO neutron.db.ovn_revision_numbers_db [None req-7a798e3a-e8c8-45b5-bace-cd27785819fc 3ae23c41bc1f4269940bbf1c7b927978 093a2da55a974dd7987cb51a448df596 - - default default] Successfully bumped revision number for resource 89f391eb-d4ce-45df-b439-642b28e2aa5c (type: security_group_rules) to 0
2026-09-02 09:16:58.599 9 INFO neutron.wsgi [req-06ad29ba-01cb-4160-af12-044aa27e4267 req-a2a82a91-ba59-40af-b1da-48c13c68508c 54e45c44743743bf8e98b1d9fd967fb6 cb0409feed8740599f50043f2d087d16 - - e0c1695d482d4b12a80bd9f7a9960d56 e0c1695d482d4b12a80bd9f7a9960d56] 162.253.55.156 "GET /v2.0/networks/b06d2f89-ea93-4ca0-80b3-afcc115334fb?fields=segments HTTP/1.1" status: 200 len: 212 time: 0.0724542
2026-09-02 09:16:58.622 10 INFO neutron.db.ovn_revision_numbers_db [None req-7a798e3a-e8c8-45b5-bace-cd27785819fc 3ae23c41bc1f4269940bbf1c7b927978 093a2da55a974dd7987cb51a448df596 - - default default] Successfully bumped revision number for resource beaf6016-e5e7-4682-acca-6f1061103b8a (type: security_group_rules) to 0
2026-09-02 09:16:58.638 10 INFO neutron.db.ovn_revision_numbers_db [None req-7a798e3a-e8c8-45b5-bace-cd27785819fc 3ae23c41bc1f4269940bbf1c7b927978 093a2da55a974dd7987cb51a448df596 - - default default] Successfully bumped revision number for resource c5557ab6-b6a9-4adb-ae4b-6ba9a7526bbd (type: security_group_rules) to 0
2026-09-02 09:16:58.650 9 INFO neutron.wsgi [req-06ad29ba-01cb-4160-af12-044aa27e4267 req-c1e7bf8c-35af-42f6-952a-ea756a7986d0 54e45c44743743bf8e98b1d9fd967fb6 cb0409feed8740599f50043f2d087d16 - - e0c1695d482d4b12a80bd9f7a9960d56 e0c1695d482d4b12a80bd9f7a9960d56] 162.253.55.156 "GET /v2.0/networks/b06d2f89-ea93-4ca0-80b3-afcc115334fb?fields=provider%3Aphysical_network&fields=provider%3Anetwork_type HTTP/1.1" status: 200 len: 277 time: 0.0469534
2026-09-02 09:16:58.669 10 INFO neutron.wsgi [None req-7a798e3a-e8c8-45b5-bace-cd27785819fc 3ae23c41bc1f4269940bbf1c7b927978 093a2da55a974dd7987cb51a448df596 - - default default] 10.0.0.155 "GET /v2.0/security-groups?tenant_id=46b921660007403ca6471667075fd16d&name=default HTTP/1.1" status: 200 len: 2996 time: 0.3161330
2026-09-02 09:16:58.853 10 INFO neutron.wsgi [None req-13dd78c1-e38e-438c-a758-bf8ea30bcb98 3ae23c41bc1f4269940bbf1c7b927978 093a2da55a974dd7987cb51a448df596 - - default default] 10.0.0.155 "DELETE /v2.0/security-groups/2f728a5e-4e6d-4b40-abbe-998782e67b40 HTTP/1.1" status: 204 len: 168 time: 0.1768856
2026-09-02 09:17:00.522 10 INFO neutron.db.ovn_revision_numbers_db [None req-94ac7446-7798-4e77-bb9f-a7543b40ed24 0221cbc5a0d0487cae80f95f05d2f900 55338f0c90c643e8b43e4e924558dfc7 - - default default] Successfully bumped revision number for resource 7eecf2f4-06b8-482a-bbdf-6aa18e982347 (type: security_groups) to 1
2026-09-02 09:17:00.555 10 INFO neutron.db.ovn_revision_numbers_db [None req-94ac7446-7798-4e77-bb9f-a7543b40ed24 0221cbc5a0d0487cae80f95f05d2f900 55338f0c90c643e8b43e4e924558dfc7 - - default default] Successfully bumped revision number for resource 24181808-6022-4c2e-8951-97efee602fd8 (type: security_group_rules) to 0
2026-09-02 09:17:00.572 10 INFO neutron.db.ovn_revision_numbers_db [None req-94ac7446-7798-4e77-bb9f-a7543b40ed24 0221cbc5a0d0487cae80f95f05d2f900 55338f0c90c643e8b43e4e924558dfc7 - - default default] Successfully bumped revision number for resource 4ec74de6-8508-4b09-b257-e576a7cfeb16 (type: security_group_rules) to 0
2026-09-02 09:17:00.592 10 INFO neutron.db.ovn_revision_numbers_db [None req-94ac7446-7798-4e77-bb9f-a7543b40ed24 0221cbc5a0d0487cae80f95f05d2f900 55338f0c90c643e8b43e4e924558dfc7 - - default default] Successfully bumped revision number for resource c90597b3-ee56-426b-b463-3c6432f463a2 (type: security_group_rules) to 0
2026-09-02 09:17:00.606 10 INFO neutron.db.ovn_revision_numbers_db [None req-94ac7446-7798-4e77-bb9f-a7543b40ed24 0221cbc5a0d0487cae80f95f05d2f900 55338f0c90c643e8b43e4e924558dfc7 - - default default] Successfully bumped revision number for resource e6708c02-e6e3-4d0c-ae3a-c926427f44a9 (type: security_group_rules) to 0
2026-09-02 09:17:00.719 10 INFO neutron.db.ovn_revision_numbers_db [None req-94ac7446-7798-4e77-bb9f-a7543b40ed24 0221cbc5a0d0487cae80f95f05d2f900 55338f0c90c643e8b43e4e924558dfc7 - - default default] Successfully bumped revision number for resource 79c1690e-dd9f-4cfd-800f-b8797d701841 (type: security_groups) to 1
2026-09-02 09:17:00.742 10 INFO neutron.db.ovn_revision_numbers_db [None req-94ac7446-7798-4e77-bb9f-a7543b40ed24 0221cbc5a0d0487cae80f95f05d2f900 55338f0c90c643e8b43e4e924558dfc7 - - default default] Successfully bumped revision number for resource 12e35c3c-b35c-4d47-8837-710af4d47196 (type: security_group_rules) to 0
2026-09-02 09:17:00.769 10 INFO neutron.db.ovn_revision_numbers_db [None req-94ac7446-7798-4e77-bb9f-a7543b40ed24 0221cbc5a0d0487cae80f95f05d2f900 55338f0c90c643e8b43e4e924558dfc7 - - default default] Successfully bumped revision number for resource e6ea6953-55b0-44bf-9c62-dafc2304774f (type: security_group_rules) to 0
2026-09-02 09:17:00.803 10 INFO neutron.wsgi [None req-94ac7446-7798-4e77-bb9f-a7543b40ed24 0221cbc5a0d0487cae80f95f05d2f900 55338f0c90c643e8b43e4e924558dfc7 - - default default] 10.0.0.155 "POST /v2.0/security-groups HTTP/1.1" status: 201 len: 1761 time: 0.5710375
2026-09-02 09:17:00.855 9 INFO neutron.wsgi [None req-44baa3b5-ddbc-4d34-811f-f8b0a507dce6 0221cbc5a0d0487cae80f95f05d2f900 55338f0c90c643e8b43e4e924558dfc7 - - default default] 10.0.0.155 "GET /v2.0/security-groups HTTP/1.1" status: 200 len: 4539 time: 0.0461731
2026-09-02 09:17:00.952 9 INFO neutron.db.ovn_revision_numbers_db [None req-3ff3283b-973e-4ceb-820b-1876447d63e9 0221cbc5a0d0487cae80f95f05d2f900 55338f0c90c643e8b43e4e924558dfc7 - - default default] Successfully bumped revision number for resource 79c1690e-dd9f-4cfd-800f-b8797d701841 (type: security_groups) to 2
2026-09-02 09:17:00.959 9 INFO neutron.wsgi [None req-3ff3283b-973e-4ceb-820b-1876447d63e9 0221cbc5a0d0487cae80f95f05d2f900 55338f0c90c643e8b43e4e924558dfc7 - - default default] 10.0.0.155 "PUT /v2.0/security-groups/79c1690e-dd9f-4cfd-800f-b8797d701841 HTTP/1.1" status: 200 len: 1794 time: 0.0984375
2026-09-02 09:17:01.012 10 INFO neutron.wsgi [None req-bb410fad-1130-4d48-b360-0f308d6e721b 0221cbc5a0d0487cae80f95f05d2f900 55338f0c90c643e8b43e4e924558dfc7 - - default default] 10.0.0.155 "GET /v2.0/security-groups/79c1690e-dd9f-4cfd-800f-b8797d701841 HTTP/1.1" status: 200 len: 1794 time: 0.0454736
2026-09-02 09:17:01.183 10 INFO neutron.wsgi [None req-cb2005ef-0b67-4225-be17-8187c6c20019 0221cbc5a0d0487cae80f95f05d2f900 55338f0c90c643e8b43e4e924558dfc7 - - default default] 10.0.0.155 "DELETE /v2.0/security-groups/79c1690e-dd9f-4cfd-800f-b8797d701841 HTTP/1.1" status: 204 len: 168 time: 0.1663322
2026-09-02 09:17:01.241 10 INFO neutron.wsgi [None req-a323b7cb-c6dc-47b0-917b-c3a533193e75 0221cbc5a0d0487cae80f95f05d2f900 55338f0c90c643e8b43e4e924558dfc7 - - default default] 10.0.0.155 "GET /v2.0/security-groups HTTP/1.1" status: 200 len: 2996 time: 0.0514212
2026-09-02 09:17:01.271 10 INFO neutron.api.v2.resource [None req-07910ba2-0460-460d-ab52-e30d22fe0787 0221cbc5a0d0487cae80f95f05d2f900 55338f0c90c643e8b43e4e924558dfc7 - - default default] delete failed (client error): The resource could not be found.
2026-09-02 09:17:01.272 10 INFO neutron.wsgi [None req-07910ba2-0460-460d-ab52-e30d22fe0787 0221cbc5a0d0487cae80f95f05d2f900 55338f0c90c643e8b43e4e924558dfc7 - - default default] 10.0.0.155 "DELETE /v2.0/security-groups/79c1690e-dd9f-4cfd-800f-b8797d701841 HTTP/1.1" status: 404 len: 347 time: 0.0210950
2026-09-02 09:17:01.395 10 INFO neutron.db.ovn_revision_numbers_db [None req-f55db719-613e-49cc-a1da-1063af413d4b 0221cbc5a0d0487cae80f95f05d2f900 55338f0c90c643e8b43e4e924558dfc7 - - default default] Successfully bumped revision number for resource 145d4003-24b6-44e5-a5b2-e559e977e3da (type: security_groups) to 1
2026-09-02 09:17:01.410 10 INFO neutron.db.ovn_revision_numbers_db [None req-f55db719-613e-49cc-a1da-1063af413d4b 0221cbc5a0d0487cae80f95f05d2f900 55338f0c90c643e8b43e4e924558dfc7 - - default default] Successfully bumped revision number for resource 15baea8d-30d5-4824-93ae-fcebd40966cf (type: security_group_rules) to 0
2026-09-02 09:17:01.436 10 INFO neutron.db.ovn_revision_numbers_db [None req-f55db719-613e-49cc-a1da-1063af413d4b 0221cbc5a0d0487cae80f95f05d2f900 55338f0c90c643e8b43e4e924558dfc7 - - default default] Successfully bumped revision number for resource c76fdbf5-aae1-457c-96fd-610a91329d44 (type: security_group_rules) to 0
2026-09-02 09:17:01.488 10 INFO neutron.wsgi [None req-f55db719-613e-49cc-a1da-1063af413d4b 0221cbc5a0d0487cae80f95f05d2f900 55338f0c90c643e8b43e4e924558dfc7 - - default default] 10.0.0.155 "POST /v2.0/security-groups HTTP/1.1" status: 201 len: 1761 time: 0.2086189
2026-09-02 09:17:01.623 10 INFO neutron.wsgi [None req-7a2e8ea0-5b45-4853-9ce6-70476e9ab69d 3c573bf2218e4fca9f2fbb217bc540e3 ea060f3ef0bc40e9a6428b0a9fd057b9 - - default default] 10.0.0.150 "GET /v2.0/extensions HTTP/1.1" status: 200 len: 16525 time: 0.2770464
2026-09-02 09:17:01.640 10 INFO neutron.db.ovn_revision_numbers_db [None req-7ba73a9e-917d-416c-a1dd-21b71b9068e3 0221cbc5a0d0487cae80f95f05d2f900 55338f0c90c643e8b43e4e924558dfc7 - - default default] Successfully bumped revision number for resource 8081a20d-6e5b-4a83-ae91-466b1eb4602f (type: security_group_rules) to 0
2026-09-02 09:17:01.668 10 INFO neutron.wsgi [None req-7ba73a9e-917d-416c-a1dd-21b71b9068e3 0221cbc5a0d0487cae80f95f05d2f900 55338f0c90c643e8b43e4e924558dfc7 - - default default] 10.0.0.155 "POST /v2.0/security-group-rules HTTP/1.1" status: 201 len: 768 time: 0.1713445
2026-09-02 09:17:01.684 9 INFO neutron.wsgi [None req-67523f33-9dee-4169-ba53-e1137c469f60 0221cbc5a0d0487cae80f95f05d2f900 55338f0c90c643e8b43e4e924558dfc7 - - default default] 10.0.0.155 "GET /v2.0/security-group-rules/8081a20d-6e5b-4a83-ae91-466b1eb4602f HTTP/1.1" status: 200 len: 763 time: 0.0126626
2026-09-02 09:17:01.719 10 INFO neutron.wsgi [None req-2e0d8aee-8818-4e62-8ae3-0292d5cf6606 0221cbc5a0d0487cae80f95f05d2f900 55338f0c90c643e8b43e4e924558dfc7 - - default default] 10.0.0.155 "GET /v2.0/security-group-rules HTTP/1.1" status: 200 len: 4113 time: 0.0311167
2026-09-02 09:17:01.734 9 INFO neutron.wsgi [None req-9974b302-0f2c-4303-aac4-73be1f47db79 3c573bf2218e4fca9f2fbb217bc540e3 ea060f3ef0bc40e9a6428b0a9fd057b9 - - default default] 10.0.0.150 "GET /v2.0/quotas/ea060f3ef0bc40e9a6428b0a9fd057b9/details HTTP/1.1" status: 200 len: 756 time: 0.0916305
2026-09-02 09:17:01.842 10 INFO neutron.wsgi [None req-2dca98b1-8499-4646-afdb-345908e2119c 0221cbc5a0d0487cae80f95f05d2f900 55338f0c90c643e8b43e4e924558dfc7 - - default default] 10.0.0.155 "DELETE /v2.0/security-group-rules/8081a20d-6e5b-4a83-ae91-466b1eb4602f HTTP/1.1" status: 204 len: 168 time: 0.1183813
2026-09-02 09:17:01.903 9 INFO neutron.wsgi [None req-6780e4de-afc7-44bc-bca4-05f68cdc6deb 0221cbc5a0d0487cae80f95f05d2f900 55338f0c90c643e8b43e4e924558dfc7 - - default default] 10.0.0.155 "GET /v2.0/security-group-rules HTTP/1.1" status: 200 len: 3567 time: 0.0515096
2026-09-02 09:17:02.006 9 INFO neutron.db.ovn_revision_numbers_db [None req-cb8b8f4f-fa08-41f9-ad81-f583ae211b3d 0221cbc5a0d0487cae80f95f05d2f900 55338f0c90c643e8b43e4e924558dfc7 - - default default] Successfully bumped revision number for resource 66b7b57e-2e2e-4689-b9eb-4b48c450eebd (type: security_group_rules) to 0
2026-09-02 09:17:02.026 9 INFO neutron.wsgi [None req-cb8b8f4f-fa08-41f9-ad81-f583ae211b3d 0221cbc5a0d0487cae80f95f05d2f900 55338f0c90c643e8b43e4e924558dfc7 - - default default] 10.0.0.155 "POST /v2.0/security-group-rules HTTP/1.1" status: 201 len: 768 time: 0.1187525
2026-09-02 09:17:02.057 9 INFO neutron.wsgi [None req-52901f94-2cef-463f-bed3-acf5826148c6 0221cbc5a0d0487cae80f95f05d2f900 55338f0c90c643e8b43e4e924558dfc7 - - default default] 10.0.0.155 "GET /v2.0/security-group-rules/66b7b57e-2e2e-4689-b9eb-4b48c450eebd HTTP/1.1" status: 200 len: 763 time: 0.0229919
2026-09-02 09:17:02.098 9 INFO neutron.wsgi [None req-0656d42b-04ae-47b1-884d-a8f352f6c52a 0221cbc5a0d0487cae80f95f05d2f900 55338f0c90c643e8b43e4e924558dfc7 - - default default] 10.0.0.155 "GET /v2.0/security-group-rules HTTP/1.1" status: 200 len: 4113 time: 0.0328221
2026-09-02 09:17:02.187 9 INFO neutron.wsgi [None req-2e240148-e247-4f84-9366-0d5491a8f0e2 0221cbc5a0d0487cae80f95f05d2f900 55338f0c90c643e8b43e4e924558dfc7 - - default default] 10.0.0.155 "DELETE /v2.0/security-group-rules/66b7b57e-2e2e-4689-b9eb-4b48c450eebd HTTP/1.1" status: 204 len: 168 time: 0.0846424
2026-09-02 09:17:02.225 9 INFO neutron.wsgi [None req-8b75866e-93a6-49ad-9056-2cf2df471ee9 0221cbc5a0d0487cae80f95f05d2f900 55338f0c90c643e8b43e4e924558dfc7 - - default default] 10.0.0.155 "GET /v2.0/security-group-rules HTTP/1.1" status: 200 len: 3567 time: 0.0331635
2026-09-02 09:17:02.257 9 INFO neutron.db.securitygroups_db [None req-0442936a-b7ef-459d-acbf-09c17a6bad83 0221cbc5a0d0487cae80f95f05d2f900 55338f0c90c643e8b43e4e924558dfc7 - - default default] Project 55338f0c90c643e8b43e4e924558dfc7 added a security group rule with legacy IPv6 ICMP protocol name icmp, ipv6-icmp should be used instead. It was automatically converted.
2026-09-02 09:17:02.375 9 INFO neutron.db.ovn_revision_numbers_db [None req-0442936a-b7ef-459d-acbf-09c17a6bad83 0221cbc5a0d0487cae80f95f05d2f900 55338f0c90c643e8b43e4e924558dfc7 - - default default] Successfully bumped revision number for resource 60ec33ac-852e-4440-9593-42c671186a49 (type: security_group_rules) to 0
2026-09-02 09:17:02.402 9 INFO neutron.wsgi [None req-0442936a-b7ef-459d-acbf-09c17a6bad83 0221cbc5a0d0487cae80f95f05d2f900 55338f0c90c643e8b43e4e924558dfc7 - - default default] 10.0.0.155 "POST /v2.0/security-group-rules HTTP/1.1" status: 201 len: 774 time: 0.1680236
2026-09-02 09:17:02.421 9 INFO neutron.wsgi [None req-cfc34d75-6c69-4e30-83dd-39c639e417e2 0221cbc5a0d0487cae80f95f05d2f900 55338f0c90c643e8b43e4e924558dfc7 - - default default] 10.0.0.155 "GET /v2.0/security-group-rules/60ec33ac-852e-4440-9593-42c671186a49 HTTP/1.1" status: 200 len: 769 time: 0.0129721
2026-09-02 09:17:02.476 9 INFO neutron.wsgi [None req-120c621b-b189-4ec8-91b8-48ccb54f83cc 0221cbc5a0d0487cae80f95f05d2f900 55338f0c90c643e8b43e4e924558dfc7 - - default default] 10.0.0.155 "GET /v2.0/security-group-rules HTTP/1.1" status: 200 len: 4119 time: 0.0464182
2026-09-02 09:17:02.594 9 INFO neutron.wsgi [None req-0f4dd2d6-0fc6-4ca6-95eb-d9460f702d0f 0221cbc5a0d0487cae80f95f05d2f900 55338f0c90c643e8b43e4e924558dfc7 - - default default] 10.0.0.155 "DELETE /v2.0/security-group-rules/60ec33ac-852e-4440-9593-42c671186a49 HTTP/1.1" status: 204 len: 168 time: 0.1126144
2026-09-02 09:17:02.637 9 INFO neutron.wsgi [None req-98e49a25-29ee-4702-8bf0-5e975cba99cc 0221cbc5a0d0487cae80f95f05d2f900 55338f0c90c643e8b43e4e924558dfc7 - - default default] 10.0.0.155 "GET /v2.0/security-group-rules HTTP/1.1" status: 200 len: 3567 time: 0.0350995
2026-09-02 09:17:02.722 9 INFO neutron.wsgi [None req-37bb77eb-f0d3-4e99-adaa-ef6bec57b8e2 0221cbc5a0d0487cae80f95f05d2f900 55338f0c90c643e8b43e4e924558dfc7 - - default default] 10.0.0.155 "DELETE /v2.0/security-groups/145d4003-24b6-44e5-a5b2-e559e977e3da HTTP/1.1" status: 204 len: 168 time: 0.0811253
2026-09-02 09:17:02.758 9 INFO neutron.wsgi [None req-0a36e8e2-92ec-4f95-aa60-2f88c9f00bba 0221cbc5a0d0487cae80f95f05d2f900 55338f0c90c643e8b43e4e924558dfc7 - - default default] 10.0.0.155 "GET /v2.0/security-groups HTTP/1.1" status: 200 len: 2996 time: 0.0310004
2026-09-02 09:17:02.792 9 INFO neutron.wsgi [None req-a0b2f288-1dbf-4851-9062-13590402ae7e 0221cbc5a0d0487cae80f95f05d2f900 55338f0c90c643e8b43e4e924558dfc7 - - default default] 10.0.0.155 "GET /v2.0/security-groups HTTP/1.1" status: 200 len: 2996 time: 0.0283508
2026-09-02 09:17:03.642 9 WARNING keystonemiddleware.audit [None req-94a82649-095b-4d70-9883-63463c1e9344 - - - - - -] Skipping service tempest-service-1839520420 as it have no endpoints.
2026-09-02 09:17:03.684 9 INFO neutron.wsgi [None req-15901f68-d30a-4090-a429-d5ac437fd0f2 3ae23c41bc1f4269940bbf1c7b927978 093a2da55a974dd7987cb51a448df596 - - default default] 10.0.0.155 "GET /v2.0/security-groups?tenant_id=55338f0c90c643e8b43e4e924558dfc7&name=default HTTP/1.1" status: 200 len: 2996 time: 0.2159977
2026-09-02 09:17:03.689 9 WARNING keystonemiddleware.audit [None req-5e6c9693-f5a2-42cf-863d-defebf6b1812 - - - - - -] Skipping service tempest-service-1839520420 as it have no endpoints.
2026-09-02 09:17:03.908 9 INFO neutron.wsgi [None req-cbc812e3-845c-455c-a63e-82a926a24e58 3ae23c41bc1f4269940bbf1c7b927978 093a2da55a974dd7987cb51a448df596 - - default default] 10.0.0.155 "DELETE /v2.0/security-groups/7eecf2f4-06b8-482a-bbdf-6aa18e982347 HTTP/1.1" status: 204 len: 168 time: 0.2205124
2026-09-02 09:17:04.537 10 INFO neutron.wsgi [-] 10.0.0.63 "GET / HTTP/1.1" status: 200 len: 247 time: 0.0034056
2026-09-02 09:17:04.537 9 INFO neutron.wsgi [-] 10.0.0.63 "GET / HTTP/1.1" status: 200 len: 247 time: 0.0039008
2026-09-02 09:17:04.743 9 INFO neutron.wsgi [None req-12af31ca-c4b4-4fe6-8493-0f70a047fafd 3c573bf2218e4fca9f2fbb217bc540e3 ea060f3ef0bc40e9a6428b0a9fd057b9 - - default default] 10.0.0.150 "GET /v2.0/extensions HTTP/1.1" status: 200 len: 16525 time: 0.0107987
2026-09-02 09:17:04.861 9 INFO neutron.wsgi [None req-b7f8c1b6-f83a-4f8e-a331-7c87789e52c3 3c573bf2218e4fca9f2fbb217bc540e3 ea060f3ef0bc40e9a6428b0a9fd057b9 - - default default] 10.0.0.150 "GET /v2.0/quotas/ea060f3ef0bc40e9a6428b0a9fd057b9/details HTTP/1.1" status: 200 len: 756 time: 0.1004794
2026-09-02 09:17:04.994 9 INFO neutron.db.ovn_revision_numbers_db [None req-99af423e-e917-49dc-8425-4a1f664c2ed8 3ae23c41bc1f4269940bbf1c7b927978 093a2da55a974dd7987cb51a448df596 - - default default] Successfully bumped revision number for resource 2d84ebed-71ce-4510-84bb-c0161803187e (type: security_groups) to 1
2026-09-02 09:17:05.015 9 INFO neutron.db.ovn_revision_numbers_db [None req-99af423e-e917-49dc-8425-4a1f664c2ed8 3ae23c41bc1f4269940bbf1c7b927978 093a2da55a974dd7987cb51a448df596 - - default default] Successfully bumped revision number for resource 4b502b12-5a2c-4b39-8af4-90c58780b5c6 (type: security_group_rules) to 0
2026-09-02 09:17:05.038 9 INFO neutron.db.ovn_revision_numbers_db [None req-99af423e-e917-49dc-8425-4a1f664c2ed8 3ae23c41bc1f4269940bbf1c7b927978 093a2da55a974dd7987cb51a448df596 - - default default] Successfully bumped revision number for resource a6c9af90-b6c3-4244-bdaf-37d5bf8a3467 (type: security_group_rules) to 0
2026-09-02 09:17:05.054 9 INFO neutron.db.ovn_revision_numbers_db [None req-99af423e-e917-49dc-8425-4a1f664c2ed8 3ae23c41bc1f4269940bbf1c7b927978 093a2da55a974dd7987cb51a448df596 - - default default] Successfully bumped revision number for resource ebffdd36-03fc-4692-b4d4-94b6da5e663e (type: security_group_rules) to 0
2026-09-02 09:17:05.083 9 INFO neutron.db.ovn_revision_numbers_db [None req-99af423e-e917-49dc-8425-4a1f664c2ed8 3ae23c41bc1f4269940bbf1c7b927978 093a2da55a974dd7987cb51a448df596 - - default default] Successfully bumped revision number for resource f026b841-5f31-4400-88ab-2ffd7f18957e (type: security_group_rules) to 0
2026-09-02 09:17:05.107 9 INFO neutron.wsgi [None req-99af423e-e917-49dc-8425-4a1f664c2ed8 3ae23c41bc1f4269940bbf1c7b927978 093a2da55a974dd7987cb51a448df596 - - default default] 10.0.0.155 "GET /v2.0/security-groups?tenant_id=852cc3494b42486da7cf01134c6c5ce4&name=default HTTP/1.1" status: 200 len: 2996 time: 0.4169283
2026-09-02 09:17:05.342 9 INFO neutron.wsgi [None req-c783f0a0-de23-4dc5-b16d-bd2153816cac 3ae23c41bc1f4269940bbf1c7b927978 093a2da55a974dd7987cb51a448df596 - - default default] 10.0.0.155 "DELETE /v2.0/security-groups/2d84ebed-71ce-4510-84bb-c0161803187e HTTP/1.1" status: 204 len: 168 time: 0.2291839
2026-09-02 09:17:05.520 10 INFO neutron.wsgi [req-275a055a-1661-4a02-827d-959df0444bf9 req-94cd2df2-a6fa-452e-b865-0a18f9e5f8f3 54e45c44743743bf8e98b1d9fd967fb6 cb0409feed8740599f50043f2d087d16 - - e0c1695d482d4b12a80bd9f7a9960d56 e0c1695d482d4b12a80bd9f7a9960d56] 10.0.0.96 "GET /v2.0/ports?device_id=0afadac5-f80a-4f5d-ae14-e8044d3a358b HTTP/1.1" status: 200 len: 1413 time: 0.0673008
2026-09-02 09:17:05.610 10 INFO neutron.wsgi [req-275a055a-1661-4a02-827d-959df0444bf9 req-61bdf5b0-de26-4f77-bcdc-17a33e8e250b 54e45c44743743bf8e98b1d9fd967fb6 cb0409feed8740599f50043f2d087d16 - - e0c1695d482d4b12a80bd9f7a9960d56 e0c1695d482d4b12a80bd9f7a9960d56] 10.0.0.96 "GET /v2.0/security-groups?id=9c3b4802-390c-40b3-bd11-b0a74ddfa532&fields=id&fields=name HTTP/1.1" status: 200 len: 313 time: 0.0820184
2026-09-02 09:17:05.790 10 INFO neutron.db.ovn_revision_numbers_db [None req-c9c7f047-dff2-4fe1-a64a-da2b0aeee818 3ae23c41bc1f4269940bbf1c7b927978 093a2da55a974dd7987cb51a448df596 - - default default] Successfully bumped revision number for resource 9a2c3fee-3af9-4c70-b298-117b21e853fe (type: security_groups) to 1
2026-09-02 09:17:05.804 10 INFO neutron.db.ovn_revision_numbers_db [None req-c9c7f047-dff2-4fe1-a64a-da2b0aeee818 3ae23c41bc1f4269940bbf1c7b927978 093a2da55a974dd7987cb51a448df596 - - default default] Successfully bumped revision number for resource 3fc06208-a222-4409-ae8e-46fbd37b03f1 (type: security_group_rules) to 0
2026-09-02 09:17:05.817 10 INFO neutron.db.ovn_revision_numbers_db [None req-c9c7f047-dff2-4fe1-a64a-da2b0aeee818 3ae23c41bc1f4269940bbf1c7b927978 093a2da55a974dd7987cb51a448df596 - - default default] Successfully bumped revision number for resource 5aeda7f3-693a-49f8-9b13-ece5e0099953 (type: security_group_rules) to 0
2026-09-02 09:17:05.835 10 INFO neutron.db.ovn_revision_numbers_db [None req-c9c7f047-dff2-4fe1-a64a-da2b0aeee818 3ae23c41bc1f4269940bbf1c7b927978 093a2da55a974dd7987cb51a448df596 - - default default] Successfully bumped revision number for resource a2c1de95-63a3-4a84-a47d-d47df0521332 (type: security_group_rules) to 0
2026-09-02 09:17:05.853 10 INFO neutron.db.ovn_revision_numbers_db [None req-c9c7f047-dff2-4fe1-a64a-da2b0aeee818 3ae23c41bc1f4269940bbf1c7b927978 093a2da55a974dd7987cb51a448df596 - - default default] Successfully bumped revision number for resource c8b733c8-9645-4c25-ba6e-4722bf225a8c (type: security_group_rules) to 0
2026-09-02 09:17:05.884 10 INFO neutron.wsgi [None req-c9c7f047-dff2-4fe1-a64a-da2b0aeee818 3ae23c41bc1f4269940bbf1c7b927978 093a2da55a974dd7987cb51a448df596 - - default default] 10.0.0.155 "GET /v2.0/security-groups?tenant_id=b11aff8d82a54692980a15b9f43a49d0&name=default HTTP/1.1" status: 200 len: 2996 time: 0.2790074
2026-09-02 09:17:06.079 10 INFO neutron.wsgi [None req-24fc3870-93ca-4db5-8d61-cab2cf458fe5 3ae23c41bc1f4269940bbf1c7b927978 093a2da55a974dd7987cb51a448df596 - - default default] 10.0.0.155 "DELETE /v2.0/security-groups/9a2c3fee-3af9-4c70-b298-117b21e853fe HTTP/1.1" status: 204 len: 168 time: 0.1898596
2026-09-02 09:17:07.500 9 INFO neutron.db.ovn_revision_numbers_db [None req-4935f5ca-29f9-43b0-bb50-add037ca7096 3ae23c41bc1f4269940bbf1c7b927978 093a2da55a974dd7987cb51a448df596 - - default default] Successfully bumped revision number for resource af1e3c4b-9c69-4ffb-8a02-31b50c8a6aba (type: security_groups) to 1
2026-09-02 09:17:07.530 9 INFO neutron.db.ovn_revision_numbers_db [None req-4935f5ca-29f9-43b0-bb50-add037ca7096 3ae23c41bc1f4269940bbf1c7b927978 093a2da55a974dd7987cb51a448df596 - - default default] Successfully bumped revision number for resource 3104bb07-a7f6-4e23-bae1-b78b0bc7097f (type: security_group_rules) to 0
2026-09-02 09:17:07.555 9 INFO neutron.db.ovn_revision_numbers_db [None req-4935f5ca-29f9-43b0-bb50-add037ca7096 3ae23c41bc1f4269940bbf1c7b927978 093a2da55a974dd7987cb51a448df596 - - default default] Successfully bumped revision number for resource 3cea4abd-1476-4c80-96c5-f1bad034cabd (type: security_group_rules) to 0
2026-09-02 09:17:07.580 9 INFO neutron.db.ovn_revision_numbers_db [None req-4935f5ca-29f9-43b0-bb50-add037ca7096 3ae23c41bc1f4269940bbf1c7b927978 093a2da55a974dd7987cb51a448df596 - - default default] Successfully bumped revision number for resource 81757b43-e212-43fe-a178-34c2654183c0 (type: security_group_rules) to 0
2026-09-02 09:17:07.600 9 INFO neutron.db.ovn_revision_numbers_db [None req-4935f5ca-29f9-43b0-bb50-add037ca7096 3ae23c41bc1f4269940bbf1c7b927978 093a2da55a974dd7987cb51a448df596 - - default default] Successfully bumped revision number for resource e6394d22-a069-46f4-bf71-7d4acca4ca70 (type: security_group_rules) to 0
2026-09-02 09:17:07.627 9 INFO neutron.wsgi [None req-4935f5ca-29f9-43b0-bb50-add037ca7096 3ae23c41bc1f4269940bbf1c7b927978 093a2da55a974dd7987cb51a448df596 - - default default] 10.0.0.155 "GET /v2.0/security-groups?tenant_id=ea060f3ef0bc40e9a6428b0a9fd057b9&name=default HTTP/1.1" status: 200 len: 2996 time: 0.4516513
2026-09-02 09:17:07.811 9 INFO neutron.wsgi [None req-c9ab249b-b2f7-43ed-9fb3-2c6ae370d02f 3ae23c41bc1f4269940bbf1c7b927978 093a2da55a974dd7987cb51a448df596 - - default default] 10.0.0.155 "DELETE /v2.0/security-groups/af1e3c4b-9c69-4ffb-8a02-31b50c8a6aba HTTP/1.1" status: 204 len: 168 time: 0.1779866
2026-09-02 09:17:09.318 10 INFO neutron.db.ovn_revision_numbers_db [None req-5cf08c18-d948-44bd-a7a9-5c211ac50d2c 3ae23c41bc1f4269940bbf1c7b927978 093a2da55a974dd7987cb51a448df596 - - default default] Successfully bumped revision number for resource bb402801-06e6-4aca-82fa-61e65f12e250 (type: security_groups) to 1
2026-09-02 09:17:09.334 10 INFO neutron.db.ovn_revision_numbers_db [None req-5cf08c18-d948-44bd-a7a9-5c211ac50d2c 3ae23c41bc1f4269940bbf1c7b927978 093a2da55a974dd7987cb51a448df596 - - default default] Successfully bumped revision number for resource 9779c9a2-b91b-49d3-ac07-6426371c6999 (type: security_group_rules) to 0
2026-09-02 09:17:09.356 10 INFO neutron.db.ovn_revision_numbers_db [None req-5cf08c18-d948-44bd-a7a9-5c211ac50d2c 3ae23c41bc1f4269940bbf1c7b927978 093a2da55a974dd7987cb51a448df596 - - default default] Successfully bumped revision number for resource b2f7633a-e7a1-452a-9806-4c776556a0db (type: security_group_rules) to 0
2026-09-02 09:17:09.378 10 INFO neutron.db.ovn_revision_numbers_db [None req-5cf08c18-d948-44bd-a7a9-5c211ac50d2c 3ae23c41bc1f4269940bbf1c7b927978 093a2da55a974dd7987cb51a448df596 - - default default] Successfully bumped revision number for resource bd5d789c-735e-4641-b688-1728b6f27b48 (type: security_group_rules) to 0
2026-09-02 09:17:09.398 10 INFO neutron.db.ovn_revision_numbers_db [None req-5cf08c18-d948-44bd-a7a9-5c211ac50d2c 3ae23c41bc1f4269940bbf1c7b927978 093a2da55a974dd7987cb51a448df596 - - default default] Successfully bumped revision number for resource cf88c570-b289-404b-a59f-fb6baebb53dc (type: security_group_rules) to 0
2026-09-02 09:17:09.428 10 INFO neutron.wsgi [None req-5cf08c18-d948-44bd-a7a9-5c211ac50d2c 3ae23c41bc1f4269940bbf1c7b927978 093a2da55a974dd7987cb51a448df596 - - default default] 10.0.0.155 "GET /v2.0/security-groups?tenant_id=e4dc018a45614f53a244572840592659&name=default HTTP/1.1" status: 200 len: 2996 time: 0.4613411
2026-09-02 09:17:09.689 10 INFO neutron.wsgi [req-4739983e-fec7-4db1-be33-f43202ccb9bd req-d014850b-3166-42bf-bfb4-60678b7abb5f ab2fe41318cf428fae55e2a45ddf0569 d4385c5896b94e2382f9a35e5d01b6cc - - default default] 10.0.0.229 "GET /v2.0/ports?device_id=0afadac5-f80a-4f5d-ae14-e8044d3a358b HTTP/1.1" status: 200 len: 1174 time: 0.1167905
2026-09-02 09:17:09.751 10 INFO neutron.wsgi [req-4739983e-fec7-4db1-be33-f43202ccb9bd req-9c478d77-3997-4cea-bed6-1f178006bbc8 ab2fe41318cf428fae55e2a45ddf0569 d4385c5896b94e2382f9a35e5d01b6cc - - default default] 10.0.0.229 "GET /v2.0/security-groups?id=9c3b4802-390c-40b3-bd11-b0a74ddfa532&fields=id&fields=name HTTP/1.1" status: 200 len: 313 time: 0.0533426
2026-09-02 09:17:09.784 10 INFO neutron.wsgi [None req-2e928f9e-dd1b-4ba4-a94f-0c9560a2669b 3ae23c41bc1f4269940bbf1c7b927978 093a2da55a974dd7987cb51a448df596 - - default default] 10.0.0.155 "DELETE /v2.0/security-groups/bb402801-06e6-4aca-82fa-61e65f12e250 HTTP/1.1" status: 204 len: 168 time: 0.3494327
2026-09-02 09:17:10.058 10 INFO neutron.wsgi [req-eae69391-ef8a-4ea9-9f22-9026a9d89114 req-6d33c902-e8b4-40bb-b4a4-6fdd4a9cf6fd ab2fe41318cf428fae55e2a45ddf0569 d4385c5896b94e2382f9a35e5d01b6cc - - default default] 10.0.0.229 "GET /v2.0/ports?device_id=0afadac5-f80a-4f5d-ae14-e8044d3a358b HTTP/1.1" status: 200 len: 1174 time: 0.0573566
2026-09-02 09:17:10.074 9 INFO neutron.plugins.ml2.drivers.ovn.mech_driver.mech_driver [None req-8963fdc7-5ca0-4f58-aab6-7e2a0674ef9d - - - - - -] OVN reports status down for port: 30dba5fb-a208-4271-b122-81fe0056f159
2026-09-02 09:17:10.117 10 INFO neutron.wsgi [req-eae69391-ef8a-4ea9-9f22-9026a9d89114 req-c4676ce0-11a1-4480-ac7c-b322f56285b6 ab2fe41318cf428fae55e2a45ddf0569 d4385c5896b94e2382f9a35e5d01b6cc - - default default] 10.0.0.229 "GET /v2.0/security-groups?id=9c3b4802-390c-40b3-bd11-b0a74ddfa532&fields=id&fields=name HTTP/1.1" status: 200 len: 313 time: 0.0508485
2026-09-02 09:17:10.240 9 INFO neutron.notifiers.nova [-] Nova event matching ['req-4258b93e-e338-414e-bd76-c1a4b50333ed'] response: {'server_uuid': '0afadac5-f80a-4f5d-ae14-e8044d3a358b', 'name': 'network-vif-unplugged', 'status': 'completed', 'tag': '30dba5fb-a208-4271-b122-81fe0056f159', 'code': 200}
2026-09-02 09:17:10.395 9 INFO neutron.db.ovn_revision_numbers_db [None req-8963fdc7-5ca0-4f58-aab6-7e2a0674ef9d - - - - - -] Successfully bumped revision number for resource 30dba5fb-a208-4271-b122-81fe0056f159 (type: ports) to 7
2026-09-02 09:17:10.480 9 INFO neutron.wsgi [req-3632eb05-47c9-4f5c-a11f-f99304af9f10 req-c8bdda1a-31ee-44fe-8558-f793c26240e2 ab2fe41318cf428fae55e2a45ddf0569 d4385c5896b94e2382f9a35e5d01b6cc - - default default] 162.253.55.156 "GET /v2.0/ports?device_id=0afadac5-f80a-4f5d-ae14-e8044d3a358b HTTP/1.1" status: 200 len: 1172 time: 0.1277437
2026-09-02 09:17:10.482 9 INFO neutron.db.ovn_revision_numbers_db [None req-1aeff340-aeb4-4404-964a-88f842732898 3ae23c41bc1f4269940bbf1c7b927978 093a2da55a974dd7987cb51a448df596 - - default default] Successfully bumped revision number for resource 8982f047-7818-43c6-8319-b7abfefd8915 (type: security_groups) to 1 /var/lib/openstack/lib/python3.10/site-packages/pycadf/identifier.py:71: UserWarning: Invalid uuid: neutron. To ensure interoperability, identifiers should be a valid uuid. warnings.warn(('Invalid uuid: %s. To ensure interoperability, '
2026-09-02 09:17:10.525 9 INFO neutron.db.ovn_revision_numbers_db [None req-1aeff340-aeb4-4404-964a-88f842732898 3ae23c41bc1f4269940bbf1c7b927978 093a2da55a974dd7987cb51a448df596 - - default default] Successfully bumped revision number for resource 1a145404-ac02-47a5-a964-82a46042d608 (type: security_group_rules) to 0
2026-09-02 09:17:10.552 9 INFO neutron.db.ovn_revision_numbers_db [None req-1aeff340-aeb4-4404-964a-88f842732898 3ae23c41bc1f4269940bbf1c7b927978 093a2da55a974dd7987cb51a448df596 - - default default] Successfully bumped revision number for resource 6b81702a-eb23-47ea-b125-d826a8f62878 (type: security_group_rules) to 0
2026-09-02 09:17:10.569 9 INFO neutron.db.ovn_revision_numbers_db [None req-1aeff340-aeb4-4404-964a-88f842732898 3ae23c41bc1f4269940bbf1c7b927978 093a2da55a974dd7987cb51a448df596 - - default default] Successfully bumped revision number for resource 7d08f21d-54a4-468e-86ab-6716d801c27c (type: security_group_rules) to 0
2026-09-02 09:17:10.584 9 INFO neutron.db.ovn_revision_numbers_db [None req-1aeff340-aeb4-4404-964a-88f842732898 3ae23c41bc1f4269940bbf1c7b927978 093a2da55a974dd7987cb51a448df596 - - default default] Successfully bumped revision number for resource 9c61ec41-d6ad-43b2-be02-21c0329288cf (type: security_group_rules) to 0
2026-09-02 09:17:10.678 9 INFO neutron.db.segments_db [None req-1aeff340-aeb4-4404-964a-88f842732898 3ae23c41bc1f4269940bbf1c7b927978 093a2da55a974dd7987cb51a448df596 - - default default] Added segment 4b3ac4b1-e408-4ed0-bcf8-b758ccd7d62d of type geneve for network c4e868b7-a0a6-4a1c-8535-18f82f359db3
2026-09-02 09:17:10.801 9 INFO neutron.db.l3_db [req-3632eb05-47c9-4f5c-a11f-f99304af9f10 req-98964185-b26a-4222-8f00-0d04863511fb ab2fe41318cf428fae55e2a45ddf0569 d4385c5896b94e2382f9a35e5d01b6cc - - default default] Floating IP 23e01efe-73e5-4a59-b5f1-277297d2438b disassociated. External IP: 10.96.250.210, port: 30dba5fb-a208-4271-b122-81fe0056f159.
2026-09-02 09:17:11.201 9 INFO neutron.db.ovn_revision_numbers_db [None req-1aeff340-aeb4-4404-964a-88f842732898 3ae23c41bc1f4269940bbf1c7b927978 093a2da55a974dd7987cb51a448df596 - - default default] Successfully bumped revision number for resource c4e868b7-a0a6-4a1c-8535-18f82f359db3 (type: networks) to 1
2026-09-02 09:17:11.274 10 INFO neutron.wsgi [req-221d4f8c-5f9c-4faf-a071-ef85c3c6532e req-deefb0f9-ef3e-4a89-b357-e810704374ce ab2fe41318cf428fae55e2a45ddf0569 d4385c5896b94e2382f9a35e5d01b6cc - - default default] 10.0.0.229 "GET /v2.0/ports?device_id=0afadac5-f80a-4f5d-ae14-e8044d3a358b HTTP/1.1" status: 200 len: 1172 time: 0.0590506
2026-09-02 09:17:11.330 9 INFO neutron.wsgi [req-3632eb05-47c9-4f5c-a11f-f99304af9f10 req-98964185-b26a-4222-8f00-0d04863511fb ab2fe41318cf428fae55e2a45ddf0569 d4385c5896b94e2382f9a35e5d01b6cc - - default default] 162.253.55.156 "DELETE /v2.0/ports/30dba5fb-a208-4271-b122-81fe0056f159 HTTP/1.1" status: 204 len: 173 time: 0.8435850
2026-09-02 09:17:11.349 10 INFO neutron.wsgi [req-221d4f8c-5f9c-4faf-a071-ef85c3c6532e req-2d313ece-91c1-4f04-8aa3-44989477d206 ab2fe41318cf428fae55e2a45ddf0569 d4385c5896b94e2382f9a35e5d01b6cc - - default default] 10.0.0.229 "GET /v2.0/security-groups?id=9c3b4802-390c-40b3-bd11-b0a74ddfa532&fields=id&fields=name HTTP/1.1" status: 200 len: 313 time: 0.0667417
2026-09-02 09:17:11.387 9 WARNING neutron.scheduler.dhcp_agent_scheduler [None req-1aeff340-aeb4-4404-964a-88f842732898 3ae23c41bc1f4269940bbf1c7b927978 093a2da55a974dd7987cb51a448df596 - - default default] No more DHCP agents
2026-09-02 09:17:11.388 9 WARNING neutron.api.rpc.agentnotifiers.dhcp_rpc_agent_api [None req-1aeff340-aeb4-4404-964a-88f842732898 3ae23c41bc1f4269940bbf1c7b927978 093a2da55a974dd7987cb51a448df596 - - default default] Unable to schedule network c4e868b7-a0a6-4a1c-8535-18f82f359db3: no agents available; will retry on subsequent port and subnet creation events.
2026-09-02 09:17:11.529 9 INFO neutron.db.ovn_revision_numbers_db [None req-1aeff340-aeb4-4404-964a-88f842732898 3ae23c41bc1f4269940bbf1c7b927978 093a2da55a974dd7987cb51a448df596 - - default default] Successfully bumped revision number for resource 36225c1a-25e1-42a3-8c6f-a94c52eba66b (type: ports) to 1
2026-09-02 09:17:11.562 9 INFO neutron.wsgi [None req-1aeff340-aeb4-4404-964a-88f842732898 3ae23c41bc1f4269940bbf1c7b927978 093a2da55a974dd7987cb51a448df596 - - default default] 10.0.0.155 "POST /v2.0/networks HTTP/1.1" status: 201 len: 942 time: 1.6697898 /var/lib/openstack/lib/python3.10/site-packages/pycadf/identifier.py:71: UserWarning: Invalid uuid: neutron. To ensure interoperability, identifiers should be a valid uuid. warnings.warn(('Invalid uuid: %s. To ensure interoperability, '
2026-09-02 09:17:11.718 9 WARNING neutron.scheduler.dhcp_agent_scheduler [None req-4580d1da-6183-4b47-bb14-802220d05622 3ae23c41bc1f4269940bbf1c7b927978 093a2da55a974dd7987cb51a448df596 - - default default] No more DHCP agents
2026-09-02 09:17:11.719 9 WARNING neutron.api.rpc.agentnotifiers.dhcp_rpc_agent_api [None req-4580d1da-6183-4b47-bb14-802220d05622 3ae23c41bc1f4269940bbf1c7b927978 093a2da55a974dd7987cb51a448df596 - - default default] Unable to schedule network c4e868b7-a0a6-4a1c-8535-18f82f359db3: no agents available; will retry on subsequent port and subnet creation events.
