Sep 02 14:34:16.555927 np0000191839 devstack@neutron-api.service[102339]: DEBUG ovsdbapp.backend.ovs_idl [None req-af4d49d1-5d6f-4307-89bc-97fb56944201 None None] Created lookup_table index Port_Binding.logical_port {{(pid=102339) autocreate_indices /opt/stack/data/venv/lib/python3.12/site-packages/ovsdbapp/backend/ovs_idl/__init__.py:87}}
Sep 02 14:34:16.555964 np0000191839 devstack@neutron-api.service[102339]: DEBUG ovsdbapp.backend.ovs_idl [None req-af4d49d1-5d6f-4307-89bc-97fb56944201 None None] Created schema index Chassis_Private.name {{(pid=102339) autocreate_indices /opt/stack/data/venv/lib/python3.12/site-packages/ovsdbapp/backend/ovs_idl/__init__.py:106}}
Sep 02 14:34:16.556099 np0000191839 devstack@neutron-api.service[102339]: DEBUG ovsdbapp.backend.ovs_idl [None req-af4d49d1-5d6f-4307-89bc-97fb56944201 None None] Created schema index Datapath_Binding.tunnel_key {{(pid=102339) autocreate_indices /opt/stack/data/venv/lib/python3.12/site-packages/ovsdbapp/backend/ovs_idl/__init__.py:106}}
Sep 02 14:34:16.556158 np0000191839 devstack@neutron-api.service[102341]: DEBUG ovsdbapp.backend.ovs_idl.event [None req-944e6953-8e0c-4a77-a0e0-d9c7f805f221 None None] Matched CREATE: ChassisAgentWriteEvent(events=('create', 'update'), table='Chassis_Private', conditions=None, old_conditions=None), priority=20 to row=Chassis_Private(uuid=c76f93b7-bdce-4e35-b78d-da751f98c074, chassis=5f72f4c9-f610-4151-a3ea-e336ade83189, external_ids={'neutron:ovn-bridge': 'br-int', 'neutron:ovn-neutron-agent-id': '930de1b0-5ada-583b-98e0-23fa102f95c7', 'neutron:ovn-neutron-agent-sb-cfg': '0'}, name='759197b4-44fb-4111-9457-caaba450fe84', nb_cfg=0, nb_cfg_timestamp=0) old= {{(pid=102341) matches /opt/stack/data/venv/lib/python3.12/site-packages/ovsdbapp/backend/ovs_idl/event.py:55}}
Sep 02 14:34:16.558034 np0000191839 devstack@neutron-api.service[102341]: INFO neutron.plugins.ml2.drivers.ovn.mech_driver.mech_driver [None req-944e6953-8e0c-4a77-a0e0-d9c7f805f221 None None] WorkerService process has finished the post initialization
Sep 02 14:34:16.559386 np0000191839 devstack@neutron-api.service[102339]: INFO ovsdbapp.backend.ovs_idl.vlog [None req-af4d49d1-5d6f-4307-89bc-97fb56944201 None None] ssl:162.253.55.179:6642: connecting...
Sep 02 14:34:16.559473 np0000191839 devstack@neutron-api.service[102341]: WSGI app 0 (mountpoint='') ready in 8 seconds on interpreter 0x74b4c7aa4668 pid: 102341 (default app)
Sep 02 14:34:16.564455 np0000191839 devstack@neutron-api.service[102339]: INFO ovsdbapp.backend.ovs_idl.vlog [None req-af4d49d1-5d6f-4307-89bc-97fb56944201 None None] ssl:162.253.55.179:6642: connected
Sep 02 14:34:16.595661 np0000191839 devstack@neutron-api.service[102339]: DEBUG neutron.common.ovn.hash_ring_manager [None req-af4d49d1-5d6f-4307-89bc-97fb56944201 None None] Allow caching, nodes 4>=4 {{(pid=102339) _wait_startup_before_caching /opt/stack/neutron/neutron/common/ovn/hash_ring_manager.py:71}}
Sep 02 14:34:16.599636 np0000191839 devstack@neutron-api.service[102339]: DEBUG neutron.common.ovn.hash_ring_manager [None req-af4d49d1-5d6f-4307-89bc-97fb56944201 None None] Hash Ring loaded. 4 active nodes. 0 offline nodes {{(pid=102339) _load_hash_ring /opt/stack/neutron/neutron/common/ovn/hash_ring_manager.py:110}}
Sep 02 14:34:16.599813 np0000191839 devstack@neutron-api.service[102339]: DEBUG neutron.plugins.ml2.drivers.ovn.mech_driver.ovsdb.ovsdb_monitor [None req-af4d49d1-5d6f-4307-89bc-97fb56944201 None None] Hash Ring: Node 2bb3845fde09551fa33383e97e07ac6c (host: np0000191839) handling event "create" for row 5f72f4c9-f610-4151-a3ea-e336ade83189 (table: Chassis) {{(pid=102339) notify /opt/stack/neutron/neutron/plugins/ml2/drivers/ovn/mech_driver/ovsdb/ovsdb_monitor.py:1099}}
Sep 02 14:34:16.601899 np0000191839 devstack@neutron-api.service[102339]: DEBUG ovsdbapp.backend.ovs_idl.event [None req-af4d49d1-5d6f-4307-89bc-97fb56944201 None None] Matched CREATE: ChassisBandwidthConfigEvent(events=('create', 'update'), table='Chassis', conditions=None, old_conditions=None), priority=20 to row=Chassis(uuid=5f72f4c9-f610-4151-a3ea-e336ade83189, encaps=[11c8d438-a506-4b93-8145-c633d4717c10], external_ids={}, hostname='np0000191839', name='759197b4-44fb-4111-9457-caaba450fe84', nb_cfg=0, other_config={'ct-commit-nat-v2': 'true', 'ct-commit-to-zone': 'true', 'ct-next-zone': 'true', 'ct-no-masked-label': 'true', 'ct-state-save': 'true', 'datapath-type': 'system', 'fdb-timestamp': 'true', 'iface-types': 'afxdp,afxdp-nonpmd,bareudp,erspan,geneve,gre,gtpu,internal,ip6erspan,ip6gre,lisp,patch,srv6,stt,system,tap,vxlan', 'is-interconn': 'false', 'ls-dpg-column': 'true', 'mac-binding-timestamp': 'true', 'ovn-bridge-mappings': 'public:br-ex', 'ovn-chassis-mac-mappings': '', 'ovn-cms-options': 'enable-chassis-as-gw', 'ovn-ct-lb-related': 'true', 'ovn-enable-lflow-cache': 'true', 'ovn-limit-lflow-cache': '', 'ovn-memlimit-lflow-cache-kb': '', 'ovn-monitor-all': 'false', 'ovn-trim-limit-lflow-cache': '', 'ovn-trim-timeout-ms': '', 'ovn-trim-wmark-perc-lflow-cache': '', 'port-up-notif': 'true'}, transport_zones=[], vtep_logical_switches=[]) old= {{(pid=102339) matches /opt/stack/data/venv/lib/python3.12/site-packages/ovsdbapp/backend/ovs_idl/event.py:55}}
Sep 02 14:34:16.601991 np0000191839 devstack@neutron-api.service[102339]: DEBUG ovsdbapp.backend.ovs_idl.event [None req-af4d49d1-5d6f-4307-89bc-97fb56944201 None None] Matched CREATE: ChassisAgentWriteEvent(events=('create', 'update'), table='Chassis_Private', conditions=None, old_conditions=None), priority=20 to row=Chassis_Private(uuid=c76f93b7-bdce-4e35-b78d-da751f98c074, chassis=5f72f4c9-f610-4151-a3ea-e336ade83189, external_ids={'neutron:ovn-bridge': 'br-int', 'neutron:ovn-neutron-agent-id': '930de1b0-5ada-583b-98e0-23fa102f95c7', 'neutron:ovn-neutron-agent-sb-cfg': '0'}, name='759197b4-44fb-4111-9457-caaba450fe84', nb_cfg=0, nb_cfg_timestamp=0) old= {{(pid=102339) matches /opt/stack/data/venv/lib/python3.12/site-packages/ovsdbapp/backend/ovs_idl/event.py:55}}
Sep 02 14:34:16.602441 np0000191839 devstack@neutron-api.service[102339]: DEBUG ovsdbapp.backend.ovs_idl.event [None req-af4d49d1-5d6f-4307-89bc-97fb56944201 None None] Matched CREATE: ChassisOVNAgentWriteEvent(events=('create', 'update'), table='Chassis_Private', conditions=None, old_conditions=None), priority=20 to row=Chassis_Private(uuid=c76f93b7-bdce-4e35-b78d-da751f98c074, chassis=5f72f4c9-f610-4151-a3ea-e336ade83189, external_ids={'neutron:ovn-bridge': 'br-int', 'neutron:ovn-neutron-agent-id': '930de1b0-5ada-583b-98e0-23fa102f95c7', 'neutron:ovn-neutron-agent-sb-cfg': '0'}, name='759197b4-44fb-4111-9457-caaba450fe84', nb_cfg=0, nb_cfg_timestamp=0) old= {{(pid=102339) matches /opt/stack/data/venv/lib/python3.12/site-packages/ovsdbapp/backend/ovs_idl/event.py:55}}
Sep 02 14:34:16.604120 np0000191839 devstack@neutron-api.service[102339]: INFO neutron.plugins.ml2.drivers.ovn.mech_driver.mech_driver [None req-af4d49d1-5d6f-4307-89bc-97fb56944201 None None] WorkerService process has finished the post initialization
Sep 02 14:34:16.605108 np0000191839 devstack@neutron-api.service[102339]: INFO neutron.plugins.ml2.drivers.ovn.mech_driver.ovsdb.extensions.qos [-] Starting OVNClientQosExtension
Sep 02 14:34:16.605699 np0000191839 devstack@neutron-api.service[102339]: INFO neutron.plugins.ml2.drivers.ovn.mech_driver.ovsdb.extensions.placement [-] Starting OVNClientPlacementExtension
Sep 02 14:34:16.608412 np0000191839 devstack@neutron-api.service[102339]: WSGI app 0 (mountpoint='') ready in 8 seconds on interpreter 0x74b4c7aa4668 pid: 102339 (default app)
Sep 02 14:34:17.213930 np0000191839 devstack@neutron-api.service[102340]: DEBUG neutron.plugins.ml2.drivers.ovn.mech_driver.ovsdb.ovsdb_monitor [-] Hash Ring: Node 9248ad69a0695f029de132f7fd319d9e (host: np0000191839) handling event "update" for row 2027d0d3-c516-48d3-afc7-1b4ba4f44682 (table: Connection) {{(pid=102340) notify /opt/stack/neutron/neutron/plugins/ml2/drivers/ovn/mech_driver/ovsdb/ovsdb_monitor.py:1099}}
Sep 02 14:34:17.219900 np0000191839 devstack@neutron-api.service[102342]: DEBUG neutron.common.ovn.hash_ring_manager [-] Allow caching, nodes 4>=4 {{(pid=102342) _wait_startup_before_caching /opt/stack/neutron/neutron/common/ovn/hash_ring_manager.py:71}}
Sep 02 14:34:17.219900 np0000191839 devstack@neutron-api.service[102342]: DEBUG neutron.plugins.ml2.drivers.ovn.mech_driver.ovsdb.ovsdb_monitor [-] Hash Ring: Node 93a24b972bb45db7bc58f37169f8b8ba (host: np0000191839) handling event "update" for row 2027d0d3-c516-48d3-afc7-1b4ba4f44682 (table: Connection) {{(pid=102342) notify /opt/stack/neutron/neutron/plugins/ml2/drivers/ovn/mech_driver/ovsdb/ovsdb_monitor.py:1099}}
Sep 02 14:34:19.712277 np0000191839 devstack@neutron-api.service[102342]: DEBUG neutron.plugins.ml2.drivers.ovn.mech_driver.ovsdb.ovsdb_monitor [-] Hash Ring: Node 93a24b972bb45db7bc58f37169f8b8ba (host: np0000191839) handling event "update" for row 2027d0d3-c516-48d3-afc7-1b4ba4f44682 (table: Connection) {{(pid=102342) notify /opt/stack/neutron/neutron/plugins/ml2/drivers/ovn/mech_driver/ovsdb/ovsdb_monitor.py:1099}}
Sep 02 14:34:19.713910 np0000191839 devstack@neutron-api.service[102340]: DEBUG neutron.plugins.ml2.drivers.ovn.mech_driver.ovsdb.ovsdb_monitor [-] Hash Ring: Node 9248ad69a0695f029de132f7fd319d9e (host: np0000191839) handling event "update" for row 2027d0d3-c516-48d3-afc7-1b4ba4f44682 (table: Connection) {{(pid=102340) notify /opt/stack/neutron/neutron/plugins/ml2/drivers/ovn/mech_driver/ovsdb/ovsdb_monitor.py:1099}}
Sep 02 14:34:23.002934 np0000191839 devstack@neutron-api.service[102342]: DEBUG neutron.api.wsgi [None req-54080cd9-d30f-42b6-b6a3-76895f4733d3 admin admin] Missing Content-Type {{(pid=102342) get_content_type /opt/stack/neutron/neutron/api/wsgi.py:80}}
Sep 02 14:34:23.003699 np0000191839 devstack@neutron-api.service[102342]: DEBUG neutron.api.wsgi [None req-54080cd9-d30f-42b6-b6a3-76895f4733d3 admin admin] https://162.253.55.179/networking/v2.0/extensions returned with HTTP 200 {{(pid=102342) __call__ /opt/stack/neutron/neutron/api/wsgi.py:540}}
Sep 02 14:34:23.003821 np0000191839 devstack@neutron-api.service[102342]: [pid: 102342|app: 0|req: 2/2] 162.253.55.179 () {64 vars in 1323 bytes} [Wed Sep 2 14:34:22 2026] GET /networking/v2.0/extensions => generated 16171 bytes in 571 msecs (HTTP/1.1 200) 4 headers in 159 bytes (1 switches on core 0)
Sep 02 14:34:23.494180 np0000191839 devstack@neutron-api.service[102340]: DEBUG neutron.api.v2.base [None req-e08b4209-393c-48e3-bfab-11a02eed3146 admin admin] Request body: {'subnetpool': {'prefixes': ['10.1.0.0/20'], 'default_prefixlen': 26, 'is_default': True, 'name': 'shared-default-subnetpool-v4', 'shared': True}} {{(pid=102340) prepare_request_body /opt/stack/neutron/neutron/api/v2/base.py:727}}
Sep 02 14:34:23.695740 np0000191839 devstack@neutron-api.service[102340]: DEBUG neutron.policy [None req-e08b4209-393c-48e3-bfab-11a02eed3146 admin admin] Loaded default policies from ['neutron'] under neutron.policies entry points {{(pid=102340) register_rules /opt/stack/neutron/neutron/policy.py:65}}
Sep 02 14:34:23.848782 np0000191839 devstack@neutron-api.service[102340]: DEBUG neutron_lib.callbacks.manager [None req-e08b4209-393c-48e3-bfab-11a02eed3146 admin admin] Publish callbacks ['neutron.objects.securitygroup.RbacNeutronDbObjectMixin.validate_rbac_policy_change-3031181778533', 'neutron.objects.address_group.RbacNeutronDbObjectMixin.validate_rbac_policy_change-3031181813455', 'neutron.objects.network.RbacNeutronDbObjectMixin.validate_rbac_policy_change-3031181832139', 'neutron.objects.qos.policy.RbacNeutronDbObjectMixin.validate_rbac_policy_change-3031181828294', 'neutron.objects.subnetpool.RbacNeutronDbObjectMixin.validate_rbac_policy_change-3031181850016', 'neutron.objects.address_scope.RbacNeutronDbObjectMixin.validate_rbac_policy_change-3031181849325', 'neutron.plugins.ml2.plugin.External_net_db_mixin._process_ext_policy_create-1185712', 'neutron.plugins.ml2.plugin.NeutronDbPluginV2.validate_network_rbac_policy_change-1236806'] for rbac-policy (None), before_create {{(pid=102340) _notify_loop /opt/stack/data/venv/lib/python3.12/site-packages/neutron_lib/callbacks/manager.py:184}}
Sep 02 14:34:23.901600 np0000191839 devstack@neutron-api.service[102340]: DEBUG neutron_lib.callbacks.manager [None req-e08b4209-393c-48e3-bfab-11a02eed3146 admin admin] Publish callbacks [] for subnetpool (None), before_response {{(pid=102340) _notify_loop /opt/stack/data/venv/lib/python3.12/site-packages/neutron_lib/callbacks/manager.py:184}}
Sep 02 14:34:23.902190 np0000191839 devstack@neutron-api.service[102340]: [pid: 102340|app: 0|req: 1/3] 162.253.55.179 () {68 vars in 1367 bytes} [Wed Sep 2 14:34:23 2026] POST /networking/v2.0/subnetpools => generated 533 bytes in 541 msecs (HTTP/1.1 201) 4 headers in 162 bytes (1 switches on core 0)
Sep 02 14:34:24.322745 np0000191839 devstack@neutron-api.service[102341]: DEBUG neutron.api.v2.base [None req-328e052f-e2f7-460c-a237-7582f20f9395 admin admin] Request body: {'subnetpool': {'prefixes': ['fdea:db11:6cbc::/56'], 'default_prefixlen': 64, 'is_default': True, 'name': 'shared-default-subnetpool-v6', 'shared': True}} {{(pid=102341) prepare_request_body /opt/stack/neutron/neutron/api/v2/base.py:727}}
Sep 02 14:34:24.538580 np0000191839 devstack@neutron-api.service[102341]: DEBUG neutron.policy [None req-328e052f-e2f7-460c-a237-7582f20f9395 admin admin] Loaded default policies from ['neutron'] under neutron.policies entry points {{(pid=102341) register_rules /opt/stack/neutron/neutron/policy.py:65}}
Sep 02 14:34:24.696734 np0000191839 devstack@neutron-api.service[102341]: DEBUG neutron_lib.callbacks.manager [None req-328e052f-e2f7-460c-a237-7582f20f9395 admin admin] Publish callbacks ['neutron.objects.securitygroup.RbacNeutronDbObjectMixin.validate_rbac_policy_change-3031181778533', 'neutron.objects.address_group.RbacNeutronDbObjectMixin.validate_rbac_policy_change-3031181813455', 'neutron.objects.network.RbacNeutronDbObjectMixin.validate_rbac_policy_change-3031181832139', 'neutron.objects.qos.policy.RbacNeutronDbObjectMixin.validate_rbac_policy_change-3031181828294', 'neutron.objects.subnetpool.RbacNeutronDbObjectMixin.validate_rbac_policy_change-3031181841786', 'neutron.objects.address_scope.RbacNeutronDbObjectMixin.validate_rbac_policy_change-3031181841130', 'neutron.plugins.ml2.plugin.External_net_db_mixin._process_ext_policy_create-1196322', 'neutron.plugins.ml2.plugin.NeutronDbPluginV2.validate_network_rbac_policy_change-1191246'] for rbac-policy (None), before_create {{(pid=102341) _notify_loop /opt/stack/data/venv/lib/python3.12/site-packages/neutron_lib/callbacks/manager.py:184}}
Sep 02 14:34:24.741155 np0000191839 devstack@neutron-api.service[102341]: DEBUG neutron_lib.callbacks.manager [None req-328e052f-e2f7-460c-a237-7582f20f9395 admin admin] Publish callbacks [] for subnetpool (None), before_response {{(pid=102341) _notify_loop /opt/stack/data/venv/lib/python3.12/site-packages/neutron_lib/callbacks/manager.py:184}}
Sep 02 14:34:24.741594 np0000191839 devstack@neutron-api.service[102341]: [pid: 102341|app: 0|req: 1/4] 162.253.55.179 () {68 vars in 1367 bytes} [Wed Sep 2 14:34:24 2026] POST /networking/v2.0/subnetpools => generated 543 bytes in 557 msecs (HTTP/1.1 201) 4 headers in 162 bytes (1 switches on core 0)
Sep 02 14:34:25.261631 np0000191839 devstack@neutron-api.service[102339]: DEBUG neutron.api.v2.base [None req-127f955b-2aac-4326-96b4-10d7e21c4622 admin admin] Request body: {'network': {'name': 'private', 'admin_state_up': True}} {{(pid=102339) prepare_request_body /opt/stack/neutron/neutron/api/v2/base.py:727}}
Sep 02 14:34:25.297067 np0000191839 devstack@neutron-api.service[102339]: DEBUG neutron.pecan_wsgi.hooks.quota_enforcement [None req-127f955b-2aac-4326-96b4-10d7e21c4622 admin admin] Made reservation on behalf of 6e2b96a984354a51ab28e5216e71cbc6 for: {'network': 1} {{(pid=102339) before /opt/stack/neutron/neutron/pecan_wsgi/hooks/quota_enforcement.py:66}}
Sep 02 14:34:25.508894 np0000191839 devstack@neutron-api.service[102339]: DEBUG neutron.policy [None req-127f955b-2aac-4326-96b4-10d7e21c4622 admin admin] Loaded default policies from ['neutron'] under neutron.policies entry points {{(pid=102339) register_rules /opt/stack/neutron/neutron/policy.py:65}}
Sep 02 14:34:25.609488 np0000191839 devstack@neutron-api.service[102339]: DEBUG neutron_lib.callbacks.manager [None req-127f955b-2aac-4326-96b4-10d7e21c4622 admin admin] Publish callbacks ['neutron.plugins.ml2.plugin.SecurityGroupDbMixin._ensure_default_security_group_handler-1139447'] for network (None), before_create {{(pid=102339) _notify_loop /opt/stack/data/venv/lib/python3.12/site-packages/neutron_lib/callbacks/manager.py:184}}
Sep 02 14:34:25.631176 np0000191839 devstack@neutron-api.service[102339]: DEBUG neutron_lib.callbacks.manager [None req-127f955b-2aac-4326-96b4-10d7e21c4622 admin admin] Publish callbacks [] for security_group (None), before_create {{(pid=102339) _notify_loop /opt/stack/data/venv/lib/python3.12/site-packages/neutron_lib/callbacks/manager.py:184}}
Sep 02 14:34:25.741443 np0000191839 devstack@neutron-api.service[102339]: DEBUG neutron_lib.callbacks.manager [None req-127f955b-2aac-4326-96b4-10d7e21c4622 admin admin] Publish callbacks ['neutron.plugins.ml2.drivers.ovn.mech_driver.mech_driver.OVNMechanismDriver._create_security_group_precommit-187566'] for security_group (34ffc947-8dd7-4478-98ad-5cfc26a9fbbf), precommit_create {{(pid=102339) _notify_loop /opt/stack/data/venv/lib/python3.12/site-packages/neutron_lib/callbacks/manager.py:184}}
Sep 02 14:34:25.741898 np0000191839 devstack@neutron-api.service[102339]: DEBUG neutron.db.ovn_revision_numbers_db [None req-127f955b-2aac-4326-96b4-10d7e21c4622 admin admin] create_initial_revision uuid=34ffc947-8dd7-4478-98ad-5cfc26a9fbbf, type=security_groups, rev=-1 {{(pid=102339) create_initial_revision /opt/stack/neutron/neutron/db/ovn_revision_numbers_db.py:98}}
Sep 02 14:34:25.744976 np0000191839 devstack@neutron-api.service[102339]: DEBUG neutron.db.ovn_revision_numbers_db [None req-127f955b-2aac-4326-96b4-10d7e21c4622 admin admin] create_initial_revision uuid=14c2f01f-c670-4bc1-92aa-cfc7c8d88622, type=security_group_rules, rev=-1 {{(pid=102339) create_initial_revision /opt/stack/neutron/neutron/db/ovn_revision_numbers_db.py:98}}
Sep 02 14:34:25.746095 np0000191839 devstack@neutron-api.service[102339]: DEBUG neutron.db.ovn_revision_numbers_db [None req-127f955b-2aac-4326-96b4-10d7e21c4622 admin admin] create_initial_revision uuid=54b95bec-d785-4897-b931-d474c496ba90, type=security_group_rules, rev=-1 {{(pid=102339) create_initial_revision /opt/stack/neutron/neutron/db/ovn_revision_numbers_db.py:98}}
Sep 02 14:34:25.747154 np0000191839 devstack@neutron-api.service[102339]: DEBUG neutron.db.ovn_revision_numbers_db [None req-127f955b-2aac-4326-96b4-10d7e21c4622 admin admin] create_initial_revision uuid=6b2138f2-c7ba-4683-8702-762a45fca938, type=security_group_rules, rev=-1 {{(pid=102339) create_initial_revision /opt/stack/neutron/neutron/db/ovn_revision_numbers_db.py:98}}
Sep 02 14:34:25.748259 np0000191839 devstack@neutron-api.service[102339]: DEBUG neutron.db.ovn_revision_numbers_db [None req-127f955b-2aac-4326-96b4-10d7e21c4622 admin admin] create_initial_revision uuid=7baf5c25-db44-4b69-9b9f-27e57c05999c, type=security_group_rules, rev=-1 {{(pid=102339) create_initial_revision /opt/stack/neutron/neutron/db/ovn_revision_numbers_db.py:98}}
Sep 02 14:34:25.757081 np0000191839 devstack@neutron-api.service[102339]: DEBUG neutron_lib.callbacks.manager [None req-127f955b-2aac-4326-96b4-10d7e21c4622 admin admin] Publish callbacks ['neutron.plugins.ml2.drivers.ovn.mech_driver.mech_driver.OVNMechanismDriver._create_security_group-187552', 'neutron.plugins.ml2.ovo_rpc._ObjectChangeHandler.handle_event-132367803'] for security_group (34ffc947-8dd7-4478-98ad-5cfc26a9fbbf), after_create {{(pid=102339) _notify_loop /opt/stack/data/venv/lib/python3.12/site-packages/neutron_lib/callbacks/manager.py:184}}
Sep 02 14:34:25.758679 np0000191839 devstack@neutron-api.service[102339]: DEBUG ovsdbapp.backend.ovs_idl.transaction [-] Running txn 0306b9ec n=1 command(idx=0): PgAddCommand(_result=None, name=pg_34ffc947_8dd7_4478_98ad_5cfc26a9fbbf, may_exist=False, columns={'acls': [], 'external_ids': {'neutron:security_group_id': '34ffc947-8dd7-4478-98ad-5cfc26a9fbbf'}}) {{(pid=102339) do_commit /opt/stack/data/venv/lib/python3.12/site-packages/ovsdbapp/backend/ovs_idl/transaction.py:91}}
Sep 02 14:34:25.761487 np0000191839 devstack@neutron-api.service[102339]: DEBUG ovsdbapp.backend.ovs_idl.transaction [-] Running txn 0306b9ec n=1 command(idx=1): PgAclAddCommand(_result=None, entity=pg_34ffc947_8dd7_4478_98ad_5cfc26a9fbbf, direction=from-lport, priority=1002, match=inport == @pg_34ffc947_8dd7_4478_98ad_5cfc26a9fbbf && ip4, action=allow-related, log=False, may_exist=True, severity=[], name=[], meter=[], external_ids={'neutron:security_group_rule_id': '14c2f01f-c670-4bc1-92aa-cfc7c8d88622'}) {{(pid=102339) do_commit /opt/stack/data/venv/lib/python3.12/site-packages/ovsdbapp/backend/ovs_idl/transaction.py:91}}
Sep 02 14:34:25.762056 np0000191839 devstack@neutron-api.service[102339]: DEBUG ovsdbapp.backend.ovs_idl.transaction [-] Running txn 0306b9ec n=1 command(idx=2): PgAclAddCommand(_result=None, entity=pg_34ffc947_8dd7_4478_98ad_5cfc26a9fbbf, direction=from-lport, priority=1002, match=inport == @pg_34ffc947_8dd7_4478_98ad_5cfc26a9fbbf && ip6, action=allow-related, log=False, may_exist=True, severity=[], name=[], meter=[], external_ids={'neutron:security_group_rule_id': '54b95bec-d785-4897-b931-d474c496ba90'}) {{(pid=102339) do_commit /opt/stack/data/venv/lib/python3.12/site-packages/ovsdbapp/backend/ovs_idl/transaction.py:91}}
Sep 02 14:34:25.762655 np0000191839 devstack@neutron-api.service[102339]: DEBUG ovsdbapp.backend.ovs_idl.transaction [-] Running txn 0306b9ec n=1 command(idx=3): PgAclAddCommand(_result=None, entity=pg_34ffc947_8dd7_4478_98ad_5cfc26a9fbbf, direction=to-lport, priority=1002, match=outport == @pg_34ffc947_8dd7_4478_98ad_5cfc26a9fbbf && ip6 && ip6.src == $pg_34ffc947_8dd7_4478_98ad_5cfc26a9fbbf_ip6, action=allow-related, log=False, may_exist=True, severity=[], name=[], meter=[], external_ids={'neutron:security_group_rule_id': '6b2138f2-c7ba-4683-8702-762a45fca938'}) {{(pid=102339) do_commit /opt/stack/data/venv/lib/python3.12/site-packages/ovsdbapp/backend/ovs_idl/transaction.py:91}}
Sep 02 14:34:25.763100 np0000191839 devstack@neutron-api.service[102339]: DEBUG ovsdbapp.backend.ovs_idl.transaction [-] Running txn 0306b9ec n=1 command(idx=4): PgAclAddCommand(_result=None, entity=pg_34ffc947_8dd7_4478_98ad_5cfc26a9fbbf, direction=to-lport, priority=1002, match=outport == @pg_34ffc947_8dd7_4478_98ad_5cfc26a9fbbf && ip4 && ip4.src == $pg_34ffc947_8dd7_4478_98ad_5cfc26a9fbbf_ip4, action=allow-related, log=False, may_exist=True, severity=[], name=[], meter=[], external_ids={'neutron:security_group_rule_id': '7baf5c25-db44-4b69-9b9f-27e57c05999c'}) {{(pid=102339) do_commit /opt/stack/data/venv/lib/python3.12/site-packages/ovsdbapp/backend/ovs_idl/transaction.py:91}}
Sep 02 14:34:25.773971 np0000191839 devstack@neutron-api.service[102342]: DEBUG neutron.plugins.ml2.drivers.ovn.mech_driver.ovsdb.ovsdb_monitor [-] Hash Ring: Node 93a24b972bb45db7bc58f37169f8b8ba (host: np0000191839) handling event "create" for row 10c8e18b-5872-4138-90c8-f0229b2fae2a (table: ACL) {{(pid=102342) notify /opt/stack/neutron/neutron/plugins/ml2/drivers/ovn/mech_driver/ovsdb/ovsdb_monitor.py:1099}}
Sep 02 14:34:25.774685 np0000191839 devstack@neutron-api.service[102342]: DEBUG neutron.plugins.ml2.drivers.ovn.mech_driver.ovsdb.ovsdb_monitor [-] Hash Ring: Node 93a24b972bb45db7bc58f37169f8b8ba (host: np0000191839) handling event "create" for row 17055e00-8134-4de4-9e57-b56513b408fa (table: ACL) {{(pid=102342) notify /opt/stack/neutron/neutron/plugins/ml2/drivers/ovn/mech_driver/ovsdb/ovsdb_monitor.py:1099}}
Sep 02 14:34:25.774685 np0000191839 devstack@neutron-api.service[102342]: DEBUG neutron.plugins.ml2.drivers.ovn.mech_driver.ovsdb.ovsdb_monitor [-] Hash Ring: Node 93a24b972bb45db7bc58f37169f8b8ba (host: np0000191839) handling event "create" for row 41f44bce-9ccc-4989-a5be-7f4045da05ec (table: ACL) {{(pid=102342) notify /opt/stack/neutron/neutron/plugins/ml2/drivers/ovn/mech_driver/ovsdb/ovsdb_monitor.py:1099}}
Sep 02 14:34:25.774685 np0000191839 devstack@neutron-api.service[102342]: DEBUG neutron.plugins.ml2.drivers.ovn.mech_driver.ovsdb.ovsdb_monitor [-] Hash Ring: Node 93a24b972bb45db7bc58f37169f8b8ba (host: np0000191839) handling event "create" for row 988429bc-ddac-4af3-9ab1-605449daa240 (table: ACL) {{(pid=102342) notify /opt/stack/neutron/neutron/plugins/ml2/drivers/ovn/mech_driver/ovsdb/ovsdb_monitor.py:1099}}
Sep 02 14:34:25.775018 np0000191839 devstack@neutron-api.service[102342]: DEBUG neutron.plugins.ml2.drivers.ovn.mech_driver.ovsdb.ovsdb_monitor [-] Hash Ring: Node 93a24b972bb45db7bc58f37169f8b8ba (host: np0000191839) handling event "create" for row 9a96700d-826b-4f64-886b-f88fe9582cb7 (table: Port_Group) {{(pid=102342) notify /opt/stack/neutron/neutron/plugins/ml2/drivers/ovn/mech_driver/ovsdb/ovsdb_monitor.py:1099}}
Sep 02 14:34:25.775476 np0000191839 devstack@neutron-api.service[102339]: DEBUG neutron.plugins.ml2.drivers.ovn.mech_driver.ovsdb.ovsdb_monitor [-] Hash Ring: Node 2bb3845fde09551fa33383e97e07ac6c (host: np0000191839) handling event "create" for row 17055e00-8134-4de4-9e57-b56513b408fa (table: ACL) {{(pid=102339) notify /opt/stack/neutron/neutron/plugins/ml2/drivers/ovn/mech_driver/ovsdb/ovsdb_monitor.py:1099}}
Sep 02 14:34:25.775717 np0000191839 devstack@neutron-api.service[102339]: DEBUG neutron.plugins.ml2.drivers.ovn.mech_driver.ovsdb.ovsdb_monitor [-] Hash Ring: Node 2bb3845fde09551fa33383e97e07ac6c (host: np0000191839) handling event "create" for row 988429bc-ddac-4af3-9ab1-605449daa240 (table: ACL) {{(pid=102339) notify /opt/stack/neutron/neutron/plugins/ml2/drivers/ovn/mech_driver/ovsdb/ovsdb_monitor.py:1099}}
Sep 02 14:34:25.777065 np0000191839 devstack@neutron-api.service[102339]: DEBUG ovsdbapp.backend.ovs_idl.transaction [-] txn 0306b9ec succeeded {{(pid=102339) do_commit /opt/stack/data/venv/lib/python3.12/site-packages/ovsdbapp/backend/ovs_idl/transaction.py:137}}
Sep 02 14:34:25.777189 np0000191839 devstack@neutron-api.service[102340]: DEBUG neutron.plugins.ml2.drivers.ovn.mech_driver.ovsdb.ovsdb_monitor [-] Hash Ring: Node 9248ad69a0695f029de132f7fd319d9e (host: np0000191839) handling event "create" for row 10c8e18b-5872-4138-90c8-f0229b2fae2a (table: ACL) {{(pid=102340) notify /opt/stack/neutron/neutron/plugins/ml2/drivers/ovn/mech_driver/ovsdb/ovsdb_monitor.py:1099}}
Sep 02 14:34:25.777677 np0000191839 devstack@neutron-api.service[102340]: DEBUG neutron.plugins.ml2.drivers.ovn.mech_driver.ovsdb.ovsdb_monitor [-] Hash Ring: Node 9248ad69a0695f029de132f7fd319d9e (host: np0000191839) handling event "create" for row 9a96700d-826b-4f64-886b-f88fe9582cb7 (table: Port_Group) {{(pid=102340) notify /opt/stack/neutron/neutron/plugins/ml2/drivers/ovn/mech_driver/ovsdb/ovsdb_monitor.py:1099}}
Sep 02 14:34:25.780102 np0000191839 devstack@neutron-api.service[102341]: DEBUG neutron.plugins.ml2.drivers.ovn.mech_driver.ovsdb.ovsdb_monitor [-] Hash Ring: Node 1e01b965cddf50369ce0cb77615fff18 (host: np0000191839) handling event "create" for row 41f44bce-9ccc-4989-a5be-7f4045da05ec (table: ACL) {{(pid=102341) notify /opt/stack/neutron/neutron/plugins/ml2/drivers/ovn/mech_driver/ovsdb/ovsdb_monitor.py:1099}}
Sep 02 14:34:25.803211 np0000191839 devstack@neutron-api.service[102339]: INFO neutron.db.ovn_revision_numbers_db [None req-127f955b-2aac-4326-96b4-10d7e21c4622 admin admin] Successfully bumped revision number for resource 34ffc947-8dd7-4478-98ad-5cfc26a9fbbf (type: security_groups) to 1
Sep 02 14:34:25.819409 np0000191839 devstack@neutron-api.service[102339]: INFO neutron.db.ovn_revision_numbers_db [None req-127f955b-2aac-4326-96b4-10d7e21c4622 admin admin] Successfully bumped revision number for resource 14c2f01f-c670-4bc1-92aa-cfc7c8d88622 (type: security_group_rules) to 0
Sep 02 14:34:25.831029 np0000191839 devstack@neutron-api.service[102339]: INFO neutron.db.ovn_revision_numbers_db [None req-127f955b-2aac-4326-96b4-10d7e21c4622 admin admin] Successfully bumped revision number for resource 54b95bec-d785-4897-b931-d474c496ba90 (type: security_group_rules) to 0
Sep 02 14:34:25.845253 np0000191839 devstack@neutron-api.service[102339]: INFO neutron.db.ovn_revision_numbers_db [None req-127f955b-2aac-4326-96b4-10d7e21c4622 admin admin] Successfully bumped revision number for resource 6b2138f2-c7ba-4683-8702-762a45fca938 (type: security_group_rules) to 0
Sep 02 14:34:25.858220 np0000191839 devstack@neutron-api.service[102339]: INFO neutron.db.ovn_revision_numbers_db [None req-127f955b-2aac-4326-96b4-10d7e21c4622 admin admin] Successfully bumped revision number for resource 7baf5c25-db44-4b69-9b9f-27e57c05999c (type: security_group_rules) to 0
Sep 02 14:34:25.897794 np0000191839 devstack@neutron-api.service[102339]: DEBUG neutron.api.rpc.handlers.resources_rpc [None req-127f955b-2aac-4326-96b4-10d7e21c4622 admin admin] Pushing event updated for resources: {'SecurityGroup': ['ID=34ffc947-8dd7-4478-98ad-5cfc26a9fbbf,revision_number=1']} {{(pid=102339) push /opt/stack/neutron/neutron/api/rpc/handlers/resources_rpc.py:237}}
Sep 02 14:34:25.912258 np0000191839 devstack@neutron-api.service[102339]: DEBUG ovsdbapp.backend.ovs_idl.transaction [-] Running txn 1e597152 n=1 command(idx=0): CheckLivenessCommand(_result=None) {{(pid=102339) do_commit /opt/stack/data/venv/lib/python3.12/site-packages/ovsdbapp/backend/ovs_idl/transaction.py:91}}
Sep 02 14:34:25.916051 np0000191839 devstack@neutron-api.service[102342]: DEBUG neutron.plugins.ml2.drivers.ovn.mech_driver.ovsdb.ovsdb_monitor [-] Hash Ring: Node 93a24b972bb45db7bc58f37169f8b8ba (host: np0000191839) handling event "update" for row 86f23bcf-2ef0-4b24-a83e-9ec68bee3ca0 (table: NB_Global) {{(pid=102342) notify /opt/stack/neutron/neutron/plugins/ml2/drivers/ovn/mech_driver/ovsdb/ovsdb_monitor.py:1099}}
Sep 02 14:34:25.916360 np0000191839 devstack@neutron-api.service[102339]: DEBUG neutron.plugins.ml2.drivers.ovn.mech_driver.ovsdb.ovsdb_monitor [-] Hash Ring: Node 2bb3845fde09551fa33383e97e07ac6c (host: np0000191839) handling event "update" for row 86f23bcf-2ef0-4b24-a83e-9ec68bee3ca0 (table: NB_Global) {{(pid=102339) notify /opt/stack/neutron/neutron/plugins/ml2/drivers/ovn/mech_driver/ovsdb/ovsdb_monitor.py:1099}}
Sep 02 14:34:25.917053 np0000191839 devstack@neutron-api.service[102342]: DEBUG neutron.plugins.ml2.drivers.ovn.mech_driver.ovsdb.ovsdb_monitor [-] Hash Ring: Node 93a24b972bb45db7bc58f37169f8b8ba (host: np0000191839) handling event "update" for row 86f23bcf-2ef0-4b24-a83e-9ec68bee3ca0 (table: NB_Global) {{(pid=102342) notify /opt/stack/neutron/neutron/plugins/ml2/drivers/ovn/mech_driver/ovsdb/ovsdb_monitor.py:1099}}
Sep 02 14:34:25.917468 np0000191839 devstack@neutron-api.service[102339]: DEBUG ovsdbapp.backend.ovs_idl.transaction [-] txn 1e597152 succeeded {{(pid=102339) do_commit /opt/stack/data/venv/lib/python3.12/site-packages/ovsdbapp/backend/ovs_idl/transaction.py:137}}
Sep 02 14:34:25.917678 np0000191839 devstack@neutron-api.service[102342]: DEBUG neutron.plugins.ml2.drivers.ovn.mech_driver.ovsdb.ovsdb_monitor [-] Hash Ring: Node 93a24b972bb45db7bc58f37169f8b8ba (host: np0000191839) handling event "update" for row 86f23bcf-2ef0-4b24-a83e-9ec68bee3ca0 (table: NB_Global) {{(pid=102342) notify /opt/stack/neutron/neutron/plugins/ml2/drivers/ovn/mech_driver/ovsdb/ovsdb_monitor.py:1099}}
Sep 02 14:34:25.918333 np0000191839 devstack@neutron-api.service[102339]: DEBUG neutron.plugins.ml2.drivers.ovn.mech_driver.ovsdb.ovsdb_monitor [-] Hash Ring: Node 2bb3845fde09551fa33383e97e07ac6c (host: np0000191839) handling event "update" for row 86f23bcf-2ef0-4b24-a83e-9ec68bee3ca0 (table: NB_Global) {{(pid=102339) notify /opt/stack/neutron/neutron/plugins/ml2/drivers/ovn/mech_driver/ovsdb/ovsdb_monitor.py:1099}}
Sep 02 14:34:25.920758 np0000191839 devstack@neutron-api.service[102339]: DEBUG neutron.plugins.ml2.drivers.ovn.mech_driver.ovsdb.ovsdb_monitor [-] Hash Ring: Node 2bb3845fde09551fa33383e97e07ac6c (host: np0000191839) handling event "update" for row 86f23bcf-2ef0-4b24-a83e-9ec68bee3ca0 (table: NB_Global) {{(pid=102339) notify /opt/stack/neutron/neutron/plugins/ml2/drivers/ovn/mech_driver/ovsdb/ovsdb_monitor.py:1099}}
Sep 02 14:34:25.921591 np0000191839 devstack@neutron-api.service[102339]: DEBUG neutron.api.rpc.callbacks.version_manager [None req-127f955b-2aac-4326-96b4-10d7e21c4622 admin admin] Tracked resource versions report:
Sep 02 14:34:25.921591 np0000191839 devstack@neutron-api.service[102339]: pushed versions:
Sep 02 14:34:25.921591 np0000191839 devstack@neutron-api.service[102339]: { 'AddressGroup': {'1.2'},
Sep 02 14:34:25.921591 np0000191839 devstack@neutron-api.service[102339]: 'Agent': {'1.1'},
Sep 02 14:34:25.921591 np0000191839 devstack@neutron-api.service[102339]: 'ConntrackHelper': {'1.0'},
Sep 02 14:34:25.921591 np0000191839 devstack@neutron-api.service[102339]: 'LocalIPAssociation': {'1.0'},
Sep 02 14:34:25.921591 np0000191839 devstack@neutron-api.service[102339]: 'Log': {'1.0'},
Sep 02 14:34:25.921591 np0000191839 devstack@neutron-api.service[102339]: 'NDPProxy': {'1.0'},
Sep 02 14:34:25.921591 np0000191839 devstack@neutron-api.service[102339]: 'Network': {'1.3'},
Sep 02 14:34:25.921591 np0000191839 devstack@neutron-api.service[102339]: 'Port': {'1.11'},
Sep 02 14:34:25.921591 np0000191839 devstack@neutron-api.service[102339]: 'PortForwarding': {'1.3'},
Sep 02 14:34:25.921591 np0000191839 devstack@neutron-api.service[102339]: 'QosPolicy': {'1.10'},
Sep 02 14:34:25.921591 np0000191839 devstack@neutron-api.service[102339]: 'SecurityGroup': {'1.6'},
Sep 02 14:34:25.921591 np0000191839 devstack@neutron-api.service[102339]: 'SecurityGroupRule': {'1.3'},
Sep 02 14:34:25.921591 np0000191839 devstack@neutron-api.service[102339]: 'SubPort': {'1.0'},
Sep 02 14:34:25.921591 np0000191839 devstack@neutron-api.service[102339]: 'Subnet': {'1.2'},
Sep 02 14:34:25.921591 np0000191839 devstack@neutron-api.service[102339]: 'Trunk': {'1.1'}}
Sep 02 14:34:25.921591 np0000191839 devstack@neutron-api.service[102339]: consumer versions:
Sep 02 14:34:25.921591 np0000191839 devstack@neutron-api.service[102339]: {}
Sep 02 14:34:25.921591 np0000191839 devstack@neutron-api.service[102339]: {{(pid=102339) report /opt/stack/neutron/neutron/api/rpc/callbacks/version_manager.py:183}}
Sep 02 14:34:25.922639 np0000191839 devstack@neutron-api.service[102342]: DEBUG ovsdbapp.backend.ovs_idl.event [-] Matched UPDATE: ChassisAgentWriteEvent(events=('create', 'update'), table='Chassis_Private', conditions=None, old_conditions=None), priority=20 to row=Chassis_Private(uuid=c76f93b7-bdce-4e35-b78d-da751f98c074, chassis=5f72f4c9-f610-4151-a3ea-e336ade83189, external_ids={'neutron:ovn-bridge': 'br-int', 'neutron:ovn-neutron-agent-id': '930de1b0-5ada-583b-98e0-23fa102f95c7', 'neutron:ovn-neutron-agent-sb-cfg': '0'}, name='759197b4-44fb-4111-9457-caaba450fe84', nb_cfg=1, nb_cfg_timestamp=1788359665916) old=Chassis_Private(uuid=c76f93b7-bdce-4e35-b78d-da751f98c074, nb_cfg=0, nb_cfg_timestamp=0) {{(pid=102342) matches /opt/stack/data/venv/lib/python3.12/site-packages/ovsdbapp/backend/ovs_idl/event.py:55}}
Sep 02 14:34:25.923651 np0000191839 devstack@neutron-api.service[102340]: DEBUG ovsdbapp.backend.ovs_idl.event [-] Matched UPDATE: ChassisAgentWriteEvent(events=('create', 'update'), table='Chassis_Private', conditions=None, old_conditions=None), priority=20 to row=Chassis_Private(uuid=c76f93b7-bdce-4e35-b78d-da751f98c074, chassis=5f72f4c9-f610-4151-a3ea-e336ade83189, external_ids={'neutron:ovn-bridge': 'br-int', 'neutron:ovn-neutron-agent-id': '930de1b0-5ada-583b-98e0-23fa102f95c7', 'neutron:ovn-neutron-agent-sb-cfg': '0'}, name='759197b4-44fb-4111-9457-caaba450fe84', nb_cfg=1, nb_cfg_timestamp=1788359665916) old=Chassis_Private(uuid=c76f93b7-bdce-4e35-b78d-da751f98c074, nb_cfg=0, nb_cfg_timestamp=0) {{(pid=102340) matches /opt/stack/data/venv/lib/python3.12/site-packages/ovsdbapp/backend/ovs_idl/event.py:55}}
Sep 02 14:34:25.924275 np0000191839 devstack@neutron-api.service[102340]: DEBUG neutron.plugins.ml2.drivers.ovn.mech_driver.ovsdb.ovsdb_monitor [-] Hash Ring: Node 9248ad69a0695f029de132f7fd319d9e (host: np0000191839) handling event "update" for row c76f93b7-bdce-4e35-b78d-da751f98c074 (table: Chassis_Private) {{(pid=102340) notify /opt/stack/neutron/neutron/plugins/ml2/drivers/ovn/mech_driver/ovsdb/ovsdb_monitor.py:1099}}
Sep 02 14:34:25.925599 np0000191839 devstack@neutron-api.service[102341]: DEBUG ovsdbapp.backend.ovs_idl.event [-] Matched UPDATE: ChassisAgentWriteEvent(events=('create', 'update'), table='Chassis_Private', conditions=None, old_conditions=None), priority=20 to row=Chassis_Private(uuid=c76f93b7-bdce-4e35-b78d-da751f98c074, chassis=5f72f4c9-f610-4151-a3ea-e336ade83189, external_ids={'neutron:ovn-bridge': 'br-int', 'neutron:ovn-neutron-agent-id': '930de1b0-5ada-583b-98e0-23fa102f95c7', 'neutron:ovn-neutron-agent-sb-cfg': '0'}, name='759197b4-44fb-4111-9457-caaba450fe84', nb_cfg=1, nb_cfg_timestamp=1788359665916) old=Chassis_Private(uuid=c76f93b7-bdce-4e35-b78d-da751f98c074, nb_cfg=0, nb_cfg_timestamp=0) {{(pid=102341) matches /opt/stack/data/venv/lib/python3.12/site-packages/ovsdbapp/backend/ovs_idl/event.py:55}}
Sep 02 14:34:25.927011 np0000191839 devstack@neutron-api.service[102342]: DEBUG neutron.plugins.ml2.drivers.ovn.mech_driver.ovsdb.ovsdb_monitor [-] Hash Ring: Node 93a24b972bb45db7bc58f37169f8b8ba (host: np0000191839) handling event "update" for row 86f23bcf-2ef0-4b24-a83e-9ec68bee3ca0 (table: NB_Global) {{(pid=102342) notify /opt/stack/neutron/neutron/plugins/ml2/drivers/ovn/mech_driver/ovsdb/ovsdb_monitor.py:1099}}
Sep 02 14:34:25.927768 np0000191839 devstack@neutron-api.service[102339]: DEBUG ovsdbapp.backend.ovs_idl.event [-] Matched UPDATE: ChassisAgentWriteEvent(events=('create', 'update'), table='Chassis_Private', conditions=None, old_conditions=None), priority=20 to row=Chassis_Private(uuid=c76f93b7-bdce-4e35-b78d-da751f98c074, chassis=5f72f4c9-f610-4151-a3ea-e336ade83189, external_ids={'neutron:ovn-bridge': 'br-int', 'neutron:ovn-neutron-agent-id': '930de1b0-5ada-583b-98e0-23fa102f95c7', 'neutron:ovn-neutron-agent-sb-cfg': '0'}, name='759197b4-44fb-4111-9457-caaba450fe84', nb_cfg=1, nb_cfg_timestamp=1788359665916) old=Chassis_Private(uuid=c76f93b7-bdce-4e35-b78d-da751f98c074, nb_cfg=0, nb_cfg_timestamp=0) {{(pid=102339) matches /opt/stack/data/venv/lib/python3.12/site-packages/ovsdbapp/backend/ovs_idl/event.py:55}}
Sep 02 14:34:25.929574 np0000191839 devstack@neutron-api.service[102342]: DEBUG neutron.common.ovn.hash_ring_manager [-] Allow caching, nodes 4>=4 {{(pid=102342) _wait_startup_before_caching /opt/stack/neutron/neutron/common/ovn/hash_ring_manager.py:71}}
Sep 02 14:34:25.929811 np0000191839 devstack@neutron-api.service[102339]: DEBUG neutron.plugins.ml2.drivers.ovn.mech_driver.ovsdb.ovsdb_monitor [-] Hash Ring: Node 2bb3845fde09551fa33383e97e07ac6c (host: np0000191839) handling event "update" for row 86f23bcf-2ef0-4b24-a83e-9ec68bee3ca0 (table: NB_Global) {{(pid=102339) notify /opt/stack/neutron/neutron/plugins/ml2/drivers/ovn/mech_driver/ovsdb/ovsdb_monitor.py:1099}}
Sep 02 14:34:25.930255 np0000191839 devstack@neutron-api.service[102342]: DEBUG neutron.plugins.ml2.drivers.ovn.mech_driver.ovsdb.ovsdb_monitor [-] Hash Ring: Node 93a24b972bb45db7bc58f37169f8b8ba (host: np0000191839) handling event "update" for row c76f93b7-bdce-4e35-b78d-da751f98c074 (table: Chassis_Private) {{(pid=102342) notify /opt/stack/neutron/neutron/plugins/ml2/drivers/ovn/mech_driver/ovsdb/ovsdb_monitor.py:1099}}
Sep 02 14:34:25.932110 np0000191839 devstack@neutron-api.service[102339]: DEBUG ovsdbapp.backend.ovs_idl.event [-] Matched UPDATE: ChassisOVNAgentWriteEvent(events=('create', 'update'), table='Chassis_Private', conditions=None, old_conditions=None), priority=20 to row=Chassis_Private(uuid=c76f93b7-bdce-4e35-b78d-da751f98c074, chassis=5f72f4c9-f610-4151-a3ea-e336ade83189, external_ids={'neutron:ovn-bridge': 'br-int', 'neutron:ovn-neutron-agent-id': '930de1b0-5ada-583b-98e0-23fa102f95c7', 'neutron:ovn-neutron-agent-sb-cfg': '1'}, name='759197b4-44fb-4111-9457-caaba450fe84', nb_cfg=1, nb_cfg_timestamp=1788359665916) old=Chassis_Private(uuid=c76f93b7-bdce-4e35-b78d-da751f98c074, external_ids={'neutron:ovn-bridge': 'br-int', 'neutron:ovn-neutron-agent-id': '930de1b0-5ada-583b-98e0-23fa102f95c7', 'neutron:ovn-neutron-agent-sb-cfg': '0'}) {{(pid=102339) matches /opt/stack/data/venv/lib/python3.12/site-packages/ovsdbapp/backend/ovs_idl/event.py:55}}
Sep 02 14:34:25.932537 np0000191839 devstack@neutron-api.service[102341]: DEBUG ovsdbapp.backend.ovs_idl.event [-] Matched UPDATE: ChassisOVNAgentWriteEvent(events=('create', 'update'), table='Chassis_Private', conditions=None, old_conditions=None), priority=20 to row=Chassis_Private(uuid=c76f93b7-bdce-4e35-b78d-da751f98c074, chassis=5f72f4c9-f610-4151-a3ea-e336ade83189, external_ids={'neutron:ovn-bridge': 'br-int', 'neutron:ovn-neutron-agent-id': '930de1b0-5ada-583b-98e0-23fa102f95c7', 'neutron:ovn-neutron-agent-sb-cfg': '1'}, name='759197b4-44fb-4111-9457-caaba450fe84', nb_cfg=1, nb_cfg_timestamp=1788359665916) old=Chassis_Private(uuid=c76f93b7-bdce-4e35-b78d-da751f98c074, external_ids={'neutron:ovn-bridge': 'br-int', 'neutron:ovn-neutron-agent-id': '930de1b0-5ada-583b-98e0-23fa102f95c7', 'neutron:ovn-neutron-agent-sb-cfg': '0'}) {{(pid=102341) matches /opt/stack/data/venv/lib/python3.12/site-packages/ovsdbapp/backend/ovs_idl/event.py:55}}
Sep 02 14:34:25.933026 np0000191839 devstack@neutron-api.service[102340]: DEBUG ovsdbapp.backend.ovs_idl.event [-] Matched UPDATE: ChassisOVNAgentWriteEvent(events=('create', 'update'), table='Chassis_Private', conditions=None, old_conditions=None), priority=20 to row=Chassis_Private(uuid=c76f93b7-bdce-4e35-b78d-da751f98c074, chassis=5f72f4c9-f610-4151-a3ea-e336ade83189, external_ids={'neutron:ovn-bridge': 'br-int', 'neutron:ovn-neutron-agent-id': '930de1b0-5ada-583b-98e0-23fa102f95c7', 'neutron:ovn-neutron-agent-sb-cfg': '1'}, name='759197b4-44fb-4111-9457-caaba450fe84', nb_cfg=1, nb_cfg_timestamp=1788359665916) old=Chassis_Private(uuid=c76f93b7-bdce-4e35-b78d-da751f98c074, external_ids={'neutron:ovn-bridge': 'br-int', 'neutron:ovn-neutron-agent-id': '930de1b0-5ada-583b-98e0-23fa102f95c7', 'neutron:ovn-neutron-agent-sb-cfg': '0'}) {{(pid=102340) matches /opt/stack/data/venv/lib/python3.12/site-packages/ovsdbapp/backend/ovs_idl/event.py:55}}
Sep 02 14:34:25.933415 np0000191839 devstack@neutron-api.service[102340]: DEBUG neutron.plugins.ml2.drivers.ovn.mech_driver.ovsdb.ovsdb_monitor [-] Hash Ring: Node 9248ad69a0695f029de132f7fd319d9e (host: np0000191839) handling event "update" for row c76f93b7-bdce-4e35-b78d-da751f98c074 (table: Chassis_Private) {{(pid=102340) notify /opt/stack/neutron/neutron/plugins/ml2/drivers/ovn/mech_driver/ovsdb/ovsdb_monitor.py:1099}}
Sep 02 14:34:25.934653 np0000191839 devstack@neutron-api.service[102342]: DEBUG ovsdbapp.backend.ovs_idl.event [-] Matched UPDATE: ChassisOVNAgentWriteEvent(events=('create', 'update'), table='Chassis_Private', conditions=None, old_conditions=None), priority=20 to row=Chassis_Private(uuid=c76f93b7-bdce-4e35-b78d-da751f98c074, chassis=5f72f4c9-f610-4151-a3ea-e336ade83189, external_ids={'neutron:ovn-bridge': 'br-int', 'neutron:ovn-neutron-agent-id': '930de1b0-5ada-583b-98e0-23fa102f95c7', 'neutron:ovn-neutron-agent-sb-cfg': '1'}, name='759197b4-44fb-4111-9457-caaba450fe84', nb_cfg=1, nb_cfg_timestamp=1788359665916) old=Chassis_Private(uuid=c76f93b7-bdce-4e35-b78d-da751f98c074, external_ids={'neutron:ovn-bridge': 'br-int', 'neutron:ovn-neutron-agent-id': '930de1b0-5ada-583b-98e0-23fa102f95c7', 'neutron:ovn-neutron-agent-sb-cfg': '0'}) {{(pid=102342) matches /opt/stack/data/venv/lib/python3.12/site-packages/ovsdbapp/backend/ovs_idl/event.py:55}}
Sep 02 14:34:25.934973 np0000191839 devstack@neutron-api.service[102342]: DEBUG neutron.plugins.ml2.drivers.ovn.mech_driver.ovsdb.ovsdb_monitor [-] Hash Ring: Node 93a24b972bb45db7bc58f37169f8b8ba (host: np0000191839) handling event "update" for row c76f93b7-bdce-4e35-b78d-da751f98c074 (table: Chassis_Private) {{(pid=102342) notify /opt/stack/neutron/neutron/plugins/ml2/drivers/ovn/mech_driver/ovsdb/ovsdb_monitor.py:1099}}
Sep 02 14:34:26.004279 np0000191839 devstack@neutron-api.service[102339]: DEBUG neutron.plugins.ml2.drivers.helpers [None req-127f955b-2aac-4326-96b4-10d7e21c4622 admin admin] geneve segment allocate from pool success with {'geneve_vni': 65316} {{(pid=102339) allocate_partially_specified_segment /opt/stack/neutron/neutron/plugins/ml2/drivers/helpers.py:142}}
Sep 02 14:34:26.020826 np0000191839 devstack@neutron-api.service[102339]: DEBUG neutron_lib.callbacks.manager [None req-127f955b-2aac-4326-96b4-10d7e21c4622 admin admin] Publish callbacks ['neutron.services.segments.db._add_segment_host_mapping_for_segment-8019979646966', 'neutron.plugins.ml2.plugin.Ml2Plugin._handle_segment_change-1926809'] for segment (7aea9ac1-b20d-4be7-8015-018bf5b94d61), precommit_create {{(pid=102339) _notify_loop /opt/stack/data/venv/lib/python3.12/site-packages/neutron_lib/callbacks/manager.py:184}}
Sep 02 14:34:26.021110 np0000191839 devstack@neutron-api.service[102339]: INFO neutron.db.segments_db [None req-127f955b-2aac-4326-96b4-10d7e21c4622 admin admin] Added segment 7aea9ac1-b20d-4be7-8015-018bf5b94d61 of type geneve for network 269647ec-9dc6-482d-a6e7-057f9eefd8a7
Sep 02 14:34:26.076582 np0000191839 devstack@neutron-api.service[102339]: DEBUG neutron_lib.callbacks.manager [None req-127f955b-2aac-4326-96b4-10d7e21c4622 admin admin] Publish callbacks ['neutron.services.auto_allocate.db._ensure_external_network_default_value_callback-8019978306944'] for network (269647ec-9dc6-482d-a6e7-057f9eefd8a7), precommit_create {{(pid=102339) _notify_loop /opt/stack/data/venv/lib/python3.12/site-packages/neutron_lib/callbacks/manager.py:184}}
Sep 02 14:34:26.096327 np0000191839 devstack@neutron-api.service[102339]: DEBUG neutron.plugins.ml2.drivers.ovn.mech_driver.mech_driver [None req-127f955b-2aac-4326-96b4-10d7e21c4622 admin admin] Validating network segment with type geneve, segmentation ID 65316, physical network None {{(pid=102339) _validate_network_segments /opt/stack/neutron/neutron/plugins/ml2/drivers/ovn/mech_driver/mech_driver.py:624}}
Sep 02 14:34:26.096666 np0000191839 devstack@neutron-api.service[102339]: DEBUG neutron.db.ovn_revision_numbers_db [None req-127f955b-2aac-4326-96b4-10d7e21c4622 admin admin] create_initial_revision uuid=269647ec-9dc6-482d-a6e7-057f9eefd8a7, type=networks, rev=-1 {{(pid=102339) create_initial_revision /opt/stack/neutron/neutron/db/ovn_revision_numbers_db.py:98}}
Sep 02 14:34:26.126727 np0000191839 devstack@neutron-api.service[102339]: DEBUG neutron_lib.callbacks.manager [None req-127f955b-2aac-4326-96b4-10d7e21c4622 admin admin] Publish callbacks ['neutron.plugins.ml2.ovo_rpc._ObjectChangeHandler.handle_event-132367799'] for network (269647ec-9dc6-482d-a6e7-057f9eefd8a7), after_create {{(pid=102339) _notify_loop /opt/stack/data/venv/lib/python3.12/site-packages/neutron_lib/callbacks/manager.py:184}}
Sep 02 14:34:26.207681 np0000191839 devstack@neutron-api.service[102339]: DEBUG neutron.api.rpc.handlers.resources_rpc [None req-127f955b-2aac-4326-96b4-10d7e21c4622 admin admin] Pushing event updated for resources: {'Network': ['ID=269647ec-9dc6-482d-a6e7-057f9eefd8a7,revision_number=1']} {{(pid=102339) push /opt/stack/neutron/neutron/api/rpc/handlers/resources_rpc.py:237}}
Sep 02 14:34:26.218255 np0000191839 devstack@neutron-api.service[102339]: DEBUG ovsdbapp.backend.ovs_idl.transaction [-] Running txn 53e5ca9c n=1 command(idx=0): AddNetworkCommand(_result=None, network_uuid=269647ec-9dc6-482d-a6e7-057f9eefd8a7, may_exist=True, columns={'external_ids': {'neutron:network_name': 'private', 'neutron:mtu': '1372', 'neutron:revision_number': '1', 'neutron:availability_zone_hints': '', 'neutron:provnet-network-type': 'geneve'}, 'other_config': {'mcast_snoop': 'false', 'mcast_flood_unregistered': 'false', 'vlan-passthru': 'false'}}) {{(pid=102339) do_commit /opt/stack/data/venv/lib/python3.12/site-packages/ovsdbapp/backend/ovs_idl/transaction.py:91}}
Sep 02 14:34:26.218882 np0000191839 devstack@neutron-api.service[102339]: DEBUG neutron.common.ovn.utils [-] OVS persist_uuid supported=True {{(pid=102339) ovs_persist_uuid_supported /opt/stack/neutron/neutron/common/ovn/utils.py:1565}}
Sep 02 14:34:26.223197 np0000191839 devstack@neutron-api.service[102339]: DEBUG ovsdbapp.backend.ovs_idl.transaction [-] txn 53e5ca9c succeeded {{(pid=102339) do_commit /opt/stack/data/venv/lib/python3.12/site-packages/ovsdbapp/backend/ovs_idl/transaction.py:137}}
Sep 02 14:34:26.223880 np0000191839 devstack@neutron-api.service[102342]: DEBUG neutron.plugins.ml2.drivers.ovn.mech_driver.ovsdb.ovsdb_monitor [-] Hash Ring: Node 93a24b972bb45db7bc58f37169f8b8ba (host: np0000191839) handling event "create" for row 269647ec-9dc6-482d-a6e7-057f9eefd8a7 (table: Logical_Switch) {{(pid=102342) notify /opt/stack/neutron/neutron/plugins/ml2/drivers/ovn/mech_driver/ovsdb/ovsdb_monitor.py:1099}}
Sep 02 14:34:26.228423 np0000191839 devstack@neutron-api.service[102340]: DEBUG neutron.plugins.ml2.drivers.ovn.mech_driver.ovsdb.ovsdb_monitor [-] Hash Ring: Node 9248ad69a0695f029de132f7fd319d9e (host: np0000191839) handling event "create" for row 269647ec-9dc6-482d-a6e7-057f9eefd8a7 (table: Logical_Switch) {{(pid=102340) notify /opt/stack/neutron/neutron/plugins/ml2/drivers/ovn/mech_driver/ovsdb/ovsdb_monitor.py:1099}}
