May 20 03:22:37.486143 np0000175235 devstack@neutron-api.service[103109]: DEBUG ovsdbapp.backend.ovs_idl [None req-6ce674b6-0f4b-4fab-ab22-cb067fa70c96 None None] Created schema index Mirror.name {{(pid=103109) autocreate_indices /opt/stack/data/venv/lib/python3.12/site-packages/ovsdbapp/backend/ovs_idl/__init__.py:106}}
May 20 03:22:37.486275 np0000175235 devstack@neutron-api.service[103109]: DEBUG ovsdbapp.backend.ovs_idl [None req-6ce674b6-0f4b-4fab-ab22-cb067fa70c96 None None] Created schema index Chassis_Template_Var.chassis {{(pid=103109) autocreate_indices /opt/stack/data/venv/lib/python3.12/site-packages/ovsdbapp/backend/ovs_idl/__init__.py:106}}
May 20 03:22:37.486421 np0000175235 devstack@neutron-api.service[103109]: DEBUG ovsdbapp.backend.ovs_idl [None req-6ce674b6-0f4b-4fab-ab22-cb067fa70c96 None None] Created schema index Logical_Router_Port.name {{(pid=103109) autocreate_indices /opt/stack/data/venv/lib/python3.12/site-packages/ovsdbapp/backend/ovs_idl/__init__.py:106}}
May 20 03:22:37.486548 np0000175235 devstack@neutron-api.service[103109]: DEBUG ovsdbapp.backend.ovs_idl [None req-6ce674b6-0f4b-4fab-ab22-cb067fa70c96 None None] Created schema index Port_Group.name {{(pid=103109) autocreate_indices /opt/stack/data/venv/lib/python3.12/site-packages/ovsdbapp/backend/ovs_idl/__init__.py:106}}
May 20 03:22:37.486675 np0000175235 devstack@neutron-api.service[103109]: DEBUG ovsdbapp.backend.ovs_idl [None req-6ce674b6-0f4b-4fab-ab22-cb067fa70c96 None None] Created schema index Logical_Switch_Port.name {{(pid=103109) autocreate_indices /opt/stack/data/venv/lib/python3.12/site-packages/ovsdbapp/backend/ovs_idl/__init__.py:106}}
May 20 03:22:37.491903 np0000175235 devstack@neutron-api.service[103109]: INFO ovsdbapp.backend.ovs_idl.vlog [None req-6ce674b6-0f4b-4fab-ab22-cb067fa70c96 None None] ssl:199.204.45.210:6641: connecting...
May 20 03:22:37.500567 np0000175235 devstack@neutron-api.service[103109]: INFO ovsdbapp.backend.ovs_idl.vlog [None req-6ce674b6-0f4b-4fab-ab22-cb067fa70c96 None None] ssl:199.204.45.210:6641: connected
May 20 03:22:37.533893 np0000175235 devstack@neutron-api.service[103109]: DEBUG neutron.common.ovn.hash_ring_manager [None req-6ce674b6-0f4b-4fab-ab22-cb067fa70c96 None None] Allow caching, nodes 4>=4 {{(pid=103109) _wait_startup_before_caching /opt/stack/neutron/neutron/common/ovn/hash_ring_manager.py:65}}
May 20 03:22:37.540654 np0000175235 devstack@neutron-api.service[103109]: DEBUG neutron.common.ovn.hash_ring_manager [None req-6ce674b6-0f4b-4fab-ab22-cb067fa70c96 None None] Hash Ring loaded. 4 active nodes. 0 offline nodes {{(pid=103109) _load_hash_ring /opt/stack/neutron/neutron/common/ovn/hash_ring_manager.py:102}}
May 20 03:22:37.541092 np0000175235 devstack@neutron-api.service[103109]: DEBUG neutron.plugins.ml2.drivers.ovn.mech_driver.ovsdb.ovsdb_monitor [None req-6ce674b6-0f4b-4fab-ab22-cb067fa70c96 None None] Hash Ring: Node 2e9d2cedb8fc5f318c748f9514a888c7 (host: np0000175235) handling event "create" for row 6a229594-c6b1-4f36-a2b2-7ee006b98459 (table: NB_Global) {{(pid=103109) notify /opt/stack/neutron/neutron/plugins/ml2/drivers/ovn/mech_driver/ovsdb/ovsdb_monitor.py:942}}
May 20 03:22:37.542565 np0000175235 devstack@neutron-api.service[103109]: INFO neutron.plugins.ml2.drivers.ovn.mech_driver.ovsdb.impl_idl_ovn [None req-6ce674b6-0f4b-4fab-ab22-cb067fa70c96 None None] Getting OvsdbSbOvnIdl for WorkerService with retry
May 20 03:22:37.576323 np0000175235 devstack@neutron-api.service[103109]: DEBUG ovsdbapp.backend.ovs_idl [None req-6ce674b6-0f4b-4fab-ab22-cb067fa70c96 None None] Created lookup_table index Chassis.name {{(pid=103109) autocreate_indices /opt/stack/data/venv/lib/python3.12/site-packages/ovsdbapp/backend/ovs_idl/__init__.py:87}}
May 20 03:22:37.576323 np0000175235 devstack@neutron-api.service[103109]: DEBUG ovsdbapp.backend.ovs_idl [None req-6ce674b6-0f4b-4fab-ab22-cb067fa70c96 None None] Created lookup_table index Port_Binding.logical_port {{(pid=103109) autocreate_indices /opt/stack/data/venv/lib/python3.12/site-packages/ovsdbapp/backend/ovs_idl/__init__.py:87}}
May 20 03:22:37.576529 np0000175235 devstack@neutron-api.service[103109]: DEBUG ovsdbapp.backend.ovs_idl [None req-6ce674b6-0f4b-4fab-ab22-cb067fa70c96 None None] Created schema index Chassis_Private.name {{(pid=103109) autocreate_indices /opt/stack/data/venv/lib/python3.12/site-packages/ovsdbapp/backend/ovs_idl/__init__.py:106}}
May 20 03:22:37.576529 np0000175235 devstack@neutron-api.service[103109]: DEBUG ovsdbapp.backend.ovs_idl [None req-6ce674b6-0f4b-4fab-ab22-cb067fa70c96 None None] Created schema index Datapath_Binding.tunnel_key {{(pid=103109) autocreate_indices /opt/stack/data/venv/lib/python3.12/site-packages/ovsdbapp/backend/ovs_idl/__init__.py:106}}
May 20 03:22:37.579642 np0000175235 devstack@neutron-api.service[103109]: INFO ovsdbapp.backend.ovs_idl.vlog [None req-6ce674b6-0f4b-4fab-ab22-cb067fa70c96 None None] ssl:199.204.45.210:6642: connecting...
May 20 03:22:37.584207 np0000175235 devstack@neutron-api.service[103109]: INFO ovsdbapp.backend.ovs_idl.vlog [None req-6ce674b6-0f4b-4fab-ab22-cb067fa70c96 None None] ssl:199.204.45.210:6642: connected
May 20 03:22:37.622472 np0000175235 devstack@neutron-api.service[103109]: DEBUG neutron.common.ovn.hash_ring_manager [None req-6ce674b6-0f4b-4fab-ab22-cb067fa70c96 None None] Allow caching, nodes 4>=4 {{(pid=103109) _wait_startup_before_caching /opt/stack/neutron/neutron/common/ovn/hash_ring_manager.py:65}}
May 20 03:22:37.627016 np0000175235 devstack@neutron-api.service[103109]: DEBUG neutron.common.ovn.hash_ring_manager [None req-6ce674b6-0f4b-4fab-ab22-cb067fa70c96 None None] Hash Ring loaded. 4 active nodes. 0 offline nodes {{(pid=103109) _load_hash_ring /opt/stack/neutron/neutron/common/ovn/hash_ring_manager.py:102}}
May 20 03:22:37.627305 np0000175235 devstack@neutron-api.service[103109]: DEBUG neutron.plugins.ml2.drivers.ovn.mech_driver.ovsdb.ovsdb_monitor [None req-6ce674b6-0f4b-4fab-ab22-cb067fa70c96 None None] ChassisOVNAgentWriteEvent : Matched Chassis_Private, create, None None {{(pid=103109) matches /opt/stack/neutron/neutron/plugins/ml2/drivers/ovn/mech_driver/ovsdb/ovsdb_monitor.py:64}}
May 20 03:22:37.627474 np0000175235 devstack@neutron-api.service[103109]: DEBUG neutron.plugins.ml2.drivers.ovn.mech_driver.ovsdb.ovsdb_monitor [None req-6ce674b6-0f4b-4fab-ab22-cb067fa70c96 None None] ChassisAgentWriteEvent : Matched Chassis_Private, create, None None {{(pid=103109) matches /opt/stack/neutron/neutron/plugins/ml2/drivers/ovn/mech_driver/ovsdb/ovsdb_monitor.py:64}}
May 20 03:22:37.630882 np0000175235 devstack@neutron-api.service[103109]: INFO neutron.plugins.ml2.drivers.ovn.mech_driver.mech_driver [None req-6ce674b6-0f4b-4fab-ab22-cb067fa70c96 None None] WorkerService process has finished the post initialization
May 20 03:22:37.632319 np0000175235 devstack@neutron-api.service[103109]: WSGI app 0 (mountpoint='') ready in 7 seconds on interpreter 0x7fcc64aa3668 pid: 103109 (default app)
May 20 03:22:39.582422 np0000175235 devstack@neutron-api.service[103108]: DEBUG neutron.common.ovn.hash_ring_manager [-] Allow caching, nodes 4>=4 {{(pid=103108) _wait_startup_before_caching /opt/stack/neutron/neutron/common/ovn/hash_ring_manager.py:65}}
May 20 03:22:39.582852 np0000175235 devstack@neutron-api.service[103110]: DEBUG neutron.common.ovn.hash_ring_manager [-] Allow caching, nodes 4>=4 {{(pid=103110) _wait_startup_before_caching /opt/stack/neutron/neutron/common/ovn/hash_ring_manager.py:65}}
May 20 03:22:39.583162 np0000175235 devstack@neutron-api.service[103110]: DEBUG neutron.plugins.ml2.drivers.ovn.mech_driver.ovsdb.ovsdb_monitor [-] Hash Ring: Node 5cba53c3ac645a5786d9aaeaa817e606 (host: np0000175235) handling event "update" for row b50e8874-d108-4aa7-b9fc-ead16b87542c (table: Connection) {{(pid=103110) notify /opt/stack/neutron/neutron/plugins/ml2/drivers/ovn/mech_driver/ovsdb/ovsdb_monitor.py:942}}
May 20 03:22:39.583634 np0000175235 devstack@neutron-api.service[103111]: DEBUG neutron.common.ovn.hash_ring_manager [-] Allow caching, nodes 4>=4 {{(pid=103111) _wait_startup_before_caching /opt/stack/neutron/neutron/common/ovn/hash_ring_manager.py:65}}
May 20 03:22:39.583983 np0000175235 devstack@neutron-api.service[103111]: DEBUG neutron.plugins.ml2.drivers.ovn.mech_driver.ovsdb.ovsdb_monitor [-] Hash Ring: Node 57c8877ee2a25fb7ab31a7bc047f535c (host: np0000175235) handling event "update" for row b50e8874-d108-4aa7-b9fc-ead16b87542c (table: Connection) {{(pid=103111) notify /opt/stack/neutron/neutron/plugins/ml2/drivers/ovn/mech_driver/ovsdb/ovsdb_monitor.py:942}}
May 20 03:22:43.677528 np0000175235 devstack@neutron-api.service[103111]: DEBUG neutron.api.wsgi [None req-09b4d579-ddc4-425a-88f2-e37263b6cb8a admin admin] Missing Content-Type {{(pid=103111) get_content_type /opt/stack/neutron/neutron/api/wsgi.py:80}}
May 20 03:22:43.678298 np0000175235 devstack@neutron-api.service[103111]: DEBUG neutron.api.wsgi [None req-09b4d579-ddc4-425a-88f2-e37263b6cb8a admin admin] https://199.204.45.210/networking/v2.0/extensions returned with HTTP 200 {{(pid=103111) __call__ /opt/stack/neutron/neutron/api/wsgi.py:540}}
May 20 03:22:43.678298 np0000175235 devstack@neutron-api.service[103111]: [pid: 103111|app: 0|req: 2/2] 199.204.45.210 () {64 vars in 1323 bytes} [Wed May 20 03:22:43 2026] GET /networking/v2.0/extensions => generated 15209 bytes in 256 msecs (HTTP/1.1 200) 4 headers in 159 bytes (1 switches on core 0)
May 20 03:22:44.095340 np0000175235 devstack@neutron-api.service[103108]: DEBUG neutron.api.v2.base [None req-47cff69f-8920-44a9-84bf-edc938d86b07 admin admin] Request body: {'subnetpool': {'default_prefixlen': 26, 'prefixes': ['10.1.0.0/20'], 'is_default': True, 'name': 'shared-default-subnetpool-v4', 'shared': True}} {{(pid=103108) prepare_request_body /opt/stack/neutron/neutron/api/v2/base.py:727}}
May 20 03:22:44.338093 np0000175235 devstack@neutron-api.service[103108]: DEBUG neutron.policy [None req-47cff69f-8920-44a9-84bf-edc938d86b07 admin admin] Loaded default policies from ['neutron'] under neutron.policies entry points {{(pid=103108) register_rules /opt/stack/neutron/neutron/policy.py:65}}
May 20 03:22:44.484777 np0000175235 devstack@neutron-api.service[103108]: DEBUG neutron_lib.callbacks.manager [None req-47cff69f-8920-44a9-84bf-edc938d86b07 admin admin] Publish callbacks ['neutron.objects.securitygroup.RbacNeutronDbObjectMixin.validate_rbac_policy_change-2536788425087', 'neutron.objects.address_group.RbacNeutronDbObjectMixin.validate_rbac_policy_change-2536788402424', 'neutron.objects.network.RbacNeutronDbObjectMixin.validate_rbac_policy_change-2536788453583', 'neutron.objects.qos.policy.RbacNeutronDbObjectMixin.validate_rbac_policy_change-2536788450242', 'neutron.objects.subnetpool.RbacNeutronDbObjectMixin.validate_rbac_policy_change-2536788429817', 'neutron.objects.address_scope.RbacNeutronDbObjectMixin.validate_rbac_policy_change-2536788429322', 'neutron.plugins.ml2.plugin.External_net_db_mixin._process_ext_policy_create-2896780', 'neutron.plugins.ml2.plugin.NeutronDbPluginV2.validate_network_rbac_policy_change-2889624'] for rbac-policy (None), before_create {{(pid=103108) _notify_loop /opt/stack/data/venv/lib/python3.12/site-packages/neutron_lib/callbacks/manager.py:184}}
May 20 03:22:44.533148 np0000175235 devstack@neutron-api.service[103108]: DEBUG neutron_lib.callbacks.manager [None req-47cff69f-8920-44a9-84bf-edc938d86b07 admin admin] Publish callbacks [] for subnetpool (None), before_response {{(pid=103108) _notify_loop /opt/stack/data/venv/lib/python3.12/site-packages/neutron_lib/callbacks/manager.py:184}}
May 20 03:22:44.534183 np0000175235 devstack@neutron-api.service[103108]: [pid: 103108|app: 0|req: 1/3] 199.204.45.210 () {68 vars in 1367 bytes} [Wed May 20 03:22:43 2026] POST /networking/v2.0/subnetpools => generated 533 bytes in 551 msecs (HTTP/1.1 201) 4 headers in 162 bytes (1 switches on core 0)
May 20 03:22:44.860889 np0000175235 devstack@neutron-api.service[103110]: DEBUG neutron.api.v2.base [None req-0cc75414-dc1d-4d20-9932-b72e4175d486 admin admin] Request body: {'subnetpool': {'default_prefixlen': 64, 'prefixes': ['fd36:ff81:d7be::/56'], 'is_default': True, 'name': 'shared-default-subnetpool-v6', 'shared': True}} {{(pid=103110) prepare_request_body /opt/stack/neutron/neutron/api/v2/base.py:727}}
May 20 03:22:45.055161 np0000175235 devstack@neutron-api.service[103110]: DEBUG neutron.policy [None req-0cc75414-dc1d-4d20-9932-b72e4175d486 admin admin] Loaded default policies from ['neutron'] under neutron.policies entry points {{(pid=103110) register_rules /opt/stack/neutron/neutron/policy.py:65}}
May 20 03:22:45.215240 np0000175235 devstack@neutron-api.service[103110]: DEBUG neutron_lib.callbacks.manager [None req-0cc75414-dc1d-4d20-9932-b72e4175d486 admin admin] Publish callbacks ['neutron.objects.securitygroup.RbacNeutronDbObjectMixin.validate_rbac_policy_change-2536788424013', 'neutron.objects.address_group.RbacNeutronDbObjectMixin.validate_rbac_policy_change-2536788401366', 'neutron.objects.network.RbacNeutronDbObjectMixin.validate_rbac_policy_change-2536788452573', 'neutron.objects.qos.policy.RbacNeutronDbObjectMixin.validate_rbac_policy_change-2536788449232', 'neutron.objects.subnetpool.RbacNeutronDbObjectMixin.validate_rbac_policy_change-2536788428759', 'neutron.objects.address_scope.RbacNeutronDbObjectMixin.validate_rbac_policy_change-2536788428312', 'neutron.plugins.ml2.plugin.External_net_db_mixin._process_ext_policy_create-4170853', 'neutron.plugins.ml2.plugin.NeutronDbPluginV2.validate_network_rbac_policy_change-4160605'] for rbac-policy (None), before_create {{(pid=103110) _notify_loop /opt/stack/data/venv/lib/python3.12/site-packages/neutron_lib/callbacks/manager.py:184}}
May 20 03:22:45.261571 np0000175235 devstack@neutron-api.service[103110]: DEBUG neutron_lib.callbacks.manager [None req-0cc75414-dc1d-4d20-9932-b72e4175d486 admin admin] Publish callbacks [] for subnetpool (None), before_response {{(pid=103110) _notify_loop /opt/stack/data/venv/lib/python3.12/site-packages/neutron_lib/callbacks/manager.py:184}}
May 20 03:22:45.262074 np0000175235 devstack@neutron-api.service[103110]: [pid: 103110|app: 0|req: 1/4] 199.204.45.210 () {68 vars in 1367 bytes} [Wed May 20 03:22:44 2026] POST /networking/v2.0/subnetpools => generated 543 bytes in 510 msecs (HTTP/1.1 201) 4 headers in 162 bytes (1 switches on core 0)
May 20 03:22:45.653581 np0000175235 devstack@neutron-api.service[103109]: DEBUG neutron.api.v2.base [None req-2691c517-6e94-4ee0-8ce9-7fa77cf5fb0d admin admin] Request body: {'network': {'admin_state_up': True, 'name': 'private'}} {{(pid=103109) prepare_request_body /opt/stack/neutron/neutron/api/v2/base.py:727}}
May 20 03:22:45.681123 np0000175235 devstack@neutron-api.service[103109]: DEBUG neutron.pecan_wsgi.hooks.quota_enforcement [None req-2691c517-6e94-4ee0-8ce9-7fa77cf5fb0d admin admin] Made reservation on behalf of 8b325ca55005433a8ccac46d1e80ce50 for: {'network': 1} {{(pid=103109) before /opt/stack/neutron/neutron/pecan_wsgi/hooks/quota_enforcement.py:66}}
May 20 03:22:45.854682 np0000175235 devstack@neutron-api.service[103109]: DEBUG neutron.policy [None req-2691c517-6e94-4ee0-8ce9-7fa77cf5fb0d admin admin] Loaded default policies from ['neutron'] under neutron.policies entry points {{(pid=103109) register_rules /opt/stack/neutron/neutron/policy.py:65}}
May 20 03:22:45.959829 np0000175235 devstack@neutron-api.service[103109]: DEBUG neutron_lib.callbacks.manager [None req-2691c517-6e94-4ee0-8ce9-7fa77cf5fb0d admin admin] Publish callbacks ['neutron.plugins.ml2.plugin.SecurityGroupDbMixin._ensure_default_security_group_handler-4099539'] for network (None), before_create {{(pid=103109) _notify_loop /opt/stack/data/venv/lib/python3.12/site-packages/neutron_lib/callbacks/manager.py:184}}
May 20 03:22:45.979399 np0000175235 devstack@neutron-api.service[103109]: DEBUG neutron_lib.callbacks.manager [None req-2691c517-6e94-4ee0-8ce9-7fa77cf5fb0d admin admin] Publish callbacks [] for security_group (None), before_create {{(pid=103109) _notify_loop /opt/stack/data/venv/lib/python3.12/site-packages/neutron_lib/callbacks/manager.py:184}}
May 20 03:22:46.082598 np0000175235 devstack@neutron-api.service[103109]: DEBUG neutron_lib.callbacks.manager [None req-2691c517-6e94-4ee0-8ce9-7fa77cf5fb0d admin admin] Publish callbacks ['neutron.plugins.ml2.drivers.ovn.mech_driver.mech_driver.OVNMechanismDriver._create_security_group_precommit-256949'] for security_group (741d1814-2a78-4e71-93f9-1f7a6aca6ba7), precommit_create {{(pid=103109) _notify_loop /opt/stack/data/venv/lib/python3.12/site-packages/neutron_lib/callbacks/manager.py:184}}
May 20 03:22:46.083029 np0000175235 devstack@neutron-api.service[103109]: DEBUG neutron.db.ovn_revision_numbers_db [None req-2691c517-6e94-4ee0-8ce9-7fa77cf5fb0d admin admin] create_initial_revision uuid=741d1814-2a78-4e71-93f9-1f7a6aca6ba7, type=security_groups, rev=-1 {{(pid=103109) create_initial_revision /opt/stack/neutron/neutron/db/ovn_revision_numbers_db.py:98}}
May 20 03:22:46.085848 np0000175235 devstack@neutron-api.service[103109]: DEBUG neutron.db.ovn_revision_numbers_db [None req-2691c517-6e94-4ee0-8ce9-7fa77cf5fb0d admin admin] create_initial_revision uuid=1111d414-5ad9-4d69-bf11-47938f9e79ac, type=security_group_rules, rev=-1 {{(pid=103109) create_initial_revision /opt/stack/neutron/neutron/db/ovn_revision_numbers_db.py:98}}
May 20 03:22:46.086928 np0000175235 devstack@neutron-api.service[103109]: DEBUG neutron.db.ovn_revision_numbers_db [None req-2691c517-6e94-4ee0-8ce9-7fa77cf5fb0d admin admin] create_initial_revision uuid=38923853-022e-472f-8eeb-ac7194fdff4e, type=security_group_rules, rev=-1 {{(pid=103109) create_initial_revision /opt/stack/neutron/neutron/db/ovn_revision_numbers_db.py:98}}
May 20 03:22:46.087959 np0000175235 devstack@neutron-api.service[103109]: DEBUG neutron.db.ovn_revision_numbers_db [None req-2691c517-6e94-4ee0-8ce9-7fa77cf5fb0d admin admin] create_initial_revision uuid=67fb388c-3405-4a35-9df2-0ae56322b36d, type=security_group_rules, rev=-1 {{(pid=103109) create_initial_revision /opt/stack/neutron/neutron/db/ovn_revision_numbers_db.py:98}}
May 20 03:22:46.089068 np0000175235 devstack@neutron-api.service[103109]: DEBUG neutron.db.ovn_revision_numbers_db [None req-2691c517-6e94-4ee0-8ce9-7fa77cf5fb0d admin admin] create_initial_revision uuid=dc6044c9-5115-4904-828e-001904fb33bf, type=security_group_rules, rev=-1 {{(pid=103109) create_initial_revision /opt/stack/neutron/neutron/db/ovn_revision_numbers_db.py:98}}
May 20 03:22:46.096878 np0000175235 devstack@neutron-api.service[103109]: DEBUG neutron_lib.callbacks.manager [None req-2691c517-6e94-4ee0-8ce9-7fa77cf5fb0d admin admin] Publish callbacks ['neutron.plugins.ml2.drivers.ovn.mech_driver.mech_driver.OVNMechanismDriver._create_security_group-256899', 'neutron.plugins.ml2.ovo_rpc._ObjectChangeHandler.handle_event-1760108'] for security_group (741d1814-2a78-4e71-93f9-1f7a6aca6ba7), after_create {{(pid=103109) _notify_loop /opt/stack/data/venv/lib/python3.12/site-packages/neutron_lib/callbacks/manager.py:184}}
May 20 03:22:46.097053 np0000175235 devstack@neutron-api.service[103109]: INFO neutron.plugins.ml2.drivers.ovn.mech_driver.ovsdb.extensions.qos [None req-2691c517-6e94-4ee0-8ce9-7fa77cf5fb0d admin admin] Starting OVNClientQosExtension
May 20 03:22:46.097179 np0000175235 devstack@neutron-api.service[103109]: INFO neutron.plugins.ml2.drivers.ovn.mech_driver.ovsdb.extensions.placement [None req-2691c517-6e94-4ee0-8ce9-7fa77cf5fb0d admin admin] Starting OVNClientPlacementExtension
May 20 03:22:46.098767 np0000175235 devstack@neutron-api.service[103109]: DEBUG ovsdbapp.backend.ovs_idl.transaction [-] Running txn n=1 command(idx=0): PgAddCommand(_result=None, name=pg_741d1814_2a78_4e71_93f9_1f7a6aca6ba7, may_exist=False, columns={'acls': [], 'external_ids': {'neutron:security_group_id': '741d1814-2a78-4e71-93f9-1f7a6aca6ba7'}}) {{(pid=103109) do_commit /opt/stack/data/venv/lib/python3.12/site-packages/ovsdbapp/backend/ovs_idl/transaction.py:89}}
May 20 03:22:46.101163 np0000175235 devstack@neutron-api.service[103109]: DEBUG ovsdbapp.backend.ovs_idl.transaction [-] Running txn n=1 command(idx=1): PgAclAddCommand(_result=None, entity=pg_741d1814_2a78_4e71_93f9_1f7a6aca6ba7, direction=to-lport, priority=1002, match=outport == @pg_741d1814_2a78_4e71_93f9_1f7a6aca6ba7 && ip4 && ip4.src == $pg_741d1814_2a78_4e71_93f9_1f7a6aca6ba7_ip4, action=allow-related, log=False, may_exist=True, severity=[], name=[], meter=[], external_ids={'neutron:security_group_rule_id': '1111d414-5ad9-4d69-bf11-47938f9e79ac'}) {{(pid=103109) do_commit /opt/stack/data/venv/lib/python3.12/site-packages/ovsdbapp/backend/ovs_idl/transaction.py:89}}
May 20 03:22:46.101827 np0000175235 devstack@neutron-api.service[103109]: DEBUG ovsdbapp.backend.ovs_idl.transaction [-] Running txn n=1 command(idx=2): PgAclAddCommand(_result=None, entity=pg_741d1814_2a78_4e71_93f9_1f7a6aca6ba7, direction=to-lport, priority=1002, match=outport == @pg_741d1814_2a78_4e71_93f9_1f7a6aca6ba7 && ip6 && ip6.src == $pg_741d1814_2a78_4e71_93f9_1f7a6aca6ba7_ip6, action=allow-related, log=False, may_exist=True, severity=[], name=[], meter=[], external_ids={'neutron:security_group_rule_id': '38923853-022e-472f-8eeb-ac7194fdff4e'}) {{(pid=103109) do_commit /opt/stack/data/venv/lib/python3.12/site-packages/ovsdbapp/backend/ovs_idl/transaction.py:89}}
May 20 03:22:46.102405 np0000175235 devstack@neutron-api.service[103109]: DEBUG ovsdbapp.backend.ovs_idl.transaction [-] Running txn n=1 command(idx=3): PgAclAddCommand(_result=None, entity=pg_741d1814_2a78_4e71_93f9_1f7a6aca6ba7, direction=from-lport, priority=1002, match=inport == @pg_741d1814_2a78_4e71_93f9_1f7a6aca6ba7 && ip6, action=allow-related, log=False, may_exist=True, severity=[], name=[], meter=[], external_ids={'neutron:security_group_rule_id': '67fb388c-3405-4a35-9df2-0ae56322b36d'}) {{(pid=103109) do_commit /opt/stack/data/venv/lib/python3.12/site-packages/ovsdbapp/backend/ovs_idl/transaction.py:89}}
May 20 03:22:46.102986 np0000175235 devstack@neutron-api.service[103109]: DEBUG ovsdbapp.backend.ovs_idl.transaction [-] Running txn n=1 command(idx=4): PgAclAddCommand(_result=None, entity=pg_741d1814_2a78_4e71_93f9_1f7a6aca6ba7, direction=from-lport, priority=1002, match=inport == @pg_741d1814_2a78_4e71_93f9_1f7a6aca6ba7 && ip4, action=allow-related, log=False, may_exist=True, severity=[], name=[], meter=[], external_ids={'neutron:security_group_rule_id': 'dc6044c9-5115-4904-828e-001904fb33bf'}) {{(pid=103109) do_commit /opt/stack/data/venv/lib/python3.12/site-packages/ovsdbapp/backend/ovs_idl/transaction.py:89}}
May 20 03:22:46.111481 np0000175235 devstack@neutron-api.service[103111]: DEBUG neutron.plugins.ml2.drivers.ovn.mech_driver.ovsdb.ovsdb_monitor [-] Hash Ring: Node 57c8877ee2a25fb7ab31a7bc047f535c (host: np0000175235) handling event "create" for row 0ee3bd88-eab9-4386-bf40-e6f8c3be767e (table: ACL) {{(pid=103111) notify /opt/stack/neutron/neutron/plugins/ml2/drivers/ovn/mech_driver/ovsdb/ovsdb_monitor.py:942}}
May 20 03:22:46.111887 np0000175235 devstack@neutron-api.service[103111]: DEBUG neutron.plugins.ml2.drivers.ovn.mech_driver.ovsdb.ovsdb_monitor [-] Hash Ring: Node 57c8877ee2a25fb7ab31a7bc047f535c (host: np0000175235) handling event "create" for row 3133634c-2d16-4fe3-94e1-57dc45768e9e (table: ACL) {{(pid=103111) notify /opt/stack/neutron/neutron/plugins/ml2/drivers/ovn/mech_driver/ovsdb/ovsdb_monitor.py:942}}
May 20 03:22:46.112269 np0000175235 devstack@neutron-api.service[103110]: DEBUG neutron.plugins.ml2.drivers.ovn.mech_driver.ovsdb.ovsdb_monitor [-] Hash Ring: Node 5cba53c3ac645a5786d9aaeaa817e606 (host: np0000175235) handling event "create" for row 3133634c-2d16-4fe3-94e1-57dc45768e9e (table: ACL) {{(pid=103110) notify /opt/stack/neutron/neutron/plugins/ml2/drivers/ovn/mech_driver/ovsdb/ovsdb_monitor.py:942}}
May 20 03:22:46.112630 np0000175235 devstack@neutron-api.service[103111]: DEBUG neutron.plugins.ml2.drivers.ovn.mech_driver.ovsdb.ovsdb_monitor [-] Hash Ring: Node 57c8877ee2a25fb7ab31a7bc047f535c (host: np0000175235) handling event "create" for row 6c9ff2a6-35ca-4abe-8ac8-ae1bd533613e (table: ACL) {{(pid=103111) notify /opt/stack/neutron/neutron/plugins/ml2/drivers/ovn/mech_driver/ovsdb/ovsdb_monitor.py:942}}
May 20 03:22:46.112630 np0000175235 devstack@neutron-api.service[103111]: DEBUG neutron.plugins.ml2.drivers.ovn.mech_driver.ovsdb.ovsdb_monitor [-] Hash Ring: Node 57c8877ee2a25fb7ab31a7bc047f535c (host: np0000175235) handling event "create" for row 6ff3d87e-dac0-4865-937f-ae1265d55c25 (table: ACL) {{(pid=103111) notify /opt/stack/neutron/neutron/plugins/ml2/drivers/ovn/mech_driver/ovsdb/ovsdb_monitor.py:942}}
May 20 03:22:46.112781 np0000175235 devstack@neutron-api.service[103110]: DEBUG neutron.plugins.ml2.drivers.ovn.mech_driver.ovsdb.ovsdb_monitor [-] Hash Ring: Node 5cba53c3ac645a5786d9aaeaa817e606 (host: np0000175235) handling event "create" for row 6ff3d87e-dac0-4865-937f-ae1265d55c25 (table: ACL) {{(pid=103110) notify /opt/stack/neutron/neutron/plugins/ml2/drivers/ovn/mech_driver/ovsdb/ovsdb_monitor.py:942}}
May 20 03:22:46.112897 np0000175235 devstack@neutron-api.service[103111]: DEBUG neutron.plugins.ml2.drivers.ovn.mech_driver.ovsdb.ovsdb_monitor [-] Hash Ring: Node 57c8877ee2a25fb7ab31a7bc047f535c (host: np0000175235) handling event "create" for row 3d747bdd-036b-4e74-8603-2b9e0ae308a9 (table: Port_Group) {{(pid=103111) notify /opt/stack/neutron/neutron/plugins/ml2/drivers/ovn/mech_driver/ovsdb/ovsdb_monitor.py:942}}
May 20 03:22:46.112984 np0000175235 devstack@neutron-api.service[103110]: DEBUG neutron.plugins.ml2.drivers.ovn.mech_driver.ovsdb.ovsdb_monitor [-] Hash Ring: Node 5cba53c3ac645a5786d9aaeaa817e606 (host: np0000175235) handling event "create" for row 3d747bdd-036b-4e74-8603-2b9e0ae308a9 (table: Port_Group) {{(pid=103110) notify /opt/stack/neutron/neutron/plugins/ml2/drivers/ovn/mech_driver/ovsdb/ovsdb_monitor.py:942}}
May 20 03:22:46.138944 np0000175235 devstack@neutron-api.service[103109]: INFO neutron.db.ovn_revision_numbers_db [None req-2691c517-6e94-4ee0-8ce9-7fa77cf5fb0d admin admin] Successfully bumped revision number for resource 741d1814-2a78-4e71-93f9-1f7a6aca6ba7 (type: security_groups) to 1
May 20 03:22:46.155028 np0000175235 devstack@neutron-api.service[103109]: INFO neutron.db.ovn_revision_numbers_db [None req-2691c517-6e94-4ee0-8ce9-7fa77cf5fb0d admin admin] Successfully bumped revision number for resource 1111d414-5ad9-4d69-bf11-47938f9e79ac (type: security_group_rules) to 0
May 20 03:22:46.167125 np0000175235 devstack@neutron-api.service[103109]: INFO neutron.db.ovn_revision_numbers_db [None req-2691c517-6e94-4ee0-8ce9-7fa77cf5fb0d admin admin] Successfully bumped revision number for resource 38923853-022e-472f-8eeb-ac7194fdff4e (type: security_group_rules) to 0
May 20 03:22:46.180594 np0000175235 devstack@neutron-api.service[103109]: INFO neutron.db.ovn_revision_numbers_db [None req-2691c517-6e94-4ee0-8ce9-7fa77cf5fb0d admin admin] Successfully bumped revision number for resource 67fb388c-3405-4a35-9df2-0ae56322b36d (type: security_group_rules) to 0
May 20 03:22:46.194312 np0000175235 devstack@neutron-api.service[103109]: INFO neutron.db.ovn_revision_numbers_db [None req-2691c517-6e94-4ee0-8ce9-7fa77cf5fb0d admin admin] Successfully bumped revision number for resource dc6044c9-5115-4904-828e-001904fb33bf (type: security_group_rules) to 0
May 20 03:22:46.222344 np0000175235 devstack@neutron-api.service[103109]: DEBUG neutron.api.rpc.handlers.resources_rpc [None req-2691c517-6e94-4ee0-8ce9-7fa77cf5fb0d admin admin] Pushing event updated for resources: {'SecurityGroup': ['ID=741d1814-2a78-4e71-93f9-1f7a6aca6ba7,revision_number=1']} {{(pid=103109) push /opt/stack/neutron/neutron/api/rpc/handlers/resources_rpc.py:237}}
May 20 03:22:46.231049 np0000175235 devstack@neutron-api.service[103109]: DEBUG ovsdbapp.backend.ovs_idl.transaction [-] Running txn n=1 command(idx=0): CheckLivenessCommand(_result=None) {{(pid=103109) do_commit /opt/stack/data/venv/lib/python3.12/site-packages/ovsdbapp/backend/ovs_idl/transaction.py:89}}
May 20 03:22:46.234042 np0000175235 devstack@neutron-api.service[103109]: DEBUG neutron.plugins.ml2.drivers.ovn.mech_driver.ovsdb.ovsdb_monitor [-] Hash Ring: Node 2e9d2cedb8fc5f318c748f9514a888c7 (host: np0000175235) handling event "update" for row 6a229594-c6b1-4f36-a2b2-7ee006b98459 (table: NB_Global) {{(pid=103109) notify /opt/stack/neutron/neutron/plugins/ml2/drivers/ovn/mech_driver/ovsdb/ovsdb_monitor.py:942}}
May 20 03:22:46.234479 np0000175235 devstack@neutron-api.service[103111]: DEBUG neutron.plugins.ml2.drivers.ovn.mech_driver.ovsdb.ovsdb_monitor [-] Hash Ring: Node 57c8877ee2a25fb7ab31a7bc047f535c (host: np0000175235) handling event "update" for row 6a229594-c6b1-4f36-a2b2-7ee006b98459 (table: NB_Global) {{(pid=103111) notify /opt/stack/neutron/neutron/plugins/ml2/drivers/ovn/mech_driver/ovsdb/ovsdb_monitor.py:942}}
May 20 03:22:46.235566 np0000175235 devstack@neutron-api.service[103108]: DEBUG neutron.plugins.ml2.drivers.ovn.mech_driver.ovsdb.ovsdb_monitor [-] Hash Ring: Node 6f9c200431f3511b9eb79a013fab8f5c (host: np0000175235) handling event "update" for row 6a229594-c6b1-4f36-a2b2-7ee006b98459 (table: NB_Global) {{(pid=103108) notify /opt/stack/neutron/neutron/plugins/ml2/drivers/ovn/mech_driver/ovsdb/ovsdb_monitor.py:942}}
May 20 03:22:46.236123 np0000175235 devstack@neutron-api.service[103111]: DEBUG neutron.plugins.ml2.drivers.ovn.mech_driver.ovsdb.ovsdb_monitor [-] Hash Ring: Node 57c8877ee2a25fb7ab31a7bc047f535c (host: np0000175235) handling event "update" for row 6a229594-c6b1-4f36-a2b2-7ee006b98459 (table: NB_Global) {{(pid=103111) notify /opt/stack/neutron/neutron/plugins/ml2/drivers/ovn/mech_driver/ovsdb/ovsdb_monitor.py:942}}
May 20 03:22:46.236291 np0000175235 devstack@neutron-api.service[103109]: DEBUG neutron.plugins.ml2.drivers.ovn.mech_driver.ovsdb.ovsdb_monitor [-] Hash Ring: Node 2e9d2cedb8fc5f318c748f9514a888c7 (host: np0000175235) handling event "update" for row 6a229594-c6b1-4f36-a2b2-7ee006b98459 (table: NB_Global) {{(pid=103109) notify /opt/stack/neutron/neutron/plugins/ml2/drivers/ovn/mech_driver/ovsdb/ovsdb_monitor.py:942}}
May 20 03:22:46.236658 np0000175235 devstack@neutron-api.service[103108]: DEBUG neutron.plugins.ml2.drivers.ovn.mech_driver.ovsdb.ovsdb_monitor [-] Hash Ring: Node 6f9c200431f3511b9eb79a013fab8f5c (host: np0000175235) handling event "update" for row 6a229594-c6b1-4f36-a2b2-7ee006b98459 (table: NB_Global) {{(pid=103108) notify /opt/stack/neutron/neutron/plugins/ml2/drivers/ovn/mech_driver/ovsdb/ovsdb_monitor.py:942}}
May 20 03:22:46.237530 np0000175235 devstack@neutron-api.service[103111]: DEBUG neutron.plugins.ml2.drivers.ovn.mech_driver.ovsdb.ovsdb_monitor [-] Hash Ring: Node 57c8877ee2a25fb7ab31a7bc047f535c (host: np0000175235) handling event "update" for row 6a229594-c6b1-4f36-a2b2-7ee006b98459 (table: NB_Global) {{(pid=103111) notify /opt/stack/neutron/neutron/plugins/ml2/drivers/ovn/mech_driver/ovsdb/ovsdb_monitor.py:942}}
May 20 03:22:46.237687 np0000175235 devstack@neutron-api.service[103110]: DEBUG neutron.plugins.ml2.drivers.ovn.mech_driver.ovsdb.ovsdb_monitor [-] ChassisAgentWriteEvent : Matched Chassis_Private, update, None None {{(pid=103110) matches /opt/stack/neutron/neutron/plugins/ml2/drivers/ovn/mech_driver/ovsdb/ovsdb_monitor.py:64}}
May 20 03:22:46.238188 np0000175235 devstack@neutron-api.service[103109]: DEBUG neutron.plugins.ml2.drivers.ovn.mech_driver.ovsdb.ovsdb_monitor [-] ChassisAgentWriteEvent : Matched Chassis_Private, update, None None {{(pid=103109) matches /opt/stack/neutron/neutron/plugins/ml2/drivers/ovn/mech_driver/ovsdb/ovsdb_monitor.py:64}}
May 20 03:22:46.238347 np0000175235 devstack@neutron-api.service[103108]: DEBUG neutron.plugins.ml2.drivers.ovn.mech_driver.ovsdb.ovsdb_monitor [-] ChassisAgentWriteEvent : Matched Chassis_Private, update, None None {{(pid=103108) matches /opt/stack/neutron/neutron/plugins/ml2/drivers/ovn/mech_driver/ovsdb/ovsdb_monitor.py:64}}
May 20 03:22:46.238630 np0000175235 devstack@neutron-api.service[103111]: DEBUG neutron.plugins.ml2.drivers.ovn.mech_driver.ovsdb.ovsdb_monitor [-] Hash Ring: Node 57c8877ee2a25fb7ab31a7bc047f535c (host: np0000175235) handling event "update" for row 6a229594-c6b1-4f36-a2b2-7ee006b98459 (table: NB_Global) {{(pid=103111) notify /opt/stack/neutron/neutron/plugins/ml2/drivers/ovn/mech_driver/ovsdb/ovsdb_monitor.py:942}}
May 20 03:22:46.239956 np0000175235 devstack@neutron-api.service[103109]: DEBUG neutron.plugins.ml2.drivers.ovn.mech_driver.ovsdb.ovsdb_monitor [-] Hash Ring: Node 2e9d2cedb8fc5f318c748f9514a888c7 (host: np0000175235) handling event "update" for row 6a229594-c6b1-4f36-a2b2-7ee006b98459 (table: NB_Global) {{(pid=103109) notify /opt/stack/neutron/neutron/plugins/ml2/drivers/ovn/mech_driver/ovsdb/ovsdb_monitor.py:942}}
May 20 03:22:46.240460 np0000175235 devstack@neutron-api.service[103111]: DEBUG neutron.plugins.ml2.drivers.ovn.mech_driver.ovsdb.ovsdb_monitor [-] ChassisAgentWriteEvent : Matched Chassis_Private, update, None None {{(pid=103111) matches /opt/stack/neutron/neutron/plugins/ml2/drivers/ovn/mech_driver/ovsdb/ovsdb_monitor.py:64}}
May 20 03:22:46.240787 np0000175235 devstack@neutron-api.service[103109]: DEBUG neutron.plugins.ml2.drivers.ovn.mech_driver.ovsdb.ovsdb_monitor [-] Hash Ring: Node 2e9d2cedb8fc5f318c748f9514a888c7 (host: np0000175235) handling event "update" for row 6a229594-c6b1-4f36-a2b2-7ee006b98459 (table: NB_Global) {{(pid=103109) notify /opt/stack/neutron/neutron/plugins/ml2/drivers/ovn/mech_driver/ovsdb/ovsdb_monitor.py:942}}
May 20 03:22:46.241249 np0000175235 devstack@neutron-api.service[103108]: DEBUG neutron.plugins.ml2.drivers.ovn.mech_driver.ovsdb.ovsdb_monitor [-] Hash Ring: Node 6f9c200431f3511b9eb79a013fab8f5c (host: np0000175235) handling event "update" for row 6a229594-c6b1-4f36-a2b2-7ee006b98459 (table: NB_Global) {{(pid=103108) notify /opt/stack/neutron/neutron/plugins/ml2/drivers/ovn/mech_driver/ovsdb/ovsdb_monitor.py:942}}
May 20 03:22:46.242236 np0000175235 devstack@neutron-api.service[103108]: DEBUG neutron.plugins.ml2.drivers.ovn.mech_driver.ovsdb.ovsdb_monitor [-] Hash Ring: Node 6f9c200431f3511b9eb79a013fab8f5c (host: np0000175235) handling event "update" for row 6a229594-c6b1-4f36-a2b2-7ee006b98459 (table: NB_Global) {{(pid=103108) notify /opt/stack/neutron/neutron/plugins/ml2/drivers/ovn/mech_driver/ovsdb/ovsdb_monitor.py:942}}
May 20 03:22:46.244104 np0000175235 devstack@neutron-api.service[103108]: DEBUG neutron.plugins.ml2.drivers.ovn.mech_driver.ovsdb.ovsdb_monitor [-] ChassisOVNAgentWriteEvent : Matched Chassis_Private, update, None None {{(pid=103108) matches /opt/stack/neutron/neutron/plugins/ml2/drivers/ovn/mech_driver/ovsdb/ovsdb_monitor.py:64}}
May 20 03:22:46.244352 np0000175235 devstack@neutron-api.service[103110]: DEBUG neutron.plugins.ml2.drivers.ovn.mech_driver.ovsdb.ovsdb_monitor [-] ChassisOVNAgentWriteEvent : Matched Chassis_Private, update, None None {{(pid=103110) matches /opt/stack/neutron/neutron/plugins/ml2/drivers/ovn/mech_driver/ovsdb/ovsdb_monitor.py:64}}
May 20 03:22:46.244868 np0000175235 devstack@neutron-api.service[103111]: DEBUG neutron.common.ovn.hash_ring_manager [-] Allow caching, nodes 4>=4 {{(pid=103111) _wait_startup_before_caching /opt/stack/neutron/neutron/common/ovn/hash_ring_manager.py:65}}
May 20 03:22:46.245044 np0000175235 devstack@neutron-api.service[103111]: DEBUG neutron.plugins.ml2.drivers.ovn.mech_driver.ovsdb.ovsdb_monitor [-] Hash Ring: Node 57c8877ee2a25fb7ab31a7bc047f535c (host: np0000175235) handling event "update" for row f2a7197d-9c2a-45d8-962f-a7cfb87dff20 (table: Chassis_Private) {{(pid=103111) notify /opt/stack/neutron/neutron/plugins/ml2/drivers/ovn/mech_driver/ovsdb/ovsdb_monitor.py:942}}
May 20 03:22:46.246008 np0000175235 devstack@neutron-api.service[103111]: DEBUG neutron.plugins.ml2.drivers.ovn.mech_driver.ovsdb.ovsdb_monitor [-] ChassisOVNAgentWriteEvent : Matched Chassis_Private, update, None None {{(pid=103111) matches /opt/stack/neutron/neutron/plugins/ml2/drivers/ovn/mech_driver/ovsdb/ovsdb_monitor.py:64}}
May 20 03:22:46.246328 np0000175235 devstack@neutron-api.service[103111]: DEBUG neutron.plugins.ml2.drivers.ovn.mech_driver.ovsdb.ovsdb_monitor [-] Hash Ring: Node 57c8877ee2a25fb7ab31a7bc047f535c (host: np0000175235) handling event "update" for row f2a7197d-9c2a-45d8-962f-a7cfb87dff20 (table: Chassis_Private) {{(pid=103111) notify /opt/stack/neutron/neutron/plugins/ml2/drivers/ovn/mech_driver/ovsdb/ovsdb_monitor.py:942}}
May 20 03:22:46.247167 np0000175235 devstack@neutron-api.service[103109]: DEBUG neutron.api.rpc.callbacks.version_manager [None req-2691c517-6e94-4ee0-8ce9-7fa77cf5fb0d admin admin] Tracked resource versions report:
May 20 03:22:46.247167 np0000175235 devstack@neutron-api.service[103109]: pushed versions:
May 20 03:22:46.247167 np0000175235 devstack@neutron-api.service[103109]: { 'AddressGroup': {'1.2'},
May 20 03:22:46.247167 np0000175235 devstack@neutron-api.service[103109]: 'Agent': {'1.1'},
May 20 03:22:46.247167 np0000175235 devstack@neutron-api.service[103109]: 'ConntrackHelper': {'1.0'},
May 20 03:22:46.247167 np0000175235 devstack@neutron-api.service[103109]: 'LocalIPAssociation': {'1.0'},
May 20 03:22:46.247167 np0000175235 devstack@neutron-api.service[103109]: 'Log': {'1.0'},
May 20 03:22:46.247167 np0000175235 devstack@neutron-api.service[103109]: 'NDPProxy': {'1.0'},
May 20 03:22:46.247167 np0000175235 devstack@neutron-api.service[103109]: 'Network': {'1.2'},
May 20 03:22:46.247167 np0000175235 devstack@neutron-api.service[103109]: 'Port': {'1.10'},
May 20 03:22:46.247167 np0000175235 devstack@neutron-api.service[103109]: 'PortForwarding': {'1.3'},
May 20 03:22:46.247167 np0000175235 devstack@neutron-api.service[103109]: 'QosPolicy': {'1.10'},
May 20 03:22:46.247167 np0000175235 devstack@neutron-api.service[103109]: 'SecurityGroup': {'1.6'},
May 20 03:22:46.247167 np0000175235 devstack@neutron-api.service[103109]: 'SecurityGroupRule': {'1.3'},
May 20 03:22:46.247167 np0000175235 devstack@neutron-api.service[103109]: 'SubPort': {'1.0'},
May 20 03:22:46.247167 np0000175235 devstack@neutron-api.service[103109]: 'Subnet': {'1.2'},
May 20 03:22:46.247167 np0000175235 devstack@neutron-api.service[103109]: 'Trunk': {'1.1'}}
May 20 03:22:46.247167 np0000175235 devstack@neutron-api.service[103109]: consumer versions:
May 20 03:22:46.247167 np0000175235 devstack@neutron-api.service[103109]: {OVN Controller Gateway agent@np0000175235: {}}
May 20 03:22:46.247167 np0000175235 devstack@neutron-api.service[103109]: {{(pid=103109) report /opt/stack/neutron/neutron/api/rpc/callbacks/version_manager.py:183}}
May 20 03:22:46.251851 np0000175235 devstack@neutron-api.service[103109]: DEBUG neutron.plugins.ml2.drivers.ovn.mech_driver.ovsdb.ovsdb_monitor [-] ChassisOVNAgentWriteEvent : Matched Chassis_Private, update, None None {{(pid=103109) matches /opt/stack/neutron/neutron/plugins/ml2/drivers/ovn/mech_driver/ovsdb/ovsdb_monitor.py:64}}
May 20 03:22:46.309467 np0000175235 devstack@neutron-api.service[103109]: DEBUG neutron.plugins.ml2.drivers.helpers [None req-2691c517-6e94-4ee0-8ce9-7fa77cf5fb0d admin admin] geneve segment allocate from pool success with {'geneve_vni': 47718} {{(pid=103109) allocate_partially_specified_segment /opt/stack/neutron/neutron/plugins/ml2/drivers/helpers.py:142}}
May 20 03:22:46.322146 np0000175235 devstack@neutron-api.service[103109]: DEBUG neutron_lib.callbacks.manager [None req-2691c517-6e94-4ee0-8ce9-7fa77cf5fb0d admin admin] Publish callbacks ['neutron.services.segments.db._add_segment_host_mapping_for_segment-8782232846550', 'neutron.plugins.ml2.plugin.Ml2Plugin._handle_segment_change-3837661'] for segment (ced7dae2-f01d-4f54-8447-ade30d53a6cf), precommit_create {{(pid=103109) _notify_loop /opt/stack/data/venv/lib/python3.12/site-packages/neutron_lib/callbacks/manager.py:184}}
May 20 03:22:46.322280 np0000175235 devstack@neutron-api.service[103109]: INFO neutron.db.segments_db [None req-2691c517-6e94-4ee0-8ce9-7fa77cf5fb0d admin admin] Added segment ced7dae2-f01d-4f54-8447-ade30d53a6cf of type geneve for network 6fa17d8d-3238-40ca-b870-cb18e3f89eea
May 20 03:22:46.359318 np0000175235 devstack@neutron-api.service[103109]: DEBUG neutron_lib.callbacks.manager [None req-2691c517-6e94-4ee0-8ce9-7fa77cf5fb0d admin admin] Publish callbacks ['neutron.services.auto_allocate.db._ensure_external_network_default_value_callback-8782231165152'] for network (6fa17d8d-3238-40ca-b870-cb18e3f89eea), precommit_create {{(pid=103109) _notify_loop /opt/stack/data/venv/lib/python3.12/site-packages/neutron_lib/callbacks/manager.py:184}}
May 20 03:22:46.377078 np0000175235 devstack@neutron-api.service[103109]: DEBUG neutron.plugins.ml2.drivers.ovn.mech_driver.mech_driver [None req-2691c517-6e94-4ee0-8ce9-7fa77cf5fb0d admin admin] Validating network segment with type geneve, segmentation ID 47718, physical network None {{(pid=103109) _validate_network_segments /opt/stack/neutron/neutron/plugins/ml2/drivers/ovn/mech_driver/mech_driver.py:641}}
May 20 03:22:46.377224 np0000175235 devstack@neutron-api.service[103109]: DEBUG neutron.db.ovn_revision_numbers_db [None req-2691c517-6e94-4ee0-8ce9-7fa77cf5fb0d admin admin] create_initial_revision uuid=6fa17d8d-3238-40ca-b870-cb18e3f89eea, type=networks, rev=-1 {{(pid=103109) create_initial_revision /opt/stack/neutron/neutron/db/ovn_revision_numbers_db.py:98}}
May 20 03:22:46.393900 np0000175235 devstack@neutron-api.service[103109]: DEBUG neutron_lib.callbacks.manager [None req-2691c517-6e94-4ee0-8ce9-7fa77cf5fb0d admin admin] Publish callbacks ['neutron.plugins.ml2.ovo_rpc._ObjectChangeHandler.handle_event-1760105'] for network (6fa17d8d-3238-40ca-b870-cb18e3f89eea), after_create {{(pid=103109) _notify_loop /opt/stack/data/venv/lib/python3.12/site-packages/neutron_lib/callbacks/manager.py:184}}
May 20 03:22:46.440922 np0000175235 devstack@neutron-api.service[103109]: DEBUG neutron.api.rpc.handlers.resources_rpc [None req-2691c517-6e94-4ee0-8ce9-7fa77cf5fb0d admin admin] Pushing event updated for resources: {'Network': ['ID=6fa17d8d-3238-40ca-b870-cb18e3f89eea,revision_number=1']} {{(pid=103109) push /opt/stack/neutron/neutron/api/rpc/handlers/resources_rpc.py:237}}
May 20 03:22:46.448942 np0000175235 devstack@neutron-api.service[103109]: DEBUG ovsdbapp.backend.ovs_idl.transaction [-] Running txn n=1 command(idx=0): AddNetworkCommand(_result=None, network_uuid=6fa17d8d-3238-40ca-b870-cb18e3f89eea, may_exist=True, columns={'external_ids': {'neutron:network_name': 'private', 'neutron:mtu': '1372', 'neutron:revision_number': '1', 'neutron:availability_zone_hints': '', 'neutron:provnet-network-type': 'geneve'}, 'other_config': {'mcast_snoop': 'false', 'mcast_flood_unregistered': 'false', 'vlan-passthru': 'false'}}) {{(pid=103109) do_commit /opt/stack/data/venv/lib/python3.12/site-packages/ovsdbapp/backend/ovs_idl/transaction.py:89}}
May 20 03:22:46.450004 np0000175235 devstack@neutron-api.service[103109]: DEBUG neutron.common.ovn.utils [-] OVS persist_uuid supported=True {{(pid=103109) ovs_persist_uuid_supported /opt/stack/neutron/neutron/common/ovn/utils.py:1537}}
May 20 03:22:46.453312 np0000175235 devstack@neutron-api.service[103109]: DEBUG neutron.plugins.ml2.drivers.ovn.mech_driver.ovsdb.ovsdb_monitor [-] Hash Ring: Node 2e9d2cedb8fc5f318c748f9514a888c7 (host: np0000175235) handling event "create" for row 6fa17d8d-3238-40ca-b870-cb18e3f89eea (table: Logical_Switch) {{(pid=103109) notify /opt/stack/neutron/neutron/plugins/ml2/drivers/ovn/mech_driver/ovsdb/ovsdb_monitor.py:942}}
May 20 03:22:46.454068 np0000175235 devstack@neutron-api.service[103111]: DEBUG neutron.plugins.ml2.drivers.ovn.mech_driver.ovsdb.ovsdb_monitor [-] Hash Ring: Node 57c8877ee2a25fb7ab31a7bc047f535c (host: np0000175235) handling event "create" for row 6fa17d8d-3238-40ca-b870-cb18e3f89eea (table: Logical_Switch) {{(pid=103111) notify /opt/stack/neutron/neutron/plugins/ml2/drivers/ovn/mech_driver/ovsdb/ovsdb_monitor.py:942}}
May 20 03:22:46.460088 np0000175235 devstack@neutron-api.service[103111]: DEBUG neutron.plugins.ml2.drivers.ovn.mech_driver.ovsdb.ovsdb_monitor [-] Hash Ring: Node 57c8877ee2a25fb7ab31a7bc047f535c (host: np0000175235) handling event "create" for row bff86bb5-a767-4957-bed9-3c6773569020 (table: Datapath_Binding) {{(pid=103111) notify /opt/stack/neutron/neutron/plugins/ml2/drivers/ovn/mech_driver/ovsdb/ovsdb_monitor.py:942}}
May 20 03:22:46.494879 np0000175235 devstack@neutron-api.service[103109]: INFO neutron.db.ovn_revision_numbers_db [None req-2691c517-6e94-4ee0-8ce9-7fa77cf5fb0d admin admin] Successfully bumped revision number for resource 6fa17d8d-3238-40ca-b870-cb18e3f89eea (type: networks) to 1
May 20 03:22:46.565208 np0000175235 devstack@neutron-api.service[103109]: DEBUG neutron_lib.callbacks.manager [None req-2691c517-6e94-4ee0-8ce9-7fa77cf5fb0d admin admin] Publish callbacks ['neutron.plugins.ml2.plugin.SecurityGroupDbMixin._ensure_default_security_group_handler-4099539'] for port (None), before_create {{(pid=103109) _notify_loop /opt/stack/data/venv/lib/python3.12/site-packages/neutron_lib/callbacks/manager.py:184}}
May 20 03:22:46.656698 np0000175235 devstack@neutron-api.service[103109]: DEBUG neutron_lib.callbacks.manager [None req-2691c517-6e94-4ee0-8ce9-7fa77cf5fb0d admin admin] Publish callbacks ['neutron.plugins.ml2.drivers.ovn.mech_driver.mech_driver.OVNMechanismDriver._validate_allowed_address_pairs-256813'] for allowed_address_pair (960de473-83c2-4063-a6a2-a509f16a489e), before_create {{(pid=103109) _notify_loop /opt/stack/data/venv/lib/python3.12/site-packages/neutron_lib/callbacks/manager.py:184}}
May 20 03:22:46.657692 np0000175235 devstack@neutron-api.service[103109]: DEBUG neutron_lib.callbacks.manager [None req-2691c517-6e94-4ee0-8ce9-7fa77cf5fb0d admin admin] Publish callbacks [] for port (960de473-83c2-4063-a6a2-a509f16a489e), precommit_create {{(pid=103109) _notify_loop /opt/stack/data/venv/lib/python3.12/site-packages/neutron_lib/callbacks/manager.py:184}}
May 20 03:22:46.657692 np0000175235 devstack@neutron-api.service[103109]: DEBUG neutron.plugins.ml2.drivers.ovn.mech_driver.mech_driver [None req-2691c517-6e94-4ee0-8ce9-7fa77cf5fb0d admin admin] No provisioning block for port 960de473-83c2-4063-a6a2-a509f16a489e since it does not have a host {{(pid=103109) _is_port_provisioning_required /opt/stack/neutron/neutron/plugins/ml2/drivers/ovn/mech_driver/mech_driver.py:894}}
May 20 03:22:46.657692 np0000175235 devstack@neutron-api.service[103109]: DEBUG neutron.db.ovn_revision_numbers_db [None req-2691c517-6e94-4ee0-8ce9-7fa77cf5fb0d admin admin] create_initial_revision uuid=960de473-83c2-4063-a6a2-a509f16a489e, type=ports, rev=-1 {{(pid=103109) create_initial_revision /opt/stack/neutron/neutron/db/ovn_revision_numbers_db.py:98}}
May 20 03:22:46.713797 np0000175235 devstack@neutron-api.service[103109]: DEBUG neutron_lib.callbacks.manager [None req-2691c517-6e94-4ee0-8ce9-7fa77cf5fb0d admin admin] Publish callbacks ['neutron.plugins.ml2.ovo_rpc._ObjectChangeHandler.handle_event-1759896'] for port (960de473-83c2-4063-a6a2-a509f16a489e), after_create {{(pid=103109) _notify_loop /opt/stack/data/venv/lib/python3.12/site-packages/neutron_lib/callbacks/manager.py:184}}
May 20 03:22:46.931307 np0000175235 devstack@neutron-api.service[103109]: DEBUG neutron.api.rpc.handlers.resources_rpc [None req-2691c517-6e94-4ee0-8ce9-7fa77cf5fb0d admin admin] Pushing event updated for resources: {'Port': ['ID=960de473-83c2-4063-a6a2-a509f16a489e,revision_number=1']} {{(pid=103109) push /opt/stack/neutron/neutron/api/rpc/handlers/resources_rpc.py:237}}
May 20 03:22:46.972552 np0000175235 devstack@neutron-api.service[103109]: DEBUG ovsdbapp.backend.ovs_idl.transaction [-] Running txn n=1 command(idx=0): AddLSwitchPortCommand(_result=None, lport=960de473-83c2-4063-a6a2-a509f16a489e, lswitch=neutron-6fa17d8d-3238-40ca-b870-cb18e3f89eea, may_exist=True, network_uuid=6fa17d8d-3238-40ca-b870-cb18e3f89eea, columns={'addresses': ['fa:16:3e:f8:eb:fd'], 'external_ids': {'neutron:port_name': '', 'neutron:device_id': 'ovnmeta-6fa17d8d-3238-40ca-b870-cb18e3f89eea', 'neutron:project_id': '8b325ca55005433a8ccac46d1e80ce50', 'neutron:cidrs': '', 'neutron:device_owner': 'network:distributed', 'neutron:subnet_pool_addr_scope4': '', 'neutron:subnet_pool_addr_scope6': '', 'neutron:network_name': 'neutron-6fa17d8d-3238-40ca-b870-cb18e3f89eea', 'neutron:security_group_ids': '', 'neutron:revision_number': '1', 'neutron:vnic_type': 'normal', 'neutron:port_capabilities': '', 'neutron:mtu': ''}, 'parent_name': [], 'tag': [], 'enabled': True, 'options': {}, 'type': 'localport', 'port_security': [], 'dhcpv4_options': [], 'dhcpv6_options': []}) {{(pid=103109) do_commit /opt/stack/data/venv/lib/python3.12/site-packages/ovsdbapp/backend/ovs_idl/transaction.py:89}}
May 20 03:22:46.973565 np0000175235 devstack@neutron-api.service[103109]: DEBUG ovsdbapp.backend.ovs_idl.transaction [-] Running txn n=1 command(idx=1): QoSDelCommand(_result=None, switch=neutron-6fa17d8d-3238-40ca-b870-cb18e3f89eea, conditions=[('direction', '=', 'to-lport'), ('priority', '=', 2002), ('match', '=', 'outport == "960de473-83c2-4063-a6a2-a509f16a489e"')], if_exists=True) {{(pid=103109) do_commit /opt/stack/data/venv/lib/python3.12/site-packages/ovsdbapp/backend/ovs_idl/transaction.py:89}}
May 20 03:22:46.973944 np0000175235 devstack@neutron-api.service[103109]: DEBUG ovsdbapp.backend.ovs_idl.transaction [-] Running txn n=1 command(idx=2): QoSDelCommand(_result=None, switch=neutron-6fa17d8d-3238-40ca-b870-cb18e3f89eea, conditions=[('direction', '=', 'from-lport'), ('priority', '=', 2002), ('match', '=', 'inport == "960de473-83c2-4063-a6a2-a509f16a489e"')], if_exists=True) {{(pid=103109) do_commit /opt/stack/data/venv/lib/python3.12/site-packages/ovsdbapp/backend/ovs_idl/transaction.py:89}}
