May 20 03:22:37.967831 np0000175235 neutron-periodic-workers[104922]: DEBUG cotyledon.oslo_config_glue [-] database.max_overflow = 50 {{(pid=104922) log_opt_values /opt/stack/data/venv/lib/python3.12/site-packages/oslo_config/cfg.py:3256}}
May 20 03:22:37.967831 np0000175235 neutron-periodic-workers[104922]: DEBUG cotyledon.oslo_config_glue [-] database.max_pool_size = 5 {{(pid=104922) log_opt_values /opt/stack/data/venv/lib/python3.12/site-packages/oslo_config/cfg.py:3256}}
May 20 03:22:37.967902 np0000175235 neutron-periodic-workers[104922]: DEBUG cotyledon.oslo_config_glue [-] database.max_retries = 10 {{(pid=104922) log_opt_values /opt/stack/data/venv/lib/python3.12/site-packages/oslo_config/cfg.py:3256}}
May 20 03:22:37.967902 np0000175235 neutron-periodic-workers[104922]: DEBUG cotyledon.oslo_config_glue [-] database.mysql_sql_mode = TRADITIONAL {{(pid=104922) log_opt_values /opt/stack/data/venv/lib/python3.12/site-packages/oslo_config/cfg.py:3256}}
May 20 03:22:37.968022 np0000175235 neutron-periodic-workers[104922]: DEBUG cotyledon.oslo_config_glue [-] database.mysql_wsrep_sync_wait = None {{(pid=104922) log_opt_values /opt/stack/data/venv/lib/python3.12/site-packages/oslo_config/cfg.py:3256}}
May 20 03:22:37.968022 np0000175235 neutron-periodic-workers[104922]: DEBUG cotyledon.oslo_config_glue [-] database.pool_timeout = None {{(pid=104922) log_opt_values /opt/stack/data/venv/lib/python3.12/site-packages/oslo_config/cfg.py:3256}}
May 20 03:22:37.968093 np0000175235 neutron-periodic-workers[104922]: DEBUG cotyledon.oslo_config_glue [-] database.retry_interval = 10 {{(pid=104922) log_opt_values /opt/stack/data/venv/lib/python3.12/site-packages/oslo_config/cfg.py:3256}}
May 20 03:22:37.968093 np0000175235 neutron-periodic-workers[104922]: DEBUG cotyledon.oslo_config_glue [-] database.slave_connection = **** {{(pid=104922) log_opt_values /opt/stack/data/venv/lib/python3.12/site-packages/oslo_config/cfg.py:3256}}
May 20 03:22:37.968172 np0000175235 neutron-periodic-workers[104922]: DEBUG cotyledon.oslo_config_glue [-] database.sqlite_synchronous = True {{(pid=104922) log_opt_values /opt/stack/data/venv/lib/python3.12/site-packages/oslo_config/cfg.py:3256}}
May 20 03:22:37.968172 np0000175235 neutron-periodic-workers[104922]: DEBUG cotyledon.oslo_config_glue [-] database.synchronous_reader = True {{(pid=104922) log_opt_values /opt/stack/data/venv/lib/python3.12/site-packages/oslo_config/cfg.py:3256}}
May 20 03:22:37.968242 np0000175235 neutron-periodic-workers[104922]: DEBUG cotyledon.oslo_config_glue [-] database.use_db_reconnect = False {{(pid=104922) log_opt_values /opt/stack/data/venv/lib/python3.12/site-packages/oslo_config/cfg.py:3256}}
May 20 03:22:37.968279 np0000175235 neutron-periodic-workers[104922]: DEBUG cotyledon.oslo_config_glue [-] ovn.bfd_min_rx = 1000 {{(pid=104922) log_opt_values /opt/stack/data/venv/lib/python3.12/site-packages/oslo_config/cfg.py:3256}}
May 20 03:22:37.968316 np0000175235 neutron-periodic-workers[104922]: DEBUG cotyledon.oslo_config_glue [-] ovn.bfd_min_tx = 100 {{(pid=104922) log_opt_values /opt/stack/data/venv/lib/python3.12/site-packages/oslo_config/cfg.py:3256}}
May 20 03:22:37.968355 np0000175235 neutron-periodic-workers[104922]: DEBUG cotyledon.oslo_config_glue [-] ovn.bfd_mult = 3 {{(pid=104922) log_opt_values /opt/stack/data/venv/lib/python3.12/site-packages/oslo_config/cfg.py:3256}}
May 20 03:22:37.968423 np0000175235 neutron-periodic-workers[104922]: DEBUG cotyledon.oslo_config_glue [-] ovn.broadcast_arps_to_all_routers = True {{(pid=104922) log_opt_values /opt/stack/data/venv/lib/python3.12/site-packages/oslo_config/cfg.py:3256}}
May 20 03:22:37.968467 np0000175235 neutron-periodic-workers[104922]: DEBUG cotyledon.oslo_config_glue [-] ovn.dhcp_default_lease_time = 43200 {{(pid=104922) log_opt_values /opt/stack/data/venv/lib/python3.12/site-packages/oslo_config/cfg.py:3256}}
May 20 03:22:37.968512 np0000175235 neutron-periodic-workers[104922]: DEBUG cotyledon.oslo_config_glue [-] ovn.disable_ovn_dhcp_for_baremetal_ports = False {{(pid=104922) log_opt_values /opt/stack/data/venv/lib/python3.12/site-packages/oslo_config/cfg.py:3256}}
May 20 03:22:37.968555 np0000175235 neutron-periodic-workers[104922]: DEBUG cotyledon.oslo_config_glue [-] ovn.dns_records_ovn_owned = False {{(pid=104922) log_opt_values /opt/stack/data/venv/lib/python3.12/site-packages/oslo_config/cfg.py:3256}}
May 20 03:22:37.968624 np0000175235 neutron-periodic-workers[104922]: DEBUG cotyledon.oslo_config_glue [-] ovn.dns_servers = [] {{(pid=104922) log_opt_values /opt/stack/data/venv/lib/python3.12/site-packages/oslo_config/cfg.py:3256}}
May 20 03:22:37.968624 np0000175235 neutron-periodic-workers[104922]: DEBUG cotyledon.oslo_config_glue [-] ovn.enable_distributed_floating_ip = False {{(pid=104922) log_opt_values /opt/stack/data/venv/lib/python3.12/site-packages/oslo_config/cfg.py:3256}}
May 20 03:22:37.968695 np0000175235 neutron-periodic-workers[104922]: DEBUG cotyledon.oslo_config_glue [-] ovn.fdb_age_threshold = 300 {{(pid=104922) log_opt_values /opt/stack/data/venv/lib/python3.12/site-packages/oslo_config/cfg.py:3256}}
May 20 03:22:37.968695 np0000175235 neutron-periodic-workers[104922]: DEBUG cotyledon.oslo_config_glue [-] ovn.ha_failover_strategy = normal {{(pid=104922) log_opt_values /opt/stack/data/venv/lib/python3.12/site-packages/oslo_config/cfg.py:3256}}
May 20 03:22:37.968774 np0000175235 neutron-periodic-workers[104922]: DEBUG cotyledon.oslo_config_glue [-] ovn.live_migration_activation_strategy = rarp {{(pid=104922) log_opt_values /opt/stack/data/venv/lib/python3.12/site-packages/oslo_config/cfg.py:3256}}
May 20 03:22:37.968774 np0000175235 neutron-periodic-workers[104922]: DEBUG cotyledon.oslo_config_glue [-] ovn.localnet_learn_fdb = False {{(pid=104922) log_opt_values /opt/stack/data/venv/lib/python3.12/site-packages/oslo_config/cfg.py:3256}}
May 20 03:22:37.968846 np0000175235 neutron-periodic-workers[104922]: DEBUG cotyledon.oslo_config_glue [-] ovn.mac_binding_age_threshold = 300 {{(pid=104922) log_opt_values /opt/stack/data/venv/lib/python3.12/site-packages/oslo_config/cfg.py:3256}}
May 20 03:22:37.968846 np0000175235 neutron-periodic-workers[104922]: DEBUG cotyledon.oslo_config_glue [-] ovn.neutron_sync_mode = log {{(pid=104922) log_opt_values /opt/stack/data/venv/lib/python3.12/site-packages/oslo_config/cfg.py:3256}}
May 20 03:22:37.968923 np0000175235 neutron-periodic-workers[104922]: DEBUG cotyledon.oslo_config_glue [-] ovn.ovn_dhcp4_global_options = {} {{(pid=104922) log_opt_values /opt/stack/data/venv/lib/python3.12/site-packages/oslo_config/cfg.py:3256}}
May 20 03:22:37.968923 np0000175235 neutron-periodic-workers[104922]: DEBUG cotyledon.oslo_config_glue [-] ovn.ovn_dhcp6_global_options = {} {{(pid=104922) log_opt_values /opt/stack/data/venv/lib/python3.12/site-packages/oslo_config/cfg.py:3256}}
May 20 03:22:37.968995 np0000175235 neutron-periodic-workers[104922]: DEBUG cotyledon.oslo_config_glue [-] ovn.ovn_l3_scheduler = leastloaded {{(pid=104922) log_opt_values /opt/stack/data/venv/lib/python3.12/site-packages/oslo_config/cfg.py:3256}}
May 20 03:22:37.969034 np0000175235 neutron-periodic-workers[104922]: DEBUG cotyledon.oslo_config_glue [-] ovn.ovn_metadata_enabled = True {{(pid=104922) log_opt_values /opt/stack/data/venv/lib/python3.12/site-packages/oslo_config/cfg.py:3256}}
May 20 03:22:37.969070 np0000175235 neutron-periodic-workers[104922]: DEBUG cotyledon.oslo_config_glue [-] ovn.ovn_nb_ca_cert = /opt/stack/data/CA/int-ca/ca-chain.pem {{(pid=104922) log_opt_values /opt/stack/data/venv/lib/python3.12/site-packages/oslo_config/cfg.py:3256}}
May 20 03:22:37.969256 np0000175235 neutron-periodic-workers[104922]: DEBUG cotyledon.oslo_config_glue [-] ovn.ovn_nb_certificate = /opt/stack/data/CA/int-ca/devstack-cert.crt {{(pid=104922) log_opt_values /opt/stack/data/venv/lib/python3.12/site-packages/oslo_config/cfg.py:3256}}
May 20 03:22:37.969305 np0000175235 neutron-periodic-workers[104922]: DEBUG cotyledon.oslo_config_glue [-] ovn.ovn_nb_connection = ['ssl:199.204.45.210:6641'] {{(pid=104922) log_opt_values /opt/stack/data/venv/lib/python3.12/site-packages/oslo_config/cfg.py:3256}}
May 20 03:22:37.969348 np0000175235 neutron-periodic-workers[104922]: DEBUG cotyledon.oslo_config_glue [-] ovn.ovn_nb_private_key = /opt/stack/data/CA/int-ca/private/devstack-cert.key {{(pid=104922) log_opt_values /opt/stack/data/venv/lib/python3.12/site-packages/oslo_config/cfg.py:3256}}
May 20 03:22:37.969410 np0000175235 neutron-periodic-workers[104922]: DEBUG cotyledon.oslo_config_glue [-] ovn.ovn_router_indirect_snat = False {{(pid=104922) log_opt_values /opt/stack/data/venv/lib/python3.12/site-packages/oslo_config/cfg.py:3256}}
May 20 03:22:37.969456 np0000175235 neutron-periodic-workers[104922]: DEBUG cotyledon.oslo_config_glue [-] ovn.ovn_sb_ca_cert = /opt/stack/data/CA/int-ca/ca-chain.pem {{(pid=104922) log_opt_values /opt/stack/data/venv/lib/python3.12/site-packages/oslo_config/cfg.py:3256}}
May 20 03:22:37.969494 np0000175235 neutron-periodic-workers[104922]: DEBUG cotyledon.oslo_config_glue [-] ovn.ovn_sb_certificate = /opt/stack/data/CA/int-ca/devstack-cert.crt {{(pid=104922) log_opt_values /opt/stack/data/venv/lib/python3.12/site-packages/oslo_config/cfg.py:3256}}
May 20 03:22:37.969532 np0000175235 neutron-periodic-workers[104922]: DEBUG cotyledon.oslo_config_glue [-] ovn.ovn_sb_connection = ['ssl:199.204.45.210:6642'] {{(pid=104922) log_opt_values /opt/stack/data/venv/lib/python3.12/site-packages/oslo_config/cfg.py:3256}}
May 20 03:22:37.969571 np0000175235 neutron-periodic-workers[104922]: DEBUG cotyledon.oslo_config_glue [-] ovn.ovn_sb_private_key = /opt/stack/data/CA/int-ca/private/devstack-cert.key {{(pid=104922) log_opt_values /opt/stack/data/venv/lib/python3.12/site-packages/oslo_config/cfg.py:3256}}
May 20 03:22:37.969608 np0000175235 neutron-periodic-workers[104922]: DEBUG cotyledon.oslo_config_glue [-] ovn.ovs_create_tap = False {{(pid=104922) log_opt_values /opt/stack/data/venv/lib/python3.12/site-packages/oslo_config/cfg.py:3256}}
May 20 03:22:37.969645 np0000175235 neutron-periodic-workers[104922]: DEBUG cotyledon.oslo_config_glue [-] ovn.ovsdb_connection_timeout = 180 {{(pid=104922) log_opt_values /opt/stack/data/venv/lib/python3.12/site-packages/oslo_config/cfg.py:3256}}
May 20 03:22:37.969689 np0000175235 neutron-periodic-workers[104922]: DEBUG cotyledon.oslo_config_glue [-] ovn.ovsdb_log_level = INFO {{(pid=104922) log_opt_values /opt/stack/data/venv/lib/python3.12/site-packages/oslo_config/cfg.py:3256}}
May 20 03:22:37.969726 np0000175235 neutron-periodic-workers[104922]: DEBUG cotyledon.oslo_config_glue [-] ovn.ovsdb_probe_interval = 60000 {{(pid=104922) log_opt_values /opt/stack/data/venv/lib/python3.12/site-packages/oslo_config/cfg.py:3256}}
May 20 03:22:37.969769 np0000175235 neutron-periodic-workers[104922]: DEBUG cotyledon.oslo_config_glue [-] ovn.ovsdb_retry_max_interval = 180 {{(pid=104922) log_opt_values /opt/stack/data/venv/lib/python3.12/site-packages/oslo_config/cfg.py:3256}}
May 20 03:22:37.969812 np0000175235 neutron-periodic-workers[104922]: DEBUG cotyledon.oslo_config_glue [-] ovn.stateless_nat_enabled = False {{(pid=104922) log_opt_values /opt/stack/data/venv/lib/python3.12/site-packages/oslo_config/cfg.py:3256}}
May 20 03:22:37.969849 np0000175235 neutron-periodic-workers[104922]: DEBUG cotyledon.oslo_config_glue [-] ovn.vhost_sock_dir = /var/run/openvswitch {{(pid=104922) log_opt_values /opt/stack/data/venv/lib/python3.12/site-packages/oslo_config/cfg.py:3256}}
May 20 03:22:37.969886 np0000175235 neutron-periodic-workers[104922]: DEBUG cotyledon.oslo_config_glue [-] OVS.bridge_mac_table_size = 50000 {{(pid=104922) log_opt_values /opt/stack/data/venv/lib/python3.12/site-packages/oslo_config/cfg.py:3256}}
May 20 03:22:37.969928 np0000175235 neutron-periodic-workers[104922]: DEBUG cotyledon.oslo_config_glue [-] OVS.igmp_flood = False {{(pid=104922) log_opt_values /opt/stack/data/venv/lib/python3.12/site-packages/oslo_config/cfg.py:3256}}
May 20 03:22:37.969989 np0000175235 neutron-periodic-workers[104922]: DEBUG cotyledon.oslo_config_glue [-] OVS.igmp_flood_reports = True {{(pid=104922) log_opt_values /opt/stack/data/venv/lib/python3.12/site-packages/oslo_config/cfg.py:3256}}
May 20 03:22:37.970034 np0000175235 neutron-periodic-workers[104922]: DEBUG cotyledon.oslo_config_glue [-] OVS.igmp_flood_unregistered = False {{(pid=104922) log_opt_values /opt/stack/data/venv/lib/python3.12/site-packages/oslo_config/cfg.py:3256}}
May 20 03:22:37.970094 np0000175235 neutron-periodic-workers[104922]: DEBUG cotyledon.oslo_config_glue [-] OVS.igmp_snooping_enable = False {{(pid=104922) log_opt_values /opt/stack/data/venv/lib/python3.12/site-packages/oslo_config/cfg.py:3256}}
May 20 03:22:37.970135 np0000175235 neutron-periodic-workers[104922]: DEBUG cotyledon.oslo_config_glue [-] OVS.ovsdb_timeout = 10 {{(pid=104922) log_opt_values /opt/stack/data/venv/lib/python3.12/site-packages/oslo_config/cfg.py:3256}}
May 20 03:22:37.970179 np0000175235 neutron-periodic-workers[104922]: DEBUG cotyledon.oslo_config_glue [-] ovn_nb_global.fdb_removal_limit = 0 {{(pid=104922) log_opt_values /opt/stack/data/venv/lib/python3.12/site-packages/oslo_config/cfg.py:3256}}
May 20 03:22:37.970234 np0000175235 neutron-periodic-workers[104922]: DEBUG cotyledon.oslo_config_glue [-] ovn_nb_global.ignore_lsp_down = False {{(pid=104922) log_opt_values /opt/stack/data/venv/lib/python3.12/site-packages/oslo_config/cfg.py:3256}}
May 20 03:22:37.970274 np0000175235 neutron-periodic-workers[104922]: DEBUG cotyledon.oslo_config_glue [-] ovn_nb_global.mac_binding_removal_limit = 0 {{(pid=104922) log_opt_values /opt/stack/data/venv/lib/python3.12/site-packages/oslo_config/cfg.py:3256}}
May 20 03:22:37.970312 np0000175235 neutron-periodic-workers[104922]: DEBUG cotyledon.oslo_config_glue [-] ******************************************************************************** {{(pid=104922) log_opt_values /opt/stack/data/venv/lib/python3.12/site-packages/oslo_config/cfg.py:3263}}
May 20 03:22:37.970553 np0000175235 neutron-periodic-workers[104922]: DEBUG cotyledon._service_worker [-] Run service ServiceWrapper(0) [104922] {{(pid=104922) wait_forever /opt/stack/data/venv/lib/python3.12/site-packages/cotyledon/_service_worker.py:218}}
May 20 03:22:47.615857 np0000175235 neutron-periodic-workers[104093]: DEBUG dbcounter [-] [104093] Writing DB stats neutron:SELECT=4 {{(pid=104093) stat_writer /opt/stack/data/venv/lib/python3.12/site-packages/dbcounter.py:115}}
May 20 03:23:36.990528 np0000175235 neutron-periodic-workers[104912]: DEBUG oslo_db.sqlalchemy.engines [None req-f52e0bab-7b48-4661-be60-143cf80e5895 None None] Parent process 104093 forked (104912) with an open database connection, which is being discarded and recreated. {{(pid=104912) checkout /opt/stack/data/venv/lib/python3.12/site-packages/oslo_db/sqlalchemy/engines.py:402}}
May 20 03:23:37.000662 np0000175235 neutron-periodic-workers[104912]: DEBUG dbcounter [-] [104912] Writer thread running {{(pid=104912) stat_writer /opt/stack/data/venv/lib/python3.12/site-packages/dbcounter.py:102}}
May 20 03:23:37.005123 np0000175235 neutron-periodic-workers[104912]: DEBUG neutron.db.agents_db [None req-f52e0bab-7b48-4661-be60-143cf80e5895 None None] Agent healthcheck: found 0 active agents {{(pid=104912) agent_health_check /opt/stack/neutron/neutron/db/agents_db.py:322}}
May 20 03:23:37.005321 np0000175235 neutron-periodic-workers[104912]: DEBUG oslo.service.backend._threading.loopingcall [None req-f52e0bab-7b48-4661-be60-143cf80e5895 None None] Fixed interval looping call 'neutron.plugins.ml2.plugin.AgentDbMixin.agent_health_check' sleeping for 36.97 seconds {{(pid=104912) _run_loop /opt/stack/data/venv/lib/python3.12/site-packages/oslo_service/backend/_threading/loopingcall.py:125}}
May 20 03:23:39.947551 np0000175235 neutron-periodic-workers[104901]: DEBUG dbcounter [-] [104901] Writer thread running {{(pid=104901) stat_writer /opt/stack/data/venv/lib/python3.12/site-packages/dbcounter.py:102}}
May 20 03:23:39.959867 np0000175235 neutron-periodic-workers[104901]: DEBUG oslo.service.backend._threading.loopingcall [None req-9bc50c04-074a-4068-85b9-9e4c515779be None None] Fixed interval looping call 'neutron.plugins.ml2.plugin.DhcpAgentSchedulerDbMixin.remove_networks_from_down_agents' sleeping for 36.97 seconds {{(pid=104901) _run_loop /opt/stack/data/venv/lib/python3.12/site-packages/oslo_service/backend/_threading/loopingcall.py:125}}
May 20 03:23:49.958706 np0000175235 neutron-periodic-workers[104901]: DEBUG dbcounter [-] [104901] Writing DB stats neutron:SELECT=3 {{(pid=104901) stat_writer /opt/stack/data/venv/lib/python3.12/site-packages/dbcounter.py:115}}
May 20 03:23:57.001480 np0000175235 neutron-periodic-workers[104912]: DEBUG dbcounter [-] [104912] Writing DB stats neutron:SELECT=1 {{(pid=104912) stat_writer /opt/stack/data/venv/lib/python3.12/site-packages/dbcounter.py:115}}
May 20 03:24:13.981273 np0000175235 neutron-periodic-workers[104912]: DEBUG neutron.db.agents_db [None req-f52e0bab-7b48-4661-be60-143cf80e5895 None None] Agent healthcheck: found 0 active agents {{(pid=104912) agent_health_check /opt/stack/neutron/neutron/db/agents_db.py:322}}
May 20 03:24:13.982343 np0000175235 neutron-periodic-workers[104912]: DEBUG oslo.service.backend._threading.loopingcall [None req-f52e0bab-7b48-4661-be60-143cf80e5895 None None] Fixed interval looping call 'neutron.plugins.ml2.plugin.AgentDbMixin.agent_health_check' sleeping for 36.99 seconds {{(pid=104912) _run_loop /opt/stack/data/venv/lib/python3.12/site-packages/oslo_service/backend/_threading/loopingcall.py:125}}
May 20 03:24:16.939665 np0000175235 neutron-periodic-workers[104901]: DEBUG oslo.service.backend._threading.loopingcall [None req-9bc50c04-074a-4068-85b9-9e4c515779be None None] Fixed interval looping call 'neutron.plugins.ml2.plugin.DhcpAgentSchedulerDbMixin.remove_networks_from_down_agents' sleeping for 36.99 seconds {{(pid=104901) _run_loop /opt/stack/data/venv/lib/python3.12/site-packages/oslo_service/backend/_threading/loopingcall.py:125}}
May 20 03:24:23.979262 np0000175235 neutron-periodic-workers[104912]: DEBUG dbcounter [-] [104912] Writing DB stats neutron:SELECT=1 {{(pid=104912) stat_writer /opt/stack/data/venv/lib/python3.12/site-packages/dbcounter.py:115}}
May 20 03:24:26.938710 np0000175235 neutron-periodic-workers[104901]: DEBUG dbcounter [-] [104901] Writing DB stats neutron:SELECT=3 {{(pid=104901) stat_writer /opt/stack/data/venv/lib/python3.12/site-packages/dbcounter.py:115}}
May 20 03:24:30.945772 np0000175235 neutron-periodic-workers[104893]: DEBUG dbcounter [-] [104893] Writer thread running {{(pid=104893) stat_writer /opt/stack/data/venv/lib/python3.12/site-packages/dbcounter.py:102}}
May 20 03:24:30.958268 np0000175235 neutron-periodic-workers[104893]: DEBUG oslo.service.backend._threading.loopingcall [None req-ee34d7f1-8d1b-432d-b643-13af84ecd3e1 None None] Fixed interval looping call 'neutron.services.ovn_l3.plugin.L3_NAT_dbonly_mixin._clean_garbage' sleeping for 299.95 seconds {{(pid=104893) _run_loop /opt/stack/data/venv/lib/python3.12/site-packages/oslo_service/backend/_threading/loopingcall.py:125}}
May 20 03:24:37.983840 np0000175235 neutron-periodic-workers[104922]: DEBUG dbcounter [-] [104922] Writer thread running {{(pid=104922) stat_writer /opt/stack/data/venv/lib/python3.12/site-packages/dbcounter.py:102}}
May 20 03:24:37.985819 np0000175235 neutron-periodic-workers[104922]: DEBUG oslo.service.backend._threading.loopingcall [None req-e21eb292-840e-4e05-b472-a3da107cf8cb None None] Fixed interval looping call 'neutron.db.quota.driver_nolock.DbQuotaNoLockDriver._remove_expired_reservations' sleeping for 119.99 seconds {{(pid=104922) _run_loop /opt/stack/data/venv/lib/python3.12/site-packages/oslo_service/backend/_threading/loopingcall.py:125}}
May 20 03:24:41.104572 np0000175235 neutron-periodic-workers[104893]: DEBUG dbcounter [-] [104893] Writing DB stats neutron:SELECT=1 {{(pid=104893) stat_writer /opt/stack/data/venv/lib/python3.12/site-packages/dbcounter.py:115}}
May 20 03:24:47.984717 np0000175235 neutron-periodic-workers[104922]: DEBUG dbcounter [-] [104922] Writing DB stats neutron:DELETE=1 {{(pid=104922) stat_writer /opt/stack/data/venv/lib/python3.12/site-packages/dbcounter.py:115}}
May 20 03:24:50.975583 np0000175235 neutron-periodic-workers[104912]: DEBUG neutron.db.agents_db [None req-f52e0bab-7b48-4661-be60-143cf80e5895 None None] Agent healthcheck: found 0 active agents {{(pid=104912) agent_health_check /opt/stack/neutron/neutron/db/agents_db.py:322}}
May 20 03:24:50.976076 np0000175235 neutron-periodic-workers[104912]: DEBUG oslo.service.backend._threading.loopingcall [None req-f52e0bab-7b48-4661-be60-143cf80e5895 None None] Fixed interval looping call 'neutron.plugins.ml2.plugin.AgentDbMixin.agent_health_check' sleeping for 37.00 seconds {{(pid=104912) _run_loop /opt/stack/data/venv/lib/python3.12/site-packages/oslo_service/backend/_threading/loopingcall.py:125}}
May 20 03:24:53.944469 np0000175235 neutron-periodic-workers[104901]: DEBUG oslo.service.backend._threading.loopingcall [None req-9bc50c04-074a-4068-85b9-9e4c515779be None None] Fixed interval looping call 'neutron.plugins.ml2.plugin.DhcpAgentSchedulerDbMixin.remove_networks_from_down_agents' sleeping for 36.99 seconds {{(pid=104901) _run_loop /opt/stack/data/venv/lib/python3.12/site-packages/oslo_service/backend/_threading/loopingcall.py:125}}
May 20 03:25:00.974252 np0000175235 neutron-periodic-workers[104912]: DEBUG dbcounter [-] [104912] Writing DB stats neutron:SELECT=1 {{(pid=104912) stat_writer /opt/stack/data/venv/lib/python3.12/site-packages/dbcounter.py:115}}
May 20 03:25:03.939228 np0000175235 neutron-periodic-workers[104901]: DEBUG dbcounter [-] [104901] Writing DB stats neutron:SELECT=3 {{(pid=104901) stat_writer /opt/stack/data/venv/lib/python3.12/site-packages/dbcounter.py:115}}
May 20 03:25:27.982613 np0000175235 neutron-periodic-workers[104912]: DEBUG neutron.db.agents_db [None req-f52e0bab-7b48-4661-be60-143cf80e5895 None None] Agent healthcheck: found 0 active agents {{(pid=104912) agent_health_check /opt/stack/neutron/neutron/db/agents_db.py:322}}
May 20 03:25:27.983166 np0000175235 neutron-periodic-workers[104912]: DEBUG oslo.service.backend._threading.loopingcall [None req-f52e0bab-7b48-4661-be60-143cf80e5895 None None] Fixed interval looping call 'neutron.plugins.ml2.plugin.AgentDbMixin.agent_health_check' sleeping for 36.99 seconds {{(pid=104912) _run_loop /opt/stack/data/venv/lib/python3.12/site-packages/oslo_service/backend/_threading/loopingcall.py:125}}
May 20 03:25:30.944354 np0000175235 neutron-periodic-workers[104901]: DEBUG oslo.service.backend._threading.loopingcall [None req-9bc50c04-074a-4068-85b9-9e4c515779be None None] Fixed interval looping call 'neutron.plugins.ml2.plugin.DhcpAgentSchedulerDbMixin.remove_networks_from_down_agents' sleeping for 36.99 seconds {{(pid=104901) _run_loop /opt/stack/data/venv/lib/python3.12/site-packages/oslo_service/backend/_threading/loopingcall.py:125}}
May 20 03:25:37.980497 np0000175235 neutron-periodic-workers[104912]: DEBUG dbcounter [-] [104912] Writing DB stats neutron:SELECT=1 {{(pid=104912) stat_writer /opt/stack/data/venv/lib/python3.12/site-packages/dbcounter.py:115}}
May 20 03:25:40.942723 np0000175235 neutron-periodic-workers[104901]: DEBUG dbcounter [-] [104901] Writing DB stats neutron:SELECT=3 {{(pid=104901) stat_writer /opt/stack/data/venv/lib/python3.12/site-packages/dbcounter.py:115}}
May 20 03:26:04.978711 np0000175235 neutron-periodic-workers[104912]: DEBUG neutron.db.agents_db [None req-f52e0bab-7b48-4661-be60-143cf80e5895 None None] Agent healthcheck: found 0 active agents {{(pid=104912) agent_health_check /opt/stack/neutron/neutron/db/agents_db.py:322}}
May 20 03:26:04.979307 np0000175235 neutron-periodic-workers[104912]: DEBUG oslo.service.backend._threading.loopingcall [None req-f52e0bab-7b48-4661-be60-143cf80e5895 None None] Fixed interval looping call 'neutron.plugins.ml2.plugin.AgentDbMixin.agent_health_check' sleeping for 36.99 seconds {{(pid=104912) _run_loop /opt/stack/data/venv/lib/python3.12/site-packages/oslo_service/backend/_threading/loopingcall.py:125}}
May 20 03:26:07.942623 np0000175235 neutron-periodic-workers[104901]: DEBUG oslo.service.backend._threading.loopingcall [None req-9bc50c04-074a-4068-85b9-9e4c515779be None None] Fixed interval looping call 'neutron.plugins.ml2.plugin.DhcpAgentSchedulerDbMixin.remove_networks_from_down_agents' sleeping for 36.99 seconds {{(pid=104901) _run_loop /opt/stack/data/venv/lib/python3.12/site-packages/oslo_service/backend/_threading/loopingcall.py:125}}
May 20 03:26:14.976880 np0000175235 neutron-periodic-workers[104912]: DEBUG dbcounter [-] [104912] Writing DB stats neutron:SELECT=1 {{(pid=104912) stat_writer /opt/stack/data/venv/lib/python3.12/site-packages/dbcounter.py:115}}
May 20 03:26:17.941698 np0000175235 neutron-periodic-workers[104901]: DEBUG dbcounter [-] [104901] Writing DB stats neutron:SELECT=3 {{(pid=104901) stat_writer /opt/stack/data/venv/lib/python3.12/site-packages/dbcounter.py:115}}
May 20 03:26:37.981408 np0000175235 neutron-periodic-workers[104922]: DEBUG oslo.service.backend._threading.loopingcall [None req-e21eb292-840e-4e05-b472-a3da107cf8cb None None] Fixed interval looping call 'neutron.db.quota.driver_nolock.DbQuotaNoLockDriver._remove_expired_reservations' sleeping for 119.99 seconds {{(pid=104922) _run_loop /opt/stack/data/venv/lib/python3.12/site-packages/oslo_service/backend/_threading/loopingcall.py:125}}
May 20 03:26:41.975590 np0000175235 neutron-periodic-workers[104912]: DEBUG neutron.db.agents_db [None req-f52e0bab-7b48-4661-be60-143cf80e5895 None None] Agent healthcheck: found 0 active agents {{(pid=104912) agent_health_check /opt/stack/neutron/neutron/db/agents_db.py:322}}
May 20 03:26:41.976105 np0000175235 neutron-periodic-workers[104912]: DEBUG oslo.service.backend._threading.loopingcall [None req-f52e0bab-7b48-4661-be60-143cf80e5895 None None] Fixed interval looping call 'neutron.plugins.ml2.plugin.AgentDbMixin.agent_health_check' sleeping for 36.99 seconds {{(pid=104912) _run_loop /opt/stack/data/venv/lib/python3.12/site-packages/oslo_service/backend/_threading/loopingcall.py:125}}
May 20 03:26:44.940794 np0000175235 neutron-periodic-workers[104901]: DEBUG oslo.service.backend._threading.loopingcall [None req-9bc50c04-074a-4068-85b9-9e4c515779be None None] Fixed interval looping call 'neutron.plugins.ml2.plugin.DhcpAgentSchedulerDbMixin.remove_networks_from_down_agents' sleeping for 36.99 seconds {{(pid=104901) _run_loop /opt/stack/data/venv/lib/python3.12/site-packages/oslo_service/backend/_threading/loopingcall.py:125}}
May 20 03:26:47.980524 np0000175235 neutron-periodic-workers[104922]: DEBUG dbcounter [-] [104922] Writing DB stats neutron:DELETE=1 {{(pid=104922) stat_writer /opt/stack/data/venv/lib/python3.12/site-packages/dbcounter.py:115}}
May 20 03:26:51.974928 np0000175235 neutron-periodic-workers[104912]: DEBUG dbcounter [-] [104912] Writing DB stats neutron:SELECT=1 {{(pid=104912) stat_writer /opt/stack/data/venv/lib/python3.12/site-packages/dbcounter.py:115}}
May 20 03:26:54.939523 np0000175235 neutron-periodic-workers[104901]: DEBUG dbcounter [-] [104901] Writing DB stats neutron:SELECT=3 {{(pid=104901) stat_writer /opt/stack/data/venv/lib/python3.12/site-packages/dbcounter.py:115}}