Aug 14 09:37:28.511071 np0000189652 devstack@neutron-api.service[102917]: DEBUG futurist.periodics [-] Submitting periodic callback 'neutron.plugins.ml2.drivers.ovn.mech_driver.ovsdb.maintenance.HashRingHealthCheckPeriodics.touch_hash_ring_node' {{(pid=102917) _process_scheduled /opt/stack/data/venv/lib/python3.12/site-packages/futurist/periodics.py:784}}
Aug 14 09:37:28.556475 np0000189652 devstack@neutron-api.service[102917]: DEBUG neutron.plugins.ml2.drivers.ovn.mech_driver.ovsdb.maintenance [-] Touching Hash Ring node "fe8a3946a9235027887acd3d2c2374f2" from periodic health check thread {{(pid=102917) touch_hash_ring_node /opt/stack/neutron/neutron/plugins/ml2/drivers/ovn/mech_driver/ovsdb/maintenance.py:1453}}
Aug 14 09:37:29.313780 np0000189652 devstack@neutron-api.service[102916]: DEBUG futurist.periodics [-] Submitting periodic callback 'neutron.plugins.ml2.drivers.ovn.mech_driver.ovsdb.maintenance.HashRingHealthCheckPeriodics.touch_hash_ring_node' {{(pid=102916) _process_scheduled /opt/stack/data/venv/lib/python3.12/site-packages/futurist/periodics.py:784}}
Aug 14 09:37:29.314364 np0000189652 devstack@neutron-api.service[102916]: DEBUG neutron.plugins.ml2.drivers.ovn.mech_driver.ovsdb.maintenance [-] Touching Hash Ring node "1a6bcaaf99cd53b386a7cb5178170fa6" from periodic health check thread {{(pid=102916) touch_hash_ring_node /opt/stack/neutron/neutron/plugins/ml2/drivers/ovn/mech_driver/ovsdb/maintenance.py:1453}}
Aug 14 09:37:29.337724 np0000189652 devstack@neutron-api.service[102914]: DEBUG futurist.periodics [-] Submitting periodic callback 'neutron.plugins.ml2.drivers.ovn.mech_driver.ovsdb.maintenance.HashRingHealthCheckPeriodics.touch_hash_ring_node' {{(pid=102914) _process_scheduled /opt/stack/data/venv/lib/python3.12/site-packages/futurist/periodics.py:784}}
Aug 14 09:37:29.338612 np0000189652 devstack@neutron-api.service[102914]: DEBUG neutron.plugins.ml2.drivers.ovn.mech_driver.ovsdb.maintenance [-] Touching Hash Ring node "bd04a69be0635f79839718db38f2a087" from periodic health check thread {{(pid=102914) touch_hash_ring_node /opt/stack/neutron/neutron/plugins/ml2/drivers/ovn/mech_driver/ovsdb/maintenance.py:1453}}
Aug 14 09:37:29.375663 np0000189652 devstack@neutron-api.service[102915]: DEBUG futurist.periodics [-] Submitting periodic callback 'neutron.plugins.ml2.drivers.ovn.mech_driver.ovsdb.maintenance.HashRingHealthCheckPeriodics.touch_hash_ring_node' {{(pid=102915) _process_scheduled /opt/stack/data/venv/lib/python3.12/site-packages/futurist/periodics.py:784}}
Aug 14 09:37:29.378211 np0000189652 devstack@neutron-api.service[102915]: DEBUG neutron.plugins.ml2.drivers.ovn.mech_driver.ovsdb.maintenance [-] Touching Hash Ring node "09005226d71b5df898bebfa55d3f5848" from periodic health check thread {{(pid=102915) touch_hash_ring_node /opt/stack/neutron/neutron/plugins/ml2/drivers/ovn/mech_driver/ovsdb/maintenance.py:1453}}
Aug 14 09:37:38.559410 np0000189652 devstack@neutron-api.service[102917]: DEBUG dbcounter [-] [102917] Writing DB stats neutron:UPDATE=1,neutron:SELECT=1 {{(pid=102917) stat_writer /opt/stack/data/venv/lib/python3.12/site-packages/dbcounter.py:115}}
Aug 14 09:37:39.293673 np0000189652 devstack@neutron-api.service[102917]: DEBUG neutron.pecan_wsgi.hooks.policy_enforcement [None req-61568a40-c029-4029-93c9-5a75e00c7cf6 admin admin] Attributes excluded by policy engine: ['standard_attr_id'] {{(pid=102917) _exclude_attributes_by_policy /opt/stack/neutron/neutron/pecan_wsgi/hooks/policy_enforcement.py:259}}
Aug 14 09:37:39.295726 np0000189652 devstack@neutron-api.service[102917]: [pid: 102917|app: 0|req: 24/90] 199.19.213.224 () {64 vars in 1378 bytes} [Fri Aug 14 09:37:39 2026] GET /networking/v2.0/ports?device_owner=network%3Adistributed => generated 1650 bytes in 96 msecs (HTTP/1.1 200) 4 headers in 158 bytes (1 switches on core 0)
Aug 14 09:37:39.324862 np0000189652 devstack@neutron-api.service[102916]: DEBUG dbcounter [-] [102916] Writing DB stats neutron:UPDATE=1,neutron:SELECT=1 {{(pid=102916) stat_writer /opt/stack/data/venv/lib/python3.12/site-packages/dbcounter.py:115}}
Aug 14 09:37:39.348590 np0000189652 devstack@neutron-api.service[102914]: DEBUG dbcounter [-] [102914] Writing DB stats neutron:SELECT=5,neutron:INSERT=1,neutron:UPDATE=1 {{(pid=102914) stat_writer /opt/stack/data/venv/lib/python3.12/site-packages/dbcounter.py:115}}
Aug 14 09:37:39.386728 np0000189652 devstack@neutron-api.service[102915]: DEBUG dbcounter [-] [102915] Writing DB stats neutron:SELECT=5,neutron:INSERT=1,neutron:UPDATE=1 {{(pid=102915) stat_writer /opt/stack/data/venv/lib/python3.12/site-packages/dbcounter.py:115}}
Aug 14 09:37:41.246554 np0000189652 devstack@neutron-api.service[102916]: DEBUG neutron.common.ovn.hash_ring_manager [None req-9f7e3e36-fcf3-4843-aec6-c62d68e6eb10 None None] Hash Ring loaded. 4 active nodes. 0 offline nodes {{(pid=102916) _load_hash_ring /opt/stack/neutron/neutron/common/ovn/hash_ring_manager.py:110}}
Aug 14 09:37:41.247009 np0000189652 devstack@neutron-api.service[102914]: DEBUG neutron.common.ovn.hash_ring_manager [None req-99d9ced3-12d4-482c-bbed-c1f4f5f32bc7 None None] Hash Ring loaded. 4 active nodes. 0 offline nodes {{(pid=102914) _load_hash_ring /opt/stack/neutron/neutron/common/ovn/hash_ring_manager.py:110}}
Aug 14 09:37:41.247309 np0000189652 devstack@neutron-api.service[102915]: DEBUG neutron.common.ovn.hash_ring_manager [None req-1b8adfc6-c63b-4f32-821c-573135554c36 None None] Hash Ring loaded. 4 active nodes. 0 offline nodes {{(pid=102915) _load_hash_ring /opt/stack/neutron/neutron/common/ovn/hash_ring_manager.py:110}}
Aug 14 09:37:41.247550 np0000189652 devstack@neutron-api.service[102915]: DEBUG neutron.plugins.ml2.drivers.ovn.mech_driver.ovsdb.ovsdb_monitor [None req-1b8adfc6-c63b-4f32-821c-573135554c36 None None] Hash Ring: Node 09005226d71b5df898bebfa55d3f5848 (host: np0000189652) handling event "update" for row e4cadd2b-cbb7-4e4b-849e-30e9535660fd (table: Connection) {{(pid=102915) notify /opt/stack/neutron/neutron/plugins/ml2/drivers/ovn/mech_driver/ovsdb/ovsdb_monitor.py:1099}}
Aug 14 09:37:41.249370 np0000189652 devstack@neutron-api.service[102917]: DEBUG neutron.common.ovn.hash_ring_manager [None req-1cc788a3-e30c-4c4d-b4b5-6ce03efacabd None None] Hash Ring loaded. 4 active nodes. 0 offline nodes {{(pid=102917) _load_hash_ring /opt/stack/neutron/neutron/common/ovn/hash_ring_manager.py:110}}
Aug 14 09:37:43.511531 np0000189652 devstack@neutron-api.service[102917]: DEBUG futurist.periodics [-] Submitting periodic callback 'neutron.plugins.ml2.drivers.ovn.mech_driver.ovsdb.maintenance.HashRingHealthCheckPeriodics.touch_hash_ring_node' {{(pid=102917) _process_scheduled /opt/stack/data/venv/lib/python3.12/site-packages/futurist/periodics.py:784}}
Aug 14 09:37:43.512315 np0000189652 devstack@neutron-api.service[102917]: DEBUG neutron.plugins.ml2.drivers.ovn.mech_driver.ovsdb.maintenance [-] Touching Hash Ring node "fe8a3946a9235027887acd3d2c2374f2" from periodic health check thread {{(pid=102917) touch_hash_ring_node /opt/stack/neutron/neutron/plugins/ml2/drivers/ovn/mech_driver/ovsdb/maintenance.py:1453}}
Aug 14 09:37:44.314421 np0000189652 devstack@neutron-api.service[102916]: DEBUG futurist.periodics [-] Submitting periodic callback 'neutron.plugins.ml2.drivers.ovn.mech_driver.ovsdb.maintenance.HashRingHealthCheckPeriodics.touch_hash_ring_node' {{(pid=102916) _process_scheduled /opt/stack/data/venv/lib/python3.12/site-packages/futurist/periodics.py:784}}
Aug 14 09:37:44.315169 np0000189652 devstack@neutron-api.service[102916]: DEBUG neutron.plugins.ml2.drivers.ovn.mech_driver.ovsdb.maintenance [-] Touching Hash Ring node "1a6bcaaf99cd53b386a7cb5178170fa6" from periodic health check thread {{(pid=102916) touch_hash_ring_node /opt/stack/neutron/neutron/plugins/ml2/drivers/ovn/mech_driver/ovsdb/maintenance.py:1453}}
Aug 14 09:37:44.338372 np0000189652 devstack@neutron-api.service[102914]: DEBUG futurist.periodics [-] Submitting periodic callback 'neutron.plugins.ml2.drivers.ovn.mech_driver.ovsdb.maintenance.HashRingHealthCheckPeriodics.touch_hash_ring_node' {{(pid=102914) _process_scheduled /opt/stack/data/venv/lib/python3.12/site-packages/futurist/periodics.py:784}}
Aug 14 09:37:44.338944 np0000189652 devstack@neutron-api.service[102914]: DEBUG neutron.plugins.ml2.drivers.ovn.mech_driver.ovsdb.maintenance [-] Touching Hash Ring node "bd04a69be0635f79839718db38f2a087" from periodic health check thread {{(pid=102914) touch_hash_ring_node /opt/stack/neutron/neutron/plugins/ml2/drivers/ovn/mech_driver/ovsdb/maintenance.py:1453}}
Aug 14 09:37:44.376717 np0000189652 devstack@neutron-api.service[102915]: DEBUG futurist.periodics [-] Submitting periodic callback 'neutron.plugins.ml2.drivers.ovn.mech_driver.ovsdb.maintenance.HashRingHealthCheckPeriodics.touch_hash_ring_node' {{(pid=102915) _process_scheduled /opt/stack/data/venv/lib/python3.12/site-packages/futurist/periodics.py:784}}
Aug 14 09:37:44.377166 np0000189652 devstack@neutron-api.service[102915]: DEBUG neutron.plugins.ml2.drivers.ovn.mech_driver.ovsdb.maintenance [-] Touching Hash Ring node "09005226d71b5df898bebfa55d3f5848" from periodic health check thread {{(pid=102915) touch_hash_ring_node /opt/stack/neutron/neutron/plugins/ml2/drivers/ovn/mech_driver/ovsdb/maintenance.py:1453}}
Aug 14 09:37:51.766623 np0000189652 devstack@neutron-api.service[102916]: INFO neutron.pecan_wsgi.hooks.translation [None req-4e2c6847-200c-4d38-bbe5-e29e37f237d5 admin admin] GET failed (client error): The resource could not be found.
Aug 14 09:37:51.767276 np0000189652 devstack@neutron-api.service[102916]: [pid: 102916|app: 0|req: 23/91] 199.19.213.224 () {64 vars in 1334 bytes} [Fri Aug 14 09:37:51 2026] GET /networking/v2.0/networks/admin_net => generated 111 bytes in 14 msecs (HTTP/1.1 404) 4 headers in 164 bytes (1 switches on core 0)
Aug 14 09:37:51.797682 np0000189652 devstack@neutron-api.service[102914]: [pid: 102914|app: 0|req: 23/92] 199.19.213.224 () {64 vars in 1346 bytes} [Fri Aug 14 09:37:51 2026] GET /networking/v2.0/networks?name=admin_net => generated 15 bytes in 19 msecs (HTTP/1.1 200) 4 headers in 156 bytes (1 switches on core 0)
Aug 14 09:37:52.043737 np0000189652 devstack@neutron-api.service[102915]: DEBUG neutron.api.v2.base [None req-3e33c2ee-0223-44dc-9881-b7ec55eb349e admin admin] Request body: {'network': {'admin_state_up': True, 'name': 'admin_net', 'project_id': '48bd6ce5cf3e4d5081a82c87e83ef459'}} {{(pid=102915) prepare_request_body /opt/stack/neutron/neutron/api/v2/base.py:727}}
Aug 14 09:37:52.063133 np0000189652 devstack@neutron-api.service[102915]: DEBUG neutron.pecan_wsgi.hooks.quota_enforcement [None req-3e33c2ee-0223-44dc-9881-b7ec55eb349e admin admin] Made reservation on behalf of 48bd6ce5cf3e4d5081a82c87e83ef459 for: {'network': 1} {{(pid=102915) before /opt/stack/neutron/neutron/pecan_wsgi/hooks/quota_enforcement.py:66}}
Aug 14 09:37:52.066436 np0000189652 devstack@neutron-api.service[102915]: DEBUG neutron_lib.callbacks.manager [None req-3e33c2ee-0223-44dc-9881-b7ec55eb349e admin admin] Publish callbacks ['neutron.plugins.ml2.plugin.SecurityGroupDbMixin._ensure_default_security_group_handler-239416'] for network (None), before_create {{(pid=102915) _notify_loop /opt/stack/data/venv/lib/python3.12/site-packages/neutron_lib/callbacks/manager.py:184}}
Aug 14 09:37:52.071154 np0000189652 devstack@neutron-api.service[102915]: DEBUG neutron_lib.callbacks.manager [None req-3e33c2ee-0223-44dc-9881-b7ec55eb349e admin admin] Publish callbacks [] for security_group (None), before_create {{(pid=102915) _notify_loop /opt/stack/data/venv/lib/python3.12/site-packages/neutron_lib/callbacks/manager.py:184}}
Aug 14 09:37:52.138371 np0000189652 devstack@neutron-api.service[102915]: DEBUG neutron_lib.callbacks.manager [None req-3e33c2ee-0223-44dc-9881-b7ec55eb349e admin admin] Publish callbacks ['neutron.plugins.ml2.drivers.ovn.mech_driver.mech_driver.OVNMechanismDriver._create_security_group_precommit-217697'] for security_group (9b4a2352-1090-4ee0-ad47-3b05ea78771f), precommit_create {{(pid=102915) _notify_loop /opt/stack/data/venv/lib/python3.12/site-packages/neutron_lib/callbacks/manager.py:184}}
Aug 14 09:37:52.138636 np0000189652 devstack@neutron-api.service[102915]: DEBUG neutron.db.ovn_revision_numbers_db [None req-3e33c2ee-0223-44dc-9881-b7ec55eb349e admin admin] create_initial_revision uuid=9b4a2352-1090-4ee0-ad47-3b05ea78771f, type=security_groups, rev=-1 {{(pid=102915) create_initial_revision /opt/stack/neutron/neutron/db/ovn_revision_numbers_db.py:98}}
Aug 14 09:37:52.140023 np0000189652 devstack@neutron-api.service[102915]: DEBUG neutron.db.ovn_revision_numbers_db [None req-3e33c2ee-0223-44dc-9881-b7ec55eb349e admin admin] create_initial_revision uuid=001ed87a-d87e-4766-9fc7-f6a23e301cbb, type=security_group_rules, rev=-1 {{(pid=102915) create_initial_revision /opt/stack/neutron/neutron/db/ovn_revision_numbers_db.py:98}}
Aug 14 09:37:52.141451 np0000189652 devstack@neutron-api.service[102915]: DEBUG neutron.db.ovn_revision_numbers_db [None req-3e33c2ee-0223-44dc-9881-b7ec55eb349e admin admin] create_initial_revision uuid=5234e24d-cc69-48bc-949f-b719bdfeeb5c, type=security_group_rules, rev=-1 {{(pid=102915) create_initial_revision /opt/stack/neutron/neutron/db/ovn_revision_numbers_db.py:98}}
Aug 14 09:37:52.142683 np0000189652 devstack@neutron-api.service[102915]: DEBUG neutron.db.ovn_revision_numbers_db [None req-3e33c2ee-0223-44dc-9881-b7ec55eb349e admin admin] create_initial_revision uuid=a1e1231d-d698-4d05-b2f4-50f34305ec00, type=security_group_rules, rev=-1 {{(pid=102915) create_initial_revision /opt/stack/neutron/neutron/db/ovn_revision_numbers_db.py:98}}
Aug 14 09:37:52.143902 np0000189652 devstack@neutron-api.service[102915]: DEBUG neutron.db.ovn_revision_numbers_db [None req-3e33c2ee-0223-44dc-9881-b7ec55eb349e admin admin] create_initial_revision uuid=e62fb57c-630d-448e-89a7-e86d9165177c, type=security_group_rules, rev=-1 {{(pid=102915) create_initial_revision /opt/stack/neutron/neutron/db/ovn_revision_numbers_db.py:98}}
Aug 14 09:37:52.150522 np0000189652 devstack@neutron-api.service[102915]: DEBUG neutron_lib.callbacks.manager [None req-3e33c2ee-0223-44dc-9881-b7ec55eb349e admin admin] Publish callbacks ['neutron.plugins.ml2.drivers.ovn.mech_driver.mech_driver.OVNMechanismDriver._create_security_group-217623', 'neutron.plugins.ml2.ovo_rpc._ObjectChangeHandler.handle_event-2296915'] for security_group (9b4a2352-1090-4ee0-ad47-3b05ea78771f), after_create {{(pid=102915) _notify_loop /opt/stack/data/venv/lib/python3.12/site-packages/neutron_lib/callbacks/manager.py:184}}
Aug 14 09:37:52.152092 np0000189652 devstack@neutron-api.service[102915]: DEBUG ovsdbapp.backend.ovs_idl.transaction [None req-1b8adfc6-c63b-4f32-821c-573135554c36 None None] Running txn n=1 command(idx=0): PgAddCommand(_result=None, name=pg_9b4a2352_1090_4ee0_ad47_3b05ea78771f, may_exist=False, columns={'acls': [], 'external_ids': {'neutron:security_group_id': '9b4a2352-1090-4ee0-ad47-3b05ea78771f'}}) {{(pid=102915) do_commit /opt/stack/data/venv/lib/python3.12/site-packages/ovsdbapp/backend/ovs_idl/transaction.py:89}}
Aug 14 09:37:52.152806 np0000189652 devstack@neutron-api.service[102915]: DEBUG ovsdbapp.backend.ovs_idl.transaction [None req-1b8adfc6-c63b-4f32-821c-573135554c36 None None] Running txn n=1 command(idx=1): PgAclAddCommand(_result=None, entity=pg_9b4a2352_1090_4ee0_ad47_3b05ea78771f, direction=from-lport, priority=1002, match=inport == @pg_9b4a2352_1090_4ee0_ad47_3b05ea78771f && ip4, action=allow-related, log=False, may_exist=True, severity=[], name=[], meter=[], external_ids={'neutron:security_group_rule_id': '001ed87a-d87e-4766-9fc7-f6a23e301cbb'}) {{(pid=102915) do_commit /opt/stack/data/venv/lib/python3.12/site-packages/ovsdbapp/backend/ovs_idl/transaction.py:89}}
Aug 14 09:37:52.153557 np0000189652 devstack@neutron-api.service[102915]: DEBUG ovsdbapp.backend.ovs_idl.transaction [None req-1b8adfc6-c63b-4f32-821c-573135554c36 None None] Running txn n=1 command(idx=2): PgAclAddCommand(_result=None, entity=pg_9b4a2352_1090_4ee0_ad47_3b05ea78771f, direction=from-lport, priority=1002, match=inport == @pg_9b4a2352_1090_4ee0_ad47_3b05ea78771f && ip6, action=allow-related, log=False, may_exist=True, severity=[], name=[], meter=[], external_ids={'neutron:security_group_rule_id': '5234e24d-cc69-48bc-949f-b719bdfeeb5c'}) {{(pid=102915) do_commit /opt/stack/data/venv/lib/python3.12/site-packages/ovsdbapp/backend/ovs_idl/transaction.py:89}}
Aug 14 09:37:52.154307 np0000189652 devstack@neutron-api.service[102915]: DEBUG ovsdbapp.backend.ovs_idl.transaction [None req-1b8adfc6-c63b-4f32-821c-573135554c36 None None] Running txn n=1 command(idx=3): PgAclAddCommand(_result=None, entity=pg_9b4a2352_1090_4ee0_ad47_3b05ea78771f, direction=to-lport, priority=1002, match=outport == @pg_9b4a2352_1090_4ee0_ad47_3b05ea78771f && ip6 && ip6.src == $pg_9b4a2352_1090_4ee0_ad47_3b05ea78771f_ip6, action=allow-related, log=False, may_exist=True, severity=[], name=[], meter=[], external_ids={'neutron:security_group_rule_id': 'a1e1231d-d698-4d05-b2f4-50f34305ec00'}) {{(pid=102915) do_commit /opt/stack/data/venv/lib/python3.12/site-packages/ovsdbapp/backend/ovs_idl/transaction.py:89}}
Aug 14 09:37:52.155175 np0000189652 devstack@neutron-api.service[102915]: DEBUG ovsdbapp.backend.ovs_idl.transaction [None req-1b8adfc6-c63b-4f32-821c-573135554c36 None None] Running txn n=1 command(idx=4): PgAclAddCommand(_result=None, entity=pg_9b4a2352_1090_4ee0_ad47_3b05ea78771f, direction=to-lport, priority=1002, match=outport == @pg_9b4a2352_1090_4ee0_ad47_3b05ea78771f && ip4 && ip4.src == $pg_9b4a2352_1090_4ee0_ad47_3b05ea78771f_ip4, action=allow-related, log=False, may_exist=True, severity=[], name=[], meter=[], external_ids={'neutron:security_group_rule_id': 'e62fb57c-630d-448e-89a7-e86d9165177c'}) {{(pid=102915) do_commit /opt/stack/data/venv/lib/python3.12/site-packages/ovsdbapp/backend/ovs_idl/transaction.py:89}}
Aug 14 09:37:52.162909 np0000189652 devstack@neutron-api.service[102915]: DEBUG neutron.plugins.ml2.drivers.ovn.mech_driver.ovsdb.ovsdb_monitor [None req-1b8adfc6-c63b-4f32-821c-573135554c36 None None] Touching Hash Ring node "09005226d71b5df898bebfa55d3f5848" from IDL notify handler {{(pid=102915) notify /opt/stack/neutron/neutron/plugins/ml2/drivers/ovn/mech_driver/ovsdb/ovsdb_monitor.py:1091}}
Aug 14 09:37:52.165980 np0000189652 devstack@neutron-api.service[102916]: DEBUG neutron.plugins.ml2.drivers.ovn.mech_driver.ovsdb.ovsdb_monitor [None req-9f7e3e36-fcf3-4843-aec6-c62d68e6eb10 None None] Touching Hash Ring node "1a6bcaaf99cd53b386a7cb5178170fa6" from IDL notify handler {{(pid=102916) notify /opt/stack/neutron/neutron/plugins/ml2/drivers/ovn/mech_driver/ovsdb/ovsdb_monitor.py:1091}}
Aug 14 09:37:52.167527 np0000189652 devstack@neutron-api.service[102914]: DEBUG neutron.plugins.ml2.drivers.ovn.mech_driver.ovsdb.ovsdb_monitor [None req-99d9ced3-12d4-482c-bbed-c1f4f5f32bc7 None None] Touching Hash Ring node "bd04a69be0635f79839718db38f2a087" from IDL notify handler {{(pid=102914) notify /opt/stack/neutron/neutron/plugins/ml2/drivers/ovn/mech_driver/ovsdb/ovsdb_monitor.py:1091}}
Aug 14 09:37:52.171974 np0000189652 devstack@neutron-api.service[102915]: DEBUG neutron.plugins.ml2.drivers.ovn.mech_driver.ovsdb.ovsdb_monitor [None req-1b8adfc6-c63b-4f32-821c-573135554c36 None None] Hash Ring: Node 09005226d71b5df898bebfa55d3f5848 (host: np0000189652) handling event "create" for row f7dd3468-6136-4e6b-8f34-3c9e4f4e59d6 (table: ACL) {{(pid=102915) notify /opt/stack/neutron/neutron/plugins/ml2/drivers/ovn/mech_driver/ovsdb/ovsdb_monitor.py:1099}}
Aug 14 09:37:52.173079 np0000189652 devstack@neutron-api.service[102915]: DEBUG neutron.plugins.ml2.drivers.ovn.mech_driver.ovsdb.ovsdb_monitor [None req-1b8adfc6-c63b-4f32-821c-573135554c36 None None] Touching Hash Ring node "09005226d71b5df898bebfa55d3f5848" from IDL notify handler {{(pid=102915) notify /opt/stack/neutron/neutron/plugins/ml2/drivers/ovn/mech_driver/ovsdb/ovsdb_monitor.py:1091}}
Aug 14 09:37:52.175703 np0000189652 devstack@neutron-api.service[102915]: DEBUG neutron.plugins.ml2.drivers.ovn.mech_driver.ovsdb.ovsdb_monitor [None req-1b8adfc6-c63b-4f32-821c-573135554c36 None None] Hash Ring: Node 09005226d71b5df898bebfa55d3f5848 (host: np0000189652) handling event "create" for row b2b11ea0-1dcc-4e8c-ad44-442291782d75 (table: Port_Group) {{(pid=102915) notify /opt/stack/neutron/neutron/plugins/ml2/drivers/ovn/mech_driver/ovsdb/ovsdb_monitor.py:1099}}
Aug 14 09:37:52.176793 np0000189652 devstack@neutron-api.service[102916]: DEBUG neutron.plugins.ml2.drivers.ovn.mech_driver.ovsdb.ovsdb_monitor [None req-9f7e3e36-fcf3-4843-aec6-c62d68e6eb10 None None] Hash Ring: Node 1a6bcaaf99cd53b386a7cb5178170fa6 (host: np0000189652) handling event "create" for row c8e214bc-c0bb-4c96-a45f-7ff0a54cf084 (table: ACL) {{(pid=102916) notify /opt/stack/neutron/neutron/plugins/ml2/drivers/ovn/mech_driver/ovsdb/ovsdb_monitor.py:1099}}
Aug 14 09:37:52.177974 np0000189652 devstack@neutron-api.service[102914]: DEBUG neutron.plugins.ml2.drivers.ovn.mech_driver.ovsdb.ovsdb_monitor [None req-99d9ced3-12d4-482c-bbed-c1f4f5f32bc7 None None] Hash Ring: Node bd04a69be0635f79839718db38f2a087 (host: np0000189652) handling event "create" for row 2020b5eb-64ca-4b48-979b-f4bbed79ded8 (table: ACL) {{(pid=102914) notify /opt/stack/neutron/neutron/plugins/ml2/drivers/ovn/mech_driver/ovsdb/ovsdb_monitor.py:1099}}
Aug 14 09:37:52.179037 np0000189652 devstack@neutron-api.service[102914]: DEBUG neutron.plugins.ml2.drivers.ovn.mech_driver.ovsdb.ovsdb_monitor [None req-99d9ced3-12d4-482c-bbed-c1f4f5f32bc7 None None] Touching Hash Ring node "bd04a69be0635f79839718db38f2a087" from IDL notify handler {{(pid=102914) notify /opt/stack/neutron/neutron/plugins/ml2/drivers/ovn/mech_driver/ovsdb/ovsdb_monitor.py:1091}}
Aug 14 09:37:52.182517 np0000189652 devstack@neutron-api.service[102914]: DEBUG neutron.plugins.ml2.drivers.ovn.mech_driver.ovsdb.ovsdb_monitor [None req-99d9ced3-12d4-482c-bbed-c1f4f5f32bc7 None None] Hash Ring: Node bd04a69be0635f79839718db38f2a087 (host: np0000189652) handling event "create" for row 3abc0371-179c-4dbb-a9c2-8c44cc22ffaa (table: ACL) {{(pid=102914) notify /opt/stack/neutron/neutron/plugins/ml2/drivers/ovn/mech_driver/ovsdb/ovsdb_monitor.py:1099}}
Aug 14 09:37:52.196269 np0000189652 devstack@neutron-api.service[102915]: INFO neutron.db.ovn_revision_numbers_db [None req-3e33c2ee-0223-44dc-9881-b7ec55eb349e admin admin] Successfully bumped revision number for resource 9b4a2352-1090-4ee0-ad47-3b05ea78771f (type: security_groups) to 1
Aug 14 09:37:52.211765 np0000189652 devstack@neutron-api.service[102915]: INFO neutron.db.ovn_revision_numbers_db [None req-3e33c2ee-0223-44dc-9881-b7ec55eb349e admin admin] Successfully bumped revision number for resource 001ed87a-d87e-4766-9fc7-f6a23e301cbb (type: security_group_rules) to 0
Aug 14 09:37:52.226589 np0000189652 devstack@neutron-api.service[102915]: INFO neutron.db.ovn_revision_numbers_db [None req-3e33c2ee-0223-44dc-9881-b7ec55eb349e admin admin] Successfully bumped revision number for resource 5234e24d-cc69-48bc-949f-b719bdfeeb5c (type: security_group_rules) to 0
Aug 14 09:37:52.239983 np0000189652 devstack@neutron-api.service[102915]: INFO neutron.db.ovn_revision_numbers_db [None req-3e33c2ee-0223-44dc-9881-b7ec55eb349e admin admin] Successfully bumped revision number for resource a1e1231d-d698-4d05-b2f4-50f34305ec00 (type: security_group_rules) to 0
Aug 14 09:37:52.255119 np0000189652 devstack@neutron-api.service[102915]: INFO neutron.db.ovn_revision_numbers_db [None req-3e33c2ee-0223-44dc-9881-b7ec55eb349e admin admin] Successfully bumped revision number for resource e62fb57c-630d-448e-89a7-e86d9165177c (type: security_group_rules) to 0
Aug 14 09:37:52.283641 np0000189652 devstack@neutron-api.service[102915]: DEBUG neutron.api.rpc.handlers.resources_rpc [None req-3e33c2ee-0223-44dc-9881-b7ec55eb349e admin admin] Pushing event updated for resources: {'SecurityGroup': ['ID=9b4a2352-1090-4ee0-ad47-3b05ea78771f,revision_number=1']} {{(pid=102915) push /opt/stack/neutron/neutron/api/rpc/handlers/resources_rpc.py:237}}
Aug 14 09:37:52.293329 np0000189652 devstack@neutron-api.service[102915]: DEBUG ovsdbapp.backend.ovs_idl.transaction [None req-1b8adfc6-c63b-4f32-821c-573135554c36 None None] Running txn n=1 command(idx=0): CheckLivenessCommand(_result=None) {{(pid=102915) do_commit /opt/stack/data/venv/lib/python3.12/site-packages/ovsdbapp/backend/ovs_idl/transaction.py:89}}
Aug 14 09:37:52.300895 np0000189652 devstack@neutron-api.service[102915]: DEBUG neutron.api.rpc.callbacks.version_manager [None req-3e33c2ee-0223-44dc-9881-b7ec55eb349e admin admin] Tracked resource versions report:
Aug 14 09:37:52.300895 np0000189652 devstack@neutron-api.service[102915]: pushed versions:
Aug 14 09:37:52.300895 np0000189652 devstack@neutron-api.service[102915]: { 'AddressGroup': {'1.2'},
Aug 14 09:37:52.300895 np0000189652 devstack@neutron-api.service[102915]: 'Agent': {'1.1'},
Aug 14 09:37:52.300895 np0000189652 devstack@neutron-api.service[102915]: 'ConntrackHelper': {'1.0'},
Aug 14 09:37:52.300895 np0000189652 devstack@neutron-api.service[102915]: 'LocalIPAssociation': {'1.0'},
Aug 14 09:37:52.300895 np0000189652 devstack@neutron-api.service[102915]: 'Log': {'1.0'},
Aug 14 09:37:52.300895 np0000189652 devstack@neutron-api.service[102915]: 'NDPProxy': {'1.0'},
Aug 14 09:37:52.300895 np0000189652 devstack@neutron-api.service[102915]: 'Network': {'1.3'},
Aug 14 09:37:52.300895 np0000189652 devstack@neutron-api.service[102915]: 'Port': {'1.11'},
Aug 14 09:37:52.300895 np0000189652 devstack@neutron-api.service[102915]: 'PortForwarding': {'1.3'},
Aug 14 09:37:52.300895 np0000189652 devstack@neutron-api.service[102915]: 'QosPolicy': {'1.10'},
Aug 14 09:37:52.300895 np0000189652 devstack@neutron-api.service[102915]: 'SecurityGroup': {'1.6'},
Aug 14 09:37:52.300895 np0000189652 devstack@neutron-api.service[102915]: 'SecurityGroupRule': {'1.3'},
Aug 14 09:37:52.300895 np0000189652 devstack@neutron-api.service[102915]: 'SubPort': {'1.0'},
Aug 14 09:37:52.300895 np0000189652 devstack@neutron-api.service[102915]: 'Subnet': {'1.2'},
Aug 14 09:37:52.300895 np0000189652 devstack@neutron-api.service[102915]: 'Trunk': {'1.1'}}
Aug 14 09:37:52.300895 np0000189652 devstack@neutron-api.service[102915]: consumer versions:
Aug 14 09:37:52.300895 np0000189652 devstack@neutron-api.service[102915]: { OVN Controller Gateway agent@np0000189652: {},
Aug 14 09:37:52.300895 np0000189652 devstack@neutron-api.service[102915]: OVN Neutron agent@np0000189652: {}}
Aug 14 09:37:52.300895 np0000189652 devstack@neutron-api.service[102915]: {{(pid=102915) report /opt/stack/neutron/neutron/api/rpc/callbacks/version_manager.py:183}}
Aug 14 09:37:52.303672 np0000189652 devstack@neutron-api.service[102917]: DEBUG ovsdbapp.backend.ovs_idl.event [None req-47d5dbca-6d6d-47fe-b861-7d444cb778c2 None None] Matched UPDATE: ChassisAgentWriteEvent(events=('create', 'update'), table='Chassis_Private', conditions=None, old_conditions=None), priority=20 to row=Chassis_Private(uuid=5b6b3b6a-4128-4d2c-908b-3963f84a2b78, chassis=8eee02bb-028b-40c0-9afc-7202353cbd75, external_ids={'neutron:ovn-bridge': 'br-int', 'neutron:ovn-neutron-agent-id': '47405929-0995-5e18-a4f6-e9ae0581f3de', 'neutron:ovn-neutron-agent-sb-cfg': '2'}, name='06831f94-7b3d-4fcf-a43b-272cda062623', nb_cfg=3, nb_cfg_timestamp=1786700272297) old=Chassis_Private(uuid=5b6b3b6a-4128-4d2c-908b-3963f84a2b78, nb_cfg=2, nb_cfg_timestamp=1786700180055) {{(pid=102917) matches /opt/stack/data/venv/lib/python3.12/site-packages/ovsdbapp/backend/ovs_idl/event.py:55}}
Aug 14 09:37:52.304197 np0000189652 devstack@neutron-api.service[102916]: DEBUG ovsdbapp.backend.ovs_idl.event [None req-be87c058-ba7e-46e3-a913-a37806d5c209 None None] Matched UPDATE: ChassisAgentWriteEvent(events=('create', 'update'), table='Chassis_Private', conditions=None, old_conditions=None), priority=20 to row=Chassis_Private(uuid=5b6b3b6a-4128-4d2c-908b-3963f84a2b78, chassis=8eee02bb-028b-40c0-9afc-7202353cbd75, external_ids={'neutron:ovn-bridge': 'br-int', 'neutron:ovn-neutron-agent-id': '47405929-0995-5e18-a4f6-e9ae0581f3de', 'neutron:ovn-neutron-agent-sb-cfg': '2'}, name='06831f94-7b3d-4fcf-a43b-272cda062623', nb_cfg=3, nb_cfg_timestamp=1786700272297) old=Chassis_Private(uuid=5b6b3b6a-4128-4d2c-908b-3963f84a2b78, nb_cfg=2, nb_cfg_timestamp=1786700180055) {{(pid=102916) matches /opt/stack/data/venv/lib/python3.12/site-packages/ovsdbapp/backend/ovs_idl/event.py:55}}
Aug 14 09:37:52.304747 np0000189652 devstack@neutron-api.service[102914]: DEBUG ovsdbapp.backend.ovs_idl.event [None req-b5e96a8d-6c3d-409f-9a1a-e9796778512b None None] Matched UPDATE: ChassisAgentWriteEvent(events=('create', 'update'), table='Chassis_Private', conditions=None, old_conditions=None), priority=20 to row=Chassis_Private(uuid=5b6b3b6a-4128-4d2c-908b-3963f84a2b78, chassis=8eee02bb-028b-40c0-9afc-7202353cbd75, external_ids={'neutron:ovn-bridge': 'br-int', 'neutron:ovn-neutron-agent-id': '47405929-0995-5e18-a4f6-e9ae0581f3de', 'neutron:ovn-neutron-agent-sb-cfg': '2'}, name='06831f94-7b3d-4fcf-a43b-272cda062623', nb_cfg=3, nb_cfg_timestamp=1786700272297) old=Chassis_Private(uuid=5b6b3b6a-4128-4d2c-908b-3963f84a2b78, nb_cfg=2, nb_cfg_timestamp=1786700180055) {{(pid=102914) matches /opt/stack/data/venv/lib/python3.12/site-packages/ovsdbapp/backend/ovs_idl/event.py:55}}
Aug 14 09:37:52.304921 np0000189652 devstack@neutron-api.service[102915]: DEBUG ovsdbapp.backend.ovs_idl.event [None req-67051c57-c513-42cb-b4fa-91cf59db9bef None None] Matched UPDATE: ChassisAgentWriteEvent(events=('create', 'update'), table='Chassis_Private', conditions=None, old_conditions=None), priority=20 to row=Chassis_Private(uuid=5b6b3b6a-4128-4d2c-908b-3963f84a2b78, chassis=8eee02bb-028b-40c0-9afc-7202353cbd75, external_ids={'neutron:ovn-bridge': 'br-int', 'neutron:ovn-neutron-agent-id': '47405929-0995-5e18-a4f6-e9ae0581f3de', 'neutron:ovn-neutron-agent-sb-cfg': '2'}, name='06831f94-7b3d-4fcf-a43b-272cda062623', nb_cfg=3, nb_cfg_timestamp=1786700272297) old=Chassis_Private(uuid=5b6b3b6a-4128-4d2c-908b-3963f84a2b78, nb_cfg=2, nb_cfg_timestamp=1786700180055) {{(pid=102915) matches /opt/stack/data/venv/lib/python3.12/site-packages/ovsdbapp/backend/ovs_idl/event.py:55}}
Aug 14 09:37:52.307113 np0000189652 devstack@neutron-api.service[102917]: DEBUG neutron.plugins.ml2.drivers.ovn.mech_driver.ovsdb.ovsdb_monitor [None req-1cc788a3-e30c-4c4d-b4b5-6ce03efacabd None None] Touching Hash Ring node "fe8a3946a9235027887acd3d2c2374f2" from IDL notify handler {{(pid=102917) notify /opt/stack/neutron/neutron/plugins/ml2/drivers/ovn/mech_driver/ovsdb/ovsdb_monitor.py:1091}}
Aug 14 09:37:52.312069 np0000189652 devstack@neutron-api.service[102916]: DEBUG neutron.common.ovn.hash_ring_manager [None req-be87c058-ba7e-46e3-a913-a37806d5c209 None None] Hash Ring loaded. 4 active nodes. 0 offline nodes {{(pid=102916) _load_hash_ring /opt/stack/neutron/neutron/common/ovn/hash_ring_manager.py:110}}
Aug 14 09:37:52.313779 np0000189652 devstack@neutron-api.service[102917]: DEBUG neutron.common.ovn.hash_ring_manager [None req-47d5dbca-6d6d-47fe-b861-7d444cb778c2 None None] Hash Ring loaded. 4 active nodes. 0 offline nodes {{(pid=102917) _load_hash_ring /opt/stack/neutron/neutron/common/ovn/hash_ring_manager.py:110}}
Aug 14 09:37:52.314080 np0000189652 devstack@neutron-api.service[102917]: DEBUG neutron.plugins.ml2.drivers.ovn.mech_driver.ovsdb.ovsdb_monitor [None req-47d5dbca-6d6d-47fe-b861-7d444cb778c2 None None] Hash Ring: Node fe8a3946a9235027887acd3d2c2374f2 (host: np0000189652) handling event "update" for row 5b6b3b6a-4128-4d2c-908b-3963f84a2b78 (table: Chassis_Private) {{(pid=102917) notify /opt/stack/neutron/neutron/plugins/ml2/drivers/ovn/mech_driver/ovsdb/ovsdb_monitor.py:1099}}
Aug 14 09:37:52.315516 np0000189652 devstack@neutron-api.service[102917]: DEBUG neutron.plugins.ml2.drivers.ovn.mech_driver.ovsdb.ovsdb_monitor [None req-1cc788a3-e30c-4c4d-b4b5-6ce03efacabd None None] Hash Ring: Node fe8a3946a9235027887acd3d2c2374f2 (host: np0000189652) handling event "update" for row 6d4c5db5-62f9-4ef2-8839-2cf8e8c14d12 (table: NB_Global) {{(pid=102917) notify /opt/stack/neutron/neutron/plugins/ml2/drivers/ovn/mech_driver/ovsdb/ovsdb_monitor.py:1099}}
Aug 14 09:37:52.316517 np0000189652 devstack@neutron-api.service[102914]: DEBUG neutron.common.ovn.hash_ring_manager [None req-b5e96a8d-6c3d-409f-9a1a-e9796778512b None None] Hash Ring loaded. 4 active nodes. 0 offline nodes {{(pid=102914) _load_hash_ring /opt/stack/neutron/neutron/common/ovn/hash_ring_manager.py:110}}
Aug 14 09:37:52.317267 np0000189652 devstack@neutron-api.service[102917]: DEBUG neutron.plugins.ml2.drivers.ovn.mech_driver.ovsdb.ovsdb_monitor [None req-1cc788a3-e30c-4c4d-b4b5-6ce03efacabd None None] Touching Hash Ring node "fe8a3946a9235027887acd3d2c2374f2" from IDL notify handler {{(pid=102917) notify /opt/stack/neutron/neutron/plugins/ml2/drivers/ovn/mech_driver/ovsdb/ovsdb_monitor.py:1091}}
Aug 14 09:37:52.319734 np0000189652 devstack@neutron-api.service[102917]: DEBUG neutron.plugins.ml2.drivers.ovn.mech_driver.ovsdb.ovsdb_monitor [None req-1cc788a3-e30c-4c4d-b4b5-6ce03efacabd None None] Hash Ring: Node fe8a3946a9235027887acd3d2c2374f2 (host: np0000189652) handling event "update" for row 6d4c5db5-62f9-4ef2-8839-2cf8e8c14d12 (table: NB_Global) {{(pid=102917) notify /opt/stack/neutron/neutron/plugins/ml2/drivers/ovn/mech_driver/ovsdb/ovsdb_monitor.py:1099}}
Aug 14 09:37:52.321055 np0000189652 devstack@neutron-api.service[102917]: DEBUG neutron.plugins.ml2.drivers.ovn.mech_driver.ovsdb.ovsdb_monitor [None req-1cc788a3-e30c-4c4d-b4b5-6ce03efacabd None None] Touching Hash Ring node "fe8a3946a9235027887acd3d2c2374f2" from IDL notify handler {{(pid=102917) notify /opt/stack/neutron/neutron/plugins/ml2/drivers/ovn/mech_driver/ovsdb/ovsdb_monitor.py:1091}}
Aug 14 09:37:52.323262 np0000189652 devstack@neutron-api.service[102917]: DEBUG neutron.plugins.ml2.drivers.ovn.mech_driver.ovsdb.ovsdb_monitor [None req-1cc788a3-e30c-4c4d-b4b5-6ce03efacabd None None] Hash Ring: Node fe8a3946a9235027887acd3d2c2374f2 (host: np0000189652) handling event "update" for row 6d4c5db5-62f9-4ef2-8839-2cf8e8c14d12 (table: NB_Global) {{(pid=102917) notify /opt/stack/neutron/neutron/plugins/ml2/drivers/ovn/mech_driver/ovsdb/ovsdb_monitor.py:1099}}
Aug 14 09:37:52.324654 np0000189652 devstack@neutron-api.service[102917]: DEBUG neutron.plugins.ml2.drivers.ovn.mech_driver.ovsdb.ovsdb_monitor [None req-1cc788a3-e30c-4c4d-b4b5-6ce03efacabd None None] Touching Hash Ring node "fe8a3946a9235027887acd3d2c2374f2" from IDL notify handler {{(pid=102917) notify /opt/stack/neutron/neutron/plugins/ml2/drivers/ovn/mech_driver/ovsdb/ovsdb_monitor.py:1091}}
Aug 14 09:37:52.324890 np0000189652 devstack@neutron-api.service[102915]: DEBUG neutron.common.ovn.hash_ring_manager [None req-67051c57-c513-42cb-b4fa-91cf59db9bef None None] Hash Ring loaded. 4 active nodes. 0 offline nodes {{(pid=102915) _load_hash_ring /opt/stack/neutron/neutron/common/ovn/hash_ring_manager.py:110}}
Aug 14 09:37:52.327014 np0000189652 devstack@neutron-api.service[102917]: DEBUG neutron.plugins.ml2.drivers.ovn.mech_driver.ovsdb.ovsdb_monitor [None req-1cc788a3-e30c-4c4d-b4b5-6ce03efacabd None None] Hash Ring: Node fe8a3946a9235027887acd3d2c2374f2 (host: np0000189652) handling event "update" for row 6d4c5db5-62f9-4ef2-8839-2cf8e8c14d12 (table: NB_Global) {{(pid=102917) notify /opt/stack/neutron/neutron/plugins/ml2/drivers/ovn/mech_driver/ovsdb/ovsdb_monitor.py:1099}}
Aug 14 09:37:52.353224 np0000189652 devstack@neutron-api.service[102915]: DEBUG neutron.plugins.ml2.drivers.helpers [None req-3e33c2ee-0223-44dc-9881-b7ec55eb349e admin admin] geneve segment allocate from pool success with {'geneve_vni': 50087} {{(pid=102915) allocate_partially_specified_segment /opt/stack/neutron/neutron/plugins/ml2/drivers/helpers.py:142}}
Aug 14 09:37:52.362589 np0000189652 devstack@neutron-api.service[102915]: DEBUG neutron_lib.callbacks.manager [None req-3e33c2ee-0223-44dc-9881-b7ec55eb349e admin admin] Publish callbacks ['neutron.services.segments.db._add_segment_host_mapping_for_segment-7853607618584', 'neutron.plugins.ml2.plugin.Ml2Plugin._handle_segment_change-483890'] for segment (8a7844dd-9437-43a4-9e95-948d90c7240b), precommit_create {{(pid=102915) _notify_loop /opt/stack/data/venv/lib/python3.12/site-packages/neutron_lib/callbacks/manager.py:184}}
Aug 14 09:37:52.362759 np0000189652 devstack@neutron-api.service[102915]: INFO neutron.db.segments_db [None req-3e33c2ee-0223-44dc-9881-b7ec55eb349e admin admin] Added segment 8a7844dd-9437-43a4-9e95-948d90c7240b of type geneve for network 93a1dac0-d619-4674-ac5c-94c36b76b6f2
Aug 14 09:37:52.378928 np0000189652 devstack@neutron-api.service[102915]: DEBUG neutron_lib.callbacks.manager [None req-3e33c2ee-0223-44dc-9881-b7ec55eb349e admin admin] Publish callbacks ['neutron.services.auto_allocate.db._ensure_external_network_default_value_callback-7853606306556'] for network (93a1dac0-d619-4674-ac5c-94c36b76b6f2), precommit_create {{(pid=102915) _notify_loop /opt/stack/data/venv/lib/python3.12/site-packages/neutron_lib/callbacks/manager.py:184}}
Aug 14 09:37:52.404432 np0000189652 devstack@neutron-api.service[102915]: DEBUG neutron.plugins.ml2.drivers.ovn.mech_driver.mech_driver [None req-3e33c2ee-0223-44dc-9881-b7ec55eb349e admin admin] Validating network segment with type geneve, segmentation ID 50087, physical network None {{(pid=102915) _validate_network_segments /opt/stack/neutron/neutron/plugins/ml2/drivers/ovn/mech_driver/mech_driver.py:624}}
Aug 14 09:37:52.404720 np0000189652 devstack@neutron-api.service[102915]: DEBUG neutron.db.ovn_revision_numbers_db [None req-3e33c2ee-0223-44dc-9881-b7ec55eb349e admin admin] create_initial_revision uuid=93a1dac0-d619-4674-ac5c-94c36b76b6f2, type=networks, rev=-1 {{(pid=102915) create_initial_revision /opt/stack/neutron/neutron/db/ovn_revision_numbers_db.py:98}}
Aug 14 09:37:52.417505 np0000189652 devstack@neutron-api.service[102915]: DEBUG neutron_lib.callbacks.manager [None req-3e33c2ee-0223-44dc-9881-b7ec55eb349e admin admin] Publish callbacks ['neutron.plugins.ml2.ovo_rpc._ObjectChangeHandler.handle_event-2296916'] for network (93a1dac0-d619-4674-ac5c-94c36b76b6f2), after_create {{(pid=102915) _notify_loop /opt/stack/data/venv/lib/python3.12/site-packages/neutron_lib/callbacks/manager.py:184}}
Aug 14 09:37:52.434490 np0000189652 devstack@neutron-api.service[102915]: DEBUG neutron.api.rpc.handlers.resources_rpc [None req-3e33c2ee-0223-44dc-9881-b7ec55eb349e admin admin] Pushing event updated for resources: {'Network': ['ID=93a1dac0-d619-4674-ac5c-94c36b76b6f2,revision_number=1']} {{(pid=102915) push /opt/stack/neutron/neutron/api/rpc/handlers/resources_rpc.py:237}}
Aug 14 09:37:52.442675 np0000189652 devstack@neutron-api.service[102915]: DEBUG ovsdbapp.backend.ovs_idl.transaction [None req-1b8adfc6-c63b-4f32-821c-573135554c36 None None] Running txn n=1 command(idx=0): AddNetworkCommand(_result=None, network_uuid=93a1dac0-d619-4674-ac5c-94c36b76b6f2, may_exist=True, columns={'external_ids': {'neutron:network_name': 'admin_net', 'neutron:mtu': '1372', 'neutron:revision_number': '1', 'neutron:availability_zone_hints': '', 'neutron:provnet-network-type': 'geneve'}, 'other_config': {'mcast_snoop': 'false', 'mcast_flood_unregistered': 'false', 'vlan-passthru': 'false'}}) {{(pid=102915) do_commit /opt/stack/data/venv/lib/python3.12/site-packages/ovsdbapp/backend/ovs_idl/transaction.py:89}}
Aug 14 09:37:52.490233 np0000189652 devstack@neutron-api.service[102916]: DEBUG neutron.plugins.ml2.drivers.ovn.mech_driver.ovsdb.ovsdb_monitor [None req-9f7e3e36-fcf3-4843-aec6-c62d68e6eb10 None None] Touching Hash Ring node "1a6bcaaf99cd53b386a7cb5178170fa6" from IDL notify handler {{(pid=102916) notify /opt/stack/neutron/neutron/plugins/ml2/drivers/ovn/mech_driver/ovsdb/ovsdb_monitor.py:1091}}
Aug 14 09:37:52.491734 np0000189652 devstack@neutron-api.service[102914]: DEBUG neutron.plugins.ml2.drivers.ovn.mech_driver.ovsdb.ovsdb_monitor [None req-b5e96a8d-6c3d-409f-9a1a-e9796778512b None None] Hash Ring: Node bd04a69be0635f79839718db38f2a087 (host: np0000189652) handling event "create" for row e2ec347d-a559-4371-8d09-7adc784a0b1a (table: Datapath_Binding) {{(pid=102914) notify /opt/stack/neutron/neutron/plugins/ml2/drivers/ovn/mech_driver/ovsdb/ovsdb_monitor.py:1099}}
Aug 14 09:37:52.495067 np0000189652 devstack@neutron-api.service[102916]: DEBUG neutron.plugins.ml2.drivers.ovn.mech_driver.ovsdb.ovsdb_monitor [None req-9f7e3e36-fcf3-4843-aec6-c62d68e6eb10 None None] Hash Ring: Node 1a6bcaaf99cd53b386a7cb5178170fa6 (host: np0000189652) handling event "create" for row 93a1dac0-d619-4674-ac5c-94c36b76b6f2 (table: Logical_Switch) {{(pid=102916) notify /opt/stack/neutron/neutron/plugins/ml2/drivers/ovn/mech_driver/ovsdb/ovsdb_monitor.py:1099}}
Aug 14 09:37:52.511035 np0000189652 devstack@neutron-api.service[102915]: INFO neutron.db.ovn_revision_numbers_db [None req-3e33c2ee-0223-44dc-9881-b7ec55eb349e admin admin] Successfully bumped revision number for resource 93a1dac0-d619-4674-ac5c-94c36b76b6f2 (type: networks) to 1
Aug 14 09:37:52.524114 np0000189652 devstack@neutron-api.service[102915]: DEBUG neutron_lib.callbacks.manager [None req-3e33c2ee-0223-44dc-9881-b7ec55eb349e admin admin] Publish callbacks ['neutron.plugins.ml2.plugin.SecurityGroupDbMixin._ensure_default_security_group_handler-239416'] for port (None), before_create {{(pid=102915) _notify_loop /opt/stack/data/venv/lib/python3.12/site-packages/neutron_lib/callbacks/manager.py:184}}
Aug 14 09:37:52.589845 np0000189652 devstack@neutron-api.service[102915]: DEBUG neutron_lib.callbacks.manager [None req-3e33c2ee-0223-44dc-9881-b7ec55eb349e admin admin] Publish callbacks ['neutron.plugins.ml2.drivers.ovn.mech_driver.mech_driver.OVNMechanismDriver._validate_allowed_address_pairs-218105'] for allowed_address_pair (c381cbc4-c09d-4b32-ae12-27eca41dbea0), before_create {{(pid=102915) _notify_loop /opt/stack/data/venv/lib/python3.12/site-packages/neutron_lib/callbacks/manager.py:184}}
Aug 14 09:37:52.590222 np0000189652 devstack@neutron-api.service[102915]: DEBUG neutron_lib.callbacks.manager [None req-3e33c2ee-0223-44dc-9881-b7ec55eb349e admin admin] Publish callbacks [] for port (c381cbc4-c09d-4b32-ae12-27eca41dbea0), precommit_create {{(pid=102915) _notify_loop /opt/stack/data/venv/lib/python3.12/site-packages/neutron_lib/callbacks/manager.py:184}}
Aug 14 09:37:52.590362 np0000189652 devstack@neutron-api.service[102915]: DEBUG neutron.plugins.ml2.drivers.ovn.mech_driver.mech_driver [None req-3e33c2ee-0223-44dc-9881-b7ec55eb349e admin admin] No provisioning block for port c381cbc4-c09d-4b32-ae12-27eca41dbea0 since it does not have a host {{(pid=102915) _is_port_provisioning_required /opt/stack/neutron/neutron/plugins/ml2/drivers/ovn/mech_driver/mech_driver.py:877}}
Aug 14 09:37:52.590465 np0000189652 devstack@neutron-api.service[102915]: DEBUG neutron.db.ovn_revision_numbers_db [None req-3e33c2ee-0223-44dc-9881-b7ec55eb349e admin admin] create_initial_revision uuid=c381cbc4-c09d-4b32-ae12-27eca41dbea0, type=ports, rev=-1 {{(pid=102915) create_initial_revision /opt/stack/neutron/neutron/db/ovn_revision_numbers_db.py:98}}
Aug 14 09:37:52.620073 np0000189652 devstack@neutron-api.service[102915]: DEBUG neutron_lib.callbacks.manager [None req-3e33c2ee-0223-44dc-9881-b7ec55eb349e admin admin] Publish callbacks ['neutron.plugins.ml2.ovo_rpc._ObjectChangeHandler.handle_event-2296908'] for port (c381cbc4-c09d-4b32-ae12-27eca41dbea0), after_create {{(pid=102915) _notify_loop /opt/stack/data/venv/lib/python3.12/site-packages/neutron_lib/callbacks/manager.py:184}}
Aug 14 09:37:52.650190 np0000189652 devstack@neutron-api.service[102915]: DEBUG neutron.api.rpc.handlers.resources_rpc [None req-3e33c2ee-0223-44dc-9881-b7ec55eb349e admin admin] Pushing event updated for resources: {'Port': ['ID=c381cbc4-c09d-4b32-ae12-27eca41dbea0,revision_number=1']} {{(pid=102915) push /opt/stack/neutron/neutron/api/rpc/handlers/resources_rpc.py:237}}
Aug 14 09:37:52.655458 np0000189652 devstack@neutron-api.service[102915]: DEBUG neutron.plugins.ml2.drivers.ovn.mech_driver.ovsdb.commands [None req-3e33c2ee-0223-44dc-9881-b7ec55eb349e admin admin] Converting tag [] to a tag_request {{(pid=102915) _tag_column_to_tag_request /opt/stack/neutron/neutron/plugins/ml2/drivers/ovn/mech_driver/ovsdb/commands.py:227}}
Aug 14 09:37:52.656680 np0000189652 devstack@neutron-api.service[102915]: DEBUG ovsdbapp.backend.ovs_idl.transaction [None req-1b8adfc6-c63b-4f32-821c-573135554c36 None None] Running txn n=1 command(idx=0): AddLSwitchPortCommand(_result=None, lport=c381cbc4-c09d-4b32-ae12-27eca41dbea0, lswitch=neutron-93a1dac0-d619-4674-ac5c-94c36b76b6f2, may_exist=True, network_uuid=93a1dac0-d619-4674-ac5c-94c36b76b6f2, columns={'addresses': ['fa:16:3e:42:d1:e9'], 'external_ids': {'neutron:port_name': '', 'neutron:device_id': 'ovnmeta-93a1dac0-d619-4674-ac5c-94c36b76b6f2', 'neutron:project_id': '48bd6ce5cf3e4d5081a82c87e83ef459', 'neutron:cidrs': '', 'neutron:device_owner': 'network:distributed', 'neutron:subnet_pool_addr_scope4': '', 'neutron:subnet_pool_addr_scope6': '', 'neutron:network_name': 'neutron-93a1dac0-d619-4674-ac5c-94c36b76b6f2', 'neutron:security_group_ids': '', 'neutron:revision_number': '1', 'neutron:vnic_type': 'normal', 'neutron:port_capabilities': '', 'neutron:mtu': '1372'}, 'parent_name': [], 'enabled': True, 'options': {}, 'type': 'localport', 'port_security': [], 'dhcpv4_options': [], 'dhcpv6_options': [], 'tag_request': []}) {{(pid=102915) do_commit /opt/stack/data/venv/lib/python3.12/site-packages/ovsdbapp/backend/ovs_idl/transaction.py:89}}
Aug 14 09:37:52.657758 np0000189652 devstack@neutron-api.service[102915]: DEBUG ovsdbapp.backend.ovs_idl.transaction [None req-1b8adfc6-c63b-4f32-821c-573135554c36 None None] Running txn n=1 command(idx=1): QoSDelCommand(_result=None, switch=neutron-93a1dac0-d619-4674-ac5c-94c36b76b6f2, conditions=[('direction', '=', 'to-lport'), ('priority', '=', 2002), ('match', '=', 'outport == "c381cbc4-c09d-4b32-ae12-27eca41dbea0"')], if_exists=True) {{(pid=102915) do_commit /opt/stack/data/venv/lib/python3.12/site-packages/ovsdbapp/backend/ovs_idl/transaction.py:89}}
Aug 14 09:37:52.658214 np0000189652 devstack@neutron-api.service[102915]: DEBUG ovsdbapp.backend.ovs_idl.transaction [None req-1b8adfc6-c63b-4f32-821c-573135554c36 None None] Running txn n=1 command(idx=2): QoSDelCommand(_result=None, switch=neutron-93a1dac0-d619-4674-ac5c-94c36b76b6f2, conditions=[('direction', '=', 'from-lport'), ('priority', '=', 2002), ('match', '=', 'inport == "c381cbc4-c09d-4b32-ae12-27eca41dbea0"')], if_exists=True) {{(pid=102915) do_commit /opt/stack/data/venv/lib/python3.12/site-packages/ovsdbapp/backend/ovs_idl/transaction.py:89}}
Aug 14 09:37:52.672539 np0000189652 devstack@neutron-api.service[102914]: DEBUG neutron.plugins.ml2.drivers.ovn.mech_driver.ovsdb.ovsdb_monitor [None req-99d9ced3-12d4-482c-bbed-c1f4f5f32bc7 None None] Touching Hash Ring node "bd04a69be0635f79839718db38f2a087" from IDL notify handler {{(pid=102914) notify /opt/stack/neutron/neutron/plugins/ml2/drivers/ovn/mech_driver/ovsdb/ovsdb_monitor.py:1091}}
Aug 14 09:37:52.674488 np0000189652 devstack@neutron-api.service[102916]: DEBUG neutron.plugins.ml2.drivers.ovn.mech_driver.ovsdb.ovsdb_monitor [None req-9f7e3e36-fcf3-4843-aec6-c62d68e6eb10 None None] Touching Hash Ring node "1a6bcaaf99cd53b386a7cb5178170fa6" from IDL notify handler {{(pid=102916) notify /opt/stack/neutron/neutron/plugins/ml2/drivers/ovn/mech_driver/ovsdb/ovsdb_monitor.py:1091}}
Aug 14 09:37:52.678245 np0000189652 devstack@neutron-api.service[102916]: DEBUG neutron.plugins.ml2.drivers.ovn.mech_driver.ovsdb.ovsdb_monitor [None req-be87c058-ba7e-46e3-a913-a37806d5c209 None None] Hash Ring: Node 1a6bcaaf99cd53b386a7cb5178170fa6 (host: np0000189652) handling event "create" for row 6def1ca1-a39c-4ba8-ae5f-900337cf04fa (table: Port_Binding) {{(pid=102916) notify /opt/stack/neutron/neutron/plugins/ml2/drivers/ovn/mech_driver/ovsdb/ovsdb_monitor.py:1099}}
Aug 14 09:37:52.683794 np0000189652 devstack@neutron-api.service[102914]: DEBUG neutron.plugins.ml2.drivers.ovn.mech_driver.ovsdb.ovsdb_monitor [None req-99d9ced3-12d4-482c-bbed-c1f4f5f32bc7 None None] Hash Ring: Node bd04a69be0635f79839718db38f2a087 (host: np0000189652) handling event "create" for row cf11f8a6-93ff-4309-b339-33f9cdda1ab3 (table: Logical_Switch_Port) {{(pid=102914) notify /opt/stack/neutron/neutron/plugins/ml2/drivers/ovn/mech_driver/ovsdb/ovsdb_monitor.py:1099}}
Aug 14 09:37:52.684894 np0000189652 devstack@neutron-api.service[102914]: DEBUG ovsdbapp.backend.ovs_idl.event [None req-99d9ced3-12d4-482c-bbed-c1f4f5f32bc7 None None] Matched CREATE: LogicalSwitchPortCreateEvent(events=('create',), table='Logical_Switch_Port', conditions=[], old_conditions=None), priority=20 to row=Logical_Switch_Port(uuid=cf11f8a6-93ff-4309-b339-33f9cdda1ab3, addresses=['fa:16:3e:42:d1:e9'], dhcpv4_options=[], dhcpv6_options=[], dynamic_addresses=[], enabled=True, external_ids={'neutron:cidrs': '', 'neutron:device_id': 'ovnmeta-93a1dac0-d619-4674-ac5c-94c36b76b6f2', 'neutron:device_owner': 'network:distributed', 'neutron:mtu': '1372', 'neutron:network_name': 'neutron-93a1dac0-d619-4674-ac5c-94c36b76b6f2', 'neutron:port_capabilities': '', 'neutron:port_name': '', 'neutron:project_id': '48bd6ce5cf3e4d5081a82c87e83ef459', 'neutron:revision_number': '1', 'neutron:security_group_ids': '', 'neutron:subnet_pool_addr_scope4': '', 'neutron:subnet_pool_addr_scope6': '', 'neutron:vnic_type': 'normal'}, ha_chassis_group=[], mirror_rules=[], name='c381cbc4-c09d-4b32-ae12-27eca41dbea0', options={}, parent_name=[], port_security=[], tag=[], tag_request=[], type='localport', up=[]) old= {{(pid=102914) matches /opt/stack/data/venv/lib/python3.12/site-packages/ovsdbapp/backend/ovs_idl/event.py:55}}
