+ COMMAND=start + start + for KEYSTONE_WSGI_SCRIPT in keystone-wsgi-public ++ type -p keystone-wsgi-public + cp -a /var/lib/openstack/bin/keystone-wsgi-public /var/www/cgi-bin/keystone/ + '[' -f /etc/apache2/envvars ']' + source /etc/apache2/envvars ++ unset HOME ++ '[' '' '!=' '' ']' ++ SUFFIX= ++ export APACHE_RUN_USER=www-data ++ APACHE_RUN_USER=www-data ++ export APACHE_RUN_GROUP=www-data ++ APACHE_RUN_GROUP=www-data ++ export APACHE_PID_FILE=/var/run/apache2/apache2.pid ++ APACHE_PID_FILE=/var/run/apache2/apache2.pid ++ export APACHE_RUN_DIR=/var/run/apache2 ++ APACHE_RUN_DIR=/var/run/apache2 ++ export APACHE_LOCK_DIR=/var/lock/apache2 ++ APACHE_LOCK_DIR=/var/lock/apache2 ++ export APACHE_LOG_DIR=/var/log/apache2 ++ APACHE_LOG_DIR=/var/log/apache2 ++ export LANG=C ++ LANG=C ++ export LANG + '[' -f /var/run/apache2/apache2.pid ']' + exec apache2 -DFOREGROUND AH00558: apache2: Could not reliably determine the server's fully qualified domain name, using 10.0.0.144. Set the 'ServerName' directive globally to suppress this message AH00558: apache2: Could not reliably determine the server's fully qualified domain name, using 10.0.0.144. Set the 'ServerName' directive globally to suppress this message
[Tue May 05 06:57:14.082915 2026] [mpm_event:notice] [pid 1:tid 140595528075136] AH00489: Apache/2.4.58 (Ubuntu) mod_wsgi/5.0.0 Python/3.12 configured -- resuming normal operations
[Tue May 05 06:57:14.083142 2026] [core:notice] [pid 1:tid 140595528075136] AH00094: Command line: 'apache2 -D FOREGROUND'
[Tue May 05 06:58:15.850507 2026] [wsgi:error] [pid 10:tid 140594891302592] /var/lib/openstack/lib/python3.12/site-packages/oslo_utils/importutils.py:77: EventletDeprecationWarning:
[Tue May 05 06:58:15.850545 2026] [wsgi:error] [pid 10:tid 140594891302592] Eventlet is deprecated. It is currently being maintained in bugfix mode, and
[Tue May 05 06:58:15.850547 2026] [wsgi:error] [pid 10:tid 140594891302592] we strongly recommend against using it for new projects.
[Tue May 05 06:58:15.850548 2026] [wsgi:error] [pid 10:tid 140594891302592]
[Tue May 05 06:58:15.850549 2026] [wsgi:error] [pid 10:tid 140594891302592] If you are already using Eventlet, we recommend migrating to a different
[Tue May 05 06:58:15.850550 2026] [wsgi:error] [pid 10:tid 140594891302592] framework. For more detail see
[Tue May 05 06:58:15.850551 2026] [wsgi:error] [pid 10:tid 140594891302592] https://eventlet.readthedocs.io/en/latest/asyncio/migration.html
[Tue May 05 06:58:15.850552 2026] [wsgi:error] [pid 10:tid 140594891302592]
[Tue May 05 06:58:15.850553 2026] [wsgi:error] [pid 10:tid 140594891302592] __import__(import_str)
[Tue May 05 06:58:15.889320 2026] [wsgi:error] [pid 12:tid 140594891302592] /var/lib/openstack/lib/python3.12/site-packages/oslo_utils/importutils.py:77: EventletDeprecationWarning:
[Tue May 05 06:58:15.889362 2026] [wsgi:error] [pid 12:tid 140594891302592] Eventlet is deprecated. It is currently being maintained in bugfix mode, and
[Tue May 05 06:58:15.889363 2026] [wsgi:error] [pid 12:tid 140594891302592] we strongly recommend against using it for new projects.
[Tue May 05 06:58:15.889365 2026] [wsgi:error] [pid 12:tid 140594891302592]
[Tue May 05 06:58:15.889366 2026] [wsgi:error] [pid 12:tid 140594891302592] If you are already using Eventlet, we recommend migrating to a different
[Tue May 05 06:58:15.889367 2026] [wsgi:error] [pid 12:tid 140594891302592] framework. For more detail see
[Tue May 05 06:58:15.889368 2026] [wsgi:error] [pid 12:tid 140594891302592] https://eventlet.readthedocs.io/en/latest/asyncio/migration.html
[Tue May 05 06:58:15.889369 2026] [wsgi:error] [pid 12:tid 140594891302592]
[Tue May 05 06:58:15.889370 2026] [wsgi:error] [pid 12:tid 140594891302592] __import__(import_str) 10.0.0.176 - - [05/May/2026:06:58:14 +0000] "GET /v3/ HTTP/1.1" 200 250 10.0.0.176 - - [05/May/2026:06:58:14 +0000] "GET /v3/ HTTP/1.1" 200 250
[Tue May 05 06:58:28.747477 2026] [wsgi:error] [pid 11:tid 140594891302592] /var/lib/openstack/lib/python3.12/site-packages/oslo_utils/importutils.py:77: EventletDeprecationWarning:
[Tue May 05 06:58:28.747515 2026] [wsgi:error] [pid 11:tid 140594891302592] Eventlet is deprecated. It is currently being maintained in bugfix mode, and
[Tue May 05 06:58:28.747517 2026] [wsgi:error] [pid 11:tid 140594891302592] we strongly recommend against using it for new projects.
[Tue May 05 06:58:28.747518 2026] [wsgi:error] [pid 11:tid 140594891302592]
[Tue May 05 06:58:28.747519 2026] [wsgi:error] [pid 11:tid 140594891302592] If you are already using Eventlet, we recommend migrating to a different
[Tue May 05 06:58:28.747521 2026] [wsgi:error] [pid 11:tid 140594891302592] framework. For more detail see
[Tue May 05 06:58:28.747522 2026] [wsgi:error] [pid 11:tid 140594891302592] https://eventlet.readthedocs.io/en/latest/asyncio/migration.html
[Tue May 05 06:58:28.747523 2026] [wsgi:error] [pid 11:tid 140594891302592]
[Tue May 05 06:58:28.747524 2026] [wsgi:error] [pid 11:tid 140594891302592] __import__(import_str) 10.0.0.135 - - [05/May/2026:06:58:27 +0000] "GET / HTTP/1.1" 300 295
[Tue May 05 06:58:34.102854 2026] [wsgi:error] [pid 9:tid 140594891302592] /var/lib/openstack/lib/python3.12/site-packages/oslo_utils/importutils.py:77: EventletDeprecationWarning:
[Tue May 05 06:58:34.102887 2026] [wsgi:error] [pid 9:tid 140594891302592] Eventlet is deprecated. It is currently being maintained in bugfix mode, and
[Tue May 05 06:58:34.102890 2026] [wsgi:error] [pid 9:tid 140594891302592] we strongly recommend against using it for new projects.
[Tue May 05 06:58:34.102892 2026] [wsgi:error] [pid 9:tid 140594891302592]
[Tue May 05 06:58:34.102893 2026] [wsgi:error] [pid 9:tid 140594891302592] If you are already using Eventlet, we recommend migrating to a different
[Tue May 05 06:58:34.102895 2026] [wsgi:error] [pid 9:tid 140594891302592] framework. For more detail see
[Tue May 05 06:58:34.102896 2026] [wsgi:error] [pid 9:tid 140594891302592] https://eventlet.readthedocs.io/en/latest/asyncio/migration.html
[Tue May 05 06:58:34.102898 2026] [wsgi:error] [pid 9:tid 140594891302592]
[Tue May 05 06:58:34.102899 2026] [wsgi:error] [pid 9:tid 140594891302592] __import__(import_str)
[Tue May 05 06:58:38.684614 2026] [wsgi:error] [pid 9:tid 140594891302592] [remote 10.0.0.135:58364] 2026-05-05 06:58:38.682 9 WARNING keystone.identity.core [None req-19fa7f58-39c7-47cb-8e1b-3c096d1c685e - - - - - -] Invalid domain name (atmosphere) found in config file name: keystone.exception.DomainNotFound: Could not find domain: atmosphere.
[Tue May 05 06:58:38.739019 2026] [wsgi:error] [pid 9:tid 140594891302592] [remote 10.0.0.135:58364] 2026-05-05 06:58:38.738 9 WARNING keystone.common.password_hashing [None req-19fa7f58-39c7-47cb-8e1b-3c096d1c685e - - - - - -] Truncating password to algorithm specific maximum length 72 characters.
[Tue May 05 06:58:39.025985 2026] [wsgi:error] [pid 9:tid 140594891302592] [remote 10.0.0.135:58364] 2026-05-05 06:58:39.025 9 WARNING keystone.common.fernet_utils [None req-19fa7f58-39c7-47cb-8e1b-3c096d1c685e - - - - - -] key_repository is world readable: /etc/keystone/fernet-keys/ 10.0.0.135 - - [05/May/2026:06:58:33 +0000] "POST /v3/auth/tokens HTTP/1.1" 201 1360
[Tue May 05 06:58:39.381231 2026] [wsgi:error] [pid 10:tid 140594891302592] [remote 10.0.0.135:58364] 2026-05-05 06:58:39.378 10 WARNING keystone.identity.core [None req-7e0e2217-34ee-4495-9ff9-88b5843e2caa - - - - - -] Invalid domain name (atmosphere) found in config file name: keystone.exception.DomainNotFound: Could not find domain: atmosphere. 10.0.0.135 - - [05/May/2026:06:58:39 +0000] "POST /v3/domains HTTP/1.1" 201 261 10.0.0.123 - - [05/May/2026:06:58:51 +0000] "GET / HTTP/1.1" 300 295
[Tue May 05 06:58:51.540160 2026] [wsgi:error] [pid 11:tid 140594891302592] [remote 10.0.0.123:60488] 2026-05-05 06:58:51.539 11 WARNING keystone.common.password_hashing [None req-a7bb0d1b-766b-4f2c-993b-d4aa41738969 - - - - - -] Truncating password to algorithm specific maximum length 72 characters.
[Tue May 05 06:58:51.826489 2026] [wsgi:error] [pid 11:tid 140594891302592] [remote 10.0.0.123:60488] 2026-05-05 06:58:51.826 11 WARNING keystone.common.fernet_utils [None req-a7bb0d1b-766b-4f2c-993b-d4aa41738969 - - - - - -] key_repository is world readable: /etc/keystone/fernet-keys/ 10.0.0.123 - - [05/May/2026:06:58:51 +0000] "POST /v3/auth/tokens HTTP/1.1" 201 1360 10.0.0.123 - - [05/May/2026:06:58:51 +0000] "GET /v3/roles/admin HTTP/1.1" 404 83
[Tue May 05 06:58:52.050914 2026] [wsgi:error] [pid 10:tid 140594891302592] [remote 10.0.0.123:60488] 2026-05-05 06:58:52.050 10 WARNING keystone.common.rbac_enforcer.enforcer [None req-49fcf7dc-eef3-4afb-9b4f-724cbdc7b4eb d325eeea595446a6b8b7a327a67db7a1 d680fff4a6d64756a450c31d75084f87 - - default default] Deprecated policy rules found. Use oslopolicy-policy-generator and oslopolicy-policy-upgrade to detect and resolve deprecated policies in your configuration. 10.0.0.123 - - [05/May/2026:06:58:52 +0000] "GET /v3/roles?name=admin HTTP/1.1" 200 389
[Tue May 05 06:58:52.399552 2026] [wsgi:error] [pid 12:tid 140594891302592] [remote 10.0.0.123:60488] 2026-05-05 06:58:52.399 12 WARNING keystone.common.rbac_enforcer.enforcer [None req-058b5131-a783-4633-803e-ec7957becbf0 d325eeea595446a6b8b7a327a67db7a1 d680fff4a6d64756a450c31d75084f87 - - default default] Deprecated policy rules found. Use oslopolicy-policy-generator and oslopolicy-policy-upgrade to detect and resolve deprecated policies in your configuration. 10.0.0.123 - - [05/May/2026:06:58:52 +0000] "GET /v3/users/admin-RegionOne HTTP/1.1" 404 93
[Tue May 05 06:58:52.543703 2026] [wsgi:error] [pid 11:tid 140594891302592] [remote 10.0.0.123:60488] 2026-05-05 06:58:52.543 11 WARNING keystone.common.rbac_enforcer.enforcer [None req-cd5ce630-65bb-4790-991f-9a28c4ae95e0 d325eeea595446a6b8b7a327a67db7a1 d680fff4a6d64756a450c31d75084f87 - - default default] Deprecated policy rules found. Use oslopolicy-policy-generator and oslopolicy-policy-upgrade to detect and resolve deprecated policies in your configuration. 10.0.0.123 - - [05/May/2026:06:58:52 +0000] "GET /v3/users?name=admin-RegionOne HTTP/1.1" 200 422
[Tue May 05 06:58:52.710085 2026] [wsgi:error] [pid 9:tid 140594891302592] [remote 10.0.0.123:60488] 2026-05-05 06:58:52.709 9 WARNING keystone.common.rbac_enforcer.enforcer [None req-f8c9b504-b5ae-4ccd-bea7-f33e7995d14c d325eeea595446a6b8b7a327a67db7a1 d680fff4a6d64756a450c31d75084f87 - - default default] Deprecated policy rules found. Use oslopolicy-policy-generator and oslopolicy-policy-upgrade to detect and resolve deprecated policies in your configuration. 10.0.0.123 - - [05/May/2026:06:58:52 +0000] "GET /v3/domains/default HTTP/1.1" 200 224 10.0.0.123 - - [05/May/2026:06:58:52 +0000] "PUT /v3/domains/default/users/d325eeea595446a6b8b7a327a67db7a1/roles/84051dfac3c049ec86abef94ff67c9f0 HTTP/1.1" 204 - 10.0.0.176 - - [05/May/2026:06:59:02 +0000] "GET / HTTP/1.1" 300 281 10.0.0.176 - - [05/May/2026:06:59:03 +0000] "GET /v3 HTTP/1.1" 200 266
[Tue May 05 06:59:03.914183 2026] [wsgi:error] [pid 9:tid 140594891302592] [remote 10.0.0.176:37092] 2026-05-05 06:59:03.913 9 WARNING keystone.common.password_hashing [None req-acc43e4f-a366-4299-8028-f1a1ba7e679a - - - - - -] Truncating password to algorithm specific maximum length 72 characters.
[Tue May 05 06:59:04.195786 2026] [wsgi:error] [pid 9:tid 140594891302592] [remote 10.0.0.176:37092] 2026-05-05 06:59:04.195 9 WARNING keystone.common.fernet_utils [None req-acc43e4f-a366-4299-8028-f1a1ba7e679a - - - - - -] key_repository is world readable: /etc/keystone/fernet-keys/ 10.0.0.176 - - [05/May/2026:06:59:03 +0000] "POST /v3/auth/tokens HTTP/1.1" 201 1360 10.0.0.176 - - [05/May/2026:06:59:04 +0000] "GET / HTTP/1.1" 300 281 10.0.0.176 - - [05/May/2026:06:59:04 +0000] "GET /v3/domains/atmosphere HTTP/1.1" 404 90 10.0.0.176 - - [05/May/2026:06:59:04 +0000] "GET /v3/domains?name=atmosphere HTTP/1.1" 200 370 10.0.0.176 - - [05/May/2026:06:59:04 +0000] "GET /v3/domains/f6f57a25643a44bdbdf2ef153d560cc5 HTTP/1.1" 200 247 10.0.0.176 - - [05/May/2026:06:59:05 +0000] "GET /v3 HTTP/1.1" 200 266
[Tue May 05 06:59:05.322320 2026] [wsgi:error] [pid 12:tid 140594891302592] [remote 10.0.0.176:37106] 2026-05-05 06:59:05.321 12 WARNING keystone.common.password_hashing [None req-4f005435-0753-413c-b113-657289b33526 - - - - - -] Truncating password to algorithm specific maximum length 72 characters.
[Tue May 05 06:59:05.607921 2026] [wsgi:error] [pid 12:tid 140594891302592] [remote 10.0.0.176:37106] 2026-05-05 06:59:05.607 12 WARNING keystone.common.fernet_utils [None req-4f005435-0753-413c-b113-657289b33526 - - - - - -] key_repository is world readable: /etc/keystone/fernet-keys/ 10.0.0.176 - - [05/May/2026:06:59:05 +0000] "POST /v3/auth/tokens HTTP/1.1" 201 1360 10.0.0.176 - - [05/May/2026:06:59:05 +0000] "GET / HTTP/1.1" 300 281 10.0.0.176 - - [05/May/2026:06:59:05 +0000] "GET /v3/OS-FEDERATION/identity_providers/atmosphere HTTP/1.1" 404 101 10.0.0.176 - - [05/May/2026:06:59:05 +0000] "GET /v3/OS-FEDERATION/identity_providers HTTP/1.1" 200 156 10.0.0.176 - - [05/May/2026:06:59:05 +0000] "PUT /v3/OS-FEDERATION/identity_providers/atmosphere HTTP/1.1" 201 342 10.0.0.176 - - [05/May/2026:06:59:06 +0000] "GET /v3 HTTP/1.1" 200 266
[Tue May 05 06:59:06.459761 2026] [wsgi:error] [pid 9:tid 140594891302592] [remote 10.0.0.176:37106] 2026-05-05 06:59:06.459 9 WARNING keystone.common.password_hashing [None req-9fae290a-6c6b-45b6-811c-7368ecf6e3d1 - - - - - -] Truncating password to algorithm specific maximum length 72 characters.
[Tue May 05 06:59:06.737318 2026] [wsgi:error] [pid 9:tid 140594891302592] [remote 10.0.0.176:37106] 2026-05-05 06:59:06.737 9 WARNING keystone.common.fernet_utils [None req-9fae290a-6c6b-45b6-811c-7368ecf6e3d1 - - - - - -] key_repository is world readable: /etc/keystone/fernet-keys/ 10.0.0.176 - - [05/May/2026:06:59:06 +0000] "POST /v3/auth/tokens HTTP/1.1" 201 1360 10.0.0.176 - - [05/May/2026:06:59:06 +0000] "GET / HTTP/1.1" 300 281 10.0.0.176 - - [05/May/2026:06:59:06 +0000] "GET /v3/OS-FEDERATION/mappings/atmosphere-openid HTTP/1.1" 404 98 10.0.0.176 - - [05/May/2026:06:59:06 +0000] "GET /v3/OS-FEDERATION/mappings HTTP/1.1" 200 136 10.0.0.176 - - [05/May/2026:06:59:06 +0000] "PUT /v3/OS-FEDERATION/mappings/atmosphere-openid HTTP/1.1" 201 357 10.0.0.176 - - [05/May/2026:06:59:07 +0000] "GET /v3 HTTP/1.1" 200 266
[Tue May 05 06:59:07.671935 2026] [wsgi:error] [pid 12:tid 140594891302592] [remote 10.0.0.176:37106] 2026-05-05 06:59:07.671 12 WARNING keystone.common.password_hashing [None req-35ac0a84-2a5f-4268-9d19-2a1955ac3c38 - - - - - -] Truncating password to algorithm specific maximum length 72 characters.
[Tue May 05 06:59:07.946315 2026] [wsgi:error] [pid 12:tid 140594891302592] [remote 10.0.0.176:37106] 2026-05-05 06:59:07.946 12 WARNING keystone.common.fernet_utils [None req-35ac0a84-2a5f-4268-9d19-2a1955ac3c38 - - - - - -] key_repository is world readable: /etc/keystone/fernet-keys/ 10.0.0.176 - - [05/May/2026:06:59:07 +0000] "POST /v3/auth/tokens HTTP/1.1" 201 1360 10.0.0.176 - - [05/May/2026:06:59:07 +0000] "GET / HTTP/1.1" 300 281 10.0.0.176 - - [05/May/2026:06:59:07 +0000] "GET /v3/OS-FEDERATION/identity_providers/atmosphere/protocols/openid?idp_id=atmosphere HTTP/1.1" 404 131 10.0.0.176 - - [05/May/2026:06:59:07 +0000] "GET /v3/OS-FEDERATION/identity_providers/atmosphere/protocols HTTP/1.1" 200 168 10.0.0.176 - - [05/May/2026:06:59:08 +0000] "PUT /v3/OS-FEDERATION/identity_providers/atmosphere/protocols/openid HTTP/1.1" 201 224 10.0.0.176 - - [05/May/2026:06:59:14 +0000] "GET /v3/ HTTP/1.1" 200 250 10.0.0.176 - - [05/May/2026:06:59:14 +0000] "GET /v3/ HTTP/1.1" 200 250 10.0.0.176 - - [05/May/2026:07:00:14 +0000] "GET /v3/ HTTP/1.1" 200 250 10.0.0.176 - - [05/May/2026:07:00:14 +0000] "GET /v3/ HTTP/1.1" 200 250 10.0.0.67 - - [05/May/2026:07:01:13 +0000] "GET / HTTP/1.1" 300 295
[Tue May 05 07:01:13.271367 2026] [wsgi:error] [pid 11:tid 140594891302592] [remote 10.0.0.67:56632] 2026-05-05 07:01:13.271 11 WARNING keystone.common.password_hashing [None req-6fd1fff7-de84-4037-b0ba-50e960a127f0 - - - - - -] Truncating password to algorithm specific maximum length 72 characters.
[Tue May 05 07:01:13.545054 2026] [wsgi:error] [pid 11:tid 140594891302592] [remote 10.0.0.67:56632] 2026-05-05 07:01:13.544 11 WARNING keystone.common.fernet_utils [None req-6fd1fff7-de84-4037-b0ba-50e960a127f0 - - - - - -] key_repository is world readable: /etc/keystone/fernet-keys/ 10.0.0.67 - - [05/May/2026:07:01:13 +0000] "POST /v3/auth/tokens HTTP/1.1" 201 1360 10.0.0.67 - - [05/May/2026:07:01:13 +0000] "GET /v3/services HTTP/1.1" 200 355 10.0.0.176 - - [05/May/2026:07:01:14 +0000] "GET /v3/ HTTP/1.1" 200 250 10.0.0.176 - - [05/May/2026:07:01:14 +0000] "GET /v3/ HTTP/1.1" 200 250 10.0.0.67 - - [05/May/2026:07:01:16 +0000] "GET / HTTP/1.1" 300 295
[Tue May 05 07:01:17.008220 2026] [wsgi:error] [pid 12:tid 140594891302592] [remote 10.0.0.67:56648] 2026-05-05 07:01:17.008 12 WARNING keystone.common.password_hashing [None req-bd2b09fb-3c95-40e2-9d8e-ebca2c3bb7b6 - - - - - -] Truncating password to algorithm specific maximum length 72 characters.
[Tue May 05 07:01:17.279708 2026] [wsgi:error] [pid 12:tid 140594891302592] [remote 10.0.0.67:56648] 2026-05-05 07:01:17.279 12 WARNING keystone.common.fernet_utils [None req-bd2b09fb-3c95-40e2-9d8e-ebca2c3bb7b6 - - - - - -] key_repository is world readable: /etc/keystone/fernet-keys/ 10.0.0.67 - - [05/May/2026:07:01:16 +0000] "POST /v3/auth/tokens HTTP/1.1" 201 1360 10.0.0.67 - - [05/May/2026:07:01:17 +0000] "GET /v3/services HTTP/1.1" 200 355 10.0.0.67 - - [05/May/2026:07:01:20 +0000] "GET / HTTP/1.1" 300 295
[Tue May 05 07:01:20.722581 2026] [wsgi:error] [pid 11:tid 140594891302592] [remote 10.0.0.67:32832] 2026-05-05 07:01:20.722 11 WARNING keystone.common.password_hashing [None req-a145deea-5aba-4336-9644-1656a8b98cee - - - - - -] Truncating password to algorithm specific maximum length 72 characters.
[Tue May 05 07:01:20.992989 2026] [wsgi:error] [pid 11:tid 140594891302592] [remote 10.0.0.67:32832] 2026-05-05 07:01:20.992 11 WARNING keystone.common.fernet_utils [None req-a145deea-5aba-4336-9644-1656a8b98cee - - - - - -] key_repository is world readable: /etc/keystone/fernet-keys/ 10.0.0.67 - - [05/May/2026:07:01:20 +0000] "POST /v3/auth/tokens HTTP/1.1" 201 1360 10.0.0.67 - - [05/May/2026:07:01:21 +0000] "GET /v3/services HTTP/1.1" 200 355 10.0.0.67 - - [05/May/2026:07:01:24 +0000] "GET / HTTP/1.1" 300 295
[Tue May 05 07:01:24.497192 2026] [wsgi:error] [pid 9:tid 140594891302592] [remote 10.0.0.67:32834] 2026-05-05 07:01:24.497 9 WARNING keystone.common.password_hashing [None req-d2a79866-604f-4b6a-baa7-7bdb4cad0819 - - - - - -] Truncating password to algorithm specific maximum length 72 characters.
[Tue May 05 07:01:24.775793 2026] [wsgi:error] [pid 9:tid 140594891302592] [remote 10.0.0.67:32834] 2026-05-05 07:01:24.775 9 WARNING keystone.common.fernet_utils [None req-d2a79866-604f-4b6a-baa7-7bdb4cad0819 - - - - - -] key_repository is world readable: /etc/keystone/fernet-keys/ 10.0.0.67 - - [05/May/2026:07:01:24 +0000] "POST /v3/auth/tokens HTTP/1.1" 201 1360 10.0.0.67 - - [05/May/2026:07:01:24 +0000] "POST /v3/services HTTP/1.1" 201 296 10.0.0.174 - - [05/May/2026:07:01:35 +0000] "GET / HTTP/1.1" 300 295
[Tue May 05 07:01:35.546063 2026] [wsgi:error] [pid 10:tid 140594891302592] [remote 10.0.0.174:56200] 2026-05-05 07:01:35.545 10 WARNING keystone.common.password_hashing [None req-2bb87c3d-42a6-4378-b1c8-5763cec6c2d4 - - - - - -] Truncating password to algorithm specific maximum length 72 characters. 10.0.0.174 - - [05/May/2026:07:01:35 +0000] "GET / HTTP/1.1" 300 295
[Tue May 05 07:01:35.653477 2026] [wsgi:error] [pid 11:tid 140594891302592] [remote 10.0.0.174:56212] 2026-05-05 07:01:35.653 11 WARNING keystone.common.password_hashing [None req-d27ef2a7-f2cf-487c-a6bb-ed1c11835232 - - - - - -] Truncating password to algorithm specific maximum length 72 characters. 10.0.0.174 - - [05/May/2026:07:01:35 +0000] "GET / HTTP/1.1" 300 295
[Tue May 05 07:01:35.710069 2026] [wsgi:error] [pid 9:tid 140594891302592] [remote 10.0.0.174:56218] 2026-05-05 07:01:35.709 9 WARNING keystone.common.password_hashing [None req-1bde3187-fbf4-4730-82c0-d3a0aceb3f86 - - - - - -] Truncating password to algorithm specific maximum length 72 characters.
[Tue May 05 07:01:35.825753 2026] [wsgi:error] [pid 10:tid 140594891302592] [remote 10.0.0.174:56200] 2026-05-05 07:01:35.825 10 WARNING keystone.common.fernet_utils [None req-2bb87c3d-42a6-4378-b1c8-5763cec6c2d4 - - - - - -] key_repository is world readable: /etc/keystone/fernet-keys/ 10.0.0.174 - - [05/May/2026:07:01:35 +0000] "POST /v3/auth/tokens HTTP/1.1" 201 1464
[Tue May 05 07:01:35.935084 2026] [wsgi:error] [pid 11:tid 140594891302592] [remote 10.0.0.174:56212] 2026-05-05 07:01:35.934 11 WARNING keystone.common.fernet_utils [None req-d27ef2a7-f2cf-487c-a6bb-ed1c11835232 - - - - - -] key_repository is world readable: /etc/keystone/fernet-keys/ 10.0.0.174 - - [05/May/2026:07:01:35 +0000] "POST /v3/auth/tokens HTTP/1.1" 201 1464 10.0.0.174 - - [05/May/2026:07:01:35 +0000] "GET /v3/services HTTP/1.1" 200 639
[Tue May 05 07:01:35.997369 2026] [wsgi:error] [pid 9:tid 140594891302592] [remote 10.0.0.174:56218] 2026-05-05 07:01:35.997 9 WARNING keystone.common.fernet_utils [None req-1bde3187-fbf4-4730-82c0-d3a0aceb3f86 - - - - - -] key_repository is world readable: /etc/keystone/fernet-keys/ 10.0.0.174 - - [05/May/2026:07:01:35 +0000] "POST /v3/auth/tokens HTTP/1.1" 201 1464 10.0.0.174 - - [05/May/2026:07:01:36 +0000] "GET /v3/services HTTP/1.1" 200 639 10.0.0.174 - - [05/May/2026:07:01:36 +0000] "GET /v3/services HTTP/1.1" 200 639 10.0.0.174 - - [05/May/2026:07:01:37 +0000] "GET / HTTP/1.1" 300 295
[Tue May 05 07:01:37.411893 2026] [wsgi:error] [pid 9:tid 140594891302592] [remote 10.0.0.174:56234] 2026-05-05 07:01:37.411 9 WARNING keystone.common.password_hashing [None req-bf4fe244-6b6c-4c6d-857f-8f03d0454070 - - - - - -] Truncating password to algorithm specific maximum length 72 characters. 10.0.0.174 - - [05/May/2026:07:01:37 +0000] "GET / HTTP/1.1" 300 295
[Tue May 05 07:01:37.585202 2026] [wsgi:error] [pid 11:tid 140594891302592] [remote 10.0.0.174:56248] 2026-05-05 07:01:37.584 11 WARNING keystone.common.password_hashing [None req-3cc4c906-184f-4128-8fdc-75147433a847 - - - - - -] Truncating password to algorithm specific maximum length 72 characters. 10.0.0.174 - - [05/May/2026:07:01:37 +0000] "GET / HTTP/1.1" 300 295
[Tue May 05 07:01:37.632549 2026] [wsgi:error] [pid 10:tid 140594891302592] [remote 10.0.0.174:56250] 2026-05-05 07:01:37.632 10 WARNING keystone.common.password_hashing [None req-154837da-42b2-4edc-a58a-0491d6e2f3a8 - - - - - -] Truncating password to algorithm specific maximum length 72 characters.
[Tue May 05 07:01:37.698128 2026] [wsgi:error] [pid 9:tid 140594891302592] [remote 10.0.0.174:56234] 2026-05-05 07:01:37.697 9 WARNING keystone.common.fernet_utils [None req-bf4fe244-6b6c-4c6d-857f-8f03d0454070 - - - - - -] key_repository is world readable: /etc/keystone/fernet-keys/ 10.0.0.174 - - [05/May/2026:07:01:37 +0000] "POST /v3/auth/tokens HTTP/1.1" 201 1464 10.0.0.174 - - [05/May/2026:07:01:37 +0000] "GET /v3/endpoints HTTP/1.1" 200 1227 10.0.0.174 - - [05/May/2026:07:01:37 +0000] "GET /v3/services/780c8fcb2f3741178458feb06615436e HTTP/1.1" 200 233 10.0.0.174 - - [05/May/2026:07:01:37 +0000] "GET /v3/services/780c8fcb2f3741178458feb06615436e HTTP/1.1" 200 233
[Tue May 05 07:01:37.887546 2026] [wsgi:error] [pid 11:tid 140594891302592] [remote 10.0.0.174:56248] 2026-05-05 07:01:37.887 11 WARNING keystone.common.fernet_utils [None req-3cc4c906-184f-4128-8fdc-75147433a847 - - - - - -] key_repository is world readable: /etc/keystone/fernet-keys/ 10.0.0.174 - - [05/May/2026:07:01:37 +0000] "GET /v3/services/780c8fcb2f3741178458feb06615436e HTTP/1.1" 200 233 10.0.0.174 - - [05/May/2026:07:01:37 +0000] "POST /v3/auth/tokens HTTP/1.1" 201 1464
[Tue May 05 07:01:37.915486 2026] [wsgi:error] [pid 10:tid 140594891302592] [remote 10.0.0.174:56250] 2026-05-05 07:01:37.915 10 WARNING keystone.common.fernet_utils [None req-154837da-42b2-4edc-a58a-0491d6e2f3a8 - - - - - -] key_repository is world readable: /etc/keystone/fernet-keys/ 10.0.0.174 - - [05/May/2026:07:01:37 +0000] "POST /v3/auth/tokens HTTP/1.1" 201 1464 10.0.0.174 - - [05/May/2026:07:01:37 +0000] "GET /v3/endpoints HTTP/1.1" 200 1227 10.0.0.174 - - [05/May/2026:07:01:38 +0000] "GET /v3/services/780c8fcb2f3741178458feb06615436e HTTP/1.1" 200 233 10.0.0.174 - - [05/May/2026:07:01:38 +0000] "GET /v3/endpoints HTTP/1.1" 200 1227 10.0.0.174 - - [05/May/2026:07:01:38 +0000] "GET /v3/services/780c8fcb2f3741178458feb06615436e HTTP/1.1" 200 233 10.0.0.174 - - [05/May/2026:07:01:38 +0000] "GET /v3/services/780c8fcb2f3741178458feb06615436e HTTP/1.1" 200 233 10.0.0.174 - - [05/May/2026:07:01:38 +0000] "GET /v3/services/780c8fcb2f3741178458feb06615436e HTTP/1.1" 200 233 10.0.0.174 - - [05/May/2026:07:01:38 +0000] "GET /v3/services/780c8fcb2f3741178458feb06615436e HTTP/1.1" 200 233 10.0.0.174 - - [05/May/2026:07:01:38 +0000] "GET /v3/services/780c8fcb2f3741178458feb06615436e HTTP/1.1" 200 233 10.0.0.174 - - [05/May/2026:07:01:39 +0000] "GET / HTTP/1.1" 300 295
[Tue May 05 07:01:39.294111 2026] [wsgi:error] [pid 12:tid 140594891302592] [remote 10.0.0.174:51534] 2026-05-05 07:01:39.293 12 WARNING keystone.common.password_hashing [None req-a4bd6113-4f93-4934-be45-7f0d8d39877c - - - - - -] Truncating password to algorithm specific maximum length 72 characters. 10.0.0.174 - - [05/May/2026:07:01:39 +0000] "GET / HTTP/1.1" 300 295
[Tue May 05 07:01:39.411004 2026] [wsgi:error] [pid 10:tid 140594891302592] [remote 10.0.0.174:51542] 2026-05-05 07:01:39.410 10 WARNING keystone.common.password_hashing [None req-b35d1eb8-1687-48fc-9677-0c3b91cb2d93 - - - - - -] Truncating password to algorithm specific maximum length 72 characters. 10.0.0.174 - - [05/May/2026:07:01:39 +0000] "GET / HTTP/1.1" 300 295
[Tue May 05 07:01:39.443332 2026] [wsgi:error] [pid 11:tid 140594891302592] [remote 10.0.0.174:51558] 2026-05-05 07:01:39.442 11 WARNING keystone.common.password_hashing [None req-ad3b9b98-488e-4eb5-871b-8081197b92e6 - - - - - -] Truncating password to algorithm specific maximum length 72 characters.
[Tue May 05 07:01:39.582990 2026] [wsgi:error] [pid 12:tid 140594891302592] [remote 10.0.0.174:51534] 2026-05-05 07:01:39.582 12 WARNING keystone.common.fernet_utils [None req-a4bd6113-4f93-4934-be45-7f0d8d39877c - - - - - -] key_repository is world readable: /etc/keystone/fernet-keys/ 10.0.0.174 - - [05/May/2026:07:01:39 +0000] "POST /v3/auth/tokens HTTP/1.1" 201 1464
[Tue May 05 07:01:39.681853 2026] [wsgi:error] [pid 10:tid 140594891302592] [remote 10.0.0.174:51542] 2026-05-05 07:01:39.681 10 WARNING keystone.common.fernet_utils [None req-b35d1eb8-1687-48fc-9677-0c3b91cb2d93 - - - - - -] key_repository is world readable: /etc/keystone/fernet-keys/ 10.0.0.174 - - [05/May/2026:07:01:39 +0000] "POST /v3/auth/tokens HTTP/1.1" 201 1464 10.0.0.174 - - [05/May/2026:07:01:39 +0000] "GET /v3/services/87976e0f85544aa58e2e3edbd95c9532 HTTP/1.1" 200 296 10.0.0.174 - - [05/May/2026:07:01:39 +0000] "GET /v3/regions/RegionOne HTTP/1.1" 200 173
[Tue May 05 07:01:39.744304 2026] [wsgi:error] [pid 11:tid 140594891302592] [remote 10.0.0.174:51558] 2026-05-05 07:01:39.744 11 WARNING keystone.common.fernet_utils [None req-ad3b9b98-488e-4eb5-871b-8081197b92e6 - - - - - -] key_repository is world readable: /etc/keystone/fernet-keys/ 10.0.0.174 - - [05/May/2026:07:01:39 +0000] "POST /v3/auth/tokens HTTP/1.1" 201 1464 10.0.0.174 - - [05/May/2026:07:01:39 +0000] "POST /v3/endpoints HTTP/1.1" 201 383 10.0.0.174 - - [05/May/2026:07:01:39 +0000] "GET /v3/services/87976e0f85544aa58e2e3edbd95c9532 HTTP/1.1" 200 296 10.0.0.174 - - [05/May/2026:07:01:39 +0000] "GET /v3/regions/RegionOne HTTP/1.1" 200 173 10.0.0.174 - - [05/May/2026:07:01:39 +0000] "POST /v3/endpoints HTTP/1.1" 201 370 10.0.0.174 - - [05/May/2026:07:01:39 +0000] "GET /v3/services/87976e0f85544aa58e2e3edbd95c9532 HTTP/1.1" 200 296 10.0.0.174 - - [05/May/2026:07:01:39 +0000] "GET /v3/regions/RegionOne HTTP/1.1" 200 173 10.0.0.174 - - [05/May/2026:07:01:39 +0000] "POST /v3/endpoints HTTP/1.1" 201 380 10.0.0.174 - - [05/May/2026:07:01:41 +0000] "GET / HTTP/1.1" 300 295
[Tue May 05 07:01:41.113716 2026] [wsgi:error] [pid 10:tid 140594891302592] [remote 10.0.0.174:51572] 2026-05-05 07:01:41.113 10 WARNING keystone.common.password_hashing [None req-348da1f8-690b-444c-9643-37e46fd8865a - - - - - -] Truncating password to algorithm specific maximum length 72 characters. 10.0.0.174 - - [05/May/2026:07:01:41 +0000] "GET / HTTP/1.1" 300 295
[Tue May 05 07:01:41.262265 2026] [wsgi:error] [pid 12:tid 140594891302592] [remote 10.0.0.174:51580] 2026-05-05 07:01:41.262 12 WARNING keystone.common.password_hashing [None req-fa1f7b9c-7ca8-4862-9c81-56e8991a2c39 - - - - - -] Truncating password to algorithm specific maximum length 72 characters.
[Tue May 05 07:01:41.387161 2026] [wsgi:error] [pid 10:tid 140594891302592] [remote 10.0.0.174:51572] 2026-05-05 07:01:41.386 10 WARNING keystone.common.fernet_utils [None req-348da1f8-690b-444c-9643-37e46fd8865a - - - - - -] key_repository is world readable: /etc/keystone/fernet-keys/ 10.0.0.174 - - [05/May/2026:07:01:41 +0000] "POST /v3/auth/tokens HTTP/1.1" 201 1992 10.0.0.174 - - [05/May/2026:07:01:41 +0000] "GET / HTTP/1.1" 300 295
[Tue May 05 07:01:41.432489 2026] [wsgi:error] [pid 9:tid 140594891302592] [remote 10.0.0.174:51588] 2026-05-05 07:01:41.432 9 WARNING keystone.common.password_hashing [None req-49563082-8183-496a-83f7-2f00461b15d2 - - - - - -] Truncating password to algorithm specific maximum length 72 characters. 10.0.0.174 - - [05/May/2026:07:01:41 +0000] "GET /v3/endpoints/5e0943569d694848b73726fea00406d7 HTTP/1.1" 200 383
[Tue May 05 07:01:41.533241 2026] [wsgi:error] [pid 12:tid 140594891302592] [remote 10.0.0.174:51580] 2026-05-05 07:01:41.533 12 WARNING keystone.common.fernet_utils [None req-fa1f7b9c-7ca8-4862-9c81-56e8991a2c39 - - - - - -] key_repository is world readable: /etc/keystone/fernet-keys/ 10.0.0.174 - - [05/May/2026:07:01:41 +0000] "POST /v3/auth/tokens HTTP/1.1" 201 1992 10.0.0.174 - - [05/May/2026:07:01:41 +0000] "GET /v3/services/87976e0f85544aa58e2e3edbd95c9532 HTTP/1.1" 200 296 10.0.0.174 - - [05/May/2026:07:01:41 +0000] "GET /v3/endpoints/4f030ccc05844836b3d2f9add718503e HTTP/1.1" 200 370 10.0.0.174 - - [05/May/2026:07:01:41 +0000] "GET /v3/services/87976e0f85544aa58e2e3edbd95c9532 HTTP/1.1" 200 296
[Tue May 05 07:01:41.707532 2026] [wsgi:error] [pid 9:tid 140594891302592] [remote 10.0.0.174:51588] 2026-05-05 07:01:41.707 9 WARNING keystone.common.fernet_utils [None req-49563082-8183-496a-83f7-2f00461b15d2 - - - - - -] key_repository is world readable: /etc/keystone/fernet-keys/ 10.0.0.174 - - [05/May/2026:07:01:41 +0000] "POST /v3/auth/tokens HTTP/1.1" 201 1992 10.0.0.174 - - [05/May/2026:07:01:41 +0000] "GET /v3/endpoints/1b7315d5b92c4ea0b33122f7fc348fa6 HTTP/1.1" 200 380 10.0.0.174 - - [05/May/2026:07:01:41 +0000] "GET /v3/services/87976e0f85544aa58e2e3edbd95c9532 HTTP/1.1" 200 296 10.0.0.106 - - [05/May/2026:07:01:52 +0000] "GET / HTTP/1.1" 300 295
[Tue May 05 07:01:52.657553 2026] [wsgi:error] [pid 9:tid 140594891302592] [remote 10.0.0.106:34494] 2026-05-05 07:01:52.657 9 WARNING keystone.common.password_hashing [None req-d22cfa3f-6049-4ea2-80a4-009dbc3ba5a9 - - - - - -] Truncating password to algorithm specific maximum length 72 characters.
[Tue May 05 07:01:52.936169 2026] [wsgi:error] [pid 9:tid 140594891302592] [remote 10.0.0.106:34494] 2026-05-05 07:01:52.936 9 WARNING keystone.common.fernet_utils [None req-d22cfa3f-6049-4ea2-80a4-009dbc3ba5a9 - - - - - -] key_repository is world readable: /etc/keystone/fernet-keys/ 10.0.0.106 - - [05/May/2026:07:01:52 +0000] "POST /v3/auth/tokens HTTP/1.1" 201 1992 10.0.0.106 - - [05/May/2026:07:01:53 +0000] "POST /v3/domains HTTP/1.1" 201 284 10.0.0.106 - - [05/May/2026:07:01:54 +0000] "GET / HTTP/1.1" 300 295
[Tue May 05 07:01:54.418909 2026] [wsgi:error] [pid 12:tid 140594891302592] [remote 10.0.0.106:34502] 2026-05-05 07:01:54.418 12 WARNING keystone.common.password_hashing [None req-27d0c4c5-f2ec-4943-9d63-42fdae789eaa - - - - - -] Truncating password to algorithm specific maximum length 72 characters.
[Tue May 05 07:01:54.690921 2026] [wsgi:error] [pid 12:tid 140594891302592] [remote 10.0.0.106:34502] 2026-05-05 07:01:54.690 12 WARNING keystone.common.fernet_utils [None req-27d0c4c5-f2ec-4943-9d63-42fdae789eaa - - - - - -] key_repository is world readable: /etc/keystone/fernet-keys/ 10.0.0.106 - - [05/May/2026:07:01:54 +0000] "POST /v3/auth/tokens HTTP/1.1" 201 1992
[Tue May 05 07:01:54.888042 2026] [wsgi:error] [pid 9:tid 140594891302592] [remote 10.0.0.106:34502] 2026-05-05 07:01:54.868 9 ERROR keystone.server.flask.application [None req-2e38e451-3b98-4e18-b33d-cfc64a5ca4dd d325eeea595446a6b8b7a327a67db7a1 d680fff4a6d64756a450c31d75084f87 - - default default] Conflict occurred attempting to store project - it is not permitted to have two projects acting as domains with the same name: service.: keystone.exception.Conflict: Conflict occurred attempting to store project - it is not permitted to have two projects acting as domains with the same name: service.
[Tue May 05 07:01:54.888068 2026] [wsgi:error] [pid 9:tid 140594891302592] [remote 10.0.0.106:34502] 2026-05-05 07:01:54.868 9 ERROR keystone.server.flask.application
Traceback (most recent call last):
[Tue May 05 07:01:54.888070 2026] [wsgi:error] [pid 9:tid 140594891302592] [remote 10.0.0.106:34502] 2026-05-05 07:01:54.868 9 ERROR keystone.server.flask.application
File "/var/lib/openstack/lib/python3.12/site-packages/sqlalchemy/engine/base.py", line 1967, in _exec_single_context
[Tue May 05 07:01:54.888072 2026] [wsgi:error] [pid 9:tid 140594891302592] [remote 10.0.0.106:34502] 2026-05-05 07:01:54.868 9 ERROR keystone.server.flask.application self.dialect.do_execute(
[Tue May 05 07:01:54.888073 2026] [wsgi:error] [pid 9:tid 140594891302592] [remote 10.0.0.106:34502] 2026-05-05 07:01:54.868 9 ERROR keystone.server.flask.application
File "/var/lib/openstack/lib/python3.12/site-packages/sqlalchemy/engine/default.py", line 952, in do_execute
[Tue May 05 07:01:54.888075 2026] [wsgi:error] [pid 9:tid 140594891302592] [remote 10.0.0.106:34502] 2026-05-05 07:01:54.868 9 ERROR keystone.server.flask.application cursor.execute(statement, parameters)
[Tue May 05 07:01:54.888076 2026] [wsgi:error] [pid 9:tid 140594891302592] [remote 10.0.0.106:34502] 2026-05-05 07:01:54.868 9 ERROR keystone.server.flask.application
File "/var/lib/openstack/lib/python3.12/site-packages/pymysql/cursors.py", line 153, in execute
[Tue May 05 07:01:54.888078 2026] [wsgi:error] [pid 9:tid 140594891302592] [remote 10.0.0.106:34502] 2026-05-05 07:01:54.868 9 ERROR keystone.server.flask.application result = self._query(query)
[Tue May 05 07:01:54.888079 2026] [wsgi:error] [pid 9:tid 140594891302592] [remote 10.0.0.106:34502] 2026-05-05 07:01:54.868 9 ERROR keystone.server.flask.application ^^^^^^^^^^^^^^^^^^
[Tue May 05 07:01:54.888080 2026] [wsgi:error] [pid 9:tid 140594891302592] [remote 10.0.0.106:34502] 2026-05-05 07:01:54.868 9 ERROR keystone.server.flask.application
File "/var/lib/openstack/lib/python3.12/site-packages/pymysql/cursors.py", line 322, in _query
[Tue May 05 07:01:54.888082 2026] [wsgi:error] [pid 9:tid 140594891302592] [remote 10.0.0.106:34502] 2026-05-05 07:01:54.868 9 ERROR keystone.server.flask.application conn.query(q)
[Tue May 05 07:01:54.888083 2026] [wsgi:error] [pid 9:tid 140594891302592] [remote 10.0.0.106:34502] 2026-05-05 07:01:54.868 9 ERROR keystone.server.flask.application
File "/var/lib/openstack/lib/python3.12/site-packages/pymysql/connections.py", line 575, in query
[Tue May 05 07:01:54.888085 2026] [wsgi:error] [pid 9:tid 140594891302592] [remote 10.0.0.106:34502] 2026-05-05 07:01:54.868 9 ERROR keystone.server.flask.application self._affected_rows = self._read_query_result(unbuffered=unbuffered)
[Tue May 05 07:01:54.888086 2026] [wsgi:error] [pid 9:tid 140594891302592] [remote 10.0.0.106:34502] 2026-05-05 07:01:54.868 9 ERROR keystone.server.flask.application ^^^^^^^^^^^^^^^^^^^^^^^^^^^^^^^^^^^^^^^^^^^^^^
[Tue May 05 07:01:54.888088 2026] [wsgi:error] [pid 9:tid 140594891302592] [remote 10.0.0.106:34502] 2026-05-05 07:01:54.868 9 ERROR keystone.server.flask.application
File "/var/lib/openstack/lib/python3.12/site-packages/pymysql/connections.py", line 826, in _read_query_result
[Tue May 05 07:01:54.888089 2026] [wsgi:error] [pid 9:tid 140594891302592] [remote 10.0.0.106:34502] 2026-05-05 07:01:54.868 9 ERROR keystone.server.flask.application result.read()
[Tue May 05 07:01:54.888093 2026] [wsgi:error] [pid 9:tid 140594891302592] [remote 10.0.0.106:34502] 2026-05-05 07:01:54.868 9 ERROR keystone.server.flask.application
File "/var/lib/openstack/lib/python3.12/site-packages/pymysql/connections.py", line 1203, in read
[Tue May 05 07:01:54.888094 2026] [wsgi:error] [pid 9:tid 140594891302592] [remote 10.0.0.106:34502] 2026-05-05 07:01:54.868 9 ERROR keystone.server.flask.application first_packet = self.connection._read_packet()
[Tue May 05 07:01:54.888095 2026] [wsgi:error] [pid 9:tid 140594891302592] [remote 10.0.0.106:34502] 2026-05-05 07:01:54.868 9 ERROR keystone.server.flask.application ^^^^^^^^^^^^^^^^^^^^^^^^^^^^^^
[Tue May 05 07:01:54.888097 2026] [wsgi:error] [pid 9:tid 140594891302592] [remote 10.0.0.106:34502] 2026-05-05 07:01:54.868 9 ERROR keystone.server.flask.application
File "/var/lib/openstack/lib/python3.12/site-packages/pymysql/connections.py", line 782, in _read_packet
[Tue May 05 07:01:54.888098 2026] [wsgi:error] [pid 9:tid 140594891302592] [remote 10.0.0.106:34502] 2026-05-05 07:01:54.868 9 ERROR keystone.server.flask.application packet.raise_for_error()
[Tue May 05 07:01:54.888100 2026] [wsgi:error] [pid 9:tid 140594891302592] [remote 10.0.0.106:34502] 2026-05-05 07:01:54.868 9 ERROR keystone.server.flask.application
File "/var/lib/openstack/lib/python3.12/site-packages/pymysql/protocol.py", line 219, in raise_for_error
[Tue May 05 07:01:54.888101 2026] [wsgi:error] [pid 9:tid 140594891302592] [remote 10.0.0.106:34502] 2026-05-05 07:01:54.868 9 ERROR keystone.server.flask.application err.raise_mysql_exception(self._data)
[Tue May 05 07:01:54.888103 2026] [wsgi:error] [pid 9:tid 140594891302592] [remote 10.0.0.106:34502] 2026-05-05 07:01:54.868 9 ERROR keystone.server.flask.application
File "/var/lib/openstack/lib/python3.12/site-packages/pymysql/err.py", line 150, in raise_mysql_exception
[Tue May 05 07:01:54.888105 2026] [wsgi:error] [pid 9:tid 140594891302592] [remote 10.0.0.106:34502] 2026-05-05 07:01:54.868 9 ERROR keystone.server.flask.application raise errorclass(errno, errval)
[Tue May 05 07:01:54.888106 2026] [wsgi:error] [pid 9:tid 140594891302592] [remote 10.0.0.106:34502] 2026-05-05 07:01:54.868 9 ERROR keystone.server.flask.application pymysql.err.IntegrityError: (1062, "Duplicate entry '<>-service' for key 'project.ixu_project_name_domain_id'")
[Tue May 05 07:01:54.888108 2026] [wsgi:error] [pid 9:tid 140594891302592] [remote 10.0.0.106:34502] 2026-05-05 07:01:54.868 9 ERROR keystone.server.flask.application
[Tue May 05 07:01:54.888109 2026] [wsgi:error] [pid 9:tid 140594891302592] [remote 10.0.0.106:34502] 2026-05-05 07:01:54.868 9 ERROR keystone.server.flask.application The above exception was the direct cause of the following exception:
[Tue May 05 07:01:54.888111 2026] [wsgi:error] [pid 9:tid 140594891302592] [remote 10.0.0.106:34502] 2026-05-05 07:01:54.868 9 ERROR keystone.server.flask.application
[Tue May 05 07:01:54.888112 2026] [wsgi:error] [pid 9:tid 140594891302592] [remote 10.0.0.106:34502] 2026-05-05 07:01:54.868 9 ERROR keystone.server.flask.application
Traceback (most recent call last):
[Tue May 05 07:01:54.888114 2026] [wsgi:error] [pid 9:tid 140594891302592] [remote 10.0.0.106:34502] 2026-05-05 07:01:54.868 9 ERROR keystone.server.flask.application
File "/var/lib/openstack/lib/python3.12/site-packages/keystone/common/sql/core.py", line 575, in wrapper
[Tue May 05 07:01:54.888115 2026] [wsgi:error] [pid 9:tid 140594891302592] [remote 10.0.0.106:34502] 2026-05-05 07:01:54.868 9 ERROR keystone.server.flask.application return method(*args, **kwargs)
[Tue May 05 07:01:54.888117 2026] [wsgi:error] [pid 9:tid 140594891302592] [remote 10.0.0.106:34502] 2026-05-05 07:01:54.868 9 ERROR keystone.server.flask.application ^^^^^^^^^^^^^^^^^^^^^^^
[Tue May 05 07:01:54.888118 2026] [wsgi:error] [pid 9:tid 140594891302592] [remote 10.0.0.106:34502] 2026-05-05 07:01:54.868 9 ERROR keystone.server.flask.application
File "/var/lib/openstack/lib/python3.12/site-packages/keystone/resource/backends/sql.py", line 278, in create_project
[Tue May 05 07:01:54.888147 2026] [wsgi:error] [pid 9:tid 140594891302592] [remote 10.0.0.106:34502] 2026-05-05 07:01:54.868 9 ERROR keystone.server.flask.application with sql.session_for_write() as session:
[Tue May 05 07:01:54.888149 2026] [wsgi:error] [pid 9:tid 140594891302592] [remote 10.0.0.106:34502] 2026-05-05 07:01:54.868 9 ERROR keystone.server.flask.application
File "/usr/lib/python3.12/contextlib.py", line 144, in __exit__
[Tue May 05 07:01:54.888151 2026] [wsgi:error] [pid 9:tid 140594891302592] [remote 10.0.0.106:34502] 2026-05-05 07:01:54.868 9 ERROR keystone.server.flask.application next(self.gen)
[Tue May 05 07:01:54.888152 2026] [wsgi:error] [pid 9:tid 140594891302592] [remote 10.0.0.106:34502] 2026-05-05 07:01:54.868 9 ERROR keystone.server.flask.application
File "/var/lib/openstack/lib/python3.12/site-packages/oslo_db/sqlalchemy/enginefacade.py", line 1175, in _transaction_scope
[Tue May 05 07:01:54.888154 2026] [wsgi:error] [pid 9:tid 140594891302592] [remote 10.0.0.106:34502] 2026-05-05 07:01:54.868 9 ERROR keystone.server.flask.application with current._produce_block(
[Tue May 05 07:01:54.888155 2026] [wsgi:error] [pid 9:tid 140594891302592] [remote 10.0.0.106:34502] 2026-05-05 07:01:54.868 9 ERROR keystone.server.flask.application
File "/usr/lib/python3.12/contextlib.py", line 144, in __exit__
[Tue May 05 07:01:54.888157 2026] [wsgi:error] [pid 9:tid 140594891302592] [remote 10.0.0.106:34502] 2026-05-05 07:01:54.868 9 ERROR keystone.server.flask.application next(self.gen)
[Tue May 05 07:01:54.888159 2026] [wsgi:error] [pid 9:tid 140594891302592] [remote 10.0.0.106:34502] 2026-05-05 07:01:54.868 9 ERROR keystone.server.flask.application
File "/var/lib/openstack/lib/python3.12/site-packages/oslo_db/sqlalchemy/enginefacade.py", line 837, in _session
[Tue May 05 07:01:54.888161 2026] [wsgi:error] [pid 9:tid 140594891302592] [remote 10.0.0.106:34502] 2026-05-05 07:01:54.868 9 ERROR keystone.server.flask.application with excutils.save_and_reraise_exception():
[Tue May 05 07:01:54.888163 2026] [wsgi:error] [pid 9:tid 140594891302592] [remote 10.0.0.106:34502] 2026-05-05 07:01:54.868 9 ERROR keystone.server.flask.application
File "/var/lib/openstack/lib/python3.12/site-packages/oslo_utils/excutils.py", line 271, in __exit__
[Tue May 05 07:01:54.888165 2026] [wsgi:error] [pid 9:tid 140594891302592] [remote 10.0.0.106:34502] 2026-05-05 07:01:54.868 9 ERROR keystone.server.flask.application self.force_reraise()
[Tue May 05 07:01:54.888167 2026] [wsgi:error] [pid 9:tid 140594891302592] [remote 10.0.0.106:34502] 2026-05-05 07:01:54.868 9 ERROR keystone.server.flask.application
File "/var/lib/openstack/lib/python3.12/site-packages/oslo_utils/excutils.py", line 233, in force_reraise
[Tue May 05 07:01:54.888168 2026] [wsgi:error] [pid 9:tid 140594891302592] [remote 10.0.0.106:34502] 2026-05-05 07:01:54.868 9 ERROR keystone.server.flask.application raise self.value
[Tue May 05 07:01:54.888171 2026] [wsgi:error] [pid 9:tid 140594891302592] [remote 10.0.0.106:34502] 2026-05-05 07:01:54.868 9 ERROR keystone.server.flask.application
File "/var/lib/openstack/lib/python3.12/site-packages/oslo_db/sqlalchemy/enginefacade.py", line 835, in _session
[Tue May 05 07:01:54.888173 2026] [wsgi:error] [pid 9:tid 140594891302592] [remote 10.0.0.106:34502] 2026-05-05 07:01:54.868 9 ERROR keystone.server.flask.application self._end_session_transaction(self.session)
[Tue May 05 07:01:54.888175 2026] [wsgi:error] [pid 9:tid 140594891302592] [remote 10.0.0.106:34502] 2026-05-05 07:01:54.868 9 ERROR keystone.server.flask.application
File "/var/lib/openstack/lib/python3.12/site-packages/oslo_db/sqlalchemy/enginefacade.py", line 748, in _end_session_transaction
[Tue May 05 07:01:54.888177 2026] [wsgi:error] [pid 9:tid 140594891302592] [remote 10.0.0.106:34502] 2026-05-05 07:01:54.868 9 ERROR keystone.server.flask.application session.commit()
[Tue May 05 07:01:54.888178 2026] [wsgi:error] [pid 9:tid 140594891302592] [remote 10.0.0.106:34502] 2026-05-05 07:01:54.868 9 ERROR keystone.server.flask.application
File "/var/lib/openstack/lib/python3.12/site-packages/sqlalchemy/orm/session.py", line 2030, in commit
[Tue May 05 07:01:54.888180 2026] [wsgi:error] [pid 9:tid 140594891302592] [remote 10.0.0.106:34502] 2026-05-05 07:01:54.868 9 ERROR keystone.server.flask.application trans.commit(_to_root=True)
[Tue May 05 07:01:54.888182 2026] [wsgi:error] [pid 9:tid 140594891302592] [remote 10.0.0.106:34502] 2026-05-05 07:01:54.868 9 ERROR keystone.server.flask.application File "", line 2, in commit
[Tue May 05 07:01:54.888183 2026] [wsgi:error] [pid 9:tid 140594891302592] [remote 10.0.0.106:34502] 2026-05-05 07:01:54.868 9 ERROR keystone.server.flask.application
File "/var/lib/openstack/lib/python3.12/site-packages/sqlalchemy/orm/state_changes.py", line 137, in _go
[Tue May 05 07:01:54.888186 2026] [wsgi:error] [pid 9:tid 140594891302592] [remote 10.0.0.106:34502] 2026-05-05 07:01:54.868 9 ERROR keystone.server.flask.application ret_value = fn(self, *arg, **kw)
[Tue May 05 07:01:54.888188 2026] [wsgi:error] [pid 9:tid 140594891302592] [remote 10.0.0.106:34502] 2026-05-05 07:01:54.868 9 ERROR keystone.server.flask.application ^^^^^^^^^^^^^^^^^^^^
[Tue May 05 07:01:54.888190 2026] [wsgi:error] [pid 9:tid 140594891302592] [remote 10.0.0.106:34502] 2026-05-05 07:01:54.868 9 ERROR keystone.server.flask.application
File "/var/lib/openstack/lib/python3.12/site-packages/sqlalchemy/orm/session.py", line 1311, in commit
[Tue May 05 07:01:54.888192 2026] [wsgi:error] [pid 9:tid 140594891302592] [remote 10.0.0.106:34502] 2026-05-05 07:01:54.868 9 ERROR keystone.server.flask.application self._prepare_impl()
[Tue May 05 07:01:54.888193 2026] [wsgi:error] [pid 9:tid 140594891302592] [remote 10.0.0.106:34502] 2026-05-05 07:01:54.868 9 ERROR keystone.server.flask.application File "", line 2, in _prepare_impl
[Tue May 05 07:01:54.888195 2026] [wsgi:error] [pid 9:tid 140594891302592] [remote 10.0.0.106:34502] 2026-05-05 07:01:54.868 9 ERROR keystone.server.flask.application
File "/var/lib/openstack/lib/python3.12/site-packages/sqlalchemy/orm/state_changes.py", line 137, in _go
[Tue May 05 07:01:54.888197 2026] [wsgi:error] [pid 9:tid 140594891302592] [remote 10.0.0.106:34502] 2026-05-05 07:01:54.868 9 ERROR keystone.server.flask.application ret_value = fn(self, *arg, **kw)
[Tue May 05 07:01:54.888199 2026] [wsgi:error] [pid 9:tid 140594891302592] [remote 10.0.0.106:34502] 2026-05-05 07:01:54.868 9 ERROR keystone.server.flask.application ^^^^^^^^^^^^^^^^^^^^
[Tue May 05 07:01:54.888200 2026] [wsgi:error] [pid 9:tid 140594891302592] [remote 10.0.0.106:34502] 2026-05-05 07:01:54.868 9 ERROR keystone.server.flask.application
File "/var/lib/openstack/lib/python3.12/site-packages/sqlalchemy/orm/session.py", line 1286, in _prepare_impl
[Tue May 05 07:01:54.888203 2026] [wsgi:error] [pid 9:tid 140594891302592] [remote 10.0.0.106:34502] 2026-05-05 07:01:54.868 9 ERROR keystone.server.flask.application self.session.flush()
[Tue May 05 07:01:54.888205 2026] [wsgi:error] [pid 9:tid 140594891302592] [remote 10.0.0.106:34502] 2026-05-05 07:01:54.868 9 ERROR keystone.server.flask.application
File "/var/lib/openstack/lib/python3.12/site-packages/sqlalchemy/orm/session.py", line 4331, in flush
[Tue May 05 07:01:54.888220 2026] [wsgi:error] [pid 9:tid 140594891302592] [remote 10.0.0.106:34502] 2026-05-05 07:01:54.868 9 ERROR keystone.server.flask.application self._flush(objects)
[Tue May 05 07:01:54.888222 2026] [wsgi:error] [pid 9:tid 140594891302592] [remote 10.0.0.106:34502] 2026-05-05 07:01:54.868 9 ERROR keystone.server.flask.application
File "/var/lib/openstack/lib/python3.12/site-packages/sqlalchemy/orm/session.py", line 4466, in _flush
[Tue May 05 07:01:54.888224 2026] [wsgi:error] [pid 9:tid 140594891302592] [remote 10.0.0.106:34502] 2026-05-05 07:01:54.868 9 ERROR keystone.server.flask.application with util.safe_reraise():
[Tue May 05 07:01:54.888225 2026] [wsgi:error] [pid 9:tid 140594891302592] [remote 10.0.0.106:34502] 2026-05-05 07:01:54.868 9 ERROR keystone.server.flask.application
File "/var/lib/openstack/lib/python3.12/site-packages/sqlalchemy/util/langhelpers.py", line 121, in __exit__
[Tue May 05 07:01:54.888227 2026] [wsgi:error] [pid 9:tid 140594891302592] [remote 10.0.0.106:34502] 2026-05-05 07:01:54.868 9 ERROR keystone.server.flask.application raise exc_value.with_traceback(exc_tb)
[Tue May 05 07:01:54.888229 2026] [wsgi:error] [pid 9:tid 140594891302592] [remote 10.0.0.106:34502] 2026-05-05 07:01:54.868 9 ERROR keystone.server.flask.application
File "/var/lib/openstack/lib/python3.12/site-packages/sqlalchemy/orm/session.py", line 4427, in _flush
[Tue May 05 07:01:54.888232 2026] [wsgi:error] [pid 9:tid 140594891302592] [remote 10.0.0.106:34502] 2026-05-05 07:01:54.868 9 ERROR keystone.server.flask.application flush_context.execute()
[Tue May 05 07:01:54.888233 2026] [wsgi:error] [pid 9:tid 140594891302592] [remote 10.0.0.106:34502] 2026-05-05 07:01:54.868 9 ERROR keystone.server.flask.application
File "/var/lib/openstack/lib/python3.12/site-packages/sqlalchemy/orm/unitofwork.py", line 466, in execute
