2026-08-21 23:36:18.582 8 INFO neutron.db.ovn_revision_numbers_db [None req-e9c5e3ac-bf22-4ef7-81da-8f4a8cee1b15 5dbf29c0c8894392a114cf55f558e0cd 4297c2df7cea4041a0d83018cfcc15f3 - - default default] Successfully bumped revision number for resource be39f8d3-6f91-436e-b020-87c60f15e2fc (type: routers) to 2 [pid: 8|app: 0|req: 675/1305] 10.0.0.154 () {34 vars in 669 bytes} [Fri Aug 21 23:36:16 2026] POST /v2.0/routers => generated 954 bytes in 1699 msecs (HTTP/1.1 201) 4 headers in 162 bytes (1 switches on core 0) [pid: 7|app: 0|req: 631/1306] 10.0.0.154 () {32 vars in 740 bytes} [Fri Aug 21 23:36:18 2026] DELETE /v2.0/security-groups/cb7b4180-f9d0-4c4a-bd92-dad4b266f8c0 => generated 0 bytes in 269 msecs (HTTP/1.1 204) 2 headers in 112 bytes (1 switches on core 0) [pid: 8|app: 0|req: 676/1307] 199.204.45.240 () {34 vars in 1052 bytes} [Fri Aug 21 23:36:18 2026] GET /v2.0/ports?network_id=ad9347c8-4467-406c-bd8d-57dfbd695348&device_owner=network%3Adhcp => generated 12 bytes in 19 msecs (HTTP/1.1 200) 4 headers in 156 bytes (1 switches on core 0) [pid: 7|app: 0|req: 632/1308] 10.0.0.154 () {32 vars in 774 bytes} [Fri Aug 21 23:36:18 2026] GET /v2.0/security-groups?tenant_id=478e992f21a749308be86b9508f84611&name=default => generated 2925 bytes in 209 msecs (HTTP/1.1 200) 4 headers in 158 bytes (1 switches on core 0) [pid: 7|app: 0|req: 633/1309] 199.204.45.240 () {34 vars in 1012 bytes} [Fri Aug 21 23:36:18 2026] GET /v2.0/networks/ad9347c8-4467-406c-bd8d-57dfbd695348?fields=segments => generated 14 bytes in 35 msecs (HTTP/1.1 200) 4 headers in 156 bytes (1 switches on core 0) [pid: 7|app: 0|req: 634/1310] 10.0.0.154 () {32 vars in 740 bytes} [Fri Aug 21 23:36:18 2026] DELETE /v2.0/security-groups/f624b78d-4a2d-4b67-9437-e5e3468865d1 => generated 0 bytes in 281 msecs (HTTP/1.1 204) 2 headers in 112 bytes (1 switches on core 0) [pid: 7|app: 0|req: 635/1311] 199.204.45.240 () {34 vars in 1112 bytes} [Fri Aug 21 23:36:19 2026] GET /v2.0/networks/ad9347c8-4467-406c-bd8d-57dfbd695348?fields=provider%3Aphysical_network&fields=provider%3Anetwork_type => generated 79 bytes in 37 msecs (HTTP/1.1 200) 4 headers in 156 bytes (1 switches on core 0)
2026-08-21 23:36:19.197 8 WARNING neutron.scheduler.dhcp_agent_scheduler [None req-00be5921-0fc0-4d35-a94f-fc55cd07898f 5dbf29c0c8894392a114cf55f558e0cd 4297c2df7cea4041a0d83018cfcc15f3 - - default default] No more DHCP agents
2026-08-21 23:36:19.198 8 WARNING neutron.api.rpc.agentnotifiers.dhcp_rpc_agent_api [None req-00be5921-0fc0-4d35-a94f-fc55cd07898f 5dbf29c0c8894392a114cf55f558e0cd 4297c2df7cea4041a0d83018cfcc15f3 - - default default] Unable to schedule network 1e999ce0-a9ec-4827-84bb-831e109c6574: no agents available; will retry on subsequent port and subnet creation events.
2026-08-21 23:36:19.317 7 INFO neutron.services.segments.plugin [-] Segment b920c905-0ef1-4a33-9d1f-232912947e59 resource provider aggregate not found
2026-08-21 23:36:19.337 7 INFO neutron.services.segments.plugin [-] Segment b920c905-0ef1-4a33-9d1f-232912947e59 resource provider aggregate not found
2026-08-21 23:36:19.340 7 INFO neutron.services.segments.plugin [-] Client error retrieving segment b920c905-0ef1-4a33-9d1f-232912947e59 resource provider; error: Placement Client Error (4xx): {"errors": [{"status": 404, "title": "Not Found", "detail": "The resource could not be found.\n\n No resource provider with uuid b920c905-0ef1-4a33-9d1f-232912947e59 found for delete ", "request_id": "req-23eb8813-b118-41db-942d-76a51eef700f"}]}
2026-08-21 23:36:19.354 7 INFO neutron.services.segments.plugin [-] Client error retrieving segment b920c905-0ef1-4a33-9d1f-232912947e59 resource provider; error: Placement Client Error (4xx): {"errors": [{"status": 404, "title": "Not Found", "detail": "The resource could not be found.\n\n No resource provider with uuid b920c905-0ef1-4a33-9d1f-232912947e59 found for delete ", "request_id": "req-d6b6b924-91b7-42ac-8784-20d1347990fc"}]}
2026-08-21 23:36:19.355 8 INFO neutron.db.ovn_revision_numbers_db [None req-00be5921-0fc0-4d35-a94f-fc55cd07898f 5dbf29c0c8894392a114cf55f558e0cd 4297c2df7cea4041a0d83018cfcc15f3 - - default default] Successfully bumped revision number for resource 9049c3cd-ebad-4bdc-95d4-e4c53cdf5ddf (type: ports) to 1 [pid: 7|app: 0|req: 636/1312] 10.0.0.31 () {34 vars in 989 bytes} [Fri Aug 21 23:36:19 2026] GET /v2.0/ports?device_id=ff1f590a-973d-4819-aed5-362162530f65 => generated 973 bytes in 36 msecs (HTTP/1.1 200) 4 headers in 157 bytes (1 switches on core 0) [pid: 7|app: 0|req: 637/1313] 10.0.0.31 () {34 vars in 1039 bytes} [Fri Aug 21 23:36:19 2026] GET /v2.0/security-groups?id=a30f3a52-3601-4ff9-b86f-3482ff0fbc3b&fields=id&fields=name => generated 113 bytes in 32 msecs (HTTP/1.1 200) 4 headers in 157 bytes (1 switches on core 0)
2026-08-21 23:36:20.141 8 WARNING neutron.scheduler.dhcp_agent_scheduler [None req-00be5921-0fc0-4d35-a94f-fc55cd07898f 5dbf29c0c8894392a114cf55f558e0cd 4297c2df7cea4041a0d83018cfcc15f3 - - default default] No more DHCP agents
2026-08-21 23:36:20.144 8 WARNING neutron.api.rpc.agentnotifiers.dhcp_rpc_agent_api [None req-00be5921-0fc0-4d35-a94f-fc55cd07898f 5dbf29c0c8894392a114cf55f558e0cd 4297c2df7cea4041a0d83018cfcc15f3 - - default default] Unable to schedule network 1e999ce0-a9ec-4827-84bb-831e109c6574: no agents available; will retry on subsequent port and subnet creation events.
2026-08-21 23:36:20.582 8 INFO neutron.db.ovn_revision_numbers_db [None req-00be5921-0fc0-4d35-a94f-fc55cd07898f 5dbf29c0c8894392a114cf55f558e0cd 4297c2df7cea4041a0d83018cfcc15f3 - - default default] Successfully bumped revision number for resource 9049c3cd-ebad-4bdc-95d4-e4c53cdf5ddf (type: router_ports) to 1 [pid: 8|app: 0|req: 677/1314] 10.0.0.154 () {34 vars in 783 bytes} [Fri Aug 21 23:36:18 2026] PUT /v2.0/routers/be39f8d3-6f91-436e-b020-87c60f15e2fc/add_router_interface => generated 309 bytes in 1967 msecs (HTTP/1.1 200) 4 headers in 157 bytes (1 switches on core 0)
2026-08-21 23:36:20.664 7 INFO neutron.db.ovn_revision_numbers_db [None req-e71a46b6-8064-42eb-99de-fd80b20ceabf ca16ff9a8d1348f59bfa3bdbf646f35d afe77816f2b04f4ea3b5e4be8f56556f - - default default] Successfully bumped revision number for resource 48542054-7852-4f85-9620-ac6f9c3c9349 (type: security_groups) to 1
2026-08-21 23:36:20.681 7 INFO neutron.db.ovn_revision_numbers_db [None req-e71a46b6-8064-42eb-99de-fd80b20ceabf ca16ff9a8d1348f59bfa3bdbf646f35d afe77816f2b04f4ea3b5e4be8f56556f - - default default] Successfully bumped revision number for resource 3ee48577-872e-43f5-a556-1e9ff4c21ab0 (type: security_group_rules) to 0
2026-08-21 23:36:20.691 7 INFO neutron.db.ovn_revision_numbers_db [None req-e71a46b6-8064-42eb-99de-fd80b20ceabf ca16ff9a8d1348f59bfa3bdbf646f35d afe77816f2b04f4ea3b5e4be8f56556f - - default default] Successfully bumped revision number for resource 9744a7c1-4f23-4441-9503-a5deb9cc883e (type: security_group_rules) to 0
2026-08-21 23:36:20.703 7 INFO neutron.db.ovn_revision_numbers_db [None req-e71a46b6-8064-42eb-99de-fd80b20ceabf ca16ff9a8d1348f59bfa3bdbf646f35d afe77816f2b04f4ea3b5e4be8f56556f - - default default] Successfully bumped revision number for resource b741d3cb-390c-4137-82e8-b58082630f3c (type: security_group_rules) to 0 [pid: 8|app: 0|req: 678/1315] 10.0.0.31 () {34 vars in 989 bytes} [Fri Aug 21 23:36:20 2026] GET /v2.0/ports?device_id=ff1f590a-973d-4819-aed5-362162530f65 => generated 973 bytes in 123 msecs (HTTP/1.1 200) 4 headers in 157 bytes (1 switches on core 0)
2026-08-21 23:36:20.715 7 INFO neutron.db.ovn_revision_numbers_db [None req-e71a46b6-8064-42eb-99de-fd80b20ceabf ca16ff9a8d1348f59bfa3bdbf646f35d afe77816f2b04f4ea3b5e4be8f56556f - - default default] Successfully bumped revision number for resource c96eb0b1-b9a8-42f4-b990-860e3f00efac (type: security_group_rules) to 0
2026-08-21 23:36:20.793 7 INFO neutron.db.segments_db [None req-e71a46b6-8064-42eb-99de-fd80b20ceabf ca16ff9a8d1348f59bfa3bdbf646f35d afe77816f2b04f4ea3b5e4be8f56556f - - default default] Added segment e1e02651-1fcf-4f9e-ab54-09cf1f2f8e34 of type geneve for network 9a4cfc0c-8e2d-4037-bea4-12ef83af0aef
2026-08-21 23:36:20.912 7 INFO neutron.db.ovn_revision_numbers_db [None req-e71a46b6-8064-42eb-99de-fd80b20ceabf ca16ff9a8d1348f59bfa3bdbf646f35d afe77816f2b04f4ea3b5e4be8f56556f - - default default] Successfully bumped revision number for resource 9a4cfc0c-8e2d-4037-bea4-12ef83af0aef (type: networks) to 1
2026-08-21 23:36:21.062 8 WARNING neutron.scheduler.dhcp_agent_scheduler [None req-0cf0b937-2441-4ee7-8dbf-9530ef2a35ac 5dbf29c0c8894392a114cf55f558e0cd 4297c2df7cea4041a0d83018cfcc15f3 - - default default] No more DHCP agents
2026-08-21 23:36:21.063 8 WARNING neutron.api.rpc.agentnotifiers.dhcp_rpc_agent_api [None req-0cf0b937-2441-4ee7-8dbf-9530ef2a35ac 5dbf29c0c8894392a114cf55f558e0cd 4297c2df7cea4041a0d83018cfcc15f3 - - default default] Unable to schedule network 1e999ce0-a9ec-4827-84bb-831e109c6574: no agents available; will retry on subsequent port and subnet creation events.
2026-08-21 23:36:21.095 7 WARNING neutron.scheduler.dhcp_agent_scheduler [None req-e71a46b6-8064-42eb-99de-fd80b20ceabf ca16ff9a8d1348f59bfa3bdbf646f35d afe77816f2b04f4ea3b5e4be8f56556f - - default default] No more DHCP agents
2026-08-21 23:36:21.096 7 WARNING neutron.api.rpc.agentnotifiers.dhcp_rpc_agent_api [None req-e71a46b6-8064-42eb-99de-fd80b20ceabf ca16ff9a8d1348f59bfa3bdbf646f35d afe77816f2b04f4ea3b5e4be8f56556f - - default default] Unable to schedule network 9a4cfc0c-8e2d-4037-bea4-12ef83af0aef: no agents available; will retry on subsequent port and subnet creation events.
2026-08-21 23:36:21.156 7 INFO neutron.db.ovn_revision_numbers_db [None req-e71a46b6-8064-42eb-99de-fd80b20ceabf ca16ff9a8d1348f59bfa3bdbf646f35d afe77816f2b04f4ea3b5e4be8f56556f - - default default] Successfully bumped revision number for resource 3c51a87d-8e6b-4a0b-ab86-4d42eb05267d (type: ports) to 1 [pid: 7|app: 0|req: 638/1316] 10.0.0.154 () {34 vars in 670 bytes} [Fri Aug 21 23:36:20 2026] POST /v2.0/networks => generated 685 bytes in 900 msecs (HTTP/1.1 201) 4 headers in 162 bytes (1 switches on core 0) [pid: 7|app: 0|req: 639/1317] 10.0.0.31 () {34 vars in 1039 bytes} [Fri Aug 21 23:36:21 2026] GET /v2.0/security-groups?id=a30f3a52-3601-4ff9-b86f-3482ff0fbc3b&fields=id&fields=name => generated 113 bytes in 46 msecs (HTTP/1.1 200) 4 headers in 157 bytes (1 switches on core 0)
2026-08-21 23:36:21.242 8 INFO neutron.db.ovn_revision_numbers_db [None req-0cf0b937-2441-4ee7-8dbf-9530ef2a35ac 5dbf29c0c8894392a114cf55f558e0cd 4297c2df7cea4041a0d83018cfcc15f3 - - default default] Successfully bumped revision number for resource 4265e066-5411-4dc4-bb01-6d5c5f7dcfbf (type: ports) to 1 [pid: 8|app: 0|req: 679/1318] 10.0.0.154 () {34 vars in 665 bytes} [Fri Aug 21 23:36:20 2026] POST /v2.0/ports => generated 959 bytes in 586 msecs (HTTP/1.1 201) 4 headers in 162 bytes (1 switches on core 0) /var/lib/openstack/lib/python3.12/site-packages/pycadf/identifier.py:70: UserWarning: Invalid uuid: neutron. To ensure interoperability, identifiers should be a valid uuid. warnings.warn(('Invalid uuid: %s. To ensure interoperability, '
2026-08-21 23:36:21.452 7 INFO neutron.db.ovn_revision_numbers_db [None req-a053b635-7870-4b41-88d2-3cb604ebf0c4 ca0e68b450ff40c495d2b27d36a156c1 7a2e24c7f4654702999e8db9c9f84d96 - - default default] Successfully bumped revision number for resource 917d86bc-86b6-434d-9256-fbe3eee1ad07 (type: security_groups) to 1
2026-08-21 23:36:21.463 7 INFO neutron.db.ovn_revision_numbers_db [None req-a053b635-7870-4b41-88d2-3cb604ebf0c4 ca0e68b450ff40c495d2b27d36a156c1 7a2e24c7f4654702999e8db9c9f84d96 - - default default] Successfully bumped revision number for resource 29ed9e3d-786e-4f6a-badc-9648b4c48e0f (type: security_group_rules) to 0
2026-08-21 23:36:21.474 7 INFO neutron.db.ovn_revision_numbers_db [None req-a053b635-7870-4b41-88d2-3cb604ebf0c4 ca0e68b450ff40c495d2b27d36a156c1 7a2e24c7f4654702999e8db9c9f84d96 - - default default] Successfully bumped revision number for resource 32eb7fda-2650-4e8e-9d17-2aa59d67af06 (type: security_group_rules) to 0
2026-08-21 23:36:21.486 7 INFO neutron.db.ovn_revision_numbers_db [None req-a053b635-7870-4b41-88d2-3cb604ebf0c4 ca0e68b450ff40c495d2b27d36a156c1 7a2e24c7f4654702999e8db9c9f84d96 - - default default] Successfully bumped revision number for resource 3a154ee6-8c86-4529-8dc1-886037024258 (type: security_group_rules) to 0
2026-08-21 23:36:21.498 7 INFO neutron.db.ovn_revision_numbers_db [None req-a053b635-7870-4b41-88d2-3cb604ebf0c4 ca0e68b450ff40c495d2b27d36a156c1 7a2e24c7f4654702999e8db9c9f84d96 - - default default] Successfully bumped revision number for resource de16b126-643d-4b44-a0f9-708e00e80c1c (type: security_group_rules) to 0
2026-08-21 23:36:21.503 8 WARNING neutron.scheduler.dhcp_agent_scheduler [None req-a386bd9f-5e07-4591-8c78-af9d4aef6fd2 ca16ff9a8d1348f59bfa3bdbf646f35d afe77816f2b04f4ea3b5e4be8f56556f - - default default] No more DHCP agents
2026-08-21 23:36:21.504 8 WARNING neutron.api.rpc.agentnotifiers.dhcp_rpc_agent_api [None req-a386bd9f-5e07-4591-8c78-af9d4aef6fd2 ca16ff9a8d1348f59bfa3bdbf646f35d afe77816f2b04f4ea3b5e4be8f56556f - - default default] Unable to schedule network 9a4cfc0c-8e2d-4037-bea4-12ef83af0aef: no agents available; will retry on subsequent port and subnet creation events.
2026-08-21 23:36:21.559 7 INFO neutron.plugins.ml2.drivers.ovn.mech_driver.mech_driver [None req-e75f87e0-c73e-40d6-835b-299c25f6d456 - - - - - -] OVN reports status down for port: 17af8d8d-ed47-42d8-b9d8-09a2c04cf2df
2026-08-21 23:36:21.578 7 INFO neutron.db.segments_db [None req-a053b635-7870-4b41-88d2-3cb604ebf0c4 ca0e68b450ff40c495d2b27d36a156c1 7a2e24c7f4654702999e8db9c9f84d96 - - default default] Added segment 60c01c51-ced4-411b-bb06-e24647adcebb of type geneve for network 45912a4b-27db-4091-8414-8cd1453da275
2026-08-21 23:36:21.601 8 INFO neutron.db.ovn_revision_numbers_db [None req-a386bd9f-5e07-4591-8c78-af9d4aef6fd2 ca16ff9a8d1348f59bfa3bdbf646f35d afe77816f2b04f4ea3b5e4be8f56556f - - default default] Successfully bumped revision number for resource 17af8d8d-ed47-42d8-b9d8-09a2c04cf2df (type: ports) to 1 [pid: 8|app: 0|req: 680/1319] 10.0.0.154 () {34 vars in 665 bytes} [Fri Aug 21 23:36:21 2026] POST /v2.0/ports => generated 779 bytes in 346 msecs (HTTP/1.1 201) 4 headers in 162 bytes (1 switches on core 0) /var/lib/openstack/lib/python3.12/site-packages/pycadf/identifier.py:70: UserWarning: Invalid uuid: neutron. To ensure interoperability, identifiers should be a valid uuid. warnings.warn(('Invalid uuid: %s. To ensure interoperability, '
2026-08-21 23:36:21.732 7 INFO neutron.db.ovn_revision_numbers_db [None req-a053b635-7870-4b41-88d2-3cb604ebf0c4 ca0e68b450ff40c495d2b27d36a156c1 7a2e24c7f4654702999e8db9c9f84d96 - - default default] Successfully bumped revision number for resource 45912a4b-27db-4091-8414-8cd1453da275 (type: networks) to 1
2026-08-21 23:36:21.874 7 INFO neutron.plugins.ml2.drivers.ovn.mech_driver.mech_driver [None req-e75f87e0-c73e-40d6-835b-299c25f6d456 - - - - - -] OVN reports status up for port: 490d9570-4d9f-441f-b8f6-628a9f71139f
2026-08-21 23:36:21.908 7 INFO neutron.plugins.ml2.plugin [None req-e75f87e0-c73e-40d6-835b-299c25f6d456 - - - - - -] Attempt 1 to provision port 490d9570-4d9f-441f-b8f6-628a9f71139f
2026-08-21 23:36:21.932 8 WARNING neutron.scheduler.dhcp_agent_scheduler [None req-fc1ccadc-732a-45c5-85e6-a7bea3b12afe 5dbf29c0c8894392a114cf55f558e0cd 4297c2df7cea4041a0d83018cfcc15f3 - - default default] No more DHCP agents
2026-08-21 23:36:21.933 8 WARNING neutron.api.rpc.agentnotifiers.dhcp_rpc_agent_api [None req-fc1ccadc-732a-45c5-85e6-a7bea3b12afe 5dbf29c0c8894392a114cf55f558e0cd 4297c2df7cea4041a0d83018cfcc15f3 - - default default] Unable to schedule network 1e999ce0-a9ec-4827-84bb-831e109c6574: no agents available; will retry on subsequent port and subnet creation events.
2026-08-21 23:36:21.991 7 WARNING neutron.scheduler.dhcp_agent_scheduler [None req-a053b635-7870-4b41-88d2-3cb604ebf0c4 ca0e68b450ff40c495d2b27d36a156c1 7a2e24c7f4654702999e8db9c9f84d96 - - default default] No more DHCP agents
2026-08-21 23:36:21.995 7 WARNING neutron.api.rpc.agentnotifiers.dhcp_rpc_agent_api [None req-a053b635-7870-4b41-88d2-3cb604ebf0c4 ca0e68b450ff40c495d2b27d36a156c1 7a2e24c7f4654702999e8db9c9f84d96 - - default default] Unable to schedule network 45912a4b-27db-4091-8414-8cd1453da275: no agents available; will retry on subsequent port and subnet creation events.
2026-08-21 23:36:22.115 8 INFO neutron.db.ovn_revision_numbers_db [None req-fc1ccadc-732a-45c5-85e6-a7bea3b12afe 5dbf29c0c8894392a114cf55f558e0cd 4297c2df7cea4041a0d83018cfcc15f3 - - default default] Successfully bumped revision number for resource 143f0a61-93ae-4a43-843f-6a8ff9c9d6fa (type: ports) to 1 [pid: 8|app: 0|req: 681/1320] 10.0.0.154 () {34 vars in 665 bytes} [Fri Aug 21 23:36:21 2026] POST /v2.0/ports => generated 955 bytes in 499 msecs (HTTP/1.1 201) 4 headers in 162 bytes (1 switches on core 0)
2026-08-21 23:36:22.147 7 INFO neutron.notifiers.nova [-] Nova event matching ['req-58d01cca-7f66-4966-a34d-4a180b919cd1'] response: {'server_uuid': 'ff1f590a-973d-4819-aed5-362162530f65', 'name': 'network-vif-plugged', 'status': 'completed', 'tag': '490d9570-4d9f-441f-b8f6-628a9f71139f', 'code': 200} /var/lib/openstack/lib/python3.12/site-packages/pycadf/identifier.py:70: UserWarning: Invalid uuid: neutron. To ensure interoperability, identifiers should be a valid uuid. warnings.warn(('Invalid uuid: %s. To ensure interoperability, '
2026-08-21 23:36:22.164 7 INFO neutron.db.ovn_revision_numbers_db [None req-a053b635-7870-4b41-88d2-3cb604ebf0c4 ca0e68b450ff40c495d2b27d36a156c1 7a2e24c7f4654702999e8db9c9f84d96 - - default default] Successfully bumped revision number for resource ef14ad8b-8a98-4481-968f-8238a1f403a8 (type: ports) to 1 [pid: 7|app: 0|req: 640/1321] 10.0.0.154 () {34 vars in 670 bytes} [Fri Aug 21 23:36:21 2026] POST /v2.0/networks => generated 682 bytes in 979 msecs (HTTP/1.1 201) 4 headers in 162 bytes (1 switches on core 0)
2026-08-21 23:36:22.229 8 INFO neutron.db.segments_db [None req-3ab347b3-cba0-4713-91ea-fface5f2001a ca16ff9a8d1348f59bfa3bdbf646f35d afe77816f2b04f4ea3b5e4be8f56556f - - default default] Added segment af42d554-d22c-424f-bc57-053cee624cc9 of type geneve for network 600e423d-c4ce-4bdc-bb02-3a601c4ffe55
2026-08-21 23:36:22.335 8 INFO neutron.db.ovn_revision_numbers_db [None req-3ab347b3-cba0-4713-91ea-fface5f2001a ca16ff9a8d1348f59bfa3bdbf646f35d afe77816f2b04f4ea3b5e4be8f56556f - - default default] Successfully bumped revision number for resource 600e423d-c4ce-4bdc-bb02-3a601c4ffe55 (type: networks) to 1
2026-08-21 23:36:22.394 7 INFO neutron.db.ovn_revision_numbers_db [None req-e75f87e0-c73e-40d6-835b-299c25f6d456 - - - - - -] Successfully bumped revision number for resource 490d9570-4d9f-441f-b8f6-628a9f71139f (type: ports) to 5
2026-08-21 23:36:22.497 8 WARNING neutron.scheduler.dhcp_agent_scheduler [None req-3ab347b3-cba0-4713-91ea-fface5f2001a ca16ff9a8d1348f59bfa3bdbf646f35d afe77816f2b04f4ea3b5e4be8f56556f - - default default] No more DHCP agents
2026-08-21 23:36:22.500 8 WARNING neutron.api.rpc.agentnotifiers.dhcp_rpc_agent_api [None req-3ab347b3-cba0-4713-91ea-fface5f2001a ca16ff9a8d1348f59bfa3bdbf646f35d afe77816f2b04f4ea3b5e4be8f56556f - - default default] Unable to schedule network 600e423d-c4ce-4bdc-bb02-3a601c4ffe55: no agents available; will retry on subsequent port and subnet creation events.
2026-08-21 23:36:22.594 8 INFO neutron.db.ovn_revision_numbers_db [None req-3ab347b3-cba0-4713-91ea-fface5f2001a ca16ff9a8d1348f59bfa3bdbf646f35d afe77816f2b04f4ea3b5e4be8f56556f - - default default] Successfully bumped revision number for resource c9c188b5-be65-4bdf-be03-4c20f61febbd (type: ports) to 1 [pid: 8|app: 0|req: 682/1322] 10.0.0.154 () {34 vars in 670 bytes} [Fri Aug 21 23:36:22 2026] POST /v2.0/networks => generated 673 bytes in 479 msecs (HTTP/1.1 201) 4 headers in 162 bytes (1 switches on core 0)
2026-08-21 23:36:22.628 7 INFO neutron.plugins.ml2.drivers.ovn.mech_driver.mech_driver [None req-667f7082-616e-4779-bd81-60d907a61e39 - - - - - -] OVN reports status down for port: ef14ad8b-8a98-4481-968f-8238a1f403a8
2026-08-21 23:36:22.687 7 WARNING neutron.scheduler.dhcp_agent_scheduler [None req-b36da152-4dfb-445a-aff2-a8e6cb1423a3 5dbf29c0c8894392a114cf55f558e0cd 4297c2df7cea4041a0d83018cfcc15f3 - - default default] No more DHCP agents
2026-08-21 23:36:22.695 7 WARNING neutron.api.rpc.agentnotifiers.dhcp_rpc_agent_api [None req-b36da152-4dfb-445a-aff2-a8e6cb1423a3 5dbf29c0c8894392a114cf55f558e0cd 4297c2df7cea4041a0d83018cfcc15f3 - - default default] Unable to schedule network 932f164b-9b72-4fb7-ab78-af06feca74bc: no agents available; will retry on subsequent port and subnet creation events.
2026-08-21 23:36:22.731 7 INFO neutron.plugins.ml2.drivers.ovn.mech_driver.mech_driver [None req-667f7082-616e-4779-bd81-60d907a61e39 - - - - - -] OVN reports status down for port: c9c188b5-be65-4bdf-be03-4c20f61febbd
2026-08-21 23:36:22.828 8 WARNING neutron.scheduler.dhcp_agent_scheduler [None req-075c0eac-22e4-4244-97dd-c860587ba39e ca0e68b450ff40c495d2b27d36a156c1 7a2e24c7f4654702999e8db9c9f84d96 - - default default] No more DHCP agents
2026-08-21 23:36:22.829 8 WARNING neutron.api.rpc.agentnotifiers.dhcp_rpc_agent_api [None req-075c0eac-22e4-4244-97dd-c860587ba39e ca0e68b450ff40c495d2b27d36a156c1 7a2e24c7f4654702999e8db9c9f84d96 - - default default] Unable to schedule network 45912a4b-27db-4091-8414-8cd1453da275: no agents available; will retry on subsequent port and subnet creation events.
2026-08-21 23:36:22.935 7 INFO neutron.plugins.ml2.drivers.ovn.mech_driver.mech_driver [None req-667f7082-616e-4779-bd81-60d907a61e39 - - - - - -] OVN reports status down for port: 87a71877-3eba-41b3-a949-6f426253c983
2026-08-21 23:36:22.941 8 INFO neutron.db.ovn_revision_numbers_db [None req-075c0eac-22e4-4244-97dd-c860587ba39e ca0e68b450ff40c495d2b27d36a156c1 7a2e24c7f4654702999e8db9c9f84d96 - - default default] Successfully bumped revision number for resource 87a71877-3eba-41b3-a949-6f426253c983 (type: ports) to 1 [pid: 8|app: 0|req: 683/1323] 10.0.0.154 () {34 vars in 665 bytes} [Fri Aug 21 23:36:22 2026] POST /v2.0/ports => generated 774 bytes in 366 msecs (HTTP/1.1 201) 4 headers in 162 bytes (1 switches on core 0) /var/lib/openstack/lib/python3.12/site-packages/pycadf/identifier.py:70: UserWarning: Invalid uuid: neutron. To ensure interoperability, identifiers should be a valid uuid. warnings.warn(('Invalid uuid: %s. To ensure interoperability, ' [pid: 8|app: 0|req: 684/1324] 10.0.0.31 () {34 vars in 989 bytes} [Fri Aug 21 23:36:22 2026] GET /v2.0/ports?device_id=ff1f590a-973d-4819-aed5-362162530f65 => generated 975 bytes in 38 msecs (HTTP/1.1 200) 4 headers in 157 bytes (1 switches on core 0)
2026-08-21 23:36:23.221 8 WARNING neutron.scheduler.dhcp_agent_scheduler [None req-98a14524-0934-47a5-b938-f81e28196fc4 ca16ff9a8d1348f59bfa3bdbf646f35d afe77816f2b04f4ea3b5e4be8f56556f - - default default] No more DHCP agents
2026-08-21 23:36:23.222 8 WARNING neutron.api.rpc.agentnotifiers.dhcp_rpc_agent_api [None req-98a14524-0934-47a5-b938-f81e28196fc4 ca16ff9a8d1348f59bfa3bdbf646f35d afe77816f2b04f4ea3b5e4be8f56556f - - default default] Unable to schedule network 600e423d-c4ce-4bdc-bb02-3a601c4ffe55: no agents available; will retry on subsequent port and subnet creation events.
2026-08-21 23:36:23.246 8 INFO neutron.db.ovn_revision_numbers_db [None req-98a14524-0934-47a5-b938-f81e28196fc4 ca16ff9a8d1348f59bfa3bdbf646f35d afe77816f2b04f4ea3b5e4be8f56556f - - default default] Successfully bumped revision number for resource 71814150-41ce-4817-9ed7-12090aff115a (type: subnets) to 0 [pid: 8|app: 0|req: 685/1325] 10.0.0.154 () {34 vars in 669 bytes} [Fri Aug 21 23:36:23 2026] POST /v2.0/subnets => generated 646 bytes in 231 msecs (HTTP/1.1 201) 4 headers in 162 bytes (1 switches on core 0)
2026-08-21 23:36:23.344 8 INFO neutron.db.segments_db [None req-80da7292-1307-400a-a373-ce104339f477 ca0e68b450ff40c495d2b27d36a156c1 7a2e24c7f4654702999e8db9c9f84d96 - - default default] Added segment 4af9775d-6222-4364-9f6d-1d27ce805468 of type geneve for network f812f40d-0863-4d32-98d7-563a5b61e46d
2026-08-21 23:36:23.484 8 INFO neutron.db.ovn_revision_numbers_db [None req-80da7292-1307-400a-a373-ce104339f477 ca0e68b450ff40c495d2b27d36a156c1 7a2e24c7f4654702999e8db9c9f84d96 - - default default] Successfully bumped revision number for resource f812f40d-0863-4d32-98d7-563a5b61e46d (type: networks) to 1
2026-08-21 23:36:23.606 8 WARNING neutron.plugins.ml2.drivers.ovn.mech_driver.ovsdb.ovn_client [None req-62e23d58-1734-4dbb-a6f5-4a75fd3f1f6d - - - - - -] No hosting information found for port bdcb152b-5e2b-45e6-bbd8-2b972d4e7296: RuntimeError: No hosting information found for port bdcb152b-5e2b-45e6-bbd8-2b972d4e7296
2026-08-21 23:36:23.609 8 INFO neutron.plugins.ml2.drivers.ovn.mech_driver.mech_driver [None req-62e23d58-1734-4dbb-a6f5-4a75fd3f1f6d - - - - - -] OVN reports status down for port: 9049c3cd-ebad-4bdc-95d4-e4c53cdf5ddf
2026-08-21 23:36:23.642 7 INFO neutron.db.ovn_revision_numbers_db [None req-b36da152-4dfb-445a-aff2-a8e6cb1423a3 5dbf29c0c8894392a114cf55f558e0cd 4297c2df7cea4041a0d83018cfcc15f3 - - default default] Successfully bumped revision number for resource d42c27ce-1816-49dc-8902-734150aefc68 (type: floatingips) to 1
2026-08-21 23:36:23.643 7 INFO neutron.db.l3_db [None req-b36da152-4dfb-445a-aff2-a8e6cb1423a3 5dbf29c0c8894392a114cf55f558e0cd 4297c2df7cea4041a0d83018cfcc15f3 - - default default] Floating IP d42c27ce-1816-49dc-8902-734150aefc68 associated. External IP: 10.96.250.201, port: 143f0a61-93ae-4a43-843f-6a8ff9c9d6fa.
2026-08-21 23:36:23.679 8 WARNING neutron.scheduler.dhcp_agent_scheduler [None req-80da7292-1307-400a-a373-ce104339f477 ca0e68b450ff40c495d2b27d36a156c1 7a2e24c7f4654702999e8db9c9f84d96 - - default default] No more DHCP agents
2026-08-21 23:36:23.682 8 WARNING neutron.api.rpc.agentnotifiers.dhcp_rpc_agent_api [None req-80da7292-1307-400a-a373-ce104339f477 ca0e68b450ff40c495d2b27d36a156c1 7a2e24c7f4654702999e8db9c9f84d96 - - default default] Unable to schedule network f812f40d-0863-4d32-98d7-563a5b61e46d: no agents available; will retry on subsequent port and subnet creation events. [pid: 7|app: 0|req: 641/1326] 10.0.0.154 () {34 vars in 677 bytes} [Fri Aug 21 23:36:22 2026] POST /v2.0/floatingips => generated 842 bytes in 1477 msecs (HTTP/1.1 201) 4 headers in 162 bytes (1 switches on core 0) /var/lib/openstack/lib/python3.12/site-packages/pycadf/identifier.py:70: UserWarning: Invalid uuid: neutron. To ensure interoperability, identifiers should be a valid uuid. warnings.warn(('Invalid uuid: %s. To ensure interoperability, ' [pid: 7|app: 0|req: 642/1327] 10.0.0.31 () {34 vars in 1039 bytes} [Fri Aug 21 23:36:23 2026] GET /v2.0/security-groups?id=a30f3a52-3601-4ff9-b86f-3482ff0fbc3b&fields=id&fields=name => generated 113 bytes in 31 msecs (HTTP/1.1 200) 4 headers in 157 bytes (1 switches on core 0)
2026-08-21 23:36:23.759 8 INFO neutron.plugins.ml2.drivers.ovn.mech_driver.mech_driver [None req-62e23d58-1734-4dbb-a6f5-4a75fd3f1f6d - - - - - -] OVN reports status up for port: 9049c3cd-ebad-4bdc-95d4-e4c53cdf5ddf
2026-08-21 23:36:23.812 8 INFO neutron.plugins.ml2.plugin [None req-62e23d58-1734-4dbb-a6f5-4a75fd3f1f6d - - - - - -] Attempt 1 to provision port 9049c3cd-ebad-4bdc-95d4-e4c53cdf5ddf
2026-08-21 23:36:23.829 8 INFO neutron.db.ovn_revision_numbers_db [None req-80da7292-1307-400a-a373-ce104339f477 ca0e68b450ff40c495d2b27d36a156c1 7a2e24c7f4654702999e8db9c9f84d96 - - default default] Successfully bumped revision number for resource 3eb1299c-a6ca-4e40-8d04-3ee0310a5f4b (type: ports) to 1 [pid: 8|app: 0|req: 686/1328] 10.0.0.154 () {34 vars in 670 bytes} [Fri Aug 21 23:36:23 2026] POST /v2.0/networks => generated 670 bytes in 608 msecs (HTTP/1.1 201) 4 headers in 162 bytes (1 switches on core 0)
2026-08-21 23:36:24.067 7 WARNING neutron.scheduler.dhcp_agent_scheduler [None req-e5287dbe-533a-456f-8882-af4b98303aa4 ca16ff9a8d1348f59bfa3bdbf646f35d afe77816f2b04f4ea3b5e4be8f56556f - - default default] No more DHCP agents
2026-08-21 23:36:24.068 7 WARNING neutron.api.rpc.agentnotifiers.dhcp_rpc_agent_api [None req-e5287dbe-533a-456f-8882-af4b98303aa4 ca16ff9a8d1348f59bfa3bdbf646f35d afe77816f2b04f4ea3b5e4be8f56556f - - default default] Unable to schedule network 600e423d-c4ce-4bdc-bb02-3a601c4ffe55: no agents available; will retry on subsequent port and subnet creation events.
2026-08-21 23:36:24.165 7 INFO neutron.plugins.ml2.drivers.ovn.mech_driver.mech_driver [None req-667f7082-616e-4779-bd81-60d907a61e39 - - - - - -] OVN reports status down for port: 43d9fa5a-205b-4ae8-9e61-e193b757774f
2026-08-21 23:36:24.199 7 INFO neutron.notifiers.nova [-] Nova event matching ['req-11113132-96fa-4da8-ae55-71f098be78c3'] response: {'server_uuid': 'ff1f590a-973d-4819-aed5-362162530f65', 'name': 'network-vif-plugged', 'status': 'completed', 'tag': '490d9570-4d9f-441f-b8f6-628a9f71139f', 'code': 200}
2026-08-21 23:36:24.227 8 INFO neutron.db.ovn_revision_numbers_db [None req-9ae386c5-d78d-41cc-93d9-01c829b46600 5dbf29c0c8894392a114cf55f558e0cd 4297c2df7cea4041a0d83018cfcc15f3 - - default default] Successfully bumped revision number for resource d42c27ce-1816-49dc-8902-734150aefc68 (type: floatingips) to 2
2026-08-21 23:36:24.235 7 INFO neutron.db.ovn_revision_numbers_db [None req-e5287dbe-533a-456f-8882-af4b98303aa4 ca16ff9a8d1348f59bfa3bdbf646f35d afe77816f2b04f4ea3b5e4be8f56556f - - default default] Successfully bumped revision number for resource 43d9fa5a-205b-4ae8-9e61-e193b757774f (type: ports) to 1
2026-08-21 23:36:24.315 8 INFO neutron.db.l3_db [None req-9ae386c5-d78d-41cc-93d9-01c829b46600 5dbf29c0c8894392a114cf55f558e0cd 4297c2df7cea4041a0d83018cfcc15f3 - - default default] Floating IP d42c27ce-1816-49dc-8902-734150aefc68 disassociated. External IP: 10.96.250.201, port: 143f0a61-93ae-4a43-843f-6a8ff9c9d6fa. [pid: 7|app: 0|req: 643/1329] 10.0.0.154 () {34 vars in 665 bytes} [Fri Aug 21 23:36:23 2026] POST /v2.0/ports => generated 966 bytes in 639 msecs (HTTP/1.1 201) 4 headers in 162 bytes (1 switches on core 0) /var/lib/openstack/lib/python3.12/site-packages/pycadf/identifier.py:70: UserWarning: Invalid uuid: neutron. To ensure interoperability, identifiers should be a valid uuid. warnings.warn(('Invalid uuid: %s. To ensure interoperability, ' [pid: 8|app: 0|req: 687/1330] 10.0.0.154 () {34 vars in 749 bytes} [Fri Aug 21 23:36:23 2026] PUT /v2.0/floatingips/d42c27ce-1816-49dc-8902-734150aefc68 => generated 554 bytes in 519 msecs (HTTP/1.1 200) 4 headers in 157 bytes (1 switches on core 0)
2026-08-21 23:36:24.568 7 WARNING neutron.scheduler.dhcp_agent_scheduler [None req-9e6dc328-15a0-41a7-a246-748a4918eaff ca0e68b450ff40c495d2b27d36a156c1 7a2e24c7f4654702999e8db9c9f84d96 - - default default] No more DHCP agents
2026-08-21 23:36:24.570 7 WARNING neutron.api.rpc.agentnotifiers.dhcp_rpc_agent_api [None req-9e6dc328-15a0-41a7-a246-748a4918eaff ca0e68b450ff40c495d2b27d36a156c1 7a2e24c7f4654702999e8db9c9f84d96 - - default default] Unable to schedule network f812f40d-0863-4d32-98d7-563a5b61e46d: no agents available; will retry on subsequent port and subnet creation events.
2026-08-21 23:36:24.600 8 INFO neutron.db.ovn_revision_numbers_db [None req-62e23d58-1734-4dbb-a6f5-4a75fd3f1f6d - - - - - -] Successfully bumped revision number for resource 9049c3cd-ebad-4bdc-95d4-e4c53cdf5ddf (type: ports) to 2
2026-08-21 23:36:24.643 8 INFO neutron_taas.services.taas.taas_plugin [None req-d8d1d806-cb2e-4517-a4b2-fb076924f850 ca16ff9a8d1348f59bfa3bdbf646f35d afe77816f2b04f4ea3b5e4be8f56556f - - default default] TaaS: Handle Delete Port: 43d9fa5a-205b-4ae8-9e61-e193b757774f
2026-08-21 23:36:24.649 8 INFO neutron_taas.services.taas.tap_mirror_plugin [None req-d8d1d806-cb2e-4517-a4b2-fb076924f850 ca16ff9a8d1348f59bfa3bdbf646f35d afe77816f2b04f4ea3b5e4be8f56556f - - default default] Tap Mirror: Handle Delete Port: 43d9fa5a-205b-4ae8-9e61-e193b757774f [pid: 8|app: 0|req: 688/1331] 10.0.0.154 () {32 vars in 720 bytes} [Fri Aug 21 23:36:24 2026] DELETE /v2.0/ports/43d9fa5a-205b-4ae8-9e61-e193b757774f => generated 0 bytes in 502 msecs (HTTP/1.1 204) 3 headers in 131 bytes (1 switches on core 0)
2026-08-21 23:36:24.932 8 INFO neutron.db.ovn_revision_numbers_db [None req-b5f14b04-6b9f-406b-bdcc-5c2de163fab1 - - - - - -] Successfully bumped revision number for resource 9049c3cd-ebad-4bdc-95d4-e4c53cdf5ddf (type: router_ports) to 2
2026-08-21 23:36:24.932 8 INFO neutron.plugins.ml2.drivers.ovn.mech_driver.mech_driver [None req-b5f14b04-6b9f-406b-bdcc-5c2de163fab1 - - - - - -] OVN reports status down for port: 3c51a87d-8e6b-4a0b-ab86-4d42eb05267d
2026-08-21 23:36:25.058 8 INFO neutron.plugins.ml2.drivers.ovn.mech_driver.mech_driver [None req-b5f14b04-6b9f-406b-bdcc-5c2de163fab1 - - - - - -] OVN reports status down for port: 4265e066-5411-4dc4-bb01-6d5c5f7dcfbf
2026-08-21 23:36:25.071 7 INFO neutron.db.ovn_revision_numbers_db [None req-038dadf1-9d77-4074-9adb-1072d99df1cb - - - - - -] Successfully bumped revision number for resource 3eb1299c-a6ca-4e40-8d04-3ee0310a5f4b (type: ports) to 2
2026-08-21 23:36:25.114 7 INFO neutron.db.ovn_revision_numbers_db [None req-038dadf1-9d77-4074-9adb-1072d99df1cb - - - - - -] Successfully bumped revision number for resource eaf40a2b-f4e3-48e5-b4c2-d06b83038f38 (type: subnets) to 0 [pid: 7|app: 0|req: 644/1332] 10.0.0.154 () {34 vars in 669 bytes} [Fri Aug 21 23:36:24 2026] POST /v2.0/subnets => generated 626 bytes in 778 msecs (HTTP/1.1 201) 4 headers in 162 bytes (1 switches on core 0)
2026-08-21 23:36:25.146 8 INFO neutron_taas.services.taas.taas_plugin [None req-5379b788-a961-46fe-9cd9-fa6417ab09d9 5dbf29c0c8894392a114cf55f558e0cd 4297c2df7cea4041a0d83018cfcc15f3 - - default default] TaaS: Handle Delete Port: 60577343-2b2a-4357-9aae-0476d68cc843
2026-08-21 23:36:25.152 8 INFO neutron_taas.services.taas.tap_mirror_plugin [None req-5379b788-a961-46fe-9cd9-fa6417ab09d9 5dbf29c0c8894392a114cf55f558e0cd 4297c2df7cea4041a0d83018cfcc15f3 - - default default] Tap Mirror: Handle Delete Port: 60577343-2b2a-4357-9aae-0476d68cc843
2026-08-21 23:36:25.153 8 INFO neutron.plugins.ml2.drivers.ovn.mech_driver.mech_driver [None req-b5f14b04-6b9f-406b-bdcc-5c2de163fab1 - - - - - -] OVN reports status down for port: 143f0a61-93ae-4a43-843f-6a8ff9c9d6fa [pid: 7|app: 0|req: 645/1333] 10.0.0.31 () {34 vars in 989 bytes} [Fri Aug 21 23:36:25 2026] GET /v2.0/ports?device_id=ff1f590a-973d-4819-aed5-362162530f65 => generated 975 bytes in 92 msecs (HTTP/1.1 200) 4 headers in 157 bytes (1 switches on core 0)
2026-08-21 23:36:25.236 7 INFO neutron.pecan_wsgi.hooks.translation [None req-39ac56a0-a382-4e59-b4ed-8e261552e973 ca16ff9a8d1348f59bfa3bdbf646f35d afe77816f2b04f4ea3b5e4be8f56556f - - default default] DELETE failed (client error): The resource could not be found. [pid: 7|app: 0|req: 646/1334] 10.0.0.154 () {32 vars in 720 bytes} [Fri Aug 21 23:36:25 2026] DELETE /v2.0/ports/43d9fa5a-205b-4ae8-9e61-e193b757774f => generated 132 bytes in 13 msecs (HTTP/1.1 404) 4 headers in 164 bytes (1 switches on core 0)
2026-08-21 23:36:25.324 8 INFO neutron.plugins.ml2.drivers.ovn.mech_driver.mech_driver [None req-b5f14b04-6b9f-406b-bdcc-5c2de163fab1 - - - - - -] OVN reports status down for port: 3eb1299c-a6ca-4e40-8d04-3ee0310a5f4b [pid: 8|app: 0|req: 689/1335] 10.0.0.154 () {32 vars in 732 bytes} [Fri Aug 21 23:36:24 2026] DELETE /v2.0/floatingips/d42c27ce-1816-49dc-8902-734150aefc68 => generated 0 bytes in 588 msecs (HTTP/1.1 204) 2 headers in 112 bytes (1 switches on core 0) /var/lib/openstack/lib/python3.12/site-packages/pycadf/identifier.py:70: UserWarning: Invalid uuid: neutron. To ensure interoperability, identifiers should be a valid uuid. warnings.warn(('Invalid uuid: %s. To ensure interoperability, '
2026-08-21 23:36:25.535 7 WARNING neutron.scheduler.dhcp_agent_scheduler [None req-0e3c3f79-fa70-473f-b50e-d6dcbb3ad1e4 ca0e68b450ff40c495d2b27d36a156c1 7a2e24c7f4654702999e8db9c9f84d96 - - default default] No more DHCP agents
2026-08-21 23:36:25.537 7 WARNING neutron.api.rpc.agentnotifiers.dhcp_rpc_agent_api [None req-0e3c3f79-fa70-473f-b50e-d6dcbb3ad1e4 ca0e68b450ff40c495d2b27d36a156c1 7a2e24c7f4654702999e8db9c9f84d96 - - default default] Unable to schedule network f812f40d-0863-4d32-98d7-563a5b61e46d: no agents available; will retry on subsequent port and subnet creation events. [pid: 8|app: 0|req: 690/1336] 10.0.0.31 () {34 vars in 1039 bytes} [Fri Aug 21 23:36:25 2026] GET /v2.0/security-groups?id=a30f3a52-3601-4ff9-b86f-3482ff0fbc3b&fields=id&fields=name => generated 113 bytes in 82 msecs (HTTP/1.1 200) 4 headers in 157 bytes (1 switches on core 0)
2026-08-21 23:36:25.579 8 INFO neutron.pecan_wsgi.hooks.translation [None req-e1c0930b-89ff-409c-91b0-e0149c54b30e ca16ff9a8d1348f59bfa3bdbf646f35d afe77816f2b04f4ea3b5e4be8f56556f - - default default] GET failed (client error): The resource could not be found. [pid: 8|app: 0|req: 691/1337] 10.0.0.154 () {32 vars in 717 bytes} [Fri Aug 21 23:36:25 2026] GET /v2.0/ports/43d9fa5a-205b-4ae8-9e61-e193b757774f => generated 132 bytes in 15 msecs (HTTP/1.1 404) 4 headers in 164 bytes (1 switches on core 0)
2026-08-21 23:36:25.671 7 INFO neutron.db.ovn_revision_numbers_db [None req-0e3c3f79-fa70-473f-b50e-d6dcbb3ad1e4 ca0e68b450ff40c495d2b27d36a156c1 7a2e24c7f4654702999e8db9c9f84d96 - - default default] Successfully bumped revision number for resource 6cce9a98-7a25-45eb-a62b-a110d8c7b454 (type: ports) to 1
2026-08-21 23:36:25.686 8 INFO neutron.plugins.ml2.drivers.ovn.mech_driver.mech_driver [None req-b5f14b04-6b9f-406b-bdcc-5c2de163fab1 - - - - - -] OVN reports status down for port: 6cce9a98-7a25-45eb-a62b-a110d8c7b454 [pid: 7|app: 0|req: 647/1338] 10.0.0.154 () {34 vars in 665 bytes} [Fri Aug 21 23:36:25 2026] POST /v2.0/ports => generated 949 bytes in 456 msecs (HTTP/1.1 201) 4 headers in 162 bytes (1 switches on core 0) /var/lib/openstack/lib/python3.12/site-packages/pycadf/identifier.py:70: UserWarning: Invalid uuid: neutron. To ensure interoperability, identifiers should be a valid uuid. warnings.warn(('Invalid uuid: %s. To ensure interoperability, ' [pid: 7|app: 0|req: 648/1339] 10.0.0.154 () {32 vars in 724 bytes} [Fri Aug 21 23:36:25 2026] DELETE /v2.0/subnets/71814150-41ce-4817-9ed7-12090aff115a => generated 0 bytes in 131 msecs (HTTP/1.1 204) 3 headers in 131 bytes (1 switches on core 0) [pid: 7|app: 0|req: 649/1340] 10.0.0.31 () {34 vars in 989 bytes} [Fri Aug 21 23:36:25 2026] GET /v2.0/ports?device_id=ff1f590a-973d-4819-aed5-362162530f65 => generated 975 bytes in 32 msecs (HTTP/1.1 200) 4 headers in 157 bytes (1 switches on core 0)
2026-08-21 23:36:25.955 8 WARNING neutron.scheduler.dhcp_agent_scheduler [None req-4ae5de6b-3dbb-4e64-8c82-9a9a9ab44658 5dbf29c0c8894392a114cf55f558e0cd 4297c2df7cea4041a0d83018cfcc15f3 - - default default] No more DHCP agents
2026-08-21 23:36:25.957 8 WARNING neutron.api.rpc.agentnotifiers.dhcp_rpc_agent_api [None req-4ae5de6b-3dbb-4e64-8c82-9a9a9ab44658 5dbf29c0c8894392a114cf55f558e0cd 4297c2df7cea4041a0d83018cfcc15f3 - - default default] Unable to schedule network 932f164b-9b72-4fb7-ab78-af06feca74bc: no agents available; will retry on subsequent port and subnet creation events.
2026-08-21 23:36:25.989 7 INFO neutron_taas.services.taas.taas_plugin [None req-ea177e18-a3ff-41c2-9072-d8a8186732ac ca0e68b450ff40c495d2b27d36a156c1 7a2e24c7f4654702999e8db9c9f84d96 - - default default] TaaS: Handle Delete Port: 6cce9a98-7a25-45eb-a62b-a110d8c7b454
2026-08-21 23:36:25.993 7 INFO neutron_taas.services.taas.tap_mirror_plugin [None req-ea177e18-a3ff-41c2-9072-d8a8186732ac ca0e68b450ff40c495d2b27d36a156c1 7a2e24c7f4654702999e8db9c9f84d96 - - default default] Tap Mirror: Handle Delete Port: 6cce9a98-7a25-45eb-a62b-a110d8c7b454 [pid: 7|app: 0|req: 650/1341] 10.0.0.154 () {32 vars in 720 bytes} [Fri Aug 21 23:36:25 2026] DELETE /v2.0/ports/6cce9a98-7a25-45eb-a62b-a110d8c7b454 => generated 0 bytes in 301 msecs (HTTP/1.1 204) 3 headers in 131 bytes (1 switches on core 0) [pid: 7|app: 0|req: 651/1342] 10.0.0.209 () {28 vars in 599 bytes} [Fri Aug 21 23:36:26 2026] GET /v2.0/security-groups => generated 31882 bytes in 71 msecs (HTTP/1.1 200) 4 headers in 159 bytes (1 switches on core 0)
2026-08-21 23:36:26.334 7 INFO neutron_taas.services.taas.taas_plugin [None req-62082211-c8a7-42bd-95b9-60b5021a2c5b ca16ff9a8d1348f59bfa3bdbf646f35d afe77816f2b04f4ea3b5e4be8f56556f - - default default] TaaS: Handle Delete Port: c9c188b5-be65-4bdf-be03-4c20f61febbd
2026-08-21 23:36:26.336 7 INFO neutron_taas.services.taas.tap_mirror_plugin [None req-62082211-c8a7-42bd-95b9-60b5021a2c5b ca16ff9a8d1348f59bfa3bdbf646f35d afe77816f2b04f4ea3b5e4be8f56556f - - default default] Tap Mirror: Handle Delete Port: c9c188b5-be65-4bdf-be03-4c20f61febbd
2026-08-21 23:36:26.516 7 INFO neutron.services.segments.plugin [-] Segment af42d554-d22c-424f-bc57-053cee624cc9 resource provider aggregate not found
2026-08-21 23:36:26.524 7 INFO neutron.services.segments.plugin [-] Segment af42d554-d22c-424f-bc57-053cee624cc9 resource provider aggregate not found
2026-08-21 23:36:26.541 7 INFO neutron.services.segments.plugin [-] Client error retrieving segment af42d554-d22c-424f-bc57-053cee624cc9 resource provider; error: Placement Client Error (4xx): {"errors": [{"status": 404, "title": "Not Found", "detail": "The resource could not be found.\n\n No resource provider with uuid af42d554-d22c-424f-bc57-053cee624cc9 found for delete ", "request_id": "req-ec99bc52-3d07-4de7-86c0-23bd2e68a9ae"}]}
2026-08-21 23:36:26.547 7 INFO neutron.services.segments.plugin [-] Client error retrieving segment af42d554-d22c-424f-bc57-053cee624cc9 resource provider; error: Placement Client Error (4xx): {"errors": [{"status": 404, "title": "Not Found", "detail": "The resource could not be found.\n\n No resource provider with uuid af42d554-d22c-424f-bc57-053cee624cc9 found for delete ", "request_id": "req-1571ad9b-2dd8-4a80-af44-89580d7d5950"}]} [pid: 7|app: 0|req: 652/1343] 10.0.0.154 () {32 vars in 726 bytes} [Fri Aug 21 23:36:26 2026] DELETE /v2.0/networks/600e423d-c4ce-4bdc-bb02-3a601c4ffe55 => generated 0 bytes in 342 msecs (HTTP/1.1 204) 3 headers in 131 bytes (1 switches on core 0)
2026-08-21 23:36:26.771 8 INFO neutron.db.ovn_revision_numbers_db [None req-4ae5de6b-3dbb-4e64-8c82-9a9a9ab44658 5dbf29c0c8894392a114cf55f558e0cd 4297c2df7cea4041a0d83018cfcc15f3 - - default default] Successfully bumped revision number for resource 1359b873-ae1c-4679-9897-9ed0663b5f94 (type: floatingips) to 1
2026-08-21 23:36:26.772 8 INFO neutron.db.l3_db [None req-4ae5de6b-3dbb-4e64-8c82-9a9a9ab44658 5dbf29c0c8894392a114cf55f558e0cd 4297c2df7cea4041a0d83018cfcc15f3 - - default default] Floating IP 1359b873-ae1c-4679-9897-9ed0663b5f94 associated. External IP: 10.96.250.209, port: 4265e066-5411-4dc4-bb01-6d5c5f7dcfbf. [pid: 8|app: 0|req: 692/1344] 10.0.0.154 () {34 vars in 677 bytes} [Fri Aug 21 23:36:25 2026] POST /v2.0/floatingips => generated 843 bytes in 1229 msecs (HTTP/1.1 201) 4 headers in 162 bytes (1 switches on core 0)
2026-08-21 23:36:26.823 8 INFO neutron.pecan_wsgi.hooks.translation [None req-3c3ecbfe-b0b6-4015-8b6f-939361fb7d75 ca0e68b450ff40c495d2b27d36a156c1 7a2e24c7f4654702999e8db9c9f84d96 - - default default] DELETE failed (client error): The resource could not be found. [pid: 8|app: 0|req: 693/1345] 10.0.0.154 () {32 vars in 720 bytes} [Fri Aug 21 23:36:26 2026] DELETE /v2.0/ports/6cce9a98-7a25-45eb-a62b-a110d8c7b454 => generated 132 bytes in 14 msecs (HTTP/1.1 404) 4 headers in 164 bytes (1 switches on core 0) [pid: 8|app: 0|req: 694/1346] 10.0.0.209 () {28 vars in 583 bytes} [Fri Aug 21 23:36:26 2026] GET /v2.0/subnets => generated 3252 bytes in 40 msecs (HTTP/1.1 200) 4 headers in 158 bytes (1 switches on core 0)
2026-08-21 23:36:26.954 8 INFO neutron.db.segments_db [None req-1a859bf9-d0ac-4c96-9f2f-fe1769374582 ca16ff9a8d1348f59bfa3bdbf646f35d afe77816f2b04f4ea3b5e4be8f56556f - - default default] Added segment 8da98bf8-3b89-45cd-8a15-f1f1c2ce06e3 of type geneve for network 8786907f-f65e-41a8-9557-23d99206950e
2026-08-21 23:36:27.031 7 INFO neutron.db.ovn_revision_numbers_db [None req-75e98314-701d-4ad5-86b1-15b265afedd9 a2d4d67ae1dc46b28dc1a7f8c902e07a 1be885464c02413bbb279c57613f8a13 - - default default] Successfully bumped revision number for resource 95777b3d-78d5-4959-b019-cd207bd19a27 (type: floatingips) to 1
2026-08-21 23:36:27.091 8 INFO neutron.db.ovn_revision_numbers_db [None req-1a859bf9-d0ac-4c96-9f2f-fe1769374582 ca16ff9a8d1348f59bfa3bdbf646f35d afe77816f2b04f4ea3b5e4be8f56556f - - default default] Successfully bumped revision number for resource 8786907f-f65e-41a8-9557-23d99206950e (type: networks) to 1
2026-08-21 23:36:27.130 7 INFO neutron.db.ovn_revision_numbers_db [None req-75e98314-701d-4ad5-86b1-15b265afedd9 a2d4d67ae1dc46b28dc1a7f8c902e07a 1be885464c02413bbb279c57613f8a13 - - default default] Successfully bumped revision number for resource 95777b3d-78d5-4959-b019-cd207bd19a27 (type: floatingips) to 2
2026-08-21 23:36:27.130 7 INFO neutron.db.l3_db [None req-75e98314-701d-4ad5-86b1-15b265afedd9 a2d4d67ae1dc46b28dc1a7f8c902e07a 1be885464c02413bbb279c57613f8a13 - - default default] Floating IP 95777b3d-78d5-4959-b019-cd207bd19a27 associated. External IP: 10.96.250.216, port: 490d9570-4d9f-441f-b8f6-628a9f71139f. [pid: 7|app: 0|req: 653/1347] 10.0.0.154 () {34 vars in 749 bytes} [Fri Aug 21 23:36:26 2026] PUT /v2.0/floatingips/95777b3d-78d5-4959-b019-cd207bd19a27 => generated 856 bytes in 585 msecs (HTTP/1.1 200) 4 headers in 157 bytes (1 switches on core 0) /var/lib/openstack/lib/python3.12/site-packages/pycadf/identifier.py:70: UserWarning: Invalid uuid: neutron. To ensure interoperability, identifiers should be a valid uuid. warnings.warn(('Invalid uuid: %s. To ensure interoperability, '
2026-08-21 23:36:27.199 7 INFO neutron.notifiers.nova [-] Nova event matching ['req-108f7924-0f88-46b0-821f-d444b328e8eb'] response: {'name': 'network-changed', 'server_uuid': 'ff1f590a-973d-4819-aed5-362162530f65', 'tag': '490d9570-4d9f-441f-b8f6-628a9f71139f', 'status': 'completed', 'code': 200} [pid: 7|app: 0|req: 654/1348] 10.0.0.154 () {32 vars in 729 bytes} [Fri Aug 21 23:36:27 2026] GET /v2.0/floatingips/1359b873-ae1c-4679-9897-9ed0663b5f94 => generated 845 bytes in 42 msecs (HTTP/1.1 200) 4 headers in 157 bytes (1 switches on core 0)
2026-08-21 23:36:27.217 7 INFO neutron.pecan_wsgi.hooks.translation [None req-a07c1b5a-fbe3-413c-975b-0c76ab3a6abd ca0e68b450ff40c495d2b27d36a156c1 7a2e24c7f4654702999e8db9c9f84d96 - - default default] GET failed (client error): The resource could not be found. [pid: 7|app: 0|req: 655/1349] 10.0.0.154 () {32 vars in 717 bytes} [Fri Aug 21 23:36:27 2026] GET /v2.0/ports/6cce9a98-7a25-45eb-a62b-a110d8c7b454 => generated 132 bytes in 15 msecs (HTTP/1.1 404) 4 headers in 164 bytes (1 switches on core 0) [pid: 7|app: 0|req: 656/1350] 10.0.0.209 () {28 vars in 591 bytes} [Fri Aug 21 23:36:27 2026] GET /v2.0/subnetpools => generated 19 bytes in 6 msecs (HTTP/1.1 200) 4 headers in 156 bytes (1 switches on core 0) [pid: 7|app: 0|req: 657/1351] 10.0.0.31 () {34 vars in 989 bytes} [Fri Aug 21 23:36:27 2026] GET /v2.0/ports?device_id=ff1f590a-973d-4819-aed5-362162530f65 => generated 975 bytes in 27 msecs (HTTP/1.1 200) 4 headers in 157 bytes (1 switches on core 0)
2026-08-21 23:36:27.257 8 WARNING neutron.scheduler.dhcp_agent_scheduler [None req-1a859bf9-d0ac-4c96-9f2f-fe1769374582 ca16ff9a8d1348f59bfa3bdbf646f35d afe77816f2b04f4ea3b5e4be8f56556f - - default default] No more DHCP agents
2026-08-21 23:36:27.259 8 WARNING neutron.api.rpc.agentnotifiers.dhcp_rpc_agent_api [None req-1a859bf9-d0ac-4c96-9f2f-fe1769374582 ca16ff9a8d1348f59bfa3bdbf646f35d afe77816f2b04f4ea3b5e4be8f56556f - - default default] Unable to schedule network 8786907f-f65e-41a8-9557-23d99206950e: no agents available; will retry on subsequent port and subnet creation events.
2026-08-21 23:36:27.315 7 INFO neutron.plugins.ml2.drivers.ovn.mech_driver.mech_driver [None req-667f7082-616e-4779-bd81-60d907a61e39 - - - - - -] OVN reports status down for port: ec4b20b8-4912-4ae8-8045-da97ec34b405
2026-08-21 23:36:27.349 8 INFO neutron.db.ovn_revision_numbers_db [None req-1a859bf9-d0ac-4c96-9f2f-fe1769374582 ca16ff9a8d1348f59bfa3bdbf646f35d afe77816f2b04f4ea3b5e4be8f56556f - - default default] Successfully bumped revision number for resource ec4b20b8-4912-4ae8-8045-da97ec34b405 (type: ports) to 1 [pid: 7|app: 0|req: 658/1352] 10.0.0.154 () {32 vars in 655 bytes} [Fri Aug 21 23:36:27 2026] GET /v2.0/floatingips => generated 848 bytes in 98 msecs (HTTP/1.1 200) 4 headers in 157 bytes (1 switches on core 0) [pid: 8|app: 0|req: 695/1353] 10.0.0.154 () {34 vars in 670 bytes} [Fri Aug 21 23:36:26 2026] POST /v2.0/networks => generated 674 bytes in 514 msecs (HTTP/1.1 201) 4 headers in 162 bytes (1 switches on core 0) [pid: 8|app: 0|req: 696/1354] 10.0.0.209 () {28 vars in 581 bytes} [Fri Aug 21 23:36:27 2026] GET /v2.0/agents => generated 1214 bytes in 23 msecs (HTTP/1.1 200) 4 headers in 158 bytes (1 switches on core 0) [pid: 8|app: 0|req: 697/1355] 10.0.0.31 () {34 vars in 1039 bytes} [Fri Aug 21 23:36:27 2026] GET /v2.0/security-groups?id=a30f3a52-3601-4ff9-b86f-3482ff0fbc3b&fields=id&fields=name => generated 113 bytes in 37 msecs (HTTP/1.1 200) 4 headers in 157 bytes (1 switches on core 0) [pid: 7|app: 0|req: 659/1356] 10.0.0.154 () {32 vars in 724 bytes} [Fri Aug 21 23:36:27 2026] DELETE /v2.0/subnets/eaf40a2b-f4e3-48e5-b4c2-d06b83038f38 => generated 0 bytes in 237 msecs (HTTP/1.1 204) 3 headers in 131 bytes (1 switches on core 0)
2026-08-21 23:36:27.756 7 WARNING neutron.scheduler.dhcp_agent_scheduler [None req-9020b1cd-88bc-4da6-b352-d976445ef168 ca16ff9a8d1348f59bfa3bdbf646f35d afe77816f2b04f4ea3b5e4be8f56556f - - default default] No more DHCP agents
