2026-08-21 23:36:34.814 8 INFO neutron.services.segments.plugin [-] Client error retrieving segment 4273196f-d1d7-4658-888d-976817f9c72e resource provider; error: Placement Client Error (4xx): {"errors": [{"status": 404, "title": "Not Found", "detail": "The resource could not be found.\n\n No resource provider with uuid 4273196f-d1d7-4658-888d-976817f9c72e found for delete ", "request_id": "req-75bf04eb-67ea-41eb-a2cc-75246cafc586"}]} [pid: 8|app: 0|req: 747/1430] 10.0.0.154 () {32 vars in 720 bytes} [Fri Aug 21 23:36:34 2026] DELETE /v2.0/ports/87a71877-3eba-41b3-a949-6f426253c983 => generated 0 bytes in 252 msecs (HTTP/1.1 204) 3 headers in 131 bytes (1 switches on core 0)
2026-08-21 23:36:34.969 8 INFO neutron_taas.services.taas.taas_plugin [None req-0716c64e-2a29-4770-a2c3-cc68dbf3ba17 ca0e68b450ff40c495d2b27d36a156c1 7a2e24c7f4654702999e8db9c9f84d96 - - default default] TaaS: Handle Delete Port: ef14ad8b-8a98-4481-968f-8238a1f403a8
2026-08-21 23:36:34.973 8 INFO neutron_taas.services.taas.tap_mirror_plugin [None req-0716c64e-2a29-4770-a2c3-cc68dbf3ba17 ca0e68b450ff40c495d2b27d36a156c1 7a2e24c7f4654702999e8db9c9f84d96 - - default default] Tap Mirror: Handle Delete Port: ef14ad8b-8a98-4481-968f-8238a1f403a8 [pid: 7|app: 0|req: 684/1431] 10.0.0.154 () {32 vars in 732 bytes} [Fri Aug 21 23:36:34 2026] DELETE /v2.0/floatingips/95777b3d-78d5-4959-b019-cd207bd19a27 => generated 0 bytes in 352 msecs (HTTP/1.1 204) 2 headers in 112 bytes (1 switches on core 0) [pid: 7|app: 0|req: 685/1432] 10.0.0.154 () {32 vars in 774 bytes} [Fri Aug 21 23:36:34 2026] GET /v2.0/security-groups?tenant_id=afe77816f2b04f4ea3b5e4be8f56556f&name=default => generated 2925 bytes in 194 msecs (HTTP/1.1 200) 4 headers in 158 bytes (1 switches on core 0) [pid: 8|app: 0|req: 748/1433] 10.0.0.154 () {32 vars in 726 bytes} [Fri Aug 21 23:36:34 2026] DELETE /v2.0/networks/45912a4b-27db-4091-8414-8cd1453da275 => generated 0 bytes in 354 msecs (HTTP/1.1 204) 3 headers in 131 bytes (1 switches on core 0) [pid: 8|app: 0|req: 749/1434] 10.0.0.154 () {32 vars in 774 bytes} [Fri Aug 21 23:36:35 2026] GET /v2.0/security-groups?tenant_id=4297c2df7cea4041a0d83018cfcc15f3&name=default => generated 2925 bytes in 64 msecs (HTTP/1.1 200) 4 headers in 158 bytes (1 switches on core 0)
2026-08-21 23:36:35.430 7 INFO neutron_taas.services.taas.taas_plugin [None req-ddbfc264-41fd-4b0d-914e-cdf3693d6318 be6a2841a7eb40609209c4a95acfb8c2 fe9d206770d145b49ec325669788672b - - default default] TaaS: Handle Delete Port: b3b494c5-fc04-40ec-b24e-e265752820b3
2026-08-21 23:36:35.433 7 INFO neutron_taas.services.taas.tap_mirror_plugin [None req-ddbfc264-41fd-4b0d-914e-cdf3693d6318 be6a2841a7eb40609209c4a95acfb8c2 fe9d206770d145b49ec325669788672b - - default default] Tap Mirror: Handle Delete Port: b3b494c5-fc04-40ec-b24e-e265752820b3 [pid: 8|app: 0|req: 750/1435] 10.0.0.154 () {32 vars in 740 bytes} [Fri Aug 21 23:36:35 2026] DELETE /v2.0/security-groups/48542054-7852-4f85-9620-ac6f9c3c9349 => generated 0 bytes in 205 msecs (HTTP/1.1 204) 2 headers in 112 bytes (1 switches on core 0) [pid: 8|app: 0|req: 751/1436] 10.0.0.154 () {32 vars in 740 bytes} [Fri Aug 21 23:36:35 2026] DELETE /v2.0/security-groups/b8b62f91-b29d-4c06-b3e0-38f44919b836 => generated 0 bytes in 224 msecs (HTTP/1.1 204) 2 headers in 112 bytes (1 switches on core 0) [pid: 8|app: 0|req: 752/1437] 10.0.0.154 () {32 vars in 774 bytes} [Fri Aug 21 23:36:35 2026] GET /v2.0/security-groups?tenant_id=7a2e24c7f4654702999e8db9c9f84d96&name=default => generated 2925 bytes in 194 msecs (HTTP/1.1 200) 4 headers in 158 bytes (1 switches on core 0) [pid: 7|app: 0|req: 686/1438] 10.0.0.154 () {34 vars in 789 bytes} [Fri Aug 21 23:36:35 2026] PUT /v2.0/routers/a2bdb87b-392d-4917-b71a-3947ce60ba22/remove_router_interface => generated 309 bytes in 872 msecs (HTTP/1.1 200) 4 headers in 157 bytes (1 switches on core 0) /var/lib/openstack/lib/python3.12/site-packages/pycadf/identifier.py:70: UserWarning: Invalid uuid: neutron. To ensure interoperability, identifiers should be a valid uuid. warnings.warn(('Invalid uuid: %s. To ensure interoperability, ' [pid: 8|app: 0|req: 753/1439] 10.0.0.154 () {32 vars in 740 bytes} [Fri Aug 21 23:36:35 2026] DELETE /v2.0/security-groups/917d86bc-86b6-434d-9256-fbe3eee1ad07 => generated 0 bytes in 255 msecs (HTTP/1.1 204) 2 headers in 112 bytes (1 switches on core 0)
2026-08-21 23:36:36.464 7 INFO neutron_taas.services.taas.taas_plugin [None req-8bf33bc3-688f-4517-a2cc-61bd920ea734 be6a2841a7eb40609209c4a95acfb8c2 fe9d206770d145b49ec325669788672b - - default default] TaaS: Handle Delete Port: 225c9797-1af6-4eed-989b-667cfa7241cc
2026-08-21 23:36:36.467 7 INFO neutron_taas.services.taas.tap_mirror_plugin [None req-8bf33bc3-688f-4517-a2cc-61bd920ea734 be6a2841a7eb40609209c4a95acfb8c2 fe9d206770d145b49ec325669788672b - - default default] Tap Mirror: Handle Delete Port: 225c9797-1af6-4eed-989b-667cfa7241cc
2026-08-21 23:36:36.830 8 INFO neutron.services.segments.plugin [-] Segment 60c01c51-ced4-411b-bb06-e24647adcebb resource provider aggregate not found
2026-08-21 23:36:36.838 8 INFO neutron.services.segments.plugin [-] Segment 60c01c51-ced4-411b-bb06-e24647adcebb resource provider aggregate not found
2026-08-21 23:36:36.850 8 INFO neutron.services.segments.plugin [-] Client error retrieving segment 60c01c51-ced4-411b-bb06-e24647adcebb resource provider; error: Placement Client Error (4xx): {"errors": [{"status": 404, "title": "Not Found", "detail": "The resource could not be found.\n\n No resource provider with uuid 60c01c51-ced4-411b-bb06-e24647adcebb found for delete ", "request_id": "req-f8ed3a19-9e56-4887-882c-8cd276e135ec"}]}
2026-08-21 23:36:36.852 8 INFO neutron.services.segments.plugin [-] Client error retrieving segment 60c01c51-ced4-411b-bb06-e24647adcebb resource provider; error: Placement Client Error (4xx): {"errors": [{"status": 404, "title": "Not Found", "detail": "The resource could not be found.\n\n No resource provider with uuid 60c01c51-ced4-411b-bb06-e24647adcebb found for delete ", "request_id": "req-a3ab54a5-f11f-49bb-8352-e2ac7a81a3a3"}]} [pid: 7|app: 0|req: 687/1440] 10.0.0.154 () {32 vars in 724 bytes} [Fri Aug 21 23:36:36 2026] DELETE /v2.0/routers/a2bdb87b-392d-4917-b71a-3947ce60ba22 => generated 0 bytes in 1399 msecs (HTTP/1.1 204) 2 headers in 112 bytes (1 switches on core 0)
2026-08-21 23:36:37.499 8 INFO neutron.db.ovn_revision_numbers_db [None req-7fae2e21-c726-4460-874b-4f37e521fd3e 24152ccdb39d4b54bf7b5a810217d94f cea8ecd544864b5097690c8470d77ab0 - - default default] Successfully bumped revision number for resource 5594571c-4250-4015-b676-4cd2b3fc8b7c (type: security_groups) to 1
2026-08-21 23:36:37.515 8 INFO neutron.db.ovn_revision_numbers_db [None req-7fae2e21-c726-4460-874b-4f37e521fd3e 24152ccdb39d4b54bf7b5a810217d94f cea8ecd544864b5097690c8470d77ab0 - - default default] Successfully bumped revision number for resource 2dfb8af6-b009-413e-96e3-1361433b905a (type: security_group_rules) to 0
2026-08-21 23:36:37.528 8 INFO neutron.db.ovn_revision_numbers_db [None req-7fae2e21-c726-4460-874b-4f37e521fd3e 24152ccdb39d4b54bf7b5a810217d94f cea8ecd544864b5097690c8470d77ab0 - - default default] Successfully bumped revision number for resource 47ffad34-c079-43cf-86f7-8c789dc68851 (type: security_group_rules) to 0
2026-08-21 23:36:37.538 8 INFO neutron.db.ovn_revision_numbers_db [None req-7fae2e21-c726-4460-874b-4f37e521fd3e 24152ccdb39d4b54bf7b5a810217d94f cea8ecd544864b5097690c8470d77ab0 - - default default] Successfully bumped revision number for resource 4d64feaf-d489-4623-9def-21d0652d7c34 (type: security_group_rules) to 0
2026-08-21 23:36:37.552 8 INFO neutron.db.ovn_revision_numbers_db [None req-7fae2e21-c726-4460-874b-4f37e521fd3e 24152ccdb39d4b54bf7b5a810217d94f cea8ecd544864b5097690c8470d77ab0 - - default default] Successfully bumped revision number for resource 73e51fba-9ee4-4b6a-bd1f-cd87186c740a (type: security_group_rules) to 0
2026-08-21 23:36:37.679 8 INFO neutron.db.ovn_revision_numbers_db [None req-7fae2e21-c726-4460-874b-4f37e521fd3e 24152ccdb39d4b54bf7b5a810217d94f cea8ecd544864b5097690c8470d77ab0 - - default default] Successfully bumped revision number for resource 24f28f2e-4a5e-4440-8861-4047783fbe35 (type: security_groups) to 1
2026-08-21 23:36:37.691 8 INFO neutron.db.ovn_revision_numbers_db [None req-7fae2e21-c726-4460-874b-4f37e521fd3e 24152ccdb39d4b54bf7b5a810217d94f cea8ecd544864b5097690c8470d77ab0 - - default default] Successfully bumped revision number for resource 072774e4-2602-4257-ba92-c8741a9c9b95 (type: security_group_rules) to 0
2026-08-21 23:36:37.702 8 INFO neutron.db.ovn_revision_numbers_db [None req-7fae2e21-c726-4460-874b-4f37e521fd3e 24152ccdb39d4b54bf7b5a810217d94f cea8ecd544864b5097690c8470d77ab0 - - default default] Successfully bumped revision number for resource 6a0fba17-6b4a-4901-acd1-2109b65737e8 (type: security_group_rules) to 0 [pid: 8|app: 0|req: 754/1441] 10.0.0.154 () {34 vars in 684 bytes} [Fri Aug 21 23:36:37 2026] POST /v2.0/security-groups => generated 1625 bytes in 516 msecs (HTTP/1.1 201) 4 headers in 163 bytes (1 switches on core 0)
2026-08-21 23:36:37.746 7 INFO neutron.db.ovn_revision_numbers_db [None req-17e29c37-b406-4b2f-b6e5-48bb7a5adf45 1503f21467094f4885f8ecbef0028956 292bafd1dfb8413c85b38f5b3e143f77 - - default default] Successfully bumped revision number for resource 51d5c68d-3293-44bf-8d94-c1150a7165a9 (type: security_groups) to 1
2026-08-21 23:36:37.755 7 INFO neutron.db.ovn_revision_numbers_db [None req-17e29c37-b406-4b2f-b6e5-48bb7a5adf45 1503f21467094f4885f8ecbef0028956 292bafd1dfb8413c85b38f5b3e143f77 - - default default] Successfully bumped revision number for resource 0c19e2e1-5c49-4574-b9ad-21d0b32f80d0 (type: security_group_rules) to 0
2026-08-21 23:36:37.766 7 INFO neutron.db.ovn_revision_numbers_db [None req-17e29c37-b406-4b2f-b6e5-48bb7a5adf45 1503f21467094f4885f8ecbef0028956 292bafd1dfb8413c85b38f5b3e143f77 - - default default] Successfully bumped revision number for resource 5728d15f-af08-467d-93ff-d882d65944d1 (type: security_group_rules) to 0
2026-08-21 23:36:37.777 7 INFO neutron.db.ovn_revision_numbers_db [None req-17e29c37-b406-4b2f-b6e5-48bb7a5adf45 1503f21467094f4885f8ecbef0028956 292bafd1dfb8413c85b38f5b3e143f77 - - default default] Successfully bumped revision number for resource 6367a429-44b6-41f0-a6ec-c68fbc55c4da (type: security_group_rules) to 0
2026-08-21 23:36:37.789 7 INFO neutron.db.ovn_revision_numbers_db [None req-17e29c37-b406-4b2f-b6e5-48bb7a5adf45 1503f21467094f4885f8ecbef0028956 292bafd1dfb8413c85b38f5b3e143f77 - - default default] Successfully bumped revision number for resource ab0509c5-cad6-4e28-9c33-2bc67fe1cefc (type: security_group_rules) to 0 [pid: 8|app: 0|req: 755/1442] 10.0.0.154 () {32 vars in 724 bytes} [Fri Aug 21 23:36:37 2026] DELETE /v2.0/subnets/ad06e7ff-1210-45dd-a3fc-1528206492aa => generated 0 bytes in 151 msecs (HTTP/1.1 204) 3 headers in 131 bytes (1 switches on core 0)
2026-08-21 23:36:37.898 7 INFO neutron.db.ovn_revision_numbers_db [None req-17e29c37-b406-4b2f-b6e5-48bb7a5adf45 1503f21467094f4885f8ecbef0028956 292bafd1dfb8413c85b38f5b3e143f77 - - default default] Successfully bumped revision number for resource 84454f38-4683-4da3-b876-8e92ec833fe5 (type: security_groups) to 1
2026-08-21 23:36:37.914 7 INFO neutron.db.ovn_revision_numbers_db [None req-17e29c37-b406-4b2f-b6e5-48bb7a5adf45 1503f21467094f4885f8ecbef0028956 292bafd1dfb8413c85b38f5b3e143f77 - - default default] Successfully bumped revision number for resource a8299468-e407-4a6c-a53d-4cecf267c349 (type: security_group_rules) to 0
2026-08-21 23:36:37.937 7 INFO neutron.db.ovn_revision_numbers_db [None req-17e29c37-b406-4b2f-b6e5-48bb7a5adf45 1503f21467094f4885f8ecbef0028956 292bafd1dfb8413c85b38f5b3e143f77 - - default default] Successfully bumped revision number for resource faf559f8-51f1-486c-9339-fb29d3ff943f (type: security_group_rules) to 0 [pid: 8|app: 0|req: 756/1443] 10.0.0.154 () {32 vars in 663 bytes} [Fri Aug 21 23:36:37 2026] GET /v2.0/security-groups => generated 4530 bytes in 50 msecs (HTTP/1.1 200) 4 headers in 158 bytes (1 switches on core 0) [pid: 7|app: 0|req: 688/1444] 10.0.0.154 () {34 vars in 684 bytes} [Fri Aug 21 23:36:37 2026] POST /v2.0/security-groups => generated 1624 bytes in 516 msecs (HTTP/1.1 201) 4 headers in 163 bytes (1 switches on core 0)
2026-08-21 23:36:38.113 7 INFO neutron_taas.services.taas.taas_plugin [None req-cd08675d-d5b5-4979-a766-c1cdfcf42ff1 be6a2841a7eb40609209c4a95acfb8c2 fe9d206770d145b49ec325669788672b - - default default] TaaS: Handle Delete Port: e2312d7b-fd69-4464-bade-e02342d5c76e
2026-08-21 23:36:38.118 8 INFO neutron.db.ovn_revision_numbers_db [None req-5de69bd1-9ade-4e8e-9512-c31c6e32f20c 3288a60305fd403888f368c49168961d c0cbaf38f1694ecaa931d7c4dfd7a5c6 - - default default] Successfully bumped revision number for resource a052cf53-b10b-433a-b213-b2ddc8cde8d8 (type: security_groups) to 1
2026-08-21 23:36:38.118 7 INFO neutron_taas.services.taas.tap_mirror_plugin [None req-cd08675d-d5b5-4979-a766-c1cdfcf42ff1 be6a2841a7eb40609209c4a95acfb8c2 fe9d206770d145b49ec325669788672b - - default default] Tap Mirror: Handle Delete Port: e2312d7b-fd69-4464-bade-e02342d5c76e
2026-08-21 23:36:38.129 8 INFO neutron.db.ovn_revision_numbers_db [None req-5de69bd1-9ade-4e8e-9512-c31c6e32f20c 3288a60305fd403888f368c49168961d c0cbaf38f1694ecaa931d7c4dfd7a5c6 - - default default] Successfully bumped revision number for resource 04bcf357-02ea-464f-8173-4f40e540e582 (type: security_group_rules) to 0
2026-08-21 23:36:38.138 8 INFO neutron.db.ovn_revision_numbers_db [None req-5de69bd1-9ade-4e8e-9512-c31c6e32f20c 3288a60305fd403888f368c49168961d c0cbaf38f1694ecaa931d7c4dfd7a5c6 - - default default] Successfully bumped revision number for resource 492f29ff-18d4-488c-afb6-7328a9119d1b (type: security_group_rules) to 0
2026-08-21 23:36:38.151 8 INFO neutron.db.ovn_revision_numbers_db [None req-5de69bd1-9ade-4e8e-9512-c31c6e32f20c 3288a60305fd403888f368c49168961d c0cbaf38f1694ecaa931d7c4dfd7a5c6 - - default default] Successfully bumped revision number for resource cf6dc2f0-f1ea-46ae-8707-196e769ebd83 (type: security_group_rules) to 0
2026-08-21 23:36:38.163 8 INFO neutron.db.ovn_revision_numbers_db [None req-5de69bd1-9ade-4e8e-9512-c31c6e32f20c 3288a60305fd403888f368c49168961d c0cbaf38f1694ecaa931d7c4dfd7a5c6 - - default default] Successfully bumped revision number for resource ee139777-25fd-40e0-94c8-c3b4689a3685 (type: security_group_rules) to 0
2026-08-21 23:36:38.252 8 INFO neutron.db.segments_db [None req-5de69bd1-9ade-4e8e-9512-c31c6e32f20c 3288a60305fd403888f368c49168961d c0cbaf38f1694ecaa931d7c4dfd7a5c6 - - default default] Added segment 96b2b6c5-f154-42ac-b4f8-2f2f530d25e3 of type geneve for network 565f8584-e38a-4c07-aa8d-24091910054c
2026-08-21 23:36:38.300 7 INFO neutron.services.segments.plugin [-] Segment a1ef0442-121b-4442-98d1-dfb0f306ad81 resource provider aggregate not found
2026-08-21 23:36:38.304 7 INFO neutron.services.segments.plugin [-] Segment a1ef0442-121b-4442-98d1-dfb0f306ad81 resource provider aggregate not found
2026-08-21 23:36:38.318 7 INFO neutron.services.segments.plugin [-] Client error retrieving segment a1ef0442-121b-4442-98d1-dfb0f306ad81 resource provider; error: Placement Client Error (4xx): {"errors": [{"status": 404, "title": "Not Found", "detail": "The resource could not be found.\n\n No resource provider with uuid a1ef0442-121b-4442-98d1-dfb0f306ad81 found for delete ", "request_id": "req-bb42d0b5-14c0-47da-a6db-b13d0a066e9e"}]}
2026-08-21 23:36:38.327 7 INFO neutron.services.segments.plugin [-] Client error retrieving segment a1ef0442-121b-4442-98d1-dfb0f306ad81 resource provider; error: Placement Client Error (4xx): {"errors": [{"status": 404, "title": "Not Found", "detail": "The resource could not be found.\n\n No resource provider with uuid a1ef0442-121b-4442-98d1-dfb0f306ad81 found for delete ", "request_id": "req-491f987b-b7f6-44c2-9f9f-4040309683e1"}]} [pid: 7|app: 0|req: 689/1445] 10.0.0.154 () {32 vars in 726 bytes} [Fri Aug 21 23:36:37 2026] DELETE /v2.0/networks/ad9347c8-4467-406c-bd8d-57dfbd695348 => generated 0 bytes in 368 msecs (HTTP/1.1 204) 3 headers in 131 bytes (1 switches on core 0)
2026-08-21 23:36:38.364 8 INFO neutron.db.ovn_revision_numbers_db [None req-5de69bd1-9ade-4e8e-9512-c31c6e32f20c 3288a60305fd403888f368c49168961d c0cbaf38f1694ecaa931d7c4dfd7a5c6 - - default default] Successfully bumped revision number for resource 565f8584-e38a-4c07-aa8d-24091910054c (type: networks) to 1
2026-08-21 23:36:38.408 7 INFO neutron.db.ovn_revision_numbers_db [None req-feac68cd-9949-4445-b469-ef1997eccb3b 24152ccdb39d4b54bf7b5a810217d94f cea8ecd544864b5097690c8470d77ab0 - - default default] Successfully bumped revision number for resource 24f28f2e-4a5e-4440-8861-4047783fbe35 (type: security_groups) to 2 [pid: 7|app: 0|req: 690/1446] 10.0.0.154 () {34 vars in 758 bytes} [Fri Aug 21 23:36:38 2026] PUT /v2.0/security-groups/24f28f2e-4a5e-4440-8861-4047783fbe35 => generated 1663 bytes in 87 msecs (HTTP/1.1 200) 4 headers in 158 bytes (1 switches on core 0) [pid: 7|app: 0|req: 691/1447] 10.0.0.154 () {32 vars in 663 bytes} [Fri Aug 21 23:36:38 2026] GET /v2.0/security-groups => generated 4529 bytes in 38 msecs (HTTP/1.1 200) 4 headers in 158 bytes (1 switches on core 0) [pid: 7|app: 0|req: 692/1448] 10.0.0.154 () {32 vars in 737 bytes} [Fri Aug 21 23:36:38 2026] GET /v2.0/security-groups/24f28f2e-4a5e-4440-8861-4047783fbe35 => generated 1663 bytes in 19 msecs (HTTP/1.1 200) 4 headers in 158 bytes (1 switches on core 0)
2026-08-21 23:36:38.554 7 INFO neutron.db.ovn_revision_numbers_db [None req-95147421-0604-4ed6-9c3f-011a54388e28 1503f21467094f4885f8ecbef0028956 292bafd1dfb8413c85b38f5b3e143f77 - - default default] Successfully bumped revision number for resource 84454f38-4683-4da3-b876-8e92ec833fe5 (type: security_groups) to 2
2026-08-21 23:36:38.565 8 WARNING neutron.scheduler.dhcp_agent_scheduler [None req-5de69bd1-9ade-4e8e-9512-c31c6e32f20c 3288a60305fd403888f368c49168961d c0cbaf38f1694ecaa931d7c4dfd7a5c6 - - default default] No more DHCP agents
2026-08-21 23:36:38.566 8 WARNING neutron.api.rpc.agentnotifiers.dhcp_rpc_agent_api [None req-5de69bd1-9ade-4e8e-9512-c31c6e32f20c 3288a60305fd403888f368c49168961d c0cbaf38f1694ecaa931d7c4dfd7a5c6 - - default default] Unable to schedule network 565f8584-e38a-4c07-aa8d-24091910054c: no agents available; will retry on subsequent port and subnet creation events. [pid: 7|app: 0|req: 693/1449] 10.0.0.154 () {34 vars in 758 bytes} [Fri Aug 21 23:36:38 2026] PUT /v2.0/security-groups/84454f38-4683-4da3-b876-8e92ec833fe5 => generated 1664 bytes in 81 msecs (HTTP/1.1 200) 4 headers in 158 bytes (1 switches on core 0) [pid: 7|app: 0|req: 694/1450] 10.0.0.154 () {32 vars in 774 bytes} [Fri Aug 21 23:36:38 2026] GET /v2.0/security-groups?tenant_id=1be885464c02413bbb279c57613f8a13&name=default => generated 2925 bytes in 26 msecs (HTTP/1.1 200) 4 headers in 158 bytes (1 switches on core 0)
2026-08-21 23:36:38.611 8 INFO neutron.plugins.ml2.drivers.ovn.mech_driver.mech_driver [None req-b5f14b04-6b9f-406b-bdcc-5c2de163fab1 - - - - - -] OVN reports status down for port: e3d58d0d-f495-4658-84fa-a51922dfaaf5
2026-08-21 23:36:38.677 8 INFO neutron.db.ovn_revision_numbers_db [None req-5de69bd1-9ade-4e8e-9512-c31c6e32f20c 3288a60305fd403888f368c49168961d c0cbaf38f1694ecaa931d7c4dfd7a5c6 - - default default] Successfully bumped revision number for resource e3d58d0d-f495-4658-84fa-a51922dfaaf5 (type: ports) to 1 [pid: 7|app: 0|req: 695/1451] 10.0.0.154 () {32 vars in 740 bytes} [Fri Aug 21 23:36:38 2026] DELETE /v2.0/security-groups/24f28f2e-4a5e-4440-8861-4047783fbe35 => generated 0 bytes in 125 msecs (HTTP/1.1 204) 2 headers in 112 bytes (1 switches on core 0) [pid: 8|app: 0|req: 757/1452] 10.0.0.154 () {34 vars in 670 bytes} [Fri Aug 21 23:36:37 2026] POST /v2.0/networks => generated 670 bytes in 782 msecs (HTTP/1.1 201) 4 headers in 162 bytes (1 switches on core 0) [pid: 7|app: 0|req: 696/1453] 10.0.0.154 () {32 vars in 737 bytes} [Fri Aug 21 23:36:38 2026] GET /v2.0/security-groups/84454f38-4683-4da3-b876-8e92ec833fe5 => generated 1664 bytes in 17 msecs (HTTP/1.1 200) 4 headers in 158 bytes (1 switches on core 0) [pid: 7|app: 0|req: 697/1454] 10.0.0.154 () {32 vars in 663 bytes} [Fri Aug 21 23:36:38 2026] GET /v2.0/security-groups => generated 2925 bytes in 26 msecs (HTTP/1.1 200) 4 headers in 158 bytes (1 switches on core 0)
2026-08-21 23:36:38.848 7 INFO neutron.db.segments_db [None req-6bbfd336-241b-4c8b-8643-67feae964d13 3288a60305fd403888f368c49168961d c0cbaf38f1694ecaa931d7c4dfd7a5c6 - - default default] Added segment 2e64f1b6-839b-4e48-aedb-1b7f5ed678d7 of type geneve for network fc7be565-9378-4290-809e-576f70e7be6e [pid: 8|app: 0|req: 758/1455] 10.0.0.154 () {32 vars in 740 bytes} [Fri Aug 21 23:36:38 2026] DELETE /v2.0/security-groups/0dac44b4-ff6f-4067-8f55-dc5c95357922 => generated 0 bytes in 204 msecs (HTTP/1.1 204) 2 headers in 112 bytes (1 switches on core 0)
2026-08-21 23:36:38.985 7 INFO neutron.db.ovn_revision_numbers_db [None req-6bbfd336-241b-4c8b-8643-67feae964d13 3288a60305fd403888f368c49168961d c0cbaf38f1694ecaa931d7c4dfd7a5c6 - - default default] Successfully bumped revision number for resource fc7be565-9378-4290-809e-576f70e7be6e (type: networks) to 1 [pid: 8|app: 0|req: 759/1456] 10.0.0.154 () {32 vars in 740 bytes} [Fri Aug 21 23:36:38 2026] DELETE /v2.0/security-groups/84454f38-4683-4da3-b876-8e92ec833fe5 => generated 0 bytes in 117 msecs (HTTP/1.1 204) 2 headers in 112 bytes (1 switches on core 0)
2026-08-21 23:36:39.055 8 INFO neutron.api.v2.resource [None req-e18edd0b-3696-4417-8f96-f76e793847e3 24152ccdb39d4b54bf7b5a810217d94f cea8ecd544864b5097690c8470d77ab0 - - default default] delete failed (client error): The resource could not be found. [pid: 8|app: 0|req: 760/1457] 10.0.0.154 () {32 vars in 740 bytes} [Fri Aug 21 23:36:39 2026] DELETE /v2.0/security-groups/24f28f2e-4a5e-4440-8861-4047783fbe35 => generated 146 bytes in 8 msecs (HTTP/1.1 404) 4 headers in 164 bytes (1 switches on core 0) [pid: 8|app: 0|req: 761/1458] 10.0.0.154 () {32 vars in 663 bytes} [Fri Aug 21 23:36:39 2026] GET /v2.0/security-groups => generated 2925 bytes in 24 msecs (HTTP/1.1 200) 4 headers in 158 bytes (1 switches on core 0)
2026-08-21 23:36:39.147 7 WARNING neutron.scheduler.dhcp_agent_scheduler [None req-6bbfd336-241b-4c8b-8643-67feae964d13 3288a60305fd403888f368c49168961d c0cbaf38f1694ecaa931d7c4dfd7a5c6 - - default default] No more DHCP agents
2026-08-21 23:36:39.149 7 WARNING neutron.api.rpc.agentnotifiers.dhcp_rpc_agent_api [None req-6bbfd336-241b-4c8b-8643-67feae964d13 3288a60305fd403888f368c49168961d c0cbaf38f1694ecaa931d7c4dfd7a5c6 - - default default] Unable to schedule network fc7be565-9378-4290-809e-576f70e7be6e: no agents available; will retry on subsequent port and subnet creation events.
2026-08-21 23:36:39.177 8 INFO neutron.db.ovn_revision_numbers_db [None req-7f481198-f3ea-4984-8057-d8fbcfa77611 24152ccdb39d4b54bf7b5a810217d94f cea8ecd544864b5097690c8470d77ab0 - - default default] Successfully bumped revision number for resource ce1f0c57-62f4-450e-a265-7a9a8b0610b0 (type: security_groups) to 1
2026-08-21 23:36:39.199 8 INFO neutron.plugins.ml2.drivers.ovn.mech_driver.mech_driver [None req-b5f14b04-6b9f-406b-bdcc-5c2de163fab1 - - - - - -] OVN reports status down for port: f3f04e0e-2733-4dd3-876b-c86710815797
2026-08-21 23:36:39.200 8 INFO neutron.db.ovn_revision_numbers_db [None req-7f481198-f3ea-4984-8057-d8fbcfa77611 24152ccdb39d4b54bf7b5a810217d94f cea8ecd544864b5097690c8470d77ab0 - - default default] Successfully bumped revision number for resource 594cf900-e41b-4243-bfdd-6d2ec71e33d2 (type: security_group_rules) to 0
2026-08-21 23:36:39.225 8 INFO neutron.db.ovn_revision_numbers_db [None req-7f481198-f3ea-4984-8057-d8fbcfa77611 24152ccdb39d4b54bf7b5a810217d94f cea8ecd544864b5097690c8470d77ab0 - - default default] Successfully bumped revision number for resource ff2655f7-dc8d-4cb0-956b-aadb74a32d6e (type: security_group_rules) to 0
2026-08-21 23:36:39.231 7 INFO neutron.db.ovn_revision_numbers_db [None req-6bbfd336-241b-4c8b-8643-67feae964d13 3288a60305fd403888f368c49168961d c0cbaf38f1694ecaa931d7c4dfd7a5c6 - - default default] Successfully bumped revision number for resource f3f04e0e-2733-4dd3-876b-c86710815797 (type: ports) to 1 [pid: 7|app: 0|req: 698/1459] 10.0.0.154 () {34 vars in 670 bytes} [Fri Aug 21 23:36:38 2026] POST /v2.0/networks => generated 671 bytes in 491 msecs (HTTP/1.1 201) 4 headers in 162 bytes (1 switches on core 0)
2026-08-21 23:36:39.272 7 INFO neutron.api.v2.resource [None req-0582cfd0-9470-4b0f-8a4a-c98572552f78 1503f21467094f4885f8ecbef0028956 292bafd1dfb8413c85b38f5b3e143f77 - - default default] delete failed (client error): The resource could not be found. [pid: 7|app: 0|req: 699/1460] 10.0.0.154 () {32 vars in 740 bytes} [Fri Aug 21 23:36:39 2026] DELETE /v2.0/security-groups/84454f38-4683-4da3-b876-8e92ec833fe5 => generated 146 bytes in 12 msecs (HTTP/1.1 404) 4 headers in 164 bytes (1 switches on core 0) [pid: 8|app: 0|req: 762/1461] 10.0.0.154 () {34 vars in 684 bytes} [Fri Aug 21 23:36:39 2026] POST /v2.0/security-groups => generated 1625 bytes in 203 msecs (HTTP/1.1 201) 4 headers in 163 bytes (1 switches on core 0)
2026-08-21 23:36:39.418 8 INFO neutron.db.ovn_revision_numbers_db [None req-65b918d7-4052-439f-9664-25284f1f2d9a 1503f21467094f4885f8ecbef0028956 292bafd1dfb8413c85b38f5b3e143f77 - - default default] Successfully bumped revision number for resource fd7014c0-7286-42df-9268-d85b869acf2f (type: security_groups) to 1
2026-08-21 23:36:39.433 8 INFO neutron.db.ovn_revision_numbers_db [None req-65b918d7-4052-439f-9664-25284f1f2d9a 1503f21467094f4885f8ecbef0028956 292bafd1dfb8413c85b38f5b3e143f77 - - default default] Successfully bumped revision number for resource 02d60b68-811e-44eb-8f33-d7ab6c93bc14 (type: security_group_rules) to 0
2026-08-21 23:36:39.445 8 INFO neutron.db.ovn_revision_numbers_db [None req-65b918d7-4052-439f-9664-25284f1f2d9a 1503f21467094f4885f8ecbef0028956 292bafd1dfb8413c85b38f5b3e143f77 - - default default] Successfully bumped revision number for resource 50927c09-bd52-42b7-9ce2-e7136aa1b51f (type: security_group_rules) to 0
2026-08-21 23:36:39.464 7 WARNING neutron.scheduler.dhcp_agent_scheduler [None req-0af68c1b-2d76-4dfc-ab2e-83fba878e7a2 3288a60305fd403888f368c49168961d c0cbaf38f1694ecaa931d7c4dfd7a5c6 - - default default] No more DHCP agents
2026-08-21 23:36:39.465 7 WARNING neutron.api.rpc.agentnotifiers.dhcp_rpc_agent_api [None req-0af68c1b-2d76-4dfc-ab2e-83fba878e7a2 3288a60305fd403888f368c49168961d c0cbaf38f1694ecaa931d7c4dfd7a5c6 - - default default] Unable to schedule network 565f8584-e38a-4c07-aa8d-24091910054c: no agents available; will retry on subsequent port and subnet creation events. [pid: 8|app: 0|req: 763/1462] 10.0.0.154 () {34 vars in 684 bytes} [Fri Aug 21 23:36:39 2026] POST /v2.0/security-groups => generated 1625 bytes in 201 msecs (HTTP/1.1 201) 4 headers in 163 bytes (1 switches on core 0)
2026-08-21 23:36:39.494 7 INFO neutron.db.ovn_revision_numbers_db [None req-0af68c1b-2d76-4dfc-ab2e-83fba878e7a2 3288a60305fd403888f368c49168961d c0cbaf38f1694ecaa931d7c4dfd7a5c6 - - default default] Successfully bumped revision number for resource 57a7e9fe-8464-4ef2-8b25-24b991d006ad (type: subnets) to 0 [pid: 7|app: 0|req: 700/1463] 10.0.0.154 () {34 vars in 669 bytes} [Fri Aug 21 23:36:39 2026] POST /v2.0/subnets => generated 646 bytes in 239 msecs (HTTP/1.1 201) 4 headers in 162 bytes (1 switches on core 0)
2026-08-21 23:36:39.601 8 INFO neutron.db.ovn_revision_numbers_db [None req-20a96cdc-a1eb-42e2-9d81-00c070813db8 24152ccdb39d4b54bf7b5a810217d94f cea8ecd544864b5097690c8470d77ab0 - - default default] Successfully bumped revision number for resource 7c99ef84-f49e-4100-870c-e7b5c1db7924 (type: security_group_rules) to 0 [pid: 8|app: 0|req: 764/1464] 10.0.0.154 () {34 vars in 695 bytes} [Fri Aug 21 23:36:39 2026] POST /v2.0/security-group-rules => generated 601 bytes in 147 msecs (HTTP/1.1 201) 4 headers in 162 bytes (1 switches on core 0)
2026-08-21 23:36:39.635 7 INFO neutron.db.ovn_revision_numbers_db [None req-649ff001-093b-4d3f-89aa-f2f133a74750 1503f21467094f4885f8ecbef0028956 292bafd1dfb8413c85b38f5b3e143f77 - - default default] Successfully bumped revision number for resource cf8e4ff5-f8fa-493a-8b0e-a229b7f73aa2 (type: security_group_rules) to 0 [pid: 7|app: 0|req: 701/1465] 10.0.0.154 () {34 vars in 695 bytes} [Fri Aug 21 23:36:39 2026] POST /v2.0/security-group-rules => generated 601 bytes in 153 msecs (HTTP/1.1 201) 4 headers in 162 bytes (1 switches on core 0) [pid: 7|app: 0|req: 702/1466] 10.0.0.154 () {32 vars in 747 bytes} [Fri Aug 21 23:36:39 2026] GET /v2.0/security-group-rules/7c99ef84-f49e-4100-870c-e7b5c1db7924 => generated 601 bytes in 27 msecs (HTTP/1.1 200) 4 headers in 157 bytes (1 switches on core 0) [pid: 7|app: 0|req: 703/1467] 10.0.0.154 () {32 vars in 747 bytes} [Fri Aug 21 23:36:39 2026] GET /v2.0/security-group-rules/cf8e4ff5-f8fa-493a-8b0e-a229b7f73aa2 => generated 601 bytes in 16 msecs (HTTP/1.1 200) 4 headers in 157 bytes (1 switches on core 0) [pid: 7|app: 0|req: 704/1468] 10.0.0.154 () {32 vars in 673 bytes} [Fri Aug 21 23:36:39 2026] GET /v2.0/security-group-rules => generated 4138 bytes in 67 msecs (HTTP/1.1 200) 4 headers in 158 bytes (1 switches on core 0)
2026-08-21 23:36:39.818 8 WARNING neutron.scheduler.dhcp_agent_scheduler [None req-4f6b684b-8049-4a0c-9548-2b3130b82917 3288a60305fd403888f368c49168961d c0cbaf38f1694ecaa931d7c4dfd7a5c6 - - default default] No more DHCP agents
2026-08-21 23:36:39.819 8 WARNING neutron.api.rpc.agentnotifiers.dhcp_rpc_agent_api [None req-4f6b684b-8049-4a0c-9548-2b3130b82917 3288a60305fd403888f368c49168961d c0cbaf38f1694ecaa931d7c4dfd7a5c6 - - default default] Unable to schedule network fc7be565-9378-4290-809e-576f70e7be6e: no agents available; will retry on subsequent port and subnet creation events. [pid: 7|app: 0|req: 705/1469] 10.0.0.154 () {32 vars in 673 bytes} [Fri Aug 21 23:36:39 2026] GET /v2.0/security-group-rules => generated 4138 bytes in 60 msecs (HTTP/1.1 200) 4 headers in 158 bytes (1 switches on core 0)
2026-08-21 23:36:39.849 8 INFO neutron.db.ovn_revision_numbers_db [None req-4f6b684b-8049-4a0c-9548-2b3130b82917 3288a60305fd403888f368c49168961d c0cbaf38f1694ecaa931d7c4dfd7a5c6 - - default default] Successfully bumped revision number for resource 4647ac86-e260-48a2-81e7-d5e0f713156f (type: subnets) to 0 [pid: 8|app: 0|req: 765/1470] 10.0.0.154 () {34 vars in 669 bytes} [Fri Aug 21 23:36:39 2026] POST /v2.0/subnets => generated 655 bytes in 234 msecs (HTTP/1.1 201) 4 headers in 162 bytes (1 switches on core 0) [pid: 7|app: 0|req: 706/1471] 10.0.0.154 () {32 vars in 750 bytes} [Fri Aug 21 23:36:39 2026] DELETE /v2.0/security-group-rules/7c99ef84-f49e-4100-870c-e7b5c1db7924 => generated 0 bytes in 152 msecs (HTTP/1.1 204) 2 headers in 112 bytes (1 switches on core 0) [pid: 8|app: 0|req: 766/1472] 10.0.0.154 () {32 vars in 750 bytes} [Fri Aug 21 23:36:39 2026] DELETE /v2.0/security-group-rules/cf8e4ff5-f8fa-493a-8b0e-a229b7f73aa2 => generated 0 bytes in 203 msecs (HTTP/1.1 204) 2 headers in 112 bytes (1 switches on core 0)
2026-08-21 23:36:40.109 7 INFO neutron.db.ovn_revision_numbers_db [None req-0ed1496d-2189-467e-af46-161dbb9741ab 3288a60305fd403888f368c49168961d c0cbaf38f1694ecaa931d7c4dfd7a5c6 - - default default] Successfully bumped revision number for resource f59d9906-ac5d-454d-99a2-3b6e1d1156b8 (type: routers) to 1 [pid: 7|app: 0|req: 707/1473] 10.0.0.154 () {34 vars in 669 bytes} [Fri Aug 21 23:36:39 2026] POST /v2.0/routers => generated 606 bytes in 137 msecs (HTTP/1.1 201) 4 headers in 162 bytes (1 switches on core 0) [pid: 8|app: 0|req: 767/1474] 10.0.0.154 () {32 vars in 673 bytes} [Fri Aug 21 23:36:40 2026] GET /v2.0/security-group-rules => generated 3560 bytes in 68 msecs (HTTP/1.1 200) 4 headers in 158 bytes (1 switches on core 0) [pid: 7|app: 0|req: 708/1475] 10.0.0.154 () {32 vars in 673 bytes} [Fri Aug 21 23:36:40 2026] GET /v2.0/security-group-rules => generated 3560 bytes in 48 msecs (HTTP/1.1 200) 4 headers in 158 bytes (1 switches on core 0)
2026-08-21 23:36:40.278 7 INFO neutron.db.ovn_revision_numbers_db [None req-4a3621a5-ac29-4987-b1a7-c7f7a1f7c6f3 24152ccdb39d4b54bf7b5a810217d94f cea8ecd544864b5097690c8470d77ab0 - - default default] Successfully bumped revision number for resource c685263e-23f5-442f-83bb-5e5b8628465b (type: security_group_rules) to 0 [pid: 7|app: 0|req: 709/1476] 10.0.0.154 () {34 vars in 695 bytes} [Fri Aug 21 23:36:40 2026] POST /v2.0/security-group-rules => generated 601 bytes in 143 msecs (HTTP/1.1 201) 4 headers in 162 bytes (1 switches on core 0)
2026-08-21 23:36:40.440 8 WARNING neutron.scheduler.dhcp_agent_scheduler [None req-25a16db4-66aa-41be-8417-11775721fcb7 3288a60305fd403888f368c49168961d c0cbaf38f1694ecaa931d7c4dfd7a5c6 - - default default] No more DHCP agents
2026-08-21 23:36:40.440 7 INFO neutron.db.ovn_revision_numbers_db [None req-7dd52bd8-74e9-4aa5-a787-aff0f7942d3c 1503f21467094f4885f8ecbef0028956 292bafd1dfb8413c85b38f5b3e143f77 - - default default] Successfully bumped revision number for resource e351cd88-104d-4ce8-acd6-2f21166f1d54 (type: security_group_rules) to 0
2026-08-21 23:36:40.441 8 WARNING neutron.api.rpc.agentnotifiers.dhcp_rpc_agent_api [None req-25a16db4-66aa-41be-8417-11775721fcb7 3288a60305fd403888f368c49168961d c0cbaf38f1694ecaa931d7c4dfd7a5c6 - - default default] Unable to schedule network 565f8584-e38a-4c07-aa8d-24091910054c: no agents available; will retry on subsequent port and subnet creation events. [pid: 7|app: 0|req: 710/1477] 10.0.0.154 () {34 vars in 695 bytes} [Fri Aug 21 23:36:40 2026] POST /v2.0/security-group-rules => generated 601 bytes in 147 msecs (HTTP/1.1 201) 4 headers in 162 bytes (1 switches on core 0) [pid: 7|app: 0|req: 711/1478] 10.0.0.154 () {32 vars in 747 bytes} [Fri Aug 21 23:36:40 2026] GET /v2.0/security-group-rules/c685263e-23f5-442f-83bb-5e5b8628465b => generated 601 bytes in 14 msecs (HTTP/1.1 200) 4 headers in 157 bytes (1 switches on core 0) [pid: 7|app: 0|req: 712/1479] 10.0.0.154 () {32 vars in 747 bytes} [Fri Aug 21 23:36:40 2026] GET /v2.0/security-group-rules/e351cd88-104d-4ce8-acd6-2f21166f1d54 => generated 601 bytes in 9 msecs (HTTP/1.1 200) 4 headers in 157 bytes (1 switches on core 0)
2026-08-21 23:36:40.504 8 INFO neutron.plugins.ml2.drivers.ovn.mech_driver.mech_driver [None req-b5f14b04-6b9f-406b-bdcc-5c2de163fab1 - - - - - -] OVN reports status down for port: b508b376-75e0-4d24-803b-a53766d69e3a [pid: 7|app: 0|req: 713/1480] 10.0.0.154 () {32 vars in 673 bytes} [Fri Aug 21 23:36:40 2026] GET /v2.0/security-group-rules => generated 4138 bytes in 75 msecs (HTTP/1.1 200) 4 headers in 158 bytes (1 switches on core 0)
2026-08-21 23:36:40.568 8 INFO neutron.db.ovn_revision_numbers_db [None req-25a16db4-66aa-41be-8417-11775721fcb7 3288a60305fd403888f368c49168961d c0cbaf38f1694ecaa931d7c4dfd7a5c6 - - default default] Successfully bumped revision number for resource b508b376-75e0-4d24-803b-a53766d69e3a (type: ports) to 1 [pid: 7|app: 0|req: 714/1481] 10.0.0.154 () {32 vars in 673 bytes} [Fri Aug 21 23:36:40 2026] GET /v2.0/security-group-rules => generated 4138 bytes in 59 msecs (HTTP/1.1 200) 4 headers in 158 bytes (1 switches on core 0) [pid: 7|app: 0|req: 715/1482] 10.0.0.154 () {32 vars in 750 bytes} [Fri Aug 21 23:36:40 2026] DELETE /v2.0/security-group-rules/c685263e-23f5-442f-83bb-5e5b8628465b => generated 0 bytes in 106 msecs (HTTP/1.1 204) 2 headers in 112 bytes (1 switches on core 0)
2026-08-21 23:36:41.011 7 INFO neutron.db.ovn_revision_numbers_db [None req-53e0828b-e066-432a-a279-677ed6305c11 be6a2841a7eb40609209c4a95acfb8c2 fe9d206770d145b49ec325669788672b - - default default] Successfully bumped revision number for resource 11099ce2-4acd-45dc-9001-fd5eb54ba73e (type: security_groups) to 1
2026-08-21 23:36:41.024 7 INFO neutron.db.ovn_revision_numbers_db [None req-53e0828b-e066-432a-a279-677ed6305c11 be6a2841a7eb40609209c4a95acfb8c2 fe9d206770d145b49ec325669788672b - - default default] Successfully bumped revision number for resource 3f636916-498a-41fd-9970-b7da6b1bbe92 (type: security_group_rules) to 0
2026-08-21 23:36:41.035 7 INFO neutron.db.ovn_revision_numbers_db [None req-53e0828b-e066-432a-a279-677ed6305c11 be6a2841a7eb40609209c4a95acfb8c2 fe9d206770d145b49ec325669788672b - - default default] Successfully bumped revision number for resource 87e6a172-c0e3-4a3a-a4ae-7b71c953e0fd (type: security_group_rules) to 0
2026-08-21 23:36:41.049 7 INFO neutron.db.ovn_revision_numbers_db [None req-53e0828b-e066-432a-a279-677ed6305c11 be6a2841a7eb40609209c4a95acfb8c2 fe9d206770d145b49ec325669788672b - - default default] Successfully bumped revision number for resource 9f3edf26-74e4-4763-b4a9-92e70f1ee80b (type: security_group_rules) to 0
2026-08-21 23:36:41.061 7 INFO neutron.db.ovn_revision_numbers_db [None req-53e0828b-e066-432a-a279-677ed6305c11 be6a2841a7eb40609209c4a95acfb8c2 fe9d206770d145b49ec325669788672b - - default default] Successfully bumped revision number for resource e3d8b1f9-dbac-4cbb-9e1f-3f733a46156f (type: security_group_rules) to 0
2026-08-21 23:36:41.125 7 INFO neutron.db.segments_db [None req-53e0828b-e066-432a-a279-677ed6305c11 be6a2841a7eb40609209c4a95acfb8c2 fe9d206770d145b49ec325669788672b - - default default] Added segment 2fc115c4-5908-40b0-bcf7-9401da8de2ca of type geneve for network 7166ce73-3ef4-4629-a939-a884e73c5d61
2026-08-21 23:36:41.225 7 INFO neutron.db.ovn_revision_numbers_db [None req-53e0828b-e066-432a-a279-677ed6305c11 be6a2841a7eb40609209c4a95acfb8c2 fe9d206770d145b49ec325669788672b - - default default] Successfully bumped revision number for resource 7166ce73-3ef4-4629-a939-a884e73c5d61 (type: networks) to 1
2026-08-21 23:36:41.371 7 WARNING neutron.scheduler.dhcp_agent_scheduler [None req-53e0828b-e066-432a-a279-677ed6305c11 be6a2841a7eb40609209c4a95acfb8c2 fe9d206770d145b49ec325669788672b - - default default] No more DHCP agents
2026-08-21 23:36:41.372 7 WARNING neutron.api.rpc.agentnotifiers.dhcp_rpc_agent_api [None req-53e0828b-e066-432a-a279-677ed6305c11 be6a2841a7eb40609209c4a95acfb8c2 fe9d206770d145b49ec325669788672b - - default default] Unable to schedule network 7166ce73-3ef4-4629-a939-a884e73c5d61: no agents available; will retry on subsequent port and subnet creation events.
2026-08-21 23:36:41.426 7 INFO neutron.plugins.ml2.drivers.ovn.mech_driver.mech_driver [None req-17d63519-37e2-407a-a900-c4f5f7f913a7 - - - - - -] OVN reports status down for port: 6e8970dc-7f71-4f8b-a00f-0aadb417b9c6
2026-08-21 23:36:41.489 7 INFO neutron.db.ovn_revision_numbers_db [None req-53e0828b-e066-432a-a279-677ed6305c11 be6a2841a7eb40609209c4a95acfb8c2 fe9d206770d145b49ec325669788672b - - default default] Successfully bumped revision number for resource 6e8970dc-7f71-4f8b-a00f-0aadb417b9c6 (type: ports) to 1 [pid: 7|app: 0|req: 716/1483] 10.0.0.154 () {34 vars in 671 bytes} [Fri Aug 21 23:36:40 2026] POST /v2.0/networks => generated 785 bytes in 806 msecs (HTTP/1.1 201) 4 headers in 162 bytes (1 switches on core 0) [pid: 7|app: 0|req: 717/1484] 10.0.0.154 () {32 vars in 750 bytes} [Fri Aug 21 23:36:41 2026] DELETE /v2.0/security-group-rules/e351cd88-104d-4ce8-acd6-2f21166f1d54 => generated 0 bytes in 107 msecs (HTTP/1.1 204) 2 headers in 112 bytes (1 switches on core 0)
2026-08-21 23:36:41.681 8 INFO neutron.plugins.ml2.drivers.ovn.mech_driver.mech_driver [None req-b5f14b04-6b9f-406b-bdcc-5c2de163fab1 - - - - - -] OVN reports status up for port: b508b376-75e0-4d24-803b-a53766d69e3a [pid: 7|app: 0|req: 718/1485] 10.0.0.154 () {32 vars in 673 bytes} [Fri Aug 21 23:36:41 2026] GET /v2.0/security-group-rules => generated 3560 bytes in 61 msecs (HTTP/1.1 200) 4 headers in 158 bytes (1 switches on core 0)
2026-08-21 23:36:41.713 8 INFO neutron.plugins.ml2.plugin [None req-b5f14b04-6b9f-406b-bdcc-5c2de163fab1 - - - - - -] Attempt 1 to provision port b508b376-75e0-4d24-803b-a53766d69e3a
2026-08-21 23:36:41.804 8 WARNING neutron.scheduler.dhcp_agent_scheduler [None req-25a16db4-66aa-41be-8417-11775721fcb7 3288a60305fd403888f368c49168961d c0cbaf38f1694ecaa931d7c4dfd7a5c6 - - default default] No more DHCP agents
2026-08-21 23:36:41.808 8 WARNING neutron.api.rpc.agentnotifiers.dhcp_rpc_agent_api [None req-25a16db4-66aa-41be-8417-11775721fcb7 3288a60305fd403888f368c49168961d c0cbaf38f1694ecaa931d7c4dfd7a5c6 - - default default] Unable to schedule network 565f8584-e38a-4c07-aa8d-24091910054c: no agents available; will retry on subsequent port and subnet creation events.
2026-08-21 23:36:41.843 7 WARNING neutron.scheduler.dhcp_agent_scheduler [None req-77b534be-d2db-4c63-a29c-b357d2097738 be6a2841a7eb40609209c4a95acfb8c2 fe9d206770d145b49ec325669788672b - - default default] No more DHCP agents
2026-08-21 23:36:41.844 7 WARNING neutron.api.rpc.agentnotifiers.dhcp_rpc_agent_api [None req-77b534be-d2db-4c63-a29c-b357d2097738 be6a2841a7eb40609209c4a95acfb8c2 fe9d206770d145b49ec325669788672b - - default default] Unable to schedule network 7166ce73-3ef4-4629-a939-a884e73c5d61: no agents available; will retry on subsequent port and subnet creation events.
2026-08-21 23:36:42.208 8 INFO neutron.db.ovn_revision_numbers_db [None req-25a16db4-66aa-41be-8417-11775721fcb7 3288a60305fd403888f368c49168961d c0cbaf38f1694ecaa931d7c4dfd7a5c6 - - default default] Successfully bumped revision number for resource b508b376-75e0-4d24-803b-a53766d69e3a (type: router_ports) to 1 [pid: 8|app: 0|req: 768/1486] 10.0.0.154 () {34 vars in 783 bytes} [Fri Aug 21 23:36:40 2026] PUT /v2.0/routers/f59d9906-ac5d-454d-99a2-3b6e1d1156b8/add_router_interface => generated 309 bytes in 2076 msecs (HTTP/1.1 200) 4 headers in 157 bytes (1 switches on core 0)
2026-08-21 23:36:42.321 7 INFO neutron.db.ovn_revision_numbers_db [None req-03392cd1-d4c1-441b-beaa-d7648f0e40e5 - - - - - -] Successfully bumped revision number for resource 6e8970dc-7f71-4f8b-a00f-0aadb417b9c6 (type: ports) to 2
2026-08-21 23:36:42.352 7 INFO neutron.db.ovn_revision_numbers_db [None req-03392cd1-d4c1-441b-beaa-d7648f0e40e5 - - - - - -] Successfully bumped revision number for resource 347bf32f-a4f1-4e00-a2ee-425d95a61de2 (type: subnets) to 0 [pid: 8|app: 0|req: 769/1487] 10.0.0.154 () {32 vars in 673 bytes} [Fri Aug 21 23:36:42 2026] GET /v2.0/security-group-rules => generated 3560 bytes in 148 msecs (HTTP/1.1 200) 4 headers in 158 bytes (1 switches on core 0) [pid: 7|app: 0|req: 719/1488] 10.0.0.154 () {34 vars in 669 bytes} [Fri Aug 21 23:36:41 2026] POST /v2.0/subnets => generated 691 bytes in 660 msecs (HTTP/1.1 201) 4 headers in 162 bytes (1 switches on core 0) [pid: 7|app: 0|req: 720/1489] 10.0.0.154 () {32 vars in 717 bytes} [Fri Aug 21 23:36:42 2026] GET /v2.0/ports/b508b376-75e0-4d24-803b-a53766d69e3a => generated 947 bytes in 36 msecs (HTTP/1.1 200) 4 headers in 157 bytes (1 switches on core 0)
2026-08-21 23:36:42.433 8 INFO neutron.db.ovn_revision_numbers_db [None req-b5f14b04-6b9f-406b-bdcc-5c2de163fab1 - - - - - -] Successfully bumped revision number for resource b508b376-75e0-4d24-803b-a53766d69e3a (type: ports) to 2
2026-08-21 23:36:42.441 7 INFO neutron.db.securitygroups_db [None req-accde961-4763-4145-b364-bf6307d2611a 1503f21467094f4885f8ecbef0028956 292bafd1dfb8413c85b38f5b3e143f77 - - default default] Project 292bafd1dfb8413c85b38f5b3e143f77 added a security group rule with legacy IPv6 ICMP protocol name icmp, ipv6-icmp should be used instead. It was automatically converted.
2026-08-21 23:36:42.532 7 INFO neutron.db.ovn_revision_numbers_db [None req-accde961-4763-4145-b364-bf6307d2611a 1503f21467094f4885f8ecbef0028956 292bafd1dfb8413c85b38f5b3e143f77 - - default default] Successfully bumped revision number for resource 4a18ffbb-da48-4c0d-8162-2bc897256e42 (type: security_group_rules) to 0 [pid: 7|app: 0|req: 721/1490] 10.0.0.154 () {34 vars in 695 bytes} [Fri Aug 21 23:36:42 2026] POST /v2.0/security-group-rules => generated 607 bytes in 155 msecs (HTTP/1.1 201) 4 headers in 162 bytes (1 switches on core 0)
2026-08-21 23:36:42.616 8 INFO neutron.db.ovn_revision_numbers_db [None req-56893af3-95b4-4548-9bce-acb1729c05c6 24152ccdb39d4b54bf7b5a810217d94f cea8ecd544864b5097690c8470d77ab0 - - default default] Successfully bumped revision number for resource 3f935042-b93c-40fd-8f45-59fd6489af75 (type: security_group_rules) to 0
2026-08-21 23:36:42.643 8 INFO neutron.db.ovn_revision_numbers_db [None req-68a34e2c-9709-435c-bafe-3976fb72b818 - - - - - -] Successfully bumped revision number for resource b508b376-75e0-4d24-803b-a53766d69e3a (type: router_ports) to 2 [pid: 8|app: 0|req: 770/1491] 10.0.0.154 () {34 vars in 695 bytes} [Fri Aug 21 23:36:42 2026] POST /v2.0/security-group-rules => generated 602 bytes in 315 msecs (HTTP/1.1 201) 4 headers in 162 bytes (1 switches on core 0)
2026-08-21 23:36:42.924 7 WARNING neutron.scheduler.dhcp_agent_scheduler [None req-e5d7a8a7-1834-40b0-bb7a-5a60b54aee66 be6a2841a7eb40609209c4a95acfb8c2 fe9d206770d145b49ec325669788672b - - default default] No more DHCP agents
2026-08-21 23:36:42.927 7 WARNING neutron.api.rpc.agentnotifiers.dhcp_rpc_agent_api [None req-e5d7a8a7-1834-40b0-bb7a-5a60b54aee66 be6a2841a7eb40609209c4a95acfb8c2 fe9d206770d145b49ec325669788672b - - default default] Unable to schedule network 932f164b-9b72-4fb7-ab78-af06feca74bc: no agents available; will retry on subsequent port and subnet creation events.
2026-08-21 23:36:43.060 8 INFO neutron.plugins.ml2.drivers.ovn.mech_driver.mech_driver [None req-68a34e2c-9709-435c-bafe-3976fb72b818 - - - - - -] OVN reports status down for port: 43ca1b79-17b8-46c5-b666-f9221231434b
2026-08-21 23:36:43.084 7 INFO neutron.db.ovn_revision_numbers_db [None req-e5d7a8a7-1834-40b0-bb7a-5a60b54aee66 be6a2841a7eb40609209c4a95acfb8c2 fe9d206770d145b49ec325669788672b - - default default] Successfully bumped revision number for resource 43ca1b79-17b8-46c5-b666-f9221231434b (type: ports) to 1
2026-08-21 23:36:43.228 8 WARNING neutron.scheduler.dhcp_agent_scheduler [None req-14f2bd86-a829-4dac-af37-507aae261ed1 3288a60305fd403888f368c49168961d c0cbaf38f1694ecaa931d7c4dfd7a5c6 - - default default] No more DHCP agents
2026-08-21 23:36:43.229 8 WARNING neutron.api.rpc.agentnotifiers.dhcp_rpc_agent_api [None req-14f2bd86-a829-4dac-af37-507aae261ed1 3288a60305fd403888f368c49168961d c0cbaf38f1694ecaa931d7c4dfd7a5c6 - - default default] Unable to schedule network fc7be565-9378-4290-809e-576f70e7be6e: no agents available; will retry on subsequent port and subnet creation events.
2026-08-21 23:36:43.323 7 INFO neutron.plugins.ml2.drivers.ovn.mech_driver.mech_driver [None req-17d63519-37e2-407a-a900-c4f5f7f913a7 - - - - - -] OVN reports status down for port: 8ffffd2f-2468-415b-950e-9d4ccc833de6
2026-08-21 23:36:43.330 8 INFO neutron.db.ovn_revision_numbers_db [None req-14f2bd86-a829-4dac-af37-507aae261ed1 3288a60305fd403888f368c49168961d c0cbaf38f1694ecaa931d7c4dfd7a5c6 - - default default] Successfully bumped revision number for resource 8ffffd2f-2468-415b-950e-9d4ccc833de6 (type: ports) to 1
2026-08-21 23:36:43.705 7 INFO neutron.plugins.ml2.drivers.ovn.mech_driver.ovsdb.commands [None req-395c0f72-4bc8-4f08-926c-adaca92b918b - - - - - -] Schedule LRP lrp-43ca1b79-17b8-46c5-b666-f9221231434b on gateway bba072bf-1c3c-4fa3-95ec-82844ac7453e with priority 1
2026-08-21 23:36:43.773 8 INFO neutron.plugins.ml2.drivers.ovn.mech_driver.mech_driver [None req-68a34e2c-9709-435c-bafe-3976fb72b818 - - - - - -] OVN reports status up for port: 43ca1b79-17b8-46c5-b666-f9221231434b
2026-08-21 23:36:43.774 7 INFO neutron.plugins.ml2.drivers.ovn.mech_driver.ovsdb.ovsdb_monitor [None req-357f38a4-1d64-4b8b-bf80-503697cd12db - - - - - -] Router 854d027a-68ea-4d8b-bdf0-988e785c1331 is bound to host instance
2026-08-21 23:36:43.780 7 INFO neutron.db.ovn_revision_numbers_db [None req-e5d7a8a7-1834-40b0-bb7a-5a60b54aee66 be6a2841a7eb40609209c4a95acfb8c2 fe9d206770d145b49ec325669788672b - - default default] Successfully bumped revision number for resource 43ca1b79-17b8-46c5-b666-f9221231434b (type: router_ports) to 1
2026-08-21 23:36:43.802 8 INFO neutron.plugins.ml2.plugin [None req-68a34e2c-9709-435c-bafe-3976fb72b818 - - - - - -] Attempt 1 to provision port 43ca1b79-17b8-46c5-b666-f9221231434b
2026-08-21 23:36:43.901 7 INFO neutron.db.ovn_revision_numbers_db [None req-e5d7a8a7-1834-40b0-bb7a-5a60b54aee66 be6a2841a7eb40609209c4a95acfb8c2 fe9d206770d145b49ec325669788672b - - default default] Successfully bumped revision number for resource 854d027a-68ea-4d8b-bdf0-988e785c1331 (type: routers) to 2 [pid: 7|app: 0|req: 722/1492] 10.0.0.154 () {34 vars in 669 bytes} [Fri Aug 21 23:36:42 2026] POST /v2.0/routers => generated 969 bytes in 1380 msecs (HTTP/1.1 201) 4 headers in 162 bytes (1 switches on core 0) [pid: 7|app: 0|req: 723/1493] 10.0.0.154 () {32 vars in 747 bytes} [Fri Aug 21 23:36:43 2026] GET /v2.0/security-group-rules/4a18ffbb-da48-4c0d-8162-2bc897256e42 => generated 607 bytes in 74 msecs (HTTP/1.1 200) 4 headers in 157 bytes (1 switches on core 0)
2026-08-21 23:36:44.052 7 INFO neutron.plugins.ml2.drivers.ovn.mech_driver.mech_driver [None req-17d63519-37e2-407a-a900-c4f5f7f913a7 - - - - - -] OVN reports status up for port: 8ffffd2f-2468-415b-950e-9d4ccc833de6 [pid: 7|app: 0|req: 724/1494] 10.0.0.154 () {32 vars in 747 bytes} [Fri Aug 21 23:36:44 2026] GET /v2.0/security-group-rules/3f935042-b93c-40fd-8f45-59fd6489af75 => generated 602 bytes in 66 msecs (HTTP/1.1 200) 4 headers in 157 bytes (1 switches on core 0)
2026-08-21 23:36:44.093 7 INFO neutron.plugins.ml2.plugin [None req-17d63519-37e2-407a-a900-c4f5f7f913a7 - - - - - -] Attempt 1 to provision port 8ffffd2f-2468-415b-950e-9d4ccc833de6
2026-08-21 23:36:44.109 8 WARNING neutron.scheduler.dhcp_agent_scheduler [None req-14f2bd86-a829-4dac-af37-507aae261ed1 3288a60305fd403888f368c49168961d c0cbaf38f1694ecaa931d7c4dfd7a5c6 - - default default] No more DHCP agents
