2026-08-21 23:36:10.872 8 INFO neutron.db.ovn_revision_numbers_db [None req-f139076c-d523-4f37-9055-3c8036ffec39 507fa783d6eb403f9521b67deade01e8 4aee22d631eb4a03ae95fa2a630c38fa - - default default] Successfully bumped revision number for resource 135fc4bf-a651-44cf-8dd9-b3f1f387c858 (type: security_group_rules) to 0
2026-08-21 23:36:10.884 8 INFO neutron.db.ovn_revision_numbers_db [None req-f139076c-d523-4f37-9055-3c8036ffec39 507fa783d6eb403f9521b67deade01e8 4aee22d631eb4a03ae95fa2a630c38fa - - default default] Successfully bumped revision number for resource 72ee88f9-c39a-4dbb-a036-34246e4b3902 (type: security_group_rules) to 0
2026-08-21 23:36:10.898 8 INFO neutron.db.ovn_revision_numbers_db [None req-f139076c-d523-4f37-9055-3c8036ffec39 507fa783d6eb403f9521b67deade01e8 4aee22d631eb4a03ae95fa2a630c38fa - - default default] Successfully bumped revision number for resource bc8b9ccc-17ee-4aa8-a3b8-788097a6ad8e (type: security_group_rules) to 0
2026-08-21 23:36:10.915 8 INFO neutron.db.ovn_revision_numbers_db [None req-f139076c-d523-4f37-9055-3c8036ffec39 507fa783d6eb403f9521b67deade01e8 4aee22d631eb4a03ae95fa2a630c38fa - - default default] Successfully bumped revision number for resource be8d772e-3a4b-4b60-9c51-885c059e87f1 (type: security_group_rules) to 0
2026-08-21 23:36:11.002 8 INFO neutron.db.segments_db [None req-f139076c-d523-4f37-9055-3c8036ffec39 507fa783d6eb403f9521b67deade01e8 4aee22d631eb4a03ae95fa2a630c38fa - - default default] Added segment a49638d6-31e2-4c6c-826e-749c4ba0317a of type geneve for network 6921243c-797f-4f99-874e-22198753681a
2026-08-21 23:36:11.189 8 INFO neutron.db.ovn_revision_numbers_db [None req-f139076c-d523-4f37-9055-3c8036ffec39 507fa783d6eb403f9521b67deade01e8 4aee22d631eb4a03ae95fa2a630c38fa - - default default] Successfully bumped revision number for resource 6921243c-797f-4f99-874e-22198753681a (type: networks) to 1
2026-08-21 23:36:11.360 8 WARNING neutron.scheduler.dhcp_agent_scheduler [None req-f139076c-d523-4f37-9055-3c8036ffec39 507fa783d6eb403f9521b67deade01e8 4aee22d631eb4a03ae95fa2a630c38fa - - default default] No more DHCP agents
2026-08-21 23:36:11.361 8 WARNING neutron.api.rpc.agentnotifiers.dhcp_rpc_agent_api [None req-f139076c-d523-4f37-9055-3c8036ffec39 507fa783d6eb403f9521b67deade01e8 4aee22d631eb4a03ae95fa2a630c38fa - - default default] Unable to schedule network 6921243c-797f-4f99-874e-22198753681a: no agents available; will retry on subsequent port and subnet creation events.
2026-08-21 23:36:11.426 7 INFO neutron.plugins.ml2.drivers.ovn.mech_driver.mech_driver [None req-e75f87e0-c73e-40d6-835b-299c25f6d456 - - - - - -] OVN reports status down for port: 3433d7ff-f8a9-4ae1-8e2d-49dc3aa60a0e
2026-08-21 23:36:11.442 8 INFO neutron.db.ovn_revision_numbers_db [None req-f139076c-d523-4f37-9055-3c8036ffec39 507fa783d6eb403f9521b67deade01e8 4aee22d631eb4a03ae95fa2a630c38fa - - default default] Successfully bumped revision number for resource 3433d7ff-f8a9-4ae1-8e2d-49dc3aa60a0e (type: ports) to 1 [pid: 8|app: 0|req: 648/1242] 10.0.0.154 () {34 vars in 670 bytes} [Fri Aug 21 23:36:10 2026] POST /v2.0/networks => generated 681 bytes in 831 msecs (HTTP/1.1 201) 4 headers in 162 bytes (1 switches on core 0)
2026-08-21 23:36:11.661 8 WARNING neutron.scheduler.dhcp_agent_scheduler [None req-82f55fa4-b1c1-4f7e-8c45-dbb4f8dcb128 507fa783d6eb403f9521b67deade01e8 4aee22d631eb4a03ae95fa2a630c38fa - - default default] No more DHCP agents
2026-08-21 23:36:11.662 8 WARNING neutron.api.rpc.agentnotifiers.dhcp_rpc_agent_api [None req-82f55fa4-b1c1-4f7e-8c45-dbb4f8dcb128 507fa783d6eb403f9521b67deade01e8 4aee22d631eb4a03ae95fa2a630c38fa - - default default] Unable to schedule network 6921243c-797f-4f99-874e-22198753681a: no agents available; will retry on subsequent port and subnet creation events.
2026-08-21 23:36:11.685 7 INFO neutron.db.ovn_revision_numbers_db [None req-5540260f-cf96-41d3-b194-61525b0b325d 2fb5a4bd87c44ab8afd0f363cb527424 478e992f21a749308be86b9508f84611 - - default default] Successfully bumped revision number for resource f624b78d-4a2d-4b67-9437-e5e3468865d1 (type: security_groups) to 1
2026-08-21 23:36:11.702 7 INFO neutron.db.ovn_revision_numbers_db [None req-5540260f-cf96-41d3-b194-61525b0b325d 2fb5a4bd87c44ab8afd0f363cb527424 478e992f21a749308be86b9508f84611 - - default default] Successfully bumped revision number for resource 00e9f896-9618-4d31-942b-671215f2b205 (type: security_group_rules) to 0
2026-08-21 23:36:11.717 7 INFO neutron.db.ovn_revision_numbers_db [None req-5540260f-cf96-41d3-b194-61525b0b325d 2fb5a4bd87c44ab8afd0f363cb527424 478e992f21a749308be86b9508f84611 - - default default] Successfully bumped revision number for resource 215eead2-c626-43d4-9d03-2786b045ee2b (type: security_group_rules) to 0
2026-08-21 23:36:11.728 7 INFO neutron.db.ovn_revision_numbers_db [None req-5540260f-cf96-41d3-b194-61525b0b325d 2fb5a4bd87c44ab8afd0f363cb527424 478e992f21a749308be86b9508f84611 - - default default] Successfully bumped revision number for resource 37235ebc-37ca-47b5-a1d0-6a40b05fc28a (type: security_group_rules) to 0
2026-08-21 23:36:11.743 7 INFO neutron.db.ovn_revision_numbers_db [None req-5540260f-cf96-41d3-b194-61525b0b325d 2fb5a4bd87c44ab8afd0f363cb527424 478e992f21a749308be86b9508f84611 - - default default] Successfully bumped revision number for resource 7575ff7f-9bc5-4437-b9f6-63d444320847 (type: security_group_rules) to 0
2026-08-21 23:36:11.824 7 INFO neutron.db.segments_db [None req-5540260f-cf96-41d3-b194-61525b0b325d 2fb5a4bd87c44ab8afd0f363cb527424 478e992f21a749308be86b9508f84611 - - default default] Added segment b920c905-0ef1-4a33-9d1f-232912947e59 of type geneve for network 26427c50-0898-42a5-89d4-c163c4f936f3
2026-08-21 23:36:11.945 7 INFO neutron.db.ovn_revision_numbers_db [None req-5540260f-cf96-41d3-b194-61525b0b325d 2fb5a4bd87c44ab8afd0f363cb527424 478e992f21a749308be86b9508f84611 - - default default] Successfully bumped revision number for resource 26427c50-0898-42a5-89d4-c163c4f936f3 (type: networks) to 1
2026-08-21 23:36:12.116 8 INFO neutron.db.ovn_revision_numbers_db [None req-43aad846-b14f-4e32-9c2a-c73f191c3fc7 - - - - - -] Successfully bumped revision number for resource 3433d7ff-f8a9-4ae1-8e2d-49dc3aa60a0e (type: ports) to 2
2026-08-21 23:36:12.147 8 INFO neutron.db.ovn_revision_numbers_db [None req-43aad846-b14f-4e32-9c2a-c73f191c3fc7 - - - - - -] Successfully bumped revision number for resource a8d4cfcf-ac9c-4c67-8e81-dd4b79f86c85 (type: subnets) to 0
2026-08-21 23:36:12.154 7 WARNING neutron.scheduler.dhcp_agent_scheduler [None req-5540260f-cf96-41d3-b194-61525b0b325d 2fb5a4bd87c44ab8afd0f363cb527424 478e992f21a749308be86b9508f84611 - - default default] No more DHCP agents
2026-08-21 23:36:12.156 7 WARNING neutron.api.rpc.agentnotifiers.dhcp_rpc_agent_api [None req-5540260f-cf96-41d3-b194-61525b0b325d 2fb5a4bd87c44ab8afd0f363cb527424 478e992f21a749308be86b9508f84611 - - default default] Unable to schedule network 26427c50-0898-42a5-89d4-c163c4f936f3: no agents available; will retry on subsequent port and subnet creation events. [pid: 8|app: 0|req: 649/1243] 10.0.0.154 () {34 vars in 669 bytes} [Fri Aug 21 23:36:11 2026] POST /v2.0/subnets => generated 641 bytes in 665 msecs (HTTP/1.1 201) 4 headers in 162 bytes (1 switches on core 0) [pid: 8|app: 0|req: 650/1244] 10.0.0.31 () {34 vars in 989 bytes} [Fri Aug 21 23:36:12 2026] GET /v2.0/ports?device_id=ff1f590a-973d-4819-aed5-362162530f65 => generated 12 bytes in 15 msecs (HTTP/1.1 200) 4 headers in 156 bytes (1 switches on core 0)
2026-08-21 23:36:12.225 8 INFO neutron.plugins.ml2.drivers.ovn.mech_driver.mech_driver [None req-62e23d58-1734-4dbb-a6f5-4a75fd3f1f6d - - - - - -] OVN reports status down for port: e54f738c-604c-4426-b227-ded75c201378
2026-08-21 23:36:12.243 7 INFO neutron.db.ovn_revision_numbers_db [None req-5540260f-cf96-41d3-b194-61525b0b325d 2fb5a4bd87c44ab8afd0f363cb527424 478e992f21a749308be86b9508f84611 - - default default] Successfully bumped revision number for resource e54f738c-604c-4426-b227-ded75c201378 (type: ports) to 1 [pid: 7|app: 0|req: 595/1245] 10.0.0.154 () {34 vars in 670 bytes} [Fri Aug 21 23:36:11 2026] POST /v2.0/networks => generated 685 bytes in 944 msecs (HTTP/1.1 201) 4 headers in 162 bytes (1 switches on core 0)
2026-08-21 23:36:12.295 8 INFO neutron.db.segments_db [None req-9cdccafd-8c3f-48f2-9cfc-b55c4ea07784 507fa783d6eb403f9521b67deade01e8 4aee22d631eb4a03ae95fa2a630c38fa - - default default] Added segment 15259551-7860-45da-9443-ffbddbbe7f56 of type geneve for network 5299bd55-92b7-453e-aad1-96b61d8f034e
2026-08-21 23:36:12.414 8 INFO neutron.db.ovn_revision_numbers_db [None req-9cdccafd-8c3f-48f2-9cfc-b55c4ea07784 507fa783d6eb403f9521b67deade01e8 4aee22d631eb4a03ae95fa2a630c38fa - - default default] Successfully bumped revision number for resource 5299bd55-92b7-453e-aad1-96b61d8f034e (type: networks) to 1
2026-08-21 23:36:12.573 8 WARNING neutron.scheduler.dhcp_agent_scheduler [None req-9cdccafd-8c3f-48f2-9cfc-b55c4ea07784 507fa783d6eb403f9521b67deade01e8 4aee22d631eb4a03ae95fa2a630c38fa - - default default] No more DHCP agents
2026-08-21 23:36:12.575 8 WARNING neutron.api.rpc.agentnotifiers.dhcp_rpc_agent_api [None req-9cdccafd-8c3f-48f2-9cfc-b55c4ea07784 507fa783d6eb403f9521b67deade01e8 4aee22d631eb4a03ae95fa2a630c38fa - - default default] Unable to schedule network 5299bd55-92b7-453e-aad1-96b61d8f034e: no agents available; will retry on subsequent port and subnet creation events.
2026-08-21 23:36:12.629 8 INFO neutron.plugins.ml2.drivers.ovn.mech_driver.mech_driver [None req-62e23d58-1734-4dbb-a6f5-4a75fd3f1f6d - - - - - -] OVN reports status down for port: e3be8d0d-69e0-4bdc-a301-f05c164e8786
2026-08-21 23:36:12.680 8 INFO neutron.db.ovn_revision_numbers_db [None req-9cdccafd-8c3f-48f2-9cfc-b55c4ea07784 507fa783d6eb403f9521b67deade01e8 4aee22d631eb4a03ae95fa2a630c38fa - - default default] Successfully bumped revision number for resource e3be8d0d-69e0-4bdc-a301-f05c164e8786 (type: ports) to 1 [pid: 8|app: 0|req: 651/1246] 10.0.0.154 () {34 vars in 670 bytes} [Fri Aug 21 23:36:12 2026] POST /v2.0/networks => generated 682 bytes in 527 msecs (HTTP/1.1 201) 4 headers in 162 bytes (1 switches on core 0)
2026-08-21 23:36:12.865 7 INFO neutron.db.ovn_revision_numbers_db [None req-beeaee02-095c-469b-85c0-09e86ea289c6 507fa783d6eb403f9521b67deade01e8 4aee22d631eb4a03ae95fa2a630c38fa - - default default] Successfully bumped revision number for resource 5299bd55-92b7-453e-aad1-96b61d8f034e (type: networks) to 2 [pid: 7|app: 0|req: 596/1247] 10.0.0.154 () {34 vars in 743 bytes} [Fri Aug 21 23:36:12 2026] PUT /v2.0/networks/5299bd55-92b7-453e-aad1-96b61d8f034e => generated 636 bytes in 159 msecs (HTTP/1.1 200) 4 headers in 157 bytes (1 switches on core 0)
2026-08-21 23:36:12.987 8 WARNING neutron.scheduler.dhcp_agent_scheduler [None req-f850f8da-826a-4e99-a420-7761d8fd48d7 2fb5a4bd87c44ab8afd0f363cb527424 478e992f21a749308be86b9508f84611 - - default default] No more DHCP agents
2026-08-21 23:36:12.989 8 WARNING neutron.api.rpc.agentnotifiers.dhcp_rpc_agent_api [None req-f850f8da-826a-4e99-a420-7761d8fd48d7 2fb5a4bd87c44ab8afd0f363cb527424 478e992f21a749308be86b9508f84611 - - default default] Unable to schedule network 26427c50-0898-42a5-89d4-c163c4f936f3: no agents available; will retry on subsequent port and subnet creation events.
2026-08-21 23:36:13.034 8 INFO neutron.db.ovn_revision_numbers_db [None req-f850f8da-826a-4e99-a420-7761d8fd48d7 2fb5a4bd87c44ab8afd0f363cb527424 478e992f21a749308be86b9508f84611 - - default default] Successfully bumped revision number for resource 5aac35d5-49db-49ae-bdda-79ff25659963 (type: subnets) to 0 [pid: 8|app: 0|req: 652/1248] 10.0.0.154 () {34 vars in 669 bytes} [Fri Aug 21 23:36:12 2026] POST /v2.0/subnets => generated 673 bytes in 290 msecs (HTTP/1.1 201) 4 headers in 162 bytes (1 switches on core 0)
2026-08-21 23:36:13.175 7 INFO neutron.db.ovn_revision_numbers_db [None req-7cf70a83-5960-4a64-a91f-842b55941606 be6a2841a7eb40609209c4a95acfb8c2 fe9d206770d145b49ec325669788672b - - default default] Successfully bumped revision number for resource 36dcacd3-1907-4a5f-9275-acf86fcca334 (type: security_groups) to 1
2026-08-21 23:36:13.186 7 INFO neutron.db.ovn_revision_numbers_db [None req-7cf70a83-5960-4a64-a91f-842b55941606 be6a2841a7eb40609209c4a95acfb8c2 fe9d206770d145b49ec325669788672b - - default default] Successfully bumped revision number for resource 3005c0cb-04d4-4fb6-9930-cf8a2c3425e8 (type: security_group_rules) to 0
2026-08-21 23:36:13.200 7 INFO neutron.db.ovn_revision_numbers_db [None req-7cf70a83-5960-4a64-a91f-842b55941606 be6a2841a7eb40609209c4a95acfb8c2 fe9d206770d145b49ec325669788672b - - default default] Successfully bumped revision number for resource abe4b184-389b-4ceb-8ad1-1de9bc414305 (type: security_group_rules) to 0
2026-08-21 23:36:13.219 7 INFO neutron.db.ovn_revision_numbers_db [None req-7cf70a83-5960-4a64-a91f-842b55941606 be6a2841a7eb40609209c4a95acfb8c2 fe9d206770d145b49ec325669788672b - - default default] Successfully bumped revision number for resource ba1672f5-4f1b-49e6-ae33-f7bd082e8c57 (type: security_group_rules) to 0
2026-08-21 23:36:13.229 8 WARNING neutron.scheduler.dhcp_agent_scheduler [None req-d9ac2b5d-f2cb-4bae-992b-30d37eaadd5b 507fa783d6eb403f9521b67deade01e8 4aee22d631eb4a03ae95fa2a630c38fa - - default default] No more DHCP agents
2026-08-21 23:36:13.231 7 INFO neutron.db.ovn_revision_numbers_db [None req-7cf70a83-5960-4a64-a91f-842b55941606 be6a2841a7eb40609209c4a95acfb8c2 fe9d206770d145b49ec325669788672b - - default default] Successfully bumped revision number for resource bcf569c0-ff19-4ee7-a627-8e5c075eb92f (type: security_group_rules) to 0
2026-08-21 23:36:13.231 8 WARNING neutron.api.rpc.agentnotifiers.dhcp_rpc_agent_api [None req-d9ac2b5d-f2cb-4bae-992b-30d37eaadd5b 507fa783d6eb403f9521b67deade01e8 4aee22d631eb4a03ae95fa2a630c38fa - - default default] Unable to schedule network 5299bd55-92b7-453e-aad1-96b61d8f034e: no agents available; will retry on subsequent port and subnet creation events. [pid: 7|app: 0|req: 597/1249] 10.0.0.154 () {32 vars in 774 bytes} [Fri Aug 21 23:36:12 2026] GET /v2.0/security-groups?tenant_id=c325010f99b0462dbdd137de45c3067f&name=default => generated 2925 bytes in 395 msecs (HTTP/1.1 200) 4 headers in 158 bytes (1 switches on core 0)
2026-08-21 23:36:13.355 7 INFO neutron.db.segments_db [None req-210ed2ad-8437-416e-9edf-7071129222b0 2fb5a4bd87c44ab8afd0f363cb527424 478e992f21a749308be86b9508f84611 - - default default] Added segment 0cdfd51f-c09e-439b-8027-58c49986b43e of type geneve for network d082d367-8901-443b-a902-3afa5cf96ac6
2026-08-21 23:36:13.461 7 INFO neutron.db.ovn_revision_numbers_db [None req-210ed2ad-8437-416e-9edf-7071129222b0 2fb5a4bd87c44ab8afd0f363cb527424 478e992f21a749308be86b9508f84611 - - default default] Successfully bumped revision number for resource d082d367-8901-443b-a902-3afa5cf96ac6 (type: networks) to 1
2026-08-21 23:36:13.659 7 WARNING neutron.scheduler.dhcp_agent_scheduler [None req-210ed2ad-8437-416e-9edf-7071129222b0 2fb5a4bd87c44ab8afd0f363cb527424 478e992f21a749308be86b9508f84611 - - default default] No more DHCP agents
2026-08-21 23:36:13.659 8 INFO neutron.db.ovn_revision_numbers_db [None req-acb05452-12b6-4670-86e0-66f82faa91ba - - - - - -] Successfully bumped revision number for resource e3be8d0d-69e0-4bdc-a301-f05c164e8786 (type: ports) to 2
2026-08-21 23:36:13.660 7 WARNING neutron.api.rpc.agentnotifiers.dhcp_rpc_agent_api [None req-210ed2ad-8437-416e-9edf-7071129222b0 2fb5a4bd87c44ab8afd0f363cb527424 478e992f21a749308be86b9508f84611 - - default default] Unable to schedule network d082d367-8901-443b-a902-3afa5cf96ac6: no agents available; will retry on subsequent port and subnet creation events.
2026-08-21 23:36:13.701 8 INFO neutron.db.ovn_revision_numbers_db [None req-acb05452-12b6-4670-86e0-66f82faa91ba - - - - - -] Successfully bumped revision number for resource c3c5c622-1bf9-4ff0-8834-8c8d02a76401 (type: subnets) to 0
2026-08-21 23:36:13.714 8 INFO neutron.plugins.ml2.drivers.ovn.mech_driver.mech_driver [None req-62e23d58-1734-4dbb-a6f5-4a75fd3f1f6d - - - - - -] OVN reports status down for port: 61199fa3-2aea-41c7-8b90-6148b2de2e52
2026-08-21 23:36:13.736 7 INFO neutron.db.ovn_revision_numbers_db [None req-210ed2ad-8437-416e-9edf-7071129222b0 2fb5a4bd87c44ab8afd0f363cb527424 478e992f21a749308be86b9508f84611 - - default default] Successfully bumped revision number for resource 61199fa3-2aea-41c7-8b90-6148b2de2e52 (type: ports) to 1 [pid: 8|app: 0|req: 653/1250] 10.0.0.154 () {34 vars in 669 bytes} [Fri Aug 21 23:36:13 2026] POST /v2.0/subnets => generated 626 bytes in 686 msecs (HTTP/1.1 201) 4 headers in 162 bytes (1 switches on core 0) [pid: 7|app: 0|req: 598/1251] 10.0.0.154 () {34 vars in 670 bytes} [Fri Aug 21 23:36:13 2026] POST /v2.0/networks => generated 684 bytes in 489 msecs (HTTP/1.1 201) 4 headers in 162 bytes (1 switches on core 0) [pid: 8|app: 0|req: 654/1252] 10.0.0.31 () {34 vars in 989 bytes} [Fri Aug 21 23:36:13 2026] GET /v2.0/ports?device_id=ff1f590a-973d-4819-aed5-362162530f65 => generated 12 bytes in 27 msecs (HTTP/1.1 200) 4 headers in 156 bytes (1 switches on core 0) [pid: 7|app: 0|req: 599/1253] 10.0.0.154 () {32 vars in 740 bytes} [Fri Aug 21 23:36:13 2026] DELETE /v2.0/security-groups/36dcacd3-1907-4a5f-9275-acf86fcca334 => generated 0 bytes in 252 msecs (HTTP/1.1 204) 2 headers in 112 bytes (1 switches on core 0)
2026-08-21 23:36:14.059 8 INFO neutron.db.ovn_revision_numbers_db [None req-9384882b-251a-4a56-86b5-c0b464616558 507fa783d6eb403f9521b67deade01e8 4aee22d631eb4a03ae95fa2a630c38fa - - default default] Successfully bumped revision number for resource c3c5c622-1bf9-4ff0-8834-8c8d02a76401 (type: subnets) to 1 [pid: 8|app: 0|req: 655/1254] 10.0.0.154 () {34 vars in 741 bytes} [Fri Aug 21 23:36:13 2026] PUT /v2.0/subnets/c3c5c622-1bf9-4ff0-8834-8c8d02a76401 => generated 636 bytes in 295 msecs (HTTP/1.1 200) 4 headers in 157 bytes (1 switches on core 0) [pid: 8|app: 0|req: 656/1255] 199.204.45.240 () {34 vars in 986 bytes} [Fri Aug 21 23:36:14 2026] GET /v2.0/networks?id=ad9347c8-4467-406c-bd8d-57dfbd695348 => generated 708 bytes in 37 msecs (HTTP/1.1 200) 4 headers in 157 bytes (1 switches on core 0)
2026-08-21 23:36:14.149 7 INFO neutron.db.ovn_revision_numbers_db [None req-51f5578c-4afc-4051-8821-dfe7e6187a1a 2fb5a4bd87c44ab8afd0f363cb527424 478e992f21a749308be86b9508f84611 - - default default] Successfully bumped revision number for resource d082d367-8901-443b-a902-3afa5cf96ac6 (type: networks) to 2 [pid: 7|app: 0|req: 600/1256] 10.0.0.154 () {34 vars in 743 bytes} [Fri Aug 21 23:36:14 2026] PUT /v2.0/networks/d082d367-8901-443b-a902-3afa5cf96ac6 => generated 636 bytes in 145 msecs (HTTP/1.1 200) 4 headers in 157 bytes (1 switches on core 0) [pid: 7|app: 0|req: 601/1257] 199.204.45.240 () {34 vars in 1050 bytes} [Fri Aug 21 23:36:14 2026] GET /v2.0/security-groups?fields=id&fields=name&tenant_id=1be885464c02413bbb279c57613f8a13 => generated 180 bytes in 29 msecs (HTTP/1.1 200) 4 headers in 157 bytes (1 switches on core 0)
2026-08-21 23:36:14.235 8 INFO neutron_taas.services.taas.taas_plugin [None req-2c5e3b0c-6d72-4ed1-b3c8-188aee2ddc0a 507fa783d6eb403f9521b67deade01e8 4aee22d631eb4a03ae95fa2a630c38fa - - default default] TaaS: Handle Delete Port: e3be8d0d-69e0-4bdc-a301-f05c164e8786
2026-08-21 23:36:14.237 8 INFO neutron_taas.services.taas.tap_mirror_plugin [None req-2c5e3b0c-6d72-4ed1-b3c8-188aee2ddc0a 507fa783d6eb403f9521b67deade01e8 4aee22d631eb4a03ae95fa2a630c38fa - - default default] Tap Mirror: Handle Delete Port: e3be8d0d-69e0-4bdc-a301-f05c164e8786
2026-08-21 23:36:14.345 7 WARNING neutron.scheduler.dhcp_agent_scheduler [None req-128cb314-bf44-41a8-941e-31742eb936a2 2fb5a4bd87c44ab8afd0f363cb527424 478e992f21a749308be86b9508f84611 - - default default] No more DHCP agents
2026-08-21 23:36:14.346 7 WARNING neutron.api.rpc.agentnotifiers.dhcp_rpc_agent_api [None req-128cb314-bf44-41a8-941e-31742eb936a2 2fb5a4bd87c44ab8afd0f363cb527424 478e992f21a749308be86b9508f84611 - - default default] Unable to schedule network d082d367-8901-443b-a902-3afa5cf96ac6: no agents available; will retry on subsequent port and subnet creation events.
2026-08-21 23:36:14.386 7 INFO neutron.db.ovn_revision_numbers_db [None req-128cb314-bf44-41a8-941e-31742eb936a2 2fb5a4bd87c44ab8afd0f363cb527424 478e992f21a749308be86b9508f84611 - - default default] Successfully bumped revision number for resource 2edbc6bb-0259-48fb-931c-aa491872e48e (type: subnets) to 0 [pid: 7|app: 0|req: 602/1258] 10.0.0.154 () {34 vars in 669 bytes} [Fri Aug 21 23:36:14 2026] POST /v2.0/subnets => generated 646 bytes in 217 msecs (HTTP/1.1 201) 4 headers in 162 bytes (1 switches on core 0)
2026-08-21 23:36:14.523 8 INFO neutron.services.segments.plugin [-] Segment 15259551-7860-45da-9443-ffbddbbe7f56 resource provider aggregate not found
2026-08-21 23:36:14.528 8 INFO neutron.services.segments.plugin [-] Segment 15259551-7860-45da-9443-ffbddbbe7f56 resource provider aggregate not found
2026-08-21 23:36:14.547 8 INFO neutron.services.segments.plugin [-] Client error retrieving segment 15259551-7860-45da-9443-ffbddbbe7f56 resource provider; error: Placement Client Error (4xx): {"errors": [{"status": 404, "title": "Not Found", "detail": "The resource could not be found.\n\n No resource provider with uuid 15259551-7860-45da-9443-ffbddbbe7f56 found for delete ", "request_id": "req-a159f970-965c-4e31-a3ae-b1c357c2adbb"}]}
2026-08-21 23:36:14.550 8 INFO neutron.services.segments.plugin [-] Client error retrieving segment 15259551-7860-45da-9443-ffbddbbe7f56 resource provider; error: Placement Client Error (4xx): {"errors": [{"status": 404, "title": "Not Found", "detail": "The resource could not be found.\n\n No resource provider with uuid 15259551-7860-45da-9443-ffbddbbe7f56 found for delete ", "request_id": "req-2141df15-ffd5-4746-8735-2ebc6a0cef8e"}]} [pid: 8|app: 0|req: 657/1259] 10.0.0.154 () {32 vars in 726 bytes} [Fri Aug 21 23:36:14 2026] DELETE /v2.0/networks/5299bd55-92b7-453e-aad1-96b61d8f034e => generated 0 bytes in 487 msecs (HTTP/1.1 204) 3 headers in 131 bytes (1 switches on core 0)
2026-08-21 23:36:14.647 7 WARNING neutron.scheduler.dhcp_agent_scheduler [req-149d6416-7023-405a-a1d9-d03f77c898bb req-909ce431-595d-4306-a706-3659be32cf99 a2d4d67ae1dc46b28dc1a7f8c902e07a 1be885464c02413bbb279c57613f8a13 - - default default] No more DHCP agents
2026-08-21 23:36:14.649 7 WARNING neutron.api.rpc.agentnotifiers.dhcp_rpc_agent_api [req-149d6416-7023-405a-a1d9-d03f77c898bb req-909ce431-595d-4306-a706-3659be32cf99 a2d4d67ae1dc46b28dc1a7f8c902e07a 1be885464c02413bbb279c57613f8a13 - - default default] Unable to schedule network ad9347c8-4467-406c-bd8d-57dfbd695348: no agents available; will retry on subsequent port and subnet creation events.
2026-08-21 23:36:14.780 7 INFO neutron.plugins.ml2.drivers.ovn.mech_driver.mech_driver [None req-e75f87e0-c73e-40d6-835b-299c25f6d456 - - - - - -] OVN reports status down for port: 490d9570-4d9f-441f-b8f6-628a9f71139f
2026-08-21 23:36:14.844 7 INFO neutron.db.ovn_revision_numbers_db [req-149d6416-7023-405a-a1d9-d03f77c898bb req-909ce431-595d-4306-a706-3659be32cf99 a2d4d67ae1dc46b28dc1a7f8c902e07a 1be885464c02413bbb279c57613f8a13 - - default default] Successfully bumped revision number for resource 490d9570-4d9f-441f-b8f6-628a9f71139f (type: ports) to 1 [pid: 7|app: 0|req: 603/1260] 199.204.45.240 () {38 vars in 955 bytes} [Fri Aug 21 23:36:14 2026] POST /v2.0/ports => generated 958 bytes in 533 msecs (HTTP/1.1 201) 4 headers in 162 bytes (1 switches on core 0) /var/lib/openstack/lib/python3.12/site-packages/pycadf/identifier.py:70: UserWarning: Invalid uuid: neutron. To ensure interoperability, identifiers should be a valid uuid. warnings.warn(('Invalid uuid: %s. To ensure interoperability, '
2026-08-21 23:36:14.948 7 INFO neutron.pecan_wsgi.hooks.translation [None req-530272bf-cd6a-4c3b-824e-af6e885c858c 507fa783d6eb403f9521b67deade01e8 4aee22d631eb4a03ae95fa2a630c38fa - - default default] DELETE failed (client error): The resource could not be found. [pid: 7|app: 0|req: 604/1261] 10.0.0.154 () {32 vars in 726 bytes} [Fri Aug 21 23:36:14 2026] DELETE /v2.0/networks/5299bd55-92b7-453e-aad1-96b61d8f034e => generated 138 bytes in 14 msecs (HTTP/1.1 404) 4 headers in 164 bytes (1 switches on core 0) [pid: 7|app: 0|req: 607/1264] 10.0.0.31 () {34 vars in 989 bytes} [Fri Aug 21 23:36:14 2026] GET /v2.0/ports?device_id=ff1f590a-973d-4819-aed5-362162530f65 => generated 961 bytes in 36 msecs (HTTP/1.1 200) 4 headers in 157 bytes (1 switches on core 0)
2026-08-21 23:36:15.240 8 INFO neutron.db.ovn_revision_numbers_db [None req-033c5688-4c4c-4e98-9e31-93c889758e4f - - - - - -] Successfully bumped revision number for resource 61199fa3-2aea-41c7-8b90-6148b2de2e52 (type: ports) to 2
2026-08-21 23:36:15.281 8 INFO neutron.db.ovn_revision_numbers_db [None req-033c5688-4c4c-4e98-9e31-93c889758e4f - - - - - -] Successfully bumped revision number for resource 2edbc6bb-0259-48fb-931c-aa491872e48e (type: subnets) to 1 [pid: 8|app: 0|req: 658/1265] 10.0.0.154 () {34 vars in 741 bytes} [Fri Aug 21 23:36:14 2026] PUT /v2.0/subnets/2edbc6bb-0259-48fb-931c-aa491872e48e => generated 656 bytes in 697 msecs (HTTP/1.1 200) 4 headers in 157 bytes (1 switches on core 0) [pid: 8|app: 0|req: 659/1266] 10.0.0.154 () {32 vars in 694 bytes} [Fri Aug 21 23:36:15 2026] GET /v2.0/networks?router%3Aexternal=True => generated 689 bytes in 64 msecs (HTTP/1.1 200) 4 headers in 157 bytes (1 switches on core 0) [pid: 8|app: 0|req: 660/1267] 10.0.0.31 () {34 vars in 1039 bytes} [Fri Aug 21 23:36:15 2026] GET /v2.0/security-groups?id=a30f3a52-3601-4ff9-b86f-3482ff0fbc3b&fields=id&fields=name => generated 113 bytes in 20 msecs (HTTP/1.1 200) 4 headers in 157 bytes (1 switches on core 0)
2026-08-21 23:36:15.370 7 INFO neutron.db.ovn_revision_numbers_db [req-149d6416-7023-405a-a1d9-d03f77c898bb req-81037fb4-595b-48e9-b8fa-b7d11d9c3509 cc16a1451183428f910a3cbe2b2c68ff 02bae0c25f9c4d73a2e8c9b80ddf972d - - 3b1aad3fc78544079ab235d7f078dd74 3b1aad3fc78544079ab235d7f078dd74] Successfully bumped revision number for resource 490d9570-4d9f-441f-b8f6-628a9f71139f (type: ports) to 2
2026-08-21 23:36:15.470 8 INFO neutron_taas.services.taas.taas_plugin [None req-21ad2a3a-3c0e-4455-923e-1363048a844e 2fb5a4bd87c44ab8afd0f363cb527424 478e992f21a749308be86b9508f84611 - - default default] TaaS: Handle Delete Port: 61199fa3-2aea-41c7-8b90-6148b2de2e52
2026-08-21 23:36:15.472 8 INFO neutron_taas.services.taas.tap_mirror_plugin [None req-21ad2a3a-3c0e-4455-923e-1363048a844e 2fb5a4bd87c44ab8afd0f363cb527424 478e992f21a749308be86b9508f84611 - - default default] Tap Mirror: Handle Delete Port: 61199fa3-2aea-41c7-8b90-6148b2de2e52
2026-08-21 23:36:15.585 7 INFO neutron.db.ovn_revision_numbers_db [req-149d6416-7023-405a-a1d9-d03f77c898bb req-81037fb4-595b-48e9-b8fa-b7d11d9c3509 cc16a1451183428f910a3cbe2b2c68ff 02bae0c25f9c4d73a2e8c9b80ddf972d - - 3b1aad3fc78544079ab235d7f078dd74 3b1aad3fc78544079ab235d7f078dd74] Successfully bumped revision number for resource 490d9570-4d9f-441f-b8f6-628a9f71139f (type: ports) to 4 [pid: 7|app: 0|req: 608/1268] 199.204.45.240 () {38 vars in 1028 bytes} [Fri Aug 21 23:36:14 2026] PUT /v2.0/ports/490d9570-4d9f-441f-b8f6-628a9f71139f => generated 1208 bytes in 617 msecs (HTTP/1.1 200) 4 headers in 158 bytes (1 switches on core 0) /var/lib/openstack/lib/python3.12/site-packages/pycadf/identifier.py:70: UserWarning: Invalid uuid: neutron. To ensure interoperability, identifiers should be a valid uuid. warnings.warn(('Invalid uuid: %s. To ensure interoperability, ' [pid: 7|app: 0|req: 609/1269] 10.0.0.154 () {32 vars in 742 bytes} [Fri Aug 21 23:36:15 2026] GET /v2.0/subnets?network_id=932f164b-9b72-4fb7-ab78-af06feca74bc => generated 649 bytes in 37 msecs (HTTP/1.1 200) 4 headers in 157 bytes (1 switches on core 0)
2026-08-21 23:36:15.652 7 INFO neutron.notifiers.nova [-] Nova event matching ['req-6c19b7ba-3f4f-45c9-80c0-2c81489a7722'] response: {'name': 'network-changed', 'server_uuid': 'ff1f590a-973d-4819-aed5-362162530f65', 'tag': '490d9570-4d9f-441f-b8f6-628a9f71139f', 'status': 'completed', 'code': 200} [pid: 7|app: 0|req: 610/1270] 10.0.0.154 () {32 vars in 653 bytes} [Fri Aug 21 23:36:15 2026] GET /v2.0/extensions => generated 20541 bytes in 11 msecs (HTTP/1.1 200) 4 headers in 159 bytes (1 switches on core 0) [pid: 7|app: 0|req: 611/1271] 10.0.0.154 () {32 vars in 649 bytes} [Fri Aug 21 23:36:15 2026] GET /v2.0/networks => generated 1384 bytes in 51 msecs (HTTP/1.1 200) 4 headers in 158 bytes (1 switches on core 0)
2026-08-21 23:36:16.039 7 INFO neutron.db.ovn_revision_numbers_db [None req-e8588836-dc0e-468e-a601-04f979cd602b 5dbf29c0c8894392a114cf55f558e0cd 4297c2df7cea4041a0d83018cfcc15f3 - - default default] Successfully bumped revision number for resource b8b62f91-b29d-4c06-b3e0-38f44919b836 (type: security_groups) to 1
2026-08-21 23:36:16.054 7 INFO neutron.db.ovn_revision_numbers_db [None req-e8588836-dc0e-468e-a601-04f979cd602b 5dbf29c0c8894392a114cf55f558e0cd 4297c2df7cea4041a0d83018cfcc15f3 - - default default] Successfully bumped revision number for resource 34bebb15-2cd7-4398-8ec1-c9dcaff65e4c (type: security_group_rules) to 0
2026-08-21 23:36:16.067 7 INFO neutron.db.ovn_revision_numbers_db [None req-e8588836-dc0e-468e-a601-04f979cd602b 5dbf29c0c8894392a114cf55f558e0cd 4297c2df7cea4041a0d83018cfcc15f3 - - default default] Successfully bumped revision number for resource 6338390f-1379-4c19-81d7-b115eab15448 (type: security_group_rules) to 0
2026-08-21 23:36:16.078 7 INFO neutron.db.ovn_revision_numbers_db [None req-e8588836-dc0e-468e-a601-04f979cd602b 5dbf29c0c8894392a114cf55f558e0cd 4297c2df7cea4041a0d83018cfcc15f3 - - default default] Successfully bumped revision number for resource 7e4047ab-91e5-4e63-83b4-7fe31e6bcaf1 (type: security_group_rules) to 0
2026-08-21 23:36:16.090 7 INFO neutron.db.ovn_revision_numbers_db [None req-e8588836-dc0e-468e-a601-04f979cd602b 5dbf29c0c8894392a114cf55f558e0cd 4297c2df7cea4041a0d83018cfcc15f3 - - default default] Successfully bumped revision number for resource f6d7b931-e8b2-43a6-9ab3-8536fdd3c2c8 (type: security_group_rules) to 0
2026-08-21 23:36:16.185 7 INFO neutron.db.segments_db [None req-e8588836-dc0e-468e-a601-04f979cd602b 5dbf29c0c8894392a114cf55f558e0cd 4297c2df7cea4041a0d83018cfcc15f3 - - default default] Added segment 4273196f-d1d7-4658-888d-976817f9c72e of type geneve for network 1e999ce0-a9ec-4827-84bb-831e109c6574 [pid: 8|app: 0|req: 661/1272] 10.0.0.154 () {32 vars in 726 bytes} [Fri Aug 21 23:36:15 2026] DELETE /v2.0/networks/d082d367-8901-443b-a902-3afa5cf96ac6 => generated 0 bytes in 904 msecs (HTTP/1.1 204) 3 headers in 131 bytes (1 switches on core 0)
2026-08-21 23:36:16.297 7 INFO neutron.db.ovn_revision_numbers_db [None req-e8588836-dc0e-468e-a601-04f979cd602b 5dbf29c0c8894392a114cf55f558e0cd 4297c2df7cea4041a0d83018cfcc15f3 - - default default] Successfully bumped revision number for resource 1e999ce0-a9ec-4827-84bb-831e109c6574 (type: networks) to 1 [pid: 8|app: 0|req: 662/1273] 10.0.0.154 () {32 vars in 647 bytes} [Fri Aug 21 23:36:16 2026] GET /v2.0/subnets => generated 1280 bytes in 29 msecs (HTTP/1.1 200) 4 headers in 158 bytes (1 switches on core 0) [pid: 8|app: 0|req: 663/1274] 199.204.45.240 () {34 vars in 1080 bytes} [Fri Aug 21 23:36:16 2026] GET /v2.0/ports?tenant_id=1be885464c02413bbb279c57613f8a13&device_id=ff1f590a-973d-4819-aed5-362162530f65 => generated 1211 bytes in 33 msecs (HTTP/1.1 200) 4 headers in 158 bytes (1 switches on core 0)
2026-08-21 23:36:16.344 8 INFO neutron.pecan_wsgi.hooks.translation [None req-af388bcb-becf-40f8-b8f3-3361f62db102 2fb5a4bd87c44ab8afd0f363cb527424 478e992f21a749308be86b9508f84611 - - default default] DELETE failed (client error): The resource could not be found. [pid: 8|app: 0|req: 664/1275] 10.0.0.154 () {32 vars in 726 bytes} [Fri Aug 21 23:36:16 2026] DELETE /v2.0/networks/d082d367-8901-443b-a902-3afa5cf96ac6 => generated 138 bytes in 10 msecs (HTTP/1.1 404) 4 headers in 164 bytes (1 switches on core 0) [pid: 8|app: 0|req: 665/1276] 10.0.0.154 () {32 vars in 723 bytes} [Fri Aug 21 23:36:16 2026] GET /v2.0/networks/6921243c-797f-4f99-874e-22198753681a => generated 706 bytes in 36 msecs (HTTP/1.1 200) 4 headers in 157 bytes (1 switches on core 0) [pid: 8|app: 0|req: 666/1277] 199.204.45.240 () {34 vars in 1018 bytes} [Fri Aug 21 23:36:16 2026] GET /v2.0/networks?tenant_id=1be885464c02413bbb279c57613f8a13&shared=False => generated 805 bytes in 37 msecs (HTTP/1.1 200) 4 headers in 157 bytes (1 switches on core 0) [pid: 8|app: 0|req: 667/1278] 10.0.0.154 () {32 vars in 694 bytes} [Fri Aug 21 23:36:16 2026] GET /v2.0/networks?router%3Aexternal=True => generated 689 bytes in 40 msecs (HTTP/1.1 200) 4 headers in 157 bytes (1 switches on core 0)
2026-08-21 23:36:16.463 7 WARNING neutron.scheduler.dhcp_agent_scheduler [None req-e8588836-dc0e-468e-a601-04f979cd602b 5dbf29c0c8894392a114cf55f558e0cd 4297c2df7cea4041a0d83018cfcc15f3 - - default default] No more DHCP agents
2026-08-21 23:36:16.465 7 WARNING neutron.api.rpc.agentnotifiers.dhcp_rpc_agent_api [None req-e8588836-dc0e-468e-a601-04f979cd602b 5dbf29c0c8894392a114cf55f558e0cd 4297c2df7cea4041a0d83018cfcc15f3 - - default default] Unable to schedule network 1e999ce0-a9ec-4827-84bb-831e109c6574: no agents available; will retry on subsequent port and subnet creation events. [pid: 8|app: 0|req: 668/1279] 10.0.0.154 () {32 vars in 721 bytes} [Fri Aug 21 23:36:16 2026] GET /v2.0/subnets/a8d4cfcf-ac9c-4c67-8e81-dd4b79f86c85 => generated 641 bytes in 23 msecs (HTTP/1.1 200) 4 headers in 157 bytes (1 switches on core 0)
2026-08-21 23:36:16.532 8 INFO neutron.plugins.ml2.drivers.ovn.mech_driver.mech_driver [None req-62e23d58-1734-4dbb-a6f5-4a75fd3f1f6d - - - - - -] OVN reports status down for port: af60a6c3-aeeb-4a21-971d-cdb903e4d8d2
2026-08-21 23:36:16.551 7 INFO neutron.db.ovn_revision_numbers_db [None req-e8588836-dc0e-468e-a601-04f979cd602b 5dbf29c0c8894392a114cf55f558e0cd 4297c2df7cea4041a0d83018cfcc15f3 - - default default] Successfully bumped revision number for resource af60a6c3-aeeb-4a21-971d-cdb903e4d8d2 (type: ports) to 1 [pid: 7|app: 0|req: 612/1280] 10.0.0.154 () {34 vars in 670 bytes} [Fri Aug 21 23:36:15 2026] POST /v2.0/networks => generated 687 bytes in 859 msecs (HTTP/1.1 201) 4 headers in 162 bytes (1 switches on core 0)
2026-08-21 23:36:16.584 8 INFO neutron.services.segments.plugin [-] Segment 0cdfd51f-c09e-439b-8027-58c49986b43e resource provider aggregate not found
2026-08-21 23:36:16.599 8 INFO neutron.services.segments.plugin [-] Segment 0cdfd51f-c09e-439b-8027-58c49986b43e resource provider aggregate not found
2026-08-21 23:36:16.605 8 INFO neutron.services.segments.plugin [-] Client error retrieving segment 0cdfd51f-c09e-439b-8027-58c49986b43e resource provider; error: Placement Client Error (4xx): {"errors": [{"status": 404, "title": "Not Found", "detail": "The resource could not be found.\n\n No resource provider with uuid 0cdfd51f-c09e-439b-8027-58c49986b43e found for delete ", "request_id": "req-6307fa53-389d-4068-a4c5-0c991407617c"}]} [pid: 8|app: 0|req: 669/1281] 199.204.45.240 () {34 vars in 930 bytes} [Fri Aug 21 23:36:16 2026] GET /v2.0/networks?shared=True => generated 791 bytes in 124 msecs (HTTP/1.1 200) 4 headers in 157 bytes (1 switches on core 0) [pid: 7|app: 0|req: 613/1282] 10.0.0.31 () {34 vars in 989 bytes} [Fri Aug 21 23:36:16 2026] GET /v2.0/ports?device_id=ff1f590a-973d-4819-aed5-362162530f65 => generated 973 bytes in 39 msecs (HTTP/1.1 200) 4 headers in 157 bytes (1 switches on core 0)
2026-08-21 23:36:16.633 7 INFO neutron.pecan_wsgi.hooks.translation [None req-1285ac9e-8468-41af-b545-ee675ded90f2 507fa783d6eb403f9521b67deade01e8 4aee22d631eb4a03ae95fa2a630c38fa - - default default] DELETE failed (client error): The resource could not be found. [pid: 7|app: 0|req: 614/1283] 10.0.0.154 () {32 vars in 724 bytes} [Fri Aug 21 23:36:16 2026] DELETE /v2.0/subnets/c3c5c622-1bf9-4ff0-8834-8c8d02a76401 => generated 136 bytes in 14 msecs (HTTP/1.1 404) 4 headers in 164 bytes (1 switches on core 0)
2026-08-21 23:36:16.644 8 INFO neutron.services.segments.plugin [-] Client error retrieving segment 0cdfd51f-c09e-439b-8027-58c49986b43e resource provider; error: Placement Client Error (4xx): {"errors": [{"status": 404, "title": "Not Found", "detail": "The resource could not be found.\n\n No resource provider with uuid 0cdfd51f-c09e-439b-8027-58c49986b43e found for delete ", "request_id": "req-f46d1695-2695-4da1-a6a1-945ea436a8ff"}]} [pid: 8|app: 0|req: 670/1284] 10.0.0.154 () {32 vars in 742 bytes} [Fri Aug 21 23:36:16 2026] GET /v2.0/subnets?network_id=932f164b-9b72-4fb7-ab78-af06feca74bc => generated 649 bytes in 61 msecs (HTTP/1.1 200) 4 headers in 157 bytes (1 switches on core 0) [pid: 8|app: 0|req: 671/1285] 10.0.0.31 () {34 vars in 1039 bytes} [Fri Aug 21 23:36:16 2026] GET /v2.0/security-groups?id=a30f3a52-3601-4ff9-b86f-3482ff0fbc3b&fields=id&fields=name => generated 113 bytes in 49 msecs (HTTP/1.1 200) 4 headers in 157 bytes (1 switches on core 0)
2026-08-21 23:36:16.733 8 INFO neutron.pecan_wsgi.hooks.translation [None req-36c0e217-9539-48d4-907e-0b7b7190fc98 507fa783d6eb403f9521b67deade01e8 4aee22d631eb4a03ae95fa2a630c38fa - - default default] DELETE failed (client error): The resource could not be found. [pid: 8|app: 0|req: 672/1286] 10.0.0.154 () {32 vars in 726 bytes} [Fri Aug 21 23:36:16 2026] DELETE /v2.0/networks/5299bd55-92b7-453e-aad1-96b61d8f034e => generated 138 bytes in 16 msecs (HTTP/1.1 404) 4 headers in 164 bytes (1 switches on core 0) [pid: 8|app: 0|req: 673/1287] 10.0.0.154 () {32 vars in 653 bytes} [Fri Aug 21 23:36:16 2026] GET /v2.0/extensions => generated 20541 bytes in 7 msecs (HTTP/1.1 200) 4 headers in 159 bytes (1 switches on core 0)
2026-08-21 23:36:16.833 7 WARNING neutron.scheduler.dhcp_agent_scheduler [None req-5d866da0-e5d5-4f84-935a-892fd6bd5f77 5dbf29c0c8894392a114cf55f558e0cd 4297c2df7cea4041a0d83018cfcc15f3 - - default default] No more DHCP agents
2026-08-21 23:36:16.834 7 WARNING neutron.api.rpc.agentnotifiers.dhcp_rpc_agent_api [None req-5d866da0-e5d5-4f84-935a-892fd6bd5f77 5dbf29c0c8894392a114cf55f558e0cd 4297c2df7cea4041a0d83018cfcc15f3 - - default default] Unable to schedule network 1e999ce0-a9ec-4827-84bb-831e109c6574: no agents available; will retry on subsequent port and subnet creation events.
2026-08-21 23:36:16.854 7 INFO neutron.db.ovn_revision_numbers_db [None req-5d866da0-e5d5-4f84-935a-892fd6bd5f77 5dbf29c0c8894392a114cf55f558e0cd 4297c2df7cea4041a0d83018cfcc15f3 - - default default] Successfully bumped revision number for resource c745d160-f4b6-478d-a549-ea02b2041d16 (type: subnets) to 0 [pid: 7|app: 0|req: 615/1288] 10.0.0.154 () {34 vars in 669 bytes} [Fri Aug 21 23:36:16 2026] POST /v2.0/subnets => generated 627 bytes in 236 msecs (HTTP/1.1 201) 4 headers in 162 bytes (1 switches on core 0) [pid: 8|app: 0|req: 674/1289] 10.0.0.154 () {32 vars in 724 bytes} [Fri Aug 21 23:36:16 2026] DELETE /v2.0/subnets/a8d4cfcf-ac9c-4c67-8e81-dd4b79f86c85 => generated 0 bytes in 157 msecs (HTTP/1.1 204) 3 headers in 131 bytes (1 switches on core 0) [pid: 7|app: 0|req: 616/1290] 10.0.0.154 () {32 vars in 649 bytes} [Fri Aug 21 23:36:16 2026] GET /v2.0/networks => generated 1388 bytes in 72 msecs (HTTP/1.1 200) 4 headers in 158 bytes (1 switches on core 0)
2026-08-21 23:36:17.072 7 INFO neutron_taas.services.taas.taas_plugin [None req-202a8436-075a-4943-b14e-32a1f8af1718 507fa783d6eb403f9521b67deade01e8 4aee22d631eb4a03ae95fa2a630c38fa - - default default] TaaS: Handle Delete Port: 3433d7ff-f8a9-4ae1-8e2d-49dc3aa60a0e
2026-08-21 23:36:17.075 7 INFO neutron_taas.services.taas.tap_mirror_plugin [None req-202a8436-075a-4943-b14e-32a1f8af1718 507fa783d6eb403f9521b67deade01e8 4aee22d631eb4a03ae95fa2a630c38fa - - default default] Tap Mirror: Handle Delete Port: 3433d7ff-f8a9-4ae1-8e2d-49dc3aa60a0e
2026-08-21 23:36:17.271 7 INFO neutron.services.segments.plugin [-] Segment a49638d6-31e2-4c6c-826e-749c4ba0317a resource provider aggregate not found
2026-08-21 23:36:17.275 7 INFO neutron.services.segments.plugin [-] Segment a49638d6-31e2-4c6c-826e-749c4ba0317a resource provider aggregate not found
2026-08-21 23:36:17.289 7 INFO neutron.services.segments.plugin [-] Client error retrieving segment a49638d6-31e2-4c6c-826e-749c4ba0317a resource provider; error: Placement Client Error (4xx): {"errors": [{"status": 404, "title": "Not Found", "detail": "The resource could not be found.\n\n No resource provider with uuid a49638d6-31e2-4c6c-826e-749c4ba0317a found for delete ", "request_id": "req-c3b0336a-4417-41db-8052-1f8e802c4237"}]}
2026-08-21 23:36:17.298 7 INFO neutron.services.segments.plugin [-] Client error retrieving segment a49638d6-31e2-4c6c-826e-749c4ba0317a resource provider; error: Placement Client Error (4xx): {"errors": [{"status": 404, "title": "Not Found", "detail": "The resource could not be found.\n\n No resource provider with uuid a49638d6-31e2-4c6c-826e-749c4ba0317a found for delete ", "request_id": "req-fb25f4ce-6584-48ea-9050-93fc96e50a08"}]} [pid: 7|app: 0|req: 617/1291] 10.0.0.154 () {32 vars in 726 bytes} [Fri Aug 21 23:36:16 2026] DELETE /v2.0/networks/6921243c-797f-4f99-874e-22198753681a => generated 0 bytes in 372 msecs (HTTP/1.1 204) 3 headers in 131 bytes (1 switches on core 0) [pid: 7|app: 0|req: 618/1292] 10.0.0.154 () {32 vars in 647 bytes} [Fri Aug 21 23:36:17 2026] GET /v2.0/subnets => generated 1312 bytes in 32 msecs (HTTP/1.1 200) 4 headers in 158 bytes (1 switches on core 0)
2026-08-21 23:36:17.368 8 WARNING neutron.scheduler.dhcp_agent_scheduler [None req-e9c5e3ac-bf22-4ef7-81da-8f4a8cee1b15 5dbf29c0c8894392a114cf55f558e0cd 4297c2df7cea4041a0d83018cfcc15f3 - - default default] No more DHCP agents
2026-08-21 23:36:17.370 8 WARNING neutron.api.rpc.agentnotifiers.dhcp_rpc_agent_api [None req-e9c5e3ac-bf22-4ef7-81da-8f4a8cee1b15 5dbf29c0c8894392a114cf55f558e0cd 4297c2df7cea4041a0d83018cfcc15f3 - - default default] Unable to schedule network 932f164b-9b72-4fb7-ab78-af06feca74bc: no agents available; will retry on subsequent port and subnet creation events. [pid: 7|app: 0|req: 619/1293] 10.0.0.154 () {32 vars in 723 bytes} [Fri Aug 21 23:36:17 2026] GET /v2.0/networks/26427c50-0898-42a5-89d4-c163c4f936f3 => generated 710 bytes in 42 msecs (HTTP/1.1 200) 4 headers in 157 bytes (1 switches on core 0) [pid: 7|app: 0|req: 620/1294] 10.0.0.154 () {32 vars in 721 bytes} [Fri Aug 21 23:36:17 2026] GET /v2.0/subnets/5aac35d5-49db-49ae-bdda-79ff25659963 => generated 673 bytes in 27 msecs (HTTP/1.1 200) 4 headers in 157 bytes (1 switches on core 0)
2026-08-21 23:36:17.448 7 INFO neutron.pecan_wsgi.hooks.translation [None req-e481249c-2b9f-477d-bca1-81745e7e0b22 2fb5a4bd87c44ab8afd0f363cb527424 478e992f21a749308be86b9508f84611 - - default default] DELETE failed (client error): The resource could not be found. [pid: 7|app: 0|req: 621/1295] 10.0.0.154 () {32 vars in 724 bytes} [Fri Aug 21 23:36:17 2026] DELETE /v2.0/subnets/2edbc6bb-0259-48fb-931c-aa491872e48e => generated 136 bytes in 15 msecs (HTTP/1.1 404) 4 headers in 164 bytes (1 switches on core 0)
2026-08-21 23:36:17.481 8 INFO neutron.plugins.ml2.drivers.ovn.mech_driver.mech_driver [None req-62e23d58-1734-4dbb-a6f5-4a75fd3f1f6d - - - - - -] OVN reports status down for port: bdcb152b-5e2b-45e6-bbd8-2b972d4e7296
2026-08-21 23:36:17.483 7 INFO neutron.pecan_wsgi.hooks.translation [None req-a4d1bfa1-a284-4a6b-afbc-951627fd7d5b 2fb5a4bd87c44ab8afd0f363cb527424 478e992f21a749308be86b9508f84611 - - default default] DELETE failed (client error): The resource could not be found. [pid: 7|app: 0|req: 622/1296] 10.0.0.154 () {32 vars in 726 bytes} [Fri Aug 21 23:36:17 2026] DELETE /v2.0/networks/d082d367-8901-443b-a902-3afa5cf96ac6 => generated 138 bytes in 34 msecs (HTTP/1.1 404) 4 headers in 164 bytes (1 switches on core 0)
2026-08-21 23:36:17.544 8 INFO neutron.db.ovn_revision_numbers_db [None req-e9c5e3ac-bf22-4ef7-81da-8f4a8cee1b15 5dbf29c0c8894392a114cf55f558e0cd 4297c2df7cea4041a0d83018cfcc15f3 - - default default] Successfully bumped revision number for resource bdcb152b-5e2b-45e6-bbd8-2b972d4e7296 (type: ports) to 1 [pid: 7|app: 0|req: 623/1297] 10.0.0.154 () {32 vars in 724 bytes} [Fri Aug 21 23:36:17 2026] DELETE /v2.0/subnets/5aac35d5-49db-49ae-bdda-79ff25659963 => generated 0 bytes in 136 msecs (HTTP/1.1 204) 3 headers in 131 bytes (1 switches on core 0) [pid: 7|app: 0|req: 624/1298] 199.204.45.240 () {34 vars in 1080 bytes} [Fri Aug 21 23:36:17 2026] GET /v2.0/ports?tenant_id=1be885464c02413bbb279c57613f8a13&device_id=ff1f590a-973d-4819-aed5-362162530f65 => generated 1211 bytes in 34 msecs (HTTP/1.1 200) 4 headers in 158 bytes (1 switches on core 0)
2026-08-21 23:36:17.796 7 INFO neutron_taas.services.taas.taas_plugin [None req-cd30a612-2241-4709-a4f4-3c9966766ec2 2fb5a4bd87c44ab8afd0f363cb527424 478e992f21a749308be86b9508f84611 - - default default] TaaS: Handle Delete Port: e54f738c-604c-4426-b227-ded75c201378
2026-08-21 23:36:17.798 7 INFO neutron_taas.services.taas.tap_mirror_plugin [None req-cd30a612-2241-4709-a4f4-3c9966766ec2 2fb5a4bd87c44ab8afd0f363cb527424 478e992f21a749308be86b9508f84611 - - default default] Tap Mirror: Handle Delete Port: e54f738c-604c-4426-b227-ded75c201378 [pid: 7|app: 0|req: 625/1299] 10.0.0.154 () {32 vars in 726 bytes} [Fri Aug 21 23:36:17 2026] DELETE /v2.0/networks/26427c50-0898-42a5-89d4-c163c4f936f3 => generated 0 bytes in 398 msecs (HTTP/1.1 204) 3 headers in 131 bytes (1 switches on core 0) [pid: 7|app: 0|req: 626/1300] 199.204.45.240 () {34 vars in 1060 bytes} [Fri Aug 21 23:36:18 2026] GET /v2.0/floatingips?fixed_ip_address=10.100.0.10&port_id=490d9570-4d9f-441f-b8f6-628a9f71139f => generated 19 bytes in 15 msecs (HTTP/1.1 200) 4 headers in 156 bytes (1 switches on core 0) [pid: 7|app: 0|req: 627/1301] 10.0.0.31 () {34 vars in 989 bytes} [Fri Aug 21 23:36:18 2026] GET /v2.0/ports?device_id=ff1f590a-973d-4819-aed5-362162530f65 => generated 973 bytes in 37 msecs (HTTP/1.1 200) 4 headers in 157 bytes (1 switches on core 0) [pid: 7|app: 0|req: 628/1302] 10.0.0.154 () {32 vars in 774 bytes} [Fri Aug 21 23:36:18 2026] GET /v2.0/security-groups?tenant_id=4aee22d631eb4a03ae95fa2a630c38fa&name=default => generated 2925 bytes in 175 msecs (HTTP/1.1 200) 4 headers in 158 bytes (1 switches on core 0) [pid: 7|app: 0|req: 629/1303] 199.204.45.240 () {34 vars in 984 bytes} [Fri Aug 21 23:36:18 2026] GET /v2.0/subnets?id=ad06e7ff-1210-45dd-a3fc-1528206492aa => generated 688 bytes in 22 msecs (HTTP/1.1 200) 4 headers in 157 bytes (1 switches on core 0) [pid: 7|app: 0|req: 630/1304] 10.0.0.31 () {34 vars in 1039 bytes} [Fri Aug 21 23:36:18 2026] GET /v2.0/security-groups?id=a30f3a52-3601-4ff9-b86f-3482ff0fbc3b&fields=id&fields=name => generated 113 bytes in 21 msecs (HTTP/1.1 200) 4 headers in 157 bytes (1 switches on core 0)
2026-08-21 23:36:18.343 8 INFO neutron.plugins.ml2.drivers.ovn.mech_driver.ovsdb.commands [None req-2806d1f6-54d3-482a-b522-633e11e266ed - - - - - -] Schedule LRP lrp-bdcb152b-5e2b-45e6-bbd8-2b972d4e7296 on gateway bba072bf-1c3c-4fa3-95ec-82844ac7453e with priority 1
2026-08-21 23:36:18.386 8 INFO neutron.plugins.ml2.drivers.ovn.mech_driver.mech_driver [None req-62e23d58-1734-4dbb-a6f5-4a75fd3f1f6d - - - - - -] OVN reports status up for port: bdcb152b-5e2b-45e6-bbd8-2b972d4e7296
2026-08-21 23:36:18.422 8 INFO neutron.plugins.ml2.plugin [None req-62e23d58-1734-4dbb-a6f5-4a75fd3f1f6d - - - - - -] Attempt 1 to provision port bdcb152b-5e2b-45e6-bbd8-2b972d4e7296
2026-08-21 23:36:18.446 8 INFO neutron.db.ovn_revision_numbers_db [None req-e9c5e3ac-bf22-4ef7-81da-8f4a8cee1b15 5dbf29c0c8894392a114cf55f558e0cd 4297c2df7cea4041a0d83018cfcc15f3 - - default default] Successfully bumped revision number for resource bdcb152b-5e2b-45e6-bbd8-2b972d4e7296 (type: router_ports) to 1
