2026-08-21 23:38:20.512 8 INFO neutron.db.ovn_revision_numbers_db [None req-3d7ec943-00cd-4420-9847-e2ef31acb0ce e11a8e90a54c4f7388415cc4beccc814 f2888a821b4749acb2ef93958d0b31d4 - - default default] Successfully bumped revision number for resource dd5969b5-34b5-494e-8680-4c8b79cd8e14 (type: networks) to 1
2026-08-21 23:38:20.686 8 WARNING neutron.scheduler.dhcp_agent_scheduler [None req-3d7ec943-00cd-4420-9847-e2ef31acb0ce e11a8e90a54c4f7388415cc4beccc814 f2888a821b4749acb2ef93958d0b31d4 - - default default] No more DHCP agents
2026-08-21 23:38:20.688 8 WARNING neutron.api.rpc.agentnotifiers.dhcp_rpc_agent_api [None req-3d7ec943-00cd-4420-9847-e2ef31acb0ce e11a8e90a54c4f7388415cc4beccc814 f2888a821b4749acb2ef93958d0b31d4 - - default default] Unable to schedule network dd5969b5-34b5-494e-8680-4c8b79cd8e14: no agents available; will retry on subsequent port and subnet creation events.
2026-08-21 23:38:20.747 8 INFO neutron.plugins.ml2.drivers.ovn.mech_driver.mech_driver [None req-bde57c2b-773a-43d7-b341-58b525c75260 - - - - - -] OVN reports status down for port: c1a97319-dfb4-45f4-8615-8ab4fa20a51b
2026-08-21 23:38:20.813 8 INFO neutron.db.ovn_revision_numbers_db [None req-3d7ec943-00cd-4420-9847-e2ef31acb0ce e11a8e90a54c4f7388415cc4beccc814 f2888a821b4749acb2ef93958d0b31d4 - - default default] Successfully bumped revision number for resource c1a97319-dfb4-45f4-8615-8ab4fa20a51b (type: ports) to 1 [pid: 8|app: 0|req: 1050/2047] 10.0.0.154 () {34 vars in 670 bytes} [Fri Aug 21 23:38:19 2026] POST /v2.0/networks => generated 670 bytes in 1000 msecs (HTTP/1.1 201) 4 headers in 162 bytes (1 switches on core 0)
2026-08-21 23:38:21.000 8 INFO neutron.db.segments_db [None req-7f2f4c6d-97d7-43a3-9aa6-93844723a1ec e11a8e90a54c4f7388415cc4beccc814 f2888a821b4749acb2ef93958d0b31d4 - - default default] Added segment 07f74223-aa80-4d3b-ab33-e5a10ce86ee3 of type geneve for network db6f1c3e-0a4f-470b-a4db-f445d8c44f4f
2026-08-21 23:38:21.129 8 INFO neutron.db.ovn_revision_numbers_db [None req-7f2f4c6d-97d7-43a3-9aa6-93844723a1ec e11a8e90a54c4f7388415cc4beccc814 f2888a821b4749acb2ef93958d0b31d4 - - default default] Successfully bumped revision number for resource db6f1c3e-0a4f-470b-a4db-f445d8c44f4f (type: networks) to 1
2026-08-21 23:38:21.215 7 INFO neutron.db.ovn_revision_numbers_db [None req-c60d20d1-19f1-4f31-9843-1efebe42ab49 be6a2841a7eb40609209c4a95acfb8c2 fe9d206770d145b49ec325669788672b - - default default] Successfully bumped revision number for resource de516eac-8f6e-401c-9c24-8eb58c2b20b1 (type: security_groups) to 1
2026-08-21 23:38:21.226 7 INFO neutron.db.ovn_revision_numbers_db [None req-c60d20d1-19f1-4f31-9843-1efebe42ab49 be6a2841a7eb40609209c4a95acfb8c2 fe9d206770d145b49ec325669788672b - - default default] Successfully bumped revision number for resource 32c1de76-d83e-4bc8-8912-50cdb4469d92 (type: security_group_rules) to 0
2026-08-21 23:38:21.241 7 INFO neutron.db.ovn_revision_numbers_db [None req-c60d20d1-19f1-4f31-9843-1efebe42ab49 be6a2841a7eb40609209c4a95acfb8c2 fe9d206770d145b49ec325669788672b - - default default] Successfully bumped revision number for resource 84b9fb9c-17ca-4caf-b679-8f11403ae2f0 (type: security_group_rules) to 0
2026-08-21 23:38:21.255 7 INFO neutron.db.ovn_revision_numbers_db [None req-c60d20d1-19f1-4f31-9843-1efebe42ab49 be6a2841a7eb40609209c4a95acfb8c2 fe9d206770d145b49ec325669788672b - - default default] Successfully bumped revision number for resource 91442734-7a7f-4cf6-81b0-509284b75f88 (type: security_group_rules) to 0
2026-08-21 23:38:21.267 7 INFO neutron.db.ovn_revision_numbers_db [None req-c60d20d1-19f1-4f31-9843-1efebe42ab49 be6a2841a7eb40609209c4a95acfb8c2 fe9d206770d145b49ec325669788672b - - default default] Successfully bumped revision number for resource a83964a8-e253-4b41-8f40-4df865269c6a (type: security_group_rules) to 0
2026-08-21 23:38:21.291 8 WARNING neutron.scheduler.dhcp_agent_scheduler [None req-7f2f4c6d-97d7-43a3-9aa6-93844723a1ec e11a8e90a54c4f7388415cc4beccc814 f2888a821b4749acb2ef93958d0b31d4 - - default default] No more DHCP agents
2026-08-21 23:38:21.293 8 WARNING neutron.api.rpc.agentnotifiers.dhcp_rpc_agent_api [None req-7f2f4c6d-97d7-43a3-9aa6-93844723a1ec e11a8e90a54c4f7388415cc4beccc814 f2888a821b4749acb2ef93958d0b31d4 - - default default] Unable to schedule network db6f1c3e-0a4f-470b-a4db-f445d8c44f4f: no agents available; will retry on subsequent port and subnet creation events. [pid: 7|app: 0|req: 998/2048] 10.0.0.154 () {32 vars in 774 bytes} [Fri Aug 21 23:38:20 2026] GET /v2.0/security-groups?tenant_id=8e0eae46baf74a6693b8e9aec25364cd&name=default => generated 2925 bytes in 461 msecs (HTTP/1.1 200) 4 headers in 158 bytes (1 switches on core 0)
2026-08-21 23:38:21.343 8 INFO neutron.plugins.ml2.drivers.ovn.mech_driver.mech_driver [None req-bde57c2b-773a-43d7-b341-58b525c75260 - - - - - -] OVN reports status down for port: e30767be-93f9-4324-93f1-17911ef8f471
2026-08-21 23:38:21.395 8 INFO neutron.db.ovn_revision_numbers_db [None req-7f2f4c6d-97d7-43a3-9aa6-93844723a1ec e11a8e90a54c4f7388415cc4beccc814 f2888a821b4749acb2ef93958d0b31d4 - - default default] Successfully bumped revision number for resource e30767be-93f9-4324-93f1-17911ef8f471 (type: ports) to 1 [pid: 8|app: 0|req: 1051/2049] 10.0.0.154 () {34 vars in 670 bytes} [Fri Aug 21 23:38:20 2026] POST /v2.0/networks => generated 669 bytes in 568 msecs (HTTP/1.1 201) 4 headers in 162 bytes (1 switches on core 0) [pid: 7|app: 0|req: 999/2050] 10.0.0.154 () {32 vars in 740 bytes} [Fri Aug 21 23:38:21 2026] DELETE /v2.0/security-groups/de516eac-8f6e-401c-9c24-8eb58c2b20b1 => generated 0 bytes in 235 msecs (HTTP/1.1 204) 2 headers in 112 bytes (1 switches on core 0)
2026-08-21 23:38:21.552 8 INFO neutron.db.segments_db [None req-69d2cf3e-149b-448d-a3c8-c29381d24506 e11a8e90a54c4f7388415cc4beccc814 f2888a821b4749acb2ef93958d0b31d4 - - default default] Added segment 4c571a32-381e-4fe2-8488-f65594a15630 of type geneve for network 2cc08ac1-43a2-4046-aaab-ffa9376145c7
2026-08-21 23:38:21.656 8 INFO neutron.db.ovn_revision_numbers_db [None req-69d2cf3e-149b-448d-a3c8-c29381d24506 e11a8e90a54c4f7388415cc4beccc814 f2888a821b4749acb2ef93958d0b31d4 - - default default] Successfully bumped revision number for resource 2cc08ac1-43a2-4046-aaab-ffa9376145c7 (type: networks) to 1
2026-08-21 23:38:21.810 8 WARNING neutron.scheduler.dhcp_agent_scheduler [None req-69d2cf3e-149b-448d-a3c8-c29381d24506 e11a8e90a54c4f7388415cc4beccc814 f2888a821b4749acb2ef93958d0b31d4 - - default default] No more DHCP agents
2026-08-21 23:38:21.811 8 WARNING neutron.api.rpc.agentnotifiers.dhcp_rpc_agent_api [None req-69d2cf3e-149b-448d-a3c8-c29381d24506 e11a8e90a54c4f7388415cc4beccc814 f2888a821b4749acb2ef93958d0b31d4 - - default default] Unable to schedule network 2cc08ac1-43a2-4046-aaab-ffa9376145c7: no agents available; will retry on subsequent port and subnet creation events.
2026-08-21 23:38:21.861 8 INFO neutron.plugins.ml2.drivers.ovn.mech_driver.mech_driver [None req-bde57c2b-773a-43d7-b341-58b525c75260 - - - - - -] OVN reports status down for port: 7332d228-634c-4c68-8a7a-55fbff67299d
2026-08-21 23:38:21.929 8 INFO neutron.db.ovn_revision_numbers_db [None req-69d2cf3e-149b-448d-a3c8-c29381d24506 e11a8e90a54c4f7388415cc4beccc814 f2888a821b4749acb2ef93958d0b31d4 - - default default] Successfully bumped revision number for resource 7332d228-634c-4c68-8a7a-55fbff67299d (type: ports) to 1 [pid: 8|app: 0|req: 1052/2051] 10.0.0.154 () {34 vars in 670 bytes} [Fri Aug 21 23:38:21 2026] POST /v2.0/networks => generated 669 bytes in 546 msecs (HTTP/1.1 201) 4 headers in 162 bytes (1 switches on core 0)
2026-08-21 23:38:22.111 7 INFO neutron.db.segments_db [None req-85ebfb37-7589-409c-8e9e-e0787c31ee19 e11a8e90a54c4f7388415cc4beccc814 f2888a821b4749acb2ef93958d0b31d4 - - default default] Added segment 91022260-208f-4a49-9f22-bdf3d962bdde of type geneve for network d854e717-1754-44fb-bbea-02bbc843fd0b
2026-08-21 23:38:22.228 7 INFO neutron.db.ovn_revision_numbers_db [None req-85ebfb37-7589-409c-8e9e-e0787c31ee19 e11a8e90a54c4f7388415cc4beccc814 f2888a821b4749acb2ef93958d0b31d4 - - default default] Successfully bumped revision number for resource d854e717-1754-44fb-bbea-02bbc843fd0b (type: networks) to 1
2026-08-21 23:38:22.386 7 WARNING neutron.scheduler.dhcp_agent_scheduler [None req-85ebfb37-7589-409c-8e9e-e0787c31ee19 e11a8e90a54c4f7388415cc4beccc814 f2888a821b4749acb2ef93958d0b31d4 - - default default] No more DHCP agents
2026-08-21 23:38:22.388 7 WARNING neutron.api.rpc.agentnotifiers.dhcp_rpc_agent_api [None req-85ebfb37-7589-409c-8e9e-e0787c31ee19 e11a8e90a54c4f7388415cc4beccc814 f2888a821b4749acb2ef93958d0b31d4 - - default default] Unable to schedule network d854e717-1754-44fb-bbea-02bbc843fd0b: no agents available; will retry on subsequent port and subnet creation events.
2026-08-21 23:38:22.447 7 INFO neutron.plugins.ml2.drivers.ovn.mech_driver.mech_driver [None req-d7368b9a-4b91-4e22-9303-e57453bb854c - - - - - -] OVN reports status down for port: eeaef348-a165-44b5-801e-16504e33c17b
2026-08-21 23:38:22.509 7 INFO neutron.db.ovn_revision_numbers_db [None req-85ebfb37-7589-409c-8e9e-e0787c31ee19 e11a8e90a54c4f7388415cc4beccc814 f2888a821b4749acb2ef93958d0b31d4 - - default default] Successfully bumped revision number for resource eeaef348-a165-44b5-801e-16504e33c17b (type: ports) to 1 [pid: 7|app: 0|req: 1000/2052] 10.0.0.154 () {34 vars in 670 bytes} [Fri Aug 21 23:38:22 2026] POST /v2.0/networks => generated 669 bytes in 558 msecs (HTTP/1.1 201) 4 headers in 162 bytes (1 switches on core 0)
2026-08-21 23:38:22.657 8 INFO neutron.db.segments_db [None req-6cca9443-97f4-470c-846b-314de6fb6ceb e11a8e90a54c4f7388415cc4beccc814 f2888a821b4749acb2ef93958d0b31d4 - - default default] Added segment 4fff7987-45e1-44c8-936c-9a0a9f2901f5 of type geneve for network 1582ed51-dd24-4385-be37-56dfc3903007
2026-08-21 23:38:22.774 8 INFO neutron.db.ovn_revision_numbers_db [None req-6cca9443-97f4-470c-846b-314de6fb6ceb e11a8e90a54c4f7388415cc4beccc814 f2888a821b4749acb2ef93958d0b31d4 - - default default] Successfully bumped revision number for resource 1582ed51-dd24-4385-be37-56dfc3903007 (type: networks) to 1
2026-08-21 23:38:22.972 8 WARNING neutron.scheduler.dhcp_agent_scheduler [None req-6cca9443-97f4-470c-846b-314de6fb6ceb e11a8e90a54c4f7388415cc4beccc814 f2888a821b4749acb2ef93958d0b31d4 - - default default] No more DHCP agents
2026-08-21 23:38:22.974 8 WARNING neutron.api.rpc.agentnotifiers.dhcp_rpc_agent_api [None req-6cca9443-97f4-470c-846b-314de6fb6ceb e11a8e90a54c4f7388415cc4beccc814 f2888a821b4749acb2ef93958d0b31d4 - - default default] Unable to schedule network 1582ed51-dd24-4385-be37-56dfc3903007: no agents available; will retry on subsequent port and subnet creation events.
2026-08-21 23:38:23.073 8 INFO neutron.db.ovn_revision_numbers_db [None req-6cca9443-97f4-470c-846b-314de6fb6ceb e11a8e90a54c4f7388415cc4beccc814 f2888a821b4749acb2ef93958d0b31d4 - - default default] Successfully bumped revision number for resource 36cee3d6-7187-4f22-bf22-4d2d0627717d (type: ports) to 1
2026-08-21 23:38:23.079 7 INFO neutron.plugins.ml2.drivers.ovn.mech_driver.mech_driver [None req-d7368b9a-4b91-4e22-9303-e57453bb854c - - - - - -] OVN reports status down for port: 36cee3d6-7187-4f22-bf22-4d2d0627717d [pid: 8|app: 0|req: 1053/2053] 10.0.0.154 () {34 vars in 670 bytes} [Fri Aug 21 23:38:22 2026] POST /v2.0/networks => generated 669 bytes in 529 msecs (HTTP/1.1 201) 4 headers in 162 bytes (1 switches on core 0) [pid: 8|app: 0|req: 1054/2054] 10.0.0.154 () {34 vars in 753 bytes} [Fri Aug 21 23:38:23 2026] PUT /v2.0/networks/dd5969b5-34b5-494e-8680-4c8b79cd8e14/tags => generated 17 bytes in 54 msecs (HTTP/1.1 200) 4 headers in 156 bytes (1 switches on core 0) [pid: 8|app: 0|req: 1055/2055] 10.0.0.154 () {34 vars in 753 bytes} [Fri Aug 21 23:38:23 2026] PUT /v2.0/networks/db6f1c3e-0a4f-470b-a4db-f445d8c44f4f/tags => generated 25 bytes in 54 msecs (HTTP/1.1 200) 4 headers in 156 bytes (1 switches on core 0)
2026-08-21 23:38:23.225 7 INFO neutron.db.ovn_revision_numbers_db [None req-78205902-c673-4094-b27a-f7238d0390aa f5b23d1c5eca4536834efb1bc9cda946 7d4fb32fb0574b1ca6386fdfc921e564 - - default default] Successfully bumped revision number for resource 244bde83-fc14-42ba-adb7-0e540509c92d (type: security_groups) to 1
2026-08-21 23:38:23.235 7 INFO neutron.db.ovn_revision_numbers_db [None req-78205902-c673-4094-b27a-f7238d0390aa f5b23d1c5eca4536834efb1bc9cda946 7d4fb32fb0574b1ca6386fdfc921e564 - - default default] Successfully bumped revision number for resource 0e62512c-8a0c-4f2b-a5c9-28f257699b2c (type: security_group_rules) to 0
2026-08-21 23:38:23.246 7 INFO neutron.db.ovn_revision_numbers_db [None req-78205902-c673-4094-b27a-f7238d0390aa f5b23d1c5eca4536834efb1bc9cda946 7d4fb32fb0574b1ca6386fdfc921e564 - - default default] Successfully bumped revision number for resource 78cd38fa-4f18-42b1-ae29-84b44a403895 (type: security_group_rules) to 0
2026-08-21 23:38:23.260 7 INFO neutron.db.ovn_revision_numbers_db [None req-78205902-c673-4094-b27a-f7238d0390aa f5b23d1c5eca4536834efb1bc9cda946 7d4fb32fb0574b1ca6386fdfc921e564 - - default default] Successfully bumped revision number for resource 86f9a1e2-3544-4ab4-8e8a-3d2ce1c5feaa (type: security_group_rules) to 0 [pid: 8|app: 0|req: 1056/2056] 10.0.0.154 () {34 vars in 753 bytes} [Fri Aug 21 23:38:23 2026] PUT /v2.0/networks/2cc08ac1-43a2-4046-aaab-ffa9376145c7/tags => generated 34 bytes in 55 msecs (HTTP/1.1 200) 4 headers in 156 bytes (1 switches on core 0)
2026-08-21 23:38:23.272 7 INFO neutron.db.ovn_revision_numbers_db [None req-78205902-c673-4094-b27a-f7238d0390aa f5b23d1c5eca4536834efb1bc9cda946 7d4fb32fb0574b1ca6386fdfc921e564 - - default default] Successfully bumped revision number for resource ce6996d0-a4f3-465a-b52e-f054ac760c7f (type: security_group_rules) to 0 [pid: 8|app: 0|req: 1057/2057] 10.0.0.154 () {34 vars in 753 bytes} [Fri Aug 21 23:38:23 2026] PUT /v2.0/networks/d854e717-1754-44fb-bbea-02bbc843fd0b/tags => generated 19 bytes in 56 msecs (HTTP/1.1 200) 4 headers in 156 bytes (1 switches on core 0)
2026-08-21 23:38:23.347 7 INFO neutron.db.segments_db [None req-78205902-c673-4094-b27a-f7238d0390aa f5b23d1c5eca4536834efb1bc9cda946 7d4fb32fb0574b1ca6386fdfc921e564 - - default default] Added segment 099ffb62-cb89-4e07-9f69-daba47f63dee of type geneve for network f7e3568b-494c-44cf-b59b-7ba9bdc077ae [pid: 8|app: 0|req: 1058/2058] 10.0.0.154 () {32 vars in 666 bytes} [Fri Aug 21 23:38:23 2026] GET /v2.0/networks?tags=red => generated 1987 bytes in 66 msecs (HTTP/1.1 200) 4 headers in 158 bytes (1 switches on core 0) [pid: 8|app: 0|req: 1059/2059] 10.0.0.154 () {32 vars in 680 bytes} [Fri Aug 21 23:38:23 2026] GET /v2.0/networks?tags=red%2Cblue => generated 1336 bytes in 58 msecs (HTTP/1.1 200) 4 headers in 158 bytes (1 switches on core 0)
2026-08-21 23:38:23.475 7 INFO neutron.db.ovn_revision_numbers_db [None req-78205902-c673-4094-b27a-f7238d0390aa f5b23d1c5eca4536834efb1bc9cda946 7d4fb32fb0574b1ca6386fdfc921e564 - - default default] Successfully bumped revision number for resource f7e3568b-494c-44cf-b59b-7ba9bdc077ae (type: networks) to 1 [pid: 8|app: 0|req: 1060/2060] 10.0.0.154 () {32 vars in 676 bytes} [Fri Aug 21 23:38:23 2026] GET /v2.0/networks?tags-any=blue => generated 1336 bytes in 54 msecs (HTTP/1.1 200) 4 headers in 158 bytes (1 switches on core 0) [pid: 8|app: 0|req: 1061/2061] 10.0.0.154 () {32 vars in 688 bytes} [Fri Aug 21 23:38:23 2026] GET /v2.0/networks?tags-any=red%2Cblue => generated 1987 bytes in 43 msecs (HTTP/1.1 200) 4 headers in 158 bytes (1 switches on core 0)
2026-08-21 23:38:23.645 7 WARNING neutron.scheduler.dhcp_agent_scheduler [None req-78205902-c673-4094-b27a-f7238d0390aa f5b23d1c5eca4536834efb1bc9cda946 7d4fb32fb0574b1ca6386fdfc921e564 - - default default] No more DHCP agents
2026-08-21 23:38:23.647 7 WARNING neutron.api.rpc.agentnotifiers.dhcp_rpc_agent_api [None req-78205902-c673-4094-b27a-f7238d0390aa f5b23d1c5eca4536834efb1bc9cda946 7d4fb32fb0574b1ca6386fdfc921e564 - - default default] Unable to schedule network f7e3568b-494c-44cf-b59b-7ba9bdc077ae: no agents available; will retry on subsequent port and subnet creation events. [pid: 8|app: 0|req: 1062/2062] 10.0.0.154 () {32 vars in 674 bytes} [Fri Aug 21 23:38:23 2026] GET /v2.0/networks?not-tags=red => generated 1986 bytes in 77 msecs (HTTP/1.1 200) 4 headers in 158 bytes (1 switches on core 0)
2026-08-21 23:38:23.708 7 INFO neutron.plugins.ml2.drivers.ovn.mech_driver.mech_driver [None req-d7368b9a-4b91-4e22-9303-e57453bb854c - - - - - -] OVN reports status down for port: de24ec02-fd93-4f4b-9cb7-051865668954 [pid: 8|app: 0|req: 1063/2063] 10.0.0.154 () {32 vars in 688 bytes} [Fri Aug 21 23:38:23 2026] GET /v2.0/networks?not-tags=red%2Cblue => generated 2637 bytes in 86 msecs (HTTP/1.1 200) 4 headers in 158 bytes (1 switches on core 0)
2026-08-21 23:38:23.773 7 INFO neutron.db.ovn_revision_numbers_db [None req-78205902-c673-4094-b27a-f7238d0390aa f5b23d1c5eca4536834efb1bc9cda946 7d4fb32fb0574b1ca6386fdfc921e564 - - default default] Successfully bumped revision number for resource de24ec02-fd93-4f4b-9cb7-051865668954 (type: ports) to 1 [pid: 8|app: 0|req: 1064/2064] 10.0.0.154 () {32 vars in 684 bytes} [Fri Aug 21 23:38:23 2026] GET /v2.0/networks?not-tags-any=blue => generated 2637 bytes in 65 msecs (HTTP/1.1 200) 4 headers in 158 bytes (1 switches on core 0) [pid: 7|app: 0|req: 1001/2065] 10.0.0.154 () {34 vars in 670 bytes} [Fri Aug 21 23:38:22 2026] POST /v2.0/networks => generated 677 bytes in 992 msecs (HTTP/1.1 201) 4 headers in 162 bytes (1 switches on core 0) [pid: 8|app: 0|req: 1065/2066] 10.0.0.154 () {32 vars in 696 bytes} [Fri Aug 21 23:38:23 2026] GET /v2.0/networks?not-tags-any=red%2Cblue => generated 1986 bytes in 41 msecs (HTTP/1.1 200) 4 headers in 158 bytes (1 switches on core 0)
2026-08-21 23:38:24.033 8 INFO neutron_taas.services.taas.taas_plugin [None req-100bd65e-4b82-4e71-b128-f247fe00a8c1 e11a8e90a54c4f7388415cc4beccc814 f2888a821b4749acb2ef93958d0b31d4 - - default default] TaaS: Handle Delete Port: c1a97319-dfb4-45f4-8615-8ab4fa20a51b
2026-08-21 23:38:24.038 8 INFO neutron_taas.services.taas.tap_mirror_plugin [None req-100bd65e-4b82-4e71-b128-f247fe00a8c1 e11a8e90a54c4f7388415cc4beccc814 f2888a821b4749acb2ef93958d0b31d4 - - default default] Tap Mirror: Handle Delete Port: c1a97319-dfb4-45f4-8615-8ab4fa20a51b
2026-08-21 23:38:24.050 7 WARNING neutron.scheduler.dhcp_agent_scheduler [None req-fc3fa438-557e-4431-8f3a-09c02a54fee2 f5b23d1c5eca4536834efb1bc9cda946 7d4fb32fb0574b1ca6386fdfc921e564 - - default default] No more DHCP agents
2026-08-21 23:38:24.052 7 WARNING neutron.api.rpc.agentnotifiers.dhcp_rpc_agent_api [None req-fc3fa438-557e-4431-8f3a-09c02a54fee2 f5b23d1c5eca4536834efb1bc9cda946 7d4fb32fb0574b1ca6386fdfc921e564 - - default default] Unable to schedule network f7e3568b-494c-44cf-b59b-7ba9bdc077ae: no agents available; will retry on subsequent port and subnet creation events.
2026-08-21 23:38:24.234 8 INFO neutron.services.segments.plugin [-] Segment e4849439-1066-401b-9164-1fe637e32dc3 resource provider aggregate not found
2026-08-21 23:38:24.242 8 INFO neutron.services.segments.plugin [-] Segment e4849439-1066-401b-9164-1fe637e32dc3 resource provider aggregate not found
2026-08-21 23:38:24.254 8 INFO neutron.services.segments.plugin [-] Client error retrieving segment e4849439-1066-401b-9164-1fe637e32dc3 resource provider; error: Placement Client Error (4xx): {"errors": [{"status": 404, "title": "Not Found", "detail": "The resource could not be found.\n\n No resource provider with uuid e4849439-1066-401b-9164-1fe637e32dc3 found for delete ", "request_id": "req-7fc5da67-69a9-4097-9d9e-cd115296192d"}]}
2026-08-21 23:38:24.262 8 INFO neutron.services.segments.plugin [-] Client error retrieving segment e4849439-1066-401b-9164-1fe637e32dc3 resource provider; error: Placement Client Error (4xx): {"errors": [{"status": 404, "title": "Not Found", "detail": "The resource could not be found.\n\n No resource provider with uuid e4849439-1066-401b-9164-1fe637e32dc3 found for delete ", "request_id": "req-f25d9254-3edf-4d2a-8e1f-404c6001d41b"}]} [pid: 8|app: 0|req: 1066/2067] 10.0.0.154 () {32 vars in 726 bytes} [Fri Aug 21 23:38:23 2026] DELETE /v2.0/networks/dd5969b5-34b5-494e-8680-4c8b79cd8e14 => generated 0 bytes in 432 msecs (HTTP/1.1 204) 3 headers in 131 bytes (1 switches on core 0)
2026-08-21 23:38:24.438 8 INFO neutron_taas.services.taas.taas_plugin [None req-7102c535-1ee5-4448-849c-19bf219259b1 e11a8e90a54c4f7388415cc4beccc814 f2888a821b4749acb2ef93958d0b31d4 - - default default] TaaS: Handle Delete Port: e30767be-93f9-4324-93f1-17911ef8f471
2026-08-21 23:38:24.441 8 INFO neutron_taas.services.taas.tap_mirror_plugin [None req-7102c535-1ee5-4448-849c-19bf219259b1 e11a8e90a54c4f7388415cc4beccc814 f2888a821b4749acb2ef93958d0b31d4 - - default default] Tap Mirror: Handle Delete Port: e30767be-93f9-4324-93f1-17911ef8f471
2026-08-21 23:38:24.511 7 INFO neutron.db.ovn_revision_numbers_db [None req-7a913e2a-f370-41f5-9582-aff4da65bbe8 - - - - - -] Successfully bumped revision number for resource de24ec02-fd93-4f4b-9cb7-051865668954 (type: ports) to 2
2026-08-21 23:38:24.553 7 INFO neutron.db.ovn_revision_numbers_db [None req-7a913e2a-f370-41f5-9582-aff4da65bbe8 - - - - - -] Successfully bumped revision number for resource be23423e-c5a9-47ec-9e78-1aa9e44fc8da (type: subnets) to 0 [pid: 7|app: 0|req: 1002/2068] 10.0.0.154 () {34 vars in 669 bytes} [Fri Aug 21 23:38:23 2026] POST /v2.0/subnets => generated 657 bytes in 742 msecs (HTTP/1.1 201) 4 headers in 162 bytes (1 switches on core 0) [pid: 8|app: 0|req: 1067/2069] 10.0.0.154 () {32 vars in 726 bytes} [Fri Aug 21 23:38:24 2026] DELETE /v2.0/networks/db6f1c3e-0a4f-470b-a4db-f445d8c44f4f => generated 0 bytes in 357 msecs (HTTP/1.1 204) 3 headers in 131 bytes (1 switches on core 0) [pid: 8|app: 0|req: 1068/2070] 10.0.0.154 () {32 vars in 722 bytes} [Fri Aug 21 23:38:24 2026] GET /v2.0/subnetpools?name=shared-default-subnetpool-v6 => generated 19 bytes in 173 msecs (HTTP/1.1 200) 4 headers in 156 bytes (1 switches on core 0)
2026-08-21 23:38:24.985 8 INFO neutron_taas.services.taas.taas_plugin [None req-eea46144-e432-437a-a50d-d08a09648bb5 e11a8e90a54c4f7388415cc4beccc814 f2888a821b4749acb2ef93958d0b31d4 - - default default] TaaS: Handle Delete Port: 7332d228-634c-4c68-8a7a-55fbff67299d
2026-08-21 23:38:24.990 8 INFO neutron_taas.services.taas.tap_mirror_plugin [None req-eea46144-e432-437a-a50d-d08a09648bb5 e11a8e90a54c4f7388415cc4beccc814 f2888a821b4749acb2ef93958d0b31d4 - - default default] Tap Mirror: Handle Delete Port: 7332d228-634c-4c68-8a7a-55fbff67299d
2026-08-21 23:38:24.995 7 INFO neutron.db.ovn_revision_numbers_db [None req-b7f4221d-4e3f-49b8-809d-799604644c7a fea1b9252128415dbaf11d508d103348 6381453f770a4d04a16feb45ee0d6dce - - default default] Successfully bumped revision number for resource ba62ca32-2f9e-4270-9be1-8c49970b1197 (type: security_groups) to 1
2026-08-21 23:38:25.010 7 INFO neutron.db.ovn_revision_numbers_db [None req-b7f4221d-4e3f-49b8-809d-799604644c7a fea1b9252128415dbaf11d508d103348 6381453f770a4d04a16feb45ee0d6dce - - default default] Successfully bumped revision number for resource 2969898e-dcd0-43f6-a2bb-a8d0dab27eb0 (type: security_group_rules) to 0
2026-08-21 23:38:25.021 7 INFO neutron.db.ovn_revision_numbers_db [None req-b7f4221d-4e3f-49b8-809d-799604644c7a fea1b9252128415dbaf11d508d103348 6381453f770a4d04a16feb45ee0d6dce - - default default] Successfully bumped revision number for resource 7b546356-7466-424e-a883-b87199376724 (type: security_group_rules) to 0
2026-08-21 23:38:25.039 7 INFO neutron.db.ovn_revision_numbers_db [None req-b7f4221d-4e3f-49b8-809d-799604644c7a fea1b9252128415dbaf11d508d103348 6381453f770a4d04a16feb45ee0d6dce - - default default] Successfully bumped revision number for resource b6d547e7-8cfc-4dac-84da-46485521a984 (type: security_group_rules) to 0
2026-08-21 23:38:25.058 7 INFO neutron.db.ovn_revision_numbers_db [None req-b7f4221d-4e3f-49b8-809d-799604644c7a fea1b9252128415dbaf11d508d103348 6381453f770a4d04a16feb45ee0d6dce - - default default] Successfully bumped revision number for resource d01f9d55-d926-40b2-a19d-ee2762b59e05 (type: security_group_rules) to 0
2026-08-21 23:38:25.140 7 INFO neutron.db.segments_db [None req-b7f4221d-4e3f-49b8-809d-799604644c7a fea1b9252128415dbaf11d508d103348 6381453f770a4d04a16feb45ee0d6dce - - default default] Added segment 5f7f05dd-fd73-4088-b568-c6f48b1daa0f of type geneve for network 45ba1ad6-8640-4de0-9f88-b5c80fdf483e [pid: 8|app: 0|req: 1069/2071] 10.0.0.154 () {32 vars in 726 bytes} [Fri Aug 21 23:38:24 2026] DELETE /v2.0/networks/2cc08ac1-43a2-4046-aaab-ffa9376145c7 => generated 0 bytes in 360 msecs (HTTP/1.1 204) 3 headers in 131 bytes (1 switches on core 0)
2026-08-21 23:38:25.264 7 INFO neutron.db.ovn_revision_numbers_db [None req-b7f4221d-4e3f-49b8-809d-799604644c7a fea1b9252128415dbaf11d508d103348 6381453f770a4d04a16feb45ee0d6dce - - default default] Successfully bumped revision number for resource 45ba1ad6-8640-4de0-9f88-b5c80fdf483e (type: networks) to 1
2026-08-21 23:38:25.435 8 WARNING neutron.scheduler.dhcp_agent_scheduler [None req-896900cd-d065-480b-b8c1-386be281efbd f5b23d1c5eca4536834efb1bc9cda946 7d4fb32fb0574b1ca6386fdfc921e564 - - default default] No more DHCP agents
2026-08-21 23:38:25.435 7 WARNING neutron.scheduler.dhcp_agent_scheduler [None req-b7f4221d-4e3f-49b8-809d-799604644c7a fea1b9252128415dbaf11d508d103348 6381453f770a4d04a16feb45ee0d6dce - - default default] No more DHCP agents
2026-08-21 23:38:25.436 8 WARNING neutron.api.rpc.agentnotifiers.dhcp_rpc_agent_api [None req-896900cd-d065-480b-b8c1-386be281efbd f5b23d1c5eca4536834efb1bc9cda946 7d4fb32fb0574b1ca6386fdfc921e564 - - default default] Unable to schedule network f7e3568b-494c-44cf-b59b-7ba9bdc077ae: no agents available; will retry on subsequent port and subnet creation events.
2026-08-21 23:38:25.436 7 WARNING neutron.api.rpc.agentnotifiers.dhcp_rpc_agent_api [None req-b7f4221d-4e3f-49b8-809d-799604644c7a fea1b9252128415dbaf11d508d103348 6381453f770a4d04a16feb45ee0d6dce - - default default] Unable to schedule network 45ba1ad6-8640-4de0-9f88-b5c80fdf483e: no agents available; will retry on subsequent port and subnet creation events.
2026-08-21 23:38:25.471 8 INFO neutron.db.ovn_revision_numbers_db [None req-896900cd-d065-480b-b8c1-386be281efbd f5b23d1c5eca4536834efb1bc9cda946 7d4fb32fb0574b1ca6386fdfc921e564 - - default default] Successfully bumped revision number for resource aa9a9daa-f768-4659-b11e-d552648a7921 (type: subnets) to 0
2026-08-21 23:38:25.496 8 INFO neutron.plugins.ml2.drivers.ovn.mech_driver.mech_driver [None req-bde57c2b-773a-43d7-b341-58b525c75260 - - - - - -] OVN reports status down for port: 9dba3ee8-2e7f-4442-ab30-42452855b3c0
2026-08-21 23:38:25.512 7 INFO neutron.db.ovn_revision_numbers_db [None req-b7f4221d-4e3f-49b8-809d-799604644c7a fea1b9252128415dbaf11d508d103348 6381453f770a4d04a16feb45ee0d6dce - - default default] Successfully bumped revision number for resource 9dba3ee8-2e7f-4442-ab30-42452855b3c0 (type: ports) to 1 [pid: 8|app: 0|req: 1070/2072] 10.0.0.154 () {34 vars in 669 bytes} [Fri Aug 21 23:38:25 2026] POST /v2.0/subnets => generated 732 bytes in 314 msecs (HTTP/1.1 201) 4 headers in 162 bytes (1 switches on core 0) [pid: 7|app: 0|req: 1003/2073] 10.0.0.154 () {34 vars in 671 bytes} [Fri Aug 21 23:38:24 2026] POST /v2.0/networks => generated 671 bytes in 969 msecs (HTTP/1.1 201) 4 headers in 162 bytes (1 switches on core 0)
2026-08-21 23:38:25.617 7 INFO neutron.db.segments_db [None req-0f15f06b-8c4a-478f-ad55-7d7d255f43e4 f5b23d1c5eca4536834efb1bc9cda946 7d4fb32fb0574b1ca6386fdfc921e564 - - default default] Added segment 1141a1ea-e283-4037-a89f-58e600eb8a9f of type geneve for network de268cf9-1c25-47d5-8699-f3de6a72436c
2026-08-21 23:38:25.682 8 INFO neutron_taas.services.taas.taas_plugin [None req-a7df0956-1c36-4b60-986c-b7e31c515570 e11a8e90a54c4f7388415cc4beccc814 f2888a821b4749acb2ef93958d0b31d4 - - default default] TaaS: Handle Delete Port: eeaef348-a165-44b5-801e-16504e33c17b
2026-08-21 23:38:25.685 8 INFO neutron_taas.services.taas.tap_mirror_plugin [None req-a7df0956-1c36-4b60-986c-b7e31c515570 e11a8e90a54c4f7388415cc4beccc814 f2888a821b4749acb2ef93958d0b31d4 - - default default] Tap Mirror: Handle Delete Port: eeaef348-a165-44b5-801e-16504e33c17b
2026-08-21 23:38:25.726 7 INFO neutron.db.ovn_revision_numbers_db [None req-0f15f06b-8c4a-478f-ad55-7d7d255f43e4 f5b23d1c5eca4536834efb1bc9cda946 7d4fb32fb0574b1ca6386fdfc921e564 - - default default] Successfully bumped revision number for resource de268cf9-1c25-47d5-8699-f3de6a72436c (type: networks) to 1 [pid: 8|app: 0|req: 1071/2074] 10.0.0.154 () {32 vars in 726 bytes} [Fri Aug 21 23:38:25 2026] DELETE /v2.0/networks/d854e717-1754-44fb-bbea-02bbc843fd0b => generated 0 bytes in 408 msecs (HTTP/1.1 204) 3 headers in 131 bytes (1 switches on core 0)
2026-08-21 23:38:25.948 7 WARNING neutron.scheduler.dhcp_agent_scheduler [None req-0f15f06b-8c4a-478f-ad55-7d7d255f43e4 f5b23d1c5eca4536834efb1bc9cda946 7d4fb32fb0574b1ca6386fdfc921e564 - - default default] No more DHCP agents
2026-08-21 23:38:25.950 7 WARNING neutron.api.rpc.agentnotifiers.dhcp_rpc_agent_api [None req-0f15f06b-8c4a-478f-ad55-7d7d255f43e4 f5b23d1c5eca4536834efb1bc9cda946 7d4fb32fb0574b1ca6386fdfc921e564 - - default default] Unable to schedule network de268cf9-1c25-47d5-8699-f3de6a72436c: no agents available; will retry on subsequent port and subnet creation events.
2026-08-21 23:38:26.036 8 INFO neutron.plugins.ml2.drivers.ovn.mech_driver.mech_driver [None req-bde57c2b-773a-43d7-b341-58b525c75260 - - - - - -] OVN reports status down for port: d1ab3dda-30f3-4446-8a71-4f33c644d850
2026-08-21 23:38:26.047 7 INFO neutron.db.ovn_revision_numbers_db [None req-0f15f06b-8c4a-478f-ad55-7d7d255f43e4 f5b23d1c5eca4536834efb1bc9cda946 7d4fb32fb0574b1ca6386fdfc921e564 - - default default] Successfully bumped revision number for resource d1ab3dda-30f3-4446-8a71-4f33c644d850 (type: ports) to 1 [pid: 7|app: 0|req: 1004/2075] 10.0.0.154 () {34 vars in 670 bytes} [Fri Aug 21 23:38:25 2026] POST /v2.0/networks => generated 676 bytes in 531 msecs (HTTP/1.1 201) 4 headers in 162 bytes (1 switches on core 0) [pid: 7|app: 0|req: 1005/2076] 10.0.0.209 () {28 vars in 599 bytes} [Fri Aug 21 23:38:26 2026] GET /v2.0/security-groups => generated 26113 bytes in 81 msecs (HTTP/1.1 200) 4 headers in 159 bytes (1 switches on core 0)
2026-08-21 23:38:26.278 8 INFO neutron.services.segments.plugin [-] Segment 07f74223-aa80-4d3b-ab33-e5a10ce86ee3 resource provider aggregate not found
2026-08-21 23:38:26.279 7 INFO neutron_taas.services.taas.taas_plugin [None req-741b969a-2b25-4420-86ca-af28848de0de e11a8e90a54c4f7388415cc4beccc814 f2888a821b4749acb2ef93958d0b31d4 - - default default] TaaS: Handle Delete Port: 36cee3d6-7187-4f22-bf22-4d2d0627717d
2026-08-21 23:38:26.283 7 INFO neutron_taas.services.taas.tap_mirror_plugin [None req-741b969a-2b25-4420-86ca-af28848de0de e11a8e90a54c4f7388415cc4beccc814 f2888a821b4749acb2ef93958d0b31d4 - - default default] Tap Mirror: Handle Delete Port: 36cee3d6-7187-4f22-bf22-4d2d0627717d
2026-08-21 23:38:26.287 8 INFO neutron.services.segments.plugin [-] Segment 07f74223-aa80-4d3b-ab33-e5a10ce86ee3 resource provider aggregate not found
2026-08-21 23:38:26.302 8 INFO neutron.services.segments.plugin [-] Client error retrieving segment 07f74223-aa80-4d3b-ab33-e5a10ce86ee3 resource provider; error: Placement Client Error (4xx): {"errors": [{"status": 404, "title": "Not Found", "detail": "The resource could not be found.\n\n No resource provider with uuid 07f74223-aa80-4d3b-ab33-e5a10ce86ee3 found for delete ", "request_id": "req-71e1ce7c-417d-4a12-b992-32ee9073e683"}]}
2026-08-21 23:38:26.311 8 INFO neutron.services.segments.plugin [-] Client error retrieving segment 07f74223-aa80-4d3b-ab33-e5a10ce86ee3 resource provider; error: Placement Client Error (4xx): {"errors": [{"status": 404, "title": "Not Found", "detail": "The resource could not be found.\n\n No resource provider with uuid 07f74223-aa80-4d3b-ab33-e5a10ce86ee3 found for delete ", "request_id": "req-956894d2-7ccf-478e-a17e-36280ff7894d"}]}
2026-08-21 23:38:26.322 8 INFO neutron.services.segments.plugin [-] Segment 4c571a32-381e-4fe2-8488-f65594a15630 resource provider aggregate not found
2026-08-21 23:38:26.328 8 INFO neutron.services.segments.plugin [-] Segment 4c571a32-381e-4fe2-8488-f65594a15630 resource provider aggregate not found
2026-08-21 23:38:26.342 8 INFO neutron.services.segments.plugin [-] Client error retrieving segment 4c571a32-381e-4fe2-8488-f65594a15630 resource provider; error: Placement Client Error (4xx): {"errors": [{"status": 404, "title": "Not Found", "detail": "The resource could not be found.\n\n No resource provider with uuid 4c571a32-381e-4fe2-8488-f65594a15630 found for delete ", "request_id": "req-7aae017b-17fc-47e1-9460-630d3a8cc2e6"}]}
2026-08-21 23:38:26.347 8 INFO neutron.services.segments.plugin [-] Client error retrieving segment 4c571a32-381e-4fe2-8488-f65594a15630 resource provider; error: Placement Client Error (4xx): {"errors": [{"status": 404, "title": "Not Found", "detail": "The resource could not be found.\n\n No resource provider with uuid 4c571a32-381e-4fe2-8488-f65594a15630 found for delete ", "request_id": "req-79eb4de7-5752-4d21-a4d4-bdd4f15f5e2c"}]}
2026-08-21 23:38:26.365 8 INFO neutron.services.segments.plugin [-] Segment 91022260-208f-4a49-9f22-bdf3d962bdde resource provider aggregate not found
2026-08-21 23:38:26.373 8 INFO neutron.services.segments.plugin [-] Segment 91022260-208f-4a49-9f22-bdf3d962bdde resource provider aggregate not found
2026-08-21 23:38:26.390 8 INFO neutron.services.segments.plugin [-] Client error retrieving segment 91022260-208f-4a49-9f22-bdf3d962bdde resource provider; error: Placement Client Error (4xx): {"errors": [{"status": 404, "title": "Not Found", "detail": "The resource could not be found.\n\n No resource provider with uuid 91022260-208f-4a49-9f22-bdf3d962bdde found for delete ", "request_id": "req-2112076e-1f12-45fc-9074-e427071c3d15"}]}
2026-08-21 23:38:26.401 8 INFO neutron.services.segments.plugin [-] Client error retrieving segment 91022260-208f-4a49-9f22-bdf3d962bdde resource provider; error: Placement Client Error (4xx): {"errors": [{"status": 404, "title": "Not Found", "detail": "The resource could not be found.\n\n No resource provider with uuid 91022260-208f-4a49-9f22-bdf3d962bdde found for delete ", "request_id": "req-053fe363-3561-4447-91b2-d2b414b5ca18"}]}
2026-08-21 23:38:26.479 7 INFO neutron.services.segments.plugin [-] Segment 4fff7987-45e1-44c8-936c-9a0a9f2901f5 resource provider aggregate not found
2026-08-21 23:38:26.482 7 INFO neutron.services.segments.plugin [-] Segment 4fff7987-45e1-44c8-936c-9a0a9f2901f5 resource provider aggregate not found
2026-08-21 23:38:26.483 8 WARNING neutron.scheduler.dhcp_agent_scheduler [None req-50fc9eba-3262-4df6-975a-e6641c57d8a2 fea1b9252128415dbaf11d508d103348 6381453f770a4d04a16feb45ee0d6dce - - default default] No more DHCP agents
2026-08-21 23:38:26.484 8 WARNING neutron.api.rpc.agentnotifiers.dhcp_rpc_agent_api [None req-50fc9eba-3262-4df6-975a-e6641c57d8a2 fea1b9252128415dbaf11d508d103348 6381453f770a4d04a16feb45ee0d6dce - - default default] Unable to schedule network 932f164b-9b72-4fb7-ab78-af06feca74bc: no agents available; will retry on subsequent port and subnet creation events.
2026-08-21 23:38:26.501 7 INFO neutron.services.segments.plugin [-] Client error retrieving segment 4fff7987-45e1-44c8-936c-9a0a9f2901f5 resource provider; error: Placement Client Error (4xx): {"errors": [{"status": 404, "title": "Not Found", "detail": "The resource could not be found.\n\n No resource provider with uuid 4fff7987-45e1-44c8-936c-9a0a9f2901f5 found for delete ", "request_id": "req-18007bc0-01bd-40b4-ba6b-bec1dc81e346"}]}
2026-08-21 23:38:26.518 7 INFO neutron.services.segments.plugin [-] Client error retrieving segment 4fff7987-45e1-44c8-936c-9a0a9f2901f5 resource provider; error: Placement Client Error (4xx): {"errors": [{"status": 404, "title": "Not Found", "detail": "The resource could not be found.\n\n No resource provider with uuid 4fff7987-45e1-44c8-936c-9a0a9f2901f5 found for delete ", "request_id": "req-b8b2686d-15ff-4827-892f-9a798033a5d8"}]} [pid: 7|app: 0|req: 1006/2077] 10.0.0.154 () {32 vars in 726 bytes} [Fri Aug 21 23:38:26 2026] DELETE /v2.0/networks/1582ed51-dd24-4385-be37-56dfc3903007 => generated 0 bytes in 391 msecs (HTTP/1.1 204) 3 headers in 131 bytes (1 switches on core 0)
2026-08-21 23:38:26.605 7 INFO neutron.plugins.ml2.drivers.ovn.mech_driver.mech_driver [None req-d7368b9a-4b91-4e22-9303-e57453bb854c - - - - - -] OVN reports status down for port: b161781c-7987-4fea-801e-1e6d67bf71f1
2026-08-21 23:38:26.631 8 INFO neutron.db.ovn_revision_numbers_db [None req-50fc9eba-3262-4df6-975a-e6641c57d8a2 fea1b9252128415dbaf11d508d103348 6381453f770a4d04a16feb45ee0d6dce - - default default] Successfully bumped revision number for resource b161781c-7987-4fea-801e-1e6d67bf71f1 (type: ports) to 1
2026-08-21 23:38:26.819 7 WARNING neutron.scheduler.dhcp_agent_scheduler [None req-d6385e35-42ab-400d-a65a-20a3880e95b2 f5b23d1c5eca4536834efb1bc9cda946 7d4fb32fb0574b1ca6386fdfc921e564 - - default default] No more DHCP agents
2026-08-21 23:38:26.821 7 WARNING neutron.api.rpc.agentnotifiers.dhcp_rpc_agent_api [None req-d6385e35-42ab-400d-a65a-20a3880e95b2 f5b23d1c5eca4536834efb1bc9cda946 7d4fb32fb0574b1ca6386fdfc921e564 - - default default] Unable to schedule network de268cf9-1c25-47d5-8699-f3de6a72436c: no agents available; will retry on subsequent port and subnet creation events.
2026-08-21 23:38:27.264 8 INFO neutron.plugins.ml2.drivers.ovn.mech_driver.ovsdb.commands [None req-2806d1f6-54d3-482a-b522-633e11e266ed - - - - - -] Schedule LRP lrp-b161781c-7987-4fea-801e-1e6d67bf71f1 on gateway bba072bf-1c3c-4fa3-95ec-82844ac7453e with priority 1
2026-08-21 23:38:27.296 7 INFO neutron.plugins.ml2.drivers.ovn.mech_driver.mech_driver [None req-d7368b9a-4b91-4e22-9303-e57453bb854c - - - - - -] OVN reports status up for port: b161781c-7987-4fea-801e-1e6d67bf71f1
2026-08-21 23:38:27.337 7 INFO neutron.plugins.ml2.plugin [None req-d7368b9a-4b91-4e22-9303-e57453bb854c - - - - - -] Attempt 1 to provision port b161781c-7987-4fea-801e-1e6d67bf71f1
2026-08-21 23:38:27.354 7 INFO neutron.plugins.ml2.drivers.ovn.mech_driver.ovsdb.ovsdb_monitor [None req-a2bb8f36-2d5b-49db-bdc4-137cf66fb481 - - - - - -] Router 013a8800-9d5d-4f57-84d1-85aa073572f3 is bound to host instance
2026-08-21 23:38:27.358 8 INFO neutron.db.ovn_revision_numbers_db [None req-50fc9eba-3262-4df6-975a-e6641c57d8a2 fea1b9252128415dbaf11d508d103348 6381453f770a4d04a16feb45ee0d6dce - - default default] Successfully bumped revision number for resource b161781c-7987-4fea-801e-1e6d67bf71f1 (type: router_ports) to 1
2026-08-21 23:38:27.358 7 INFO neutron.db.ovn_revision_numbers_db [None req-1bfe5e8e-51b3-405e-a08e-521ae297b43c - - - - - -] Successfully bumped revision number for resource d1ab3dda-30f3-4446-8a71-4f33c644d850 (type: ports) to 2
2026-08-21 23:38:27.446 8 INFO neutron.db.ovn_revision_numbers_db [None req-50fc9eba-3262-4df6-975a-e6641c57d8a2 fea1b9252128415dbaf11d508d103348 6381453f770a4d04a16feb45ee0d6dce - - default default] Successfully bumped revision number for resource 013a8800-9d5d-4f57-84d1-85aa073572f3 (type: routers) to 2 [pid: 8|app: 0|req: 1072/2078] 10.0.0.154 () {34 vars in 669 bytes} [Fri Aug 21 23:38:25 2026] POST /v2.0/routers => generated 953 bytes in 1544 msecs (HTTP/1.1 201) 4 headers in 162 bytes (1 switches on core 0)
2026-08-21 23:38:27.486 7 INFO neutron.db.ovn_revision_numbers_db [None req-1bfe5e8e-51b3-405e-a08e-521ae297b43c - - - - - -] Successfully bumped revision number for resource 2c7205de-6862-4a68-b6db-ebd2bd6918c8 (type: subnets) to 0 [pid: 8|app: 0|req: 1073/2079] 10.0.0.209 () {28 vars in 583 bytes} [Fri Aug 21 23:38:27 2026] GET /v2.0/subnets => generated 3376 bytes in 40 msecs (HTTP/1.1 200) 4 headers in 158 bytes (1 switches on core 0) [pid: 7|app: 0|req: 1007/2080] 10.0.0.154 () {34 vars in 669 bytes} [Fri Aug 21 23:38:26 2026] POST /v2.0/subnets => generated 655 bytes in 986 msecs (HTTP/1.1 201) 4 headers in 162 bytes (1 switches on core 0) [pid: 7|app: 0|req: 1008/2081] 10.0.0.154 () {32 vars in 776 bytes} [Fri Aug 21 23:38:27 2026] GET /v2.0/subnets?project_id=6381453f770a4d04a16feb45ee0d6dce&cidr=10.100.0.0%2F28 => generated 14 bytes in 337 msecs (HTTP/1.1 200) 4 headers in 156 bytes (1 switches on core 0)
2026-08-21 23:38:27.904 8 INFO neutron.db.ovn_revision_numbers_db [None req-854db9a2-9f58-4425-90c3-a1ba03af5034 be6a2841a7eb40609209c4a95acfb8c2 fe9d206770d145b49ec325669788672b - - default default] Successfully bumped revision number for resource 1a22d5f7-e015-49a5-aead-6738a046a49e (type: security_groups) to 1
2026-08-21 23:38:27.917 8 INFO neutron.db.ovn_revision_numbers_db [None req-854db9a2-9f58-4425-90c3-a1ba03af5034 be6a2841a7eb40609209c4a95acfb8c2 fe9d206770d145b49ec325669788672b - - default default] Successfully bumped revision number for resource 290d78b3-5015-406b-a0e4-2333cd361402 (type: security_group_rules) to 0
2026-08-21 23:38:27.938 8 INFO neutron.db.ovn_revision_numbers_db [None req-854db9a2-9f58-4425-90c3-a1ba03af5034 be6a2841a7eb40609209c4a95acfb8c2 fe9d206770d145b49ec325669788672b - - default default] Successfully bumped revision number for resource 36da6890-edf6-48bb-8340-77bda2a7a1b4 (type: security_group_rules) to 0
2026-08-21 23:38:27.958 8 INFO neutron.db.ovn_revision_numbers_db [None req-854db9a2-9f58-4425-90c3-a1ba03af5034 be6a2841a7eb40609209c4a95acfb8c2 fe9d206770d145b49ec325669788672b - - default default] Successfully bumped revision number for resource 3d3aa176-87b8-403f-83e7-b6f64f26a517 (type: security_group_rules) to 0
2026-08-21 23:38:27.971 8 INFO neutron.db.ovn_revision_numbers_db [None req-854db9a2-9f58-4425-90c3-a1ba03af5034 be6a2841a7eb40609209c4a95acfb8c2 fe9d206770d145b49ec325669788672b - - default default] Successfully bumped revision number for resource d8b4dc5d-5b73-45a7-87da-2a61dea69d43 (type: security_group_rules) to 0 [pid: 7|app: 0|req: 1009/2082] 10.0.0.209 () {28 vars in 579 bytes} [Fri Aug 21 23:38:27 2026] GET /v2.0/ports => generated 9144 bytes in 126 msecs (HTTP/1.1 200) 4 headers in 158 bytes (1 switches on core 0) [pid: 8|app: 0|req: 1074/2083] 10.0.0.154 () {32 vars in 774 bytes} [Fri Aug 21 23:38:27 2026] GET /v2.0/security-groups?tenant_id=1cda2eb136854f76984f734b805d8d89&name=default => generated 2925 bytes in 523 msecs (HTTP/1.1 200) 4 headers in 158 bytes (1 switches on core 0) [pid: 8|app: 0|req: 1075/2084] 10.0.0.154 () {32 vars in 694 bytes} [Fri Aug 21 23:38:28 2026] GET /v2.0/networks?router%3Aexternal=True => generated 791 bytes in 63 msecs (HTTP/1.1 200) 4 headers in 157 bytes (1 switches on core 0) [pid: 8|app: 0|req: 1076/2085] 10.0.0.209 () {28 vars in 585 bytes} [Fri Aug 21 23:38:28 2026] GET /v2.0/networks => generated 4648 bytes in 55 msecs (HTTP/1.1 200) 4 headers in 158 bytes (1 switches on core 0) [pid: 8|app: 0|req: 1077/2086] 10.0.0.154 () {32 vars in 740 bytes} [Fri Aug 21 23:38:28 2026] DELETE /v2.0/security-groups/1a22d5f7-e015-49a5-aead-6738a046a49e => generated 0 bytes in 232 msecs (HTTP/1.1 204) 2 headers in 112 bytes (1 switches on core 0)
2026-08-21 23:38:28.397 7 WARNING neutron.scheduler.dhcp_agent_scheduler [None req-8cf8366c-7d23-40ba-82cc-b6c23e38aaaf f5b23d1c5eca4536834efb1bc9cda946 7d4fb32fb0574b1ca6386fdfc921e564 - - default default] No more DHCP agents
2026-08-21 23:38:28.399 7 WARNING neutron.api.rpc.agentnotifiers.dhcp_rpc_agent_api [None req-8cf8366c-7d23-40ba-82cc-b6c23e38aaaf f5b23d1c5eca4536834efb1bc9cda946 7d4fb32fb0574b1ca6386fdfc921e564 - - default default] Unable to schedule network de268cf9-1c25-47d5-8699-f3de6a72436c: no agents available; will retry on subsequent port and subnet creation events. [pid: 8|app: 0|req: 1078/2087] 10.0.0.154 () {32 vars in 784 bytes} [Fri Aug 21 23:38:28 2026] GET /v2.0/subnets?network_id=932f164b-9b72-4fb7-ab78-af06feca74bc&cidr=10.100.0.0%2F28 => generated 14 bytes in 20 msecs (HTTP/1.1 200) 4 headers in 156 bytes (1 switches on core 0) [pid: 8|app: 0|req: 1079/2088] 10.0.0.209 () {28 vars in 581 bytes} [Fri Aug 21 23:38:28 2026] GET /v2.0/agents => generated 1214 bytes in 27 msecs (HTTP/1.1 200) 4 headers in 158 bytes (1 switches on core 0)
2026-08-21 23:38:28.455 7 INFO neutron.db.ovn_revision_numbers_db [None req-8cf8366c-7d23-40ba-82cc-b6c23e38aaaf f5b23d1c5eca4536834efb1bc9cda946 7d4fb32fb0574b1ca6386fdfc921e564 - - default default] Successfully bumped revision number for resource 38ac401f-127e-440d-b735-5b23db94ee39 (type: subnets) to 0 [pid: 7|app: 0|req: 1010/2089] 10.0.0.154 () {34 vars in 669 bytes} [Fri Aug 21 23:38:27 2026] POST /v2.0/subnets => generated 725 bytes in 484 msecs (HTTP/1.1 201) 4 headers in 162 bytes (1 switches on core 0) [pid: 7|app: 0|req: 1011/2090] 10.0.0.209 () {28 vars in 619 bytes} [Fri Aug 21 23:38:28 2026] GET /v2.0/network-ip-availabilities => generated 2762 bytes in 33 msecs (HTTP/1.1 200) 4 headers in 158 bytes (1 switches on core 0)
2026-08-21 23:38:28.624 8 WARNING neutron.scheduler.dhcp_agent_scheduler [None req-6e411f9e-eeaf-4dde-b5a5-adc8d25a9874 fea1b9252128415dbaf11d508d103348 6381453f770a4d04a16feb45ee0d6dce - - default default] No more DHCP agents
2026-08-21 23:38:28.625 8 WARNING neutron.api.rpc.agentnotifiers.dhcp_rpc_agent_api [None req-6e411f9e-eeaf-4dde-b5a5-adc8d25a9874 fea1b9252128415dbaf11d508d103348 6381453f770a4d04a16feb45ee0d6dce - - default default] Unable to schedule network 45ba1ad6-8640-4de0-9f88-b5c80fdf483e: no agents available; will retry on subsequent port and subnet creation events.
2026-08-21 23:38:28.680 7 INFO neutron.db.segments_db [None req-af9f218b-f014-4ae7-841e-327d1d98c335 f5b23d1c5eca4536834efb1bc9cda946 7d4fb32fb0574b1ca6386fdfc921e564 - - default default] Added segment c02e5871-cf4a-4bc3-b310-932d12dea009 of type geneve for network 3f3692d2-4400-4567-924b-f0bb48f0db91
2026-08-21 23:38:28.805 7 INFO neutron.db.ovn_revision_numbers_db [None req-0153ac7e-1bbf-466a-9171-c3a3d74da2fd - - - - - -] Successfully bumped revision number for resource b161781c-7987-4fea-801e-1e6d67bf71f1 (type: ports) to 4
2026-08-21 23:38:28.914 7 INFO neutron.db.ovn_revision_numbers_db [None req-af9f218b-f014-4ae7-841e-327d1d98c335 f5b23d1c5eca4536834efb1bc9cda946 7d4fb32fb0574b1ca6386fdfc921e564 - - default default] Successfully bumped revision number for resource 3f3692d2-4400-4567-924b-f0bb48f0db91 (type: networks) to 1
2026-08-21 23:38:29.088 8 INFO neutron.db.ovn_revision_numbers_db [None req-60954994-0c95-40bc-937e-c8a92674783f - - - - - -] Successfully bumped revision number for resource 9dba3ee8-2e7f-4442-ab30-42452855b3c0 (type: ports) to 2
2026-08-21 23:38:29.121 8 INFO neutron.db.ovn_revision_numbers_db [None req-60954994-0c95-40bc-937e-c8a92674783f - - - - - -] Successfully bumped revision number for resource b0565f14-016b-4090-ba37-4173d7cca692 (type: subnets) to 0 [pid: 8|app: 0|req: 1080/2091] 10.0.0.154 () {34 vars in 669 bytes} [Fri Aug 21 23:38:28 2026] POST /v2.0/subnets => generated 657 bytes in 707 msecs (HTTP/1.1 201) 4 headers in 162 bytes (1 switches on core 0) [pid: 8|app: 0|req: 1081/2092] 10.0.0.154 () {32 vars in 774 bytes} [Fri Aug 21 23:38:29 2026] GET /v2.0/security-groups?tenant_id=f2888a821b4749acb2ef93958d0b31d4&name=default => generated 2925 bytes in 22 msecs (HTTP/1.1 200) 4 headers in 158 bytes (1 switches on core 0) [pid: 8|app: 0|req: 1082/2093] 10.0.0.209 () {28 vars in 583 bytes} [Fri Aug 21 23:38:29 2026] GET /v2.0/subnets => generated 4774 bytes in 39 msecs (HTTP/1.1 200) 4 headers in 158 bytes (1 switches on core 0)
2026-08-21 23:38:29.251 7 WARNING neutron.scheduler.dhcp_agent_scheduler [None req-af9f218b-f014-4ae7-841e-327d1d98c335 f5b23d1c5eca4536834efb1bc9cda946 7d4fb32fb0574b1ca6386fdfc921e564 - - default default] No more DHCP agents
2026-08-21 23:38:29.254 7 WARNING neutron.api.rpc.agentnotifiers.dhcp_rpc_agent_api [None req-af9f218b-f014-4ae7-841e-327d1d98c335 f5b23d1c5eca4536834efb1bc9cda946 7d4fb32fb0574b1ca6386fdfc921e564 - - default default] Unable to schedule network 3f3692d2-4400-4567-924b-f0bb48f0db91: no agents available; will retry on subsequent port and subnet creation events.
2026-08-21 23:38:29.393 7 INFO neutron.db.ovn_revision_numbers_db [None req-af9f218b-f014-4ae7-841e-327d1d98c335 f5b23d1c5eca4536834efb1bc9cda946 7d4fb32fb0574b1ca6386fdfc921e564 - - default default] Successfully bumped revision number for resource 8788a0b8-ba7e-412b-a676-2df80054a390 (type: ports) to 1
2026-08-21 23:38:29.400 7 INFO neutron.db.ovn_revision_numbers_db [None req-0153ac7e-1bbf-466a-9171-c3a3d74da2fd - - - - - -] Successfully bumped revision number for resource b161781c-7987-4fea-801e-1e6d67bf71f1 (type: ports) to 5 [pid: 7|app: 0|req: 1012/2094] 10.0.0.154 () {34 vars in 670 bytes} [Fri Aug 21 23:38:28 2026] POST /v2.0/networks => generated 676 bytes in 926 msecs (HTTP/1.1 201) 4 headers in 162 bytes (1 switches on core 0) [pid: 7|app: 0|req: 1013/2095] 10.0.0.154 () {32 vars in 740 bytes} [Fri Aug 21 23:38:29 2026] DELETE /v2.0/security-groups/cf2d1506-7368-4d82-9d9f-0c1e53368e96 => generated 0 bytes in 247 msecs (HTTP/1.1 204) 2 headers in 112 bytes (1 switches on core 0)
2026-08-21 23:38:29.693 8 WARNING neutron.scheduler.dhcp_agent_scheduler [None req-57a49251-ef18-4798-ae93-a01eb2152e55 fea1b9252128415dbaf11d508d103348 6381453f770a4d04a16feb45ee0d6dce - - default default] No more DHCP agents
