2026-08-21 23:32:32.349 7 INFO placement.requestlog [req-75b24697-5b60-4619-ba59-2b554b5bcae0 req-064bcf0e-9239-4577-8efa-3525754e07ff 73575833b833459e947d4dd0d01ca2e1 02bae0c25f9c4d73a2e8c9b80ddf972d - - 3b1aad3fc78544079ab235d7f078dd74 3b1aad3fc78544079ab235d7f078dd74] 199.204.45.240 "GET /resource_providers?in_tree=38e11760-ddb4-47ea-8500-4f004febc94c" status: 200 len: 797 microversion: 1.14 [pid: 7|app: 0|req: 291/582] 199.204.45.240 () {34 vars in 892 bytes} [Fri Aug 21 23:32:32 2026] GET /resource_providers?in_tree=38e11760-ddb4-47ea-8500-4f004febc94c => generated 797 bytes in 20 msecs (HTTP/1.1 200) 6 headers in 225 bytes (1 switches on core 0)
2026-08-21 23:32:32.374 8 INFO placement.requestlog [req-75b24697-5b60-4619-ba59-2b554b5bcae0 req-59ee65ca-e373-40f0-a407-aa8cc7144059 73575833b833459e947d4dd0d01ca2e1 02bae0c25f9c4d73a2e8c9b80ddf972d - - 3b1aad3fc78544079ab235d7f078dd74 3b1aad3fc78544079ab235d7f078dd74] 199.204.45.240 "GET /resource_providers/38e11760-ddb4-47ea-8500-4f004febc94c/inventories" status: 200 len: 400 microversion: 1.0 [pid: 8|app: 0|req: 292/583] 199.204.45.240 () {32 vars in 857 bytes} [Fri Aug 21 23:32:32 2026] GET /resource_providers/38e11760-ddb4-47ea-8500-4f004febc94c/inventories => generated 400 bytes in 19 msecs (HTTP/1.1 200) 6 headers in 224 bytes (1 switches on core 0)
2026-08-21 23:32:32.395 7 INFO placement.requestlog [req-75b24697-5b60-4619-ba59-2b554b5bcae0 req-4117431d-eb80-4313-95a1-2fda5704b3a7 73575833b833459e947d4dd0d01ca2e1 02bae0c25f9c4d73a2e8c9b80ddf972d - - 3b1aad3fc78544079ab235d7f078dd74 3b1aad3fc78544079ab235d7f078dd74] 199.204.45.240 "GET /resource_providers/38e11760-ddb4-47ea-8500-4f004febc94c/aggregates" status: 200 len: 53 microversion: 1.19 [pid: 7|app: 0|req: 292/584] 199.204.45.240 () {34 vars in 899 bytes} [Fri Aug 21 23:32:32 2026] GET /resource_providers/38e11760-ddb4-47ea-8500-4f004febc94c/aggregates => generated 53 bytes in 15 msecs (HTTP/1.1 200) 8 headers in 295 bytes (1 switches on core 0)
2026-08-21 23:32:32.425 8 INFO placement.requestlog [req-75b24697-5b60-4619-ba59-2b554b5bcae0 req-4200d7b2-8cd6-4243-b869-5ac9693f70a3 73575833b833459e947d4dd0d01ca2e1 02bae0c25f9c4d73a2e8c9b80ddf972d - - 3b1aad3fc78544079ab235d7f078dd74 3b1aad3fc78544079ab235d7f078dd74] 199.204.45.240 "GET /resource_providers/38e11760-ddb4-47ea-8500-4f004febc94c/traits" status: 200 len: 2175 microversion: 1.6 [pid: 8|app: 0|req: 293/585] 199.204.45.240 () {34 vars in 890 bytes} [Fri Aug 21 23:32:32 2026] GET /resource_providers/38e11760-ddb4-47ea-8500-4f004febc94c/traits => generated 2175 bytes in 23 msecs (HTTP/1.1 200) 6 headers in 225 bytes (1 switches on core 0)
2026-08-21 23:32:32.446 7 INFO placement.requestlog [req-75b24697-5b60-4619-ba59-2b554b5bcae0 req-72967dea-8b79-4286-aef9-3afc9598bb13 73575833b833459e947d4dd0d01ca2e1 02bae0c25f9c4d73a2e8c9b80ddf972d - - 3b1aad3fc78544079ab235d7f078dd74 3b1aad3fc78544079ab235d7f078dd74] 199.204.45.240 "GET /resource_providers/38e11760-ddb4-47ea-8500-4f004febc94c/allocations" status: 200 len: 54 microversion: 1.0 [pid: 7|app: 0|req: 293/586] 199.204.45.240 () {32 vars in 857 bytes} [Fri Aug 21 23:32:32 2026] GET /resource_providers/38e11760-ddb4-47ea-8500-4f004febc94c/allocations => generated 54 bytes in 14 msecs (HTTP/1.1 200) 6 headers in 223 bytes (1 switches on core 0)
2026-08-21 23:32:35.174 8 INFO placement.requestlog [None req-cbdaa050-1318-4cae-bcbb-f108cc5cc4b4 - - - - - -] 10.0.0.21 "GET /" status: 200 len: 136 microversion: 1.0
2026-08-21 23:32:35.174 7 INFO placement.requestlog [None req-3924da62-8c42-47a6-981f-cebace1a7fd3 - - - - - -] 10.0.0.21 "GET /" status: 200 len: 136 microversion: 1.0
2026-08-21 23:32:45.174 8 INFO placement.requestlog [None req-04198f52-28b2-48b3-8341-4542860d6b5b - - - - - -] 10.0.0.21 "GET /" status: 200 len: 136 microversion: 1.0
2026-08-21 23:32:45.174 7 INFO placement.requestlog [None req-f1b83ebf-e998-4677-aafb-a1ec633fabf7 - - - - - -] 10.0.0.21 "GET /" status: 200 len: 136 microversion: 1.0
2026-08-21 23:32:55.173 7 INFO placement.requestlog [None req-10e18666-d4a4-47df-8ba1-db52d6d8af21 - - - - - -] 10.0.0.21 "GET /" status: 200 len: 136 microversion: 1.0
2026-08-21 23:32:55.173 8 INFO placement.requestlog [None req-e908115c-ded9-4879-9135-b2937d90229c - - - - - -] 10.0.0.21 "GET /" status: 200 len: 136 microversion: 1.0
2026-08-21 23:33:05.174 7 INFO placement.requestlog [None req-f226ba1a-339d-492a-8afb-9b13cc499d73 - - - - - -] 10.0.0.21 "GET /" status: 200 len: 136 microversion: 1.0
2026-08-21 23:33:05.174 8 INFO placement.requestlog [None req-fd30ccbe-e0d5-496b-98de-4063d338af95 - - - - - -] 10.0.0.21 "GET /" status: 200 len: 136 microversion: 1.0
2026-08-21 23:33:15.173 7 INFO placement.requestlog [None req-4470730a-631d-4d88-99b8-b58f75350744 - - - - - -] 10.0.0.21 "GET /" status: 200 len: 136 microversion: 1.0
2026-08-21 23:33:15.173 8 INFO placement.requestlog [None req-3578ebb4-d274-4841-82a3-2aee2d33f866 - - - - - -] 10.0.0.21 "GET /" status: 200 len: 136 microversion: 1.0
2026-08-21 23:33:25.173 8 INFO placement.requestlog [None req-8ca75e97-4e9d-491e-ab58-1d7f4d760b72 - - - - - -] 10.0.0.21 "GET /" status: 200 len: 136 microversion: 1.0
2026-08-21 23:33:25.173 7 INFO placement.requestlog [None req-68eb21af-b72e-4260-b673-34ad5acab157 - - - - - -] 10.0.0.21 "GET /" status: 200 len: 136 microversion: 1.0
2026-08-21 23:33:33.153 7 INFO placement.requestlog [req-1fc79cfd-6810-4b85-a7c0-267cea58b1ef req-9f081610-70e6-44d7-a62f-86f6cadd1c96 73575833b833459e947d4dd0d01ca2e1 02bae0c25f9c4d73a2e8c9b80ddf972d - - 3b1aad3fc78544079ab235d7f078dd74 3b1aad3fc78544079ab235d7f078dd74] 199.204.45.240 "GET /resource_providers/38e11760-ddb4-47ea-8500-4f004febc94c/allocations" status: 200 len: 54 microversion: 1.0 [pid: 7|app: 0|req: 300/599] 199.204.45.240 () {32 vars in 857 bytes} [Fri Aug 21 23:33:33 2026] GET /resource_providers/38e11760-ddb4-47ea-8500-4f004febc94c/allocations => generated 54 bytes in 17 msecs (HTTP/1.1 200) 6 headers in 223 bytes (1 switches on core 0)
2026-08-21 23:33:33.174 8 INFO placement.requestlog [req-1fc79cfd-6810-4b85-a7c0-267cea58b1ef req-fff85a3f-cdd3-4613-b633-60ec824fbdca 73575833b833459e947d4dd0d01ca2e1 02bae0c25f9c4d73a2e8c9b80ddf972d - - 3b1aad3fc78544079ab235d7f078dd74 3b1aad3fc78544079ab235d7f078dd74] 199.204.45.240 "GET /resource_providers/38e11760-ddb4-47ea-8500-4f004febc94c/allocations" status: 200 len: 54 microversion: 1.0 [pid: 8|app: 0|req: 300/600] 199.204.45.240 () {32 vars in 857 bytes} [Fri Aug 21 23:33:33 2026] GET /resource_providers/38e11760-ddb4-47ea-8500-4f004febc94c/allocations => generated 54 bytes in 15 msecs (HTTP/1.1 200) 6 headers in 223 bytes (1 switches on core 0)
2026-08-21 23:33:35.174 7 INFO placement.requestlog [None req-997edb34-0753-4a5e-a78c-1e288a36af2a - - - - - -] 10.0.0.21 "GET /" status: 200 len: 136 microversion: 1.0
2026-08-21 23:33:35.174 8 INFO placement.requestlog [None req-0b8c25b6-b76c-4afc-aae8-837124659c86 - - - - - -] 10.0.0.21 "GET /" status: 200 len: 136 microversion: 1.0
2026-08-21 23:33:45.174 8 INFO placement.requestlog [None req-1188588f-8d76-4495-8042-cdc9851d9fe8 - - - - - -] 10.0.0.21 "GET /" status: 200 len: 136 microversion: 1.0
2026-08-21 23:33:45.175 7 INFO placement.requestlog [None req-64ca5ae4-7459-4cc0-9bc6-ef489f6f62d8 - - - - - -] 10.0.0.21 "GET /" status: 200 len: 136 microversion: 1.0
2026-08-21 23:33:55.173 8 INFO placement.requestlog [None req-3cd739bf-c257-4bd7-9f2d-74ff3633a17d - - - - - -] 10.0.0.21 "GET /" status: 200 len: 136 microversion: 1.0
2026-08-21 23:33:55.174 7 INFO placement.requestlog [None req-3f8daeec-0096-4344-9e57-e269fefa7390 - - - - - -] 10.0.0.21 "GET /" status: 200 len: 136 microversion: 1.0
2026-08-21 23:34:05.173 8 INFO placement.requestlog [None req-1d62fcfb-0c97-4ff5-b956-fcb33caa43eb - - - - - -] 10.0.0.21 "GET /" status: 200 len: 136 microversion: 1.0
2026-08-21 23:34:05.174 7 INFO placement.requestlog [None req-b3210e07-3db8-48bc-b4f2-21882fa43d41 - - - - - -] 10.0.0.21 "GET /" status: 200 len: 136 microversion: 1.0
2026-08-21 23:34:15.173 8 INFO placement.requestlog [None req-8c3addd8-7497-4497-976c-01c5f7fe5284 - - - - - -] 10.0.0.21 "GET /" status: 200 len: 136 microversion: 1.0
2026-08-21 23:34:15.174 7 INFO placement.requestlog [None req-e0a244aa-95b5-43a9-9242-b4570abeb8af - - - - - -] 10.0.0.21 "GET /" status: 200 len: 136 microversion: 1.0
2026-08-21 23:34:25.174 8 INFO placement.requestlog [None req-06390609-47e0-4da6-bf1a-213e03e190a7 - - - - - -] 10.0.0.21 "GET /" status: 200 len: 136 microversion: 1.0
2026-08-21 23:34:25.174 7 INFO placement.requestlog [None req-59bd7aa5-48d2-4e1e-b682-19e1ec744940 - - - - - -] 10.0.0.21 "GET /" status: 200 len: 136 microversion: 1.0
2026-08-21 23:34:33.218 8 INFO placement.requestlog [req-b183ded9-16f0-4579-8b5a-c8b2d8b2ddad req-f3cff3b9-d9bf-4914-a804-1653bd402d49 73575833b833459e947d4dd0d01ca2e1 02bae0c25f9c4d73a2e8c9b80ddf972d - - 3b1aad3fc78544079ab235d7f078dd74 3b1aad3fc78544079ab235d7f078dd74] 199.204.45.240 "GET /resource_providers/38e11760-ddb4-47ea-8500-4f004febc94c/allocations" status: 200 len: 54 microversion: 1.0 [pid: 8|app: 0|req: 307/613] 199.204.45.240 () {32 vars in 857 bytes} [Fri Aug 21 23:34:33 2026] GET /resource_providers/38e11760-ddb4-47ea-8500-4f004febc94c/allocations => generated 54 bytes in 14 msecs (HTTP/1.1 200) 6 headers in 223 bytes (1 switches on core 0)
2026-08-21 23:34:33.240 7 INFO placement.requestlog [req-b183ded9-16f0-4579-8b5a-c8b2d8b2ddad req-6f5b9b2e-0328-49b3-b57a-ed920936dfb7 73575833b833459e947d4dd0d01ca2e1 02bae0c25f9c4d73a2e8c9b80ddf972d - - 3b1aad3fc78544079ab235d7f078dd74 3b1aad3fc78544079ab235d7f078dd74] 199.204.45.240 "GET /resource_providers/38e11760-ddb4-47ea-8500-4f004febc94c/allocations" status: 200 len: 54 microversion: 1.0 [pid: 7|app: 0|req: 307/614] 199.204.45.240 () {32 vars in 857 bytes} [Fri Aug 21 23:34:33 2026] GET /resource_providers/38e11760-ddb4-47ea-8500-4f004febc94c/allocations => generated 54 bytes in 15 msecs (HTTP/1.1 200) 6 headers in 223 bytes (1 switches on core 0)
2026-08-21 23:34:35.173 8 INFO placement.requestlog [None req-766ea633-c0cb-4bad-a5c2-f0ff1eddb830 - - - - - -] 10.0.0.21 "GET /" status: 200 len: 136 microversion: 1.0
2026-08-21 23:34:35.174 7 INFO placement.requestlog [None req-ddaf6845-a24d-46c5-a5e8-16e4867f108e - - - - - -] 10.0.0.21 "GET /" status: 200 len: 136 microversion: 1.0
2026-08-21 23:34:45.174 8 INFO placement.requestlog [None req-f0a0ae94-9ada-4644-af0d-142c4365c0e7 - - - - - -] 10.0.0.21 "GET /" status: 200 len: 136 microversion: 1.0
2026-08-21 23:34:45.174 7 INFO placement.requestlog [None req-4a97109f-5a16-458a-86a3-38750dc1331a - - - - - -] 10.0.0.21 "GET /" status: 200 len: 136 microversion: 1.0
2026-08-21 23:34:55.174 8 INFO placement.requestlog [None req-cbf3400f-2858-416b-8680-0a84d8f3d7e0 - - - - - -] 10.0.0.21 "GET /" status: 200 len: 136 microversion: 1.0
2026-08-21 23:34:55.174 7 INFO placement.requestlog [None req-2ea07e18-01c8-4851-bccd-4f01404d8507 - - - - - -] 10.0.0.21 "GET /" status: 200 len: 136 microversion: 1.0
2026-08-21 23:34:56.390 8 INFO placement.requestlog [req-327cd433-aa9b-4981-8294-b5f73a2c5941 req-fda16541-76ea-43d9-aa72-40279f60e5ff 73575833b833459e947d4dd0d01ca2e1 02bae0c25f9c4d73a2e8c9b80ddf972d - - 3b1aad3fc78544079ab235d7f078dd74 3b1aad3fc78544079ab235d7f078dd74] 10.0.0.36 "GET /allocation_candidates?limit=1000&resources=DISK_GB%3A1%2CMEMORY_MB%3A512%2CVCPU%3A1&root_required=%21COMPUTE_STATUS_DISABLED" status: 200 len: 2640 microversion: 1.36 [pid: 8|app: 0|req: 311/621] 10.0.0.36 () {34 vars in 1011 bytes} [Fri Aug 21 23:34:56 2026] GET /allocation_candidates?limit=1000&resources=DISK_GB%3A1%2CMEMORY_MB%3A512%2CVCPU%3A1&root_required=%21COMPUTE_STATUS_DISABLED => generated 2640 bytes in 141 msecs (HTTP/1.1 200) 8 headers in 297 bytes (1 switches on core 0)
2026-08-21 23:34:56.428 7 INFO placement.requestlog [req-327cd433-aa9b-4981-8294-b5f73a2c5941 req-fecd0de7-96c4-4d1f-9a5e-7b13ef098e07 73575833b833459e947d4dd0d01ca2e1 02bae0c25f9c4d73a2e8c9b80ddf972d - - 3b1aad3fc78544079ab235d7f078dd74 3b1aad3fc78544079ab235d7f078dd74] 10.0.0.36 "GET /allocations/e9788bd6-d930-4167-8dfb-08c6a1f1226d" status: 200 len: 19 microversion: 1.28 [pid: 7|app: 0|req: 311/622] 10.0.0.36 () {34 vars in 860 bytes} [Fri Aug 21 23:34:56 2026] GET /allocations/e9788bd6-d930-4167-8dfb-08c6a1f1226d => generated 19 bytes in 10 msecs (HTTP/1.1 200) 8 headers in 295 bytes (1 switches on core 0)
2026-08-21 23:34:56.558 8 INFO placement.requestlog [req-327cd433-aa9b-4981-8294-b5f73a2c5941 req-2247573a-f1c3-49b4-bc29-134a5bcadf6b 73575833b833459e947d4dd0d01ca2e1 02bae0c25f9c4d73a2e8c9b80ddf972d - - 3b1aad3fc78544079ab235d7f078dd74 3b1aad3fc78544079ab235d7f078dd74] 10.0.0.36 "PUT /allocations/e9788bd6-d930-4167-8dfb-08c6a1f1226d" status: 204 len: 0 microversion: 1.36 [pid: 8|app: 0|req: 312/623] 10.0.0.36 () {38 vars in 913 bytes} [Fri Aug 21 23:34:56 2026] PUT /allocations/e9788bd6-d930-4167-8dfb-08c6a1f1226d => generated 0 bytes in 126 msecs (HTTP/1.1 204) 5 headers in 199 bytes (1 switches on core 0)
2026-08-21 23:34:58.102 7 INFO placement.requestlog [req-327cd433-aa9b-4981-8294-b5f73a2c5941 req-a894f430-f6a7-44af-b65d-9cf322d4c2a3 73575833b833459e947d4dd0d01ca2e1 02bae0c25f9c4d73a2e8c9b80ddf972d - - 3b1aad3fc78544079ab235d7f078dd74 3b1aad3fc78544079ab235d7f078dd74] 199.204.45.240 "GET /allocations/e9788bd6-d930-4167-8dfb-08c6a1f1226d" status: 200 len: 257 microversion: 1.28 [pid: 7|app: 0|req: 312/624] 199.204.45.240 () {34 vars in 863 bytes} [Fri Aug 21 23:34:58 2026] GET /allocations/e9788bd6-d930-4167-8dfb-08c6a1f1226d => generated 257 bytes in 13 msecs (HTTP/1.1 200) 8 headers in 296 bytes (1 switches on core 0)
2026-08-21 23:34:59.142 8 INFO placement.requestlog [req-327cd433-aa9b-4981-8294-b5f73a2c5941 req-97907306-f666-4f57-aa05-2851963aeef5 73575833b833459e947d4dd0d01ca2e1 02bae0c25f9c4d73a2e8c9b80ddf972d - - 3b1aad3fc78544079ab235d7f078dd74 3b1aad3fc78544079ab235d7f078dd74] 199.204.45.240 "GET /resource_providers/38e11760-ddb4-47ea-8500-4f004febc94c/allocations" status: 200 len: 152 microversion: 1.0 [pid: 8|app: 0|req: 313/625] 199.204.45.240 () {32 vars in 857 bytes} [Fri Aug 21 23:34:59 2026] GET /resource_providers/38e11760-ddb4-47ea-8500-4f004febc94c/allocations => generated 152 bytes in 18 msecs (HTTP/1.1 200) 6 headers in 224 bytes (1 switches on core 0)
2026-08-21 23:34:59.159 7 INFO placement.requestlog [req-327cd433-aa9b-4981-8294-b5f73a2c5941 req-d9c6a636-c792-4fce-8d74-86b689557fa7 73575833b833459e947d4dd0d01ca2e1 02bae0c25f9c4d73a2e8c9b80ddf972d - - 3b1aad3fc78544079ab235d7f078dd74 3b1aad3fc78544079ab235d7f078dd74] 199.204.45.240 "GET /allocations/e9788bd6-d930-4167-8dfb-08c6a1f1226d" status: 200 len: 257 microversion: 1.28 [pid: 7|app: 0|req: 313/626] 199.204.45.240 () {34 vars in 863 bytes} [Fri Aug 21 23:34:59 2026] GET /allocations/e9788bd6-d930-4167-8dfb-08c6a1f1226d => generated 257 bytes in 10 msecs (HTTP/1.1 200) 8 headers in 296 bytes (1 switches on core 0)
2026-08-21 23:35:01.703 8 INFO placement.requestlog [None req-b2582228-7f30-4b9e-bcef-2fb1157d493f cc16a1451183428f910a3cbe2b2c68ff 02bae0c25f9c4d73a2e8c9b80ddf972d - - 3b1aad3fc78544079ab235d7f078dd74 3b1aad3fc78544079ab235d7f078dd74] 10.0.0.190 "GET /resource_providers/c42a8a85-1ffa-4f6e-8d1c-801db809bb62/aggregates" status: 404 len: 235 microversion: 1.1 [pid: 8|app: 0|req: 314/627] 10.0.0.190 () {32 vars in 816 bytes} [Fri Aug 21 23:35:01 2026] GET /resource_providers/c42a8a85-1ffa-4f6e-8d1c-801db809bb62/aggregates => generated 235 bytes in 181 msecs (HTTP/1.1 404) 5 headers in 202 bytes (1 switches on core 0)
2026-08-21 23:35:01.717 7 INFO placement.requestlog [None req-c94dced6-2cbf-4e33-a1a6-f29cf2f28be3 cc16a1451183428f910a3cbe2b2c68ff 02bae0c25f9c4d73a2e8c9b80ddf972d - - 3b1aad3fc78544079ab235d7f078dd74 3b1aad3fc78544079ab235d7f078dd74] 10.0.0.190 "GET /resource_providers/c42a8a85-1ffa-4f6e-8d1c-801db809bb62/aggregates" status: 404 len: 235 microversion: 1.1 [pid: 7|app: 0|req: 314/628] 10.0.0.190 () {32 vars in 816 bytes} [Fri Aug 21 23:35:01 2026] GET /resource_providers/c42a8a85-1ffa-4f6e-8d1c-801db809bb62/aggregates => generated 235 bytes in 177 msecs (HTTP/1.1 404) 5 headers in 202 bytes (1 switches on core 0)
2026-08-21 23:35:01.734 7 INFO placement.requestlog [None req-b59a94ce-166f-4bcc-b8ad-52cb78957058 cc16a1451183428f910a3cbe2b2c68ff 02bae0c25f9c4d73a2e8c9b80ddf972d - - 3b1aad3fc78544079ab235d7f078dd74 3b1aad3fc78544079ab235d7f078dd74] 10.0.0.190 "DELETE /resource_providers/c42a8a85-1ffa-4f6e-8d1c-801db809bb62" status: 404 len: 246 microversion: 1.1 [pid: 7|app: 0|req: 315/629] 10.0.0.190 () {34 vars in 816 bytes} [Fri Aug 21 23:35:01 2026] DELETE /resource_providers/c42a8a85-1ffa-4f6e-8d1c-801db809bb62 => generated 246 bytes in 11 msecs (HTTP/1.1 404) 6 headers in 231 bytes (1 switches on core 0)
2026-08-21 23:35:01.735 8 INFO placement.requestlog [None req-25e3dd8b-d4c7-427d-8638-9fd2bd55b32b cc16a1451183428f910a3cbe2b2c68ff 02bae0c25f9c4d73a2e8c9b80ddf972d - - 3b1aad3fc78544079ab235d7f078dd74 3b1aad3fc78544079ab235d7f078dd74] 10.0.0.190 "DELETE /resource_providers/c42a8a85-1ffa-4f6e-8d1c-801db809bb62" status: 404 len: 246 microversion: 1.1 [pid: 8|app: 0|req: 315/630] 10.0.0.190 () {34 vars in 816 bytes} [Fri Aug 21 23:35:01 2026] DELETE /resource_providers/c42a8a85-1ffa-4f6e-8d1c-801db809bb62 => generated 246 bytes in 13 msecs (HTTP/1.1 404) 6 headers in 231 bytes (1 switches on core 0)
2026-08-21 23:35:03.204 7 INFO placement.requestlog [req-2edb7d0c-43f8-4dfa-87ec-07cf783e4e75 req-0bcfd540-ec0c-4066-8541-d3834d6f8fe4 73575833b833459e947d4dd0d01ca2e1 02bae0c25f9c4d73a2e8c9b80ddf972d - - 3b1aad3fc78544079ab235d7f078dd74 3b1aad3fc78544079ab235d7f078dd74] 10.0.0.36 "GET /allocation_candidates?limit=1000&resources=MEMORY_MB%3A512%2CVCPU%3A1&root_required=%21COMPUTE_STATUS_DISABLED" status: 200 len: 2628 microversion: 1.36 [pid: 7|app: 0|req: 316/631] 10.0.0.36 () {34 vars in 983 bytes} [Fri Aug 21 23:35:03 2026] GET /allocation_candidates?limit=1000&resources=MEMORY_MB%3A512%2CVCPU%3A1&root_required=%21COMPUTE_STATUS_DISABLED => generated 2628 bytes in 50 msecs (HTTP/1.1 200) 8 headers in 297 bytes (1 switches on core 0)
2026-08-21 23:35:03.245 8 INFO placement.requestlog [req-2edb7d0c-43f8-4dfa-87ec-07cf783e4e75 req-51e10d3b-204d-4680-a8d4-64a036e104a3 73575833b833459e947d4dd0d01ca2e1 02bae0c25f9c4d73a2e8c9b80ddf972d - - 3b1aad3fc78544079ab235d7f078dd74 3b1aad3fc78544079ab235d7f078dd74] 10.0.0.36 "GET /allocations/eb5621ed-fab3-4a28-97a7-366f5f524de0" status: 200 len: 19 microversion: 1.28 [pid: 8|app: 0|req: 316/632] 10.0.0.36 () {34 vars in 860 bytes} [Fri Aug 21 23:35:03 2026] GET /allocations/eb5621ed-fab3-4a28-97a7-366f5f524de0 => generated 19 bytes in 19 msecs (HTTP/1.1 200) 8 headers in 295 bytes (1 switches on core 0)
2026-08-21 23:35:03.365 7 INFO placement.requestlog [req-2edb7d0c-43f8-4dfa-87ec-07cf783e4e75 req-77dca16c-dd9b-4f94-84b8-f0bece62c5bf 73575833b833459e947d4dd0d01ca2e1 02bae0c25f9c4d73a2e8c9b80ddf972d - - 3b1aad3fc78544079ab235d7f078dd74 3b1aad3fc78544079ab235d7f078dd74] 10.0.0.36 "PUT /allocations/eb5621ed-fab3-4a28-97a7-366f5f524de0" status: 204 len: 0 microversion: 1.36 [pid: 7|app: 0|req: 317/633] 10.0.0.36 () {38 vars in 913 bytes} [Fri Aug 21 23:35:03 2026] PUT /allocations/eb5621ed-fab3-4a28-97a7-366f5f524de0 => generated 0 bytes in 113 msecs (HTTP/1.1 204) 5 headers in 199 bytes (1 switches on core 0)
2026-08-21 23:35:05.173 7 INFO placement.requestlog [None req-94cef7f5-df9c-4e8d-b429-03ad620d1604 - - - - - -] 10.0.0.21 "GET /" status: 200 len: 136 microversion: 1.0
2026-08-21 23:35:05.173 8 INFO placement.requestlog [None req-c6610602-bd0c-416f-806a-09d59b663a23 - - - - - -] 10.0.0.21 "GET /" status: 200 len: 136 microversion: 1.0
2026-08-21 23:35:06.021 7 INFO placement.requestlog [req-2edb7d0c-43f8-4dfa-87ec-07cf783e4e75 req-afb2b09b-8100-4574-9dad-8c4d56efa1f6 73575833b833459e947d4dd0d01ca2e1 02bae0c25f9c4d73a2e8c9b80ddf972d - - 3b1aad3fc78544079ab235d7f078dd74 3b1aad3fc78544079ab235d7f078dd74] 199.204.45.240 "GET /allocations/eb5621ed-fab3-4a28-97a7-366f5f524de0" status: 200 len: 243 microversion: 1.28 [pid: 7|app: 0|req: 319/636] 199.204.45.240 () {34 vars in 863 bytes} [Fri Aug 21 23:35:06 2026] GET /allocations/eb5621ed-fab3-4a28-97a7-366f5f524de0 => generated 243 bytes in 13 msecs (HTTP/1.1 200) 8 headers in 296 bytes (1 switches on core 0)
2026-08-21 23:35:07.059 8 INFO placement.requestlog [req-2edb7d0c-43f8-4dfa-87ec-07cf783e4e75 req-233bfc7a-f0dc-4ab4-bc02-913b546114bf 73575833b833459e947d4dd0d01ca2e1 02bae0c25f9c4d73a2e8c9b80ddf972d - - 3b1aad3fc78544079ab235d7f078dd74 3b1aad3fc78544079ab235d7f078dd74] 199.204.45.240 "GET /resource_providers/38e11760-ddb4-47ea-8500-4f004febc94c/allocations" status: 200 len: 238 microversion: 1.0 [pid: 8|app: 0|req: 318/637] 199.204.45.240 () {32 vars in 857 bytes} [Fri Aug 21 23:35:07 2026] GET /resource_providers/38e11760-ddb4-47ea-8500-4f004febc94c/allocations => generated 238 bytes in 13 msecs (HTTP/1.1 200) 6 headers in 224 bytes (1 switches on core 0)
2026-08-21 23:35:07.077 7 INFO placement.requestlog [req-2edb7d0c-43f8-4dfa-87ec-07cf783e4e75 req-27b2ee23-ec3a-410d-b1a3-7c1fa20f74cd 73575833b833459e947d4dd0d01ca2e1 02bae0c25f9c4d73a2e8c9b80ddf972d - - 3b1aad3fc78544079ab235d7f078dd74 3b1aad3fc78544079ab235d7f078dd74] 199.204.45.240 "GET /allocations/e9788bd6-d930-4167-8dfb-08c6a1f1226d" status: 200 len: 257 microversion: 1.28 [pid: 7|app: 0|req: 320/638] 199.204.45.240 () {34 vars in 863 bytes} [Fri Aug 21 23:35:07 2026] GET /allocations/e9788bd6-d930-4167-8dfb-08c6a1f1226d => generated 257 bytes in 13 msecs (HTTP/1.1 200) 8 headers in 296 bytes (1 switches on core 0)
2026-08-21 23:35:07.096 8 INFO placement.requestlog [req-2edb7d0c-43f8-4dfa-87ec-07cf783e4e75 req-6bc1b163-f184-43f9-ab17-c1e3ac12a885 73575833b833459e947d4dd0d01ca2e1 02bae0c25f9c4d73a2e8c9b80ddf972d - - 3b1aad3fc78544079ab235d7f078dd74 3b1aad3fc78544079ab235d7f078dd74] 199.204.45.240 "GET /allocations/eb5621ed-fab3-4a28-97a7-366f5f524de0" status: 200 len: 243 microversion: 1.28 [pid: 8|app: 0|req: 319/639] 199.204.45.240 () {34 vars in 863 bytes} [Fri Aug 21 23:35:07 2026] GET /allocations/eb5621ed-fab3-4a28-97a7-366f5f524de0 => generated 243 bytes in 13 msecs (HTTP/1.1 200) 8 headers in 296 bytes (1 switches on core 0)
2026-08-21 23:35:08.158 7 INFO placement.requestlog [None req-d714a757-aec1-4099-a528-aee24aad85fa cc16a1451183428f910a3cbe2b2c68ff 02bae0c25f9c4d73a2e8c9b80ddf972d - - 3b1aad3fc78544079ab235d7f078dd74 3b1aad3fc78544079ab235d7f078dd74] 10.0.0.190 "GET /resource_providers/96b8665a-2dfd-4a5f-ae7e-92ccf7691de3/aggregates" status: 404 len: 235 microversion: 1.1
2026-08-21 23:35:08.158 8 INFO placement.requestlog [None req-77c6787c-2330-47ea-afa7-5fcdb80cdae4 cc16a1451183428f910a3cbe2b2c68ff 02bae0c25f9c4d73a2e8c9b80ddf972d - - 3b1aad3fc78544079ab235d7f078dd74 3b1aad3fc78544079ab235d7f078dd74] 10.0.0.190 "GET /resource_providers/96b8665a-2dfd-4a5f-ae7e-92ccf7691de3/aggregates" status: 404 len: 235 microversion: 1.1 [pid: 7|app: 0|req: 321/640] 10.0.0.190 () {32 vars in 816 bytes} [Fri Aug 21 23:35:08 2026] GET /resource_providers/96b8665a-2dfd-4a5f-ae7e-92ccf7691de3/aggregates => generated 235 bytes in 15 msecs (HTTP/1.1 404) 5 headers in 202 bytes (1 switches on core 0) [pid: 8|app: 0|req: 320/641] 10.0.0.190 () {32 vars in 816 bytes} [Fri Aug 21 23:35:08 2026] GET /resource_providers/96b8665a-2dfd-4a5f-ae7e-92ccf7691de3/aggregates => generated 235 bytes in 15 msecs (HTTP/1.1 404) 5 headers in 202 bytes (1 switches on core 0)
2026-08-21 23:35:08.182 7 INFO placement.requestlog [None req-a96740a9-087a-4551-a74a-6f24a15eb4c8 cc16a1451183428f910a3cbe2b2c68ff 02bae0c25f9c4d73a2e8c9b80ddf972d - - 3b1aad3fc78544079ab235d7f078dd74 3b1aad3fc78544079ab235d7f078dd74] 10.0.0.190 "DELETE /resource_providers/96b8665a-2dfd-4a5f-ae7e-92ccf7691de3" status: 404 len: 246 microversion: 1.1 [pid: 7|app: 0|req: 322/642] 10.0.0.190 () {34 vars in 816 bytes} [Fri Aug 21 23:35:08 2026] DELETE /resource_providers/96b8665a-2dfd-4a5f-ae7e-92ccf7691de3 => generated 246 bytes in 13 msecs (HTTP/1.1 404) 6 headers in 231 bytes (1 switches on core 0)
2026-08-21 23:35:08.182 8 INFO placement.requestlog [None req-47e44539-e139-417e-a64d-848563a455f4 cc16a1451183428f910a3cbe2b2c68ff 02bae0c25f9c4d73a2e8c9b80ddf972d - - 3b1aad3fc78544079ab235d7f078dd74 3b1aad3fc78544079ab235d7f078dd74] 10.0.0.190 "DELETE /resource_providers/96b8665a-2dfd-4a5f-ae7e-92ccf7691de3" status: 404 len: 246 microversion: 1.1 [pid: 8|app: 0|req: 321/643] 10.0.0.190 () {34 vars in 816 bytes} [Fri Aug 21 23:35:08 2026] DELETE /resource_providers/96b8665a-2dfd-4a5f-ae7e-92ccf7691de3 => generated 246 bytes in 9 msecs (HTTP/1.1 404) 6 headers in 231 bytes (1 switches on core 0)
2026-08-21 23:35:13.545 7 INFO placement.requestlog [req-e7f2654d-abbe-4762-867d-f070734a1e06 req-cb52eccf-e513-4974-918e-1117e14258fe 73575833b833459e947d4dd0d01ca2e1 02bae0c25f9c4d73a2e8c9b80ddf972d - - 3b1aad3fc78544079ab235d7f078dd74 3b1aad3fc78544079ab235d7f078dd74] 10.0.0.36 "GET /allocation_candidates?limit=1000&resources=DISK_GB%3A1%2CMEMORY_MB%3A512%2CVCPU%3A1&root_required=%21COMPUTE_STATUS_DISABLED" status: 200 len: 2643 microversion: 1.36 [pid: 7|app: 0|req: 323/644] 10.0.0.36 () {34 vars in 1011 bytes} [Fri Aug 21 23:35:13 2026] GET /allocation_candidates?limit=1000&resources=DISK_GB%3A1%2CMEMORY_MB%3A512%2CVCPU%3A1&root_required=%21COMPUTE_STATUS_DISABLED => generated 2643 bytes in 67 msecs (HTTP/1.1 200) 8 headers in 297 bytes (1 switches on core 0)
2026-08-21 23:35:13.576 8 INFO placement.requestlog [req-e7f2654d-abbe-4762-867d-f070734a1e06 req-b571f2fa-ba53-406a-aecc-4631766fce94 73575833b833459e947d4dd0d01ca2e1 02bae0c25f9c4d73a2e8c9b80ddf972d - - 3b1aad3fc78544079ab235d7f078dd74 3b1aad3fc78544079ab235d7f078dd74] 10.0.0.36 "GET /allocations/9fde677d-75b0-4603-ac01-a258dab58e48" status: 200 len: 19 microversion: 1.28 [pid: 8|app: 0|req: 322/645] 10.0.0.36 () {34 vars in 860 bytes} [Fri Aug 21 23:35:13 2026] GET /allocations/9fde677d-75b0-4603-ac01-a258dab58e48 => generated 19 bytes in 8 msecs (HTTP/1.1 200) 8 headers in 295 bytes (1 switches on core 0)
2026-08-21 23:35:13.661 7 INFO placement.requestlog [req-e7f2654d-abbe-4762-867d-f070734a1e06 req-e9fd9fe9-2b81-4b34-9dcb-7a9d7cf2b45f 73575833b833459e947d4dd0d01ca2e1 02bae0c25f9c4d73a2e8c9b80ddf972d - - 3b1aad3fc78544079ab235d7f078dd74 3b1aad3fc78544079ab235d7f078dd74] 10.0.0.36 "PUT /allocations/9fde677d-75b0-4603-ac01-a258dab58e48" status: 204 len: 0 microversion: 1.36 [pid: 7|app: 0|req: 324/646] 10.0.0.36 () {38 vars in 913 bytes} [Fri Aug 21 23:35:13 2026] PUT /allocations/9fde677d-75b0-4603-ac01-a258dab58e48 => generated 0 bytes in 78 msecs (HTTP/1.1 204) 5 headers in 199 bytes (1 switches on core 0)
2026-08-21 23:35:15.141 8 INFO placement.requestlog [req-e7f2654d-abbe-4762-867d-f070734a1e06 req-5add5a2d-42f8-4816-b1c1-4507d63e1747 73575833b833459e947d4dd0d01ca2e1 02bae0c25f9c4d73a2e8c9b80ddf972d - - 3b1aad3fc78544079ab235d7f078dd74 3b1aad3fc78544079ab235d7f078dd74] 199.204.45.240 "GET /allocations/9fde677d-75b0-4603-ac01-a258dab58e48" status: 200 len: 257 microversion: 1.28 [pid: 8|app: 0|req: 323/647] 199.204.45.240 () {34 vars in 863 bytes} [Fri Aug 21 23:35:15 2026] GET /allocations/9fde677d-75b0-4603-ac01-a258dab58e48 => generated 257 bytes in 15 msecs (HTTP/1.1 200) 8 headers in 296 bytes (1 switches on core 0)
2026-08-21 23:35:15.173 7 INFO placement.requestlog [None req-4526b39a-36a9-4c8c-9dbc-6495fc86baab - - - - - -] 10.0.0.21 "GET /" status: 200 len: 136 microversion: 1.0
2026-08-21 23:35:15.173 8 INFO placement.requestlog [None req-1edec071-25b6-4fc1-b2ec-4da98f62fa01 - - - - - -] 10.0.0.21 "GET /" status: 200 len: 136 microversion: 1.0
2026-08-21 23:35:16.180 7 INFO placement.requestlog [req-e7f2654d-abbe-4762-867d-f070734a1e06 req-8fdadd53-f10c-4dda-a272-b7014a32ed0e 73575833b833459e947d4dd0d01ca2e1 02bae0c25f9c4d73a2e8c9b80ddf972d - - 3b1aad3fc78544079ab235d7f078dd74 3b1aad3fc78544079ab235d7f078dd74] 199.204.45.240 "GET /resource_providers/38e11760-ddb4-47ea-8500-4f004febc94c/allocations" status: 200 len: 338 microversion: 1.0 [pid: 7|app: 0|req: 326/650] 199.204.45.240 () {32 vars in 857 bytes} [Fri Aug 21 23:35:16 2026] GET /resource_providers/38e11760-ddb4-47ea-8500-4f004febc94c/allocations => generated 338 bytes in 15 msecs (HTTP/1.1 200) 6 headers in 224 bytes (1 switches on core 0)
2026-08-21 23:35:16.197 8 INFO placement.requestlog [req-e7f2654d-abbe-4762-867d-f070734a1e06 req-cb8cc139-0389-4ac0-b59d-eca645354c4e 73575833b833459e947d4dd0d01ca2e1 02bae0c25f9c4d73a2e8c9b80ddf972d - - 3b1aad3fc78544079ab235d7f078dd74 3b1aad3fc78544079ab235d7f078dd74] 199.204.45.240 "GET /allocations/e9788bd6-d930-4167-8dfb-08c6a1f1226d" status: 200 len: 257 microversion: 1.28 [pid: 8|app: 0|req: 325/651] 199.204.45.240 () {34 vars in 863 bytes} [Fri Aug 21 23:35:16 2026] GET /allocations/e9788bd6-d930-4167-8dfb-08c6a1f1226d => generated 257 bytes in 12 msecs (HTTP/1.1 200) 8 headers in 296 bytes (1 switches on core 0)
2026-08-21 23:35:16.236 7 INFO placement.requestlog [req-e7f2654d-abbe-4762-867d-f070734a1e06 req-b71bd532-35c7-484d-a1d7-9b7832247291 73575833b833459e947d4dd0d01ca2e1 02bae0c25f9c4d73a2e8c9b80ddf972d - - 3b1aad3fc78544079ab235d7f078dd74 3b1aad3fc78544079ab235d7f078dd74] 199.204.45.240 "GET /allocations/9fde677d-75b0-4603-ac01-a258dab58e48" status: 200 len: 257 microversion: 1.28 [pid: 7|app: 0|req: 327/652] 199.204.45.240 () {34 vars in 863 bytes} [Fri Aug 21 23:35:16 2026] GET /allocations/9fde677d-75b0-4603-ac01-a258dab58e48 => generated 257 bytes in 35 msecs (HTTP/1.1 200) 8 headers in 296 bytes (1 switches on core 0)
2026-08-21 23:35:16.259 8 INFO placement.requestlog [req-e7f2654d-abbe-4762-867d-f070734a1e06 req-7e108e33-eb0c-48a7-968c-6bf394c5aaaf 73575833b833459e947d4dd0d01ca2e1 02bae0c25f9c4d73a2e8c9b80ddf972d - - 3b1aad3fc78544079ab235d7f078dd74 3b1aad3fc78544079ab235d7f078dd74] 199.204.45.240 "GET /allocations/eb5621ed-fab3-4a28-97a7-366f5f524de0" status: 200 len: 243 microversion: 1.28 [pid: 8|app: 0|req: 326/653] 199.204.45.240 () {34 vars in 863 bytes} [Fri Aug 21 23:35:16 2026] GET /allocations/eb5621ed-fab3-4a28-97a7-366f5f524de0 => generated 243 bytes in 16 msecs (HTTP/1.1 200) 8 headers in 296 bytes (1 switches on core 0)
2026-08-21 23:35:20.388 7 INFO placement.requestlog [req-6823dd00-1109-44d0-8d2d-24dff93d7ca5 req-99c75dcd-9b9b-4840-a853-c8465089a060 73575833b833459e947d4dd0d01ca2e1 02bae0c25f9c4d73a2e8c9b80ddf972d - - 3b1aad3fc78544079ab235d7f078dd74 3b1aad3fc78544079ab235d7f078dd74] 10.0.0.36 "GET /allocation_candidates?limit=1000&resources=DISK_GB%3A1%2CMEMORY_MB%3A512%2CVCPU%3A1&root_required=%21COMPUTE_STATUS_DISABLED" status: 200 len: 2643 microversion: 1.36 [pid: 7|app: 0|req: 328/654] 10.0.0.36 () {34 vars in 1011 bytes} [Fri Aug 21 23:35:20 2026] GET /allocation_candidates?limit=1000&resources=DISK_GB%3A1%2CMEMORY_MB%3A512%2CVCPU%3A1&root_required=%21COMPUTE_STATUS_DISABLED => generated 2643 bytes in 47 msecs (HTTP/1.1 200) 8 headers in 297 bytes (1 switches on core 0)
2026-08-21 23:35:20.416 8 INFO placement.requestlog [req-6823dd00-1109-44d0-8d2d-24dff93d7ca5 req-4026151e-cb3d-4396-990e-5ebf91c29ffa 73575833b833459e947d4dd0d01ca2e1 02bae0c25f9c4d73a2e8c9b80ddf972d - - 3b1aad3fc78544079ab235d7f078dd74 3b1aad3fc78544079ab235d7f078dd74] 10.0.0.36 "GET /allocations/bb99aede-ec2a-456a-9918-9d76bfc37986" status: 200 len: 19 microversion: 1.28 [pid: 8|app: 0|req: 327/655] 10.0.0.36 () {34 vars in 860 bytes} [Fri Aug 21 23:35:20 2026] GET /allocations/bb99aede-ec2a-456a-9918-9d76bfc37986 => generated 19 bytes in 11 msecs (HTTP/1.1 200) 8 headers in 295 bytes (1 switches on core 0)
2026-08-21 23:35:20.509 7 INFO placement.requestlog [req-6823dd00-1109-44d0-8d2d-24dff93d7ca5 req-1e1571ff-3780-429c-ae58-318434d00748 73575833b833459e947d4dd0d01ca2e1 02bae0c25f9c4d73a2e8c9b80ddf972d - - 3b1aad3fc78544079ab235d7f078dd74 3b1aad3fc78544079ab235d7f078dd74] 10.0.0.36 "PUT /allocations/bb99aede-ec2a-456a-9918-9d76bfc37986" status: 204 len: 0 microversion: 1.36 [pid: 7|app: 0|req: 329/656] 10.0.0.36 () {38 vars in 913 bytes} [Fri Aug 21 23:35:20 2026] PUT /allocations/bb99aede-ec2a-456a-9918-9d76bfc37986 => generated 0 bytes in 87 msecs (HTTP/1.1 204) 5 headers in 199 bytes (1 switches on core 0)
2026-08-21 23:35:21.257 8 INFO placement.requestlog [req-043e31a6-2eb7-4ca3-b408-75b6825c4661 req-e96557ed-0f64-4d9b-af0e-f950e0661166 73575833b833459e947d4dd0d01ca2e1 02bae0c25f9c4d73a2e8c9b80ddf972d - - 3b1aad3fc78544079ab235d7f078dd74 3b1aad3fc78544079ab235d7f078dd74] 199.204.45.240 "GET /resource_providers/38e11760-ddb4-47ea-8500-4f004febc94c/allocations" status: 200 len: 438 microversion: 1.0 [pid: 8|app: 0|req: 328/657] 199.204.45.240 () {32 vars in 857 bytes} [Fri Aug 21 23:35:21 2026] GET /resource_providers/38e11760-ddb4-47ea-8500-4f004febc94c/allocations => generated 438 bytes in 14 msecs (HTTP/1.1 200) 6 headers in 224 bytes (1 switches on core 0)
2026-08-21 23:35:21.281 7 INFO placement.requestlog [req-043e31a6-2eb7-4ca3-b408-75b6825c4661 req-1ff896d6-f751-4574-a321-5d09d3b88338 73575833b833459e947d4dd0d01ca2e1 02bae0c25f9c4d73a2e8c9b80ddf972d - - 3b1aad3fc78544079ab235d7f078dd74 3b1aad3fc78544079ab235d7f078dd74] 199.204.45.240 "GET /allocations/e9788bd6-d930-4167-8dfb-08c6a1f1226d" status: 200 len: 257 microversion: 1.28 [pid: 7|app: 0|req: 330/658] 199.204.45.240 () {34 vars in 863 bytes} [Fri Aug 21 23:35:21 2026] GET /allocations/e9788bd6-d930-4167-8dfb-08c6a1f1226d => generated 257 bytes in 16 msecs (HTTP/1.1 200) 8 headers in 296 bytes (1 switches on core 0)
2026-08-21 23:35:21.302 8 INFO placement.requestlog [req-043e31a6-2eb7-4ca3-b408-75b6825c4661 req-3915c70c-5343-4f9e-8f5b-fecf2e857484 73575833b833459e947d4dd0d01ca2e1 02bae0c25f9c4d73a2e8c9b80ddf972d - - 3b1aad3fc78544079ab235d7f078dd74 3b1aad3fc78544079ab235d7f078dd74] 199.204.45.240 "GET /allocations/9fde677d-75b0-4603-ac01-a258dab58e48" status: 200 len: 257 microversion: 1.28 [pid: 8|app: 0|req: 329/659] 199.204.45.240 () {34 vars in 863 bytes} [Fri Aug 21 23:35:21 2026] GET /allocations/9fde677d-75b0-4603-ac01-a258dab58e48 => generated 257 bytes in 12 msecs (HTTP/1.1 200) 8 headers in 296 bytes (1 switches on core 0)
2026-08-21 23:35:21.318 7 INFO placement.requestlog [req-043e31a6-2eb7-4ca3-b408-75b6825c4661 req-b222533f-fb7b-44e8-8ae5-6c9a932a7366 73575833b833459e947d4dd0d01ca2e1 02bae0c25f9c4d73a2e8c9b80ddf972d - - 3b1aad3fc78544079ab235d7f078dd74 3b1aad3fc78544079ab235d7f078dd74] 199.204.45.240 "GET /allocations/eb5621ed-fab3-4a28-97a7-366f5f524de0" status: 200 len: 243 microversion: 1.28 [pid: 7|app: 0|req: 331/660] 199.204.45.240 () {34 vars in 863 bytes} [Fri Aug 21 23:35:21 2026] GET /allocations/eb5621ed-fab3-4a28-97a7-366f5f524de0 => generated 243 bytes in 8 msecs (HTTP/1.1 200) 8 headers in 296 bytes (1 switches on core 0)
2026-08-21 23:35:21.336 8 INFO placement.requestlog [req-043e31a6-2eb7-4ca3-b408-75b6825c4661 req-3eba94df-f269-4fc0-acb6-4ac4cf796474 73575833b833459e947d4dd0d01ca2e1 02bae0c25f9c4d73a2e8c9b80ddf972d - - 3b1aad3fc78544079ab235d7f078dd74 3b1aad3fc78544079ab235d7f078dd74] 199.204.45.240 "GET /allocations/bb99aede-ec2a-456a-9918-9d76bfc37986" status: 200 len: 257 microversion: 1.28 [pid: 8|app: 0|req: 330/661] 199.204.45.240 () {34 vars in 863 bytes} [Fri Aug 21 23:35:21 2026] GET /allocations/bb99aede-ec2a-456a-9918-9d76bfc37986 => generated 257 bytes in 12 msecs (HTTP/1.1 200) 8 headers in 296 bytes (1 switches on core 0)
2026-08-21 23:35:22.015 7 INFO placement.requestlog [req-6823dd00-1109-44d0-8d2d-24dff93d7ca5 req-ac0082da-29ee-428a-b312-867f9e4a7993 73575833b833459e947d4dd0d01ca2e1 02bae0c25f9c4d73a2e8c9b80ddf972d - - 3b1aad3fc78544079ab235d7f078dd74 3b1aad3fc78544079ab235d7f078dd74] 199.204.45.240 "GET /allocations/bb99aede-ec2a-456a-9918-9d76bfc37986" status: 200 len: 257 microversion: 1.28 [pid: 7|app: 0|req: 332/662] 199.204.45.240 () {34 vars in 863 bytes} [Fri Aug 21 23:35:21 2026] GET /allocations/bb99aede-ec2a-456a-9918-9d76bfc37986 => generated 257 bytes in 16 msecs (HTTP/1.1 200) 8 headers in 296 bytes (1 switches on core 0)
2026-08-21 23:35:22.399 8 INFO placement.requestlog [req-043e31a6-2eb7-4ca3-b408-75b6825c4661 req-44e081f3-6b57-4d08-b3d1-f573e425e41d 73575833b833459e947d4dd0d01ca2e1 02bae0c25f9c4d73a2e8c9b80ddf972d - - 3b1aad3fc78544079ab235d7f078dd74 3b1aad3fc78544079ab235d7f078dd74] 199.204.45.240 "DELETE /allocations/e9788bd6-d930-4167-8dfb-08c6a1f1226d" status: 204 len: 0 microversion: 1.0 [pid: 8|app: 0|req: 331/663] 199.204.45.240 () {34 vars in 841 bytes} [Fri Aug 21 23:35:22 2026] DELETE /allocations/e9788bd6-d930-4167-8dfb-08c6a1f1226d => generated 0 bytes in 33 msecs (HTTP/1.1 204) 5 headers in 198 bytes (1 switches on core 0)
2026-08-21 23:35:23.399 7 INFO placement.requestlog [req-6823dd00-1109-44d0-8d2d-24dff93d7ca5 req-65e62ea5-3950-4a29-b309-4b72dc1f39e9 73575833b833459e947d4dd0d01ca2e1 02bae0c25f9c4d73a2e8c9b80ddf972d - - 3b1aad3fc78544079ab235d7f078dd74 3b1aad3fc78544079ab235d7f078dd74] 199.204.45.240 "GET /resource_providers/38e11760-ddb4-47ea-8500-4f004febc94c/allocations" status: 200 len: 338 microversion: 1.0 [pid: 7|app: 0|req: 333/664] 199.204.45.240 () {32 vars in 857 bytes} [Fri Aug 21 23:35:23 2026] GET /resource_providers/38e11760-ddb4-47ea-8500-4f004febc94c/allocations => generated 338 bytes in 16 msecs (HTTP/1.1 200) 6 headers in 224 bytes (1 switches on core 0)
2026-08-21 23:35:23.415 8 INFO placement.requestlog [req-6823dd00-1109-44d0-8d2d-24dff93d7ca5 req-08c541cf-fc04-4538-b88e-f29b27c38d31 73575833b833459e947d4dd0d01ca2e1 02bae0c25f9c4d73a2e8c9b80ddf972d - - 3b1aad3fc78544079ab235d7f078dd74 3b1aad3fc78544079ab235d7f078dd74] 199.204.45.240 "GET /allocations/9fde677d-75b0-4603-ac01-a258dab58e48" status: 200 len: 257 microversion: 1.28 [pid: 8|app: 0|req: 332/665] 199.204.45.240 () {34 vars in 863 bytes} [Fri Aug 21 23:35:23 2026] GET /allocations/9fde677d-75b0-4603-ac01-a258dab58e48 => generated 257 bytes in 11 msecs (HTTP/1.1 200) 8 headers in 296 bytes (1 switches on core 0)
2026-08-21 23:35:23.434 7 INFO placement.requestlog [req-6823dd00-1109-44d0-8d2d-24dff93d7ca5 req-79b1b745-3e0a-4ac8-bd46-4553ba93c10f 73575833b833459e947d4dd0d01ca2e1 02bae0c25f9c4d73a2e8c9b80ddf972d - - 3b1aad3fc78544079ab235d7f078dd74 3b1aad3fc78544079ab235d7f078dd74] 199.204.45.240 "GET /allocations/eb5621ed-fab3-4a28-97a7-366f5f524de0" status: 200 len: 243 microversion: 1.28 [pid: 7|app: 0|req: 334/666] 199.204.45.240 () {34 vars in 863 bytes} [Fri Aug 21 23:35:23 2026] GET /allocations/eb5621ed-fab3-4a28-97a7-366f5f524de0 => generated 243 bytes in 13 msecs (HTTP/1.1 200) 8 headers in 296 bytes (1 switches on core 0)
2026-08-21 23:35:23.462 8 INFO placement.requestlog [req-6823dd00-1109-44d0-8d2d-24dff93d7ca5 req-5d7b8626-eb3b-43f1-bb27-c642737d4d07 73575833b833459e947d4dd0d01ca2e1 02bae0c25f9c4d73a2e8c9b80ddf972d - - 3b1aad3fc78544079ab235d7f078dd74 3b1aad3fc78544079ab235d7f078dd74] 199.204.45.240 "GET /allocations/bb99aede-ec2a-456a-9918-9d76bfc37986" status: 200 len: 257 microversion: 1.28 [pid: 8|app: 0|req: 333/667] 199.204.45.240 () {34 vars in 863 bytes} [Fri Aug 21 23:35:23 2026] GET /allocations/bb99aede-ec2a-456a-9918-9d76bfc37986 => generated 257 bytes in 21 msecs (HTTP/1.1 200) 8 headers in 296 bytes (1 switches on core 0)
2026-08-21 23:35:25.173 7 INFO placement.requestlog [None req-fb26b4c0-9c0e-48d0-b977-ecf2de5159c6 - - - - - -] 10.0.0.21 "GET /" status: 200 len: 136 microversion: 1.0
2026-08-21 23:35:25.174 8 INFO placement.requestlog [None req-c8659bd2-6b7d-4902-a366-4d349e8b3744 - - - - - -] 10.0.0.21 "GET /" status: 200 len: 136 microversion: 1.0
2026-08-21 23:35:26.621 7 INFO placement.requestlog [None req-d4b53f33-29e5-455a-be62-c9d7cd698580 cc16a1451183428f910a3cbe2b2c68ff 02bae0c25f9c4d73a2e8c9b80ddf972d - - 3b1aad3fc78544079ab235d7f078dd74 3b1aad3fc78544079ab235d7f078dd74] 10.0.0.190 "GET /resource_providers/45c3a583-2550-4c99-a11f-2a9bcef9b03e/aggregates" status: 404 len: 235 microversion: 1.1 [pid: 7|app: 0|req: 336/670] 10.0.0.190 () {32 vars in 816 bytes} [Fri Aug 21 23:35:26 2026] GET /resource_providers/45c3a583-2550-4c99-a11f-2a9bcef9b03e/aggregates => generated 235 bytes in 12 msecs (HTTP/1.1 404) 5 headers in 202 bytes (1 switches on core 0)
2026-08-21 23:35:26.628 8 INFO placement.requestlog [None req-cece72a8-b7c8-4e32-a17a-53048d83cb1c cc16a1451183428f910a3cbe2b2c68ff 02bae0c25f9c4d73a2e8c9b80ddf972d - - 3b1aad3fc78544079ab235d7f078dd74 3b1aad3fc78544079ab235d7f078dd74] 10.0.0.190 "GET /resource_providers/45c3a583-2550-4c99-a11f-2a9bcef9b03e/aggregates" status: 404 len: 235 microversion: 1.1 [pid: 8|app: 0|req: 335/671] 10.0.0.190 () {32 vars in 816 bytes} [Fri Aug 21 23:35:26 2026] GET /resource_providers/45c3a583-2550-4c99-a11f-2a9bcef9b03e/aggregates => generated 235 bytes in 10 msecs (HTTP/1.1 404) 5 headers in 202 bytes (1 switches on core 0)
2026-08-21 23:35:26.646 7 INFO placement.requestlog [None req-beafa696-dc25-4cec-9a8a-b4dfcb294107 cc16a1451183428f910a3cbe2b2c68ff 02bae0c25f9c4d73a2e8c9b80ddf972d - - 3b1aad3fc78544079ab235d7f078dd74 3b1aad3fc78544079ab235d7f078dd74] 10.0.0.190 "DELETE /resource_providers/45c3a583-2550-4c99-a11f-2a9bcef9b03e" status: 404 len: 246 microversion: 1.1 [pid: 7|app: 0|req: 337/672] 10.0.0.190 () {34 vars in 816 bytes} [Fri Aug 21 23:35:26 2026] DELETE /resource_providers/45c3a583-2550-4c99-a11f-2a9bcef9b03e => generated 246 bytes in 13 msecs (HTTP/1.1 404) 6 headers in 231 bytes (1 switches on core 0)
2026-08-21 23:35:26.654 8 INFO placement.requestlog [None req-9b947a72-8186-4b4a-908f-8d0ae133f2ed cc16a1451183428f910a3cbe2b2c68ff 02bae0c25f9c4d73a2e8c9b80ddf972d - - 3b1aad3fc78544079ab235d7f078dd74 3b1aad3fc78544079ab235d7f078dd74] 10.0.0.190 "DELETE /resource_providers/45c3a583-2550-4c99-a11f-2a9bcef9b03e" status: 404 len: 246 microversion: 1.1 [pid: 8|app: 0|req: 336/673] 10.0.0.190 () {34 vars in 816 bytes} [Fri Aug 21 23:35:26 2026] DELETE /resource_providers/45c3a583-2550-4c99-a11f-2a9bcef9b03e => generated 246 bytes in 15 msecs (HTTP/1.1 404) 6 headers in 231 bytes (1 switches on core 0)
2026-08-21 23:35:27.108 7 INFO placement.requestlog [req-683bd1db-f761-4497-8b09-aa83eeed65a5 req-a093501d-7a35-44f8-988a-69bdb061ce28 73575833b833459e947d4dd0d01ca2e1 02bae0c25f9c4d73a2e8c9b80ddf972d - - 3b1aad3fc78544079ab235d7f078dd74 3b1aad3fc78544079ab235d7f078dd74] 199.204.45.240 "GET /resource_providers/38e11760-ddb4-47ea-8500-4f004febc94c/allocations" status: 200 len: 338 microversion: 1.0 [pid: 7|app: 0|req: 338/674] 199.204.45.240 () {32 vars in 857 bytes} [Fri Aug 21 23:35:27 2026] GET /resource_providers/38e11760-ddb4-47ea-8500-4f004febc94c/allocations => generated 338 bytes in 32 msecs (HTTP/1.1 200) 6 headers in 224 bytes (1 switches on core 0)
2026-08-21 23:35:27.145 8 INFO placement.requestlog [req-683bd1db-f761-4497-8b09-aa83eeed65a5 req-c7ee2fb3-b561-4882-a716-f5ff1b4bd483 73575833b833459e947d4dd0d01ca2e1 02bae0c25f9c4d73a2e8c9b80ddf972d - - 3b1aad3fc78544079ab235d7f078dd74 3b1aad3fc78544079ab235d7f078dd74] 199.204.45.240 "GET /allocations/9fde677d-75b0-4603-ac01-a258dab58e48" status: 200 len: 257 microversion: 1.28 [pid: 8|app: 0|req: 337/675] 199.204.45.240 () {34 vars in 863 bytes} [Fri Aug 21 23:35:27 2026] GET /allocations/9fde677d-75b0-4603-ac01-a258dab58e48 => generated 257 bytes in 18 msecs (HTTP/1.1 200) 8 headers in 296 bytes (1 switches on core 0)
2026-08-21 23:35:27.170 7 INFO placement.requestlog [req-683bd1db-f761-4497-8b09-aa83eeed65a5 req-abb27a04-e066-4be5-b775-a6627ecd890a 73575833b833459e947d4dd0d01ca2e1 02bae0c25f9c4d73a2e8c9b80ddf972d - - 3b1aad3fc78544079ab235d7f078dd74 3b1aad3fc78544079ab235d7f078dd74] 199.204.45.240 "GET /allocations/eb5621ed-fab3-4a28-97a7-366f5f524de0" status: 200 len: 243 microversion: 1.28 [pid: 7|app: 0|req: 339/676] 199.204.45.240 () {34 vars in 863 bytes} [Fri Aug 21 23:35:27 2026] GET /allocations/eb5621ed-fab3-4a28-97a7-366f5f524de0 => generated 243 bytes in 18 msecs (HTTP/1.1 200) 8 headers in 296 bytes (1 switches on core 0)
2026-08-21 23:35:27.190 8 INFO placement.requestlog [req-683bd1db-f761-4497-8b09-aa83eeed65a5 req-7a65eea1-30c4-4c2a-9d78-cde9173834bd 73575833b833459e947d4dd0d01ca2e1 02bae0c25f9c4d73a2e8c9b80ddf972d - - 3b1aad3fc78544079ab235d7f078dd74 3b1aad3fc78544079ab235d7f078dd74] 199.204.45.240 "GET /allocations/bb99aede-ec2a-456a-9918-9d76bfc37986" status: 200 len: 257 microversion: 1.28 [pid: 8|app: 0|req: 338/677] 199.204.45.240 () {34 vars in 863 bytes} [Fri Aug 21 23:35:27 2026] GET /allocations/bb99aede-ec2a-456a-9918-9d76bfc37986 => generated 257 bytes in 11 msecs (HTTP/1.1 200) 8 headers in 296 bytes (1 switches on core 0)
2026-08-21 23:35:28.236 7 INFO placement.requestlog [req-683bd1db-f761-4497-8b09-aa83eeed65a5 req-8aefdc0c-e937-4a82-af03-f2c05cee4698 73575833b833459e947d4dd0d01ca2e1 02bae0c25f9c4d73a2e8c9b80ddf972d - - 3b1aad3fc78544079ab235d7f078dd74 3b1aad3fc78544079ab235d7f078dd74] 199.204.45.240 "DELETE /allocations/eb5621ed-fab3-4a28-97a7-366f5f524de0" status: 204 len: 0 microversion: 1.0 [pid: 7|app: 0|req: 340/678] 199.204.45.240 () {34 vars in 841 bytes} [Fri Aug 21 23:35:28 2026] DELETE /allocations/eb5621ed-fab3-4a28-97a7-366f5f524de0 => generated 0 bytes in 23 msecs (HTTP/1.1 204) 5 headers in 198 bytes (1 switches on core 0)
2026-08-21 23:35:33.186 8 INFO placement.requestlog [None req-27508ebf-0c0a-4a66-bbea-7b9ee0bc1618 cc16a1451183428f910a3cbe2b2c68ff 02bae0c25f9c4d73a2e8c9b80ddf972d - - 3b1aad3fc78544079ab235d7f078dd74 3b1aad3fc78544079ab235d7f078dd74] 10.0.0.190 "GET /resource_providers/e5230ac4-8b1d-449a-84ee-a9a45cc73769/aggregates" status: 404 len: 235 microversion: 1.1 [pid: 8|app: 0|req: 339/679] 10.0.0.190 () {32 vars in 816 bytes} [Fri Aug 21 23:35:33 2026] GET /resource_providers/e5230ac4-8b1d-449a-84ee-a9a45cc73769/aggregates => generated 235 bytes in 121 msecs (HTTP/1.1 404) 5 headers in 202 bytes (1 switches on core 0)
2026-08-21 23:35:33.197 7 INFO placement.requestlog [None req-4127c721-e4ce-4a55-97a6-b1f4077f4734 cc16a1451183428f910a3cbe2b2c68ff 02bae0c25f9c4d73a2e8c9b80ddf972d - - 3b1aad3fc78544079ab235d7f078dd74 3b1aad3fc78544079ab235d7f078dd74] 10.0.0.190 "GET /resource_providers/e5230ac4-8b1d-449a-84ee-a9a45cc73769/aggregates" status: 404 len: 235 microversion: 1.1 [pid: 7|app: 0|req: 341/680] 10.0.0.190 () {32 vars in 816 bytes} [Fri Aug 21 23:35:33 2026] GET /resource_providers/e5230ac4-8b1d-449a-84ee-a9a45cc73769/aggregates => generated 235 bytes in 128 msecs (HTTP/1.1 404) 5 headers in 202 bytes (1 switches on core 0)
2026-08-21 23:35:33.208 8 INFO placement.requestlog [None req-8529d75e-a657-47f9-a95a-efcbc8f51951 cc16a1451183428f910a3cbe2b2c68ff 02bae0c25f9c4d73a2e8c9b80ddf972d - - 3b1aad3fc78544079ab235d7f078dd74 3b1aad3fc78544079ab235d7f078dd74] 10.0.0.190 "DELETE /resource_providers/e5230ac4-8b1d-449a-84ee-a9a45cc73769" status: 404 len: 246 microversion: 1.1 [pid: 8|app: 0|req: 340/681] 10.0.0.190 () {34 vars in 816 bytes} [Fri Aug 21 23:35:33 2026] DELETE /resource_providers/e5230ac4-8b1d-449a-84ee-a9a45cc73769 => generated 246 bytes in 12 msecs (HTTP/1.1 404) 6 headers in 231 bytes (1 switches on core 0)
2026-08-21 23:35:33.211 7 INFO placement.requestlog [None req-03d35a3a-40b5-4156-ba25-c983ab698562 cc16a1451183428f910a3cbe2b2c68ff 02bae0c25f9c4d73a2e8c9b80ddf972d - - 3b1aad3fc78544079ab235d7f078dd74 3b1aad3fc78544079ab235d7f078dd74] 10.0.0.190 "DELETE /resource_providers/e5230ac4-8b1d-449a-84ee-a9a45cc73769" status: 404 len: 246 microversion: 1.1 [pid: 7|app: 0|req: 342/682] 10.0.0.190 () {34 vars in 816 bytes} [Fri Aug 21 23:35:33 2026] DELETE /resource_providers/e5230ac4-8b1d-449a-84ee-a9a45cc73769 => generated 246 bytes in 5 msecs (HTTP/1.1 404) 6 headers in 231 bytes (1 switches on core 0)
2026-08-21 23:35:35.174 8 INFO placement.requestlog [None req-8d2c3f5e-b322-4f7c-8f33-e05c856085b1 - - - - - -] 10.0.0.21 "GET /" status: 200 len: 136 microversion: 1.0
2026-08-21 23:35:35.174 7 INFO placement.requestlog [None req-9482798b-469d-4bf0-bc87-925acbbc26f8 - - - - - -] 10.0.0.21 "GET /" status: 200 len: 136 microversion: 1.0
2026-08-21 23:35:35.759 8 INFO placement.requestlog [req-7118b335-8cc7-4767-8893-e4b4801dbd7b req-2e0980b4-e4b3-41f6-bbaa-e8368b6ed0b3 73575833b833459e947d4dd0d01ca2e1 02bae0c25f9c4d73a2e8c9b80ddf972d - - 3b1aad3fc78544079ab235d7f078dd74 3b1aad3fc78544079ab235d7f078dd74] 199.204.45.240 "GET /resource_providers/38e11760-ddb4-47ea-8500-4f004febc94c/allocations" status: 200 len: 252 microversion: 1.0 [pid: 8|app: 0|req: 342/685] 199.204.45.240 () {32 vars in 857 bytes} [Fri Aug 21 23:35:35 2026] GET /resource_providers/38e11760-ddb4-47ea-8500-4f004febc94c/allocations => generated 252 bytes in 18 msecs (HTTP/1.1 200) 6 headers in 224 bytes (1 switches on core 0)
2026-08-21 23:35:35.782 7 INFO placement.requestlog [req-7118b335-8cc7-4767-8893-e4b4801dbd7b req-11bc65e8-7331-405b-b1f0-57fcad57697c 73575833b833459e947d4dd0d01ca2e1 02bae0c25f9c4d73a2e8c9b80ddf972d - - 3b1aad3fc78544079ab235d7f078dd74 3b1aad3fc78544079ab235d7f078dd74] 199.204.45.240 "GET /resource_providers/38e11760-ddb4-47ea-8500-4f004febc94c/allocations" status: 200 len: 252 microversion: 1.0 [pid: 7|app: 0|req: 344/686] 199.204.45.240 () {32 vars in 857 bytes} [Fri Aug 21 23:35:35 2026] GET /resource_providers/38e11760-ddb4-47ea-8500-4f004febc94c/allocations => generated 252 bytes in 15 msecs (HTTP/1.1 200) 6 headers in 224 bytes (1 switches on core 0)
