2026-05-14 02:10:15.583 7 INFO placement.requestlog [req-e832a82c-1e37-4bd9-b2b7-57429e8e7c17 req-ef75a7c9-7b5e-446e-b621-b205c5ce8801 12f0435f78594add8f776822df305ff8 aefdf1c722be4885a40febccb13a40e7 - - 230912e615eb43589c9c94d539fd6c72 230912e615eb43589c9c94d539fd6c72] 199.204.45.57 "GET /allocations/ccd77f9d-f329-4dd5-85e8-0b92d5465114" status: 200 len: 258 microversion: 1.28 [pid: 7|app: 0|req: 470/942] 199.204.45.57 () {34 vars in 862 bytes} [Thu May 14 02:10:15 2026] GET /allocations/ccd77f9d-f329-4dd5-85e8-0b92d5465114 => generated 258 bytes in 14 msecs (HTTP/1.1 200) 8 headers in 296 bytes (1 switches on core 0)
2026-05-14 02:10:15.706 8 INFO placement.requestlog [req-fdae75bc-8f8d-4003-9d98-8a1762f4c09c req-2bc4d8fb-f74a-414d-b35e-0ecf5bf2bc27 12f0435f78594add8f776822df305ff8 aefdf1c722be4885a40febccb13a40e7 - - 230912e615eb43589c9c94d539fd6c72 230912e615eb43589c9c94d539fd6c72] 199.204.45.57 "GET /resource_providers/93d9384e-d015-4cda-a782-6e42024e05d6/allocations" status: 200 len: 453 microversion: 1.0 [pid: 8|app: 0|req: 473/943] 199.204.45.57 () {32 vars in 856 bytes} [Thu May 14 02:10:15 2026] GET /resource_providers/93d9384e-d015-4cda-a782-6e42024e05d6/allocations => generated 453 bytes in 17 msecs (HTTP/1.1 200) 6 headers in 224 bytes (1 switches on core 0)
2026-05-14 02:10:15.721 7 INFO placement.requestlog [req-fdae75bc-8f8d-4003-9d98-8a1762f4c09c req-ccd72a67-eb20-4566-84fc-b95e21865a09 12f0435f78594add8f776822df305ff8 aefdf1c722be4885a40febccb13a40e7 - - 230912e615eb43589c9c94d539fd6c72 230912e615eb43589c9c94d539fd6c72] 199.204.45.57 "GET /allocations/8d6fa8b1-ecc5-46e9-b14a-a4a22b92c22d" status: 200 len: 258 microversion: 1.28 [pid: 7|app: 0|req: 471/944] 199.204.45.57 () {34 vars in 862 bytes} [Thu May 14 02:10:15 2026] GET /allocations/8d6fa8b1-ecc5-46e9-b14a-a4a22b92c22d => generated 258 bytes in 10 msecs (HTTP/1.1 200) 8 headers in 296 bytes (1 switches on core 0)
2026-05-14 02:10:15.738 8 INFO placement.requestlog [req-fdae75bc-8f8d-4003-9d98-8a1762f4c09c req-40aeecfa-daf4-4232-8a4e-6a7af0fdf826 12f0435f78594add8f776822df305ff8 aefdf1c722be4885a40febccb13a40e7 - - 230912e615eb43589c9c94d539fd6c72 230912e615eb43589c9c94d539fd6c72] 199.204.45.57 "GET /allocations/ccd77f9d-f329-4dd5-85e8-0b92d5465114" status: 200 len: 258 microversion: 1.28 [pid: 8|app: 0|req: 474/945] 199.204.45.57 () {34 vars in 862 bytes} [Thu May 14 02:10:15 2026] GET /allocations/ccd77f9d-f329-4dd5-85e8-0b92d5465114 => generated 258 bytes in 10 msecs (HTTP/1.1 200) 8 headers in 296 bytes (1 switches on core 0)
2026-05-14 02:10:15.762 7 INFO placement.requestlog [req-fdae75bc-8f8d-4003-9d98-8a1762f4c09c req-fa50fb01-3f32-4292-99b0-9197366d3bb9 12f0435f78594add8f776822df305ff8 aefdf1c722be4885a40febccb13a40e7 - - 230912e615eb43589c9c94d539fd6c72 230912e615eb43589c9c94d539fd6c72] 199.204.45.57 "GET /allocations/867a6021-1e68-4bb5-a5d0-16c5a641874e" status: 200 len: 258 microversion: 1.28 [pid: 7|app: 0|req: 472/946] 199.204.45.57 () {34 vars in 862 bytes} [Thu May 14 02:10:15 2026] GET /allocations/867a6021-1e68-4bb5-a5d0-16c5a641874e => generated 258 bytes in 10 msecs (HTTP/1.1 200) 8 headers in 296 bytes (1 switches on core 0)
2026-05-14 02:10:15.783 8 INFO placement.requestlog [req-fdae75bc-8f8d-4003-9d98-8a1762f4c09c req-1974e036-2f6d-4985-8268-e2dd7b82ca80 12f0435f78594add8f776822df305ff8 aefdf1c722be4885a40febccb13a40e7 - - 230912e615eb43589c9c94d539fd6c72 230912e615eb43589c9c94d539fd6c72] 199.204.45.57 "GET /allocations/3f9c4a0f-b8e7-42eb-a2f5-79b0cf1df197" status: 200 len: 258 microversion: 1.28 [pid: 8|app: 0|req: 475/947] 199.204.45.57 () {34 vars in 862 bytes} [Thu May 14 02:10:15 2026] GET /allocations/3f9c4a0f-b8e7-42eb-a2f5-79b0cf1df197 => generated 258 bytes in 17 msecs (HTTP/1.1 200) 8 headers in 296 bytes (1 switches on core 0)
2026-05-14 02:10:17.962 7 INFO placement.requestlog [req-e832a82c-1e37-4bd9-b2b7-57429e8e7c17 req-047a76ca-3d5d-44cf-90f7-2e7a30c1f1f1 12f0435f78594add8f776822df305ff8 aefdf1c722be4885a40febccb13a40e7 - - 230912e615eb43589c9c94d539fd6c72 230912e615eb43589c9c94d539fd6c72] 199.204.45.57 "GET /resource_providers?in_tree=93d9384e-d015-4cda-a782-6e42024e05d6" status: 200 len: 798 microversion: 1.14 [pid: 7|app: 0|req: 473/948] 199.204.45.57 () {34 vars in 891 bytes} [Thu May 14 02:10:17 2026] GET /resource_providers?in_tree=93d9384e-d015-4cda-a782-6e42024e05d6 => generated 798 bytes in 130 msecs (HTTP/1.1 200) 6 headers in 225 bytes (1 switches on core 0)
2026-05-14 02:10:17.980 8 INFO placement.requestlog [req-e832a82c-1e37-4bd9-b2b7-57429e8e7c17 req-b39f2f73-dcac-4d7b-a726-16e86aa00a85 12f0435f78594add8f776822df305ff8 aefdf1c722be4885a40febccb13a40e7 - - 230912e615eb43589c9c94d539fd6c72 230912e615eb43589c9c94d539fd6c72] 199.204.45.57 "GET /resource_providers/93d9384e-d015-4cda-a782-6e42024e05d6/inventories" status: 200 len: 401 microversion: 1.0 [pid: 8|app: 0|req: 476/949] 199.204.45.57 () {32 vars in 856 bytes} [Thu May 14 02:10:17 2026] GET /resource_providers/93d9384e-d015-4cda-a782-6e42024e05d6/inventories => generated 401 bytes in 12 msecs (HTTP/1.1 200) 6 headers in 224 bytes (1 switches on core 0)
2026-05-14 02:10:17.996 7 INFO placement.requestlog [req-e832a82c-1e37-4bd9-b2b7-57429e8e7c17 req-692c6f82-4696-4a2d-87a8-23cd8583a8f7 12f0435f78594add8f776822df305ff8 aefdf1c722be4885a40febccb13a40e7 - - 230912e615eb43589c9c94d539fd6c72 230912e615eb43589c9c94d539fd6c72] 199.204.45.57 "GET /resource_providers/93d9384e-d015-4cda-a782-6e42024e05d6/aggregates" status: 200 len: 54 microversion: 1.19 [pid: 7|app: 0|req: 474/950] 199.204.45.57 () {34 vars in 898 bytes} [Thu May 14 02:10:17 2026] GET /resource_providers/93d9384e-d015-4cda-a782-6e42024e05d6/aggregates => generated 54 bytes in 12 msecs (HTTP/1.1 200) 8 headers in 295 bytes (1 switches on core 0)
2026-05-14 02:10:18.022 8 INFO placement.requestlog [req-e832a82c-1e37-4bd9-b2b7-57429e8e7c17 req-9721ed4b-3f48-4139-ba56-e9ff3d28bf5a 12f0435f78594add8f776822df305ff8 aefdf1c722be4885a40febccb13a40e7 - - 230912e615eb43589c9c94d539fd6c72 230912e615eb43589c9c94d539fd6c72] 199.204.45.57 "GET /resource_providers/93d9384e-d015-4cda-a782-6e42024e05d6/traits" status: 200 len: 2317 microversion: 1.6 [pid: 8|app: 0|req: 477/951] 199.204.45.57 () {34 vars in 889 bytes} [Thu May 14 02:10:18 2026] GET /resource_providers/93d9384e-d015-4cda-a782-6e42024e05d6/traits => generated 2317 bytes in 20 msecs (HTTP/1.1 200) 6 headers in 225 bytes (1 switches on core 0)
2026-05-14 02:10:18.040 7 INFO placement.requestlog [req-e832a82c-1e37-4bd9-b2b7-57429e8e7c17 req-d40ce2ed-360e-454c-b0ae-0f3df3c36ddd 12f0435f78594add8f776822df305ff8 aefdf1c722be4885a40febccb13a40e7 - - 230912e615eb43589c9c94d539fd6c72 230912e615eb43589c9c94d539fd6c72] 199.204.45.57 "GET /resource_providers/93d9384e-d015-4cda-a782-6e42024e05d6/allocations" status: 200 len: 453 microversion: 1.0 [pid: 7|app: 0|req: 475/952] 199.204.45.57 () {32 vars in 856 bytes} [Thu May 14 02:10:18 2026] GET /resource_providers/93d9384e-d015-4cda-a782-6e42024e05d6/allocations => generated 453 bytes in 12 msecs (HTTP/1.1 200) 6 headers in 224 bytes (1 switches on core 0)
2026-05-14 02:10:18.061 8 INFO placement.requestlog [req-e832a82c-1e37-4bd9-b2b7-57429e8e7c17 req-7e7654e8-175d-436f-bf6e-dbef57e75530 12f0435f78594add8f776822df305ff8 aefdf1c722be4885a40febccb13a40e7 - - 230912e615eb43589c9c94d539fd6c72 230912e615eb43589c9c94d539fd6c72] 199.204.45.57 "GET /allocations/8d6fa8b1-ecc5-46e9-b14a-a4a22b92c22d" status: 200 len: 258 microversion: 1.28 [pid: 8|app: 0|req: 478/953] 199.204.45.57 () {34 vars in 862 bytes} [Thu May 14 02:10:18 2026] GET /allocations/8d6fa8b1-ecc5-46e9-b14a-a4a22b92c22d => generated 258 bytes in 13 msecs (HTTP/1.1 200) 8 headers in 296 bytes (1 switches on core 0)
2026-05-14 02:10:18.079 7 INFO placement.requestlog [req-e832a82c-1e37-4bd9-b2b7-57429e8e7c17 req-78952a1b-2aa3-45a4-ad21-7df3436de205 12f0435f78594add8f776822df305ff8 aefdf1c722be4885a40febccb13a40e7 - - 230912e615eb43589c9c94d539fd6c72 230912e615eb43589c9c94d539fd6c72] 199.204.45.57 "GET /allocations/ccd77f9d-f329-4dd5-85e8-0b92d5465114" status: 200 len: 258 microversion: 1.28 [pid: 7|app: 0|req: 476/954] 199.204.45.57 () {34 vars in 862 bytes} [Thu May 14 02:10:18 2026] GET /allocations/ccd77f9d-f329-4dd5-85e8-0b92d5465114 => generated 258 bytes in 13 msecs (HTTP/1.1 200) 8 headers in 296 bytes (1 switches on core 0)
2026-05-14 02:10:18.096 8 INFO placement.requestlog [req-e832a82c-1e37-4bd9-b2b7-57429e8e7c17 req-565e2514-89d4-4e8b-b954-9a49528de514 12f0435f78594add8f776822df305ff8 aefdf1c722be4885a40febccb13a40e7 - - 230912e615eb43589c9c94d539fd6c72 230912e615eb43589c9c94d539fd6c72] 199.204.45.57 "GET /allocations/867a6021-1e68-4bb5-a5d0-16c5a641874e" status: 200 len: 258 microversion: 1.28 [pid: 8|app: 0|req: 479/955] 199.204.45.57 () {34 vars in 862 bytes} [Thu May 14 02:10:18 2026] GET /allocations/867a6021-1e68-4bb5-a5d0-16c5a641874e => generated 258 bytes in 11 msecs (HTTP/1.1 200) 8 headers in 296 bytes (1 switches on core 0)
2026-05-14 02:10:18.110 7 INFO placement.requestlog [req-e832a82c-1e37-4bd9-b2b7-57429e8e7c17 req-21eec337-f867-4835-8831-07c7cca26343 12f0435f78594add8f776822df305ff8 aefdf1c722be4885a40febccb13a40e7 - - 230912e615eb43589c9c94d539fd6c72 230912e615eb43589c9c94d539fd6c72] 199.204.45.57 "GET /allocations/3f9c4a0f-b8e7-42eb-a2f5-79b0cf1df197" status: 200 len: 258 microversion: 1.28 [pid: 7|app: 0|req: 477/956] 199.204.45.57 () {34 vars in 862 bytes} [Thu May 14 02:10:18 2026] GET /allocations/3f9c4a0f-b8e7-42eb-a2f5-79b0cf1df197 => generated 258 bytes in 10 msecs (HTTP/1.1 200) 8 headers in 296 bytes (1 switches on core 0)
2026-05-14 02:10:20.516 8 INFO placement.requestlog [None req-e88e4a9f-e6e3-4622-85d9-8d083f82a52f - - - - - -] 10.0.0.235 "GET /" status: 200 len: 136 microversion: 1.0
2026-05-14 02:10:20.517 7 INFO placement.requestlog [None req-1ad9f028-16a2-403f-8925-362efd195982 - - - - - -] 10.0.0.235 "GET /" status: 200 len: 136 microversion: 1.0
2026-05-14 02:10:23.177 8 INFO placement.requestlog [req-a157512a-c407-461a-a696-6c2f8ea0683f req-179c5b61-aaf8-4ab6-96c3-61b6e5532f4d 12f0435f78594add8f776822df305ff8 aefdf1c722be4885a40febccb13a40e7 - - 230912e615eb43589c9c94d539fd6c72 230912e615eb43589c9c94d539fd6c72] 199.204.45.57 "GET /resource_providers/93d9384e-d015-4cda-a782-6e42024e05d6/allocations" status: 200 len: 453 microversion: 1.0 [pid: 8|app: 0|req: 481/959] 199.204.45.57 () {32 vars in 856 bytes} [Thu May 14 02:10:23 2026] GET /resource_providers/93d9384e-d015-4cda-a782-6e42024e05d6/allocations => generated 453 bytes in 14 msecs (HTTP/1.1 200) 6 headers in 224 bytes (1 switches on core 0)
2026-05-14 02:10:23.227 7 INFO placement.requestlog [req-a157512a-c407-461a-a696-6c2f8ea0683f req-8c8dc371-ede8-46f3-a508-f80e42e3b0eb 12f0435f78594add8f776822df305ff8 aefdf1c722be4885a40febccb13a40e7 - - 230912e615eb43589c9c94d539fd6c72 230912e615eb43589c9c94d539fd6c72] 199.204.45.57 "GET /resource_providers/93d9384e-d015-4cda-a782-6e42024e05d6/allocations" status: 200 len: 453 microversion: 1.0 [pid: 7|app: 0|req: 479/960] 199.204.45.57 () {32 vars in 856 bytes} [Thu May 14 02:10:23 2026] GET /resource_providers/93d9384e-d015-4cda-a782-6e42024e05d6/allocations => generated 453 bytes in 41 msecs (HTTP/1.1 200) 6 headers in 224 bytes (1 switches on core 0)
2026-05-14 02:10:23.249 8 INFO placement.requestlog [req-a157512a-c407-461a-a696-6c2f8ea0683f req-54e588d4-f0e2-4534-8dc0-3b2161a72e77 12f0435f78594add8f776822df305ff8 aefdf1c722be4885a40febccb13a40e7 - - 230912e615eb43589c9c94d539fd6c72 230912e615eb43589c9c94d539fd6c72] 199.204.45.57 "GET /allocations/8d6fa8b1-ecc5-46e9-b14a-a4a22b92c22d" status: 200 len: 258 microversion: 1.28 [pid: 8|app: 0|req: 482/961] 199.204.45.57 () {34 vars in 862 bytes} [Thu May 14 02:10:23 2026] GET /allocations/8d6fa8b1-ecc5-46e9-b14a-a4a22b92c22d => generated 258 bytes in 11 msecs (HTTP/1.1 200) 8 headers in 296 bytes (1 switches on core 0)
2026-05-14 02:10:23.270 7 INFO placement.requestlog [req-a157512a-c407-461a-a696-6c2f8ea0683f req-098354e8-47c6-4ff6-9526-bc46eb172a5e 12f0435f78594add8f776822df305ff8 aefdf1c722be4885a40febccb13a40e7 - - 230912e615eb43589c9c94d539fd6c72 230912e615eb43589c9c94d539fd6c72] 199.204.45.57 "GET /allocations/ccd77f9d-f329-4dd5-85e8-0b92d5465114" status: 200 len: 258 microversion: 1.28 [pid: 7|app: 0|req: 480/962] 199.204.45.57 () {34 vars in 862 bytes} [Thu May 14 02:10:23 2026] GET /allocations/ccd77f9d-f329-4dd5-85e8-0b92d5465114 => generated 258 bytes in 12 msecs (HTTP/1.1 200) 8 headers in 296 bytes (1 switches on core 0)
2026-05-14 02:10:23.292 8 INFO placement.requestlog [req-a157512a-c407-461a-a696-6c2f8ea0683f req-ba690005-d76c-44a7-bbaa-b895e0d2e618 12f0435f78594add8f776822df305ff8 aefdf1c722be4885a40febccb13a40e7 - - 230912e615eb43589c9c94d539fd6c72 230912e615eb43589c9c94d539fd6c72] 199.204.45.57 "GET /allocations/867a6021-1e68-4bb5-a5d0-16c5a641874e" status: 200 len: 258 microversion: 1.28 [pid: 8|app: 0|req: 483/963] 199.204.45.57 () {34 vars in 862 bytes} [Thu May 14 02:10:23 2026] GET /allocations/867a6021-1e68-4bb5-a5d0-16c5a641874e => generated 258 bytes in 15 msecs (HTTP/1.1 200) 8 headers in 296 bytes (1 switches on core 0)
2026-05-14 02:10:23.312 7 INFO placement.requestlog [req-a157512a-c407-461a-a696-6c2f8ea0683f req-41209e9d-102b-4bfd-857f-0fe835e0270a 12f0435f78594add8f776822df305ff8 aefdf1c722be4885a40febccb13a40e7 - - 230912e615eb43589c9c94d539fd6c72 230912e615eb43589c9c94d539fd6c72] 199.204.45.57 "GET /allocations/3f9c4a0f-b8e7-42eb-a2f5-79b0cf1df197" status: 200 len: 258 microversion: 1.28 [pid: 7|app: 0|req: 481/964] 199.204.45.57 () {34 vars in 862 bytes} [Thu May 14 02:10:23 2026] GET /allocations/3f9c4a0f-b8e7-42eb-a2f5-79b0cf1df197 => generated 258 bytes in 13 msecs (HTTP/1.1 200) 8 headers in 296 bytes (1 switches on core 0)
2026-05-14 02:10:30.401 8 INFO placement.requestlog [req-f986b1ea-806c-4af9-8d85-2253502c7fba req-cfd0274b-2d77-4a0c-80f0-873126c227ce 12f0435f78594add8f776822df305ff8 aefdf1c722be4885a40febccb13a40e7 - - 230912e615eb43589c9c94d539fd6c72 230912e615eb43589c9c94d539fd6c72] 10.0.0.241 "GET /allocation_candidates?limit=1000&resources=DISK_GB%3A1%2CMEMORY_MB%3A512%2CVCPU%3A1&root_required=%21COMPUTE_STATUS_DISABLED" status: 200 len: 2784 microversion: 1.36 [pid: 8|app: 0|req: 484/965] 10.0.0.241 () {34 vars in 1012 bytes} [Thu May 14 02:10:30 2026] GET /allocation_candidates?limit=1000&resources=DISK_GB%3A1%2CMEMORY_MB%3A512%2CVCPU%3A1&root_required=%21COMPUTE_STATUS_DISABLED => generated 2784 bytes in 46 msecs (HTTP/1.1 200) 8 headers in 297 bytes (1 switches on core 0)
2026-05-14 02:10:30.430 7 INFO placement.requestlog [req-f986b1ea-806c-4af9-8d85-2253502c7fba req-265e79eb-ef21-4d3c-94bc-4d2d76b6bf67 12f0435f78594add8f776822df305ff8 aefdf1c722be4885a40febccb13a40e7 - - 230912e615eb43589c9c94d539fd6c72 230912e615eb43589c9c94d539fd6c72] 10.0.0.241 "GET /allocations/d638d9d1-4bda-4fbd-9597-c6f11898f926" status: 200 len: 19 microversion: 1.28 [pid: 7|app: 0|req: 482/966] 10.0.0.241 () {34 vars in 861 bytes} [Thu May 14 02:10:30 2026] GET /allocations/d638d9d1-4bda-4fbd-9597-c6f11898f926 => generated 19 bytes in 13 msecs (HTTP/1.1 200) 8 headers in 295 bytes (1 switches on core 0)
2026-05-14 02:10:30.480 8 INFO placement.requestlog [req-f986b1ea-806c-4af9-8d85-2253502c7fba req-e2926c57-f5f9-4676-bd68-7cd6abf9d2bf 12f0435f78594add8f776822df305ff8 aefdf1c722be4885a40febccb13a40e7 - - 230912e615eb43589c9c94d539fd6c72 230912e615eb43589c9c94d539fd6c72] 10.0.0.241 "PUT /allocations/d638d9d1-4bda-4fbd-9597-c6f11898f926" status: 204 len: 0 microversion: 1.36 [pid: 8|app: 0|req: 485/967] 10.0.0.241 () {38 vars in 914 bytes} [Thu May 14 02:10:30 2026] PUT /allocations/d638d9d1-4bda-4fbd-9597-c6f11898f926 => generated 0 bytes in 41 msecs (HTTP/1.1 204) 5 headers in 199 bytes (1 switches on core 0)
2026-05-14 02:10:30.516 7 INFO placement.requestlog [None req-3601c76e-5a5d-4cc1-a1d5-ec563e9ecd93 - - - - - -] 10.0.0.235 "GET /" status: 200 len: 136 microversion: 1.0
2026-05-14 02:10:30.516 8 INFO placement.requestlog [None req-90e47947-3243-4a40-b23e-c43ac999ac18 - - - - - -] 10.0.0.235 "GET /" status: 200 len: 136 microversion: 1.0
2026-05-14 02:10:32.008 7 INFO placement.requestlog [req-f986b1ea-806c-4af9-8d85-2253502c7fba req-e2c8102e-0ef8-48b5-866f-5f56bd6473ff 12f0435f78594add8f776822df305ff8 aefdf1c722be4885a40febccb13a40e7 - - 230912e615eb43589c9c94d539fd6c72 230912e615eb43589c9c94d539fd6c72] 199.204.45.57 "GET /allocations/d638d9d1-4bda-4fbd-9597-c6f11898f926" status: 200 len: 258 microversion: 1.28 [pid: 7|app: 0|req: 484/970] 199.204.45.57 () {34 vars in 862 bytes} [Thu May 14 02:10:31 2026] GET /allocations/d638d9d1-4bda-4fbd-9597-c6f11898f926 => generated 258 bytes in 11 msecs (HTTP/1.1 200) 8 headers in 296 bytes (1 switches on core 0)
2026-05-14 02:10:33.041 8 INFO placement.requestlog [req-f986b1ea-806c-4af9-8d85-2253502c7fba req-a0057ae6-79c3-4778-b5b9-9fa71bad7137 12f0435f78594add8f776822df305ff8 aefdf1c722be4885a40febccb13a40e7 - - 230912e615eb43589c9c94d539fd6c72 230912e615eb43589c9c94d539fd6c72] 199.204.45.57 "GET /resource_providers/93d9384e-d015-4cda-a782-6e42024e05d6/allocations" status: 200 len: 553 microversion: 1.0 [pid: 8|app: 0|req: 487/971] 199.204.45.57 () {32 vars in 856 bytes} [Thu May 14 02:10:33 2026] GET /resource_providers/93d9384e-d015-4cda-a782-6e42024e05d6/allocations => generated 553 bytes in 11 msecs (HTTP/1.1 200) 6 headers in 224 bytes (1 switches on core 0)
2026-05-14 02:10:33.058 7 INFO placement.requestlog [req-f986b1ea-806c-4af9-8d85-2253502c7fba req-773c5c43-1b68-4f68-970f-7fe9339610f2 12f0435f78594add8f776822df305ff8 aefdf1c722be4885a40febccb13a40e7 - - 230912e615eb43589c9c94d539fd6c72 230912e615eb43589c9c94d539fd6c72] 199.204.45.57 "GET /allocations/8d6fa8b1-ecc5-46e9-b14a-a4a22b92c22d" status: 200 len: 258 microversion: 1.28 [pid: 7|app: 0|req: 485/972] 199.204.45.57 () {34 vars in 862 bytes} [Thu May 14 02:10:33 2026] GET /allocations/8d6fa8b1-ecc5-46e9-b14a-a4a22b92c22d => generated 258 bytes in 12 msecs (HTTP/1.1 200) 8 headers in 296 bytes (1 switches on core 0)
2026-05-14 02:10:33.075 8 INFO placement.requestlog [req-f986b1ea-806c-4af9-8d85-2253502c7fba req-27260489-357e-4611-8f04-a8cea76f1aac 12f0435f78594add8f776822df305ff8 aefdf1c722be4885a40febccb13a40e7 - - 230912e615eb43589c9c94d539fd6c72 230912e615eb43589c9c94d539fd6c72] 199.204.45.57 "GET /allocations/d638d9d1-4bda-4fbd-9597-c6f11898f926" status: 200 len: 258 microversion: 1.28 [pid: 8|app: 0|req: 488/973] 199.204.45.57 () {34 vars in 862 bytes} [Thu May 14 02:10:33 2026] GET /allocations/d638d9d1-4bda-4fbd-9597-c6f11898f926 => generated 258 bytes in 13 msecs (HTTP/1.1 200) 8 headers in 296 bytes (1 switches on core 0)
2026-05-14 02:10:33.090 7 INFO placement.requestlog [req-f986b1ea-806c-4af9-8d85-2253502c7fba req-4c37dc18-3f21-4c06-b459-3c3a2de5de56 12f0435f78594add8f776822df305ff8 aefdf1c722be4885a40febccb13a40e7 - - 230912e615eb43589c9c94d539fd6c72 230912e615eb43589c9c94d539fd6c72] 199.204.45.57 "GET /allocations/867a6021-1e68-4bb5-a5d0-16c5a641874e" status: 200 len: 258 microversion: 1.28 [pid: 7|app: 0|req: 486/974] 199.204.45.57 () {34 vars in 862 bytes} [Thu May 14 02:10:33 2026] GET /allocations/867a6021-1e68-4bb5-a5d0-16c5a641874e => generated 258 bytes in 11 msecs (HTTP/1.1 200) 8 headers in 296 bytes (1 switches on core 0)
2026-05-14 02:10:33.106 8 INFO placement.requestlog [req-f986b1ea-806c-4af9-8d85-2253502c7fba req-5b41cb5a-af79-465a-a14d-853e4827ac45 12f0435f78594add8f776822df305ff8 aefdf1c722be4885a40febccb13a40e7 - - 230912e615eb43589c9c94d539fd6c72 230912e615eb43589c9c94d539fd6c72] 199.204.45.57 "GET /allocations/ccd77f9d-f329-4dd5-85e8-0b92d5465114" status: 200 len: 258 microversion: 1.28 [pid: 8|app: 0|req: 489/975] 199.204.45.57 () {34 vars in 862 bytes} [Thu May 14 02:10:33 2026] GET /allocations/ccd77f9d-f329-4dd5-85e8-0b92d5465114 => generated 258 bytes in 12 msecs (HTTP/1.1 200) 8 headers in 296 bytes (1 switches on core 0)
2026-05-14 02:10:33.122 7 INFO placement.requestlog [req-f986b1ea-806c-4af9-8d85-2253502c7fba req-49864731-2e9f-4fff-bda6-262f2adc59a6 12f0435f78594add8f776822df305ff8 aefdf1c722be4885a40febccb13a40e7 - - 230912e615eb43589c9c94d539fd6c72 230912e615eb43589c9c94d539fd6c72] 199.204.45.57 "GET /allocations/3f9c4a0f-b8e7-42eb-a2f5-79b0cf1df197" status: 200 len: 258 microversion: 1.28 [pid: 7|app: 0|req: 487/976] 199.204.45.57 () {34 vars in 862 bytes} [Thu May 14 02:10:33 2026] GET /allocations/3f9c4a0f-b8e7-42eb-a2f5-79b0cf1df197 => generated 258 bytes in 11 msecs (HTTP/1.1 200) 8 headers in 296 bytes (1 switches on core 0)
2026-05-14 02:10:34.166 8 INFO placement.requestlog [req-39d02f3c-3203-49b6-bf3c-59cb8fc86ee3 req-d9f92d9c-cd96-481f-8406-f3e08168a090 12f0435f78594add8f776822df305ff8 aefdf1c722be4885a40febccb13a40e7 - - 230912e615eb43589c9c94d539fd6c72 230912e615eb43589c9c94d539fd6c72] 199.204.45.57 "GET /resource_providers/93d9384e-d015-4cda-a782-6e42024e05d6/allocations" status: 200 len: 553 microversion: 1.0 [pid: 8|app: 0|req: 490/977] 199.204.45.57 () {32 vars in 856 bytes} [Thu May 14 02:10:34 2026] GET /resource_providers/93d9384e-d015-4cda-a782-6e42024e05d6/allocations => generated 553 bytes in 19 msecs (HTTP/1.1 200) 6 headers in 224 bytes (1 switches on core 0)
2026-05-14 02:10:34.186 7 INFO placement.requestlog [req-39d02f3c-3203-49b6-bf3c-59cb8fc86ee3 req-58766293-faf5-46db-97aa-89f4f2c36a5e 12f0435f78594add8f776822df305ff8 aefdf1c722be4885a40febccb13a40e7 - - 230912e615eb43589c9c94d539fd6c72 230912e615eb43589c9c94d539fd6c72] 199.204.45.57 "GET /allocations/8d6fa8b1-ecc5-46e9-b14a-a4a22b92c22d" status: 200 len: 258 microversion: 1.28 [pid: 7|app: 0|req: 488/978] 199.204.45.57 () {34 vars in 862 bytes} [Thu May 14 02:10:34 2026] GET /allocations/8d6fa8b1-ecc5-46e9-b14a-a4a22b92c22d => generated 258 bytes in 12 msecs (HTTP/1.1 200) 8 headers in 296 bytes (1 switches on core 0)
2026-05-14 02:10:34.205 8 INFO placement.requestlog [req-39d02f3c-3203-49b6-bf3c-59cb8fc86ee3 req-b9ad19fd-1a2a-4600-a98e-1fb23097cf64 12f0435f78594add8f776822df305ff8 aefdf1c722be4885a40febccb13a40e7 - - 230912e615eb43589c9c94d539fd6c72 230912e615eb43589c9c94d539fd6c72] 199.204.45.57 "GET /allocations/d638d9d1-4bda-4fbd-9597-c6f11898f926" status: 200 len: 258 microversion: 1.28 [pid: 8|app: 0|req: 491/979] 199.204.45.57 () {34 vars in 862 bytes} [Thu May 14 02:10:34 2026] GET /allocations/d638d9d1-4bda-4fbd-9597-c6f11898f926 => generated 258 bytes in 11 msecs (HTTP/1.1 200) 8 headers in 296 bytes (1 switches on core 0)
2026-05-14 02:10:34.221 7 INFO placement.requestlog [req-39d02f3c-3203-49b6-bf3c-59cb8fc86ee3 req-00339ae8-229e-4c5a-a16f-ed120a934990 12f0435f78594add8f776822df305ff8 aefdf1c722be4885a40febccb13a40e7 - - 230912e615eb43589c9c94d539fd6c72 230912e615eb43589c9c94d539fd6c72] 199.204.45.57 "GET /allocations/867a6021-1e68-4bb5-a5d0-16c5a641874e" status: 200 len: 258 microversion: 1.28 [pid: 7|app: 0|req: 489/980] 199.204.45.57 () {34 vars in 862 bytes} [Thu May 14 02:10:34 2026] GET /allocations/867a6021-1e68-4bb5-a5d0-16c5a641874e => generated 258 bytes in 11 msecs (HTTP/1.1 200) 8 headers in 296 bytes (1 switches on core 0)
2026-05-14 02:10:34.241 8 INFO placement.requestlog [req-39d02f3c-3203-49b6-bf3c-59cb8fc86ee3 req-ad3df66e-1c63-445c-94dd-2c23b12fda9b 12f0435f78594add8f776822df305ff8 aefdf1c722be4885a40febccb13a40e7 - - 230912e615eb43589c9c94d539fd6c72 230912e615eb43589c9c94d539fd6c72] 199.204.45.57 "GET /allocations/ccd77f9d-f329-4dd5-85e8-0b92d5465114" status: 200 len: 258 microversion: 1.28 [pid: 8|app: 0|req: 492/981] 199.204.45.57 () {34 vars in 862 bytes} [Thu May 14 02:10:34 2026] GET /allocations/ccd77f9d-f329-4dd5-85e8-0b92d5465114 => generated 258 bytes in 15 msecs (HTTP/1.1 200) 8 headers in 296 bytes (1 switches on core 0)
2026-05-14 02:10:34.259 7 INFO placement.requestlog [req-39d02f3c-3203-49b6-bf3c-59cb8fc86ee3 req-2b096c5e-27e5-4867-9cfa-98e0294c83fd 12f0435f78594add8f776822df305ff8 aefdf1c722be4885a40febccb13a40e7 - - 230912e615eb43589c9c94d539fd6c72 230912e615eb43589c9c94d539fd6c72] 199.204.45.57 "GET /allocations/3f9c4a0f-b8e7-42eb-a2f5-79b0cf1df197" status: 200 len: 258 microversion: 1.28 [pid: 7|app: 0|req: 490/982] 199.204.45.57 () {34 vars in 862 bytes} [Thu May 14 02:10:34 2026] GET /allocations/3f9c4a0f-b8e7-42eb-a2f5-79b0cf1df197 => generated 258 bytes in 14 msecs (HTTP/1.1 200) 8 headers in 296 bytes (1 switches on core 0)
2026-05-14 02:10:35.300 7 INFO placement.requestlog [req-fdc9ab12-375f-4f06-a59f-90dfa7ea820f req-35c828fe-c8b9-459c-843d-27ddd9de2aa5 12f0435f78594add8f776822df305ff8 aefdf1c722be4885a40febccb13a40e7 - - 230912e615eb43589c9c94d539fd6c72 230912e615eb43589c9c94d539fd6c72] 199.204.45.57 "GET /resource_providers/93d9384e-d015-4cda-a782-6e42024e05d6/allocations" status: 200 len: 553 microversion: 1.0 [pid: 7|app: 0|req: 491/983] 199.204.45.57 () {32 vars in 856 bytes} [Thu May 14 02:10:35 2026] GET /resource_providers/93d9384e-d015-4cda-a782-6e42024e05d6/allocations => generated 553 bytes in 16 msecs (HTTP/1.1 200) 6 headers in 224 bytes (1 switches on core 0)
2026-05-14 02:10:35.303 8 INFO placement.requestlog [req-39d02f3c-3203-49b6-bf3c-59cb8fc86ee3 req-1b11a065-3304-46a6-bfb5-d214a3fbc01b 12f0435f78594add8f776822df305ff8 aefdf1c722be4885a40febccb13a40e7 - - 230912e615eb43589c9c94d539fd6c72 230912e615eb43589c9c94d539fd6c72] 199.204.45.57 "DELETE /allocations/ccd77f9d-f329-4dd5-85e8-0b92d5465114" status: 204 len: 0 microversion: 1.0 [pid: 8|app: 0|req: 493/984] 199.204.45.57 () {34 vars in 840 bytes} [Thu May 14 02:10:35 2026] DELETE /allocations/ccd77f9d-f329-4dd5-85e8-0b92d5465114 => generated 0 bytes in 22 msecs (HTTP/1.1 204) 5 headers in 198 bytes (1 switches on core 0)
2026-05-14 02:10:35.318 7 INFO placement.requestlog [req-fdc9ab12-375f-4f06-a59f-90dfa7ea820f req-4724fcf0-ec14-4e19-a9b6-cdb1ce1a9339 12f0435f78594add8f776822df305ff8 aefdf1c722be4885a40febccb13a40e7 - - 230912e615eb43589c9c94d539fd6c72 230912e615eb43589c9c94d539fd6c72] 199.204.45.57 "GET /allocations/8d6fa8b1-ecc5-46e9-b14a-a4a22b92c22d" status: 200 len: 258 microversion: 1.28 [pid: 7|app: 0|req: 492/985] 199.204.45.57 () {34 vars in 862 bytes} [Thu May 14 02:10:35 2026] GET /allocations/8d6fa8b1-ecc5-46e9-b14a-a4a22b92c22d => generated 258 bytes in 11 msecs (HTTP/1.1 200) 8 headers in 296 bytes (1 switches on core 0)
2026-05-14 02:10:35.337 8 INFO placement.requestlog [req-fdc9ab12-375f-4f06-a59f-90dfa7ea820f req-34646c2d-dabc-4029-9ebd-98df58203dbd 12f0435f78594add8f776822df305ff8 aefdf1c722be4885a40febccb13a40e7 - - 230912e615eb43589c9c94d539fd6c72 230912e615eb43589c9c94d539fd6c72] 199.204.45.57 "GET /allocations/d638d9d1-4bda-4fbd-9597-c6f11898f926" status: 200 len: 258 microversion: 1.28 [pid: 8|app: 0|req: 494/986] 199.204.45.57 () {34 vars in 862 bytes} [Thu May 14 02:10:35 2026] GET /allocations/d638d9d1-4bda-4fbd-9597-c6f11898f926 => generated 258 bytes in 13 msecs (HTTP/1.1 200) 8 headers in 296 bytes (1 switches on core 0)
2026-05-14 02:10:35.357 7 INFO placement.requestlog [req-fdc9ab12-375f-4f06-a59f-90dfa7ea820f req-71d147b5-97aa-4f2c-bf12-10ad45a5d307 12f0435f78594add8f776822df305ff8 aefdf1c722be4885a40febccb13a40e7 - - 230912e615eb43589c9c94d539fd6c72 230912e615eb43589c9c94d539fd6c72] 199.204.45.57 "GET /allocations/867a6021-1e68-4bb5-a5d0-16c5a641874e" status: 200 len: 258 microversion: 1.28 [pid: 7|app: 0|req: 493/987] 199.204.45.57 () {34 vars in 862 bytes} [Thu May 14 02:10:35 2026] GET /allocations/867a6021-1e68-4bb5-a5d0-16c5a641874e => generated 258 bytes in 14 msecs (HTTP/1.1 200) 8 headers in 296 bytes (1 switches on core 0)
2026-05-14 02:10:35.373 8 INFO placement.requestlog [req-fdc9ab12-375f-4f06-a59f-90dfa7ea820f req-472f0d49-d806-4255-9691-1b89c5261447 12f0435f78594add8f776822df305ff8 aefdf1c722be4885a40febccb13a40e7 - - 230912e615eb43589c9c94d539fd6c72 230912e615eb43589c9c94d539fd6c72] 199.204.45.57 "GET /allocations/ccd77f9d-f329-4dd5-85e8-0b92d5465114" status: 200 len: 19 microversion: 1.28 [pid: 8|app: 0|req: 495/988] 199.204.45.57 () {34 vars in 862 bytes} [Thu May 14 02:10:35 2026] GET /allocations/ccd77f9d-f329-4dd5-85e8-0b92d5465114 => generated 19 bytes in 9 msecs (HTTP/1.1 200) 8 headers in 295 bytes (1 switches on core 0)
2026-05-14 02:10:35.391 7 INFO placement.requestlog [req-fdc9ab12-375f-4f06-a59f-90dfa7ea820f req-9876f96c-ce80-4a15-9773-bd153d557bf6 12f0435f78594add8f776822df305ff8 aefdf1c722be4885a40febccb13a40e7 - - 230912e615eb43589c9c94d539fd6c72 230912e615eb43589c9c94d539fd6c72] 199.204.45.57 "GET /allocations/3f9c4a0f-b8e7-42eb-a2f5-79b0cf1df197" status: 200 len: 258 microversion: 1.28 [pid: 7|app: 0|req: 494/989] 199.204.45.57 () {34 vars in 862 bytes} [Thu May 14 02:10:35 2026] GET /allocations/3f9c4a0f-b8e7-42eb-a2f5-79b0cf1df197 => generated 258 bytes in 12 msecs (HTTP/1.1 200) 8 headers in 296 bytes (1 switches on core 0)
2026-05-14 02:10:36.435 8 INFO placement.requestlog [req-fdc9ab12-375f-4f06-a59f-90dfa7ea820f req-8c069e51-dd55-4212-83d3-9cbeb4fa80de 12f0435f78594add8f776822df305ff8 aefdf1c722be4885a40febccb13a40e7 - - 230912e615eb43589c9c94d539fd6c72 230912e615eb43589c9c94d539fd6c72] 199.204.45.57 "DELETE /allocations/3f9c4a0f-b8e7-42eb-a2f5-79b0cf1df197" status: 204 len: 0 microversion: 1.0 [pid: 8|app: 0|req: 496/990] 199.204.45.57 () {34 vars in 840 bytes} [Thu May 14 02:10:36 2026] DELETE /allocations/3f9c4a0f-b8e7-42eb-a2f5-79b0cf1df197 => generated 0 bytes in 21 msecs (HTTP/1.1 204) 5 headers in 198 bytes (1 switches on core 0)
2026-05-14 02:10:38.743 7 INFO placement.requestlog [None req-8445c7fc-7736-40a8-94b6-7d7787119ff9 88ce4fbbae99486cb0682e9e41772129 aefdf1c722be4885a40febccb13a40e7 - - 230912e615eb43589c9c94d539fd6c72 230912e615eb43589c9c94d539fd6c72] 10.0.0.196 "GET /resource_providers/a71139fb-5620-402b-8d58-55ad70139115/aggregates" status: 404 len: 235 microversion: 1.1 [pid: 7|app: 0|req: 495/991] 10.0.0.196 () {32 vars in 816 bytes} [Thu May 14 02:10:38 2026] GET /resource_providers/a71139fb-5620-402b-8d58-55ad70139115/aggregates => generated 235 bytes in 8 msecs (HTTP/1.1 404) 5 headers in 202 bytes (1 switches on core 0)
2026-05-14 02:10:38.748 8 INFO placement.requestlog [None req-2e6d9432-3300-4bee-b9c4-d3d06b63fe6f 88ce4fbbae99486cb0682e9e41772129 aefdf1c722be4885a40febccb13a40e7 - - 230912e615eb43589c9c94d539fd6c72 230912e615eb43589c9c94d539fd6c72] 10.0.0.196 "GET /resource_providers/a71139fb-5620-402b-8d58-55ad70139115/aggregates" status: 404 len: 235 microversion: 1.1 [pid: 8|app: 0|req: 497/992] 10.0.0.196 () {32 vars in 816 bytes} [Thu May 14 02:10:38 2026] GET /resource_providers/a71139fb-5620-402b-8d58-55ad70139115/aggregates => generated 235 bytes in 8 msecs (HTTP/1.1 404) 5 headers in 202 bytes (1 switches on core 0)
2026-05-14 02:10:38.760 8 INFO placement.requestlog [None req-902006b3-f718-4c9a-9cb5-e5c089920be9 88ce4fbbae99486cb0682e9e41772129 aefdf1c722be4885a40febccb13a40e7 - - 230912e615eb43589c9c94d539fd6c72 230912e615eb43589c9c94d539fd6c72] 10.0.0.196 "DELETE /resource_providers/a71139fb-5620-402b-8d58-55ad70139115" status: 404 len: 246 microversion: 1.1 [pid: 8|app: 0|req: 498/993] 10.0.0.196 () {34 vars in 816 bytes} [Thu May 14 02:10:38 2026] DELETE /resource_providers/a71139fb-5620-402b-8d58-55ad70139115 => generated 246 bytes in 6 msecs (HTTP/1.1 404) 6 headers in 231 bytes (1 switches on core 0)
2026-05-14 02:10:38.763 7 INFO placement.requestlog [None req-0915e1a9-0578-4402-811d-f2ca7bb3dc4d 88ce4fbbae99486cb0682e9e41772129 aefdf1c722be4885a40febccb13a40e7 - - 230912e615eb43589c9c94d539fd6c72 230912e615eb43589c9c94d539fd6c72] 10.0.0.196 "DELETE /resource_providers/a71139fb-5620-402b-8d58-55ad70139115" status: 404 len: 246 microversion: 1.1 [pid: 7|app: 0|req: 496/994] 10.0.0.196 () {34 vars in 816 bytes} [Thu May 14 02:10:38 2026] DELETE /resource_providers/a71139fb-5620-402b-8d58-55ad70139115 => generated 246 bytes in 10 msecs (HTTP/1.1 404) 6 headers in 231 bytes (1 switches on core 0)
2026-05-14 02:10:40.516 8 INFO placement.requestlog [None req-be9bce1c-7867-4275-b1b0-af7a77bdfdf6 - - - - - -] 10.0.0.235 "GET /" status: 200 len: 136 microversion: 1.0
2026-05-14 02:10:40.517 7 INFO placement.requestlog [None req-88a4015a-4fbc-4fa2-8f10-1198ec2be988 - - - - - -] 10.0.0.235 "GET /" status: 200 len: 136 microversion: 1.0
2026-05-14 02:10:40.783 7 INFO placement.requestlog [None req-b1f13134-1b62-4fb3-b3f3-ed122afac306 88ce4fbbae99486cb0682e9e41772129 aefdf1c722be4885a40febccb13a40e7 - - 230912e615eb43589c9c94d539fd6c72 230912e615eb43589c9c94d539fd6c72] 10.0.0.196 "GET /resource_providers/cad6ce7d-9bc5-4306-bffb-c3f039f6fb0a/aggregates" status: 404 len: 235 microversion: 1.1 [pid: 7|app: 0|req: 498/997] 10.0.0.196 () {32 vars in 816 bytes} [Thu May 14 02:10:40 2026] GET /resource_providers/cad6ce7d-9bc5-4306-bffb-c3f039f6fb0a/aggregates => generated 235 bytes in 9 msecs (HTTP/1.1 404) 5 headers in 202 bytes (1 switches on core 0)
2026-05-14 02:10:40.783 8 INFO placement.requestlog [None req-b680a42d-722f-49c8-a10b-8602b27abd0f 88ce4fbbae99486cb0682e9e41772129 aefdf1c722be4885a40febccb13a40e7 - - 230912e615eb43589c9c94d539fd6c72 230912e615eb43589c9c94d539fd6c72] 10.0.0.196 "GET /resource_providers/cad6ce7d-9bc5-4306-bffb-c3f039f6fb0a/aggregates" status: 404 len: 235 microversion: 1.1 [pid: 8|app: 0|req: 500/998] 10.0.0.196 () {32 vars in 816 bytes} [Thu May 14 02:10:40 2026] GET /resource_providers/cad6ce7d-9bc5-4306-bffb-c3f039f6fb0a/aggregates => generated 235 bytes in 18 msecs (HTTP/1.1 404) 5 headers in 202 bytes (1 switches on core 0)
2026-05-14 02:10:40.810 7 INFO placement.requestlog [None req-f370913a-083e-4e2c-bde0-0386ce088017 88ce4fbbae99486cb0682e9e41772129 aefdf1c722be4885a40febccb13a40e7 - - 230912e615eb43589c9c94d539fd6c72 230912e615eb43589c9c94d539fd6c72] 10.0.0.196 "DELETE /resource_providers/cad6ce7d-9bc5-4306-bffb-c3f039f6fb0a" status: 404 len: 246 microversion: 1.1 [pid: 7|app: 0|req: 499/999] 10.0.0.196 () {34 vars in 816 bytes} [Thu May 14 02:10:40 2026] DELETE /resource_providers/cad6ce7d-9bc5-4306-bffb-c3f039f6fb0a => generated 246 bytes in 12 msecs (HTTP/1.1 404) 6 headers in 231 bytes (1 switches on core 0)
2026-05-14 02:10:40.818 8 INFO placement.requestlog [None req-dfa0c5a5-6c5e-4b3c-9bbe-09e4396df003 88ce4fbbae99486cb0682e9e41772129 aefdf1c722be4885a40febccb13a40e7 - - 230912e615eb43589c9c94d539fd6c72 230912e615eb43589c9c94d539fd6c72] 10.0.0.196 "DELETE /resource_providers/cad6ce7d-9bc5-4306-bffb-c3f039f6fb0a" status: 404 len: 246 microversion: 1.1 [pid: 8|app: 0|req: 501/1000] 10.0.0.196 () {34 vars in 816 bytes} [Thu May 14 02:10:40 2026] DELETE /resource_providers/cad6ce7d-9bc5-4306-bffb-c3f039f6fb0a => generated 246 bytes in 12 msecs (HTTP/1.1 404) 6 headers in 231 bytes (1 switches on core 0)
2026-05-14 02:10:42.869 7 INFO placement.requestlog [req-1c458658-0aad-4b48-baaa-8bd61513015e req-724c6866-30d5-4b90-95a7-804037ca8ae7 12f0435f78594add8f776822df305ff8 aefdf1c722be4885a40febccb13a40e7 - - 230912e615eb43589c9c94d539fd6c72 230912e615eb43589c9c94d539fd6c72] 199.204.45.57 "GET /resource_providers/93d9384e-d015-4cda-a782-6e42024e05d6/allocations" status: 200 len: 353 microversion: 1.0 [pid: 7|app: 0|req: 500/1001] 199.204.45.57 () {32 vars in 856 bytes} [Thu May 14 02:10:42 2026] GET /resource_providers/93d9384e-d015-4cda-a782-6e42024e05d6/allocations => generated 353 bytes in 14 msecs (HTTP/1.1 200) 6 headers in 224 bytes (1 switches on core 0)
2026-05-14 02:10:42.885 8 INFO placement.requestlog [req-1c458658-0aad-4b48-baaa-8bd61513015e req-72af0802-b678-429f-8b34-75a0344453b9 12f0435f78594add8f776822df305ff8 aefdf1c722be4885a40febccb13a40e7 - - 230912e615eb43589c9c94d539fd6c72 230912e615eb43589c9c94d539fd6c72] 199.204.45.57 "GET /allocations/8d6fa8b1-ecc5-46e9-b14a-a4a22b92c22d" status: 200 len: 258 microversion: 1.28 [pid: 8|app: 0|req: 502/1002] 199.204.45.57 () {34 vars in 862 bytes} [Thu May 14 02:10:42 2026] GET /allocations/8d6fa8b1-ecc5-46e9-b14a-a4a22b92c22d => generated 258 bytes in 11 msecs (HTTP/1.1 200) 8 headers in 296 bytes (1 switches on core 0)
2026-05-14 02:10:42.906 7 INFO placement.requestlog [req-1c458658-0aad-4b48-baaa-8bd61513015e req-8219916f-33af-47cb-bec6-377cbb633413 12f0435f78594add8f776822df305ff8 aefdf1c722be4885a40febccb13a40e7 - - 230912e615eb43589c9c94d539fd6c72 230912e615eb43589c9c94d539fd6c72] 199.204.45.57 "GET /allocations/d638d9d1-4bda-4fbd-9597-c6f11898f926" status: 200 len: 258 microversion: 1.28 [pid: 7|app: 0|req: 501/1003] 199.204.45.57 () {34 vars in 862 bytes} [Thu May 14 02:10:42 2026] GET /allocations/d638d9d1-4bda-4fbd-9597-c6f11898f926 => generated 258 bytes in 16 msecs (HTTP/1.1 200) 8 headers in 296 bytes (1 switches on core 0)
2026-05-14 02:10:42.925 8 INFO placement.requestlog [req-1c458658-0aad-4b48-baaa-8bd61513015e req-7ed9e377-7656-4ca2-aaec-f576fa8d406c 12f0435f78594add8f776822df305ff8 aefdf1c722be4885a40febccb13a40e7 - - 230912e615eb43589c9c94d539fd6c72 230912e615eb43589c9c94d539fd6c72] 199.204.45.57 "GET /allocations/867a6021-1e68-4bb5-a5d0-16c5a641874e" status: 200 len: 258 microversion: 1.28 [pid: 8|app: 0|req: 503/1004] 199.204.45.57 () {34 vars in 862 bytes} [Thu May 14 02:10:42 2026] GET /allocations/867a6021-1e68-4bb5-a5d0-16c5a641874e => generated 258 bytes in 12 msecs (HTTP/1.1 200) 8 headers in 296 bytes (1 switches on core 0)
2026-05-14 02:10:43.969 7 INFO placement.requestlog [req-1c458658-0aad-4b48-baaa-8bd61513015e req-38b4413b-ed93-4409-bfff-33e850969623 12f0435f78594add8f776822df305ff8 aefdf1c722be4885a40febccb13a40e7 - - 230912e615eb43589c9c94d539fd6c72 230912e615eb43589c9c94d539fd6c72] 199.204.45.57 "DELETE /allocations/867a6021-1e68-4bb5-a5d0-16c5a641874e" status: 204 len: 0 microversion: 1.0 [pid: 7|app: 0|req: 502/1005] 199.204.45.57 () {34 vars in 840 bytes} [Thu May 14 02:10:43 2026] DELETE /allocations/867a6021-1e68-4bb5-a5d0-16c5a641874e => generated 0 bytes in 22 msecs (HTTP/1.1 204) 5 headers in 198 bytes (1 switches on core 0)
2026-05-14 02:10:47.311 8 INFO placement.requestlog [None req-94067244-ed58-47fe-98a9-3a267fcd516f 88ce4fbbae99486cb0682e9e41772129 aefdf1c722be4885a40febccb13a40e7 - - 230912e615eb43589c9c94d539fd6c72 230912e615eb43589c9c94d539fd6c72] 10.0.0.196 "GET /resource_providers/39d4dc04-dafc-4339-9573-91ab7c273981/aggregates" status: 404 len: 235 microversion: 1.1 [pid: 8|app: 0|req: 504/1006] 10.0.0.196 () {32 vars in 816 bytes} [Thu May 14 02:10:47 2026] GET /resource_providers/39d4dc04-dafc-4339-9573-91ab7c273981/aggregates => generated 235 bytes in 10 msecs (HTTP/1.1 404) 5 headers in 202 bytes (1 switches on core 0)
2026-05-14 02:10:47.319 7 INFO placement.requestlog [None req-0896244e-a802-419c-8e5b-719ee54d65f9 88ce4fbbae99486cb0682e9e41772129 aefdf1c722be4885a40febccb13a40e7 - - 230912e615eb43589c9c94d539fd6c72 230912e615eb43589c9c94d539fd6c72] 10.0.0.196 "GET /resource_providers/39d4dc04-dafc-4339-9573-91ab7c273981/aggregates" status: 404 len: 235 microversion: 1.1 [pid: 7|app: 0|req: 503/1007] 10.0.0.196 () {32 vars in 816 bytes} [Thu May 14 02:10:47 2026] GET /resource_providers/39d4dc04-dafc-4339-9573-91ab7c273981/aggregates => generated 235 bytes in 10 msecs (HTTP/1.1 404) 5 headers in 202 bytes (1 switches on core 0)
2026-05-14 02:10:47.340 8 INFO placement.requestlog [None req-403e357e-146d-4c07-922b-3281df284799 88ce4fbbae99486cb0682e9e41772129 aefdf1c722be4885a40febccb13a40e7 - - 230912e615eb43589c9c94d539fd6c72 230912e615eb43589c9c94d539fd6c72] 10.0.0.196 "DELETE /resource_providers/39d4dc04-dafc-4339-9573-91ab7c273981" status: 404 len: 246 microversion: 1.1 [pid: 8|app: 0|req: 505/1008] 10.0.0.196 () {34 vars in 816 bytes} [Thu May 14 02:10:47 2026] DELETE /resource_providers/39d4dc04-dafc-4339-9573-91ab7c273981 => generated 246 bytes in 14 msecs (HTTP/1.1 404) 6 headers in 231 bytes (1 switches on core 0)
2026-05-14 02:10:47.356 7 INFO placement.requestlog [None req-f52c4bdb-2c29-4cba-8583-d90f9efcdd2e 88ce4fbbae99486cb0682e9e41772129 aefdf1c722be4885a40febccb13a40e7 - - 230912e615eb43589c9c94d539fd6c72 230912e615eb43589c9c94d539fd6c72] 10.0.0.196 "DELETE /resource_providers/39d4dc04-dafc-4339-9573-91ab7c273981" status: 404 len: 246 microversion: 1.1 [pid: 7|app: 0|req: 504/1009] 10.0.0.196 () {34 vars in 816 bytes} [Thu May 14 02:10:47 2026] DELETE /resource_providers/39d4dc04-dafc-4339-9573-91ab7c273981 => generated 246 bytes in 21 msecs (HTTP/1.1 404) 6 headers in 231 bytes (1 switches on core 0)
2026-05-14 02:10:49.358 8 INFO placement.requestlog [None req-946dd610-a9bc-4fdd-85d1-5181391929b1 88ce4fbbae99486cb0682e9e41772129 aefdf1c722be4885a40febccb13a40e7 - - 230912e615eb43589c9c94d539fd6c72 230912e615eb43589c9c94d539fd6c72] 10.0.0.196 "GET /resource_providers/f2b59166-d15d-45ed-a2a0-1e5393a7bcb9/aggregates" status: 404 len: 235 microversion: 1.1 [pid: 8|app: 0|req: 506/1010] 10.0.0.196 () {32 vars in 816 bytes} [Thu May 14 02:10:49 2026] GET /resource_providers/f2b59166-d15d-45ed-a2a0-1e5393a7bcb9/aggregates => generated 235 bytes in 10 msecs (HTTP/1.1 404) 5 headers in 202 bytes (1 switches on core 0)
2026-05-14 02:10:49.374 7 INFO placement.requestlog [None req-005c79cf-24d7-4008-986c-689012f5ad8f 88ce4fbbae99486cb0682e9e41772129 aefdf1c722be4885a40febccb13a40e7 - - 230912e615eb43589c9c94d539fd6c72 230912e615eb43589c9c94d539fd6c72] 10.0.0.196 "DELETE /resource_providers/f2b59166-d15d-45ed-a2a0-1e5393a7bcb9" status: 404 len: 246 microversion: 1.1 [pid: 7|app: 0|req: 505/1011] 10.0.0.196 () {34 vars in 816 bytes} [Thu May 14 02:10:49 2026] DELETE /resource_providers/f2b59166-d15d-45ed-a2a0-1e5393a7bcb9 => generated 246 bytes in 8 msecs (HTTP/1.1 404) 6 headers in 231 bytes (1 switches on core 0)
2026-05-14 02:10:49.377 8 INFO placement.requestlog [None req-c19c8e0c-2fee-4101-bfb5-5eb0f3158838 88ce4fbbae99486cb0682e9e41772129 aefdf1c722be4885a40febccb13a40e7 - - 230912e615eb43589c9c94d539fd6c72 230912e615eb43589c9c94d539fd6c72] 10.0.0.196 "GET /resource_providers/f2b59166-d15d-45ed-a2a0-1e5393a7bcb9/aggregates" status: 404 len: 235 microversion: 1.1 [pid: 8|app: 0|req: 507/1012] 10.0.0.196 () {32 vars in 816 bytes} [Thu May 14 02:10:49 2026] GET /resource_providers/f2b59166-d15d-45ed-a2a0-1e5393a7bcb9/aggregates => generated 235 bytes in 8 msecs (HTTP/1.1 404) 5 headers in 202 bytes (1 switches on core 0)
2026-05-14 02:10:49.389 7 INFO placement.requestlog [None req-b1529efe-8a0a-4fc3-9e90-f01319660cd9 88ce4fbbae99486cb0682e9e41772129 aefdf1c722be4885a40febccb13a40e7 - - 230912e615eb43589c9c94d539fd6c72 230912e615eb43589c9c94d539fd6c72] 10.0.0.196 "DELETE /resource_providers/f2b59166-d15d-45ed-a2a0-1e5393a7bcb9" status: 404 len: 246 microversion: 1.1 [pid: 7|app: 0|req: 506/1013] 10.0.0.196 () {34 vars in 816 bytes} [Thu May 14 02:10:49 2026] DELETE /resource_providers/f2b59166-d15d-45ed-a2a0-1e5393a7bcb9 => generated 246 bytes in 6 msecs (HTTP/1.1 404) 6 headers in 231 bytes (1 switches on core 0)
2026-05-14 02:10:50.515 8 INFO placement.requestlog [None req-ab83f140-9354-4aa2-9e4f-f4b707bea4d8 - - - - - -] 10.0.0.235 "GET /" status: 200 len: 136 microversion: 1.0
2026-05-14 02:10:50.516 7 INFO placement.requestlog [None req-9761cdda-941b-450c-a6d9-f97ba698b0d1 - - - - - -] 10.0.0.235 "GET /" status: 200 len: 136 microversion: 1.0
2026-05-14 02:11:00.516 8 INFO placement.requestlog [None req-b7f17414-e4ca-4e77-a32e-44471d298c86 - - - - - -] 10.0.0.235 "GET /" status: 200 len: 136 microversion: 1.0
2026-05-14 02:11:00.516 7 INFO placement.requestlog [None req-45e77389-82c1-42be-aedf-6c7c24fa4907 - - - - - -] 10.0.0.235 "GET /" status: 200 len: 136 microversion: 1.0
2026-05-14 02:11:02.420 8 INFO placement.requestlog [req-d046bdf2-df54-4f0a-95b7-e26930d80250 req-50e206cf-d4f3-4884-902d-0de39080972d 12f0435f78594add8f776822df305ff8 aefdf1c722be4885a40febccb13a40e7 - - 230912e615eb43589c9c94d539fd6c72 230912e615eb43589c9c94d539fd6c72] 10.0.0.241 "GET /allocation_candidates?limit=1000&resources=DISK_GB%3A1%2CMEMORY_MB%3A512%2CVCPU%3A1&root_required=%21COMPUTE_STATUS_DISABLED" status: 200 len: 2784 microversion: 1.36 [pid: 8|app: 0|req: 510/1018] 10.0.0.241 () {34 vars in 1012 bytes} [Thu May 14 02:11:02 2026] GET /allocation_candidates?limit=1000&resources=DISK_GB%3A1%2CMEMORY_MB%3A512%2CVCPU%3A1&root_required=%21COMPUTE_STATUS_DISABLED => generated 2784 bytes in 49 msecs (HTTP/1.1 200) 8 headers in 297 bytes (1 switches on core 0)
2026-05-14 02:11:02.454 7 INFO placement.requestlog [req-d046bdf2-df54-4f0a-95b7-e26930d80250 req-6f5f6767-7896-453b-ae23-7d4d6e41954f 12f0435f78594add8f776822df305ff8 aefdf1c722be4885a40febccb13a40e7 - - 230912e615eb43589c9c94d539fd6c72 230912e615eb43589c9c94d539fd6c72] 10.0.0.241 "GET /allocations/6aa6f448-e2f9-4495-99c9-849eb53b9bf4" status: 200 len: 19 microversion: 1.28 [pid: 7|app: 0|req: 509/1019] 10.0.0.241 () {34 vars in 861 bytes} [Thu May 14 02:11:02 2026] GET /allocations/6aa6f448-e2f9-4495-99c9-849eb53b9bf4 => generated 19 bytes in 12 msecs (HTTP/1.1 200) 8 headers in 295 bytes (1 switches on core 0)
2026-05-14 02:11:02.545 8 INFO placement.requestlog [req-d046bdf2-df54-4f0a-95b7-e26930d80250 req-fac72ea2-5820-491d-9cbc-103658c71b9f 12f0435f78594add8f776822df305ff8 aefdf1c722be4885a40febccb13a40e7 - - 230912e615eb43589c9c94d539fd6c72 230912e615eb43589c9c94d539fd6c72] 10.0.0.241 "PUT /allocations/6aa6f448-e2f9-4495-99c9-849eb53b9bf4" status: 204 len: 0 microversion: 1.36 [pid: 8|app: 0|req: 511/1020] 10.0.0.241 () {38 vars in 914 bytes} [Thu May 14 02:11:02 2026] PUT /allocations/6aa6f448-e2f9-4495-99c9-849eb53b9bf4 => generated 0 bytes in 80 msecs (HTTP/1.1 204) 5 headers in 199 bytes (1 switches on core 0)
2026-05-14 02:11:03.770 7 INFO placement.requestlog [None req-87370c37-07f5-421c-9e50-e92bdb0b19d5 88ce4fbbae99486cb0682e9e41772129 aefdf1c722be4885a40febccb13a40e7 - - 230912e615eb43589c9c94d539fd6c72 230912e615eb43589c9c94d539fd6c72] 10.0.0.196 "GET /resource_providers/7785a332-ccf2-49be-bac6-efd034769f6f/aggregates" status: 404 len: 235 microversion: 1.1 [pid: 7|app: 0|req: 510/1021] 10.0.0.196 () {32 vars in 816 bytes} [Thu May 14 02:11:03 2026] GET /resource_providers/7785a332-ccf2-49be-bac6-efd034769f6f/aggregates => generated 235 bytes in 12 msecs (HTTP/1.1 404) 5 headers in 202 bytes (1 switches on core 0)
2026-05-14 02:11:03.773 8 INFO placement.requestlog [None req-db461cd4-8390-4b6d-9196-0dcd11168aaa 88ce4fbbae99486cb0682e9e41772129 aefdf1c722be4885a40febccb13a40e7 - - 230912e615eb43589c9c94d539fd6c72 230912e615eb43589c9c94d539fd6c72] 10.0.0.196 "GET /resource_providers/7785a332-ccf2-49be-bac6-efd034769f6f/aggregates" status: 404 len: 235 microversion: 1.1 [pid: 8|app: 0|req: 512/1022] 10.0.0.196 () {32 vars in 816 bytes} [Thu May 14 02:11:03 2026] GET /resource_providers/7785a332-ccf2-49be-bac6-efd034769f6f/aggregates => generated 235 bytes in 9 msecs (HTTP/1.1 404) 5 headers in 202 bytes (1 switches on core 0)
2026-05-14 02:11:03.791 8 INFO placement.requestlog [None req-e3892b99-a271-4d73-9684-7496bad211bf 88ce4fbbae99486cb0682e9e41772129 aefdf1c722be4885a40febccb13a40e7 - - 230912e615eb43589c9c94d539fd6c72 230912e615eb43589c9c94d539fd6c72] 10.0.0.196 "DELETE /resource_providers/7785a332-ccf2-49be-bac6-efd034769f6f" status: 404 len: 246 microversion: 1.1 [pid: 8|app: 0|req: 513/1023] 10.0.0.196 () {34 vars in 816 bytes} [Thu May 14 02:11:03 2026] DELETE /resource_providers/7785a332-ccf2-49be-bac6-efd034769f6f => generated 246 bytes in 8 msecs (HTTP/1.1 404) 6 headers in 231 bytes (1 switches on core 0)
2026-05-14 02:11:03.795 7 INFO placement.requestlog [None req-0b05e122-52cb-4e43-9867-cfa4b27cfec1 88ce4fbbae99486cb0682e9e41772129 aefdf1c722be4885a40febccb13a40e7 - - 230912e615eb43589c9c94d539fd6c72 230912e615eb43589c9c94d539fd6c72] 10.0.0.196 "DELETE /resource_providers/7785a332-ccf2-49be-bac6-efd034769f6f" status: 404 len: 246 microversion: 1.1 [pid: 7|app: 0|req: 511/1024] 10.0.0.196 () {34 vars in 816 bytes} [Thu May 14 02:11:03 2026] DELETE /resource_providers/7785a332-ccf2-49be-bac6-efd034769f6f => generated 246 bytes in 12 msecs (HTTP/1.1 404) 6 headers in 231 bytes (1 switches on core 0)
2026-05-14 02:11:03.999 8 INFO placement.requestlog [req-d046bdf2-df54-4f0a-95b7-e26930d80250 req-4453979d-1664-45f4-8c09-c42457924dd2 12f0435f78594add8f776822df305ff8 aefdf1c722be4885a40febccb13a40e7 - - 230912e615eb43589c9c94d539fd6c72 230912e615eb43589c9c94d539fd6c72] 199.204.45.57 "GET /allocations/6aa6f448-e2f9-4495-99c9-849eb53b9bf4" status: 200 len: 258 microversion: 1.28 [pid: 8|app: 0|req: 514/1025] 199.204.45.57 () {34 vars in 862 bytes} [Thu May 14 02:11:03 2026] GET /allocations/6aa6f448-e2f9-4495-99c9-849eb53b9bf4 => generated 258 bytes in 12 msecs (HTTP/1.1 200) 8 headers in 296 bytes (1 switches on core 0)
2026-05-14 02:11:05.037 7 INFO placement.requestlog [req-d046bdf2-df54-4f0a-95b7-e26930d80250 req-3532605e-f7c1-46bc-8871-1e243aaad4fa 12f0435f78594add8f776822df305ff8 aefdf1c722be4885a40febccb13a40e7 - - 230912e615eb43589c9c94d539fd6c72 230912e615eb43589c9c94d539fd6c72] 199.204.45.57 "GET /resource_providers/93d9384e-d015-4cda-a782-6e42024e05d6/allocations" status: 200 len: 353 microversion: 1.0 [pid: 7|app: 0|req: 512/1026] 199.204.45.57 () {32 vars in 856 bytes} [Thu May 14 02:11:05 2026] GET /resource_providers/93d9384e-d015-4cda-a782-6e42024e05d6/allocations => generated 353 bytes in 16 msecs (HTTP/1.1 200) 6 headers in 224 bytes (1 switches on core 0)
2026-05-14 02:11:05.057 8 INFO placement.requestlog [req-d046bdf2-df54-4f0a-95b7-e26930d80250 req-9c93fc6e-6fbd-4827-8e98-9e0d61fbca29 12f0435f78594add8f776822df305ff8 aefdf1c722be4885a40febccb13a40e7 - - 230912e615eb43589c9c94d539fd6c72 230912e615eb43589c9c94d539fd6c72] 199.204.45.57 "GET /allocations/8d6fa8b1-ecc5-46e9-b14a-a4a22b92c22d" status: 200 len: 258 microversion: 1.28 [pid: 8|app: 0|req: 515/1027] 199.204.45.57 () {34 vars in 862 bytes} [Thu May 14 02:11:05 2026] GET /allocations/8d6fa8b1-ecc5-46e9-b14a-a4a22b92c22d => generated 258 bytes in 12 msecs (HTTP/1.1 200) 8 headers in 296 bytes (1 switches on core 0)
