Mar 30 06:24:49.075177 np0000161208 nova-conductor[109954]: DEBUG cotyledon.oslo_config_glue [-] vnc.novncproxy_base_url = http://127.0.0.1:6080/vnc_auto.html {{(pid=109954) log_opt_values /opt/stack/data/venv/lib/python3.12/site-packages/oslo_config/cfg.py:3006}}
Mar 30 06:24:49.075177 np0000161208 nova-conductor[109954]: DEBUG cotyledon.oslo_config_glue [-] vnc.novncproxy_host = 0.0.0.0 {{(pid=109954) log_opt_values /opt/stack/data/venv/lib/python3.12/site-packages/oslo_config/cfg.py:3006}}
Mar 30 06:24:49.075400 np0000161208 nova-conductor[109954]: DEBUG cotyledon.oslo_config_glue [-] vnc.novncproxy_port = 6080 {{(pid=109954) log_opt_values /opt/stack/data/venv/lib/python3.12/site-packages/oslo_config/cfg.py:3006}}
Mar 30 06:24:49.075400 np0000161208 nova-conductor[109954]: DEBUG cotyledon.oslo_config_glue [-] vnc.server_listen = 127.0.0.1 {{(pid=109954) log_opt_values /opt/stack/data/venv/lib/python3.12/site-packages/oslo_config/cfg.py:3006}}
Mar 30 06:24:49.075400 np0000161208 nova-conductor[109954]: DEBUG cotyledon.oslo_config_glue [-] vnc.server_proxyclient_address = 127.0.0.1 {{(pid=109954) log_opt_values /opt/stack/data/venv/lib/python3.12/site-packages/oslo_config/cfg.py:3006}}
Mar 30 06:24:49.075400 np0000161208 nova-conductor[109954]: DEBUG cotyledon.oslo_config_glue [-] vnc.vencrypt_ca_certs = None {{(pid=109954) log_opt_values /opt/stack/data/venv/lib/python3.12/site-packages/oslo_config/cfg.py:3006}}
Mar 30 06:24:49.075400 np0000161208 nova-conductor[109954]: DEBUG cotyledon.oslo_config_glue [-] vnc.vencrypt_client_cert = None {{(pid=109954) log_opt_values /opt/stack/data/venv/lib/python3.12/site-packages/oslo_config/cfg.py:3006}}
Mar 30 06:24:49.075400 np0000161208 nova-conductor[109954]: DEBUG cotyledon.oslo_config_glue [-] vnc.vencrypt_client_key = None {{(pid=109954) log_opt_values /opt/stack/data/venv/lib/python3.12/site-packages/oslo_config/cfg.py:3006}}
Mar 30 06:24:49.075400 np0000161208 nova-conductor[109954]: DEBUG cotyledon.oslo_config_glue [-] workarounds.disable_compute_service_check_for_ffu = False {{(pid=109954) log_opt_values /opt/stack/data/venv/lib/python3.12/site-packages/oslo_config/cfg.py:3006}}
Mar 30 06:24:49.075400 np0000161208 nova-conductor[109954]: DEBUG cotyledon.oslo_config_glue [-] workarounds.disable_deep_image_inspection = False {{(pid=109954) log_opt_values /opt/stack/data/venv/lib/python3.12/site-packages/oslo_config/cfg.py:3006}}
Mar 30 06:24:49.075400 np0000161208 nova-conductor[109954]: DEBUG cotyledon.oslo_config_glue [-] workarounds.disable_fallback_pcpu_query = False {{(pid=109954) log_opt_values /opt/stack/data/venv/lib/python3.12/site-packages/oslo_config/cfg.py:3006}}
Mar 30 06:24:49.075620 np0000161208 nova-conductor[109954]: DEBUG cotyledon.oslo_config_glue [-] workarounds.disable_group_policy_check_upcall = False {{(pid=109954) log_opt_values /opt/stack/data/venv/lib/python3.12/site-packages/oslo_config/cfg.py:3006}}
Mar 30 06:24:49.075620 np0000161208 nova-conductor[109954]: DEBUG cotyledon.oslo_config_glue [-] workarounds.disable_libvirt_livesnapshot = False {{(pid=109954) log_opt_values /opt/stack/data/venv/lib/python3.12/site-packages/oslo_config/cfg.py:3006}}
Mar 30 06:24:49.075620 np0000161208 nova-conductor[109954]: DEBUG cotyledon.oslo_config_glue [-] workarounds.disable_rootwrap = False {{(pid=109954) log_opt_values /opt/stack/data/venv/lib/python3.12/site-packages/oslo_config/cfg.py:3006}}
Mar 30 06:24:49.075620 np0000161208 nova-conductor[109954]: DEBUG cotyledon.oslo_config_glue [-] workarounds.enable_numa_live_migration = False {{(pid=109954) log_opt_values /opt/stack/data/venv/lib/python3.12/site-packages/oslo_config/cfg.py:3006}}
Mar 30 06:24:49.075620 np0000161208 nova-conductor[109954]: DEBUG cotyledon.oslo_config_glue [-] workarounds.enable_qemu_monitor_announce_self = False {{(pid=109954) log_opt_values /opt/stack/data/venv/lib/python3.12/site-packages/oslo_config/cfg.py:3006}}
Mar 30 06:24:49.075620 np0000161208 nova-conductor[109954]: DEBUG cotyledon.oslo_config_glue [-] workarounds.ensure_libvirt_rbd_instance_dir_cleanup = False {{(pid=109954) log_opt_values /opt/stack/data/venv/lib/python3.12/site-packages/oslo_config/cfg.py:3006}}
Mar 30 06:24:49.075620 np0000161208 nova-conductor[109954]: DEBUG cotyledon.oslo_config_glue [-] workarounds.handle_virt_lifecycle_events = True {{(pid=109954) log_opt_values /opt/stack/data/venv/lib/python3.12/site-packages/oslo_config/cfg.py:3006}}
Mar 30 06:24:49.075620 np0000161208 nova-conductor[109954]: DEBUG cotyledon.oslo_config_glue [-] workarounds.libvirt_disable_apic = False {{(pid=109954) log_opt_values /opt/stack/data/venv/lib/python3.12/site-packages/oslo_config/cfg.py:3006}}
Mar 30 06:24:49.075620 np0000161208 nova-conductor[109954]: DEBUG cotyledon.oslo_config_glue [-] workarounds.never_download_image_if_on_rbd = False {{(pid=109954) log_opt_values /opt/stack/data/venv/lib/python3.12/site-packages/oslo_config/cfg.py:3006}}
Mar 30 06:24:49.075864 np0000161208 nova-conductor[109954]: DEBUG cotyledon.oslo_config_glue [-] workarounds.qemu_monitor_announce_self_count = 3 {{(pid=109954) log_opt_values /opt/stack/data/venv/lib/python3.12/site-packages/oslo_config/cfg.py:3006}}
Mar 30 06:24:49.075864 np0000161208 nova-conductor[109954]: DEBUG cotyledon.oslo_config_glue [-] workarounds.qemu_monitor_announce_self_interval = 1 {{(pid=109954) log_opt_values /opt/stack/data/venv/lib/python3.12/site-packages/oslo_config/cfg.py:3006}}
Mar 30 06:24:49.075864 np0000161208 nova-conductor[109954]: DEBUG cotyledon.oslo_config_glue [-] workarounds.reserve_disk_resource_for_image_cache = False {{(pid=109954) log_opt_values /opt/stack/data/venv/lib/python3.12/site-packages/oslo_config/cfg.py:3006}}
Mar 30 06:24:49.075864 np0000161208 nova-conductor[109954]: DEBUG cotyledon.oslo_config_glue [-] workarounds.skip_cpu_compare_at_startup = False {{(pid=109954) log_opt_values /opt/stack/data/venv/lib/python3.12/site-packages/oslo_config/cfg.py:3006}}
Mar 30 06:24:49.075864 np0000161208 nova-conductor[109954]: DEBUG cotyledon.oslo_config_glue [-] workarounds.skip_cpu_compare_on_dest = False {{(pid=109954) log_opt_values /opt/stack/data/venv/lib/python3.12/site-packages/oslo_config/cfg.py:3006}}
Mar 30 06:24:49.075864 np0000161208 nova-conductor[109954]: DEBUG cotyledon.oslo_config_glue [-] workarounds.skip_hypervisor_version_check_on_lm = False {{(pid=109954) log_opt_values /opt/stack/data/venv/lib/python3.12/site-packages/oslo_config/cfg.py:3006}}
Mar 30 06:24:49.075864 np0000161208 nova-conductor[109954]: DEBUG cotyledon.oslo_config_glue [-] workarounds.skip_reserve_in_use_ironic_nodes = False {{(pid=109954) log_opt_values /opt/stack/data/venv/lib/python3.12/site-packages/oslo_config/cfg.py:3006}}
Mar 30 06:24:49.075864 np0000161208 nova-conductor[109954]: DEBUG cotyledon.oslo_config_glue [-] workarounds.unified_limits_count_pcpu_as_vcpu = False {{(pid=109954) log_opt_values /opt/stack/data/venv/lib/python3.12/site-packages/oslo_config/cfg.py:3006}}
Mar 30 06:24:49.076073 np0000161208 nova-conductor[109954]: DEBUG cotyledon.oslo_config_glue [-] workarounds.wait_for_vif_plugged_event_during_hard_reboot = [] {{(pid=109954) log_opt_values /opt/stack/data/venv/lib/python3.12/site-packages/oslo_config/cfg.py:3006}}
Mar 30 06:24:49.076073 np0000161208 nova-conductor[109954]: DEBUG cotyledon.oslo_config_glue [-] wsgi.api_paste_config = /etc/nova/api-paste.ini {{(pid=109954) log_opt_values /opt/stack/data/venv/lib/python3.12/site-packages/oslo_config/cfg.py:3006}}
Mar 30 06:24:49.076073 np0000161208 nova-conductor[109954]: DEBUG cotyledon.oslo_config_glue [-] wsgi.secure_proxy_ssl_header = None {{(pid=109954) log_opt_values /opt/stack/data/venv/lib/python3.12/site-packages/oslo_config/cfg.py:3006}}
Mar 30 06:24:49.076073 np0000161208 nova-conductor[109954]: DEBUG cotyledon.oslo_config_glue [-] zvm.ca_file = None {{(pid=109954) log_opt_values /opt/stack/data/venv/lib/python3.12/site-packages/oslo_config/cfg.py:3006}}
Mar 30 06:24:49.076073 np0000161208 nova-conductor[109954]: DEBUG cotyledon.oslo_config_glue [-] zvm.cloud_connector_url = None {{(pid=109954) log_opt_values /opt/stack/data/venv/lib/python3.12/site-packages/oslo_config/cfg.py:3006}}
Mar 30 06:24:49.076073 np0000161208 nova-conductor[109954]: DEBUG cotyledon.oslo_config_glue [-] zvm.image_tmp_path = /opt/stack/data/nova/images {{(pid=109954) log_opt_values /opt/stack/data/venv/lib/python3.12/site-packages/oslo_config/cfg.py:3006}}
Mar 30 06:24:49.076073 np0000161208 nova-conductor[109954]: DEBUG cotyledon.oslo_config_glue [-] zvm.reachable_timeout = 300 {{(pid=109954) log_opt_values /opt/stack/data/venv/lib/python3.12/site-packages/oslo_config/cfg.py:3006}}
Mar 30 06:24:49.076073 np0000161208 nova-conductor[109954]: DEBUG cotyledon.oslo_config_glue [-] oslo_versionedobjects.fatal_exception_format_errors = False {{(pid=109954) log_opt_values /opt/stack/data/venv/lib/python3.12/site-packages/oslo_config/cfg.py:3006}}
Mar 30 06:24:49.076073 np0000161208 nova-conductor[109954]: DEBUG cotyledon.oslo_config_glue [-] oslo_middleware.http_basic_auth_user_file = /etc/htpasswd {{(pid=109954) log_opt_values /opt/stack/data/venv/lib/python3.12/site-packages/oslo_config/cfg.py:3006}}
Mar 30 06:24:49.076318 np0000161208 nova-conductor[109954]: DEBUG cotyledon.oslo_config_glue [-] profiler.connection_string = messaging:// {{(pid=109954) log_opt_values /opt/stack/data/venv/lib/python3.12/site-packages/oslo_config/cfg.py:3006}}
Mar 30 06:24:49.076318 np0000161208 nova-conductor[109954]: DEBUG cotyledon.oslo_config_glue [-] profiler.enabled = False {{(pid=109954) log_opt_values /opt/stack/data/venv/lib/python3.12/site-packages/oslo_config/cfg.py:3006}}
Mar 30 06:24:49.076318 np0000161208 nova-conductor[109954]: DEBUG cotyledon.oslo_config_glue [-] profiler.es_doc_type = notification {{(pid=109954) log_opt_values /opt/stack/data/venv/lib/python3.12/site-packages/oslo_config/cfg.py:3006}}
Mar 30 06:24:49.076318 np0000161208 nova-conductor[109954]: DEBUG cotyledon.oslo_config_glue [-] profiler.es_scroll_size = 10000 {{(pid=109954) log_opt_values /opt/stack/data/venv/lib/python3.12/site-packages/oslo_config/cfg.py:3006}}
Mar 30 06:24:49.076318 np0000161208 nova-conductor[109954]: DEBUG cotyledon.oslo_config_glue [-] profiler.es_scroll_time = 2m {{(pid=109954) log_opt_values /opt/stack/data/venv/lib/python3.12/site-packages/oslo_config/cfg.py:3006}}
Mar 30 06:24:49.076318 np0000161208 nova-conductor[109954]: DEBUG cotyledon.oslo_config_glue [-] profiler.filter_error_trace = False {{(pid=109954) log_opt_values /opt/stack/data/venv/lib/python3.12/site-packages/oslo_config/cfg.py:3006}}
Mar 30 06:24:49.076318 np0000161208 nova-conductor[109954]: DEBUG cotyledon.oslo_config_glue [-] profiler.hmac_keys = **** {{(pid=109954) log_opt_values /opt/stack/data/venv/lib/python3.12/site-packages/oslo_config/cfg.py:3006}}
Mar 30 06:24:49.076318 np0000161208 nova-conductor[109954]: DEBUG cotyledon.oslo_config_glue [-] profiler.sentinel_service_name = mymaster {{(pid=109954) log_opt_values /opt/stack/data/venv/lib/python3.12/site-packages/oslo_config/cfg.py:3006}}
Mar 30 06:24:49.076318 np0000161208 nova-conductor[109954]: DEBUG cotyledon.oslo_config_glue [-] profiler.socket_timeout = 0.1 {{(pid=109954) log_opt_values /opt/stack/data/venv/lib/python3.12/site-packages/oslo_config/cfg.py:3006}}
Mar 30 06:24:49.076536 np0000161208 nova-conductor[109954]: DEBUG cotyledon.oslo_config_glue [-] profiler.trace_requests = False {{(pid=109954) log_opt_values /opt/stack/data/venv/lib/python3.12/site-packages/oslo_config/cfg.py:3006}}
Mar 30 06:24:49.076536 np0000161208 nova-conductor[109954]: DEBUG cotyledon.oslo_config_glue [-] profiler.trace_sqlalchemy = False {{(pid=109954) log_opt_values /opt/stack/data/venv/lib/python3.12/site-packages/oslo_config/cfg.py:3006}}
Mar 30 06:24:49.076536 np0000161208 nova-conductor[109954]: DEBUG cotyledon.oslo_config_glue [-] profiler_jaeger.process_tags = {} {{(pid=109954) log_opt_values /opt/stack/data/venv/lib/python3.12/site-packages/oslo_config/cfg.py:3006}}
Mar 30 06:24:49.076536 np0000161208 nova-conductor[109954]: DEBUG cotyledon.oslo_config_glue [-] profiler_jaeger.service_name_prefix = None {{(pid=109954) log_opt_values /opt/stack/data/venv/lib/python3.12/site-packages/oslo_config/cfg.py:3006}}
Mar 30 06:24:49.076536 np0000161208 nova-conductor[109954]: DEBUG cotyledon.oslo_config_glue [-] profiler_otlp.service_name_prefix = None {{(pid=109954) log_opt_values /opt/stack/data/venv/lib/python3.12/site-packages/oslo_config/cfg.py:3006}}
Mar 30 06:24:49.076536 np0000161208 nova-conductor[109954]: DEBUG cotyledon.oslo_config_glue [-] oslo_messaging_rabbit.amqp_auto_delete = False {{(pid=109954) log_opt_values /opt/stack/data/venv/lib/python3.12/site-packages/oslo_config/cfg.py:3006}}
Mar 30 06:24:49.076536 np0000161208 nova-conductor[109954]: DEBUG cotyledon.oslo_config_glue [-] oslo_messaging_rabbit.amqp_durable_queues = False {{(pid=109954) log_opt_values /opt/stack/data/venv/lib/python3.12/site-packages/oslo_config/cfg.py:3006}}
Mar 30 06:24:49.076536 np0000161208 nova-conductor[109954]: DEBUG cotyledon.oslo_config_glue [-] oslo_messaging_rabbit.conn_pool_min_size = 2 {{(pid=109954) log_opt_values /opt/stack/data/venv/lib/python3.12/site-packages/oslo_config/cfg.py:3006}}
Mar 30 06:24:49.076536 np0000161208 nova-conductor[109954]: DEBUG cotyledon.oslo_config_glue [-] oslo_messaging_rabbit.conn_pool_ttl = 1200 {{(pid=109954) log_opt_values /opt/stack/data/venv/lib/python3.12/site-packages/oslo_config/cfg.py:3006}}
Mar 30 06:24:49.076823 np0000161208 nova-conductor[109954]: DEBUG cotyledon.oslo_config_glue [-] oslo_messaging_rabbit.direct_mandatory_flag = True {{(pid=109954) log_opt_values /opt/stack/data/venv/lib/python3.12/site-packages/oslo_config/cfg.py:3006}}
Mar 30 06:24:49.076823 np0000161208 nova-conductor[109954]: DEBUG cotyledon.oslo_config_glue [-] oslo_messaging_rabbit.enable_cancel_on_failover = False {{(pid=109954) log_opt_values /opt/stack/data/venv/lib/python3.12/site-packages/oslo_config/cfg.py:3006}}
Mar 30 06:24:49.076823 np0000161208 nova-conductor[109954]: DEBUG cotyledon.oslo_config_glue [-] oslo_messaging_rabbit.heartbeat_in_pthread = False {{(pid=109954) log_opt_values /opt/stack/data/venv/lib/python3.12/site-packages/oslo_config/cfg.py:3006}}
Mar 30 06:24:49.076823 np0000161208 nova-conductor[109954]: DEBUG cotyledon.oslo_config_glue [-] oslo_messaging_rabbit.heartbeat_rate = 3 {{(pid=109954) log_opt_values /opt/stack/data/venv/lib/python3.12/site-packages/oslo_config/cfg.py:3006}}
Mar 30 06:24:49.076823 np0000161208 nova-conductor[109954]: DEBUG cotyledon.oslo_config_glue [-] oslo_messaging_rabbit.heartbeat_timeout_threshold = 60 {{(pid=109954) log_opt_values /opt/stack/data/venv/lib/python3.12/site-packages/oslo_config/cfg.py:3006}}
Mar 30 06:24:49.076823 np0000161208 nova-conductor[109954]: DEBUG cotyledon.oslo_config_glue [-] oslo_messaging_rabbit.hostname = np0000161208 {{(pid=109954) log_opt_values /opt/stack/data/venv/lib/python3.12/site-packages/oslo_config/cfg.py:3006}}
Mar 30 06:24:49.076823 np0000161208 nova-conductor[109954]: DEBUG cotyledon.oslo_config_glue [-] oslo_messaging_rabbit.kombu_compression = None {{(pid=109954) log_opt_values /opt/stack/data/venv/lib/python3.12/site-packages/oslo_config/cfg.py:3006}}
Mar 30 06:24:49.076823 np0000161208 nova-conductor[109954]: DEBUG cotyledon.oslo_config_glue [-] oslo_messaging_rabbit.kombu_failover_strategy = round-robin {{(pid=109954) log_opt_values /opt/stack/data/venv/lib/python3.12/site-packages/oslo_config/cfg.py:3006}}
Mar 30 06:24:49.077024 np0000161208 nova-conductor[109954]: DEBUG cotyledon.oslo_config_glue [-] oslo_messaging_rabbit.kombu_missing_consumer_retry_timeout = 60 {{(pid=109954) log_opt_values /opt/stack/data/venv/lib/python3.12/site-packages/oslo_config/cfg.py:3006}}
Mar 30 06:24:49.077024 np0000161208 nova-conductor[109954]: DEBUG cotyledon.oslo_config_glue [-] oslo_messaging_rabbit.kombu_reconnect_delay = 1.0 {{(pid=109954) log_opt_values /opt/stack/data/venv/lib/python3.12/site-packages/oslo_config/cfg.py:3006}}
Mar 30 06:24:49.077024 np0000161208 nova-conductor[109954]: DEBUG cotyledon.oslo_config_glue [-] oslo_messaging_rabbit.kombu_reconnect_splay = 0.0 {{(pid=109954) log_opt_values /opt/stack/data/venv/lib/python3.12/site-packages/oslo_config/cfg.py:3006}}
Mar 30 06:24:49.077024 np0000161208 nova-conductor[109954]: DEBUG cotyledon.oslo_config_glue [-] oslo_messaging_rabbit.processname = nova-conductor {{(pid=109954) log_opt_values /opt/stack/data/venv/lib/python3.12/site-packages/oslo_config/cfg.py:3006}}
Mar 30 06:24:49.077024 np0000161208 nova-conductor[109954]: DEBUG cotyledon.oslo_config_glue [-] oslo_messaging_rabbit.rabbit_ha_queues = False {{(pid=109954) log_opt_values /opt/stack/data/venv/lib/python3.12/site-packages/oslo_config/cfg.py:3006}}
Mar 30 06:24:49.077024 np0000161208 nova-conductor[109954]: DEBUG cotyledon.oslo_config_glue [-] oslo_messaging_rabbit.rabbit_interval_max = 30 {{(pid=109954) log_opt_values /opt/stack/data/venv/lib/python3.12/site-packages/oslo_config/cfg.py:3006}}
Mar 30 06:24:49.077024 np0000161208 nova-conductor[109954]: DEBUG cotyledon.oslo_config_glue [-] oslo_messaging_rabbit.rabbit_login_method = AMQPLAIN {{(pid=109954) log_opt_values /opt/stack/data/venv/lib/python3.12/site-packages/oslo_config/cfg.py:3006}}
Mar 30 06:24:49.077024 np0000161208 nova-conductor[109954]: DEBUG cotyledon.oslo_config_glue [-] oslo_messaging_rabbit.rabbit_qos_prefetch_count = 0 {{(pid=109954) log_opt_values /opt/stack/data/venv/lib/python3.12/site-packages/oslo_config/cfg.py:3006}}
Mar 30 06:24:49.077231 np0000161208 nova-conductor[109948]: INFO dbcounter [None req-2499a686-4469-4078-baa0-93011a0580d1 None None] Registered counter for database nova_cell0
Mar 30 06:24:49.077261 np0000161208 nova-conductor[109954]: DEBUG cotyledon.oslo_config_glue [-] oslo_messaging_rabbit.rabbit_quorum_delivery_limit = 0 {{(pid=109954) log_opt_values /opt/stack/data/venv/lib/python3.12/site-packages/oslo_config/cfg.py:3006}}
Mar 30 06:24:49.077261 np0000161208 nova-conductor[109954]: DEBUG cotyledon.oslo_config_glue [-] oslo_messaging_rabbit.rabbit_quorum_max_memory_bytes = 0 {{(pid=109954) log_opt_values /opt/stack/data/venv/lib/python3.12/site-packages/oslo_config/cfg.py:3006}}
Mar 30 06:24:49.077261 np0000161208 nova-conductor[109954]: DEBUG cotyledon.oslo_config_glue [-] oslo_messaging_rabbit.rabbit_quorum_max_memory_length = 0 {{(pid=109954) log_opt_values /opt/stack/data/venv/lib/python3.12/site-packages/oslo_config/cfg.py:3006}}
Mar 30 06:24:49.077261 np0000161208 nova-conductor[109954]: DEBUG cotyledon.oslo_config_glue [-] oslo_messaging_rabbit.rabbit_quorum_queue = False {{(pid=109954) log_opt_values /opt/stack/data/venv/lib/python3.12/site-packages/oslo_config/cfg.py:3006}}
Mar 30 06:24:49.077261 np0000161208 nova-conductor[109954]: DEBUG cotyledon.oslo_config_glue [-] oslo_messaging_rabbit.rabbit_retry_backoff = 2 {{(pid=109954) log_opt_values /opt/stack/data/venv/lib/python3.12/site-packages/oslo_config/cfg.py:3006}}
Mar 30 06:24:49.077261 np0000161208 nova-conductor[109954]: DEBUG cotyledon.oslo_config_glue [-] oslo_messaging_rabbit.rabbit_retry_interval = 1 {{(pid=109954) log_opt_values /opt/stack/data/venv/lib/python3.12/site-packages/oslo_config/cfg.py:3006}}
Mar 30 06:24:49.077261 np0000161208 nova-conductor[109954]: DEBUG cotyledon.oslo_config_glue [-] oslo_messaging_rabbit.rabbit_stream_fanout = False {{(pid=109954) log_opt_values /opt/stack/data/venv/lib/python3.12/site-packages/oslo_config/cfg.py:3006}}
Mar 30 06:24:49.077261 np0000161208 nova-conductor[109954]: DEBUG cotyledon.oslo_config_glue [-] oslo_messaging_rabbit.rabbit_transient_queues_ttl = 1800 {{(pid=109954) log_opt_values /opt/stack/data/venv/lib/python3.12/site-packages/oslo_config/cfg.py:3006}}
Mar 30 06:24:49.077470 np0000161208 nova-conductor[109954]: DEBUG cotyledon.oslo_config_glue [-] oslo_messaging_rabbit.rabbit_transient_quorum_queue = False {{(pid=109954) log_opt_values /opt/stack/data/venv/lib/python3.12/site-packages/oslo_config/cfg.py:3006}}
Mar 30 06:24:49.077470 np0000161208 nova-conductor[109954]: DEBUG cotyledon.oslo_config_glue [-] oslo_messaging_rabbit.rpc_conn_pool_size = 30 {{(pid=109954) log_opt_values /opt/stack/data/venv/lib/python3.12/site-packages/oslo_config/cfg.py:3006}}
Mar 30 06:24:49.077470 np0000161208 nova-conductor[109954]: DEBUG cotyledon.oslo_config_glue [-] oslo_messaging_rabbit.ssl = False {{(pid=109954) log_opt_values /opt/stack/data/venv/lib/python3.12/site-packages/oslo_config/cfg.py:3006}}
Mar 30 06:24:49.077470 np0000161208 nova-conductor[109954]: DEBUG cotyledon.oslo_config_glue [-] oslo_messaging_rabbit.ssl_ca_file = {{(pid=109954) log_opt_values /opt/stack/data/venv/lib/python3.12/site-packages/oslo_config/cfg.py:3006}}
Mar 30 06:24:49.077470 np0000161208 nova-conductor[109954]: DEBUG cotyledon.oslo_config_glue [-] oslo_messaging_rabbit.ssl_cert_file = {{(pid=109954) log_opt_values /opt/stack/data/venv/lib/python3.12/site-packages/oslo_config/cfg.py:3006}}
Mar 30 06:24:49.077470 np0000161208 nova-conductor[109954]: DEBUG cotyledon.oslo_config_glue [-] oslo_messaging_rabbit.ssl_enforce_fips_mode = False {{(pid=109954) log_opt_values /opt/stack/data/venv/lib/python3.12/site-packages/oslo_config/cfg.py:3006}}
Mar 30 06:24:49.077470 np0000161208 nova-conductor[109954]: DEBUG cotyledon.oslo_config_glue [-] oslo_messaging_rabbit.ssl_key_file = {{(pid=109954) log_opt_values /opt/stack/data/venv/lib/python3.12/site-packages/oslo_config/cfg.py:3006}}
Mar 30 06:24:49.077470 np0000161208 nova-conductor[109954]: DEBUG cotyledon.oslo_config_glue [-] oslo_messaging_rabbit.ssl_version = {{(pid=109954) log_opt_values /opt/stack/data/venv/lib/python3.12/site-packages/oslo_config/cfg.py:3006}}
Mar 30 06:24:49.077470 np0000161208 nova-conductor[109954]: DEBUG cotyledon.oslo_config_glue [-] oslo_messaging_rabbit.use_queue_manager = False {{(pid=109954) log_opt_values /opt/stack/data/venv/lib/python3.12/site-packages/oslo_config/cfg.py:3006}}
Mar 30 06:24:49.077685 np0000161208 nova-conductor[109954]: DEBUG cotyledon.oslo_config_glue [-] oslo_messaging_notifications.driver = ['messagingv2'] {{(pid=109954) log_opt_values /opt/stack/data/venv/lib/python3.12/site-packages/oslo_config/cfg.py:3006}}
Mar 30 06:24:49.077685 np0000161208 nova-conductor[109954]: DEBUG cotyledon.oslo_config_glue [-] oslo_messaging_notifications.retry = -1 {{(pid=109954) log_opt_values /opt/stack/data/venv/lib/python3.12/site-packages/oslo_config/cfg.py:3006}}
Mar 30 06:24:49.077685 np0000161208 nova-conductor[109954]: DEBUG cotyledon.oslo_config_glue [-] oslo_messaging_notifications.topics = ['notifications'] {{(pid=109954) log_opt_values /opt/stack/data/venv/lib/python3.12/site-packages/oslo_config/cfg.py:3006}}
Mar 30 06:24:49.077685 np0000161208 nova-conductor[109954]: DEBUG cotyledon.oslo_config_glue [-] oslo_messaging_notifications.transport_url = **** {{(pid=109954) log_opt_values /opt/stack/data/venv/lib/python3.12/site-packages/oslo_config/cfg.py:3006}}
Mar 30 06:24:49.077685 np0000161208 nova-conductor[109954]: DEBUG cotyledon.oslo_config_glue [-] oslo_limit.auth_section = None {{(pid=109954) log_opt_values /opt/stack/data/venv/lib/python3.12/site-packages/oslo_config/cfg.py:3006}}
Mar 30 06:24:49.077685 np0000161208 nova-conductor[109954]: DEBUG cotyledon.oslo_config_glue [-] oslo_limit.auth_type = None {{(pid=109954) log_opt_values /opt/stack/data/venv/lib/python3.12/site-packages/oslo_config/cfg.py:3006}}
Mar 30 06:24:49.077685 np0000161208 nova-conductor[109954]: DEBUG cotyledon.oslo_config_glue [-] oslo_limit.cafile = None {{(pid=109954) log_opt_values /opt/stack/data/venv/lib/python3.12/site-packages/oslo_config/cfg.py:3006}}
Mar 30 06:24:49.077685 np0000161208 nova-conductor[109954]: DEBUG cotyledon.oslo_config_glue [-] oslo_limit.certfile = None {{(pid=109954) log_opt_values /opt/stack/data/venv/lib/python3.12/site-packages/oslo_config/cfg.py:3006}}
Mar 30 06:24:49.077685 np0000161208 nova-conductor[109954]: DEBUG cotyledon.oslo_config_glue [-] oslo_limit.collect_timing = False {{(pid=109954) log_opt_values /opt/stack/data/venv/lib/python3.12/site-packages/oslo_config/cfg.py:3006}}
Mar 30 06:24:49.077903 np0000161208 nova-conductor[109954]: DEBUG cotyledon.oslo_config_glue [-] oslo_limit.connect_retries = None {{(pid=109954) log_opt_values /opt/stack/data/venv/lib/python3.12/site-packages/oslo_config/cfg.py:3006}}
Mar 30 06:24:49.077903 np0000161208 nova-conductor[109954]: DEBUG cotyledon.oslo_config_glue [-] oslo_limit.connect_retry_delay = None {{(pid=109954) log_opt_values /opt/stack/data/venv/lib/python3.12/site-packages/oslo_config/cfg.py:3006}}
Mar 30 06:24:49.077903 np0000161208 nova-conductor[109954]: DEBUG cotyledon.oslo_config_glue [-] oslo_limit.endpoint_id = None {{(pid=109954) log_opt_values /opt/stack/data/venv/lib/python3.12/site-packages/oslo_config/cfg.py:3006}}
Mar 30 06:24:49.077903 np0000161208 nova-conductor[109954]: DEBUG cotyledon.oslo_config_glue [-] oslo_limit.endpoint_interface = public {{(pid=109954) log_opt_values /opt/stack/data/venv/lib/python3.12/site-packages/oslo_config/cfg.py:3006}}
Mar 30 06:24:49.077903 np0000161208 nova-conductor[109954]: DEBUG cotyledon.oslo_config_glue [-] oslo_limit.endpoint_override = None {{(pid=109954) log_opt_values /opt/stack/data/venv/lib/python3.12/site-packages/oslo_config/cfg.py:3006}}
Mar 30 06:24:49.077903 np0000161208 nova-conductor[109954]: DEBUG cotyledon.oslo_config_glue [-] oslo_limit.endpoint_region_name = None {{(pid=109954) log_opt_values /opt/stack/data/venv/lib/python3.12/site-packages/oslo_config/cfg.py:3006}}
Mar 30 06:24:49.077903 np0000161208 nova-conductor[109954]: DEBUG cotyledon.oslo_config_glue [-] oslo_limit.endpoint_service_name = None {{(pid=109954) log_opt_values /opt/stack/data/venv/lib/python3.12/site-packages/oslo_config/cfg.py:3006}}
Mar 30 06:24:49.077903 np0000161208 nova-conductor[109954]: DEBUG cotyledon.oslo_config_glue [-] oslo_limit.endpoint_service_type = None {{(pid=109954) log_opt_values /opt/stack/data/venv/lib/python3.12/site-packages/oslo_config/cfg.py:3006}}
Mar 30 06:24:49.077903 np0000161208 nova-conductor[109954]: DEBUG cotyledon.oslo_config_glue [-] oslo_limit.insecure = False {{(pid=109954) log_opt_values /opt/stack/data/venv/lib/python3.12/site-packages/oslo_config/cfg.py:3006}}
Mar 30 06:24:49.078136 np0000161208 nova-conductor[109954]: DEBUG cotyledon.oslo_config_glue [-] oslo_limit.keyfile = None {{(pid=109954) log_opt_values /opt/stack/data/venv/lib/python3.12/site-packages/oslo_config/cfg.py:3006}}
Mar 30 06:24:49.078136 np0000161208 nova-conductor[109954]: DEBUG cotyledon.oslo_config_glue [-] oslo_limit.max_version = None {{(pid=109954) log_opt_values /opt/stack/data/venv/lib/python3.12/site-packages/oslo_config/cfg.py:3006}}
Mar 30 06:24:49.078136 np0000161208 nova-conductor[109954]: DEBUG cotyledon.oslo_config_glue [-] oslo_limit.min_version = None {{(pid=109954) log_opt_values /opt/stack/data/venv/lib/python3.12/site-packages/oslo_config/cfg.py:3006}}
Mar 30 06:24:49.078136 np0000161208 nova-conductor[109954]: DEBUG cotyledon.oslo_config_glue [-] oslo_limit.region_name = None {{(pid=109954) log_opt_values /opt/stack/data/venv/lib/python3.12/site-packages/oslo_config/cfg.py:3006}}
Mar 30 06:24:49.078136 np0000161208 nova-conductor[109954]: DEBUG cotyledon.oslo_config_glue [-] oslo_limit.retriable_status_codes = None {{(pid=109954) log_opt_values /opt/stack/data/venv/lib/python3.12/site-packages/oslo_config/cfg.py:3006}}
Mar 30 06:24:49.078136 np0000161208 nova-conductor[109954]: DEBUG cotyledon.oslo_config_glue [-] oslo_limit.service_name = None {{(pid=109954) log_opt_values /opt/stack/data/venv/lib/python3.12/site-packages/oslo_config/cfg.py:3006}}
Mar 30 06:24:49.078136 np0000161208 nova-conductor[109954]: DEBUG cotyledon.oslo_config_glue [-] oslo_limit.service_type = None {{(pid=109954) log_opt_values /opt/stack/data/venv/lib/python3.12/site-packages/oslo_config/cfg.py:3006}}
Mar 30 06:24:49.078136 np0000161208 nova-conductor[109954]: DEBUG cotyledon.oslo_config_glue [-] oslo_limit.split_loggers = False {{(pid=109954) log_opt_values /opt/stack/data/venv/lib/python3.12/site-packages/oslo_config/cfg.py:3006}}
Mar 30 06:24:49.078136 np0000161208 nova-conductor[109954]: DEBUG cotyledon.oslo_config_glue [-] oslo_limit.status_code_retries = None {{(pid=109954) log_opt_values /opt/stack/data/venv/lib/python3.12/site-packages/oslo_config/cfg.py:3006}}
Mar 30 06:24:49.078357 np0000161208 nova-conductor[109954]: DEBUG cotyledon.oslo_config_glue [-] oslo_limit.status_code_retry_delay = None {{(pid=109954) log_opt_values /opt/stack/data/venv/lib/python3.12/site-packages/oslo_config/cfg.py:3006}}
Mar 30 06:24:49.078357 np0000161208 nova-conductor[109954]: DEBUG cotyledon.oslo_config_glue [-] oslo_limit.timeout = None {{(pid=109954) log_opt_values /opt/stack/data/venv/lib/python3.12/site-packages/oslo_config/cfg.py:3006}}
Mar 30 06:24:49.078357 np0000161208 nova-conductor[109954]: DEBUG cotyledon.oslo_config_glue [-] oslo_limit.valid_interfaces = None {{(pid=109954) log_opt_values /opt/stack/data/venv/lib/python3.12/site-packages/oslo_config/cfg.py:3006}}
Mar 30 06:24:49.078357 np0000161208 nova-conductor[109954]: DEBUG cotyledon.oslo_config_glue [-] oslo_limit.version = None {{(pid=109954) log_opt_values /opt/stack/data/venv/lib/python3.12/site-packages/oslo_config/cfg.py:3006}}
Mar 30 06:24:49.078357 np0000161208 nova-conductor[109954]: DEBUG cotyledon.oslo_config_glue [-] oslo_reports.file_event_handler = None {{(pid=109954) log_opt_values /opt/stack/data/venv/lib/python3.12/site-packages/oslo_config/cfg.py:3006}}
Mar 30 06:24:49.078357 np0000161208 nova-conductor[109954]: DEBUG cotyledon.oslo_config_glue [-] oslo_reports.file_event_handler_interval = 1 {{(pid=109954) log_opt_values /opt/stack/data/venv/lib/python3.12/site-packages/oslo_config/cfg.py:3006}}
Mar 30 06:24:49.078357 np0000161208 nova-conductor[109954]: DEBUG cotyledon.oslo_config_glue [-] oslo_reports.log_dir = None {{(pid=109954) log_opt_values /opt/stack/data/venv/lib/python3.12/site-packages/oslo_config/cfg.py:3006}}
Mar 30 06:24:49.078357 np0000161208 nova-conductor[109954]: DEBUG cotyledon.oslo_config_glue [-] ******************************************************************************** {{(pid=109954) log_opt_values /opt/stack/data/venv/lib/python3.12/site-packages/oslo_config/cfg.py:3013}}
Mar 30 06:24:49.078357 np0000161208 nova-conductor[109954]: DEBUG cotyledon._service_worker [-] Run service ServiceWrapper(3) [109954] {{(pid=109954) wait_forever /opt/stack/data/venv/lib/python3.12/site-packages/cotyledon/_service_worker.py:218}}
Mar 30 06:24:49.078636 np0000161208 nova-conductor[109954]: INFO nova.service [-] Starting conductor node (version 33.1.0)
Mar 30 06:24:49.078667 np0000161208 nova-conductor[109935]: DEBUG dbcounter [-] [109935] Writer thread running {{(pid=109935) stat_writer /opt/stack/data/venv/lib/python3.12/site-packages/dbcounter.py:102}}
Mar 30 06:24:49.078694 np0000161208 nova-conductor[109948]: DEBUG oslo_db.sqlalchemy.engines [None req-2499a686-4469-4078-baa0-93011a0580d1 None None] MySQL server mode set to STRICT_TRANS_TABLES,STRICT_ALL_TABLES,NO_ZERO_IN_DATE,NO_ZERO_DATE,ERROR_FOR_DIVISION_BY_ZERO,TRADITIONAL,NO_ENGINE_SUBSTITUTION {{(pid=109948) _check_effective_sql_mode /opt/stack/data/venv/lib/python3.12/site-packages/oslo_db/sqlalchemy/engines.py:325}}
Mar 30 06:24:49.078725 np0000161208 nova-conductor[109954]: INFO dbcounter [None req-a48e1ec2-8261-4f24-bfe4-0d7266e9ab18 None None] Registered counter for database nova_cell0
Mar 30 06:24:49.078725 np0000161208 nova-conductor[109954]: DEBUG oslo_db.sqlalchemy.engines [None req-a48e1ec2-8261-4f24-bfe4-0d7266e9ab18 None None] MySQL server mode set to STRICT_TRANS_TABLES,STRICT_ALL_TABLES,NO_ZERO_IN_DATE,NO_ZERO_DATE,ERROR_FOR_DIVISION_BY_ZERO,TRADITIONAL,NO_ENGINE_SUBSTITUTION {{(pid=109954) _check_effective_sql_mode /opt/stack/data/venv/lib/python3.12/site-packages/oslo_db/sqlalchemy/engines.py:325}}
Mar 30 06:24:49.078780 np0000161208 nova-conductor[109926]: DEBUG nova.service [None req-3f6eb6c6-a213-48e0-9333-bb7af2baf8f2 None None] Creating RPC server for service: nova-conductor on topic: conductor {{(pid=109926) start /opt/stack/nova/nova/service.py:195}}
Mar 30 06:24:49.078816 np0000161208 nova-conductor[109948]: DEBUG dbcounter [-] [109948] Writer thread running {{(pid=109948) stat_writer /opt/stack/data/venv/lib/python3.12/site-packages/dbcounter.py:102}}
Mar 30 06:24:49.078816 np0000161208 nova-conductor[109948]: DEBUG nova.service [None req-2499a686-4469-4078-baa0-93011a0580d1 None None] Creating RPC server for service: nova-conductor on topic: conductor {{(pid=109948) start /opt/stack/nova/nova/service.py:195}}
Mar 30 06:24:49.078867 np0000161208 nova-conductor[109935]: DEBUG nova.service [None req-4b76eabf-6415-4db0-aa00-f8e501d0e417 None None] Creating RPC server for service: nova-conductor on topic: conductor {{(pid=109935) start /opt/stack/nova/nova/service.py:195}}
Mar 30 06:24:49.080782 np0000161208 nova-conductor[109954]: DEBUG dbcounter [-] [109954] Writer thread running {{(pid=109954) stat_writer /opt/stack/data/venv/lib/python3.12/site-packages/dbcounter.py:102}}
Mar 30 06:24:49.084554 np0000161208 nova-conductor[109954]: DEBUG nova.service [None req-a48e1ec2-8261-4f24-bfe4-0d7266e9ab18 None None] Creating RPC server for service: nova-conductor on topic: conductor {{(pid=109954) start /opt/stack/nova/nova/service.py:195}}
Mar 30 06:24:49.102499 np0000161208 nova-conductor[109954]: DEBUG nova.service [None req-a48e1ec2-8261-4f24-bfe4-0d7266e9ab18 None None] Join ServiceGroup membership for this service conductor {{(pid=109954) start /opt/stack/nova/nova/service.py:221}}
Mar 30 06:24:49.102796 np0000161208 nova-conductor[109954]: DEBUG nova.servicegroup.drivers.db [None req-a48e1ec2-8261-4f24-bfe4-0d7266e9ab18 None None] DB_Driver: join new ServiceGroup member np0000161208 to the conductor group, service = {{(pid=109954) join /opt/stack/nova/nova/servicegroup/drivers/db.py:44}}
Mar 30 06:24:49.103219 np0000161208 nova-conductor[109935]: DEBUG nova.service [None req-4b76eabf-6415-4db0-aa00-f8e501d0e417 None None] Join ServiceGroup membership for this service conductor {{(pid=109935) start /opt/stack/nova/nova/service.py:221}}
Mar 30 06:24:49.103684 np0000161208 nova-conductor[109935]: DEBUG nova.servicegroup.drivers.db [None req-4b76eabf-6415-4db0-aa00-f8e501d0e417 None None] DB_Driver: join new ServiceGroup member np0000161208 to the conductor group, service = {{(pid=109935) join /opt/stack/nova/nova/servicegroup/drivers/db.py:44}}
Mar 30 06:24:49.109668 np0000161208 nova-conductor[109948]: DEBUG nova.service [None req-2499a686-4469-4078-baa0-93011a0580d1 None None] Join ServiceGroup membership for this service conductor {{(pid=109948) start /opt/stack/nova/nova/service.py:221}}
Mar 30 06:24:49.109995 np0000161208 nova-conductor[109948]: DEBUG nova.servicegroup.drivers.db [None req-2499a686-4469-4078-baa0-93011a0580d1 None None] DB_Driver: join new ServiceGroup member np0000161208 to the conductor group, service = {{(pid=109948) join /opt/stack/nova/nova/servicegroup/drivers/db.py:44}}
Mar 30 06:24:49.111353 np0000161208 nova-conductor[109926]: DEBUG nova.service [None req-3f6eb6c6-a213-48e0-9333-bb7af2baf8f2 None None] Join ServiceGroup membership for this service conductor {{(pid=109926) start /opt/stack/nova/nova/service.py:221}}
Mar 30 06:24:49.111353 np0000161208 nova-conductor[109926]: DEBUG nova.servicegroup.drivers.db [None req-3f6eb6c6-a213-48e0-9333-bb7af2baf8f2 None None] DB_Driver: join new ServiceGroup member np0000161208 to the conductor group, service = {{(pid=109926) join /opt/stack/nova/nova/servicegroup/drivers/db.py:44}}
Mar 30 06:24:51.114936 np0000161208 nova-conductor[109926]: DEBUG oslo.service.backend._threading.loopingcall [None req-9340dd71-877f-4787-bf7b-04e01b04b24e None None] Dynamic interval looping call 'nova.service.Service.periodic_tasks' sleeping for 60.00 seconds {{(pid=109926) _run_loop /opt/stack/data/venv/lib/python3.12/site-packages/oslo_service/backend/_threading/loopingcall.py:125}}
Mar 30 06:24:54.124535 np0000161208 nova-conductor[109954]: DEBUG oslo.service.backend._threading.loopingcall [-] Fixed interval looping call 'nova.servicegroup.drivers.db.DbDriver._report_state' sleeping for 119.98 seconds {{(pid=109954) _run_loop /opt/stack/data/venv/lib/python3.12/site-packages/oslo_service/backend/_threading/loopingcall.py:125}}
Mar 30 06:24:54.125327 np0000161208 nova-conductor[109935]: DEBUG oslo.service.backend._threading.loopingcall [-] Fixed interval looping call 'nova.servicegroup.drivers.db.DbDriver._report_state' sleeping for 119.98 seconds {{(pid=109935) _run_loop /opt/stack/data/venv/lib/python3.12/site-packages/oslo_service/backend/_threading/loopingcall.py:125}}
Mar 30 06:24:54.126929 np0000161208 nova-conductor[109926]: DEBUG oslo.service.backend._threading.loopingcall [-] Fixed interval looping call 'nova.servicegroup.drivers.db.DbDriver._report_state' sleeping for 119.99 seconds {{(pid=109926) _run_loop /opt/stack/data/venv/lib/python3.12/site-packages/oslo_service/backend/_threading/loopingcall.py:125}}
Mar 30 06:24:54.128174 np0000161208 nova-conductor[109948]: DEBUG oslo.service.backend._threading.loopingcall [-] Fixed interval looping call 'nova.servicegroup.drivers.db.DbDriver._report_state' sleeping for 119.98 seconds {{(pid=109948) _run_loop /opt/stack/data/venv/lib/python3.12/site-packages/oslo_service/backend/_threading/loopingcall.py:125}}
Mar 30 06:24:57.690150 np0000161208 nova-conductor[109089]: DEBUG dbcounter [-] [109089] Writing DB stats nova_api:SELECT=1 {{(pid=109089) stat_writer /opt/stack/data/venv/lib/python3.12/site-packages/dbcounter.py:115}}
Mar 30 06:24:57.815282 np0000161208 nova-conductor[109089]: DEBUG dbcounter [-] [109089] Writing DB stats nova_cell1:SELECT=1 {{(pid=109089) stat_writer /opt/stack/data/venv/lib/python3.12/site-packages/dbcounter.py:115}}
Mar 30 06:24:57.819921 np0000161208 nova-conductor[109089]: DEBUG dbcounter [-] [109089] Writing DB stats nova_cell0:SELECT=1 {{(pid=109089) stat_writer /opt/stack/data/venv/lib/python3.12/site-packages/dbcounter.py:115}}
Mar 30 06:24:59.105267 np0000161208 nova-conductor[109954]: DEBUG oslo.service.backend._threading.loopingcall [None req-8240d30b-10ae-4c59-889c-95262c8940d2 None None] Dynamic interval looping call 'nova.service.Service.periodic_tasks' sleeping for 60.00 seconds {{(pid=109954) _run_loop /opt/stack/data/venv/lib/python3.12/site-packages/oslo_service/backend/_threading/loopingcall.py:125}}
Mar 30 06:25:04.119041 np0000161208 nova-conductor[109935]: DEBUG dbcounter [-] [109935] Writing DB stats nova_cell0:SELECT=5,nova_cell0:INSERT=1,nova_cell0:UPDATE=1 {{(pid=109935) stat_writer /opt/stack/data/venv/lib/python3.12/site-packages/dbcounter.py:115}}
Mar 30 06:25:04.119721 np0000161208 nova-conductor[109954]: DEBUG dbcounter [-] [109954] Writing DB stats nova_cell0:SELECT=3,nova_cell0:UPDATE=1 {{(pid=109954) stat_writer /opt/stack/data/venv/lib/python3.12/site-packages/dbcounter.py:115}}
Mar 30 06:25:04.125646 np0000161208 nova-conductor[109948]: DEBUG dbcounter [-] [109948] Writing DB stats nova_cell0:SELECT=3 {{(pid=109948) stat_writer /opt/stack/data/venv/lib/python3.12/site-packages/dbcounter.py:115}}
Mar 30 06:25:04.126089 np0000161208 nova-conductor[109926]: DEBUG dbcounter [-] [109926] Writing DB stats nova_cell0:SELECT=4,nova_cell0:INSERT=1,nova_cell0:UPDATE=1 {{(pid=109926) stat_writer /opt/stack/data/venv/lib/python3.12/site-packages/dbcounter.py:115}}
Mar 30 06:25:19.115118 np0000161208 nova-conductor[109948]: DEBUG oslo.service.backend._threading.loopingcall [None req-8b9a9786-512a-4ee4-aed2-c7a52e5c0cf7 None None] Dynamic interval looping call 'nova.service.Service.periodic_tasks' sleeping for 60.00 seconds {{(pid=109948) _run_loop /opt/stack/data/venv/lib/python3.12/site-packages/oslo_service/backend/_threading/loopingcall.py:125}}
Mar 30 06:25:30.106821 np0000161208 nova-conductor[109935]: DEBUG oslo.service.backend._threading.loopingcall [None req-48a00b19-910b-42f1-baeb-3abe9662e07b None None] Dynamic interval looping call 'nova.service.Service.periodic_tasks' sleeping for 60.00 seconds {{(pid=109935) _run_loop /opt/stack/data/venv/lib/python3.12/site-packages/oslo_service/backend/_threading/loopingcall.py:125}}
Mar 30 06:25:51.115312 np0000161208 nova-conductor[109926]: DEBUG oslo.service.backend._threading.loopingcall [None req-9340dd71-877f-4787-bf7b-04e01b04b24e None None] Dynamic interval looping call 'nova.service.Service.periodic_tasks' sleeping for 60.00 seconds {{(pid=109926) _run_loop /opt/stack/data/venv/lib/python3.12/site-packages/oslo_service/backend/_threading/loopingcall.py:125}}
Mar 30 06:25:59.106053 np0000161208 nova-conductor[109954]: DEBUG oslo.service.backend._threading.loopingcall [None req-8240d30b-10ae-4c59-889c-95262c8940d2 None None] Dynamic interval looping call 'nova.service.Service.periodic_tasks' sleeping for 60.00 seconds {{(pid=109954) _run_loop /opt/stack/data/venv/lib/python3.12/site-packages/oslo_service/backend/_threading/loopingcall.py:125}}
Mar 30 06:26:19.116092 np0000161208 nova-conductor[109948]: DEBUG oslo.service.backend._threading.loopingcall [None req-8b9a9786-512a-4ee4-aed2-c7a52e5c0cf7 None None] Dynamic interval looping call 'nova.service.Service.periodic_tasks' sleeping for 60.00 seconds {{(pid=109948) _run_loop /opt/stack/data/venv/lib/python3.12/site-packages/oslo_service/backend/_threading/loopingcall.py:125}}
Mar 30 06:26:30.107527 np0000161208 nova-conductor[109935]: DEBUG oslo.service.backend._threading.loopingcall [None req-48a00b19-910b-42f1-baeb-3abe9662e07b None None] Dynamic interval looping call 'nova.service.Service.periodic_tasks' sleeping for 60.00 seconds {{(pid=109935) _run_loop /opt/stack/data/venv/lib/python3.12/site-packages/oslo_service/backend/_threading/loopingcall.py:125}}
Mar 30 06:26:51.116068 np0000161208 nova-conductor[109926]: DEBUG oslo.service.backend._threading.loopingcall [None req-9340dd71-877f-4787-bf7b-04e01b04b24e None None] Dynamic interval looping call 'nova.service.Service.periodic_tasks' sleeping for 60.00 seconds {{(pid=109926) _run_loop /opt/stack/data/venv/lib/python3.12/site-packages/oslo_service/backend/_threading/loopingcall.py:125}}
Mar 30 06:26:54.116866 np0000161208 nova-conductor[109935]: DEBUG oslo.service.backend._threading.loopingcall [-] Fixed interval looping call 'nova.servicegroup.drivers.db.DbDriver._report_state' sleeping for 119.99 seconds {{(pid=109935) _run_loop /opt/stack/data/venv/lib/python3.12/site-packages/oslo_service/backend/_threading/loopingcall.py:125}}
Mar 30 06:26:54.117627 np0000161208 nova-conductor[109954]: DEBUG oslo.service.backend._threading.loopingcall [-] Fixed interval looping call 'nova.servicegroup.drivers.db.DbDriver._report_state' sleeping for 119.99 seconds {{(pid=109954) _run_loop /opt/stack/data/venv/lib/python3.12/site-packages/oslo_service/backend/_threading/loopingcall.py:125}}
Mar 30 06:26:54.118863 np0000161208 nova-conductor[109948]: DEBUG oslo.service.backend._threading.loopingcall [-] Fixed interval looping call 'nova.servicegroup.drivers.db.DbDriver._report_state' sleeping for 119.99 seconds {{(pid=109948) _run_loop /opt/stack/data/venv/lib/python3.12/site-packages/oslo_service/backend/_threading/loopingcall.py:125}}
Mar 30 06:26:54.124188 np0000161208 nova-conductor[109926]: DEBUG oslo.service.backend._threading.loopingcall [-] Fixed interval looping call 'nova.servicegroup.drivers.db.DbDriver._report_state' sleeping for 119.99 seconds {{(pid=109926) _run_loop /opt/stack/data/venv/lib/python3.12/site-packages/oslo_service/backend/_threading/loopingcall.py:125}}
Mar 30 06:26:59.106748 np0000161208 nova-conductor[109954]: DEBUG oslo.service.backend._threading.loopingcall [None req-8240d30b-10ae-4c59-889c-95262c8940d2 None None] Dynamic interval looping call 'nova.service.Service.periodic_tasks' sleeping for 60.00 seconds {{(pid=109954) _run_loop /opt/stack/data/venv/lib/python3.12/site-packages/oslo_service/backend/_threading/loopingcall.py:125}}
Mar 30 06:27:04.110248 np0000161208 nova-conductor[109935]: DEBUG dbcounter [-] [109935] Writing DB stats nova_cell0:SELECT=1,nova_cell0:UPDATE=1 {{(pid=109935) stat_writer /opt/stack/data/venv/lib/python3.12/site-packages/dbcounter.py:115}}
Mar 30 06:27:04.111059 np0000161208 nova-conductor[109954]: DEBUG dbcounter [-] [109954] Writing DB stats nova_cell0:SELECT=1,nova_cell0:UPDATE=1 {{(pid=109954) stat_writer /opt/stack/data/venv/lib/python3.12/site-packages/dbcounter.py:115}}
Mar 30 06:27:04.115864 np0000161208 nova-conductor[109948]: DEBUG dbcounter [-] [109948] Writing DB stats nova_cell0:SELECT=1,nova_cell0:UPDATE=1 {{(pid=109948) stat_writer /opt/stack/data/venv/lib/python3.12/site-packages/dbcounter.py:115}}
Mar 30 06:27:04.121268 np0000161208 nova-conductor[109926]: DEBUG dbcounter [-] [109926] Writing DB stats nova_cell0:SELECT=1 {{(pid=109926) stat_writer /opt/stack/data/venv/lib/python3.12/site-packages/dbcounter.py:115}}
Mar 30 06:27:19.116805 np0000161208 nova-conductor[109948]: DEBUG oslo.service.backend._threading.loopingcall [None req-8b9a9786-512a-4ee4-aed2-c7a52e5c0cf7 None None] Dynamic interval looping call 'nova.service.Service.periodic_tasks' sleeping for 60.00 seconds {{(pid=109948) _run_loop /opt/stack/data/venv/lib/python3.12/site-packages/oslo_service/backend/_threading/loopingcall.py:125}}
Mar 30 06:27:30.108400 np0000161208 nova-conductor[109935]: DEBUG oslo.service.backend._threading.loopingcall [None req-48a00b19-910b-42f1-baeb-3abe9662e07b None None] Dynamic interval looping call 'nova.service.Service.periodic_tasks' sleeping for 60.00 seconds {{(pid=109935) _run_loop /opt/stack/data/venv/lib/python3.12/site-packages/oslo_service/backend/_threading/loopingcall.py:125}}
Mar 30 06:27:51.116775 np0000161208 nova-conductor[109926]: DEBUG oslo.service.backend._threading.loopingcall [None req-9340dd71-877f-4787-bf7b-04e01b04b24e None None] Dynamic interval looping call 'nova.service.Service.periodic_tasks' sleeping for 60.00 seconds {{(pid=109926) _run_loop /opt/stack/data/venv/lib/python3.12/site-packages/oslo_service/backend/_threading/loopingcall.py:125}}
Mar 30 06:27:59.107701 np0000161208 nova-conductor[109954]: DEBUG oslo.service.backend._threading.loopingcall [None req-8240d30b-10ae-4c59-889c-95262c8940d2 None None] Dynamic interval looping call 'nova.service.Service.periodic_tasks' sleeping for 60.00 seconds {{(pid=109954) _run_loop /opt/stack/data/venv/lib/python3.12/site-packages/oslo_service/backend/_threading/loopingcall.py:125}}
Mar 30 06:28:19.117836 np0000161208 nova-conductor[109948]: DEBUG oslo.service.backend._threading.loopingcall [None req-8b9a9786-512a-4ee4-aed2-c7a52e5c0cf7 None None] Dynamic interval looping call 'nova.service.Service.periodic_tasks' sleeping for 60.00 seconds {{(pid=109948) _run_loop /opt/stack/data/venv/lib/python3.12/site-packages/oslo_service/backend/_threading/loopingcall.py:125}}
Mar 30 06:28:30.109089 np0000161208 nova-conductor[109935]: DEBUG oslo.service.backend._threading.loopingcall [None req-48a00b19-910b-42f1-baeb-3abe9662e07b None None] Dynamic interval looping call 'nova.service.Service.periodic_tasks' sleeping for 60.00 seconds {{(pid=109935) _run_loop /opt/stack/data/venv/lib/python3.12/site-packages/oslo_service/backend/_threading/loopingcall.py:125}}
Mar 30 06:28:51.117613 np0000161208 nova-conductor[109926]: DEBUG oslo.service.backend._threading.loopingcall [None req-9340dd71-877f-4787-bf7b-04e01b04b24e None None] Dynamic interval looping call 'nova.service.Service.periodic_tasks' sleeping for 60.00 seconds {{(pid=109926) _run_loop /opt/stack/data/venv/lib/python3.12/site-packages/oslo_service/backend/_threading/loopingcall.py:125}}
Mar 30 06:28:54.119134 np0000161208 nova-conductor[109935]: DEBUG oslo.service.backend._threading.loopingcall [-] Fixed interval looping call 'nova.servicegroup.drivers.db.DbDriver._report_state' sleeping for 119.99 seconds {{(pid=109935) _run_loop /opt/stack/data/venv/lib/python3.12/site-packages/oslo_service/backend/_threading/loopingcall.py:125}}
Mar 30 06:28:54.120192 np0000161208 nova-conductor[109954]: DEBUG oslo.service.backend._threading.loopingcall [-] Fixed interval looping call 'nova.servicegroup.drivers.db.DbDriver._report_state' sleeping for 119.99 seconds {{(pid=109954) _run_loop /opt/stack/data/venv/lib/python3.12/site-packages/oslo_service/backend/_threading/loopingcall.py:125}}
Mar 30 06:28:54.120803 np0000161208 nova-conductor[109948]: DEBUG oslo.service.backend._threading.loopingcall [-] Fixed interval looping call 'nova.servicegroup.drivers.db.DbDriver._report_state' sleeping for 119.99 seconds {{(pid=109948) _run_loop /opt/stack/data/venv/lib/python3.12/site-packages/oslo_service/backend/_threading/loopingcall.py:125}}
Mar 30 06:28:54.122805 np0000161208 nova-conductor[109926]: DEBUG oslo.service.backend._threading.loopingcall [-] Fixed interval looping call 'nova.servicegroup.drivers.db.DbDriver._report_state' sleeping for 119.99 seconds {{(pid=109926) _run_loop /opt/stack/data/venv/lib/python3.12/site-packages/oslo_service/backend/_threading/loopingcall.py:125}}
Mar 30 06:28:59.108075 np0000161208 nova-conductor[109954]: DEBUG oslo.service.backend._threading.loopingcall [None req-8240d30b-10ae-4c59-889c-95262c8940d2 None None] Dynamic interval looping call 'nova.service.Service.periodic_tasks' sleeping for 60.00 seconds {{(pid=109954) _run_loop /opt/stack/data/venv/lib/python3.12/site-packages/oslo_service/backend/_threading/loopingcall.py:125}}
Mar 30 06:29:04.112422 np0000161208 nova-conductor[109935]: DEBUG dbcounter [-] [109935] Writing DB stats nova_cell0:SELECT=1,nova_cell0:UPDATE=1 {{(pid=109935) stat_writer /opt/stack/data/venv/lib/python3.12/site-packages/dbcounter.py:115}}
