2026-08-07 07:35:00.245 7 INFO placement.requestlog [req-fdea88e4-9753-42f9-89fb-9d53fb8b543e req-5544de54-e7ab-46ad-92d7-5813e6eecdb4 548c99d793c748bc8273a93a8d137dae 10a18ae44d954371a2d17d80ae2ce229 - - faea9a0f6a6441cabf452ff2b7771c2a faea9a0f6a6441cabf452ff2b7771c2a] 199.204.45.248 "GET /allocations/f9d72225-c4d4-4f5f-866c-054d2a58112e" status: 200 len: 258 microversion: 1.28 [pid: 7|app: 0|req: 556/1110] 199.204.45.248 () {34 vars in 863 bytes} [Fri Aug 7 07:35:00 2026] GET /allocations/f9d72225-c4d4-4f5f-866c-054d2a58112e => generated 258 bytes in 13 msecs (HTTP/1.1 200) 8 headers in 296 bytes (1 switches on core 0)
2026-08-07 07:35:02.540 8 INFO placement.requestlog [None req-bfad53ea-cb1d-4e1e-8e9d-248132ad1ec2 - - - - - -] 10.0.0.218 "GET /" status: 200 len: 136 microversion: 1.0
2026-08-07 07:35:02.540 7 INFO placement.requestlog [None req-291271c8-6a08-465f-98a3-f1f14ba92429 - - - - - -] 10.0.0.218 "GET /" status: 200 len: 136 microversion: 1.0
2026-08-07 07:35:12.540 8 INFO placement.requestlog [None req-96ed775d-1498-4b9b-962d-2f2a6910c42b - - - - - -] 10.0.0.218 "GET /" status: 200 len: 136 microversion: 1.0
2026-08-07 07:35:12.540 7 INFO placement.requestlog [None req-b8429451-685f-40a0-90a0-2a51d4f979af - - - - - -] 10.0.0.218 "GET /" status: 200 len: 136 microversion: 1.0
2026-08-07 07:35:18.204 8 INFO placement.requestlog [req-ffd4c035-50ca-414b-ba9f-86216ad68fcf req-1357199c-c78f-4a8c-b035-c58fdd77080a 548c99d793c748bc8273a93a8d137dae 10a18ae44d954371a2d17d80ae2ce229 - - faea9a0f6a6441cabf452ff2b7771c2a faea9a0f6a6441cabf452ff2b7771c2a] 199.204.45.248 "GET /resource_providers/4a0e5022-fe97-4d02-82a1-79783f70b556/allocations" status: 200 len: 253 microversion: 1.0 [pid: 8|app: 0|req: 557/1115] 199.204.45.248 () {32 vars in 857 bytes} [Fri Aug 7 07:35:18 2026] GET /resource_providers/4a0e5022-fe97-4d02-82a1-79783f70b556/allocations => generated 253 bytes in 13 msecs (HTTP/1.1 200) 6 headers in 224 bytes (1 switches on core 0)
2026-08-07 07:35:18.227 7 INFO placement.requestlog [req-ffd4c035-50ca-414b-ba9f-86216ad68fcf req-3befad89-3059-4266-8673-1cf1c56132b5 548c99d793c748bc8273a93a8d137dae 10a18ae44d954371a2d17d80ae2ce229 - - faea9a0f6a6441cabf452ff2b7771c2a faea9a0f6a6441cabf452ff2b7771c2a] 199.204.45.248 "GET /resource_providers/4a0e5022-fe97-4d02-82a1-79783f70b556/allocations" status: 200 len: 253 microversion: 1.0 [pid: 7|app: 0|req: 559/1116] 199.204.45.248 () {32 vars in 857 bytes} [Fri Aug 7 07:35:18 2026] GET /resource_providers/4a0e5022-fe97-4d02-82a1-79783f70b556/allocations => generated 253 bytes in 14 msecs (HTTP/1.1 200) 6 headers in 224 bytes (1 switches on core 0)
2026-08-07 07:35:18.246 8 INFO placement.requestlog [req-ffd4c035-50ca-414b-ba9f-86216ad68fcf req-baa23da8-4d30-4a5f-9eaa-b1755c4cf55b 548c99d793c748bc8273a93a8d137dae 10a18ae44d954371a2d17d80ae2ce229 - - faea9a0f6a6441cabf452ff2b7771c2a faea9a0f6a6441cabf452ff2b7771c2a] 199.204.45.248 "GET /allocations/50ae99d9-d260-4474-aec2-8bac84357347" status: 200 len: 258 microversion: 1.28 [pid: 8|app: 0|req: 558/1117] 199.204.45.248 () {34 vars in 863 bytes} [Fri Aug 7 07:35:18 2026] GET /allocations/50ae99d9-d260-4474-aec2-8bac84357347 => generated 258 bytes in 13 msecs (HTTP/1.1 200) 8 headers in 296 bytes (1 switches on core 0)
2026-08-07 07:35:18.261 7 INFO placement.requestlog [req-ffd4c035-50ca-414b-ba9f-86216ad68fcf req-c0ba19b5-077d-4f44-87dc-2d0ae991eab3 548c99d793c748bc8273a93a8d137dae 10a18ae44d954371a2d17d80ae2ce229 - - faea9a0f6a6441cabf452ff2b7771c2a faea9a0f6a6441cabf452ff2b7771c2a] 199.204.45.248 "GET /allocations/f9d72225-c4d4-4f5f-866c-054d2a58112e" status: 200 len: 258 microversion: 1.28 [pid: 7|app: 0|req: 560/1118] 199.204.45.248 () {34 vars in 863 bytes} [Fri Aug 7 07:35:18 2026] GET /allocations/f9d72225-c4d4-4f5f-866c-054d2a58112e => generated 258 bytes in 11 msecs (HTTP/1.1 200) 8 headers in 296 bytes (1 switches on core 0)
2026-08-07 07:35:22.540 8 INFO placement.requestlog [None req-c45611df-3e57-429e-968e-b8d1b6af795a - - - - - -] 10.0.0.218 "GET /" status: 200 len: 136 microversion: 1.0
2026-08-07 07:35:22.542 7 INFO placement.requestlog [None req-adfd7eee-2925-4189-8ea6-0c5aff26cb9d - - - - - -] 10.0.0.218 "GET /" status: 200 len: 136 microversion: 1.0
2026-08-07 07:35:32.540 8 INFO placement.requestlog [None req-45ba7134-59a8-44d1-a77b-16355d48d22a - - - - - -] 10.0.0.218 "GET /" status: 200 len: 136 microversion: 1.0
2026-08-07 07:35:32.540 7 INFO placement.requestlog [None req-922a6d72-2f2f-4372-b26e-4326ea50f8bf - - - - - -] 10.0.0.218 "GET /" status: 200 len: 136 microversion: 1.0
2026-08-07 07:35:40.015 8 INFO placement.requestlog [req-a8a8eb4f-8625-451a-98b7-3ef962461df2 req-0a00634e-bef3-4eec-98eb-865af6dc19cf 548c99d793c748bc8273a93a8d137dae 10a18ae44d954371a2d17d80ae2ce229 - - faea9a0f6a6441cabf452ff2b7771c2a faea9a0f6a6441cabf452ff2b7771c2a] 10.0.0.75 "GET /allocation_candidates?limit=1000&resources=MEMORY_MB%3A2048%2CVCPU%3A2&root_required=%21COMPUTE_STATUS_DISABLED" status: 200 len: 2432 microversion: 1.36 [pid: 8|app: 0|req: 561/1123] 10.0.0.75 () {34 vars in 985 bytes} [Fri Aug 7 07:35:39 2026] GET /allocation_candidates?limit=1000&resources=MEMORY_MB%3A2048%2CVCPU%3A2&root_required=%21COMPUTE_STATUS_DISABLED => generated 2432 bytes in 44 msecs (HTTP/1.1 200) 8 headers in 297 bytes (1 switches on core 0)
2026-08-07 07:35:40.043 7 INFO placement.requestlog [req-a8a8eb4f-8625-451a-98b7-3ef962461df2 req-d6d45988-aba9-46db-99b3-52bb176b2405 548c99d793c748bc8273a93a8d137dae 10a18ae44d954371a2d17d80ae2ce229 - - faea9a0f6a6441cabf452ff2b7771c2a faea9a0f6a6441cabf452ff2b7771c2a] 10.0.0.75 "GET /allocations/6d4d92a6-08d4-4c76-b578-a95be9109a86" status: 200 len: 19 microversion: 1.28 [pid: 7|app: 0|req: 563/1124] 10.0.0.75 () {34 vars in 860 bytes} [Fri Aug 7 07:35:40 2026] GET /allocations/6d4d92a6-08d4-4c76-b578-a95be9109a86 => generated 19 bytes in 12 msecs (HTTP/1.1 200) 8 headers in 295 bytes (1 switches on core 0)
2026-08-07 07:35:40.105 8 INFO placement.requestlog [req-a8a8eb4f-8625-451a-98b7-3ef962461df2 req-dbe23162-5447-4bf2-ab46-3fd8895c7e0b 548c99d793c748bc8273a93a8d137dae 10a18ae44d954371a2d17d80ae2ce229 - - faea9a0f6a6441cabf452ff2b7771c2a faea9a0f6a6441cabf452ff2b7771c2a] 10.0.0.75 "PUT /allocations/6d4d92a6-08d4-4c76-b578-a95be9109a86" status: 204 len: 0 microversion: 1.36 [pid: 8|app: 0|req: 562/1125] 10.0.0.75 () {38 vars in 913 bytes} [Fri Aug 7 07:35:40 2026] PUT /allocations/6d4d92a6-08d4-4c76-b578-a95be9109a86 => generated 0 bytes in 55 msecs (HTTP/1.1 204) 5 headers in 199 bytes (1 switches on core 0)
2026-08-07 07:35:41.634 7 INFO placement.requestlog [req-a8a8eb4f-8625-451a-98b7-3ef962461df2 req-bf6ceb5a-1095-4ac8-8599-d02aa927f535 548c99d793c748bc8273a93a8d137dae 10a18ae44d954371a2d17d80ae2ce229 - - faea9a0f6a6441cabf452ff2b7771c2a faea9a0f6a6441cabf452ff2b7771c2a] 199.204.45.248 "GET /allocations/6d4d92a6-08d4-4c76-b578-a95be9109a86" status: 200 len: 245 microversion: 1.28 [pid: 7|app: 0|req: 564/1126] 199.204.45.248 () {34 vars in 863 bytes} [Fri Aug 7 07:35:41 2026] GET /allocations/6d4d92a6-08d4-4c76-b578-a95be9109a86 => generated 245 bytes in 13 msecs (HTTP/1.1 200) 8 headers in 296 bytes (1 switches on core 0)
2026-08-07 07:35:42.540 8 INFO placement.requestlog [None req-3ba71375-00cd-4e00-86c7-1520b001060f - - - - - -] 10.0.0.218 "GET /" status: 200 len: 136 microversion: 1.0
2026-08-07 07:35:42.540 7 INFO placement.requestlog [None req-65c3ef22-8a35-454d-ba34-02feb95d4bab - - - - - -] 10.0.0.218 "GET /" status: 200 len: 136 microversion: 1.0
2026-08-07 07:35:42.676 7 INFO placement.requestlog [req-a8a8eb4f-8625-451a-98b7-3ef962461df2 req-2eb9b05f-f78a-4797-aea6-dbb1c33465a3 548c99d793c748bc8273a93a8d137dae 10a18ae44d954371a2d17d80ae2ce229 - - faea9a0f6a6441cabf452ff2b7771c2a faea9a0f6a6441cabf452ff2b7771c2a] 199.204.45.248 "GET /resource_providers/4a0e5022-fe97-4d02-82a1-79783f70b556/allocations" status: 200 len: 340 microversion: 1.0 [pid: 7|app: 0|req: 566/1128] 199.204.45.248 () {32 vars in 857 bytes} [Fri Aug 7 07:35:42 2026] GET /resource_providers/4a0e5022-fe97-4d02-82a1-79783f70b556/allocations => generated 340 bytes in 19 msecs (HTTP/1.1 200) 6 headers in 224 bytes (1 switches on core 0)
2026-08-07 07:35:42.699 8 INFO placement.requestlog [req-a8a8eb4f-8625-451a-98b7-3ef962461df2 req-cd233550-721e-46dc-be0c-3fbfd8a36b71 548c99d793c748bc8273a93a8d137dae 10a18ae44d954371a2d17d80ae2ce229 - - faea9a0f6a6441cabf452ff2b7771c2a faea9a0f6a6441cabf452ff2b7771c2a] 199.204.45.248 "GET /allocations/50ae99d9-d260-4474-aec2-8bac84357347" status: 200 len: 258 microversion: 1.28 [pid: 8|app: 0|req: 564/1129] 199.204.45.248 () {34 vars in 863 bytes} [Fri Aug 7 07:35:42 2026] GET /allocations/50ae99d9-d260-4474-aec2-8bac84357347 => generated 258 bytes in 13 msecs (HTTP/1.1 200) 8 headers in 296 bytes (1 switches on core 0)
2026-08-07 07:35:42.714 7 INFO placement.requestlog [req-a8a8eb4f-8625-451a-98b7-3ef962461df2 req-d40456d2-e1d7-4473-a331-36ad99dac0c1 548c99d793c748bc8273a93a8d137dae 10a18ae44d954371a2d17d80ae2ce229 - - faea9a0f6a6441cabf452ff2b7771c2a faea9a0f6a6441cabf452ff2b7771c2a] 199.204.45.248 "GET /allocations/6d4d92a6-08d4-4c76-b578-a95be9109a86" status: 200 len: 245 microversion: 1.28 [pid: 7|app: 0|req: 567/1130] 199.204.45.248 () {34 vars in 863 bytes} [Fri Aug 7 07:35:42 2026] GET /allocations/6d4d92a6-08d4-4c76-b578-a95be9109a86 => generated 245 bytes in 11 msecs (HTTP/1.1 200) 8 headers in 296 bytes (1 switches on core 0)
2026-08-07 07:35:42.739 8 INFO placement.requestlog [req-a8a8eb4f-8625-451a-98b7-3ef962461df2 req-80a16862-3550-45a5-90a5-df72dfe77b4b 548c99d793c748bc8273a93a8d137dae 10a18ae44d954371a2d17d80ae2ce229 - - faea9a0f6a6441cabf452ff2b7771c2a faea9a0f6a6441cabf452ff2b7771c2a] 199.204.45.248 "GET /allocations/f9d72225-c4d4-4f5f-866c-054d2a58112e" status: 200 len: 258 microversion: 1.28 [pid: 8|app: 0|req: 565/1131] 199.204.45.248 () {34 vars in 863 bytes} [Fri Aug 7 07:35:42 2026] GET /allocations/f9d72225-c4d4-4f5f-866c-054d2a58112e => generated 258 bytes in 18 msecs (HTTP/1.1 200) 8 headers in 296 bytes (1 switches on core 0)
2026-08-07 07:35:52.539 7 INFO placement.requestlog [None req-9cceab96-fbac-4426-a14c-e970c92ca6d1 - - - - - -] 10.0.0.218 "GET /" status: 200 len: 136 microversion: 1.0
2026-08-07 07:35:52.539 8 INFO placement.requestlog [None req-2a6b850d-44aa-4a42-b64a-bd121f086d0a - - - - - -] 10.0.0.218 "GET /" status: 200 len: 136 microversion: 1.0
2026-08-07 07:36:02.540 7 INFO placement.requestlog [None req-56c72235-ab29-4cda-9bb2-c852614f3fc6 - - - - - -] 10.0.0.218 "GET /" status: 200 len: 136 microversion: 1.0
2026-08-07 07:36:02.540 8 INFO placement.requestlog [None req-0f6a01f6-4363-46f8-8cc5-b0f2b279b381 - - - - - -] 10.0.0.218 "GET /" status: 200 len: 136 microversion: 1.0
2026-08-07 07:36:12.539 8 INFO placement.requestlog [None req-5d498042-d36e-44a9-82f4-1f05c4e1b13f - - - - - -] 10.0.0.218 "GET /" status: 200 len: 136 microversion: 1.0
2026-08-07 07:36:12.539 7 INFO placement.requestlog [None req-e615e71c-a209-45a2-9f93-e632d8eb7ca4 - - - - - -] 10.0.0.218 "GET /" status: 200 len: 136 microversion: 1.0
2026-08-07 07:36:18.417 8 INFO placement.requestlog [req-d69f408b-1127-4567-b243-8f3e5bab0ab5 req-ebb9303a-dfcc-4766-92e1-3beb2d6ccb72 548c99d793c748bc8273a93a8d137dae 10a18ae44d954371a2d17d80ae2ce229 - - faea9a0f6a6441cabf452ff2b7771c2a faea9a0f6a6441cabf452ff2b7771c2a] 199.204.45.248 "GET /resource_providers/4a0e5022-fe97-4d02-82a1-79783f70b556/allocations" status: 200 len: 340 microversion: 1.0 [pid: 8|app: 0|req: 569/1139] 199.204.45.248 () {32 vars in 857 bytes} [Fri Aug 7 07:36:18 2026] GET /resource_providers/4a0e5022-fe97-4d02-82a1-79783f70b556/allocations => generated 340 bytes in 17 msecs (HTTP/1.1 200) 6 headers in 224 bytes (1 switches on core 0)
2026-08-07 07:36:18.439 7 INFO placement.requestlog [req-d69f408b-1127-4567-b243-8f3e5bab0ab5 req-3ded701b-013d-4d8f-a21c-1240be47837d 548c99d793c748bc8273a93a8d137dae 10a18ae44d954371a2d17d80ae2ce229 - - faea9a0f6a6441cabf452ff2b7771c2a faea9a0f6a6441cabf452ff2b7771c2a] 199.204.45.248 "GET /resource_providers/4a0e5022-fe97-4d02-82a1-79783f70b556/allocations" status: 200 len: 340 microversion: 1.0 [pid: 7|app: 0|req: 571/1140] 199.204.45.248 () {32 vars in 857 bytes} [Fri Aug 7 07:36:18 2026] GET /resource_providers/4a0e5022-fe97-4d02-82a1-79783f70b556/allocations => generated 340 bytes in 16 msecs (HTTP/1.1 200) 6 headers in 224 bytes (1 switches on core 0)
2026-08-07 07:36:18.457 8 INFO placement.requestlog [req-d69f408b-1127-4567-b243-8f3e5bab0ab5 req-47e59a72-d9dd-4ae7-9af5-f500007a9a25 548c99d793c748bc8273a93a8d137dae 10a18ae44d954371a2d17d80ae2ce229 - - faea9a0f6a6441cabf452ff2b7771c2a faea9a0f6a6441cabf452ff2b7771c2a] 199.204.45.248 "GET /allocations/50ae99d9-d260-4474-aec2-8bac84357347" status: 200 len: 258 microversion: 1.28 [pid: 8|app: 0|req: 570/1141] 199.204.45.248 () {34 vars in 863 bytes} [Fri Aug 7 07:36:18 2026] GET /allocations/50ae99d9-d260-4474-aec2-8bac84357347 => generated 258 bytes in 14 msecs (HTTP/1.1 200) 8 headers in 296 bytes (1 switches on core 0)
2026-08-07 07:36:18.475 7 INFO placement.requestlog [req-d69f408b-1127-4567-b243-8f3e5bab0ab5 req-6c2acd67-4d6d-4a23-bf16-b76c8ac17286 548c99d793c748bc8273a93a8d137dae 10a18ae44d954371a2d17d80ae2ce229 - - faea9a0f6a6441cabf452ff2b7771c2a faea9a0f6a6441cabf452ff2b7771c2a] 199.204.45.248 "GET /allocations/6d4d92a6-08d4-4c76-b578-a95be9109a86" status: 200 len: 245 microversion: 1.28 [pid: 7|app: 0|req: 572/1142] 199.204.45.248 () {34 vars in 863 bytes} [Fri Aug 7 07:36:18 2026] GET /allocations/6d4d92a6-08d4-4c76-b578-a95be9109a86 => generated 245 bytes in 12 msecs (HTTP/1.1 200) 8 headers in 296 bytes (1 switches on core 0)
2026-08-07 07:36:18.495 8 INFO placement.requestlog [req-d69f408b-1127-4567-b243-8f3e5bab0ab5 req-6956627b-a397-4804-a9ec-943fc0a0455a 548c99d793c748bc8273a93a8d137dae 10a18ae44d954371a2d17d80ae2ce229 - - faea9a0f6a6441cabf452ff2b7771c2a faea9a0f6a6441cabf452ff2b7771c2a] 199.204.45.248 "GET /allocations/f9d72225-c4d4-4f5f-866c-054d2a58112e" status: 200 len: 258 microversion: 1.28 [pid: 8|app: 0|req: 571/1143] 199.204.45.248 () {34 vars in 863 bytes} [Fri Aug 7 07:36:18 2026] GET /allocations/f9d72225-c4d4-4f5f-866c-054d2a58112e => generated 258 bytes in 13 msecs (HTTP/1.1 200) 8 headers in 296 bytes (1 switches on core 0)
2026-08-07 07:36:22.540 8 INFO placement.requestlog [None req-c4655430-04c4-4023-a637-fe2ae48d5719 - - - - - -] 10.0.0.218 "GET /" status: 200 len: 136 microversion: 1.0
2026-08-07 07:36:22.540 7 INFO placement.requestlog [None req-8f505610-7574-456c-876d-d6996176d3a4 - - - - - -] 10.0.0.218 "GET /" status: 200 len: 136 microversion: 1.0
2026-08-07 07:36:32.539 8 INFO placement.requestlog [None req-50e0a32f-8386-4dbd-b0cb-ab9480a7fc64 - - - - - -] 10.0.0.218 "GET /" status: 200 len: 136 microversion: 1.0
2026-08-07 07:36:32.541 7 INFO placement.requestlog [None req-4ced5b64-43ea-4274-af66-8c16aa8059db - - - - - -] 10.0.0.218 "GET /" status: 200 len: 136 microversion: 1.0
2026-08-07 07:36:42.540 7 INFO placement.requestlog [None req-e5c89c18-ebd0-49e0-8325-24c496f86184 - - - - - -] 10.0.0.218 "GET /" status: 200 len: 136 microversion: 1.0
2026-08-07 07:36:42.540 8 INFO placement.requestlog [None req-544c8b16-d151-4cbc-8de1-60a8dabf4f48 - - - - - -] 10.0.0.218 "GET /" status: 200 len: 136 microversion: 1.0
2026-08-07 07:36:52.539 8 INFO placement.requestlog [None req-0aeeb03f-a85f-4800-8232-c9b94cb10659 - - - - - -] 10.0.0.218 "GET /" status: 200 len: 136 microversion: 1.0
2026-08-07 07:36:52.540 7 INFO placement.requestlog [None req-dfafbf6d-091e-4cac-b850-4aa088bae1c4 - - - - - -] 10.0.0.218 "GET /" status: 200 len: 136 microversion: 1.0
2026-08-07 07:37:02.539 7 INFO placement.requestlog [None req-cd32e42c-ab9e-45b1-b1ef-e1b847dda1a3 - - - - - -] 10.0.0.218 "GET /" status: 200 len: 136 microversion: 1.0
2026-08-07 07:37:02.539 8 INFO placement.requestlog [None req-ead8f443-f51b-4d81-929e-0e514eac83d6 - - - - - -] 10.0.0.218 "GET /" status: 200 len: 136 microversion: 1.0
2026-08-07 07:37:12.539 7 INFO placement.requestlog [None req-ca87ea35-bf71-4163-9340-0cd5dbff8ca9 - - - - - -] 10.0.0.218 "GET /" status: 200 len: 136 microversion: 1.0
2026-08-07 07:37:12.540 8 INFO placement.requestlog [None req-4c3de0f3-cfdd-4f3d-a6f2-e68be69401c5 - - - - - -] 10.0.0.218 "GET /" status: 200 len: 136 microversion: 1.0
2026-08-07 07:37:20.339 7 INFO placement.requestlog [req-721ecab0-5947-4265-bccb-877f2143d163 req-4a8e0c50-ee3f-453a-ad7f-8d82fcfef09f 548c99d793c748bc8273a93a8d137dae 10a18ae44d954371a2d17d80ae2ce229 - - faea9a0f6a6441cabf452ff2b7771c2a faea9a0f6a6441cabf452ff2b7771c2a] 199.204.45.248 "GET /resource_providers/4a0e5022-fe97-4d02-82a1-79783f70b556/allocations" status: 200 len: 340 microversion: 1.0 [pid: 7|app: 0|req: 579/1156] 199.204.45.248 () {32 vars in 857 bytes} [Fri Aug 7 07:37:20 2026] GET /resource_providers/4a0e5022-fe97-4d02-82a1-79783f70b556/allocations => generated 340 bytes in 19 msecs (HTTP/1.1 200) 6 headers in 224 bytes (1 switches on core 0)
2026-08-07 07:37:20.367 8 INFO placement.requestlog [req-721ecab0-5947-4265-bccb-877f2143d163 req-27fb1838-9eaa-4c69-9c7a-390b1748d864 548c99d793c748bc8273a93a8d137dae 10a18ae44d954371a2d17d80ae2ce229 - - faea9a0f6a6441cabf452ff2b7771c2a faea9a0f6a6441cabf452ff2b7771c2a] 199.204.45.248 "GET /resource_providers/4a0e5022-fe97-4d02-82a1-79783f70b556/allocations" status: 200 len: 340 microversion: 1.0 [pid: 8|app: 0|req: 578/1157] 199.204.45.248 () {32 vars in 857 bytes} [Fri Aug 7 07:37:20 2026] GET /resource_providers/4a0e5022-fe97-4d02-82a1-79783f70b556/allocations => generated 340 bytes in 20 msecs (HTTP/1.1 200) 6 headers in 224 bytes (1 switches on core 0)
2026-08-07 07:37:20.389 7 INFO placement.requestlog [req-721ecab0-5947-4265-bccb-877f2143d163 req-1792f081-0d65-421f-91af-a3e662eba788 548c99d793c748bc8273a93a8d137dae 10a18ae44d954371a2d17d80ae2ce229 - - faea9a0f6a6441cabf452ff2b7771c2a faea9a0f6a6441cabf452ff2b7771c2a] 199.204.45.248 "GET /allocations/50ae99d9-d260-4474-aec2-8bac84357347" status: 200 len: 258 microversion: 1.28 [pid: 7|app: 0|req: 580/1158] 199.204.45.248 () {34 vars in 863 bytes} [Fri Aug 7 07:37:20 2026] GET /allocations/50ae99d9-d260-4474-aec2-8bac84357347 => generated 258 bytes in 16 msecs (HTTP/1.1 200) 8 headers in 296 bytes (1 switches on core 0)
2026-08-07 07:37:20.405 8 INFO placement.requestlog [req-721ecab0-5947-4265-bccb-877f2143d163 req-93f5d15e-4825-4baf-99cb-4b7360b30157 548c99d793c748bc8273a93a8d137dae 10a18ae44d954371a2d17d80ae2ce229 - - faea9a0f6a6441cabf452ff2b7771c2a faea9a0f6a6441cabf452ff2b7771c2a] 199.204.45.248 "GET /allocations/6d4d92a6-08d4-4c76-b578-a95be9109a86" status: 200 len: 245 microversion: 1.28 [pid: 8|app: 0|req: 579/1159] 199.204.45.248 () {34 vars in 863 bytes} [Fri Aug 7 07:37:20 2026] GET /allocations/6d4d92a6-08d4-4c76-b578-a95be9109a86 => generated 245 bytes in 10 msecs (HTTP/1.1 200) 8 headers in 296 bytes (1 switches on core 0)
2026-08-07 07:37:20.424 7 INFO placement.requestlog [req-721ecab0-5947-4265-bccb-877f2143d163 req-edc2ff56-ac95-41ac-84de-e573a37e0232 548c99d793c748bc8273a93a8d137dae 10a18ae44d954371a2d17d80ae2ce229 - - faea9a0f6a6441cabf452ff2b7771c2a faea9a0f6a6441cabf452ff2b7771c2a] 199.204.45.248 "GET /allocations/f9d72225-c4d4-4f5f-866c-054d2a58112e" status: 200 len: 258 microversion: 1.28 [pid: 7|app: 0|req: 581/1160] 199.204.45.248 () {34 vars in 863 bytes} [Fri Aug 7 07:37:20 2026] GET /allocations/f9d72225-c4d4-4f5f-866c-054d2a58112e => generated 258 bytes in 12 msecs (HTTP/1.1 200) 8 headers in 296 bytes (1 switches on core 0)
2026-08-07 07:37:22.539 7 INFO placement.requestlog [None req-c2aa4b0e-6d8a-4a66-b383-d1ac06d3a7a8 - - - - - -] 10.0.0.218 "GET /" status: 200 len: 136 microversion: 1.0
2026-08-07 07:37:22.539 8 INFO placement.requestlog [None req-cbd20dff-1593-409a-be9b-d025ac7c0165 - - - - - -] 10.0.0.218 "GET /" status: 200 len: 136 microversion: 1.0
2026-08-07 07:37:32.539 7 INFO placement.requestlog [None req-b48c8592-5179-483e-bdfb-ad3fce6885fb - - - - - -] 10.0.0.218 "GET /" status: 200 len: 136 microversion: 1.0
2026-08-07 07:37:32.540 8 INFO placement.requestlog [None req-f9c55385-e3a7-426d-b36c-ee0bd2367c10 - - - - - -] 10.0.0.218 "GET /" status: 200 len: 136 microversion: 1.0
2026-08-07 07:37:42.539 7 INFO placement.requestlog [None req-26be0754-65e1-4484-946e-18c3e1d03212 - - - - - -] 10.0.0.218 "GET /" status: 200 len: 136 microversion: 1.0
2026-08-07 07:37:42.540 8 INFO placement.requestlog [None req-8b7c962b-a1aa-4216-a5ad-fc8e78aec192 - - - - - -] 10.0.0.218 "GET /" status: 200 len: 136 microversion: 1.0
2026-08-07 07:37:52.539 8 INFO placement.requestlog [None req-35fa2fce-c504-4410-8a14-927c0b776140 - - - - - -] 10.0.0.218 "GET /" status: 200 len: 136 microversion: 1.0
2026-08-07 07:37:52.540 7 INFO placement.requestlog [None req-cc802499-863b-4139-b9bf-d22e396e8722 - - - - - -] 10.0.0.218 "GET /" status: 200 len: 136 microversion: 1.0
2026-08-07 07:38:02.539 8 INFO placement.requestlog [None req-0e4d1d46-1790-44a5-8a72-ba0258d8ea26 - - - - - -] 10.0.0.218 "GET /" status: 200 len: 136 microversion: 1.0
2026-08-07 07:38:02.540 7 INFO placement.requestlog [None req-e0f11b2b-2e12-4cf2-abf1-57c2ecc89789 - - - - - -] 10.0.0.218 "GET /" status: 200 len: 136 microversion: 1.0
2026-08-07 07:38:12.539 8 INFO placement.requestlog [None req-e1ef16f1-2ff6-43e2-b45c-00b6095fa7db - - - - - -] 10.0.0.218 "GET /" status: 200 len: 136 microversion: 1.0
2026-08-07 07:38:12.540 7 INFO placement.requestlog [None req-3e95f6c9-6a40-4df9-a6ff-f57560c60de2 - - - - - -] 10.0.0.218 "GET /" status: 200 len: 136 microversion: 1.0
2026-08-07 07:38:20.439 8 INFO placement.requestlog [req-6b4ffad2-ea47-4b09-89de-cd892b5084f9 req-03d3b9a0-86f8-4065-af2a-a01336180dc8 548c99d793c748bc8273a93a8d137dae 10a18ae44d954371a2d17d80ae2ce229 - - faea9a0f6a6441cabf452ff2b7771c2a faea9a0f6a6441cabf452ff2b7771c2a] 199.204.45.248 "GET /resource_providers/4a0e5022-fe97-4d02-82a1-79783f70b556/allocations" status: 200 len: 340 microversion: 1.0 [pid: 8|app: 0|req: 586/1173] 199.204.45.248 () {32 vars in 857 bytes} [Fri Aug 7 07:38:20 2026] GET /resource_providers/4a0e5022-fe97-4d02-82a1-79783f70b556/allocations => generated 340 bytes in 23 msecs (HTTP/1.1 200) 6 headers in 224 bytes (1 switches on core 0)
2026-08-07 07:38:20.463 7 INFO placement.requestlog [req-6b4ffad2-ea47-4b09-89de-cd892b5084f9 req-7259e008-2c04-4241-a1cf-8c0598655afb 548c99d793c748bc8273a93a8d137dae 10a18ae44d954371a2d17d80ae2ce229 - - faea9a0f6a6441cabf452ff2b7771c2a faea9a0f6a6441cabf452ff2b7771c2a] 199.204.45.248 "GET /resource_providers/4a0e5022-fe97-4d02-82a1-79783f70b556/allocations" status: 200 len: 340 microversion: 1.0 [pid: 7|app: 0|req: 588/1174] 199.204.45.248 () {32 vars in 857 bytes} [Fri Aug 7 07:38:20 2026] GET /resource_providers/4a0e5022-fe97-4d02-82a1-79783f70b556/allocations => generated 340 bytes in 18 msecs (HTTP/1.1 200) 6 headers in 224 bytes (1 switches on core 0)
2026-08-07 07:38:20.487 8 INFO placement.requestlog [req-6b4ffad2-ea47-4b09-89de-cd892b5084f9 req-13b05c91-1edd-447c-8cf4-e0a69f63019b 548c99d793c748bc8273a93a8d137dae 10a18ae44d954371a2d17d80ae2ce229 - - faea9a0f6a6441cabf452ff2b7771c2a faea9a0f6a6441cabf452ff2b7771c2a] 199.204.45.248 "GET /allocations/50ae99d9-d260-4474-aec2-8bac84357347" status: 200 len: 258 microversion: 1.28 [pid: 8|app: 0|req: 587/1175] 199.204.45.248 () {34 vars in 863 bytes} [Fri Aug 7 07:38:20 2026] GET /allocations/50ae99d9-d260-4474-aec2-8bac84357347 => generated 258 bytes in 16 msecs (HTTP/1.1 200) 8 headers in 296 bytes (1 switches on core 0)
2026-08-07 07:38:20.506 7 INFO placement.requestlog [req-6b4ffad2-ea47-4b09-89de-cd892b5084f9 req-3a618394-a0ac-4ccd-a89f-75da20b02dfe 548c99d793c748bc8273a93a8d137dae 10a18ae44d954371a2d17d80ae2ce229 - - faea9a0f6a6441cabf452ff2b7771c2a faea9a0f6a6441cabf452ff2b7771c2a] 199.204.45.248 "GET /allocations/6d4d92a6-08d4-4c76-b578-a95be9109a86" status: 200 len: 245 microversion: 1.28 [pid: 7|app: 0|req: 589/1176] 199.204.45.248 () {34 vars in 863 bytes} [Fri Aug 7 07:38:20 2026] GET /allocations/6d4d92a6-08d4-4c76-b578-a95be9109a86 => generated 245 bytes in 11 msecs (HTTP/1.1 200) 8 headers in 296 bytes (1 switches on core 0)
2026-08-07 07:38:20.525 8 INFO placement.requestlog [req-6b4ffad2-ea47-4b09-89de-cd892b5084f9 req-eea7b8e2-edca-4334-8bb0-644a546ec0fb 548c99d793c748bc8273a93a8d137dae 10a18ae44d954371a2d17d80ae2ce229 - - faea9a0f6a6441cabf452ff2b7771c2a faea9a0f6a6441cabf452ff2b7771c2a] 199.204.45.248 "GET /allocations/f9d72225-c4d4-4f5f-866c-054d2a58112e" status: 200 len: 258 microversion: 1.28 [pid: 8|app: 0|req: 588/1177] 199.204.45.248 () {34 vars in 863 bytes} [Fri Aug 7 07:38:20 2026] GET /allocations/f9d72225-c4d4-4f5f-866c-054d2a58112e => generated 258 bytes in 12 msecs (HTTP/1.1 200) 8 headers in 296 bytes (1 switches on core 0)
2026-08-07 07:38:22.540 7 INFO placement.requestlog [None req-acbbb586-0c67-4738-906a-92912080dd50 - - - - - -] 10.0.0.218 "GET /" status: 200 len: 136 microversion: 1.0
2026-08-07 07:38:22.541 8 INFO placement.requestlog [None req-336a5694-3f27-440a-86e8-eea9d8f6573d - - - - - -] 10.0.0.218 "GET /" status: 200 len: 136 microversion: 1.0
2026-08-07 07:38:32.540 8 INFO placement.requestlog [None req-abdd4922-4f92-44c6-bbad-23cffc1510fa - - - - - -] 10.0.0.218 "GET /" status: 200 len: 136 microversion: 1.0
2026-08-07 07:38:32.540 7 INFO placement.requestlog [None req-76f90002-f8ef-414c-b2ce-585aa38afb13 - - - - - -] 10.0.0.218 "GET /" status: 200 len: 136 microversion: 1.0
2026-08-07 07:38:35.413 8 INFO placement.requestlog [req-7683c05e-bd61-4097-9cbd-bc9f255445f6 req-2d56824d-cb89-48cb-865f-80a82e64b921 548c99d793c748bc8273a93a8d137dae 10a18ae44d954371a2d17d80ae2ce229 - - faea9a0f6a6441cabf452ff2b7771c2a faea9a0f6a6441cabf452ff2b7771c2a] 199.204.45.248 "GET /resource_providers/4a0e5022-fe97-4d02-82a1-79783f70b556/allocations" status: 200 len: 340 microversion: 1.0 [pid: 8|app: 0|req: 591/1182] 199.204.45.248 () {32 vars in 857 bytes} [Fri Aug 7 07:38:35 2026] GET /resource_providers/4a0e5022-fe97-4d02-82a1-79783f70b556/allocations => generated 340 bytes in 12 msecs (HTTP/1.1 200) 6 headers in 224 bytes (1 switches on core 0)
2026-08-07 07:38:35.431 7 INFO placement.requestlog [req-7683c05e-bd61-4097-9cbd-bc9f255445f6 req-cd91834a-a3e7-4922-a777-89cf294c1ba1 548c99d793c748bc8273a93a8d137dae 10a18ae44d954371a2d17d80ae2ce229 - - faea9a0f6a6441cabf452ff2b7771c2a faea9a0f6a6441cabf452ff2b7771c2a] 199.204.45.248 "GET /allocations/50ae99d9-d260-4474-aec2-8bac84357347" status: 200 len: 258 microversion: 1.28 [pid: 7|app: 0|req: 592/1183] 199.204.45.248 () {34 vars in 863 bytes} [Fri Aug 7 07:38:35 2026] GET /allocations/50ae99d9-d260-4474-aec2-8bac84357347 => generated 258 bytes in 11 msecs (HTTP/1.1 200) 8 headers in 296 bytes (1 switches on core 0)
2026-08-07 07:38:35.449 8 INFO placement.requestlog [req-7683c05e-bd61-4097-9cbd-bc9f255445f6 req-89325597-6444-4a0e-bc14-bac75b842c18 548c99d793c748bc8273a93a8d137dae 10a18ae44d954371a2d17d80ae2ce229 - - faea9a0f6a6441cabf452ff2b7771c2a faea9a0f6a6441cabf452ff2b7771c2a] 199.204.45.248 "GET /allocations/6d4d92a6-08d4-4c76-b578-a95be9109a86" status: 200 len: 245 microversion: 1.28 [pid: 8|app: 0|req: 592/1184] 199.204.45.248 () {34 vars in 863 bytes} [Fri Aug 7 07:38:35 2026] GET /allocations/6d4d92a6-08d4-4c76-b578-a95be9109a86 => generated 245 bytes in 13 msecs (HTTP/1.1 200) 8 headers in 296 bytes (1 switches on core 0)
2026-08-07 07:38:35.466 7 INFO placement.requestlog [req-7683c05e-bd61-4097-9cbd-bc9f255445f6 req-646759a4-7d64-4c27-b775-4fdef080452d 548c99d793c748bc8273a93a8d137dae 10a18ae44d954371a2d17d80ae2ce229 - - faea9a0f6a6441cabf452ff2b7771c2a faea9a0f6a6441cabf452ff2b7771c2a] 199.204.45.248 "GET /allocations/f9d72225-c4d4-4f5f-866c-054d2a58112e" status: 200 len: 258 microversion: 1.28 [pid: 7|app: 0|req: 593/1185] 199.204.45.248 () {34 vars in 863 bytes} [Fri Aug 7 07:38:35 2026] GET /allocations/f9d72225-c4d4-4f5f-866c-054d2a58112e => generated 258 bytes in 11 msecs (HTTP/1.1 200) 8 headers in 296 bytes (1 switches on core 0)
2026-08-07 07:38:36.515 8 INFO placement.requestlog [req-7683c05e-bd61-4097-9cbd-bc9f255445f6 req-5e39b60b-10a1-4153-92d9-df464d446d0b 548c99d793c748bc8273a93a8d137dae 10a18ae44d954371a2d17d80ae2ce229 - - faea9a0f6a6441cabf452ff2b7771c2a faea9a0f6a6441cabf452ff2b7771c2a] 199.204.45.248 "DELETE /allocations/6d4d92a6-08d4-4c76-b578-a95be9109a86" status: 204 len: 0 microversion: 1.0 [pid: 8|app: 0|req: 593/1186] 199.204.45.248 () {34 vars in 841 bytes} [Fri Aug 7 07:38:36 2026] DELETE /allocations/6d4d92a6-08d4-4c76-b578-a95be9109a86 => generated 0 bytes in 25 msecs (HTTP/1.1 204) 5 headers in 198 bytes (1 switches on core 0)
2026-08-07 07:38:39.203 7 INFO placement.requestlog [req-c1253286-d300-4ab2-be57-b0e30bb49523 req-4304c0a7-a53d-4e24-8626-ea8d57129b47 548c99d793c748bc8273a93a8d137dae 10a18ae44d954371a2d17d80ae2ce229 - - faea9a0f6a6441cabf452ff2b7771c2a faea9a0f6a6441cabf452ff2b7771c2a] 199.204.45.248 "GET /resource_providers/4a0e5022-fe97-4d02-82a1-79783f70b556/allocations" status: 200 len: 253 microversion: 1.0 [pid: 7|app: 0|req: 594/1187] 199.204.45.248 () {32 vars in 857 bytes} [Fri Aug 7 07:38:39 2026] GET /resource_providers/4a0e5022-fe97-4d02-82a1-79783f70b556/allocations => generated 253 bytes in 19 msecs (HTTP/1.1 200) 6 headers in 224 bytes (1 switches on core 0)
2026-08-07 07:38:39.219 8 INFO placement.requestlog [req-c1253286-d300-4ab2-be57-b0e30bb49523 req-4d6ba5f3-004f-4918-a47e-c53e28138ab3 548c99d793c748bc8273a93a8d137dae 10a18ae44d954371a2d17d80ae2ce229 - - faea9a0f6a6441cabf452ff2b7771c2a faea9a0f6a6441cabf452ff2b7771c2a] 199.204.45.248 "GET /allocations/50ae99d9-d260-4474-aec2-8bac84357347" status: 200 len: 258 microversion: 1.28 [pid: 8|app: 0|req: 594/1188] 199.204.45.248 () {34 vars in 863 bytes} [Fri Aug 7 07:38:39 2026] GET /allocations/50ae99d9-d260-4474-aec2-8bac84357347 => generated 258 bytes in 9 msecs (HTTP/1.1 200) 8 headers in 296 bytes (1 switches on core 0)
2026-08-07 07:38:39.238 7 INFO placement.requestlog [req-c1253286-d300-4ab2-be57-b0e30bb49523 req-8a254d7f-30bb-48fc-91b5-261e3a6c7d13 548c99d793c748bc8273a93a8d137dae 10a18ae44d954371a2d17d80ae2ce229 - - faea9a0f6a6441cabf452ff2b7771c2a faea9a0f6a6441cabf452ff2b7771c2a] 199.204.45.248 "GET /allocations/f9d72225-c4d4-4f5f-866c-054d2a58112e" status: 200 len: 258 microversion: 1.28 [pid: 7|app: 0|req: 595/1189] 199.204.45.248 () {34 vars in 863 bytes} [Fri Aug 7 07:38:39 2026] GET /allocations/f9d72225-c4d4-4f5f-866c-054d2a58112e => generated 258 bytes in 13 msecs (HTTP/1.1 200) 8 headers in 296 bytes (1 switches on core 0)
2026-08-07 07:38:40.291 8 INFO placement.requestlog [req-c1253286-d300-4ab2-be57-b0e30bb49523 req-aca25de1-2b3d-4d96-bdfd-50e069c2ca6d 548c99d793c748bc8273a93a8d137dae 10a18ae44d954371a2d17d80ae2ce229 - - faea9a0f6a6441cabf452ff2b7771c2a faea9a0f6a6441cabf452ff2b7771c2a] 199.204.45.248 "DELETE /allocations/50ae99d9-d260-4474-aec2-8bac84357347" status: 204 len: 0 microversion: 1.0 [pid: 8|app: 0|req: 595/1190] 199.204.45.248 () {34 vars in 841 bytes} [Fri Aug 7 07:38:40 2026] DELETE /allocations/50ae99d9-d260-4474-aec2-8bac84357347 => generated 0 bytes in 26 msecs (HTTP/1.1 204) 5 headers in 198 bytes (1 switches on core 0)
2026-08-07 07:38:42.540 8 INFO placement.requestlog [None req-e15a1248-cc7e-4d7b-84c4-b23116516d0c - - - - - -] 10.0.0.218 "GET /" status: 200 len: 136 microversion: 1.0
2026-08-07 07:38:42.540 7 INFO placement.requestlog [None req-043098af-e107-48b6-b691-2dea05ea7849 - - - - - -] 10.0.0.218 "GET /" status: 200 len: 136 microversion: 1.0
2026-08-07 07:38:50.075 8 INFO placement.requestlog [req-e128da9d-e004-4859-8586-7bbcc94f1e05 req-a1544d35-a447-4419-bf52-b28ecaf018a5 548c99d793c748bc8273a93a8d137dae 10a18ae44d954371a2d17d80ae2ce229 - - faea9a0f6a6441cabf452ff2b7771c2a faea9a0f6a6441cabf452ff2b7771c2a] 199.204.45.248 "GET /resource_providers/4a0e5022-fe97-4d02-82a1-79783f70b556/allocations" status: 200 len: 153 microversion: 1.0 [pid: 8|app: 0|req: 597/1193] 199.204.45.248 () {32 vars in 857 bytes} [Fri Aug 7 07:38:50 2026] GET /resource_providers/4a0e5022-fe97-4d02-82a1-79783f70b556/allocations => generated 153 bytes in 20 msecs (HTTP/1.1 200) 6 headers in 224 bytes (1 switches on core 0)
2026-08-07 07:38:50.091 7 INFO placement.requestlog [req-e128da9d-e004-4859-8586-7bbcc94f1e05 req-39789ba7-f396-419f-9435-b91b0990b282 548c99d793c748bc8273a93a8d137dae 10a18ae44d954371a2d17d80ae2ce229 - - faea9a0f6a6441cabf452ff2b7771c2a faea9a0f6a6441cabf452ff2b7771c2a] 199.204.45.248 "GET /allocations/f9d72225-c4d4-4f5f-866c-054d2a58112e" status: 200 len: 258 microversion: 1.28 [pid: 7|app: 0|req: 597/1194] 199.204.45.248 () {34 vars in 863 bytes} [Fri Aug 7 07:38:50 2026] GET /allocations/f9d72225-c4d4-4f5f-866c-054d2a58112e => generated 258 bytes in 10 msecs (HTTP/1.1 200) 8 headers in 296 bytes (1 switches on core 0)
2026-08-07 07:38:51.144 8 INFO placement.requestlog [req-e128da9d-e004-4859-8586-7bbcc94f1e05 req-fd64ba61-9d2d-45fc-a583-52e7d501df6a 548c99d793c748bc8273a93a8d137dae 10a18ae44d954371a2d17d80ae2ce229 - - faea9a0f6a6441cabf452ff2b7771c2a faea9a0f6a6441cabf452ff2b7771c2a] 199.204.45.248 "DELETE /allocations/f9d72225-c4d4-4f5f-866c-054d2a58112e" status: 204 len: 0 microversion: 1.0 [pid: 8|app: 0|req: 598/1195] 199.204.45.248 () {34 vars in 841 bytes} [Fri Aug 7 07:38:51 2026] DELETE /allocations/f9d72225-c4d4-4f5f-866c-054d2a58112e => generated 0 bytes in 23 msecs (HTTP/1.1 204) 5 headers in 198 bytes (1 switches on core 0)
2026-08-07 07:38:52.540 7 INFO placement.requestlog [None req-0c1054fd-b089-48bd-9183-8882cfa8b008 - - - - - -] 10.0.0.218 "GET /" status: 200 len: 136 microversion: 1.0
2026-08-07 07:38:52.541 8 INFO placement.requestlog [None req-7318cf25-e277-4af7-adad-96ace1108c0d - - - - - -] 10.0.0.218 "GET /" status: 200 len: 136 microversion: 1.0
2026-08-07 07:39:02.021 7 INFO placement.requestlog [None req-53993a75-a057-44d5-aeb6-f347ae31f9a4 69310a7a03264a29b17f7af5244b78ef 10a18ae44d954371a2d17d80ae2ce229 - - faea9a0f6a6441cabf452ff2b7771c2a faea9a0f6a6441cabf452ff2b7771c2a] 10.0.0.33 "GET /resource_providers/7410f180-f7f8-4195-98ee-7cdb3febc09b/aggregates" status: 404 len: 235 microversion: 1.1 [pid: 7|app: 0|req: 599/1198] 10.0.0.33 () {32 vars in 815 bytes} [Fri Aug 7 07:39:01 2026] GET /resource_providers/7410f180-f7f8-4195-98ee-7cdb3febc09b/aggregates => generated 235 bytes in 47 msecs (HTTP/1.1 404) 5 headers in 202 bytes (1 switches on core 0)
2026-08-07 07:39:02.037 8 INFO placement.requestlog [None req-9c254b28-0840-4319-99fd-9e72311c0072 69310a7a03264a29b17f7af5244b78ef 10a18ae44d954371a2d17d80ae2ce229 - - faea9a0f6a6441cabf452ff2b7771c2a faea9a0f6a6441cabf452ff2b7771c2a] 10.0.0.33 "GET /resource_providers/7410f180-f7f8-4195-98ee-7cdb3febc09b/aggregates" status: 404 len: 235 microversion: 1.1
2026-08-07 07:39:02.037 7 INFO placement.requestlog [None req-ae228de9-ef07-4d2b-be22-d1e65ba13c67 69310a7a03264a29b17f7af5244b78ef 10a18ae44d954371a2d17d80ae2ce229 - - faea9a0f6a6441cabf452ff2b7771c2a faea9a0f6a6441cabf452ff2b7771c2a] 10.0.0.33 "DELETE /resource_providers/7410f180-f7f8-4195-98ee-7cdb3febc09b" status: 404 len: 246 microversion: 1.1 [pid: 8|app: 0|req: 600/1199] 10.0.0.33 () {32 vars in 815 bytes} [Fri Aug 7 07:39:01 2026] GET /resource_providers/7410f180-f7f8-4195-98ee-7cdb3febc09b/aggregates => generated 235 bytes in 62 msecs (HTTP/1.1 404) 5 headers in 202 bytes (1 switches on core 0) [pid: 7|app: 0|req: 600/1200] 10.0.0.33 () {34 vars in 815 bytes} [Fri Aug 7 07:39:02 2026] DELETE /resource_providers/7410f180-f7f8-4195-98ee-7cdb3febc09b => generated 246 bytes in 7 msecs (HTTP/1.1 404) 6 headers in 231 bytes (1 switches on core 0)
2026-08-07 07:39:02.058 8 INFO placement.requestlog [None req-19a4332e-3418-4b2a-a1a1-036a28831f9e 69310a7a03264a29b17f7af5244b78ef 10a18ae44d954371a2d17d80ae2ce229 - - faea9a0f6a6441cabf452ff2b7771c2a faea9a0f6a6441cabf452ff2b7771c2a] 10.0.0.33 "DELETE /resource_providers/7410f180-f7f8-4195-98ee-7cdb3febc09b" status: 404 len: 246 microversion: 1.1 [pid: 8|app: 0|req: 601/1201] 10.0.0.33 () {34 vars in 815 bytes} [Fri Aug 7 07:39:02 2026] DELETE /resource_providers/7410f180-f7f8-4195-98ee-7cdb3febc09b => generated 246 bytes in 10 msecs (HTTP/1.1 404) 6 headers in 231 bytes (1 switches on core 0)
2026-08-07 07:39:02.539 8 INFO placement.requestlog [None req-6d80e57e-35c9-4545-991a-a5de09e0308b - - - - - -] 10.0.0.218 "GET /" status: 200 len: 136 microversion: 1.0
2026-08-07 07:39:02.539 7 INFO placement.requestlog [None req-935db1b9-bb65-4ae0-891e-f34f7b2a8cc1 - - - - - -] 10.0.0.218 "GET /" status: 200 len: 136 microversion: 1.0
2026-08-07 07:39:04.060 8 INFO placement.requestlog [None req-6913b0ef-2f53-485a-b04e-f49684ec7c21 69310a7a03264a29b17f7af5244b78ef 10a18ae44d954371a2d17d80ae2ce229 - - faea9a0f6a6441cabf452ff2b7771c2a faea9a0f6a6441cabf452ff2b7771c2a] 10.0.0.33 "GET /resource_providers/8bbb2375-2f98-49d1-96be-4e6c1b09ba39/aggregates" status: 404 len: 235 microversion: 1.1 [pid: 8|app: 0|req: 603/1204] 10.0.0.33 () {32 vars in 815 bytes} [Fri Aug 7 07:39:04 2026] GET /resource_providers/8bbb2375-2f98-49d1-96be-4e6c1b09ba39/aggregates => generated 235 bytes in 11 msecs (HTTP/1.1 404) 5 headers in 202 bytes (1 switches on core 0)
2026-08-07 07:39:04.078 8 INFO placement.requestlog [None req-e4468bb8-deba-4a44-8b15-7cb34c15e9e6 69310a7a03264a29b17f7af5244b78ef 10a18ae44d954371a2d17d80ae2ce229 - - faea9a0f6a6441cabf452ff2b7771c2a faea9a0f6a6441cabf452ff2b7771c2a] 10.0.0.33 "DELETE /resource_providers/8bbb2375-2f98-49d1-96be-4e6c1b09ba39" status: 404 len: 246 microversion: 1.1 [pid: 8|app: 0|req: 604/1205] 10.0.0.33 () {34 vars in 815 bytes} [Fri Aug 7 07:39:04 2026] DELETE /resource_providers/8bbb2375-2f98-49d1-96be-4e6c1b09ba39 => generated 246 bytes in 9 msecs (HTTP/1.1 404) 6 headers in 231 bytes (1 switches on core 0)
2026-08-07 07:39:04.079 7 INFO placement.requestlog [None req-aaa5153e-3fe6-442c-8785-980146a7a062 69310a7a03264a29b17f7af5244b78ef 10a18ae44d954371a2d17d80ae2ce229 - - faea9a0f6a6441cabf452ff2b7771c2a faea9a0f6a6441cabf452ff2b7771c2a] 10.0.0.33 "GET /resource_providers/8bbb2375-2f98-49d1-96be-4e6c1b09ba39/aggregates" status: 404 len: 235 microversion: 1.1 [pid: 7|app: 0|req: 602/1206] 10.0.0.33 () {32 vars in 815 bytes} [Fri Aug 7 07:39:04 2026] GET /resource_providers/8bbb2375-2f98-49d1-96be-4e6c1b09ba39/aggregates => generated 235 bytes in 11 msecs (HTTP/1.1 404) 5 headers in 202 bytes (1 switches on core 0)
2026-08-07 07:39:04.096 8 INFO placement.requestlog [None req-c08488b2-e6a7-43bd-bf64-86370309bbc9 69310a7a03264a29b17f7af5244b78ef 10a18ae44d954371a2d17d80ae2ce229 - - faea9a0f6a6441cabf452ff2b7771c2a faea9a0f6a6441cabf452ff2b7771c2a] 10.0.0.33 "GET /resource_providers/0905ac0e-37dd-46ab-9d1a-8503e2e09f42/aggregates" status: 404 len: 235 microversion: 1.1 [pid: 8|app: 0|req: 605/1207] 10.0.0.33 () {32 vars in 815 bytes} [Fri Aug 7 07:39:04 2026] GET /resource_providers/0905ac0e-37dd-46ab-9d1a-8503e2e09f42/aggregates => generated 235 bytes in 8 msecs (HTTP/1.1 404) 5 headers in 202 bytes (1 switches on core 0)
2026-08-07 07:39:04.098 7 INFO placement.requestlog [None req-83ef13e5-5d3b-4f02-888a-672faaaf64ce 69310a7a03264a29b17f7af5244b78ef 10a18ae44d954371a2d17d80ae2ce229 - - faea9a0f6a6441cabf452ff2b7771c2a faea9a0f6a6441cabf452ff2b7771c2a] 10.0.0.33 "DELETE /resource_providers/8bbb2375-2f98-49d1-96be-4e6c1b09ba39" status: 404 len: 246 microversion: 1.1 [pid: 7|app: 0|req: 603/1208] 10.0.0.33 () {34 vars in 815 bytes} [Fri Aug 7 07:39:04 2026] DELETE /resource_providers/8bbb2375-2f98-49d1-96be-4e6c1b09ba39 => generated 246 bytes in 9 msecs (HTTP/1.1 404) 6 headers in 231 bytes (1 switches on core 0)
2026-08-07 07:39:04.114 8 INFO placement.requestlog [None req-fcb55cf3-a8a9-44a6-8947-8bfa455cb992 69310a7a03264a29b17f7af5244b78ef 10a18ae44d954371a2d17d80ae2ce229 - - faea9a0f6a6441cabf452ff2b7771c2a faea9a0f6a6441cabf452ff2b7771c2a] 10.0.0.33 "DELETE /resource_providers/0905ac0e-37dd-46ab-9d1a-8503e2e09f42" status: 404 len: 246 microversion: 1.1 [pid: 8|app: 0|req: 606/1209] 10.0.0.33 () {34 vars in 815 bytes} [Fri Aug 7 07:39:04 2026] DELETE /resource_providers/0905ac0e-37dd-46ab-9d1a-8503e2e09f42 => generated 246 bytes in 8 msecs (HTTP/1.1 404) 6 headers in 231 bytes (1 switches on core 0)
2026-08-07 07:39:04.116 7 INFO placement.requestlog [None req-b6fc83ca-2668-4a96-8956-a8e26e66ae39 69310a7a03264a29b17f7af5244b78ef 10a18ae44d954371a2d17d80ae2ce229 - - faea9a0f6a6441cabf452ff2b7771c2a faea9a0f6a6441cabf452ff2b7771c2a] 10.0.0.33 "GET /resource_providers/0905ac0e-37dd-46ab-9d1a-8503e2e09f42/aggregates" status: 404 len: 235 microversion: 1.1 [pid: 7|app: 0|req: 604/1210] 10.0.0.33 () {32 vars in 815 bytes} [Fri Aug 7 07:39:04 2026] GET /resource_providers/0905ac0e-37dd-46ab-9d1a-8503e2e09f42/aggregates => generated 235 bytes in 9 msecs (HTTP/1.1 404) 5 headers in 202 bytes (1 switches on core 0)
2026-08-07 07:39:04.132 8 INFO placement.requestlog [None req-1a89ed53-54ea-4c5a-ae9d-116ca4f75268 69310a7a03264a29b17f7af5244b78ef 10a18ae44d954371a2d17d80ae2ce229 - - faea9a0f6a6441cabf452ff2b7771c2a faea9a0f6a6441cabf452ff2b7771c2a] 10.0.0.33 "DELETE /resource_providers/0905ac0e-37dd-46ab-9d1a-8503e2e09f42" status: 404 len: 246 microversion: 1.1 [pid: 8|app: 0|req: 607/1211] 10.0.0.33 () {34 vars in 815 bytes} [Fri Aug 7 07:39:04 2026] DELETE /resource_providers/0905ac0e-37dd-46ab-9d1a-8503e2e09f42 => generated 246 bytes in 11 msecs (HTTP/1.1 404) 6 headers in 231 bytes (1 switches on core 0)
2026-08-07 07:39:12.540 8 INFO placement.requestlog [None req-3307ceed-8a4f-44e0-953a-eb30addf2f62 - - - - - -] 10.0.0.218 "GET /" status: 200 len: 136 microversion: 1.0
2026-08-07 07:39:12.541 7 INFO placement.requestlog [None req-1d4eb522-3d73-43b3-8094-ea8824644f32 - - - - - -] 10.0.0.218 "GET /" status: 200 len: 136 microversion: 1.0
2026-08-07 07:39:20.162 8 INFO placement.requestlog [req-ad825ea4-8057-466f-b18e-c5271d173885 req-6d8f9a28-21ef-480c-b9c4-52783cafc394 548c99d793c748bc8273a93a8d137dae 10a18ae44d954371a2d17d80ae2ce229 - - faea9a0f6a6441cabf452ff2b7771c2a faea9a0f6a6441cabf452ff2b7771c2a] 199.204.45.248 "GET /resource_providers/4a0e5022-fe97-4d02-82a1-79783f70b556/allocations" status: 200 len: 55 microversion: 1.0 [pid: 8|app: 0|req: 609/1214] 199.204.45.248 () {32 vars in 857 bytes} [Fri Aug 7 07:39:19 2026] GET /resource_providers/4a0e5022-fe97-4d02-82a1-79783f70b556/allocations => generated 55 bytes in 181 msecs (HTTP/1.1 200) 6 headers in 223 bytes (1 switches on core 0)
2026-08-07 07:39:20.186 7 INFO placement.requestlog [req-ad825ea4-8057-466f-b18e-c5271d173885 req-8cbc630a-843b-47b8-becf-69de87d81afd 548c99d793c748bc8273a93a8d137dae 10a18ae44d954371a2d17d80ae2ce229 - - faea9a0f6a6441cabf452ff2b7771c2a faea9a0f6a6441cabf452ff2b7771c2a] 199.204.45.248 "GET /resource_providers?in_tree=4a0e5022-fe97-4d02-82a1-79783f70b556" status: 200 len: 798 microversion: 1.14 [pid: 7|app: 0|req: 606/1215] 199.204.45.248 () {34 vars in 892 bytes} [Fri Aug 7 07:39:20 2026] GET /resource_providers?in_tree=4a0e5022-fe97-4d02-82a1-79783f70b556 => generated 798 bytes in 15 msecs (HTTP/1.1 200) 6 headers in 225 bytes (1 switches on core 0)
2026-08-07 07:39:20.205 8 INFO placement.requestlog [req-ad825ea4-8057-466f-b18e-c5271d173885 req-ebe1dc83-49f4-46e3-9c54-af5c81bfc3d8 548c99d793c748bc8273a93a8d137dae 10a18ae44d954371a2d17d80ae2ce229 - - faea9a0f6a6441cabf452ff2b7771c2a faea9a0f6a6441cabf452ff2b7771c2a] 199.204.45.248 "GET /resource_providers/4a0e5022-fe97-4d02-82a1-79783f70b556/inventories" status: 200 len: 401 microversion: 1.0 [pid: 8|app: 0|req: 610/1216] 199.204.45.248 () {32 vars in 857 bytes} [Fri Aug 7 07:39:20 2026] GET /resource_providers/4a0e5022-fe97-4d02-82a1-79783f70b556/inventories => generated 401 bytes in 13 msecs (HTTP/1.1 200) 6 headers in 224 bytes (1 switches on core 0)
2026-08-07 07:39:20.220 7 INFO placement.requestlog [req-ad825ea4-8057-466f-b18e-c5271d173885 req-419936cc-4586-45b9-8ef4-4761d0f42fcc 548c99d793c748bc8273a93a8d137dae 10a18ae44d954371a2d17d80ae2ce229 - - faea9a0f6a6441cabf452ff2b7771c2a faea9a0f6a6441cabf452ff2b7771c2a] 199.204.45.248 "GET /resource_providers/4a0e5022-fe97-4d02-82a1-79783f70b556/aggregates" status: 200 len: 54 microversion: 1.19 [pid: 7|app: 0|req: 607/1217] 199.204.45.248 () {34 vars in 899 bytes} [Fri Aug 7 07:39:20 2026] GET /resource_providers/4a0e5022-fe97-4d02-82a1-79783f70b556/aggregates => generated 54 bytes in 9 msecs (HTTP/1.1 200) 8 headers in 295 bytes (1 switches on core 0)
2026-08-07 07:39:20.244 8 INFO placement.requestlog [req-ad825ea4-8057-466f-b18e-c5271d173885 req-94e1e23f-fb9d-44ac-80f7-86670478e94e 548c99d793c748bc8273a93a8d137dae 10a18ae44d954371a2d17d80ae2ce229 - - faea9a0f6a6441cabf452ff2b7771c2a faea9a0f6a6441cabf452ff2b7771c2a] 199.204.45.248 "GET /resource_providers/4a0e5022-fe97-4d02-82a1-79783f70b556/traits" status: 200 len: 1978 microversion: 1.6 [pid: 8|app: 0|req: 611/1218] 199.204.45.248 () {34 vars in 890 bytes} [Fri Aug 7 07:39:20 2026] GET /resource_providers/4a0e5022-fe97-4d02-82a1-79783f70b556/traits => generated 1978 bytes in 18 msecs (HTTP/1.1 200) 6 headers in 225 bytes (1 switches on core 0)
2026-08-07 07:39:20.261 7 INFO placement.requestlog [req-ad825ea4-8057-466f-b18e-c5271d173885 req-b7e1e400-b774-4a77-b067-9aecf9be3a54 548c99d793c748bc8273a93a8d137dae 10a18ae44d954371a2d17d80ae2ce229 - - faea9a0f6a6441cabf452ff2b7771c2a faea9a0f6a6441cabf452ff2b7771c2a] 199.204.45.248 "GET /resource_providers/4a0e5022-fe97-4d02-82a1-79783f70b556/allocations" status: 200 len: 55 microversion: 1.0 [pid: 7|app: 0|req: 608/1219] 199.204.45.248 () {32 vars in 857 bytes} [Fri Aug 7 07:39:20 2026] GET /resource_providers/4a0e5022-fe97-4d02-82a1-79783f70b556/allocations => generated 55 bytes in 10 msecs (HTTP/1.1 200) 6 headers in 223 bytes (1 switches on core 0)
2026-08-07 07:39:22.540 7 INFO placement.requestlog [None req-13ac3d1a-a613-4622-9464-f3af96cbbb4f - - - - - -] 10.0.0.218 "GET /" status: 200 len: 136 microversion: 1.0
2026-08-07 07:39:22.540 8 INFO placement.requestlog [None req-b9f00b25-83db-4580-81fb-7dbfc15996cd - - - - - -] 10.0.0.218 "GET /" status: 200 len: 136 microversion: 1.0
2026-08-07 07:39:26.198 8 INFO placement.requestlog [None req-2c2e7140-bbb1-4407-951d-07ec8098015a 69310a7a03264a29b17f7af5244b78ef 10a18ae44d954371a2d17d80ae2ce229 - - faea9a0f6a6441cabf452ff2b7771c2a faea9a0f6a6441cabf452ff2b7771c2a] 10.0.0.33 "GET /resource_providers/8dd61e1a-b4f3-4869-83ba-9e55d47b4f73/aggregates" status: 404 len: 235 microversion: 1.1 [pid: 8|app: 0|req: 613/1222] 10.0.0.33 () {32 vars in 815 bytes} [Fri Aug 7 07:39:26 2026] GET /resource_providers/8dd61e1a-b4f3-4869-83ba-9e55d47b4f73/aggregates => generated 235 bytes in 9 msecs (HTTP/1.1 404) 5 headers in 202 bytes (1 switches on core 0)
2026-08-07 07:39:26.199 7 INFO placement.requestlog [None req-37ce7a8a-b654-48b2-a7a0-aa5eb183f261 69310a7a03264a29b17f7af5244b78ef 10a18ae44d954371a2d17d80ae2ce229 - - faea9a0f6a6441cabf452ff2b7771c2a faea9a0f6a6441cabf452ff2b7771c2a] 10.0.0.33 "GET /resource_providers/8dd61e1a-b4f3-4869-83ba-9e55d47b4f73/aggregates" status: 404 len: 235 microversion: 1.1 [pid: 7|app: 0|req: 610/1223] 10.0.0.33 () {32 vars in 815 bytes} [Fri Aug 7 07:39:26 2026] GET /resource_providers/8dd61e1a-b4f3-4869-83ba-9e55d47b4f73/aggregates => generated 235 bytes in 10 msecs (HTTP/1.1 404) 5 headers in 202 bytes (1 switches on core 0)
2026-08-07 07:39:26.221 8 INFO placement.requestlog [None req-bd98b74d-41da-4e4f-9add-ae30ff6e8f12 69310a7a03264a29b17f7af5244b78ef 10a18ae44d954371a2d17d80ae2ce229 - - faea9a0f6a6441cabf452ff2b7771c2a faea9a0f6a6441cabf452ff2b7771c2a] 10.0.0.33 "DELETE /resource_providers/8dd61e1a-b4f3-4869-83ba-9e55d47b4f73" status: 404 len: 246 microversion: 1.1 [pid: 8|app: 0|req: 614/1224] 10.0.0.33 () {34 vars in 815 bytes} [Fri Aug 7 07:39:26 2026] DELETE /resource_providers/8dd61e1a-b4f3-4869-83ba-9e55d47b4f73 => generated 246 bytes in 8 msecs (HTTP/1.1 404) 6 headers in 231 bytes (1 switches on core 0)
2026-08-07 07:39:26.223 7 INFO placement.requestlog [None req-2a67d778-ee77-49d3-9db1-19cca05f0db4 69310a7a03264a29b17f7af5244b78ef 10a18ae44d954371a2d17d80ae2ce229 - - faea9a0f6a6441cabf452ff2b7771c2a faea9a0f6a6441cabf452ff2b7771c2a] 10.0.0.33 "DELETE /resource_providers/8dd61e1a-b4f3-4869-83ba-9e55d47b4f73" status: 404 len: 246 microversion: 1.1 [pid: 7|app: 0|req: 611/1225] 10.0.0.33 () {34 vars in 815 bytes} [Fri Aug 7 07:39:26 2026] DELETE /resource_providers/8dd61e1a-b4f3-4869-83ba-9e55d47b4f73 => generated 246 bytes in 9 msecs (HTTP/1.1 404) 6 headers in 231 bytes (1 switches on core 0)
2026-08-07 07:39:32.540 8 INFO placement.requestlog [None req-186a6b19-318f-49d3-a3ae-77d387b0a63c - - - - - -] 10.0.0.218 "GET /" status: 200 len: 136 microversion: 1.0
2026-08-07 07:39:32.541 7 INFO placement.requestlog [None req-94dcb9d9-a26d-4af8-8474-f417392df88a - - - - - -] 10.0.0.218 "GET /" status: 200 len: 136 microversion: 1.0
2026-08-07 07:39:33.525 7 INFO placement.requestlog [None req-1f2f2e3a-11f0-464b-ab06-cbd779122172 69310a7a03264a29b17f7af5244b78ef 10a18ae44d954371a2d17d80ae2ce229 - - faea9a0f6a6441cabf452ff2b7771c2a faea9a0f6a6441cabf452ff2b7771c2a] 10.0.0.33 "GET /resource_providers/c7b4844f-9ea0-450e-8771-24c8de2b422d/aggregates" status: 404 len: 235 microversion: 1.1 [pid: 7|app: 0|req: 613/1228] 10.0.0.33 () {32 vars in 815 bytes} [Fri Aug 7 07:39:33 2026] GET /resource_providers/c7b4844f-9ea0-450e-8771-24c8de2b422d/aggregates => generated 235 bytes in 12 msecs (HTTP/1.1 404) 5 headers in 202 bytes (1 switches on core 0)
