Apr 02 05:47:20.404175 np0000162724 devstack@neutron-api.service[102314]: DEBUG neutron_lib.callbacks.manager [None req-7a381cf6-61c9-424d-8270-c173f45a5ada None None] Subscribe: > router after_delete 55550000, False {{(pid=102314) subscribe /opt/stack/data/venv/lib/python3.12/site-packages/neutron_lib/callbacks/manager.py:52}}
Apr 02 05:47:20.404585 np0000162724 devstack@neutron-api.service[102317]: DEBUG neutron_lib.callbacks.manager [None req-6b8f4ec3-606b-4acd-919e-93531120fd00 None None] Subscribe: > address_group after_create 55550000, False {{(pid=102317) subscribe /opt/stack/data/venv/lib/python3.12/site-packages/neutron_lib/callbacks/manager.py:52}}
Apr 02 05:47:20.404942 np0000162724 devstack@neutron-api.service[102314]: DEBUG neutron_lib.callbacks.manager [None req-7a381cf6-61c9-424d-8270-c173f45a5ada None None] Subscribe: > router after_update 55550000, False {{(pid=102314) subscribe /opt/stack/data/venv/lib/python3.12/site-packages/neutron_lib/callbacks/manager.py:52}}
Apr 02 05:47:20.405343 np0000162724 devstack@neutron-api.service[102317]: DEBUG neutron_lib.callbacks.manager [None req-6b8f4ec3-606b-4acd-919e-93531120fd00 None None] Subscribe: > address_group after_update 55550000, False {{(pid=102317) subscribe /opt/stack/data/venv/lib/python3.12/site-packages/neutron_lib/callbacks/manager.py:52}}
Apr 02 05:47:20.405712 np0000162724 devstack@neutron-api.service[102314]: DEBUG neutron.services.service_base [None req-7a381cf6-61c9-424d-8270-c173f45a5ada None None] Loaded 'neutron.services.ovn_l3.service_providers.ovn.OvnDriver' provider for service L3_ROUTER_NAT {{(pid=102314) load_drivers /opt/stack/neutron/neutron/services/service_base.py:49}}
Apr 02 05:47:20.406071 np0000162724 devstack@neutron-api.service[102317]: DEBUG neutron_lib.callbacks.manager [None req-6b8f4ec3-606b-4acd-919e-93531120fd00 None None] Subscribe: > address_group after_delete 55550000, False {{(pid=102317) subscribe /opt/stack/data/venv/lib/python3.12/site-packages/neutron_lib/callbacks/manager.py:52}}
Apr 02 05:47:20.406419 np0000162724 devstack@neutron-api.service[102314]: DEBUG neutron_lib.callbacks.manager [None req-7a381cf6-61c9-424d-8270-c173f45a5ada None None] Subscribe: > process after_init 55550001, True {{(pid=102314) subscribe /opt/stack/data/venv/lib/python3.12/site-packages/neutron_lib/callbacks/manager.py:52}}
Apr 02 05:47:20.406698 np0000162724 devstack@neutron-api.service[102317]: DEBUG neutron_lib.callbacks.manager [None req-6b8f4ec3-606b-4acd-919e-93531120fd00 None None] Subscribe: > qos_plugin after_init 55550000, False {{(pid=102317) subscribe /opt/stack/data/venv/lib/python3.12/site-packages/neutron_lib/callbacks/manager.py:52}}
Apr 02 05:47:20.406908 np0000162724 devstack@neutron-api.service[102314]: DEBUG neutron.manager [None req-7a381cf6-61c9-424d-8270-c173f45a5ada None None] Successfully loaded L3_ROUTER_NAT plugin. Description: L3 Router Service Plugin for basic L3 forwarding using OVN {{(pid=102314) _create_and_add_service_plugin /opt/stack/neutron/neutron/manager.py:239}}
Apr 02 05:47:20.406908 np0000162724 devstack@neutron-api.service[102314]: INFO neutron.manager [None req-7a381cf6-61c9-424d-8270-c173f45a5ada None None] Loading Plugin: auto_allocate
Apr 02 05:47:20.407207 np0000162724 devstack@neutron-api.service[102317]: DEBUG neutron_lib.callbacks.manager [None req-6b8f4ec3-606b-4acd-919e-93531120fd00 None None] Subscribe: > trunk_plugin after_init 55550000, False {{(pid=102317) subscribe /opt/stack/data/venv/lib/python3.12/site-packages/neutron_lib/callbacks/manager.py:52}}
Apr 02 05:47:20.407207 np0000162724 devstack@neutron-api.service[102317]: DEBUG neutron_lib.callbacks.manager [None req-6b8f4ec3-606b-4acd-919e-93531120fd00 None None] Subscribe: > logging-plugin after_init 55550000, False {{(pid=102317) subscribe /opt/stack/data/venv/lib/python3.12/site-packages/neutron_lib/callbacks/manager.py:52}}
Apr 02 05:47:20.407457 np0000162724 devstack@neutron-api.service[102316]: INFO neutron.plugins.ml2.drivers.type_vlan [None req-29108a6e-c50d-42de-babf-3f74abfd2887 None None] VlanTypeDriver initialization complete
Apr 02 05:47:20.407817 np0000162724 devstack@neutron-api.service[102314]: DEBUG neutron_lib.callbacks.manager [None req-7a381cf6-61c9-424d-8270-c173f45a5ada None None] Subscribe: network precommit_update 55550000, False {{(pid=102314) subscribe /opt/stack/data/venv/lib/python3.12/site-packages/neutron_lib/callbacks/manager.py:52}}
Apr 02 05:47:20.408024 np0000162724 devstack@neutron-api.service[102316]: INFO neutron.plugins.ml2.managers [None req-29108a6e-c50d-42de-babf-3f74abfd2887 None None] Initializing extension driver 'port_security'
Apr 02 05:47:20.408330 np0000162724 devstack@neutron-api.service[102314]: DEBUG neutron_lib.callbacks.manager [None req-7a381cf6-61c9-424d-8270-c173f45a5ada None None] Subscribe: network precommit_create 55550000, False {{(pid=102314) subscribe /opt/stack/data/venv/lib/python3.12/site-packages/neutron_lib/callbacks/manager.py:52}}
Apr 02 05:47:20.408540 np0000162724 devstack@neutron-api.service[102317]: INFO neutron.services.logapi.drivers.ovn.driver [None req-6b8f4ec3-606b-4acd-919e-93531120fd00 None None] OVN logging driver registered
Apr 02 05:47:20.408742 np0000162724 devstack@neutron-api.service[102316]: INFO neutron.plugins.ml2.extensions.port_security [None req-29108a6e-c50d-42de-babf-3f74abfd2887 None None] PortSecurityExtensionDriver initialization complete
Apr 02 05:47:20.408742 np0000162724 devstack@neutron-api.service[102316]: INFO neutron.plugins.ml2.managers [None req-29108a6e-c50d-42de-babf-3f74abfd2887 None None] Initializing extension driver 'qos'
Apr 02 05:47:20.408742 np0000162724 devstack@neutron-api.service[102316]: DEBUG neutron.plugins.ml2.extensions.qos [None req-29108a6e-c50d-42de-babf-3f74abfd2887 None None] QosExtensionDriver initialization complete {{(pid=102316) initialize /opt/stack/neutron/neutron/plugins/ml2/extensions/qos.py:31}}
Apr 02 05:47:20.408897 np0000162724 devstack@neutron-api.service[102314]: DEBUG neutron.manager [None req-7a381cf6-61c9-424d-8270-c173f45a5ada None None] Successfully loaded auto-allocated-topology plugin. Description: Auto Allocated Topology - aka get me a network. {{(pid=102314) _create_and_add_service_plugin /opt/stack/neutron/neutron/manager.py:239}}
Apr 02 05:47:20.408958 np0000162724 devstack@neutron-api.service[102316]: INFO neutron.plugins.ml2.managers [None req-29108a6e-c50d-42de-babf-3f74abfd2887 None None] Initializing mechanism driver 'ovn'
Apr 02 05:47:20.408997 np0000162724 devstack@neutron-api.service[102314]: INFO neutron.manager [None req-7a381cf6-61c9-424d-8270-c173f45a5ada None None] Loading Plugin: tag
Apr 02 05:47:20.409056 np0000162724 devstack@neutron-api.service[102316]: INFO neutron.plugins.ml2.drivers.ovn.mech_driver.mech_driver [None req-29108a6e-c50d-42de-babf-3f74abfd2887 None None] Starting OVNMechanismDriver
Apr 02 05:47:20.409115 np0000162724 devstack@neutron-api.service[102317]: DEBUG neutron.plugins.ml2.plugin [None req-6b8f4ec3-606b-4acd-919e-93531120fd00 None None] neutron.plugins.ml2.plugin.Ml2Plugin method _start_rpc_notifiers called with arguments () {} {{(pid=102317) wrapper /opt/stack/data/venv/lib/python3.12/site-packages/oslo_log/helpers.py:77}}
Apr 02 05:47:20.409115 np0000162724 devstack@neutron-api.service[102317]: DEBUG neutron_lib.callbacks.manager [None req-6b8f4ec3-606b-4acd-919e-93531120fd00 None None] Subscribe: > port after_create 55550000, False {{(pid=102317) subscribe /opt/stack/data/venv/lib/python3.12/site-packages/neutron_lib/callbacks/manager.py:52}}
Apr 02 05:47:20.409115 np0000162724 devstack@neutron-api.service[102317]: DEBUG neutron_lib.callbacks.manager [None req-6b8f4ec3-606b-4acd-919e-93531120fd00 None None] Subscribe: > port after_update 55550000, False {{(pid=102317) subscribe /opt/stack/data/venv/lib/python3.12/site-packages/neutron_lib/callbacks/manager.py:52}}
Apr 02 05:47:20.409115 np0000162724 devstack@neutron-api.service[102317]: DEBUG neutron_lib.callbacks.manager [None req-6b8f4ec3-606b-4acd-919e-93531120fd00 None None] Subscribe: > port after_delete 55550000, False {{(pid=102317) subscribe /opt/stack/data/venv/lib/python3.12/site-packages/neutron_lib/callbacks/manager.py:52}}
Apr 02 05:47:20.409217 np0000162724 devstack@neutron-api.service[102316]: DEBUG neutron_lib.callbacks.manager [None req-29108a6e-c50d-42de-babf-3f74abfd2887 None None] Subscribe: > process before_spawn 55550000, False {{(pid=102316) subscribe /opt/stack/data/venv/lib/python3.12/site-packages/neutron_lib/callbacks/manager.py:52}}
Apr 02 05:47:20.409323 np0000162724 devstack@neutron-api.service[102317]: DEBUG neutron_lib.callbacks.manager [None req-6b8f4ec3-606b-4acd-919e-93531120fd00 None None] Subscribe: > subnet after_create 55550000, False {{(pid=102317) subscribe /opt/stack/data/venv/lib/python3.12/site-packages/neutron_lib/callbacks/manager.py:52}}
Apr 02 05:47:20.409323 np0000162724 devstack@neutron-api.service[102317]: DEBUG neutron_lib.callbacks.manager [None req-6b8f4ec3-606b-4acd-919e-93531120fd00 None None] Subscribe: > subnet after_update 55550000, False {{(pid=102317) subscribe /opt/stack/data/venv/lib/python3.12/site-packages/neutron_lib/callbacks/manager.py:52}}
Apr 02 05:47:20.409407 np0000162724 devstack@neutron-api.service[102316]: DEBUG neutron_lib.callbacks.manager [None req-29108a6e-c50d-42de-babf-3f74abfd2887 None None] Subscribe: > process after_init 55550000, True {{(pid=102316) subscribe /opt/stack/data/venv/lib/python3.12/site-packages/neutron_lib/callbacks/manager.py:52}}
Apr 02 05:47:20.409469 np0000162724 devstack@neutron-api.service[102317]: DEBUG neutron_lib.callbacks.manager [None req-6b8f4ec3-606b-4acd-919e-93531120fd00 None None] Subscribe: > subnet after_delete 55550000, False {{(pid=102317) subscribe /opt/stack/data/venv/lib/python3.12/site-packages/neutron_lib/callbacks/manager.py:52}}
Apr 02 05:47:20.409498 np0000162724 devstack@neutron-api.service[102316]: DEBUG neutron_lib.callbacks.manager [None req-29108a6e-c50d-42de-babf-3f74abfd2887 None None] Subscribe: > segment after_create 55550000, False {{(pid=102316) subscribe /opt/stack/data/venv/lib/python3.12/site-packages/neutron_lib/callbacks/manager.py:52}}
Apr 02 05:47:20.409560 np0000162724 devstack@neutron-api.service[102317]: DEBUG neutron_lib.callbacks.manager [None req-6b8f4ec3-606b-4acd-919e-93531120fd00 None None] Subscribe: > network after_create 55550000, False {{(pid=102317) subscribe /opt/stack/data/venv/lib/python3.12/site-packages/neutron_lib/callbacks/manager.py:52}}
Apr 02 05:47:20.409616 np0000162724 devstack@neutron-api.service[102316]: DEBUG neutron_lib.callbacks.manager [None req-29108a6e-c50d-42de-babf-3f74abfd2887 None None] Subscribe: > segment after_create 55550000, False {{(pid=102316) subscribe /opt/stack/data/venv/lib/python3.12/site-packages/neutron_lib/callbacks/manager.py:52}}
Apr 02 05:47:20.409649 np0000162724 devstack@neutron-api.service[102317]: DEBUG neutron_lib.callbacks.manager [None req-6b8f4ec3-606b-4acd-919e-93531120fd00 None None] Subscribe: > network after_update 55550000, False {{(pid=102317) subscribe /opt/stack/data/venv/lib/python3.12/site-packages/neutron_lib/callbacks/manager.py:52}}
Apr 02 05:47:20.409711 np0000162724 devstack@neutron-api.service[102316]: DEBUG neutron_lib.callbacks.manager [None req-29108a6e-c50d-42de-babf-3f74abfd2887 None None] Subscribe: > segment after_delete 55550000, False {{(pid=102316) subscribe /opt/stack/data/venv/lib/python3.12/site-packages/neutron_lib/callbacks/manager.py:52}}
Apr 02 05:47:20.409740 np0000162724 devstack@neutron-api.service[102317]: DEBUG neutron_lib.callbacks.manager [None req-6b8f4ec3-606b-4acd-919e-93531120fd00 None None] Subscribe: > network after_delete 55550000, False {{(pid=102317) subscribe /opt/stack/data/venv/lib/python3.12/site-packages/neutron_lib/callbacks/manager.py:52}}
Apr 02 05:47:20.409798 np0000162724 devstack@neutron-api.service[102316]: DEBUG neutron_lib.callbacks.manager [None req-29108a6e-c50d-42de-babf-3f74abfd2887 None None] Subscribe: > allowed_address_pair before_create 55550000, False {{(pid=102316) subscribe /opt/stack/data/venv/lib/python3.12/site-packages/neutron_lib/callbacks/manager.py:52}}
Apr 02 05:47:20.409827 np0000162724 devstack@neutron-api.service[102317]: DEBUG neutron_lib.callbacks.manager [None req-6b8f4ec3-606b-4acd-919e-93531120fd00 None None] Subscribe: > security_group after_create 55550000, False {{(pid=102317) subscribe /opt/stack/data/venv/lib/python3.12/site-packages/neutron_lib/callbacks/manager.py:52}}
Apr 02 05:47:20.409888 np0000162724 devstack@neutron-api.service[102316]: DEBUG neutron_lib.callbacks.manager [None req-29108a6e-c50d-42de-babf-3f74abfd2887 None None] Subscribe: > security_group precommit_create 55550000, False {{(pid=102316) subscribe /opt/stack/data/venv/lib/python3.12/site-packages/neutron_lib/callbacks/manager.py:52}}
Apr 02 05:47:20.409916 np0000162724 devstack@neutron-api.service[102317]: DEBUG neutron_lib.callbacks.manager [None req-6b8f4ec3-606b-4acd-919e-93531120fd00 None None] Subscribe: > security_group after_update 55550000, False {{(pid=102317) subscribe /opt/stack/data/venv/lib/python3.12/site-packages/neutron_lib/callbacks/manager.py:52}}
Apr 02 05:47:20.409977 np0000162724 devstack@neutron-api.service[102316]: DEBUG neutron_lib.callbacks.manager [None req-29108a6e-c50d-42de-babf-3f74abfd2887 None None] Subscribe: > security_group after_update 55550000, False {{(pid=102316) subscribe /opt/stack/data/venv/lib/python3.12/site-packages/neutron_lib/callbacks/manager.py:52}}
Apr 02 05:47:20.410006 np0000162724 devstack@neutron-api.service[102317]: DEBUG neutron_lib.callbacks.manager [None req-6b8f4ec3-606b-4acd-919e-93531120fd00 None None] Subscribe: > security_group after_delete 55550000, False {{(pid=102317) subscribe /opt/stack/data/venv/lib/python3.12/site-packages/neutron_lib/callbacks/manager.py:52}}
Apr 02 05:47:20.410070 np0000162724 devstack@neutron-api.service[102316]: DEBUG neutron_lib.callbacks.manager [None req-29108a6e-c50d-42de-babf-3f74abfd2887 None None] Subscribe: > security_group after_create 55550000, False {{(pid=102316) subscribe /opt/stack/data/venv/lib/python3.12/site-packages/neutron_lib/callbacks/manager.py:52}}
Apr 02 05:47:20.410132 np0000162724 devstack@neutron-api.service[102317]: DEBUG neutron_lib.callbacks.manager [None req-6b8f4ec3-606b-4acd-919e-93531120fd00 None None] Subscribe: > security_group_rule after_create 55550000, False {{(pid=102317) subscribe /opt/stack/data/venv/lib/python3.12/site-packages/neutron_lib/callbacks/manager.py:52}}
Apr 02 05:47:20.410163 np0000162724 devstack@neutron-api.service[102314]: DEBUG neutron.manager [None req-7a381cf6-61c9-424d-8270-c173f45a5ada None None] Successfully loaded TAG plugin. Description: Tag support {{(pid=102314) _create_and_add_service_plugin /opt/stack/neutron/neutron/manager.py:239}}
Apr 02 05:47:20.410218 np0000162724 devstack@neutron-api.service[102316]: DEBUG neutron_lib.callbacks.manager [None req-29108a6e-c50d-42de-babf-3f74abfd2887 None None] Subscribe: > security_group precommit_delete 55550000, False {{(pid=102316) subscribe /opt/stack/data/venv/lib/python3.12/site-packages/neutron_lib/callbacks/manager.py:52}}
Apr 02 05:47:20.410267 np0000162724 devstack@neutron-api.service[102317]: DEBUG neutron_lib.callbacks.manager [None req-6b8f4ec3-606b-4acd-919e-93531120fd00 None None] Subscribe: > security_group_rule after_update 55550000, False {{(pid=102317) subscribe /opt/stack/data/venv/lib/python3.12/site-packages/neutron_lib/callbacks/manager.py:52}}
Apr 02 05:47:20.410332 np0000162724 devstack@neutron-api.service[102314]: INFO neutron.manager [None req-7a381cf6-61c9-424d-8270-c173f45a5ada None None] Loading Plugin: timestamp
Apr 02 05:47:20.410359 np0000162724 devstack@neutron-api.service[102316]: DEBUG neutron_lib.callbacks.manager [None req-29108a6e-c50d-42de-babf-3f74abfd2887 None None] Subscribe: > security_group after_delete 55550000, False {{(pid=102316) subscribe /opt/stack/data/venv/lib/python3.12/site-packages/neutron_lib/callbacks/manager.py:52}}
Apr 02 05:47:20.410413 np0000162724 devstack@neutron-api.service[102317]: DEBUG neutron_lib.callbacks.manager [None req-6b8f4ec3-606b-4acd-919e-93531120fd00 None None] Subscribe: > security_group_rule after_delete 55550000, False {{(pid=102317) subscribe /opt/stack/data/venv/lib/python3.12/site-packages/neutron_lib/callbacks/manager.py:52}}
Apr 02 05:47:20.410440 np0000162724 devstack@neutron-api.service[102316]: DEBUG neutron_lib.callbacks.manager [None req-29108a6e-c50d-42de-babf-3f74abfd2887 None None] Subscribe: > security_group_rule precommit_create 55550000, False {{(pid=102316) subscribe /opt/stack/data/venv/lib/python3.12/site-packages/neutron_lib/callbacks/manager.py:52}}
Apr 02 05:47:20.410505 np0000162724 devstack@neutron-api.service[102317]: DEBUG neutron_lib.callbacks.manager [None req-6b8f4ec3-606b-4acd-919e-93531120fd00 None None] Subscribe: > address_group after_create 55550000, False {{(pid=102317) subscribe /opt/stack/data/venv/lib/python3.12/site-packages/neutron_lib/callbacks/manager.py:52}}
Apr 02 05:47:20.410567 np0000162724 devstack@neutron-api.service[102316]: DEBUG neutron_lib.callbacks.manager [None req-29108a6e-c50d-42de-babf-3f74abfd2887 None None] Subscribe: > security_group_rule after_create 55550000, False {{(pid=102316) subscribe /opt/stack/data/venv/lib/python3.12/site-packages/neutron_lib/callbacks/manager.py:52}}
Apr 02 05:47:20.410597 np0000162724 devstack@neutron-api.service[102317]: DEBUG neutron_lib.callbacks.manager [None req-6b8f4ec3-606b-4acd-919e-93531120fd00 None None] Subscribe: > address_group after_update 55550000, False {{(pid=102317) subscribe /opt/stack/data/venv/lib/python3.12/site-packages/neutron_lib/callbacks/manager.py:52}}
Apr 02 05:47:20.410655 np0000162724 devstack@neutron-api.service[102316]: DEBUG neutron_lib.callbacks.manager [None req-29108a6e-c50d-42de-babf-3f74abfd2887 None None] Subscribe: > security_group_rule before_delete 55550000, False {{(pid=102316) subscribe /opt/stack/data/venv/lib/python3.12/site-packages/neutron_lib/callbacks/manager.py:52}}
Apr 02 05:47:20.410690 np0000162724 devstack@neutron-api.service[102317]: DEBUG neutron_lib.callbacks.manager [None req-6b8f4ec3-606b-4acd-919e-93531120fd00 None None] Subscribe: > address_group after_delete 55550000, False {{(pid=102317) subscribe /opt/stack/data/venv/lib/python3.12/site-packages/neutron_lib/callbacks/manager.py:52}}
Apr 02 05:47:20.410749 np0000162724 devstack@neutron-api.service[102316]: DEBUG neutron_lib.callbacks.manager [None req-29108a6e-c50d-42de-babf-3f74abfd2887 None None] Subscribe: > address_group after_create 55550000, False {{(pid=102316) subscribe /opt/stack/data/venv/lib/python3.12/site-packages/neutron_lib/callbacks/manager.py:52}}
Apr 02 05:47:20.410805 np0000162724 devstack@neutron-api.service[102317]: DEBUG neutron.plugins.ml2.ovo_rpc [None req-6b8f4ec3-606b-4acd-919e-93531120fd00 None None] ML2 OVO RPC backend initialized. {{(pid=102317) __init__ /opt/stack/neutron/neutron/plugins/ml2/ovo_rpc.py:117}}
Apr 02 05:47:20.410831 np0000162724 devstack@neutron-api.service[102316]: DEBUG neutron_lib.callbacks.manager [None req-29108a6e-c50d-42de-babf-3f74abfd2887 None None] Subscribe: > address_group after_update 55550000, False {{(pid=102316) subscribe /opt/stack/data/venv/lib/python3.12/site-packages/neutron_lib/callbacks/manager.py:52}}
Apr 02 05:47:20.410831 np0000162724 devstack@neutron-api.service[102316]: DEBUG neutron_lib.callbacks.manager [None req-29108a6e-c50d-42de-babf-3f74abfd2887 None None] Subscribe: > address_group after_delete 55550000, False {{(pid=102316) subscribe /opt/stack/data/venv/lib/python3.12/site-packages/neutron_lib/callbacks/manager.py:52}}
Apr 02 05:47:20.410831 np0000162724 devstack@neutron-api.service[102316]: DEBUG neutron_lib.callbacks.manager [None req-29108a6e-c50d-42de-babf-3f74abfd2887 None None] Subscribe: > qos_plugin after_init 55550000, False {{(pid=102316) subscribe /opt/stack/data/venv/lib/python3.12/site-packages/neutron_lib/callbacks/manager.py:52}}
Apr 02 05:47:20.410831 np0000162724 devstack@neutron-api.service[102316]: DEBUG neutron_lib.callbacks.manager [None req-29108a6e-c50d-42de-babf-3f74abfd2887 None None] Subscribe: > trunk_plugin after_init 55550000, False {{(pid=102316) subscribe /opt/stack/data/venv/lib/python3.12/site-packages/neutron_lib/callbacks/manager.py:52}}
Apr 02 05:47:20.410998 np0000162724 devstack@neutron-api.service[102314]: DEBUG neutron.manager [None req-7a381cf6-61c9-424d-8270-c173f45a5ada None None] Successfully loaded timestamp plugin. Description: Adds timestamps to Neutron resources with standard attributes {{(pid=102314) _create_and_add_service_plugin /opt/stack/neutron/neutron/manager.py:239}}
Apr 02 05:47:20.411056 np0000162724 devstack@neutron-api.service[102316]: DEBUG neutron_lib.callbacks.manager [None req-29108a6e-c50d-42de-babf-3f74abfd2887 None None] Subscribe: > logging-plugin after_init 55550000, False {{(pid=102316) subscribe /opt/stack/data/venv/lib/python3.12/site-packages/neutron_lib/callbacks/manager.py:52}}
Apr 02 05:47:20.411090 np0000162724 devstack@neutron-api.service[102317]: INFO neutron.quota [None req-6b8f4ec3-606b-4acd-919e-93531120fd00 None None] Loaded quota_driver: .
Apr 02 05:47:20.411152 np0000162724 devstack@neutron-api.service[102314]: INFO neutron.manager [None req-7a381cf6-61c9-424d-8270-c173f45a5ada None None] Loading Plugin: network_ip_availability
Apr 02 05:47:20.411209 np0000162724 devstack@neutron-api.service[102317]: INFO neutron.plugins.ml2.plugin [None req-6b8f4ec3-606b-4acd-919e-93531120fd00 None None] Modular L2 Plugin initialization complete
Apr 02 05:47:20.411209 np0000162724 devstack@neutron-api.service[102317]: DEBUG neutron.manager [None req-6b8f4ec3-606b-4acd-919e-93531120fd00 None None] Loading services supported by the core plugin {{(pid=102317) _load_services_from_core_plugin /opt/stack/neutron/neutron/manager.py:170}}
Apr 02 05:47:20.411209 np0000162724 devstack@neutron-api.service[102317]: INFO neutron.plugins.ml2.managers [None req-6b8f4ec3-606b-4acd-919e-93531120fd00 None None] Got port-security extension from driver 'port_security'
Apr 02 05:47:20.411304 np0000162724 devstack@neutron-api.service[102316]: INFO neutron.services.logapi.drivers.ovn.driver [None req-29108a6e-c50d-42de-babf-3f74abfd2887 None None] OVN logging driver registered
Apr 02 05:47:20.411380 np0000162724 devstack@neutron-api.service[102317]: DEBUG neutron.manager [None req-6b8f4ec3-606b-4acd-919e-93531120fd00 None None] Loading service plugins: ['ovn-router', 'auto_allocate', 'tag', 'timestamp', 'network_ip_availability', 'flavors', 'revisions'] {{(pid=102317) _load_service_plugins /opt/stack/neutron/neutron/manager.py:195}}
Apr 02 05:47:20.411380 np0000162724 devstack@neutron-api.service[102317]: INFO neutron.manager [None req-6b8f4ec3-606b-4acd-919e-93531120fd00 None None] Loading Plugin: ovn-router
Apr 02 05:47:20.411425 np0000162724 devstack@neutron-api.service[102314]: DEBUG neutron.manager [None req-7a381cf6-61c9-424d-8270-c173f45a5ada None None] Successfully loaded network-ip-availability plugin. Description: Provides IP availability data for each network and subnet. {{(pid=102314) _create_and_add_service_plugin /opt/stack/neutron/neutron/manager.py:239}}
Apr 02 05:47:20.411425 np0000162724 devstack@neutron-api.service[102314]: INFO neutron.manager [None req-7a381cf6-61c9-424d-8270-c173f45a5ada None None] Loading Plugin: flavors
Apr 02 05:47:20.411501 np0000162724 devstack@neutron-api.service[102316]: DEBUG neutron.plugins.ml2.plugin [None req-29108a6e-c50d-42de-babf-3f74abfd2887 None None] neutron.plugins.ml2.plugin.Ml2Plugin method _start_rpc_notifiers called with arguments () {} {{(pid=102316) wrapper /opt/stack/data/venv/lib/python3.12/site-packages/oslo_log/helpers.py:77}}
Apr 02 05:47:20.411501 np0000162724 devstack@neutron-api.service[102316]: DEBUG neutron_lib.callbacks.manager [None req-29108a6e-c50d-42de-babf-3f74abfd2887 None None] Subscribe: > port after_create 55550000, False {{(pid=102316) subscribe /opt/stack/data/venv/lib/python3.12/site-packages/neutron_lib/callbacks/manager.py:52}}
Apr 02 05:47:20.411501 np0000162724 devstack@neutron-api.service[102316]: DEBUG neutron_lib.callbacks.manager [None req-29108a6e-c50d-42de-babf-3f74abfd2887 None None] Subscribe: > port after_update 55550000, False {{(pid=102316) subscribe /opt/stack/data/venv/lib/python3.12/site-packages/neutron_lib/callbacks/manager.py:52}}
Apr 02 05:47:20.411501 np0000162724 devstack@neutron-api.service[102316]: DEBUG neutron_lib.callbacks.manager [None req-29108a6e-c50d-42de-babf-3f74abfd2887 None None] Subscribe: > port after_delete 55550000, False {{(pid=102316) subscribe /opt/stack/data/venv/lib/python3.12/site-packages/neutron_lib/callbacks/manager.py:52}}
Apr 02 05:47:20.411501 np0000162724 devstack@neutron-api.service[102316]: DEBUG neutron_lib.callbacks.manager [None req-29108a6e-c50d-42de-babf-3f74abfd2887 None None] Subscribe: > subnet after_create 55550000, False {{(pid=102316) subscribe /opt/stack/data/venv/lib/python3.12/site-packages/neutron_lib/callbacks/manager.py:52}}
Apr 02 05:47:20.411662 np0000162724 devstack@neutron-api.service[102314]: DEBUG neutron.manager [None req-7a381cf6-61c9-424d-8270-c173f45a5ada None None] Successfully loaded FLAVORS plugin. Description: Neutron Flavors and Service Profiles manager plugin {{(pid=102314) _create_and_add_service_plugin /opt/stack/neutron/neutron/manager.py:239}}
Apr 02 05:47:20.411711 np0000162724 devstack@neutron-api.service[102316]: DEBUG neutron_lib.callbacks.manager [None req-29108a6e-c50d-42de-babf-3f74abfd2887 None None] Subscribe: > subnet after_update 55550000, False {{(pid=102316) subscribe /opt/stack/data/venv/lib/python3.12/site-packages/neutron_lib/callbacks/manager.py:52}}
Apr 02 05:47:20.411737 np0000162724 devstack@neutron-api.service[102314]: INFO neutron.manager [None req-7a381cf6-61c9-424d-8270-c173f45a5ada None None] Loading Plugin: revisions
Apr 02 05:47:20.411789 np0000162724 devstack@neutron-api.service[102316]: DEBUG neutron_lib.callbacks.manager [None req-29108a6e-c50d-42de-babf-3f74abfd2887 None None] Subscribe: > subnet after_delete 55550000, False {{(pid=102316) subscribe /opt/stack/data/venv/lib/python3.12/site-packages/neutron_lib/callbacks/manager.py:52}}
Apr 02 05:47:20.411789 np0000162724 devstack@neutron-api.service[102316]: DEBUG neutron_lib.callbacks.manager [None req-29108a6e-c50d-42de-babf-3f74abfd2887 None None] Subscribe: > network after_create 55550000, False {{(pid=102316) subscribe /opt/stack/data/venv/lib/python3.12/site-packages/neutron_lib/callbacks/manager.py:52}}
Apr 02 05:47:20.411789 np0000162724 devstack@neutron-api.service[102316]: DEBUG neutron_lib.callbacks.manager [None req-29108a6e-c50d-42de-babf-3f74abfd2887 None None] Subscribe: > network after_update 55550000, False {{(pid=102316) subscribe /opt/stack/data/venv/lib/python3.12/site-packages/neutron_lib/callbacks/manager.py:52}}
Apr 02 05:47:20.411789 np0000162724 devstack@neutron-api.service[102316]: DEBUG neutron_lib.callbacks.manager [None req-29108a6e-c50d-42de-babf-3f74abfd2887 None None] Subscribe: > network after_delete 55550000, False {{(pid=102316) subscribe /opt/stack/data/venv/lib/python3.12/site-packages/neutron_lib/callbacks/manager.py:52}}
Apr 02 05:47:20.411887 np0000162724 devstack@neutron-api.service[102316]: DEBUG neutron_lib.callbacks.manager [None req-29108a6e-c50d-42de-babf-3f74abfd2887 None None] Subscribe: > security_group after_create 55550000, False {{(pid=102316) subscribe /opt/stack/data/venv/lib/python3.12/site-packages/neutron_lib/callbacks/manager.py:52}}
Apr 02 05:47:20.411887 np0000162724 devstack@neutron-api.service[102316]: DEBUG neutron_lib.callbacks.manager [None req-29108a6e-c50d-42de-babf-3f74abfd2887 None None] Subscribe: > security_group after_update 55550000, False {{(pid=102316) subscribe /opt/stack/data/venv/lib/python3.12/site-packages/neutron_lib/callbacks/manager.py:52}}
Apr 02 05:47:20.411887 np0000162724 devstack@neutron-api.service[102316]: DEBUG neutron_lib.callbacks.manager [None req-29108a6e-c50d-42de-babf-3f74abfd2887 None None] Subscribe: > security_group after_delete 55550000, False {{(pid=102316) subscribe /opt/stack/data/venv/lib/python3.12/site-packages/neutron_lib/callbacks/manager.py:52}}
Apr 02 05:47:20.411887 np0000162724 devstack@neutron-api.service[102316]: DEBUG neutron_lib.callbacks.manager [None req-29108a6e-c50d-42de-babf-3f74abfd2887 None None] Subscribe: > security_group_rule after_create 55550000, False {{(pid=102316) subscribe /opt/stack/data/venv/lib/python3.12/site-packages/neutron_lib/callbacks/manager.py:52}}
Apr 02 05:47:20.412081 np0000162724 devstack@neutron-api.service[102316]: DEBUG neutron_lib.callbacks.manager [None req-29108a6e-c50d-42de-babf-3f74abfd2887 None None] Subscribe: > security_group_rule after_update 55550000, False {{(pid=102316) subscribe /opt/stack/data/venv/lib/python3.12/site-packages/neutron_lib/callbacks/manager.py:52}}
Apr 02 05:47:20.412081 np0000162724 devstack@neutron-api.service[102316]: DEBUG neutron_lib.callbacks.manager [None req-29108a6e-c50d-42de-babf-3f74abfd2887 None None] Subscribe: > security_group_rule after_delete 55550000, False {{(pid=102316) subscribe /opt/stack/data/venv/lib/python3.12/site-packages/neutron_lib/callbacks/manager.py:52}}
Apr 02 05:47:20.412157 np0000162724 devstack@neutron-api.service[102314]: DEBUG neutron.manager [None req-7a381cf6-61c9-424d-8270-c173f45a5ada None None] Successfully loaded revision_plugin plugin. Description: Adds revision numbers to resources. {{(pid=102314) _create_and_add_service_plugin /opt/stack/neutron/neutron/manager.py:239}}
Apr 02 05:47:20.412181 np0000162724 devstack@neutron-api.service[102316]: DEBUG neutron_lib.callbacks.manager [None req-29108a6e-c50d-42de-babf-3f74abfd2887 None None] Subscribe: > address_group after_create 55550000, False {{(pid=102316) subscribe /opt/stack/data/venv/lib/python3.12/site-packages/neutron_lib/callbacks/manager.py:52}}
Apr 02 05:47:20.412253 np0000162724 devstack@neutron-api.service[102314]: DEBUG oslo_concurrency.lockutils [None req-7a381cf6-61c9-424d-8270-c173f45a5ada None None] Lock "manager" "released" by "neutron.manager.NeutronManager._create_instance" :: held 4.626s {{(pid=102314) inner /opt/stack/data/venv/lib/python3.12/site-packages/oslo_concurrency/lockutils.py:538}}
Apr 02 05:47:20.412279 np0000162724 devstack@neutron-api.service[102316]: DEBUG neutron_lib.callbacks.manager [None req-29108a6e-c50d-42de-babf-3f74abfd2887 None None] Subscribe: > address_group after_update 55550000, False {{(pid=102316) subscribe /opt/stack/data/venv/lib/python3.12/site-packages/neutron_lib/callbacks/manager.py:52}}
Apr 02 05:47:20.412279 np0000162724 devstack@neutron-api.service[102316]: DEBUG neutron_lib.callbacks.manager [None req-29108a6e-c50d-42de-babf-3f74abfd2887 None None] Subscribe: > address_group after_delete 55550000, False {{(pid=102316) subscribe /opt/stack/data/venv/lib/python3.12/site-packages/neutron_lib/callbacks/manager.py:52}}
Apr 02 05:47:20.412362 np0000162724 devstack@neutron-api.service[102314]: DEBUG neutron.api.extensions [None req-7a381cf6-61c9-424d-8270-c173f45a5ada None None] get_extension_paths = OrderedDict({'/opt/stack/neutron/neutron/extensions': 1}) {{(pid=102314) get_extensions_path /opt/stack/neutron/neutron/api/extensions.py:640}}
Apr 02 05:47:20.412415 np0000162724 devstack@neutron-api.service[102316]: DEBUG neutron.plugins.ml2.ovo_rpc [None req-29108a6e-c50d-42de-babf-3f74abfd2887 None None] ML2 OVO RPC backend initialized. {{(pid=102316) __init__ /opt/stack/neutron/neutron/plugins/ml2/ovo_rpc.py:117}}
Apr 02 05:47:20.412444 np0000162724 devstack@neutron-api.service[102314]: INFO neutron.api.extensions [None req-7a381cf6-61c9-424d-8270-c173f45a5ada None None] Initializing extension manager.
Apr 02 05:47:20.412444 np0000162724 devstack@neutron-api.service[102314]: DEBUG neutron.api.extensions [None req-7a381cf6-61c9-424d-8270-c173f45a5ada None None] Loading extension file: __init__.py {{(pid=102314) _load_all_extensions_from_path /opt/stack/neutron/neutron/api/extensions.py:449}}
Apr 02 05:47:20.412444 np0000162724 devstack@neutron-api.service[102314]: DEBUG neutron.api.extensions [None req-7a381cf6-61c9-424d-8270-c173f45a5ada None None] Loading extension file: __pycache__ {{(pid=102314) _load_all_extensions_from_path /opt/stack/neutron/neutron/api/extensions.py:449}}
Apr 02 05:47:20.412444 np0000162724 devstack@neutron-api.service[102314]: DEBUG neutron.api.extensions [None req-7a381cf6-61c9-424d-8270-c173f45a5ada None None] Loading extension file: address_group.py {{(pid=102314) _load_all_extensions_from_path /opt/stack/neutron/neutron/api/extensions.py:449}}
Apr 02 05:47:20.412570 np0000162724 devstack@neutron-api.service[102316]: INFO neutron.quota [None req-29108a6e-c50d-42de-babf-3f74abfd2887 None None] Loaded quota_driver: .
Apr 02 05:47:20.412599 np0000162724 devstack@neutron-api.service[102314]: DEBUG neutron.api.extensions [None req-7a381cf6-61c9-424d-8270-c173f45a5ada None None] Ext name="Address group" alias="address-group" description="Support address group" updated="2020-07-15T10:00:00-00:00" {{(pid=102314) _check_extension /opt/stack/neutron/neutron/api/extensions.py:415}}
Apr 02 05:47:20.412627 np0000162724 devstack@neutron-api.service[102316]: INFO neutron.plugins.ml2.plugin [None req-29108a6e-c50d-42de-babf-3f74abfd2887 None None] Modular L2 Plugin initialization complete
Apr 02 05:47:20.412627 np0000162724 devstack@neutron-api.service[102316]: DEBUG neutron.manager [None req-29108a6e-c50d-42de-babf-3f74abfd2887 None None] Loading services supported by the core plugin {{(pid=102316) _load_services_from_core_plugin /opt/stack/neutron/neutron/manager.py:170}}
Apr 02 05:47:20.412806 np0000162724 devstack@neutron-api.service[102314]: INFO neutron.api.extensions [None req-7a381cf6-61c9-424d-8270-c173f45a5ada None None] Loaded extension: address-group
Apr 02 05:47:20.412856 np0000162724 devstack@neutron-api.service[102316]: INFO neutron.plugins.ml2.managers [None req-29108a6e-c50d-42de-babf-3f74abfd2887 None None] Got port-security extension from driver 'port_security'
Apr 02 05:47:20.412904 np0000162724 devstack@neutron-api.service[102314]: DEBUG neutron.api.extensions [None req-7a381cf6-61c9-424d-8270-c173f45a5ada None None] Loading extension file: address_scope.py {{(pid=102314) _load_all_extensions_from_path /opt/stack/neutron/neutron/api/extensions.py:449}}
Apr 02 05:47:20.412928 np0000162724 devstack@neutron-api.service[102316]: DEBUG neutron.manager [None req-29108a6e-c50d-42de-babf-3f74abfd2887 None None] Loading service plugins: ['ovn-router', 'auto_allocate', 'tag', 'timestamp', 'network_ip_availability', 'flavors', 'revisions'] {{(pid=102316) _load_service_plugins /opt/stack/neutron/neutron/manager.py:195}}
Apr 02 05:47:20.412928 np0000162724 devstack@neutron-api.service[102316]: INFO neutron.manager [None req-29108a6e-c50d-42de-babf-3f74abfd2887 None None] Loading Plugin: ovn-router
Apr 02 05:47:20.412999 np0000162724 devstack@neutron-api.service[102314]: DEBUG neutron.api.extensions [None req-7a381cf6-61c9-424d-8270-c173f45a5ada None None] Ext name="Address scope" alias="address-scope" description="Address scopes extension." updated="2015-07-26T10:00:00-00:00" {{(pid=102314) _check_extension /opt/stack/neutron/neutron/api/extensions.py:415}}
Apr 02 05:47:20.412999 np0000162724 devstack@neutron-api.service[102314]: INFO neutron.api.extensions [None req-7a381cf6-61c9-424d-8270-c173f45a5ada None None] Loaded extension: address-scope
Apr 02 05:47:20.412999 np0000162724 devstack@neutron-api.service[102314]: DEBUG neutron.api.extensions [None req-7a381cf6-61c9-424d-8270-c173f45a5ada None None] Loading extension file: admin_state_down_before_update.py {{(pid=102314) _load_all_extensions_from_path /opt/stack/neutron/neutron/api/extensions.py:449}}
Apr 02 05:47:20.412999 np0000162724 devstack@neutron-api.service[102314]: DEBUG neutron.api.extensions [None req-7a381cf6-61c9-424d-8270-c173f45a5ada None None] Ext name="Enforce Router's Admin State Down Before Update Extension" alias="router-admin-state-down-before-update" description="Ensure that the admin state of a router is DOWN (admin_state_up=False) before updating the distributed attribute" updated="2019-07-02T15:56:00" {{(pid=102314) _check_extension /opt/stack/neutron/neutron/api/extensions.py:415}}
Apr 02 05:47:20.412999 np0000162724 devstack@neutron-api.service[102314]: INFO neutron.api.extensions [None req-7a381cf6-61c9-424d-8270-c173f45a5ada None None] Extension router-admin-state-down-before-update not supported by any of loaded plugins
Apr 02 05:47:20.412999 np0000162724 devstack@neutron-api.service[102314]: DEBUG neutron.api.extensions [None req-7a381cf6-61c9-424d-8270-c173f45a5ada None None] Loading extension file: agent.py {{(pid=102314) _load_all_extensions_from_path /opt/stack/neutron/neutron/api/extensions.py:449}}
Apr 02 05:47:20.412999 np0000162724 devstack@neutron-api.service[102314]: DEBUG neutron.api.extensions [None req-7a381cf6-61c9-424d-8270-c173f45a5ada None None] Ext name="agent" alias="agent" description="The agent management extension." updated="2013-02-03T10:00:00-00:00" {{(pid=102314) _check_extension /opt/stack/neutron/neutron/api/extensions.py:415}}
Apr 02 05:47:20.413234 np0000162724 devstack@neutron-api.service[102314]: INFO neutron.api.extensions [None req-7a381cf6-61c9-424d-8270-c173f45a5ada None None] Loaded extension: agent
Apr 02 05:47:20.413234 np0000162724 devstack@neutron-api.service[102314]: DEBUG neutron.api.extensions [None req-7a381cf6-61c9-424d-8270-c173f45a5ada None None] Loading extension file: agent_resources_synced.py {{(pid=102314) _load_all_extensions_from_path /opt/stack/neutron/neutron/api/extensions.py:449}}
Apr 02 05:47:20.413234 np0000162724 devstack@neutron-api.service[102314]: DEBUG neutron.api.extensions [None req-7a381cf6-61c9-424d-8270-c173f45a5ada None None] Ext name="Agent's Resource View Synced to Placement" alias="agent-resources-synced" description="Stores success/failure of last sync to Placement" updated="2018-12-19T00:00:00-00:00" {{(pid=102314) _check_extension /opt/stack/neutron/neutron/api/extensions.py:415}}
Apr 02 05:47:20.413234 np0000162724 devstack@neutron-api.service[102314]: INFO neutron.api.extensions [None req-7a381cf6-61c9-424d-8270-c173f45a5ada None None] Extension agent-resources-synced not supported by any of loaded plugins
Apr 02 05:47:20.413234 np0000162724 devstack@neutron-api.service[102314]: DEBUG neutron.api.extensions [None req-7a381cf6-61c9-424d-8270-c173f45a5ada None None] Loading extension file: allowedaddresspairs.py {{(pid=102314) _load_all_extensions_from_path /opt/stack/neutron/neutron/api/extensions.py:449}}
Apr 02 05:47:20.413234 np0000162724 devstack@neutron-api.service[102314]: DEBUG neutron.api.extensions [None req-7a381cf6-61c9-424d-8270-c173f45a5ada None None] Ext name="Allowed Address Pairs" alias="allowed-address-pairs" description="Provides allowed address pairs" updated="2013-07-23T10:00:00-00:00" {{(pid=102314) _check_extension /opt/stack/neutron/neutron/api/extensions.py:415}}
Apr 02 05:47:20.413234 np0000162724 devstack@neutron-api.service[102314]: INFO neutron.api.extensions [None req-7a381cf6-61c9-424d-8270-c173f45a5ada None None] Loaded extension: allowed-address-pairs
Apr 02 05:47:20.413475 np0000162724 devstack@neutron-api.service[102314]: DEBUG neutron.api.extensions [None req-7a381cf6-61c9-424d-8270-c173f45a5ada None None] Loading extension file: auto_allocated_topology.py {{(pid=102314) _load_all_extensions_from_path /opt/stack/neutron/neutron/api/extensions.py:449}}
Apr 02 05:47:20.413475 np0000162724 devstack@neutron-api.service[102314]: DEBUG neutron.api.extensions [None req-7a381cf6-61c9-424d-8270-c173f45a5ada None None] Ext name="Auto Allocated Topology Services" alias="auto-allocated-topology" description="Auto Allocated Topology Services." updated="2016-01-01T00:00:00-00:00" {{(pid=102314) _check_extension /opt/stack/neutron/neutron/api/extensions.py:415}}
Apr 02 05:47:20.413475 np0000162724 devstack@neutron-api.service[102314]: INFO neutron.api.extensions [None req-7a381cf6-61c9-424d-8270-c173f45a5ada None None] Loaded extension: auto-allocated-topology
Apr 02 05:47:20.413475 np0000162724 devstack@neutron-api.service[102314]: DEBUG neutron.api.extensions [None req-7a381cf6-61c9-424d-8270-c173f45a5ada None None] Loading extension file: availability_zone.py {{(pid=102314) _load_all_extensions_from_path /opt/stack/neutron/neutron/api/extensions.py:449}}
Apr 02 05:47:20.413475 np0000162724 devstack@neutron-api.service[102314]: DEBUG neutron.api.extensions [None req-7a381cf6-61c9-424d-8270-c173f45a5ada None None] Ext name="Availability Zone" alias="availability_zone" description="The availability zone extension." updated="2015-01-01T10:00:00-00:00" {{(pid=102314) _check_extension /opt/stack/neutron/neutron/api/extensions.py:415}}
Apr 02 05:47:20.413475 np0000162724 devstack@neutron-api.service[102314]: INFO neutron.api.extensions [None req-7a381cf6-61c9-424d-8270-c173f45a5ada None None] Loaded extension: availability_zone
Apr 02 05:47:20.413475 np0000162724 devstack@neutron-api.service[102314]: DEBUG neutron.api.extensions [None req-7a381cf6-61c9-424d-8270-c173f45a5ada None None] Loading extension file: availability_zone_filter.py {{(pid=102314) _load_all_extensions_from_path /opt/stack/neutron/neutron/api/extensions.py:449}}
Apr 02 05:47:20.413633 np0000162724 devstack@neutron-api.service[102314]: DEBUG neutron.api.extensions [None req-7a381cf6-61c9-424d-8270-c173f45a5ada None None] Ext name="Availability Zone Filter Extension" alias="availability_zone_filter" description="Add filter parameters to AvailabilityZone resource" updated="2018-06-22T10:00:00-00:00" {{(pid=102314) _check_extension /opt/stack/neutron/neutron/api/extensions.py:415}}
Apr 02 05:47:20.413633 np0000162724 devstack@neutron-api.service[102314]: INFO neutron.api.extensions [None req-7a381cf6-61c9-424d-8270-c173f45a5ada None None] Extension availability_zone_filter not supported by any of loaded plugins
Apr 02 05:47:20.413633 np0000162724 devstack@neutron-api.service[102314]: DEBUG neutron.api.extensions [None req-7a381cf6-61c9-424d-8270-c173f45a5ada None None] Loading extension file: data_plane_status.py {{(pid=102314) _load_all_extensions_from_path /opt/stack/neutron/neutron/api/extensions.py:449}}
Apr 02 05:47:20.413633 np0000162724 devstack@neutron-api.service[102314]: DEBUG neutron.api.extensions [None req-7a381cf6-61c9-424d-8270-c173f45a5ada None None] Ext name="Port data plane status extension" alias="data-plane-status" description="Expose status of underlying data plane" updated="2017-01-24T10:00:00-00:00" {{(pid=102314) _check_extension /opt/stack/neutron/neutron/api/extensions.py:415}}
Apr 02 05:47:20.413633 np0000162724 devstack@neutron-api.service[102314]: INFO neutron.api.extensions [None req-7a381cf6-61c9-424d-8270-c173f45a5ada None None] Extension data-plane-status not supported by any of loaded plugins
Apr 02 05:47:20.413633 np0000162724 devstack@neutron-api.service[102314]: DEBUG neutron.api.extensions [None req-7a381cf6-61c9-424d-8270-c173f45a5ada None None] Loading extension file: default_subnetpools.py {{(pid=102314) _load_all_extensions_from_path /opt/stack/neutron/neutron/api/extensions.py:449}}
Apr 02 05:47:20.413850 np0000162724 devstack@neutron-api.service[102314]: DEBUG neutron.api.extensions [None req-7a381cf6-61c9-424d-8270-c173f45a5ada None None] Ext name="Default Subnetpools" alias="default-subnetpools" description="Provides ability to mark and use a subnetpool as the default." updated="2016-02-18T18:00:00-00:00" {{(pid=102314) _check_extension /opt/stack/neutron/neutron/api/extensions.py:415}}
Apr 02 05:47:20.413850 np0000162724 devstack@neutron-api.service[102314]: INFO neutron.api.extensions [None req-7a381cf6-61c9-424d-8270-c173f45a5ada None None] Loaded extension: default-subnetpools
Apr 02 05:47:20.413850 np0000162724 devstack@neutron-api.service[102314]: DEBUG neutron.api.extensions [None req-7a381cf6-61c9-424d-8270-c173f45a5ada None None] Loading extension file: dhcpagentscheduler.py {{(pid=102314) _load_all_extensions_from_path /opt/stack/neutron/neutron/api/extensions.py:449}}
Apr 02 05:47:20.413850 np0000162724 devstack@neutron-api.service[102314]: DEBUG neutron.api.extensions [None req-7a381cf6-61c9-424d-8270-c173f45a5ada None None] Ext name="DHCP Agent Scheduler" alias="dhcp_agent_scheduler" description="Schedule networks among dhcp agents" updated="2013-02-07T10:00:00-00:00" {{(pid=102314) _check_extension /opt/stack/neutron/neutron/api/extensions.py:415}}
Apr 02 05:47:20.413850 np0000162724 devstack@neutron-api.service[102314]: INFO neutron.api.extensions [None req-7a381cf6-61c9-424d-8270-c173f45a5ada None None] Loaded extension: dhcp_agent_scheduler
Apr 02 05:47:20.413850 np0000162724 devstack@neutron-api.service[102314]: DEBUG neutron.api.extensions [None req-7a381cf6-61c9-424d-8270-c173f45a5ada None None] Loading extension file: dns.py {{(pid=102314) _load_all_extensions_from_path /opt/stack/neutron/neutron/api/extensions.py:449}}
Apr 02 05:47:20.413850 np0000162724 devstack@neutron-api.service[102314]: DEBUG neutron.api.extensions [None req-7a381cf6-61c9-424d-8270-c173f45a5ada None None] Ext name="DNS Integration" alias="dns-integration" description="Provides integration with DNS." updated="2015-08-15T18:00:00-00:00" {{(pid=102314) _check_extension /opt/stack/neutron/neutron/api/extensions.py:415}}
Apr 02 05:47:20.414086 np0000162724 devstack@neutron-api.service[102314]: INFO neutron.api.extensions [None req-7a381cf6-61c9-424d-8270-c173f45a5ada None None] Loaded extension: dns-integration
Apr 02 05:47:20.414086 np0000162724 devstack@neutron-api.service[102314]: DEBUG neutron.api.extensions [None req-7a381cf6-61c9-424d-8270-c173f45a5ada None None] Loading extension file: dns_domain_ports.py {{(pid=102314) _load_all_extensions_from_path /opt/stack/neutron/neutron/api/extensions.py:449}}
Apr 02 05:47:20.414086 np0000162724 devstack@neutron-api.service[102314]: DEBUG neutron.api.extensions [None req-7a381cf6-61c9-424d-8270-c173f45a5ada None None] Ext name="dns_domain for ports" alias="dns-domain-ports" description="Allows the DNS domain to be specified for a network port." updated="2017-04-24T10:00:00-00:00" {{(pid=102314) _check_extension /opt/stack/neutron/neutron/api/extensions.py:415}}
Apr 02 05:47:20.414086 np0000162724 devstack@neutron-api.service[102314]: INFO neutron.api.extensions [None req-7a381cf6-61c9-424d-8270-c173f45a5ada None None] Loaded extension: dns-domain-ports
Apr 02 05:47:20.414086 np0000162724 devstack@neutron-api.service[102314]: DEBUG neutron.api.extensions [None req-7a381cf6-61c9-424d-8270-c173f45a5ada None None] Loading extension file: dns_integration_domain_keywords.py {{(pid=102314) _load_all_extensions_from_path /opt/stack/neutron/neutron/api/extensions.py:449}}
Apr 02 05:47:20.414086 np0000162724 devstack@neutron-api.service[102314]: DEBUG neutron.api.extensions [None req-7a381cf6-61c9-424d-8270-c173f45a5ada None None] Ext name="DNS domain names with keywords allowed" alias="dns-integration-domain-keywords" description="Allows to use keywords like , , and as DNS domain name" updated="2020-06-15T18:00:00-00:00" {{(pid=102314) _check_extension /opt/stack/neutron/neutron/api/extensions.py:415}}
Apr 02 05:47:20.414086 np0000162724 devstack@neutron-api.service[102314]: INFO neutron.api.extensions [None req-7a381cf6-61c9-424d-8270-c173f45a5ada None None] Loaded extension: dns-integration-domain-keywords
Apr 02 05:47:20.414341 np0000162724 devstack@neutron-api.service[102314]: DEBUG neutron.api.extensions [None req-7a381cf6-61c9-424d-8270-c173f45a5ada None None] Loading extension file: dvr.py {{(pid=102314) _load_all_extensions_from_path /opt/stack/neutron/neutron/api/extensions.py:449}}
Apr 02 05:47:20.414341 np0000162724 devstack@neutron-api.service[102314]: DEBUG neutron.api.extensions [None req-7a381cf6-61c9-424d-8270-c173f45a5ada None None] Ext name="Distributed Virtual Router" alias="dvr" description="Enables configuration of Distributed Virtual Routers." updated="2014-06-1T10:00:00-00:00" {{(pid=102314) _check_extension /opt/stack/neutron/neutron/api/extensions.py:415}}
Apr 02 05:47:20.414433 np0000162724 devstack@neutron-api.service[102317]: DEBUG neutron_lib.callbacks.manager [None req-6b8f4ec3-606b-4acd-919e-93531120fd00 None None] Subscribe: > router before_delete 55550000, False {{(pid=102317) subscribe /opt/stack/data/venv/lib/python3.12/site-packages/neutron_lib/callbacks/manager.py:52}}
Apr 02 05:47:20.414462 np0000162724 devstack@neutron-api.service[102314]: INFO neutron.api.extensions [None req-7a381cf6-61c9-424d-8270-c173f45a5ada None None] Extension dvr not supported by any of loaded plugins
Apr 02 05:47:20.414522 np0000162724 devstack@neutron-api.service[102317]: DEBUG neutron_lib.callbacks.manager [None req-6b8f4ec3-606b-4acd-919e-93531120fd00 None None] Subscribe: port after_update 55550000, False {{(pid=102317) subscribe /opt/stack/data/venv/lib/python3.12/site-packages/neutron_lib/callbacks/manager.py:52}}
Apr 02 05:47:20.414555 np0000162724 devstack@neutron-api.service[102314]: DEBUG neutron.api.extensions [None req-7a381cf6-61c9-424d-8270-c173f45a5ada None None] Loading extension file: ecmp_routes.py {{(pid=102314) _load_all_extensions_from_path /opt/stack/neutron/neutron/api/extensions.py:449}}
Apr 02 05:47:20.414608 np0000162724 devstack@neutron-api.service[102317]: DEBUG neutron_lib.callbacks.manager [None req-6b8f4ec3-606b-4acd-919e-93531120fd00 None None] Subscribe: port after_delete 55550000, False {{(pid=102317) subscribe /opt/stack/data/venv/lib/python3.12/site-packages/neutron_lib/callbacks/manager.py:52}}
