+ COMMAND=start + start + for KEYSTONE_WSGI_SCRIPT in keystone-wsgi-public ++ type -p keystone-wsgi-public + cp -a /var/lib/openstack/bin/keystone-wsgi-public /var/www/cgi-bin/keystone/ + '[' -f /etc/apache2/envvars ']' + source /etc/apache2/envvars ++ unset HOME ++ '[' '' '!=' '' ']' ++ SUFFIX= ++ export APACHE_RUN_USER=www-data ++ APACHE_RUN_USER=www-data ++ export APACHE_RUN_GROUP=www-data ++ APACHE_RUN_GROUP=www-data ++ export APACHE_PID_FILE=/var/run/apache2/apache2.pid ++ APACHE_PID_FILE=/var/run/apache2/apache2.pid ++ export APACHE_RUN_DIR=/var/run/apache2 ++ APACHE_RUN_DIR=/var/run/apache2 ++ export APACHE_LOCK_DIR=/var/lock/apache2 ++ APACHE_LOCK_DIR=/var/lock/apache2 ++ export APACHE_LOG_DIR=/var/log/apache2 ++ APACHE_LOG_DIR=/var/log/apache2 ++ export LANG=C ++ LANG=C ++ export LANG + '[' -f /var/run/apache2/apache2.pid ']' + exec apache2 -DFOREGROUND AH00558: apache2: Could not reliably determine the server's fully qualified domain name, using 10.0.0.19. Set the 'ServerName' directive globally to suppress this message AH00558: apache2: Could not reliably determine the server's fully qualified domain name, using 10.0.0.19. Set the 'ServerName' directive globally to suppress this message
[Fri May 08 21:24:04.126885 2026] [mpm_event:notice] [pid 1:tid 140272904546176] AH00489: Apache/2.4.58 (Ubuntu) mod_wsgi/5.0.0 Python/3.12 configured -- resuming normal operations
[Fri May 08 21:24:04.127231 2026] [core:notice] [pid 1:tid 140272904546176] AH00094: Command line: 'apache2 -D FOREGROUND'
[Fri May 08 21:25:01.384735 2026] [wsgi:error] [pid 11:tid 140272267773632] /var/lib/openstack/lib/python3.12/site-packages/oslo_utils/importutils.py:77: EventletDeprecationWarning:
[Fri May 08 21:25:01.384779 2026] [wsgi:error] [pid 11:tid 140272267773632] Eventlet is deprecated. It is currently being maintained in bugfix mode, and
[Fri May 08 21:25:01.384781 2026] [wsgi:error] [pid 11:tid 140272267773632] we strongly recommend against using it for new projects.
[Fri May 08 21:25:01.384782 2026] [wsgi:error] [pid 11:tid 140272267773632]
[Fri May 08 21:25:01.384783 2026] [wsgi:error] [pid 11:tid 140272267773632] If you are already using Eventlet, we recommend migrating to a different
[Fri May 08 21:25:01.384784 2026] [wsgi:error] [pid 11:tid 140272267773632] framework. For more detail see
[Fri May 08 21:25:01.384785 2026] [wsgi:error] [pid 11:tid 140272267773632] https://eventlet.readthedocs.io/en/latest/asyncio/migration.html
[Fri May 08 21:25:01.384786 2026] [wsgi:error] [pid 11:tid 140272267773632]
[Fri May 08 21:25:01.384787 2026] [wsgi:error] [pid 11:tid 140272267773632] __import__(import_str)
[Fri May 08 21:25:01.389185 2026] [wsgi:error] [pid 12:tid 140272267773632] /var/lib/openstack/lib/python3.12/site-packages/oslo_utils/importutils.py:77: EventletDeprecationWarning:
[Fri May 08 21:25:01.389221 2026] [wsgi:error] [pid 12:tid 140272267773632] Eventlet is deprecated. It is currently being maintained in bugfix mode, and
[Fri May 08 21:25:01.389223 2026] [wsgi:error] [pid 12:tid 140272267773632] we strongly recommend against using it for new projects.
[Fri May 08 21:25:01.389224 2026] [wsgi:error] [pid 12:tid 140272267773632]
[Fri May 08 21:25:01.389225 2026] [wsgi:error] [pid 12:tid 140272267773632] If you are already using Eventlet, we recommend migrating to a different
[Fri May 08 21:25:01.389226 2026] [wsgi:error] [pid 12:tid 140272267773632] framework. For more detail see
[Fri May 08 21:25:01.389228 2026] [wsgi:error] [pid 12:tid 140272267773632] https://eventlet.readthedocs.io/en/latest/asyncio/migration.html
[Fri May 08 21:25:01.389229 2026] [wsgi:error] [pid 12:tid 140272267773632]
[Fri May 08 21:25:01.389230 2026] [wsgi:error] [pid 12:tid 140272267773632] __import__(import_str) 10.0.0.164 - - [08/May/2026:21:25:00 +0000] "GET /v3/ HTTP/1.1" 200 249 10.0.0.164 - - [08/May/2026:21:25:00 +0000] "GET /v3/ HTTP/1.1" 200 249
[Fri May 08 21:25:13.649187 2026] [wsgi:error] [pid 10:tid 140272267773632] /var/lib/openstack/lib/python3.12/site-packages/oslo_utils/importutils.py:77: EventletDeprecationWarning:
[Fri May 08 21:25:13.649236 2026] [wsgi:error] [pid 10:tid 140272267773632] Eventlet is deprecated. It is currently being maintained in bugfix mode, and
[Fri May 08 21:25:13.649238 2026] [wsgi:error] [pid 10:tid 140272267773632] we strongly recommend against using it for new projects.
[Fri May 08 21:25:13.649239 2026] [wsgi:error] [pid 10:tid 140272267773632]
[Fri May 08 21:25:13.649240 2026] [wsgi:error] [pid 10:tid 140272267773632] If you are already using Eventlet, we recommend migrating to a different
[Fri May 08 21:25:13.649242 2026] [wsgi:error] [pid 10:tid 140272267773632] framework. For more detail see
[Fri May 08 21:25:13.649243 2026] [wsgi:error] [pid 10:tid 140272267773632] https://eventlet.readthedocs.io/en/latest/asyncio/migration.html
[Fri May 08 21:25:13.649244 2026] [wsgi:error] [pid 10:tid 140272267773632]
[Fri May 08 21:25:13.649245 2026] [wsgi:error] [pid 10:tid 140272267773632] __import__(import_str) 10.0.0.85 - - [08/May/2026:21:25:12 +0000] "GET / HTTP/1.1" 300 295
[Fri May 08 21:25:18.996979 2026] [wsgi:error] [pid 9:tid 140272267773632] /var/lib/openstack/lib/python3.12/site-packages/oslo_utils/importutils.py:77: EventletDeprecationWarning:
[Fri May 08 21:25:18.997022 2026] [wsgi:error] [pid 9:tid 140272267773632] Eventlet is deprecated. It is currently being maintained in bugfix mode, and
[Fri May 08 21:25:18.997024 2026] [wsgi:error] [pid 9:tid 140272267773632] we strongly recommend against using it for new projects.
[Fri May 08 21:25:18.997025 2026] [wsgi:error] [pid 9:tid 140272267773632]
[Fri May 08 21:25:18.997026 2026] [wsgi:error] [pid 9:tid 140272267773632] If you are already using Eventlet, we recommend migrating to a different
[Fri May 08 21:25:18.997027 2026] [wsgi:error] [pid 9:tid 140272267773632] framework. For more detail see
[Fri May 08 21:25:18.997028 2026] [wsgi:error] [pid 9:tid 140272267773632] https://eventlet.readthedocs.io/en/latest/asyncio/migration.html
[Fri May 08 21:25:18.997030 2026] [wsgi:error] [pid 9:tid 140272267773632]
[Fri May 08 21:25:18.997031 2026] [wsgi:error] [pid 9:tid 140272267773632] __import__(import_str)
[Fri May 08 21:25:23.502153 2026] [wsgi:error] [pid 9:tid 140272267773632] [remote 10.0.0.85:44192] 2026-05-08 21:25:23.499 9 WARNING keystone.identity.core [None req-e240ba45-0826-4e9f-aa5b-7cc1609c10b9 - - - - - -] Invalid domain name (atmosphere) found in config file name: keystone.exception.DomainNotFound: Could not find domain: atmosphere.
[Fri May 08 21:25:23.552585 2026] [wsgi:error] [pid 9:tid 140272267773632] [remote 10.0.0.85:44192] 2026-05-08 21:25:23.552 9 WARNING keystone.common.password_hashing [None req-e240ba45-0826-4e9f-aa5b-7cc1609c10b9 - - - - - -] Truncating password to algorithm specific maximum length 72 characters.
[Fri May 08 21:25:23.831317 2026] [wsgi:error] [pid 9:tid 140272267773632] [remote 10.0.0.85:44192] 2026-05-08 21:25:23.831 9 WARNING keystone.common.fernet_utils [None req-e240ba45-0826-4e9f-aa5b-7cc1609c10b9 - - - - - -] key_repository is world readable: /etc/keystone/fernet-keys/ 10.0.0.85 - - [08/May/2026:21:25:18 +0000] "POST /v3/auth/tokens HTTP/1.1" 201 1360
[Fri May 08 21:25:24.173414 2026] [wsgi:error] [pid 11:tid 140272267773632] [remote 10.0.0.85:44192] 2026-05-08 21:25:24.170 11 WARNING keystone.identity.core [None req-3f0bec52-d85f-4157-8d2e-cd1ace802df7 - - - - - -] Invalid domain name (atmosphere) found in config file name: keystone.exception.DomainNotFound: Could not find domain: atmosphere. 10.0.0.85 - - [08/May/2026:21:25:24 +0000] "POST /v3/domains HTTP/1.1" 201 261 10.0.0.147 - - [08/May/2026:21:25:35 +0000] "GET / HTTP/1.1" 300 295
[Fri May 08 21:25:35.341695 2026] [wsgi:error] [pid 10:tid 140272267773632] [remote 10.0.0.147:34376] 2026-05-08 21:25:35.341 10 WARNING keystone.common.password_hashing [None req-793d3e37-11cd-48ca-96a2-ba4a8237f0d2 - - - - - -] Truncating password to algorithm specific maximum length 72 characters.
[Fri May 08 21:25:35.620240 2026] [wsgi:error] [pid 10:tid 140272267773632] [remote 10.0.0.147:34376] 2026-05-08 21:25:35.619 10 WARNING keystone.common.fernet_utils [None req-793d3e37-11cd-48ca-96a2-ba4a8237f0d2 - - - - - -] key_repository is world readable: /etc/keystone/fernet-keys/ 10.0.0.147 - - [08/May/2026:21:25:35 +0000] "POST /v3/auth/tokens HTTP/1.1" 201 1360 10.0.0.147 - - [08/May/2026:21:25:35 +0000] "GET /v3/roles/admin HTTP/1.1" 404 83
[Fri May 08 21:25:35.826255 2026] [wsgi:error] [pid 11:tid 140272267773632] [remote 10.0.0.147:34376] 2026-05-08 21:25:35.826 11 WARNING keystone.common.rbac_enforcer.enforcer [None req-24c8cafb-db0a-464d-b9bd-ffb29562a257 80495012daae424196c0910629d08a26 3ed3f8752f5f4b828e553428309811c5 - - default default] Deprecated policy rules found. Use oslopolicy-policy-generator and oslopolicy-policy-upgrade to detect and resolve deprecated policies in your configuration. 10.0.0.147 - - [08/May/2026:21:25:35 +0000] "GET /v3/roles?name=admin HTTP/1.1" 200 389
[Fri May 08 21:25:36.157291 2026] [wsgi:error] [pid 12:tid 140272267773632] [remote 10.0.0.147:34376] 2026-05-08 21:25:36.157 12 WARNING keystone.common.rbac_enforcer.enforcer [None req-4aa187cf-479f-4a70-b5bc-65d60a849e69 80495012daae424196c0910629d08a26 3ed3f8752f5f4b828e553428309811c5 - - default default] Deprecated policy rules found. Use oslopolicy-policy-generator and oslopolicy-policy-upgrade to detect and resolve deprecated policies in your configuration. 10.0.0.147 - - [08/May/2026:21:25:35 +0000] "GET /v3/users/admin-RegionOne HTTP/1.1" 404 93
[Fri May 08 21:25:36.333470 2026] [wsgi:error] [pid 10:tid 140272267773632] [remote 10.0.0.147:34376] 2026-05-08 21:25:36.333 10 WARNING keystone.common.rbac_enforcer.enforcer [None req-49cdca8f-4bf1-4d7e-a762-54d3fe065316 80495012daae424196c0910629d08a26 3ed3f8752f5f4b828e553428309811c5 - - default default] Deprecated policy rules found. Use oslopolicy-policy-generator and oslopolicy-policy-upgrade to detect and resolve deprecated policies in your configuration. 10.0.0.147 - - [08/May/2026:21:25:36 +0000] "GET /v3/users?name=admin-RegionOne HTTP/1.1" 200 422
[Fri May 08 21:25:36.502494 2026] [wsgi:error] [pid 9:tid 140272267773632] [remote 10.0.0.147:34376] 2026-05-08 21:25:36.502 9 WARNING keystone.common.rbac_enforcer.enforcer [None req-5f6df4aa-ff26-4145-98f3-57a835748ed5 80495012daae424196c0910629d08a26 3ed3f8752f5f4b828e553428309811c5 - - default default] Deprecated policy rules found. Use oslopolicy-policy-generator and oslopolicy-policy-upgrade to detect and resolve deprecated policies in your configuration. 10.0.0.147 - - [08/May/2026:21:25:36 +0000] "GET /v3/domains/default HTTP/1.1" 200 224 10.0.0.147 - - [08/May/2026:21:25:36 +0000] "PUT /v3/domains/default/users/80495012daae424196c0910629d08a26/roles/b701123373bc4905a63f1332e4228eb5 HTTP/1.1" 204 - 10.0.0.164 - - [08/May/2026:21:25:46 +0000] "GET / HTTP/1.1" 300 281 10.0.0.164 - - [08/May/2026:21:25:48 +0000] "GET /v3 HTTP/1.1" 200 266
[Fri May 08 21:25:48.107630 2026] [wsgi:error] [pid 9:tid 140272267773632] [remote 10.0.0.164:54830] 2026-05-08 21:25:48.107 9 WARNING keystone.common.password_hashing [None req-0a66fa8f-1af7-4c82-9b90-b9bb4949bbd7 - - - - - -] Truncating password to algorithm specific maximum length 72 characters.
[Fri May 08 21:25:48.380871 2026] [wsgi:error] [pid 9:tid 140272267773632] [remote 10.0.0.164:54830] 2026-05-08 21:25:48.380 9 WARNING keystone.common.fernet_utils [None req-0a66fa8f-1af7-4c82-9b90-b9bb4949bbd7 - - - - - -] key_repository is world readable: /etc/keystone/fernet-keys/ 10.0.0.164 - - [08/May/2026:21:25:48 +0000] "POST /v3/auth/tokens HTTP/1.1" 201 1360 10.0.0.164 - - [08/May/2026:21:25:48 +0000] "GET / HTTP/1.1" 300 281 10.0.0.164 - - [08/May/2026:21:25:48 +0000] "GET /v3/domains/atmosphere HTTP/1.1" 404 90 10.0.0.164 - - [08/May/2026:21:25:48 +0000] "GET /v3/domains?name=atmosphere HTTP/1.1" 200 370 10.0.0.164 - - [08/May/2026:21:25:48 +0000] "GET /v3/domains/7c590670098c49e38fb2c8cdb295f75d HTTP/1.1" 200 247 10.0.0.164 - - [08/May/2026:21:25:49 +0000] "GET /v3 HTTP/1.1" 200 266
[Fri May 08 21:25:49.380682 2026] [wsgi:error] [pid 12:tid 140272267773632] [remote 10.0.0.164:54830] 2026-05-08 21:25:49.380 12 WARNING keystone.common.password_hashing [None req-87b4a66b-fee3-4d71-be3c-8ed7b053f21c - - - - - -] Truncating password to algorithm specific maximum length 72 characters.
[Fri May 08 21:25:49.653689 2026] [wsgi:error] [pid 12:tid 140272267773632] [remote 10.0.0.164:54830] 2026-05-08 21:25:49.653 12 WARNING keystone.common.fernet_utils [None req-87b4a66b-fee3-4d71-be3c-8ed7b053f21c - - - - - -] key_repository is world readable: /etc/keystone/fernet-keys/ 10.0.0.164 - - [08/May/2026:21:25:49 +0000] "POST /v3/auth/tokens HTTP/1.1" 201 1360 10.0.0.164 - - [08/May/2026:21:25:49 +0000] "GET / HTTP/1.1" 300 281 10.0.0.164 - - [08/May/2026:21:25:49 +0000] "GET /v3/OS-FEDERATION/identity_providers/atmosphere HTTP/1.1" 404 101 10.0.0.164 - - [08/May/2026:21:25:49 +0000] "GET /v3/OS-FEDERATION/identity_providers HTTP/1.1" 200 156 10.0.0.164 - - [08/May/2026:21:25:49 +0000] "PUT /v3/OS-FEDERATION/identity_providers/atmosphere HTTP/1.1" 201 342 10.0.0.164 - - [08/May/2026:21:25:50 +0000] "GET /v3 HTTP/1.1" 200 266
[Fri May 08 21:25:50.323160 2026] [wsgi:error] [pid 9:tid 140272267773632] [remote 10.0.0.164:54822] 2026-05-08 21:25:50.322 9 WARNING keystone.common.password_hashing [None req-0c6a4533-18da-4110-adc0-ea1adc0f8428 - - - - - -] Truncating password to algorithm specific maximum length 72 characters.
[Fri May 08 21:25:50.602435 2026] [wsgi:error] [pid 9:tid 140272267773632] [remote 10.0.0.164:54822] 2026-05-08 21:25:50.602 9 WARNING keystone.common.fernet_utils [None req-0c6a4533-18da-4110-adc0-ea1adc0f8428 - - - - - -] key_repository is world readable: /etc/keystone/fernet-keys/ 10.0.0.164 - - [08/May/2026:21:25:50 +0000] "POST /v3/auth/tokens HTTP/1.1" 201 1360 10.0.0.164 - - [08/May/2026:21:25:50 +0000] "GET / HTTP/1.1" 300 281 10.0.0.164 - - [08/May/2026:21:25:50 +0000] "GET /v3/OS-FEDERATION/mappings/atmosphere-openid HTTP/1.1" 404 98 10.0.0.164 - - [08/May/2026:21:25:50 +0000] "GET /v3/OS-FEDERATION/mappings HTTP/1.1" 200 136 10.0.0.164 - - [08/May/2026:21:25:50 +0000] "PUT /v3/OS-FEDERATION/mappings/atmosphere-openid HTTP/1.1" 201 357 10.0.0.164 - - [08/May/2026:21:25:51 +0000] "GET /v3 HTTP/1.1" 200 266
[Fri May 08 21:25:51.334357 2026] [wsgi:error] [pid 12:tid 140272267773632] [remote 10.0.0.164:54822] 2026-05-08 21:25:51.334 12 WARNING keystone.common.password_hashing [None req-eca04ba4-9f57-4eaa-b1c3-bdd3627dc0a3 - - - - - -] Truncating password to algorithm specific maximum length 72 characters.
[Fri May 08 21:25:51.606764 2026] [wsgi:error] [pid 12:tid 140272267773632] [remote 10.0.0.164:54822] 2026-05-08 21:25:51.606 12 WARNING keystone.common.fernet_utils [None req-eca04ba4-9f57-4eaa-b1c3-bdd3627dc0a3 - - - - - -] key_repository is world readable: /etc/keystone/fernet-keys/ 10.0.0.164 - - [08/May/2026:21:25:51 +0000] "POST /v3/auth/tokens HTTP/1.1" 201 1360 10.0.0.164 - - [08/May/2026:21:25:51 +0000] "GET / HTTP/1.1" 300 281 10.0.0.164 - - [08/May/2026:21:25:51 +0000] "GET /v3/OS-FEDERATION/identity_providers/atmosphere/protocols/openid?idp_id=atmosphere HTTP/1.1" 404 131 10.0.0.164 - - [08/May/2026:21:25:51 +0000] "GET /v3/OS-FEDERATION/identity_providers/atmosphere/protocols HTTP/1.1" 200 168 10.0.0.164 - - [08/May/2026:21:25:51 +0000] "PUT /v3/OS-FEDERATION/identity_providers/atmosphere/protocols/openid HTTP/1.1" 201 224 10.0.0.164 - - [08/May/2026:21:26:00 +0000] "GET /v3/ HTTP/1.1" 200 249 10.0.0.164 - - [08/May/2026:21:26:00 +0000] "GET /v3/ HTTP/1.1" 200 249 10.0.0.164 - - [08/May/2026:21:27:00 +0000] "GET /v3/ HTTP/1.1" 200 249 10.0.0.164 - - [08/May/2026:21:27:00 +0000] "GET /v3/ HTTP/1.1" 200 249 10.0.0.38 - - [08/May/2026:21:27:11 +0000] "GET / HTTP/1.1" 300 295
[Fri May 08 21:27:11.786607 2026] [wsgi:error] [pid 9:tid 140272267773632] [remote 10.0.0.38:57152] 2026-05-08 21:27:11.786 9 WARNING keystone.common.password_hashing [None req-28bf16c2-5d27-432d-aed9-8ef10772f0f1 - - - - - -] Truncating password to algorithm specific maximum length 72 characters.
[Fri May 08 21:27:12.059273 2026] [wsgi:error] [pid 9:tid 140272267773632] [remote 10.0.0.38:57152] 2026-05-08 21:27:12.059 9 WARNING keystone.common.fernet_utils [None req-28bf16c2-5d27-432d-aed9-8ef10772f0f1 - - - - - -] key_repository is world readable: /etc/keystone/fernet-keys/ 10.0.0.38 - - [08/May/2026:21:27:11 +0000] "POST /v3/auth/tokens HTTP/1.1" 201 1360 10.0.0.38 - - [08/May/2026:21:27:12 +0000] "GET /v3/services HTTP/1.1" 200 355 10.0.0.38 - - [08/May/2026:21:27:15 +0000] "GET / HTTP/1.1" 300 295
[Fri May 08 21:27:15.463376 2026] [wsgi:error] [pid 10:tid 140272267773632] [remote 10.0.0.38:59624] 2026-05-08 21:27:15.463 10 WARNING keystone.common.password_hashing [None req-d325a6d0-e78f-44b9-85e1-f0499d99beac - - - - - -] Truncating password to algorithm specific maximum length 72 characters.
[Fri May 08 21:27:15.732600 2026] [wsgi:error] [pid 10:tid 140272267773632] [remote 10.0.0.38:59624] 2026-05-08 21:27:15.732 10 WARNING keystone.common.fernet_utils [None req-d325a6d0-e78f-44b9-85e1-f0499d99beac - - - - - -] key_repository is world readable: /etc/keystone/fernet-keys/ 10.0.0.38 - - [08/May/2026:21:27:15 +0000] "POST /v3/auth/tokens HTTP/1.1" 201 1360 10.0.0.38 - - [08/May/2026:21:27:15 +0000] "GET /v3/services HTTP/1.1" 200 355 10.0.0.38 - - [08/May/2026:21:27:19 +0000] "GET / HTTP/1.1" 300 295
[Fri May 08 21:27:19.142920 2026] [wsgi:error] [pid 12:tid 140272267773632] [remote 10.0.0.38:59626] 2026-05-08 21:27:19.142 12 WARNING keystone.common.password_hashing [None req-9d58d824-a55e-4e00-ae8c-418070d1fea6 - - - - - -] Truncating password to algorithm specific maximum length 72 characters.
[Fri May 08 21:27:19.414473 2026] [wsgi:error] [pid 12:tid 140272267773632] [remote 10.0.0.38:59626] 2026-05-08 21:27:19.414 12 WARNING keystone.common.fernet_utils [None req-9d58d824-a55e-4e00-ae8c-418070d1fea6 - - - - - -] key_repository is world readable: /etc/keystone/fernet-keys/ 10.0.0.38 - - [08/May/2026:21:27:19 +0000] "POST /v3/auth/tokens HTTP/1.1" 201 1360 10.0.0.38 - - [08/May/2026:21:27:19 +0000] "GET /v3/services HTTP/1.1" 200 355 10.0.0.38 - - [08/May/2026:21:27:22 +0000] "GET / HTTP/1.1" 300 295
[Fri May 08 21:27:22.812989 2026] [wsgi:error] [pid 11:tid 140272267773632] [remote 10.0.0.38:59640] 2026-05-08 21:27:22.812 11 WARNING keystone.common.password_hashing [None req-a481ce72-2297-460f-8e0c-4d47e93067a1 - - - - - -] Truncating password to algorithm specific maximum length 72 characters.
[Fri May 08 21:27:23.085153 2026] [wsgi:error] [pid 11:tid 140272267773632] [remote 10.0.0.38:59640] 2026-05-08 21:27:23.084 11 WARNING keystone.common.fernet_utils [None req-a481ce72-2297-460f-8e0c-4d47e93067a1 - - - - - -] key_repository is world readable: /etc/keystone/fernet-keys/ 10.0.0.38 - - [08/May/2026:21:27:22 +0000] "POST /v3/auth/tokens HTTP/1.1" 201 1360 10.0.0.38 - - [08/May/2026:21:27:23 +0000] "POST /v3/services HTTP/1.1" 201 296 10.0.0.147 - - [08/May/2026:21:27:35 +0000] "GET / HTTP/1.1" 300 295
[Fri May 08 21:27:35.073083 2026] [wsgi:error] [pid 9:tid 140272267773632] [remote 10.0.0.147:34206] 2026-05-08 21:27:35.072 9 WARNING keystone.common.password_hashing [None req-05c1f172-46f1-4559-9698-73fd7fe3050d - - - - - -] Truncating password to algorithm specific maximum length 72 characters. 10.0.0.147 - - [08/May/2026:21:27:35 +0000] "GET / HTTP/1.1" 300 295
[Fri May 08 21:27:35.122135 2026] [wsgi:error] [pid 12:tid 140272267773632] [remote 10.0.0.147:34208] 2026-05-08 21:27:35.121 12 WARNING keystone.common.password_hashing [None req-8dafea71-c450-4548-9778-d4bda08a70d1 - - - - - -] Truncating password to algorithm specific maximum length 72 characters. 10.0.0.147 - - [08/May/2026:21:27:35 +0000] "GET / HTTP/1.1" 300 295
[Fri May 08 21:27:35.202907 2026] [wsgi:error] [pid 11:tid 140272267773632] [remote 10.0.0.147:34212] 2026-05-08 21:27:35.202 11 WARNING keystone.common.password_hashing [None req-ba8648e7-da73-4900-9265-b7fc21580c1e - - - - - -] Truncating password to algorithm specific maximum length 72 characters.
[Fri May 08 21:27:35.342081 2026] [wsgi:error] [pid 9:tid 140272267773632] [remote 10.0.0.147:34206] 2026-05-08 21:27:35.341 9 WARNING keystone.common.fernet_utils [None req-05c1f172-46f1-4559-9698-73fd7fe3050d - - - - - -] key_repository is world readable: /etc/keystone/fernet-keys/ 10.0.0.147 - - [08/May/2026:21:27:35 +0000] "POST /v3/auth/tokens HTTP/1.1" 201 1464
[Fri May 08 21:27:35.428120 2026] [wsgi:error] [pid 12:tid 140272267773632] [remote 10.0.0.147:34208] 2026-05-08 21:27:35.427 12 WARNING keystone.common.fernet_utils [None req-8dafea71-c450-4548-9778-d4bda08a70d1 - - - - - -] key_repository is world readable: /etc/keystone/fernet-keys/ 10.0.0.147 - - [08/May/2026:21:27:35 +0000] "POST /v3/auth/tokens HTTP/1.1" 201 1464
[Fri May 08 21:27:35.477537 2026] [wsgi:error] [pid 11:tid 140272267773632] [remote 10.0.0.147:34212] 2026-05-08 21:27:35.477 11 WARNING keystone.common.fernet_utils [None req-ba8648e7-da73-4900-9265-b7fc21580c1e - - - - - -] key_repository is world readable: /etc/keystone/fernet-keys/ 10.0.0.147 - - [08/May/2026:21:27:35 +0000] "POST /v3/auth/tokens HTTP/1.1" 201 1464 10.0.0.147 - - [08/May/2026:21:27:35 +0000] "GET /v3/services HTTP/1.1" 200 639 10.0.0.147 - - [08/May/2026:21:27:35 +0000] "GET /v3/services HTTP/1.1" 200 639 10.0.0.147 - - [08/May/2026:21:27:35 +0000] "GET /v3/services HTTP/1.1" 200 639 10.0.0.147 - - [08/May/2026:21:27:36 +0000] "GET / HTTP/1.1" 300 295
[Fri May 08 21:27:36.758173 2026] [wsgi:error] [pid 10:tid 140272267773632] [remote 10.0.0.147:34224] 2026-05-08 21:27:36.758 10 WARNING keystone.common.password_hashing [None req-f74d16ca-8b7e-4223-ae93-0ad5f053f52c - - - - - -] Truncating password to algorithm specific maximum length 72 characters. 10.0.0.147 - - [08/May/2026:21:27:36 +0000] "GET / HTTP/1.1" 300 295
[Fri May 08 21:27:36.840026 2026] [wsgi:error] [pid 12:tid 140272267773632] [remote 10.0.0.147:34240] 2026-05-08 21:27:36.839 12 WARNING keystone.common.password_hashing [None req-8ef6e79d-20d2-4f70-82ec-71ecd2d1874c - - - - - -] Truncating password to algorithm specific maximum length 72 characters. 10.0.0.147 - - [08/May/2026:21:27:36 +0000] "GET / HTTP/1.1" 300 295
[Fri May 08 21:27:36.896885 2026] [wsgi:error] [pid 9:tid 140272267773632] [remote 10.0.0.147:34246] 2026-05-08 21:27:36.896 9 WARNING keystone.common.password_hashing [None req-b6dd743f-3086-4c9a-9e4a-0082eeeb2e83 - - - - - -] Truncating password to algorithm specific maximum length 72 characters.
[Fri May 08 21:27:37.024444 2026] [wsgi:error] [pid 10:tid 140272267773632] [remote 10.0.0.147:34224] 2026-05-08 21:27:37.024 10 WARNING keystone.common.fernet_utils [None req-f74d16ca-8b7e-4223-ae93-0ad5f053f52c - - - - - -] key_repository is world readable: /etc/keystone/fernet-keys/ 10.0.0.147 - - [08/May/2026:21:27:36 +0000] "POST /v3/auth/tokens HTTP/1.1" 201 1464
[Fri May 08 21:27:37.117780 2026] [wsgi:error] [pid 12:tid 140272267773632] [remote 10.0.0.147:34240] 2026-05-08 21:27:37.117 12 WARNING keystone.common.fernet_utils [None req-8ef6e79d-20d2-4f70-82ec-71ecd2d1874c - - - - - -] key_repository is world readable: /etc/keystone/fernet-keys/ 10.0.0.147 - - [08/May/2026:21:27:36 +0000] "POST /v3/auth/tokens HTTP/1.1" 201 1464 10.0.0.147 - - [08/May/2026:21:27:37 +0000] "GET /v3/endpoints HTTP/1.1" 200 1227 10.0.0.147 - - [08/May/2026:21:27:37 +0000] "GET /v3/services/d39162ce697e407a964a80e4efbd93d2 HTTP/1.1" 200 233
[Fri May 08 21:27:37.167142 2026] [wsgi:error] [pid 9:tid 140272267773632] [remote 10.0.0.147:34246] 2026-05-08 21:27:37.166 9 WARNING keystone.common.fernet_utils [None req-b6dd743f-3086-4c9a-9e4a-0082eeeb2e83 - - - - - -] key_repository is world readable: /etc/keystone/fernet-keys/ 10.0.0.147 - - [08/May/2026:21:27:37 +0000] "GET /v3/services/d39162ce697e407a964a80e4efbd93d2 HTTP/1.1" 200 233 10.0.0.147 - - [08/May/2026:21:27:36 +0000] "POST /v3/auth/tokens HTTP/1.1" 201 1464 10.0.0.147 - - [08/May/2026:21:27:37 +0000] "GET /v3/services/d39162ce697e407a964a80e4efbd93d2 HTTP/1.1" 200 233 10.0.0.147 - - [08/May/2026:21:27:37 +0000] "GET /v3/endpoints HTTP/1.1" 200 1227 10.0.0.147 - - [08/May/2026:21:27:37 +0000] "GET /v3/services/d39162ce697e407a964a80e4efbd93d2 HTTP/1.1" 200 233 10.0.0.147 - - [08/May/2026:21:27:37 +0000] "GET /v3/services/d39162ce697e407a964a80e4efbd93d2 HTTP/1.1" 200 233 10.0.0.147 - - [08/May/2026:21:27:37 +0000] "GET /v3/endpoints HTTP/1.1" 200 1227 10.0.0.147 - - [08/May/2026:21:27:37 +0000] "GET /v3/services/d39162ce697e407a964a80e4efbd93d2 HTTP/1.1" 200 233 10.0.0.147 - - [08/May/2026:21:27:37 +0000] "GET /v3/services/d39162ce697e407a964a80e4efbd93d2 HTTP/1.1" 200 233 10.0.0.147 - - [08/May/2026:21:27:37 +0000] "GET /v3/services/d39162ce697e407a964a80e4efbd93d2 HTTP/1.1" 200 233 10.0.0.147 - - [08/May/2026:21:27:37 +0000] "GET /v3/services/d39162ce697e407a964a80e4efbd93d2 HTTP/1.1" 200 233 10.0.0.147 - - [08/May/2026:21:27:38 +0000] "GET / HTTP/1.1" 300 295
[Fri May 08 21:27:38.419474 2026] [wsgi:error] [pid 12:tid 140272267773632] [remote 10.0.0.147:34258] 2026-05-08 21:27:38.419 12 WARNING keystone.common.password_hashing [None req-4650a9df-a612-4cf4-9fcc-5881893984c1 - - - - - -] Truncating password to algorithm specific maximum length 72 characters. 10.0.0.147 - - [08/May/2026:21:27:38 +0000] "GET / HTTP/1.1" 300 295
[Fri May 08 21:27:38.581618 2026] [wsgi:error] [pid 11:tid 140272267773632] [remote 10.0.0.147:34262] 2026-05-08 21:27:38.581 11 WARNING keystone.common.password_hashing [None req-d57adaf3-f869-4432-b592-98c12bb62b2a - - - - - -] Truncating password to algorithm specific maximum length 72 characters. 10.0.0.147 - - [08/May/2026:21:27:38 +0000] "GET / HTTP/1.1" 300 295
[Fri May 08 21:27:38.619962 2026] [wsgi:error] [pid 9:tid 140272267773632] [remote 10.0.0.147:34278] 2026-05-08 21:27:38.619 9 WARNING keystone.common.password_hashing [None req-38bca048-a304-4c0b-9bd7-cad760e7514b - - - - - -] Truncating password to algorithm specific maximum length 72 characters.
[Fri May 08 21:27:38.689564 2026] [wsgi:error] [pid 12:tid 140272267773632] [remote 10.0.0.147:34258] 2026-05-08 21:27:38.689 12 WARNING keystone.common.fernet_utils [None req-4650a9df-a612-4cf4-9fcc-5881893984c1 - - - - - -] key_repository is world readable: /etc/keystone/fernet-keys/ 10.0.0.147 - - [08/May/2026:21:27:38 +0000] "POST /v3/auth/tokens HTTP/1.1" 201 1464 10.0.0.147 - - [08/May/2026:21:27:38 +0000] "GET /v3/services/b9406d48d8e545eb83ba3bc28ef6fb5c HTTP/1.1" 200 296 10.0.0.147 - - [08/May/2026:21:27:38 +0000] "GET /v3/regions/RegionOne HTTP/1.1" 200 173
[Fri May 08 21:27:38.857951 2026] [wsgi:error] [pid 11:tid 140272267773632] [remote 10.0.0.147:34262] 2026-05-08 21:27:38.857 11 WARNING keystone.common.fernet_utils [None req-d57adaf3-f869-4432-b592-98c12bb62b2a - - - - - -] key_repository is world readable: /etc/keystone/fernet-keys/ 10.0.0.147 - - [08/May/2026:21:27:38 +0000] "POST /v3/auth/tokens HTTP/1.1" 201 1464
[Fri May 08 21:27:38.900275 2026] [wsgi:error] [pid 9:tid 140272267773632] [remote 10.0.0.147:34278] 2026-05-08 21:27:38.900 9 WARNING keystone.common.fernet_utils [None req-38bca048-a304-4c0b-9bd7-cad760e7514b - - - - - -] key_repository is world readable: /etc/keystone/fernet-keys/ 10.0.0.147 - - [08/May/2026:21:27:38 +0000] "POST /v3/auth/tokens HTTP/1.1" 201 1464 10.0.0.147 - - [08/May/2026:21:27:38 +0000] "GET /v3/services/b9406d48d8e545eb83ba3bc28ef6fb5c HTTP/1.1" 200 296 10.0.0.147 - - [08/May/2026:21:27:38 +0000] "POST /v3/endpoints HTTP/1.1" 201 380 10.0.0.147 - - [08/May/2026:21:27:38 +0000] "GET /v3/regions/RegionOne HTTP/1.1" 200 173 10.0.0.147 - - [08/May/2026:21:27:38 +0000] "GET /v3/services/b9406d48d8e545eb83ba3bc28ef6fb5c HTTP/1.1" 200 296 10.0.0.147 - - [08/May/2026:21:27:39 +0000] "GET /v3/regions/RegionOne HTTP/1.1" 200 173 10.0.0.147 - - [08/May/2026:21:27:39 +0000] "POST /v3/endpoints HTTP/1.1" 201 383 10.0.0.147 - - [08/May/2026:21:27:39 +0000] "POST /v3/endpoints HTTP/1.1" 201 370 10.0.0.147 - - [08/May/2026:21:27:40 +0000] "GET / HTTP/1.1" 300 295
[Fri May 08 21:27:40.293056 2026] [wsgi:error] [pid 10:tid 140272267773632] [remote 10.0.0.147:34282] 2026-05-08 21:27:40.292 10 WARNING keystone.common.password_hashing [None req-cc15bf42-a00a-4b5f-9287-2cbaa9c2a284 - - - - - -] Truncating password to algorithm specific maximum length 72 characters. 10.0.0.147 - - [08/May/2026:21:27:40 +0000] "GET / HTTP/1.1" 300 295 10.0.0.147 - - [08/May/2026:21:27:40 +0000] "GET / HTTP/1.1" 300 295
[Fri May 08 21:27:40.312332 2026] [wsgi:error] [pid 11:tid 140272267773632] [remote 10.0.0.147:34286] 2026-05-08 21:27:40.312 11 WARNING keystone.common.password_hashing [None req-7e9a8d1b-0841-4d4c-8ab2-1516c2839eb6 - - - - - -] Truncating password to algorithm specific maximum length 72 characters.
[Fri May 08 21:27:40.326613 2026] [wsgi:error] [pid 12:tid 140272267773632] [remote 10.0.0.147:34298] 2026-05-08 21:27:40.326 12 WARNING keystone.common.password_hashing [None req-a60e3f54-16f0-4cb0-9cb3-6a7d5ba5f41c - - - - - -] Truncating password to algorithm specific maximum length 72 characters.
[Fri May 08 21:27:40.561638 2026] [wsgi:error] [pid 10:tid 140272267773632] [remote 10.0.0.147:34282] 2026-05-08 21:27:40.561 10 WARNING keystone.common.fernet_utils [None req-cc15bf42-a00a-4b5f-9287-2cbaa9c2a284 - - - - - -] key_repository is world readable: /etc/keystone/fernet-keys/ 10.0.0.147 - - [08/May/2026:21:27:40 +0000] "POST /v3/auth/tokens HTTP/1.1" 201 1992
[Fri May 08 21:27:40.583262 2026] [wsgi:error] [pid 11:tid 140272267773632] [remote 10.0.0.147:34286] 2026-05-08 21:27:40.583 11 WARNING keystone.common.fernet_utils [None req-7e9a8d1b-0841-4d4c-8ab2-1516c2839eb6 - - - - - -] key_repository is world readable: /etc/keystone/fernet-keys/ 10.0.0.147 - - [08/May/2026:21:27:40 +0000] "POST /v3/auth/tokens HTTP/1.1" 201 1992
[Fri May 08 21:27:40.598285 2026] [wsgi:error] [pid 12:tid 140272267773632] [remote 10.0.0.147:34298] 2026-05-08 21:27:40.598 12 WARNING keystone.common.fernet_utils [None req-a60e3f54-16f0-4cb0-9cb3-6a7d5ba5f41c - - - - - -] key_repository is world readable: /etc/keystone/fernet-keys/ 10.0.0.147 - - [08/May/2026:21:27:40 +0000] "POST /v3/auth/tokens HTTP/1.1" 201 1992 10.0.0.147 - - [08/May/2026:21:27:40 +0000] "GET /v3/endpoints/944ce8b8d4f74411a05b31304d60a6a1 HTTP/1.1" 200 380 10.0.0.147 - - [08/May/2026:21:27:40 +0000] "GET /v3/endpoints/c7266a4ab9394e798778eeabfbd5e58c HTTP/1.1" 200 370 10.0.0.147 - - [08/May/2026:21:27:40 +0000] "GET /v3/services/b9406d48d8e545eb83ba3bc28ef6fb5c HTTP/1.1" 200 296 10.0.0.147 - - [08/May/2026:21:27:40 +0000] "GET /v3/endpoints/2436ffa7b6984f3698447d66983e7e13 HTTP/1.1" 200 383 10.0.0.147 - - [08/May/2026:21:27:40 +0000] "GET /v3/services/b9406d48d8e545eb83ba3bc28ef6fb5c HTTP/1.1" 200 296 10.0.0.147 - - [08/May/2026:21:27:40 +0000] "GET /v3/services/b9406d48d8e545eb83ba3bc28ef6fb5c HTTP/1.1" 200 296 10.0.0.71 - - [08/May/2026:21:27:50 +0000] "GET / HTTP/1.1" 300 295
[Fri May 08 21:27:50.181632 2026] [wsgi:error] [pid 11:tid 140272267773632] [remote 10.0.0.71:35772] 2026-05-08 21:27:50.181 11 WARNING keystone.common.password_hashing [None req-6f00245d-091d-4889-b3b4-5c27255b9de7 - - - - - -] Truncating password to algorithm specific maximum length 72 characters.
[Fri May 08 21:27:50.447792 2026] [wsgi:error] [pid 11:tid 140272267773632] [remote 10.0.0.71:35772] 2026-05-08 21:27:50.447 11 WARNING keystone.common.fernet_utils [None req-6f00245d-091d-4889-b3b4-5c27255b9de7 - - - - - -] key_repository is world readable: /etc/keystone/fernet-keys/ 10.0.0.71 - - [08/May/2026:21:27:50 +0000] "POST /v3/auth/tokens HTTP/1.1" 201 1992 10.0.0.71 - - [08/May/2026:21:27:50 +0000] "POST /v3/domains HTTP/1.1" 201 284 10.0.0.71 - - [08/May/2026:21:27:51 +0000] "GET / HTTP/1.1" 300 295
[Fri May 08 21:27:51.968283 2026] [wsgi:error] [pid 12:tid 140272267773632] [remote 10.0.0.71:35774] 2026-05-08 21:27:51.968 12 WARNING keystone.common.password_hashing [None req-bab2fe27-c94f-4504-bbfa-f4e8e6f8893c - - - - - -] Truncating password to algorithm specific maximum length 72 characters.
[Fri May 08 21:27:52.237691 2026] [wsgi:error] [pid 12:tid 140272267773632] [remote 10.0.0.71:35774] 2026-05-08 21:27:52.237 12 WARNING keystone.common.fernet_utils [None req-bab2fe27-c94f-4504-bbfa-f4e8e6f8893c - - - - - -] key_repository is world readable: /etc/keystone/fernet-keys/ 10.0.0.71 - - [08/May/2026:21:27:51 +0000] "POST /v3/auth/tokens HTTP/1.1" 201 1992
[Fri May 08 21:27:52.417771 2026] [wsgi:error] [pid 11:tid 140272267773632] [remote 10.0.0.71:35774] 2026-05-08 21:27:52.405 11 ERROR keystone.server.flask.application [None req-70c41b31-30ca-48d7-b580-96649a4c5ea3 80495012daae424196c0910629d08a26 3ed3f8752f5f4b828e553428309811c5 - - default default] Conflict occurred attempting to store project - it is not permitted to have two projects acting as domains with the same name: service.: keystone.exception.Conflict: Conflict occurred attempting to store project - it is not permitted to have two projects acting as domains with the same name: service.
[Fri May 08 21:27:52.417792 2026] [wsgi:error] [pid 11:tid 140272267773632] [remote 10.0.0.71:35774] 2026-05-08 21:27:52.405 11 ERROR keystone.server.flask.application
Traceback (most recent call last):
[Fri May 08 21:27:52.417794 2026] [wsgi:error] [pid 11:tid 140272267773632] [remote 10.0.0.71:35774] 2026-05-08 21:27:52.405 11 ERROR keystone.server.flask.application
File "/var/lib/openstack/lib/python3.12/site-packages/sqlalchemy/engine/base.py", line 1967, in _exec_single_context
[Fri May 08 21:27:52.417796 2026] [wsgi:error] [pid 11:tid 140272267773632] [remote 10.0.0.71:35774] 2026-05-08 21:27:52.405 11 ERROR keystone.server.flask.application self.dialect.do_execute(
[Fri May 08 21:27:52.417798 2026] [wsgi:error] [pid 11:tid 140272267773632] [remote 10.0.0.71:35774] 2026-05-08 21:27:52.405 11 ERROR keystone.server.flask.application
File "/var/lib/openstack/lib/python3.12/site-packages/sqlalchemy/engine/default.py", line 952, in do_execute
[Fri May 08 21:27:52.417799 2026] [wsgi:error] [pid 11:tid 140272267773632] [remote 10.0.0.71:35774] 2026-05-08 21:27:52.405 11 ERROR keystone.server.flask.application cursor.execute(statement, parameters)
[Fri May 08 21:27:52.417801 2026] [wsgi:error] [pid 11:tid 140272267773632] [remote 10.0.0.71:35774] 2026-05-08 21:27:52.405 11 ERROR keystone.server.flask.application
File "/var/lib/openstack/lib/python3.12/site-packages/pymysql/cursors.py", line 157, in execute
[Fri May 08 21:27:52.417803 2026] [wsgi:error] [pid 11:tid 140272267773632] [remote 10.0.0.71:35774] 2026-05-08 21:27:52.405 11 ERROR keystone.server.flask.application result = self._query(query)
[Fri May 08 21:27:52.417804 2026] [wsgi:error] [pid 11:tid 140272267773632] [remote 10.0.0.71:35774] 2026-05-08 21:27:52.405 11 ERROR keystone.server.flask.application ^^^^^^^^^^^^^^^^^^
[Fri May 08 21:27:52.417806 2026] [wsgi:error] [pid 11:tid 140272267773632] [remote 10.0.0.71:35774] 2026-05-08 21:27:52.405 11 ERROR keystone.server.flask.application
File "/var/lib/openstack/lib/python3.12/site-packages/pymysql/cursors.py", line 328, in _query
[Fri May 08 21:27:52.417807 2026] [wsgi:error] [pid 11:tid 140272267773632] [remote 10.0.0.71:35774] 2026-05-08 21:27:52.405 11 ERROR keystone.server.flask.application conn.query(q)
[Fri May 08 21:27:52.417809 2026] [wsgi:error] [pid 11:tid 140272267773632] [remote 10.0.0.71:35774] 2026-05-08 21:27:52.405 11 ERROR keystone.server.flask.application
File "/var/lib/openstack/lib/python3.12/site-packages/pymysql/connections.py", line 575, in query
[Fri May 08 21:27:52.417810 2026] [wsgi:error] [pid 11:tid 140272267773632] [remote 10.0.0.71:35774] 2026-05-08 21:27:52.405 11 ERROR keystone.server.flask.application self._affected_rows = self._read_query_result(unbuffered=unbuffered)
[Fri May 08 21:27:52.417812 2026] [wsgi:error] [pid 11:tid 140272267773632] [remote 10.0.0.71:35774] 2026-05-08 21:27:52.405 11 ERROR keystone.server.flask.application ^^^^^^^^^^^^^^^^^^^^^^^^^^^^^^^^^^^^^^^^^^^^^^
[Fri May 08 21:27:52.417813 2026] [wsgi:error] [pid 11:tid 140272267773632] [remote 10.0.0.71:35774] 2026-05-08 21:27:52.405 11 ERROR keystone.server.flask.application
File "/var/lib/openstack/lib/python3.12/site-packages/pymysql/connections.py", line 826, in _read_query_result
[Fri May 08 21:27:52.417815 2026] [wsgi:error] [pid 11:tid 140272267773632] [remote 10.0.0.71:35774] 2026-05-08 21:27:52.405 11 ERROR keystone.server.flask.application result.read()
[Fri May 08 21:27:52.417818 2026] [wsgi:error] [pid 11:tid 140272267773632] [remote 10.0.0.71:35774] 2026-05-08 21:27:52.405 11 ERROR keystone.server.flask.application
File "/var/lib/openstack/lib/python3.12/site-packages/pymysql/connections.py", line 1203, in read
[Fri May 08 21:27:52.417819 2026] [wsgi:error] [pid 11:tid 140272267773632] [remote 10.0.0.71:35774] 2026-05-08 21:27:52.405 11 ERROR keystone.server.flask.application first_packet = self.connection._read_packet()
[Fri May 08 21:27:52.417821 2026] [wsgi:error] [pid 11:tid 140272267773632] [remote 10.0.0.71:35774] 2026-05-08 21:27:52.405 11 ERROR keystone.server.flask.application ^^^^^^^^^^^^^^^^^^^^^^^^^^^^^^
[Fri May 08 21:27:52.417822 2026] [wsgi:error] [pid 11:tid 140272267773632] [remote 10.0.0.71:35774] 2026-05-08 21:27:52.405 11 ERROR keystone.server.flask.application
File "/var/lib/openstack/lib/python3.12/site-packages/pymysql/connections.py", line 782, in _read_packet
[Fri May 08 21:27:52.417835 2026] [wsgi:error] [pid 11:tid 140272267773632] [remote 10.0.0.71:35774] 2026-05-08 21:27:52.405 11 ERROR keystone.server.flask.application packet.raise_for_error()
[Fri May 08 21:27:52.417837 2026] [wsgi:error] [pid 11:tid 140272267773632] [remote 10.0.0.71:35774] 2026-05-08 21:27:52.405 11 ERROR keystone.server.flask.application
File "/var/lib/openstack/lib/python3.12/site-packages/pymysql/protocol.py", line 219, in raise_for_error
[Fri May 08 21:27:52.417839 2026] [wsgi:error] [pid 11:tid 140272267773632] [remote 10.0.0.71:35774] 2026-05-08 21:27:52.405 11 ERROR keystone.server.flask.application err.raise_mysql_exception(self._data)
[Fri May 08 21:27:52.417840 2026] [wsgi:error] [pid 11:tid 140272267773632] [remote 10.0.0.71:35774] 2026-05-08 21:27:52.405 11 ERROR keystone.server.flask.application
File "/var/lib/openstack/lib/python3.12/site-packages/pymysql/err.py", line 150, in raise_mysql_exception
[Fri May 08 21:27:52.417842 2026] [wsgi:error] [pid 11:tid 140272267773632] [remote 10.0.0.71:35774] 2026-05-08 21:27:52.405 11 ERROR keystone.server.flask.application raise errorclass(errno, errval)
[Fri May 08 21:27:52.417843 2026] [wsgi:error] [pid 11:tid 140272267773632] [remote 10.0.0.71:35774] 2026-05-08 21:27:52.405 11 ERROR keystone.server.flask.application pymysql.err.IntegrityError: (1062, "Duplicate entry '<>-service' for key 'project.ixu_project_name_domain_id'")
[Fri May 08 21:27:52.417845 2026] [wsgi:error] [pid 11:tid 140272267773632] [remote 10.0.0.71:35774] 2026-05-08 21:27:52.405 11 ERROR keystone.server.flask.application
[Fri May 08 21:27:52.417846 2026] [wsgi:error] [pid 11:tid 140272267773632] [remote 10.0.0.71:35774] 2026-05-08 21:27:52.405 11 ERROR keystone.server.flask.application The above exception was the direct cause of the following exception:
[Fri May 08 21:27:52.417848 2026] [wsgi:error] [pid 11:tid 140272267773632] [remote 10.0.0.71:35774] 2026-05-08 21:27:52.405 11 ERROR keystone.server.flask.application
[Fri May 08 21:27:52.417850 2026] [wsgi:error] [pid 11:tid 140272267773632] [remote 10.0.0.71:35774] 2026-05-08 21:27:52.405 11 ERROR keystone.server.flask.application
Traceback (most recent call last):
[Fri May 08 21:27:52.417852 2026] [wsgi:error] [pid 11:tid 140272267773632] [remote 10.0.0.71:35774] 2026-05-08 21:27:52.405 11 ERROR keystone.server.flask.application
File "/var/lib/openstack/lib/python3.12/site-packages/keystone/common/sql/core.py", line 575, in wrapper
[Fri May 08 21:27:52.417854 2026] [wsgi:error] [pid 11:tid 140272267773632] [remote 10.0.0.71:35774] 2026-05-08 21:27:52.405 11 ERROR keystone.server.flask.application return method(*args, **kwargs)
[Fri May 08 21:27:52.417856 2026] [wsgi:error] [pid 11:tid 140272267773632] [remote 10.0.0.71:35774] 2026-05-08 21:27:52.405 11 ERROR keystone.server.flask.application ^^^^^^^^^^^^^^^^^^^^^^^
[Fri May 08 21:27:52.417858 2026] [wsgi:error] [pid 11:tid 140272267773632] [remote 10.0.0.71:35774] 2026-05-08 21:27:52.405 11 ERROR keystone.server.flask.application
File "/var/lib/openstack/lib/python3.12/site-packages/keystone/resource/backends/sql.py", line 278, in create_project
[Fri May 08 21:27:52.417862 2026] [wsgi:error] [pid 11:tid 140272267773632] [remote 10.0.0.71:35774] 2026-05-08 21:27:52.405 11 ERROR keystone.server.flask.application with sql.session_for_write() as session:
[Fri May 08 21:27:52.417864 2026] [wsgi:error] [pid 11:tid 140272267773632] [remote 10.0.0.71:35774] 2026-05-08 21:27:52.405 11 ERROR keystone.server.flask.application
File "/usr/lib/python3.12/contextlib.py", line 144, in __exit__
[Fri May 08 21:27:52.417866 2026] [wsgi:error] [pid 11:tid 140272267773632] [remote 10.0.0.71:35774] 2026-05-08 21:27:52.405 11 ERROR keystone.server.flask.application next(self.gen)
[Fri May 08 21:27:52.417869 2026] [wsgi:error] [pid 11:tid 140272267773632] [remote 10.0.0.71:35774] 2026-05-08 21:27:52.405 11 ERROR keystone.server.flask.application
File "/var/lib/openstack/lib/python3.12/site-packages/oslo_db/sqlalchemy/enginefacade.py", line 1175, in _transaction_scope
[Fri May 08 21:27:52.417871 2026] [wsgi:error] [pid 11:tid 140272267773632] [remote 10.0.0.71:35774] 2026-05-08 21:27:52.405 11 ERROR keystone.server.flask.application with current._produce_block(
[Fri May 08 21:27:52.417872 2026] [wsgi:error] [pid 11:tid 140272267773632] [remote 10.0.0.71:35774] 2026-05-08 21:27:52.405 11 ERROR keystone.server.flask.application
File "/usr/lib/python3.12/contextlib.py", line 144, in __exit__
[Fri May 08 21:27:52.417874 2026] [wsgi:error] [pid 11:tid 140272267773632] [remote 10.0.0.71:35774] 2026-05-08 21:27:52.405 11 ERROR keystone.server.flask.application next(self.gen)
[Fri May 08 21:27:52.417876 2026] [wsgi:error] [pid 11:tid 140272267773632] [remote 10.0.0.71:35774] 2026-05-08 21:27:52.405 11 ERROR keystone.server.flask.application
File "/var/lib/openstack/lib/python3.12/site-packages/oslo_db/sqlalchemy/enginefacade.py", line 837, in _session
[Fri May 08 21:27:52.417878 2026] [wsgi:error] [pid 11:tid 140272267773632] [remote 10.0.0.71:35774] 2026-05-08 21:27:52.405 11 ERROR keystone.server.flask.application with excutils.save_and_reraise_exception():
[Fri May 08 21:27:52.417880 2026] [wsgi:error] [pid 11:tid 140272267773632] [remote 10.0.0.71:35774] 2026-05-08 21:27:52.405 11 ERROR keystone.server.flask.application
File "/var/lib/openstack/lib/python3.12/site-packages/oslo_utils/excutils.py", line 271, in __exit__
[Fri May 08 21:27:52.417884 2026] [wsgi:error] [pid 11:tid 140272267773632] [remote 10.0.0.71:35774] 2026-05-08 21:27:52.405 11 ERROR keystone.server.flask.application self.force_reraise()
[Fri May 08 21:27:52.417887 2026] [wsgi:error] [pid 11:tid 140272267773632] [remote 10.0.0.71:35774] 2026-05-08 21:27:52.405 11 ERROR keystone.server.flask.application
File "/var/lib/openstack/lib/python3.12/site-packages/oslo_utils/excutils.py", line 233, in force_reraise
[Fri May 08 21:27:52.417889 2026] [wsgi:error] [pid 11:tid 140272267773632] [remote 10.0.0.71:35774] 2026-05-08 21:27:52.405 11 ERROR keystone.server.flask.application raise self.value
[Fri May 08 21:27:52.417891 2026] [wsgi:error] [pid 11:tid 140272267773632] [remote 10.0.0.71:35774] 2026-05-08 21:27:52.405 11 ERROR keystone.server.flask.application
File "/var/lib/openstack/lib/python3.12/site-packages/oslo_db/sqlalchemy/enginefacade.py", line 835, in _session
[Fri May 08 21:27:52.417894 2026] [wsgi:error] [pid 11:tid 140272267773632] [remote 10.0.0.71:35774] 2026-05-08 21:27:52.405 11 ERROR keystone.server.flask.application self._end_session_transaction(self.session)
[Fri May 08 21:27:52.417896 2026] [wsgi:error] [pid 11:tid 140272267773632] [remote 10.0.0.71:35774] 2026-05-08 21:27:52.405 11 ERROR keystone.server.flask.application
File "/var/lib/openstack/lib/python3.12/site-packages/oslo_db/sqlalchemy/enginefacade.py", line 748, in _end_session_transaction
[Fri May 08 21:27:52.417898 2026] [wsgi:error] [pid 11:tid 140272267773632] [remote 10.0.0.71:35774] 2026-05-08 21:27:52.405 11 ERROR keystone.server.flask.application session.commit()
[Fri May 08 21:27:52.417899 2026] [wsgi:error] [pid 11:tid 140272267773632] [remote 10.0.0.71:35774] 2026-05-08 21:27:52.405 11 ERROR keystone.server.flask.application
File "/var/lib/openstack/lib/python3.12/site-packages/sqlalchemy/orm/session.py", line 2030, in commit
[Fri May 08 21:27:52.417902 2026] [wsgi:error] [pid 11:tid 140272267773632] [remote 10.0.0.71:35774] 2026-05-08 21:27:52.405 11 ERROR keystone.server.flask.application trans.commit(_to_root=True)
[Fri May 08 21:27:52.417903 2026] [wsgi:error] [pid 11:tid 140272267773632] [remote 10.0.0.71:35774] 2026-05-08 21:27:52.405 11 ERROR keystone.server.flask.application File "", line 2, in commit
[Fri May 08 21:27:52.417905 2026] [wsgi:error] [pid 11:tid 140272267773632] [remote 10.0.0.71:35774] 2026-05-08 21:27:52.405 11 ERROR keystone.server.flask.application
File "/var/lib/openstack/lib/python3.12/site-packages/sqlalchemy/orm/state_changes.py", line 137, in _go
[Fri May 08 21:27:52.417908 2026] [wsgi:error] [pid 11:tid 140272267773632] [remote 10.0.0.71:35774] 2026-05-08 21:27:52.405 11 ERROR keystone.server.flask.application ret_value = fn(self, *arg, **kw)
[Fri May 08 21:27:52.417910 2026] [wsgi:error] [pid 11:tid 140272267773632] [remote 10.0.0.71:35774] 2026-05-08 21:27:52.405 11 ERROR keystone.server.flask.application ^^^^^^^^^^^^^^^^^^^^
[Fri May 08 21:27:52.417912 2026] [wsgi:error] [pid 11:tid 140272267773632] [remote 10.0.0.71:35774] 2026-05-08 21:27:52.405 11 ERROR keystone.server.flask.application
File "/var/lib/openstack/lib/python3.12/site-packages/sqlalchemy/orm/session.py", line 1311, in commit
[Fri May 08 21:27:52.417915 2026] [wsgi:error] [pid 11:tid 140272267773632] [remote 10.0.0.71:35774] 2026-05-08 21:27:52.405 11 ERROR keystone.server.flask.application self._prepare_impl()
[Fri May 08 21:27:52.417917 2026] [wsgi:error] [pid 11:tid 140272267773632] [remote 10.0.0.71:35774] 2026-05-08 21:27:52.405 11 ERROR keystone.server.flask.application File "", line 2, in _prepare_impl
[Fri May 08 21:27:52.417920 2026] [wsgi:error] [pid 11:tid 140272267773632] [remote 10.0.0.71:35774] 2026-05-08 21:27:52.405 11 ERROR keystone.server.flask.application
File "/var/lib/openstack/lib/python3.12/site-packages/sqlalchemy/orm/state_changes.py", line 137, in _go
[Fri May 08 21:27:52.417922 2026] [wsgi:error] [pid 11:tid 140272267773632] [remote 10.0.0.71:35774] 2026-05-08 21:27:52.405 11 ERROR keystone.server.flask.application ret_value = fn(self, *arg, **kw)
[Fri May 08 21:27:52.417926 2026] [wsgi:error] [pid 11:tid 140272267773632] [remote 10.0.0.71:35774] 2026-05-08 21:27:52.405 11 ERROR keystone.server.flask.application ^^^^^^^^^^^^^^^^^^^^
[Fri May 08 21:27:52.417928 2026] [wsgi:error] [pid 11:tid 140272267773632] [remote 10.0.0.71:35774] 2026-05-08 21:27:52.405 11 ERROR keystone.server.flask.application
File "/var/lib/openstack/lib/python3.12/site-packages/sqlalchemy/orm/session.py", line 1286, in _prepare_impl
[Fri May 08 21:27:52.417931 2026] [wsgi:error] [pid 11:tid 140272267773632] [remote 10.0.0.71:35774] 2026-05-08 21:27:52.405 11 ERROR keystone.server.flask.application self.session.flush()
[Fri May 08 21:27:52.417933 2026] [wsgi:error] [pid 11:tid 140272267773632] [remote 10.0.0.71:35774] 2026-05-08 21:27:52.405 11 ERROR keystone.server.flask.application
File "/var/lib/openstack/lib/python3.12/site-packages/sqlalchemy/orm/session.py", line 4331, in flush
[Fri May 08 21:27:52.417936 2026] [wsgi:error] [pid 11:tid 140272267773632] [remote 10.0.0.71:35774] 2026-05-08 21:27:52.405 11 ERROR keystone.server.flask.application self._flush(objects)
[Fri May 08 21:27:52.417940 2026] [wsgi:error] [pid 11:tid 140272267773632] [remote 10.0.0.71:35774] 2026-05-08 21:27:52.405 11 ERROR keystone.server.flask.application
File "/var/lib/openstack/lib/python3.12/site-packages/sqlalchemy/orm/session.py", line 4466, in _flush
[Fri May 08 21:27:52.417942 2026] [wsgi:error] [pid 11:tid 140272267773632] [remote 10.0.0.71:35774] 2026-05-08 21:27:52.405 11 ERROR keystone.server.flask.application with util.safe_reraise():
[Fri May 08 21:27:52.417945 2026] [wsgi:error] [pid 11:tid 140272267773632] [remote 10.0.0.71:35774] 2026-05-08 21:27:52.405 11 ERROR keystone.server.flask.application
File "/var/lib/openstack/lib/python3.12/site-packages/sqlalchemy/util/langhelpers.py", line 121, in __exit__
[Fri May 08 21:27:52.417947 2026] [wsgi:error] [pid 11:tid 140272267773632] [remote 10.0.0.71:35774] 2026-05-08 21:27:52.405 11 ERROR keystone.server.flask.application raise exc_value.with_traceback(exc_tb)
[Fri May 08 21:27:52.417949 2026] [wsgi:error] [pid 11:tid 140272267773632] [remote 10.0.0.71:35774] 2026-05-08 21:27:52.405 11 ERROR keystone.server.flask.application
File "/var/lib/openstack/lib/python3.12/site-packages/sqlalchemy/orm/session.py", line 4427, in _flush
[Fri May 08 21:27:52.417951 2026] [wsgi:error] [pid 11:tid 140272267773632] [remote 10.0.0.71:35774] 2026-05-08 21:27:52.405 11 ERROR keystone.server.flask.application flush_context.execute()
[Fri May 08 21:27:52.417953 2026] [wsgi:error] [pid 11:tid 140272267773632] [remote 10.0.0.71:35774] 2026-05-08 21:27:52.405 11 ERROR keystone.server.flask.application
File "/var/lib/openstack/lib/python3.12/site-packages/sqlalchemy/orm/unitofwork.py", line 466, in execute
