2026-05-08 22:26:37.109 7 INFO neutron.services.segments.plugin [-] Segment 33a0dec7-9b79-4be5-aa7a-746b1ad5cb80 resource provider not found; error: Placement Client Error (4xx): {"errors": [{"status": 404, "title": "Not Found", "detail": "The resource could not be found.\n\n No resource provider with uuid 33a0dec7-9b79-4be5-aa7a-746b1ad5cb80 found for delete ", "request_id": "req-b9cdcfa2-583e-4a93-a2a8-24fa3659b895"}]} [pid: 8|app: 0|req: 1307/2407] 10.0.0.98 () {34 vars in 988 bytes} [Fri May 8 22:26:37 2026] GET /v2.0/ports?device_id=46cee9b0-cc19-43fb-a9aa-7edede4d67ee => generated 975 bytes in 43 msecs (HTTP/1.1 200) 4 headers in 157 bytes (1 switches on core 0) [pid: 7|app: 0|req: 1101/2408] 10.0.0.77 () {32 vars in 724 bytes} [Fri May 8 22:26:36 2026] DELETE /v2.0/networks/b555fd07-6402-4f90-9a44-b46dac986a28 => generated 0 bytes in 389 msecs (HTTP/1.1 204) 3 headers in 131 bytes (1 switches on core 0) [pid: 8|app: 0|req: 1308/2409] 10.0.0.98 () {34 vars in 1038 bytes} [Fri May 8 22:26:37 2026] GET /v2.0/security-groups?id=6eaf1764-e7f8-4a35-ad9a-f2c9064e468e&fields=id&fields=name => generated 113 bytes in 28 msecs (HTTP/1.1 200) 4 headers in 157 bytes (1 switches on core 0)
2026-05-08 22:26:37.261 7 INFO neutron_taas.services.taas.taas_plugin [None req-7a0dc0ae-f5c9-458b-97c1-a35cddd75f67 c935ec9289ec4e629cee1d1598fe78a8 ce2853fda5d547bda53c9cfdc62582e7 - - default default] TaaS: Handle Delete Port: 1fb4b5bc-f0d7-4d8f-bfd6-538f8104aaea
2026-05-08 22:26:37.268 7 INFO neutron_taas.services.taas.tap_mirror_plugin [None req-7a0dc0ae-f5c9-458b-97c1-a35cddd75f67 c935ec9289ec4e629cee1d1598fe78a8 ce2853fda5d547bda53c9cfdc62582e7 - - default default] Tap Mirror: Handle Delete Port: 1fb4b5bc-f0d7-4d8f-bfd6-538f8104aaea [pid: 7|app: 0|req: 1102/2410] 10.0.0.77 () {32 vars in 724 bytes} [Fri May 8 22:26:37 2026] DELETE /v2.0/networks/0c28a12c-ec1b-4b22-b46d-a6e16e9bce0b => generated 0 bytes in 342 msecs (HTTP/1.1 204) 3 headers in 131 bytes (1 switches on core 0)
2026-05-08 22:26:37.608 8 INFO neutron_taas.services.taas.taas_plugin [None req-99d0c0c0-ea49-472a-be0f-e84a9db9cecb c935ec9289ec4e629cee1d1598fe78a8 ce2853fda5d547bda53c9cfdc62582e7 - - default default] TaaS: Handle Delete Port: b9f93f05-864c-4c57-a32f-9c29823b6493
2026-05-08 22:26:37.610 8 INFO neutron_taas.services.taas.tap_mirror_plugin [None req-99d0c0c0-ea49-472a-be0f-e84a9db9cecb c935ec9289ec4e629cee1d1598fe78a8 ce2853fda5d547bda53c9cfdc62582e7 - - default default] Tap Mirror: Handle Delete Port: b9f93f05-864c-4c57-a32f-9c29823b6493
2026-05-08 22:26:37.766 8 INFO neutron.services.segments.plugin [-] Segment 9c3556de-60fb-4131-8bac-f0261fd18756 resource provider aggregate not found
2026-05-08 22:26:37.772 8 INFO neutron.services.segments.plugin [-] Segment 9c3556de-60fb-4131-8bac-f0261fd18756 resource provider aggregate not found
2026-05-08 22:26:37.788 8 INFO neutron.services.segments.plugin [-] Segment 9c3556de-60fb-4131-8bac-f0261fd18756 resource provider not found; error: Placement Client Error (4xx): {"errors": [{"status": 404, "title": "Not Found", "detail": "The resource could not be found.\n\n No resource provider with uuid 9c3556de-60fb-4131-8bac-f0261fd18756 found for delete ", "request_id": "req-6028d792-3f32-4050-ae01-731266231063"}]}
2026-05-08 22:26:37.805 8 INFO neutron.services.segments.plugin [-] Segment 9c3556de-60fb-4131-8bac-f0261fd18756 resource provider not found; error: Placement Client Error (4xx): {"errors": [{"status": 404, "title": "Not Found", "detail": "The resource could not be found.\n\n No resource provider with uuid 9c3556de-60fb-4131-8bac-f0261fd18756 found for delete ", "request_id": "req-a5f81ad2-a9fd-4954-9357-ef860a8565ac"}]} [pid: 8|app: 0|req: 1309/2411] 10.0.0.77 () {32 vars in 724 bytes} [Fri May 8 22:26:37 2026] DELETE /v2.0/networks/f5173c93-c8b6-4ca4-a80f-db09916b1eb6 => generated 0 bytes in 340 msecs (HTTP/1.1 204) 3 headers in 131 bytes (1 switches on core 0)
2026-05-08 22:26:37.969 7 INFO neutron_taas.services.taas.taas_plugin [None req-c93c2f98-95ac-4a37-985d-84ea9603980b c935ec9289ec4e629cee1d1598fe78a8 ce2853fda5d547bda53c9cfdc62582e7 - - default default] TaaS: Handle Delete Port: fd35b000-bdc6-4351-8264-648b3b0ed1f0
2026-05-08 22:26:37.971 7 INFO neutron_taas.services.taas.tap_mirror_plugin [None req-c93c2f98-95ac-4a37-985d-84ea9603980b c935ec9289ec4e629cee1d1598fe78a8 ce2853fda5d547bda53c9cfdc62582e7 - - default default] Tap Mirror: Handle Delete Port: fd35b000-bdc6-4351-8264-648b3b0ed1f0 [pid: 7|app: 0|req: 1103/2412] 10.0.0.77 () {32 vars in 724 bytes} [Fri May 8 22:26:37 2026] DELETE /v2.0/networks/f82f15cb-9157-4a36-8aec-5233f45ce151 => generated 0 bytes in 328 msecs (HTTP/1.1 204) 3 headers in 131 bytes (1 switches on core 0) [pid: 7|app: 0|req: 1104/2413] 10.0.0.98 () {34 vars in 988 bytes} [Fri May 8 22:26:38 2026] GET /v2.0/ports?device_id=46cee9b0-cc19-43fb-a9aa-7edede4d67ee => generated 975 bytes in 37 msecs (HTTP/1.1 200) 4 headers in 157 bytes (1 switches on core 0)
2026-05-08 22:26:38.292 8 INFO neutron_taas.services.taas.taas_plugin [None req-41924e87-ece3-4138-b211-9f3a9cd39235 c935ec9289ec4e629cee1d1598fe78a8 ce2853fda5d547bda53c9cfdc62582e7 - - default default] TaaS: Handle Delete Port: 12aba567-ad90-4678-856c-3d0361fc97ad
2026-05-08 22:26:38.294 8 INFO neutron_taas.services.taas.tap_mirror_plugin [None req-41924e87-ece3-4138-b211-9f3a9cd39235 c935ec9289ec4e629cee1d1598fe78a8 ce2853fda5d547bda53c9cfdc62582e7 - - default default] Tap Mirror: Handle Delete Port: 12aba567-ad90-4678-856c-3d0361fc97ad [pid: 7|app: 0|req: 1105/2414] 10.0.0.98 () {34 vars in 1038 bytes} [Fri May 8 22:26:38 2026] GET /v2.0/security-groups?id=6eaf1764-e7f8-4a35-ad9a-f2c9064e468e&fields=id&fields=name => generated 113 bytes in 32 msecs (HTTP/1.1 200) 4 headers in 157 bytes (1 switches on core 0)
2026-05-08 22:26:38.363 7 INFO neutron.notifiers.nova [-] Nova event matching ['req-21638d83-f8d1-4497-9e8e-d291c9923661'] response: {'server_uuid': '46cee9b0-cc19-43fb-a9aa-7edede4d67ee', 'name': 'network-vif-plugged', 'status': 'completed', 'tag': '3def3671-eab2-4b48-b02c-5ae45570721b', 'code': 200} [pid: 7|app: 0|req: 1106/2415] 10.0.0.98 () {34 vars in 988 bytes} [Fri May 8 22:26:38 2026] GET /v2.0/ports?device_id=46cee9b0-cc19-43fb-a9aa-7edede4d67ee => generated 975 bytes in 44 msecs (HTTP/1.1 200) 4 headers in 157 bytes (1 switches on core 0) [pid: 7|app: 0|req: 1107/2416] 10.0.0.98 () {34 vars in 1038 bytes} [Fri May 8 22:26:38 2026] GET /v2.0/security-groups?id=6eaf1764-e7f8-4a35-ad9a-f2c9064e468e&fields=id&fields=name => generated 113 bytes in 47 msecs (HTTP/1.1 200) 4 headers in 157 bytes (1 switches on core 0) [pid: 8|app: 0|req: 1310/2417] 10.0.0.77 () {32 vars in 724 bytes} [Fri May 8 22:26:38 2026] DELETE /v2.0/networks/b018871f-1a89-4424-9ec2-4a4bb779fe00 => generated 0 bytes in 324 msecs (HTTP/1.1 204) 3 headers in 131 bytes (1 switches on core 0) [pid: 7|app: 0|req: 1108/2418] 10.0.0.77 () {32 vars in 734 bytes} [Fri May 8 22:26:38 2026] GET /v2.0/ports?device_id=46cee9b0-cc19-43fb-a9aa-7edede4d67ee => generated 1236 bytes in 39 msecs (HTTP/1.1 200) 4 headers in 158 bytes (1 switches on core 0)
2026-05-08 22:26:38.815 8 WARNING neutron.scheduler.dhcp_agent_scheduler [None req-c37ba67c-1947-450d-9876-bee448137bb4 7c7c4ab21d574ef289c416526ac58ea0 34927b3fb60546dbbf434699af638f4b - - default default] No more DHCP agents
2026-05-08 22:26:38.817 8 WARNING neutron.api.rpc.agentnotifiers.dhcp_rpc_agent_api [None req-c37ba67c-1947-450d-9876-bee448137bb4 7c7c4ab21d574ef289c416526ac58ea0 34927b3fb60546dbbf434699af638f4b - - default default] Unable to schedule network c785faa4-1ae1-4db4-b0a3-f8bd2e8839a5: no agents available; will retry on subsequent port and subnet creation events.
2026-05-08 22:26:39.115 7 INFO neutron.services.segments.plugin [-] Segment fdbf98c3-4825-4ef7-a594-6561b1c15aea resource provider aggregate not found
2026-05-08 22:26:39.135 7 INFO neutron.services.segments.plugin [-] Segment fdbf98c3-4825-4ef7-a594-6561b1c15aea resource provider aggregate not found
2026-05-08 22:26:39.136 7 INFO neutron.services.segments.plugin [-] Segment fdbf98c3-4825-4ef7-a594-6561b1c15aea resource provider not found; error: Placement Client Error (4xx): {"errors": [{"status": 404, "title": "Not Found", "detail": "The resource could not be found.\n\n No resource provider with uuid fdbf98c3-4825-4ef7-a594-6561b1c15aea found for delete ", "request_id": "req-2cd6dbf1-cc55-4f6c-b267-dd0975156340"}]}
2026-05-08 22:26:39.161 7 INFO neutron.services.segments.plugin [-] Segment 3ba7a4b0-9ee9-4371-9c1a-634fe4e6342f resource provider aggregate not found
2026-05-08 22:26:39.166 7 INFO neutron.services.segments.plugin [-] Segment fdbf98c3-4825-4ef7-a594-6561b1c15aea resource provider not found; error: Placement Client Error (4xx): {"errors": [{"status": 404, "title": "Not Found", "detail": "The resource could not be found.\n\n No resource provider with uuid fdbf98c3-4825-4ef7-a594-6561b1c15aea found for delete ", "request_id": "req-d2256fa2-0b85-4973-be28-5e827d738eed"}]}
2026-05-08 22:26:39.178 7 INFO neutron.services.segments.plugin [-] Segment 3ba7a4b0-9ee9-4371-9c1a-634fe4e6342f resource provider not found; error: Placement Client Error (4xx): {"errors": [{"status": 404, "title": "Not Found", "detail": "The resource could not be found.\n\n No resource provider with uuid 3ba7a4b0-9ee9-4371-9c1a-634fe4e6342f found for delete ", "request_id": "req-c02a282c-0ec8-4227-95a9-d985e3a70dd7"}]}
2026-05-08 22:26:39.180 7 INFO neutron.services.segments.plugin [-] Segment 3ba7a4b0-9ee9-4371-9c1a-634fe4e6342f resource provider aggregate not found
2026-05-08 22:26:39.191 7 INFO neutron.services.segments.plugin [-] Segment 3ba7a4b0-9ee9-4371-9c1a-634fe4e6342f resource provider not found; error: Placement Client Error (4xx): {"errors": [{"status": 404, "title": "Not Found", "detail": "The resource could not be found.\n\n No resource provider with uuid 3ba7a4b0-9ee9-4371-9c1a-634fe4e6342f found for delete ", "request_id": "req-b6ba5ed5-da3e-425e-86e7-4a5c6b2a2417"}]}
2026-05-08 22:26:39.380 7 WARNING neutron.db.securitygroups_db [None req-50b1d31b-a070-4db2-b9cc-56c1dd7d6e3c 80495012daae424196c0910629d08a26 3ed3f8752f5f4b828e553428309811c5 - - default default] project_id key not found in filters, using tenant_id instead. This support has been deprecated and will be removed in a future release.
2026-05-08 22:26:39.518 7 INFO neutron.db.ovn_revision_numbers_db [None req-50b1d31b-a070-4db2-b9cc-56c1dd7d6e3c 80495012daae424196c0910629d08a26 3ed3f8752f5f4b828e553428309811c5 - - default default] Successfully bumped revision number for resource a382925d-0dde-46bc-a19a-0f21a042e26c (type: security_groups) to 1
2026-05-08 22:26:39.529 7 INFO neutron.db.ovn_revision_numbers_db [None req-50b1d31b-a070-4db2-b9cc-56c1dd7d6e3c 80495012daae424196c0910629d08a26 3ed3f8752f5f4b828e553428309811c5 - - default default] Successfully bumped revision number for resource 116b82ff-8330-4a33-9dfa-4aa776575af1 (type: security_group_rules) to 0
2026-05-08 22:26:39.541 7 INFO neutron.db.ovn_revision_numbers_db [None req-50b1d31b-a070-4db2-b9cc-56c1dd7d6e3c 80495012daae424196c0910629d08a26 3ed3f8752f5f4b828e553428309811c5 - - default default] Successfully bumped revision number for resource 4d237803-8a26-4bcf-bd09-1ed39ed43314 (type: security_group_rules) to 0
2026-05-08 22:26:39.554 7 INFO neutron.db.ovn_revision_numbers_db [None req-50b1d31b-a070-4db2-b9cc-56c1dd7d6e3c 80495012daae424196c0910629d08a26 3ed3f8752f5f4b828e553428309811c5 - - default default] Successfully bumped revision number for resource 834641b5-1b71-4487-8a57-bf819fd4b4da (type: security_group_rules) to 0
2026-05-08 22:26:39.565 7 INFO neutron.db.ovn_revision_numbers_db [None req-50b1d31b-a070-4db2-b9cc-56c1dd7d6e3c 80495012daae424196c0910629d08a26 3ed3f8752f5f4b828e553428309811c5 - - default default] Successfully bumped revision number for resource f92b8d5c-2254-46b7-97c7-5ae0ee7a0023 (type: security_group_rules) to 0 [pid: 7|app: 0|req: 1109/2419] 10.0.0.77 () {32 vars in 772 bytes} [Fri May 8 22:26:39 2026] GET /v2.0/security-groups?tenant_id=f2a2f46cd46440dd82fad2e140813ba9&name=default => generated 2925 bytes in 374 msecs (HTTP/1.1 200) 4 headers in 158 bytes (1 switches on core 0) [pid: 7|app: 0|req: 1110/2420] 10.0.0.77 () {34 vars in 676 bytes} [Fri May 8 22:26:39 2026] POST /v2.0/qos/policies => generated 359 bytes in 78 msecs (HTTP/1.1 201) 4 headers in 162 bytes (1 switches on core 0)
2026-05-08 22:26:39.826 8 INFO neutron.services.segments.plugin [-] Segment a5f7ceae-e0c0-4e04-af55-bd613bbd373f resource provider aggregate not found
2026-05-08 22:26:39.828 8 INFO neutron.services.segments.plugin [-] Segment a5f7ceae-e0c0-4e04-af55-bd613bbd373f resource provider aggregate not found
2026-05-08 22:26:39.863 8 INFO neutron.services.segments.plugin [-] Segment a5f7ceae-e0c0-4e04-af55-bd613bbd373f resource provider not found; error: Placement Client Error (4xx): {"errors": [{"status": 404, "title": "Not Found", "detail": "The resource could not be found.\n\n No resource provider with uuid a5f7ceae-e0c0-4e04-af55-bd613bbd373f found for delete ", "request_id": "req-d002fef3-400f-4455-ae50-b8c276d55948"}]}
2026-05-08 22:26:39.867 8 INFO neutron.services.segments.plugin [-] Segment a5f7ceae-e0c0-4e04-af55-bd613bbd373f resource provider not found; error: Placement Client Error (4xx): {"errors": [{"status": 404, "title": "Not Found", "detail": "The resource could not be found.\n\n No resource provider with uuid a5f7ceae-e0c0-4e04-af55-bd613bbd373f found for delete ", "request_id": "req-57d8d975-2f3c-4c26-9071-37681319c3eb"}]} [pid: 7|app: 0|req: 1111/2421] 10.0.0.77 () {32 vars in 738 bytes} [Fri May 8 22:26:39 2026] DELETE /v2.0/security-groups/a382925d-0dde-46bc-a19a-0f21a042e26c => generated 0 bytes in 192 msecs (HTTP/1.1 204) 2 headers in 112 bytes (1 switches on core 0)
2026-05-08 22:26:39.897 7 WARNING tagging [None req-89b57412-1676-4198-b983-e174ef21e928 e162a41ef1a548a99a7eaa61ade6d680 f87321abfad146ec8f1aa28a8a4c2714 - - default default] project_id key not found in request, using tenant_id instead. This support has been deprecated and will be removed in a future release. [pid: 7|app: 0|req: 1112/2422] 10.0.0.77 () {34 vars in 751 bytes} [Fri May 8 22:26:39 2026] PUT /v2.0/policies/dcb5daa0-1694-4026-8aae-10406a19df7b/tags => generated 25 bytes in 46 msecs (HTTP/1.1 200) 4 headers in 156 bytes (1 switches on core 0)
2026-05-08 22:26:39.950 7 WARNING tagging [None req-ccf2235d-4a84-42ca-bb53-d75c86adbaa5 e162a41ef1a548a99a7eaa61ade6d680 f87321abfad146ec8f1aa28a8a4c2714 - - default default] project_id key not found in request, using tenant_id instead. This support has been deprecated and will be removed in a future release. [pid: 7|app: 0|req: 1113/2423] 10.0.0.77 () {32 vars in 731 bytes} [Fri May 8 22:26:39 2026] GET /v2.0/policies/dcb5daa0-1694-4026-8aae-10406a19df7b/tags => generated 25 bytes in 33 msecs (HTTP/1.1 200) 4 headers in 156 bytes (1 switches on core 0)
2026-05-08 22:26:39.988 7 WARNING tagging [None req-5d00d4ea-000d-4e5b-9240-e439bbeed1da e162a41ef1a548a99a7eaa61ade6d680 f87321abfad146ec8f1aa28a8a4c2714 - - default default] project_id key not found in request, using tenant_id instead. This support has been deprecated and will be removed in a future release. [pid: 7|app: 0|req: 1114/2424] 10.0.0.77 () {34 vars in 762 bytes} [Fri May 8 22:26:39 2026] PUT /v2.0/policies/dcb5daa0-1694-4026-8aae-10406a19df7b/tags/green => generated 4 bytes in 64 msecs (HTTP/1.1 201) 4 headers in 160 bytes (1 switches on core 0)
2026-05-08 22:26:40.034 7 WARNING neutron.db.securitygroups_db [None req-eb41d116-cbcf-4250-add5-9184ac930c77 80495012daae424196c0910629d08a26 3ed3f8752f5f4b828e553428309811c5 - - default default] project_id key not found in filters, using tenant_id instead. This support has been deprecated and will be removed in a future release. [pid: 7|app: 0|req: 1115/2425] 10.0.0.77 () {32 vars in 772 bytes} [Fri May 8 22:26:40 2026] GET /v2.0/security-groups?tenant_id=ce2853fda5d547bda53c9cfdc62582e7&name=default => generated 2925 bytes in 29 msecs (HTTP/1.1 200) 4 headers in 158 bytes (1 switches on core 0)
2026-05-08 22:26:40.081 7 WARNING tagging [None req-112f690d-3c30-452d-9867-27b60629ce84 e162a41ef1a548a99a7eaa61ade6d680 f87321abfad146ec8f1aa28a8a4c2714 - - default default] project_id key not found in request, using tenant_id instead. This support has been deprecated and will be removed in a future release. [pid: 7|app: 0|req: 1116/2426] 10.0.0.77 () {32 vars in 731 bytes} [Fri May 8 22:26:40 2026] GET /v2.0/policies/dcb5daa0-1694-4026-8aae-10406a19df7b/tags => generated 34 bytes in 30 msecs (HTTP/1.1 200) 4 headers in 156 bytes (1 switches on core 0) [pid: 7|app: 0|req: 1117/2427] 10.0.0.77 () {32 vars in 738 bytes} [Fri May 8 22:26:40 2026] DELETE /v2.0/security-groups/a5f6439c-b00c-4f16-823d-bf1e4ca7074f => generated 0 bytes in 239 msecs (HTTP/1.1 204) 2 headers in 112 bytes (1 switches on core 0) /var/lib/openstack/lib/python3.12/site-packages/pycadf/identifier.py:70: UserWarning: Invalid uuid: neutron. To ensure interoperability, identifiers should be a valid uuid. warnings.warn(('Invalid uuid: %s. To ensure interoperability, '
2026-05-08 22:26:40.371 7 WARNING tagging [None req-a2b808c8-36f9-4be8-82d2-b21c3a42490a e162a41ef1a548a99a7eaa61ade6d680 f87321abfad146ec8f1aa28a8a4c2714 - - default default] project_id key not found in request, using tenant_id instead. This support has been deprecated and will be removed in a future release. [pid: 7|app: 0|req: 1118/2428] 10.0.0.77 () {34 vars in 758 bytes} [Fri May 8 22:26:40 2026] PUT /v2.0/policies/dcb5daa0-1694-4026-8aae-10406a19df7b/tags/red => generated 4 bytes in 62 msecs (HTTP/1.1 201) 4 headers in 160 bytes (1 switches on core 0)
2026-05-08 22:26:40.396 8 INFO neutron.db.ovn_revision_numbers_db [None req-c37ba67c-1947-450d-9876-bee448137bb4 7c7c4ab21d574ef289c416526ac58ea0 34927b3fb60546dbbf434699af638f4b - - default default] Successfully bumped revision number for resource 02e1d196-395c-47f3-9a16-0a3d4825d36e (type: floatingips) to 1
2026-05-08 22:26:40.396 8 INFO neutron.db.l3_db [None req-c37ba67c-1947-450d-9876-bee448137bb4 7c7c4ab21d574ef289c416526ac58ea0 34927b3fb60546dbbf434699af638f4b - - default default] Floating IP 02e1d196-395c-47f3-9a16-0a3d4825d36e associated. External IP: 10.96.250.208, port: 3def3671-eab2-4b48-b02c-5ae45570721b.
2026-05-08 22:26:40.419 7 WARNING tagging [None req-a61c7c8e-a55e-407b-a9f3-e920e347f60d e162a41ef1a548a99a7eaa61ade6d680 f87321abfad146ec8f1aa28a8a4c2714 - - default default] project_id key not found in request, using tenant_id instead. This support has been deprecated and will be removed in a future release. [pid: 7|app: 0|req: 1119/2429] 10.0.0.77 () {32 vars in 731 bytes} [Fri May 8 22:26:40 2026] GET /v2.0/policies/dcb5daa0-1694-4026-8aae-10406a19df7b/tags => generated 34 bytes in 33 msecs (HTTP/1.1 200) 4 headers in 156 bytes (1 switches on core 0) [pid: 8|app: 0|req: 1311/2430] 10.0.0.77 () {34 vars in 675 bytes} [Fri May 8 22:26:38 2026] POST /v2.0/floatingips => generated 856 bytes in 1881 msecs (HTTP/1.1 201) 4 headers in 162 bytes (1 switches on core 0)
2026-05-08 22:26:40.455 7 WARNING tagging [None req-e28318d3-9d0f-4793-a07c-1b2e8b1365fa e162a41ef1a548a99a7eaa61ade6d680 f87321abfad146ec8f1aa28a8a4c2714 - - default default] project_id key not found in request, using tenant_id instead. This support has been deprecated and will be removed in a future release.
2026-05-08 22:26:40.472 8 INFO neutron.notifiers.nova [-] Nova event matching ['req-66c5e8db-99e7-4f05-b476-696a8b0f6e69'] response: {'name': 'network-changed', 'server_uuid': '46cee9b0-cc19-43fb-a9aa-7edede4d67ee', 'tag': '3def3671-eab2-4b48-b02c-5ae45570721b', 'status': 'completed', 'code': 200} [pid: 8|app: 0|req: 1312/2431] 10.0.0.77 () {32 vars in 727 bytes} [Fri May 8 22:26:40 2026] GET /v2.0/floatingips/02e1d196-395c-47f3-9a16-0a3d4825d36e => generated 858 bytes in 40 msecs (HTTP/1.1 200) 4 headers in 157 bytes (1 switches on core 0)
2026-05-08 22:26:40.484 8 WARNING neutron.db.securitygroups_db [None req-a3b98c1f-6b5b-484b-8284-2e213f54f183 80495012daae424196c0910629d08a26 3ed3f8752f5f4b828e553428309811c5 - - default default] project_id key not found in filters, using tenant_id instead. This support has been deprecated and will be removed in a future release. [pid: 7|app: 0|req: 1120/2432] 10.0.0.77 () {34 vars in 780 bytes} [Fri May 8 22:26:40 2026] PUT /v2.0/policies/dcb5daa0-1694-4026-8aae-10406a19df7b/tags/black.or.white => generated 4 bytes in 69 msecs (HTTP/1.1 201) 4 headers in 160 bytes (1 switches on core 0)
2026-05-08 22:26:40.532 7 WARNING tagging [None req-eed43175-b2c9-46c4-96aa-d379fe2a3b9a e162a41ef1a548a99a7eaa61ade6d680 f87321abfad146ec8f1aa28a8a4c2714 - - default default] project_id key not found in request, using tenant_id instead. This support has been deprecated and will be removed in a future release. [pid: 7|app: 0|req: 1121/2433] 10.0.0.77 () {32 vars in 731 bytes} [Fri May 8 22:26:40 2026] GET /v2.0/policies/dcb5daa0-1694-4026-8aae-10406a19df7b/tags => generated 52 bytes in 32 msecs (HTTP/1.1 200) 4 headers in 156 bytes (1 switches on core 0)
2026-05-08 22:26:40.573 7 WARNING tagging [None req-6c2ef483-7098-4f1c-a00e-07dbe02f2d4a e162a41ef1a548a99a7eaa61ade6d680 f87321abfad146ec8f1aa28a8a4c2714 - - default default] project_id key not found in request, using tenant_id instead. This support has been deprecated and will be removed in a future release. [pid: 7|app: 0|req: 1122/2434] 10.0.0.77 () {34 vars in 751 bytes} [Fri May 8 22:26:40 2026] PUT /v2.0/policies/dcb5daa0-1694-4026-8aae-10406a19df7b/tags => generated 37 bytes in 64 msecs (HTTP/1.1 200) 4 headers in 156 bytes (1 switches on core 0)
2026-05-08 22:26:40.614 8 INFO neutron.db.ovn_revision_numbers_db [None req-a3b98c1f-6b5b-484b-8284-2e213f54f183 80495012daae424196c0910629d08a26 3ed3f8752f5f4b828e553428309811c5 - - default default] Successfully bumped revision number for resource 847fec5f-8c56-4999-8843-e2f6f164b069 (type: security_groups) to 1
2026-05-08 22:26:40.626 8 INFO neutron.db.ovn_revision_numbers_db [None req-a3b98c1f-6b5b-484b-8284-2e213f54f183 80495012daae424196c0910629d08a26 3ed3f8752f5f4b828e553428309811c5 - - default default] Successfully bumped revision number for resource 0e973f25-6114-44dc-b200-ce368fe012ca (type: security_group_rules) to 0
2026-05-08 22:26:40.637 8 INFO neutron.db.ovn_revision_numbers_db [None req-a3b98c1f-6b5b-484b-8284-2e213f54f183 80495012daae424196c0910629d08a26 3ed3f8752f5f4b828e553428309811c5 - - default default] Successfully bumped revision number for resource 4e7cadf4-f3b6-439a-a67c-ebac2689dc4a (type: security_group_rules) to 0
2026-05-08 22:26:40.641 7 WARNING tagging [None req-534928c1-e98c-4c6c-a5f8-577c5cc58ead e162a41ef1a548a99a7eaa61ade6d680 f87321abfad146ec8f1aa28a8a4c2714 - - default default] project_id key not found in request, using tenant_id instead. This support has been deprecated and will be removed in a future release.
2026-05-08 22:26:40.649 8 INFO neutron.db.ovn_revision_numbers_db [None req-a3b98c1f-6b5b-484b-8284-2e213f54f183 80495012daae424196c0910629d08a26 3ed3f8752f5f4b828e553428309811c5 - - default default] Successfully bumped revision number for resource 7166f276-b0a7-427b-805f-19f71e6652e2 (type: security_group_rules) to 0 [pid: 7|app: 0|req: 1123/2435] 10.0.0.77 () {32 vars in 731 bytes} [Fri May 8 22:26:40 2026] GET /v2.0/policies/dcb5daa0-1694-4026-8aae-10406a19df7b/tags => generated 37 bytes in 33 msecs (HTTP/1.1 200) 4 headers in 156 bytes (1 switches on core 0)
2026-05-08 22:26:40.662 8 INFO neutron.db.ovn_revision_numbers_db [None req-a3b98c1f-6b5b-484b-8284-2e213f54f183 80495012daae424196c0910629d08a26 3ed3f8752f5f4b828e553428309811c5 - - default default] Successfully bumped revision number for resource ed2d39b6-4e11-451b-a50b-6125825888c8 (type: security_group_rules) to 0
2026-05-08 22:26:40.679 7 WARNING tagging [None req-53163c5f-fd95-40d1-a19a-34dedccdfa82 e162a41ef1a548a99a7eaa61ade6d680 f87321abfad146ec8f1aa28a8a4c2714 - - default default] project_id key not found in request, using tenant_id instead. This support has been deprecated and will be removed in a future release. [pid: 7|app: 0|req: 1124/2436] 10.0.0.77 () {32 vars in 739 bytes} [Fri May 8 22:26:40 2026] GET /v2.0/policies/dcb5daa0-1694-4026-8aae-10406a19df7b/tags/red => generated 0 bytes in 30 msecs (HTTP/1.1 204) 2 headers in 112 bytes (1 switches on core 0) [pid: 8|app: 0|req: 1313/2437] 10.0.0.77 () {32 vars in 772 bytes} [Fri May 8 22:26:40 2026] GET /v2.0/security-groups?tenant_id=dd8ed7b13b064238802e5d4e175f605c&name=default => generated 2925 bytes in 216 msecs (HTTP/1.1 200) 4 headers in 158 bytes (1 switches on core 0)
2026-05-08 22:26:40.717 7 WARNING tagging [None req-08b99926-91c9-4ddb-850f-4b03a28579f3 e162a41ef1a548a99a7eaa61ade6d680 f87321abfad146ec8f1aa28a8a4c2714 - - default default] project_id key not found in request, using tenant_id instead. This support has been deprecated and will be removed in a future release.
2026-05-08 22:26:40.725 7 INFO neutron.api.v2.resource [None req-08b99926-91c9-4ddb-850f-4b03a28579f3 e162a41ef1a548a99a7eaa61ade6d680 f87321abfad146ec8f1aa28a8a4c2714 - - default default] show failed (client error): The resource could not be found. [pid: 7|app: 0|req: 1125/2438] 10.0.0.77 () {32 vars in 743 bytes} [Fri May 8 22:26:40 2026] GET /v2.0/policies/dcb5daa0-1694-4026-8aae-10406a19df7b/tags/green => generated 99 bytes in 36 msecs (HTTP/1.1 404) 4 headers in 163 bytes (1 switches on core 0)
2026-05-08 22:26:40.760 7 WARNING tagging [None req-c2f7630d-69c0-4dde-85a9-5371bf393bd2 e162a41ef1a548a99a7eaa61ade6d680 f87321abfad146ec8f1aa28a8a4c2714 - - default default] project_id key not found in request, using tenant_id instead. This support has been deprecated and will be removed in a future release. [pid: 7|app: 0|req: 1126/2439] 10.0.0.77 () {32 vars in 742 bytes} [Fri May 8 22:26:40 2026] DELETE /v2.0/policies/dcb5daa0-1694-4026-8aae-10406a19df7b/tags/red => generated 0 bytes in 59 msecs (HTTP/1.1 204) 2 headers in 112 bytes (1 switches on core 0)
2026-05-08 22:26:40.821 7 WARNING tagging [None req-82dd4ea7-e1bb-4757-a1b4-8f56c4bfb3db e162a41ef1a548a99a7eaa61ade6d680 f87321abfad146ec8f1aa28a8a4c2714 - - default default] project_id key not found in request, using tenant_id instead. This support has been deprecated and will be removed in a future release. [pid: 7|app: 0|req: 1127/2440] 10.0.0.77 () {32 vars in 731 bytes} [Fri May 8 22:26:40 2026] GET /v2.0/policies/dcb5daa0-1694-4026-8aae-10406a19df7b/tags => generated 30 bytes in 38 msecs (HTTP/1.1 200) 4 headers in 156 bytes (1 switches on core 0)
2026-05-08 22:26:40.869 7 WARNING tagging [None req-4c4ee464-f6fa-4e1e-af9d-9457c60c0ce4 e162a41ef1a548a99a7eaa61ade6d680 f87321abfad146ec8f1aa28a8a4c2714 - - default default] project_id key not found in request, using tenant_id instead. This support has been deprecated and will be removed in a future release.
2026-05-08 22:26:40.880 7 INFO neutron.api.v2.resource [None req-4c4ee464-f6fa-4e1e-af9d-9457c60c0ce4 e162a41ef1a548a99a7eaa61ade6d680 f87321abfad146ec8f1aa28a8a4c2714 - - default default] delete failed (client error): The resource could not be found. [pid: 7|app: 0|req: 1128/2441] 10.0.0.77 () {32 vars in 746 bytes} [Fri May 8 22:26:40 2026] DELETE /v2.0/policies/dcb5daa0-1694-4026-8aae-10406a19df7b/tags/green => generated 99 bytes in 44 msecs (HTTP/1.1 404) 4 headers in 163 bytes (1 switches on core 0) [pid: 8|app: 0|req: 1314/2442] 10.0.0.77 () {32 vars in 738 bytes} [Fri May 8 22:26:40 2026] DELETE /v2.0/security-groups/847fec5f-8c56-4999-8843-e2f6f164b069 => generated 0 bytes in 207 msecs (HTTP/1.1 204) 2 headers in 112 bytes (1 switches on core 0)
2026-05-08 22:26:40.915 7 WARNING tagging [None req-50112aed-8344-4af6-8911-86e03db2d208 e162a41ef1a548a99a7eaa61ade6d680 f87321abfad146ec8f1aa28a8a4c2714 - - default default] project_id key not found in request, using tenant_id instead. This support has been deprecated and will be removed in a future release. [pid: 7|app: 0|req: 1129/2443] 10.0.0.77 () {32 vars in 734 bytes} [Fri May 8 22:26:40 2026] DELETE /v2.0/policies/dcb5daa0-1694-4026-8aae-10406a19df7b/tags => generated 0 bytes in 55 msecs (HTTP/1.1 204) 2 headers in 112 bytes (1 switches on core 0)
2026-05-08 22:26:40.973 8 WARNING tagging [None req-9cc45211-5aa8-4647-976f-1cc1012a3a2b e162a41ef1a548a99a7eaa61ade6d680 f87321abfad146ec8f1aa28a8a4c2714 - - default default] project_id key not found in request, using tenant_id instead. This support has been deprecated and will be removed in a future release. [pid: 8|app: 0|req: 1315/2444] 10.0.0.77 () {32 vars in 731 bytes} [Fri May 8 22:26:40 2026] GET /v2.0/policies/dcb5daa0-1694-4026-8aae-10406a19df7b/tags => generated 12 bytes in 36 msecs (HTTP/1.1 200) 4 headers in 156 bytes (1 switches on core 0) [pid: 7|app: 0|req: 1130/2445] 199.204.45.205 () {34 vars in 1079 bytes} [Fri May 8 22:26:40 2026] GET /v2.0/ports?tenant_id=34927b3fb60546dbbf434699af638f4b&device_id=46cee9b0-cc19-43fb-a9aa-7edede4d67ee => generated 1236 bytes in 38 msecs (HTTP/1.1 200) 4 headers in 158 bytes (1 switches on core 0) [pid: 8|app: 0|req: 1316/2446] 10.0.0.77 () {32 vars in 732 bytes} [Fri May 8 22:26:40 2026] DELETE /v2.0/qos/policies/dcb5daa0-1694-4026-8aae-10406a19df7b => generated 0 bytes in 46 msecs (HTTP/1.1 204) 2 headers in 112 bytes (1 switches on core 0) [pid: 7|app: 0|req: 1131/2447] 199.204.45.205 () {34 vars in 985 bytes} [Fri May 8 22:26:41 2026] GET /v2.0/networks?id=2e364979-58d1-4789-bead-a06203abad4d => generated 797 bytes in 59 msecs (HTTP/1.1 200) 4 headers in 157 bytes (1 switches on core 0) [pid: 8|app: 0|req: 1317/2448] 199.204.45.205 () {34 vars in 1059 bytes} [Fri May 8 22:26:41 2026] GET /v2.0/floatingips?fixed_ip_address=10.100.0.11&port_id=3def3671-eab2-4b48-b02c-5ae45570721b => generated 861 bytes in 51 msecs (HTTP/1.1 200) 4 headers in 157 bytes (1 switches on core 0) [pid: 7|app: 0|req: 1132/2449] 199.204.45.205 () {34 vars in 983 bytes} [Fri May 8 22:26:41 2026] GET /v2.0/subnets?id=293a244f-fb22-44f3-9989-4bd09781ca5a => generated 678 bytes in 36 msecs (HTTP/1.1 200) 4 headers in 157 bytes (1 switches on core 0) [pid: 8|app: 0|req: 1318/2450] 199.204.45.205 () {34 vars in 1051 bytes} [Fri May 8 22:26:41 2026] GET /v2.0/ports?network_id=2e364979-58d1-4789-bead-a06203abad4d&device_owner=network%3Adhcp => generated 12 bytes in 26 msecs (HTTP/1.1 200) 4 headers in 156 bytes (1 switches on core 0) [pid: 7|app: 0|req: 1133/2451] 199.204.45.205 () {34 vars in 1011 bytes} [Fri May 8 22:26:41 2026] GET /v2.0/networks/2e364979-58d1-4789-bead-a06203abad4d?fields=segments => generated 14 bytes in 53 msecs (HTTP/1.1 200) 4 headers in 156 bytes (1 switches on core 0) [pid: 8|app: 0|req: 1319/2452] 199.204.45.205 () {34 vars in 1111 bytes} [Fri May 8 22:26:41 2026] GET /v2.0/networks/2e364979-58d1-4789-bead-a06203abad4d?fields=provider%3Aphysical_network&fields=provider%3Anetwork_type => generated 79 bytes in 41 msecs (HTTP/1.1 200) 4 headers in 156 bytes (1 switches on core 0)
2026-05-08 22:26:41.897 8 WARNING neutron.db.securitygroups_db [None req-c70b9fce-80ef-44d1-a972-7de6121dc414 80495012daae424196c0910629d08a26 3ed3f8752f5f4b828e553428309811c5 - - default default] project_id key not found in filters, using tenant_id instead. This support has been deprecated and will be removed in a future release. [pid: 7|app: 0|req: 1134/2453] 10.0.0.59 () {28 vars in 583 bytes} [Fri May 8 22:26:41 2026] GET /v2.0/networks => generated 3071 bytes in 220 msecs (HTTP/1.1 200) 4 headers in 158 bytes (1 switches on core 0) [pid: 7|app: 0|req: 1135/2454] 10.0.0.59 () {28 vars in 589 bytes} [Fri May 8 22:26:41 2026] GET /v2.0/floatingips => generated 861 bytes in 36 msecs (HTTP/1.1 200) 4 headers in 157 bytes (1 switches on core 0)
2026-05-08 22:26:42.000 8 INFO neutron.db.ovn_revision_numbers_db [None req-c70b9fce-80ef-44d1-a972-7de6121dc414 80495012daae424196c0910629d08a26 3ed3f8752f5f4b828e553428309811c5 - - default default] Successfully bumped revision number for resource 52b73b46-5cea-4c73-a35a-f5bb2b80df06 (type: security_groups) to 1
2026-05-08 22:26:42.011 8 INFO neutron.db.ovn_revision_numbers_db [None req-c70b9fce-80ef-44d1-a972-7de6121dc414 80495012daae424196c0910629d08a26 3ed3f8752f5f4b828e553428309811c5 - - default default] Successfully bumped revision number for resource 0d7f9db8-8cf3-4c46-9764-4308e49492f8 (type: security_group_rules) to 0 [pid: 7|app: 0|req: 1136/2455] 10.0.0.59 () {28 vars in 597 bytes} [Fri May 8 22:26:41 2026] GET /v2.0/security-groups => generated 28549 bytes in 42 msecs (HTTP/1.1 200) 4 headers in 159 bytes (1 switches on core 0)
2026-05-08 22:26:42.024 8 INFO neutron.db.ovn_revision_numbers_db [None req-c70b9fce-80ef-44d1-a972-7de6121dc414 80495012daae424196c0910629d08a26 3ed3f8752f5f4b828e553428309811c5 - - default default] Successfully bumped revision number for resource 26eecd95-ede1-4245-9621-06558828da48 (type: security_group_rules) to 0
2026-05-08 22:26:42.036 8 INFO neutron.db.ovn_revision_numbers_db [None req-c70b9fce-80ef-44d1-a972-7de6121dc414 80495012daae424196c0910629d08a26 3ed3f8752f5f4b828e553428309811c5 - - default default] Successfully bumped revision number for resource e55e98d6-5f24-4b92-9a72-fd802824af10 (type: security_group_rules) to 0
2026-05-08 22:26:42.051 8 INFO neutron.db.ovn_revision_numbers_db [None req-c70b9fce-80ef-44d1-a972-7de6121dc414 80495012daae424196c0910629d08a26 3ed3f8752f5f4b828e553428309811c5 - - default default] Successfully bumped revision number for resource e7cad098-5fbf-4f8c-b90a-230ed5e4a771 (type: security_group_rules) to 0 [pid: 7|app: 0|req: 1137/2456] 10.0.0.59 () {28 vars in 581 bytes} [Fri May 8 22:26:42 2026] GET /v2.0/subnets => generated 1973 bytes in 29 msecs (HTTP/1.1 200) 4 headers in 158 bytes (1 switches on core 0) [pid: 8|app: 0|req: 1320/2457] 10.0.0.77 () {32 vars in 772 bytes} [Fri May 8 22:26:41 2026] GET /v2.0/security-groups?tenant_id=29b89c3514ee430990e83143d514e486&name=default => generated 2925 bytes in 337 msecs (HTTP/1.1 200) 4 headers in 158 bytes (1 switches on core 0) [pid: 7|app: 0|req: 1138/2458] 10.0.0.59 () {28 vars in 577 bytes} [Fri May 8 22:26:42 2026] GET /v2.0/ports => generated 10688 bytes in 64 msecs (HTTP/1.1 200) 4 headers in 159 bytes (1 switches on core 0) [pid: 7|app: 0|req: 1139/2459] 10.0.0.59 () {28 vars in 581 bytes} [Fri May 8 22:26:42 2026] GET /v2.0/routers => generated 997 bytes in 80 msecs (HTTP/1.1 200) 4 headers in 157 bytes (1 switches on core 0) [pid: 7|app: 0|req: 1140/2460] 10.0.0.59 () {28 vars in 622 bytes} [Fri May 8 22:26:42 2026] GET /v2.0/agents?binary=ovn-controller => generated 416 bytes in 20 msecs (HTTP/1.1 200) 4 headers in 157 bytes (1 switches on core 0) [pid: 7|app: 0|req: 1141/2461] 10.0.0.59 () {28 vars in 617 bytes} [Fri May 8 22:26:42 2026] GET /v2.0/network-ip-availabilities => generated 2615 bytes in 19 msecs (HTTP/1.1 200) 4 headers in 158 bytes (1 switches on core 0) [pid: 8|app: 0|req: 1321/2462] 10.0.0.77 () {32 vars in 738 bytes} [Fri May 8 22:26:42 2026] DELETE /v2.0/security-groups/52b73b46-5cea-4c73-a35a-f5bb2b80df06 => generated 0 bytes in 187 msecs (HTTP/1.1 204) 2 headers in 112 bytes (1 switches on core 0) [pid: 7|app: 0|req: 1142/2463] 10.0.0.59 () {28 vars in 579 bytes} [Fri May 8 22:26:42 2026] GET /v2.0/agents => generated 1214 bytes in 11 msecs (HTTP/1.1 200) 4 headers in 158 bytes (1 switches on core 0) [pid: 8|app: 0|req: 1322/2464] 10.0.0.59 () {28 vars in 581 bytes} [Fri May 8 22:26:42 2026] GET /v2.0/subnets => generated 1973 bytes in 29 msecs (HTTP/1.1 200) 4 headers in 158 bytes (1 switches on core 0) [pid: 7|app: 0|req: 1143/2465] 10.0.0.59 () {28 vars in 589 bytes} [Fri May 8 22:26:42 2026] GET /v2.0/subnetpools => generated 19 bytes in 10 msecs (HTTP/1.1 200) 4 headers in 156 bytes (1 switches on core 0)
2026-05-08 22:26:42.409 8 WARNING neutron.db.securitygroups_db [None req-91d68542-9df3-4a6c-9a82-f082c68ee035 80495012daae424196c0910629d08a26 3ed3f8752f5f4b828e553428309811c5 - - default default] project_id key not found in filters, using tenant_id instead. This support has been deprecated and will be removed in a future release.
2026-05-08 22:26:42.560 8 INFO neutron.db.ovn_revision_numbers_db [None req-91d68542-9df3-4a6c-9a82-f082c68ee035 80495012daae424196c0910629d08a26 3ed3f8752f5f4b828e553428309811c5 - - default default] Successfully bumped revision number for resource b65927e3-664e-418d-9f15-3f0e84925fe7 (type: security_groups) to 1
2026-05-08 22:26:42.572 8 INFO neutron.db.ovn_revision_numbers_db [None req-91d68542-9df3-4a6c-9a82-f082c68ee035 80495012daae424196c0910629d08a26 3ed3f8752f5f4b828e553428309811c5 - - default default] Successfully bumped revision number for resource 432c39d1-0b44-4b7b-9b4f-0de033dc796f (type: security_group_rules) to 0
2026-05-08 22:26:42.581 8 INFO neutron.db.ovn_revision_numbers_db [None req-91d68542-9df3-4a6c-9a82-f082c68ee035 80495012daae424196c0910629d08a26 3ed3f8752f5f4b828e553428309811c5 - - default default] Successfully bumped revision number for resource 63a32980-2160-445d-ba7e-618c57cdc96b (type: security_group_rules) to 0
2026-05-08 22:26:42.592 8 INFO neutron.db.ovn_revision_numbers_db [None req-91d68542-9df3-4a6c-9a82-f082c68ee035 80495012daae424196c0910629d08a26 3ed3f8752f5f4b828e553428309811c5 - - default default] Successfully bumped revision number for resource db52a6a1-1917-444d-ba5d-689708764077 (type: security_group_rules) to 0
2026-05-08 22:26:42.606 8 INFO neutron.db.ovn_revision_numbers_db [None req-91d68542-9df3-4a6c-9a82-f082c68ee035 80495012daae424196c0910629d08a26 3ed3f8752f5f4b828e553428309811c5 - - default default] Successfully bumped revision number for resource ef8c1d69-f195-41c2-92d8-fbed60f58ada (type: security_group_rules) to 0 [pid: 8|app: 0|req: 1323/2466] 10.0.0.77 () {32 vars in 772 bytes} [Fri May 8 22:26:42 2026] GET /v2.0/security-groups?tenant_id=f87321abfad146ec8f1aa28a8a4c2714&name=default => generated 2925 bytes in 250 msecs (HTTP/1.1 200) 4 headers in 158 bytes (1 switches on core 0) [pid: 7|app: 0|req: 1144/2467] 10.0.0.77 () {32 vars in 738 bytes} [Fri May 8 22:26:42 2026] DELETE /v2.0/security-groups/b65927e3-664e-418d-9f15-3f0e84925fe7 => generated 0 bytes in 157 msecs (HTTP/1.1 204) 2 headers in 112 bytes (1 switches on core 0)
2026-05-08 22:26:45.362 8 INFO neutron.db.ovn_revision_numbers_db [None req-6ee8e12d-b4c1-4c27-8380-33c54e753a65 bc0543cad0184d1a8c0f1e85be416c13 0cfed16a8e7d4a7f93f8455e7e821d69 - - default default] Successfully bumped revision number for resource fd6868bc-921e-4dd7-9095-fa3f1c00bbe4 (type: security_groups) to 1
2026-05-08 22:26:45.373 8 INFO neutron.db.ovn_revision_numbers_db [None req-6ee8e12d-b4c1-4c27-8380-33c54e753a65 bc0543cad0184d1a8c0f1e85be416c13 0cfed16a8e7d4a7f93f8455e7e821d69 - - default default] Successfully bumped revision number for resource 4f62289a-feb9-4211-a25e-d57e08596f80 (type: security_group_rules) to 0
2026-05-08 22:26:45.409 8 INFO neutron.db.ovn_revision_numbers_db [None req-6ee8e12d-b4c1-4c27-8380-33c54e753a65 bc0543cad0184d1a8c0f1e85be416c13 0cfed16a8e7d4a7f93f8455e7e821d69 - - default default] Successfully bumped revision number for resource 8482d05e-3adc-4df8-a5aa-0505ca4fbb95 (type: security_group_rules) to 0
2026-05-08 22:26:45.422 8 INFO neutron.db.ovn_revision_numbers_db [None req-6ee8e12d-b4c1-4c27-8380-33c54e753a65 bc0543cad0184d1a8c0f1e85be416c13 0cfed16a8e7d4a7f93f8455e7e821d69 - - default default] Successfully bumped revision number for resource a302429b-70f8-4ac7-b8b9-97ae96c5381f (type: security_group_rules) to 0
2026-05-08 22:26:45.431 8 INFO neutron.db.ovn_revision_numbers_db [None req-6ee8e12d-b4c1-4c27-8380-33c54e753a65 bc0543cad0184d1a8c0f1e85be416c13 0cfed16a8e7d4a7f93f8455e7e821d69 - - default default] Successfully bumped revision number for resource b70c85d5-8da7-4661-9162-81bb5ed81729 (type: security_group_rules) to 0
2026-05-08 22:26:45.508 8 INFO neutron.db.segments_db [None req-6ee8e12d-b4c1-4c27-8380-33c54e753a65 bc0543cad0184d1a8c0f1e85be416c13 0cfed16a8e7d4a7f93f8455e7e821d69 - - default default] Added segment b1f545d4-aef9-49fb-b581-1367b40215b2 of type geneve for network c6e9956d-a054-4299-8fb1-397f47043085
2026-05-08 22:26:45.659 8 INFO neutron.db.ovn_revision_numbers_db [None req-6ee8e12d-b4c1-4c27-8380-33c54e753a65 bc0543cad0184d1a8c0f1e85be416c13 0cfed16a8e7d4a7f93f8455e7e821d69 - - default default] Successfully bumped revision number for resource c6e9956d-a054-4299-8fb1-397f47043085 (type: networks) to 1
2026-05-08 22:26:45.808 8 WARNING neutron.scheduler.dhcp_agent_scheduler [None req-6ee8e12d-b4c1-4c27-8380-33c54e753a65 bc0543cad0184d1a8c0f1e85be416c13 0cfed16a8e7d4a7f93f8455e7e821d69 - - default default] No more DHCP agents
2026-05-08 22:26:45.809 8 WARNING neutron.api.rpc.agentnotifiers.dhcp_rpc_agent_api [None req-6ee8e12d-b4c1-4c27-8380-33c54e753a65 bc0543cad0184d1a8c0f1e85be416c13 0cfed16a8e7d4a7f93f8455e7e821d69 - - default default] Unable to schedule network c6e9956d-a054-4299-8fb1-397f47043085: no agents available; will retry on subsequent port and subnet creation events.
2026-05-08 22:26:45.846 7 INFO neutron.plugins.ml2.drivers.ovn.mech_driver.mech_driver [None req-9f692adc-a0d3-45a9-ab3d-a81e13eb3ed5 - - - - - -] OVN reports status down for port: 05827426-01c3-46f9-a30a-751cefb1cf23
2026-05-08 22:26:45.912 8 INFO neutron.db.ovn_revision_numbers_db [None req-6ee8e12d-b4c1-4c27-8380-33c54e753a65 bc0543cad0184d1a8c0f1e85be416c13 0cfed16a8e7d4a7f93f8455e7e821d69 - - default default] Successfully bumped revision number for resource 05827426-01c3-46f9-a30a-751cefb1cf23 (type: ports) to 1 [pid: 8|app: 0|req: 1324/2468] 10.0.0.77 () {34 vars in 668 bytes} [Fri May 8 22:26:45 2026] POST /v2.0/networks => generated 669 bytes in 894 msecs (HTTP/1.1 201) 4 headers in 162 bytes (1 switches on core 0)
2026-05-08 22:26:46.165 8 WARNING neutron.scheduler.dhcp_agent_scheduler [None req-6a1e9644-1127-404f-b06b-7372bfe7b11e bc0543cad0184d1a8c0f1e85be416c13 0cfed16a8e7d4a7f93f8455e7e821d69 - - default default] No more DHCP agents
2026-05-08 22:26:46.166 8 WARNING neutron.api.rpc.agentnotifiers.dhcp_rpc_agent_api [None req-6a1e9644-1127-404f-b06b-7372bfe7b11e bc0543cad0184d1a8c0f1e85be416c13 0cfed16a8e7d4a7f93f8455e7e821d69 - - default default] Unable to schedule network c6e9956d-a054-4299-8fb1-397f47043085: no agents available; will retry on subsequent port and subnet creation events.
2026-05-08 22:26:46.198 7 INFO neutron.db.ovn_revision_numbers_db [None req-3be40393-957c-4346-a52d-80791e0745d1 af0921ef87db4eb9ae8ac3e295740188 75f10f89fc92436a9dbaaac228531bba - - default default] Successfully bumped revision number for resource c5f1d9e0-930f-4e75-b806-06920a3ec093 (type: security_groups) to 1
2026-05-08 22:26:46.220 7 INFO neutron.db.ovn_revision_numbers_db [None req-3be40393-957c-4346-a52d-80791e0745d1 af0921ef87db4eb9ae8ac3e295740188 75f10f89fc92436a9dbaaac228531bba - - default default] Successfully bumped revision number for resource 20dc685d-3dd3-405a-8380-d9100947b54f (type: security_group_rules) to 0
2026-05-08 22:26:46.222 7 INFO neutron.plugins.ml2.drivers.ovn.mech_driver.mech_driver [None req-9f692adc-a0d3-45a9-ab3d-a81e13eb3ed5 - - - - - -] OVN reports status down for port: a8ba07f2-366f-4519-97b5-19d8bbf099cc
2026-05-08 22:26:46.246 8 INFO neutron.db.ovn_revision_numbers_db [None req-6a1e9644-1127-404f-b06b-7372bfe7b11e bc0543cad0184d1a8c0f1e85be416c13 0cfed16a8e7d4a7f93f8455e7e821d69 - - default default] Successfully bumped revision number for resource a8ba07f2-366f-4519-97b5-19d8bbf099cc (type: ports) to 1
2026-05-08 22:26:46.251 7 INFO neutron.db.ovn_revision_numbers_db [None req-3be40393-957c-4346-a52d-80791e0745d1 af0921ef87db4eb9ae8ac3e295740188 75f10f89fc92436a9dbaaac228531bba - - default default] Successfully bumped revision number for resource 597daffd-d8a9-499d-9b5e-c52d574e885a (type: security_group_rules) to 0
2026-05-08 22:26:46.273 7 INFO neutron.db.ovn_revision_numbers_db [None req-3be40393-957c-4346-a52d-80791e0745d1 af0921ef87db4eb9ae8ac3e295740188 75f10f89fc92436a9dbaaac228531bba - - default default] Successfully bumped revision number for resource e1c8b406-5997-43a9-ae03-e46c54eb0721 (type: security_group_rules) to 0
2026-05-08 22:26:46.292 7 INFO neutron.db.ovn_revision_numbers_db [None req-3be40393-957c-4346-a52d-80791e0745d1 af0921ef87db4eb9ae8ac3e295740188 75f10f89fc92436a9dbaaac228531bba - - default default] Successfully bumped revision number for resource e3688f48-0425-4e6e-988b-1a554d73de42 (type: security_group_rules) to 0 [pid: 8|app: 0|req: 1325/2469] 10.0.0.77 () {34 vars in 662 bytes} [Fri May 8 22:26:45 2026] POST /v2.0/ports => generated 743 bytes in 335 msecs (HTTP/1.1 201) 4 headers in 162 bytes (1 switches on core 0) /var/lib/openstack/lib/python3.12/site-packages/pycadf/identifier.py:70: UserWarning: Invalid uuid: neutron. To ensure interoperability, identifiers should be a valid uuid. warnings.warn(('Invalid uuid: %s. To ensure interoperability, '
2026-05-08 22:26:46.397 8 INFO neutron.db.segments_db [None req-8b82cb28-3e79-41cf-9168-69d26e90e111 bc0543cad0184d1a8c0f1e85be416c13 0cfed16a8e7d4a7f93f8455e7e821d69 - - default default] Added segment 06d32765-3d72-44b1-9352-8257312c3ecb of type geneve for network 4597b505-f289-4013-8115-a248a4ffa603
2026-05-08 22:26:46.403 7 INFO neutron.db.ovn_revision_numbers_db [None req-3be40393-957c-4346-a52d-80791e0745d1 af0921ef87db4eb9ae8ac3e295740188 75f10f89fc92436a9dbaaac228531bba - - default default] Successfully bumped revision number for resource 5e0f2bcb-71f0-42c4-a6e0-6773faf90b37 (type: security_groups) to 1
2026-05-08 22:26:46.414 7 INFO neutron.db.ovn_revision_numbers_db [None req-3be40393-957c-4346-a52d-80791e0745d1 af0921ef87db4eb9ae8ac3e295740188 75f10f89fc92436a9dbaaac228531bba - - default default] Successfully bumped revision number for resource 86ce5b81-c4af-4180-88fc-485a67a0af3b (type: security_group_rules) to 0
2026-05-08 22:26:46.426 7 INFO neutron.db.ovn_revision_numbers_db [None req-3be40393-957c-4346-a52d-80791e0745d1 af0921ef87db4eb9ae8ac3e295740188 75f10f89fc92436a9dbaaac228531bba - - default default] Successfully bumped revision number for resource fa246df0-bbff-4168-8ee2-b90d66afdd2e (type: security_group_rules) to 0 [pid: 7|app: 0|req: 1145/2470] 10.0.0.77 () {34 vars in 682 bytes} [Fri May 8 22:26:45 2026] POST /v2.0/security-groups => generated 1603 bytes in 523 msecs (HTTP/1.1 201) 4 headers in 163 bytes (1 switches on core 0)
2026-05-08 22:26:46.499 7 WARNING tagging [None req-2ddd340e-d740-4c90-baed-8d114f9e9613 af0921ef87db4eb9ae8ac3e295740188 75f10f89fc92436a9dbaaac228531bba - - default default] project_id key not found in request, using tenant_id instead. This support has been deprecated and will be removed in a future release.
2026-05-08 22:26:46.509 8 INFO neutron.db.ovn_revision_numbers_db [None req-8b82cb28-3e79-41cf-9168-69d26e90e111 bc0543cad0184d1a8c0f1e85be416c13 0cfed16a8e7d4a7f93f8455e7e821d69 - - default default] Successfully bumped revision number for resource 4597b505-f289-4013-8115-a248a4ffa603 (type: networks) to 1 [pid: 7|app: 0|req: 1146/2471] 10.0.0.77 () {34 vars in 765 bytes} [Fri May 8 22:26:46 2026] PUT /v2.0/security-groups/5e0f2bcb-71f0-42c4-a6e0-6773faf90b37/tags => generated 25 bytes in 57 msecs (HTTP/1.1 200) 4 headers in 156 bytes (1 switches on core 0)
2026-05-08 22:26:46.557 7 WARNING tagging [None req-745ffb26-d161-4161-8796-277c5e2c0da8 af0921ef87db4eb9ae8ac3e295740188 75f10f89fc92436a9dbaaac228531bba - - default default] project_id key not found in request, using tenant_id instead. This support has been deprecated and will be removed in a future release. [pid: 7|app: 0|req: 1147/2472] 10.0.0.77 () {32 vars in 745 bytes} [Fri May 8 22:26:46 2026] GET /v2.0/security-groups/5e0f2bcb-71f0-42c4-a6e0-6773faf90b37/tags => generated 25 bytes in 31 msecs (HTTP/1.1 200) 4 headers in 156 bytes (1 switches on core 0)
2026-05-08 22:26:46.589 7 WARNING tagging [None req-76c1c457-8835-4c6e-84bd-1b42a5d9fb12 af0921ef87db4eb9ae8ac3e295740188 75f10f89fc92436a9dbaaac228531bba - - default default] project_id key not found in request, using tenant_id instead. This support has been deprecated and will be removed in a future release. [pid: 7|app: 0|req: 1148/2473] 10.0.0.77 () {34 vars in 776 bytes} [Fri May 8 22:26:46 2026] PUT /v2.0/security-groups/5e0f2bcb-71f0-42c4-a6e0-6773faf90b37/tags/green => generated 4 bytes in 50 msecs (HTTP/1.1 201) 4 headers in 160 bytes (1 switches on core 0)
2026-05-08 22:26:46.646 7 WARNING tagging [None req-a521f3a6-a467-47fe-ac17-adfe3bba72de af0921ef87db4eb9ae8ac3e295740188 75f10f89fc92436a9dbaaac228531bba - - default default] project_id key not found in request, using tenant_id instead. This support has been deprecated and will be removed in a future release. [pid: 7|app: 0|req: 1149/2474] 10.0.0.77 () {32 vars in 745 bytes} [Fri May 8 22:26:46 2026] GET /v2.0/security-groups/5e0f2bcb-71f0-42c4-a6e0-6773faf90b37/tags => generated 34 bytes in 30 msecs (HTTP/1.1 200) 4 headers in 156 bytes (1 switches on core 0)
2026-05-08 22:26:46.660 8 WARNING neutron.scheduler.dhcp_agent_scheduler [None req-8b82cb28-3e79-41cf-9168-69d26e90e111 bc0543cad0184d1a8c0f1e85be416c13 0cfed16a8e7d4a7f93f8455e7e821d69 - - default default] No more DHCP agents
2026-05-08 22:26:46.661 8 WARNING neutron.api.rpc.agentnotifiers.dhcp_rpc_agent_api [None req-8b82cb28-3e79-41cf-9168-69d26e90e111 bc0543cad0184d1a8c0f1e85be416c13 0cfed16a8e7d4a7f93f8455e7e821d69 - - default default] Unable to schedule network 4597b505-f289-4013-8115-a248a4ffa603: no agents available; will retry on subsequent port and subnet creation events.
2026-05-08 22:26:46.684 7 WARNING tagging [None req-d1e9fb6f-cc85-4a83-aaf9-783cd8b93c30 af0921ef87db4eb9ae8ac3e295740188 75f10f89fc92436a9dbaaac228531bba - - default default] project_id key not found in request, using tenant_id instead. This support has been deprecated and will be removed in a future release.
