2026-05-08 22:23:43.890 7 INFO neutron_taas.services.taas.tap_mirror_plugin [None req-701dec05-b30f-4dd8-8666-efc4f479489f 2ae78e631cfb4a2182a02237ff38a5d9 b082d94f6b624d0c91e6ed8464a90c13 - - default default] Tap Mirror: Handle Delete Port: 253c66f1-1eb2-49f2-8371-55a91772e7bc [pid: 7|app: 0|req: 538/1148] 10.0.0.77 () {34 vars in 787 bytes} [Fri May 8 22:23:43 2026] PUT /v2.0/routers/b3b0b567-5a37-4616-b823-33a3b1ce8db9/remove_router_interface => generated 310 bytes in 751 msecs (HTTP/1.1 200) 4 headers in 157 bytes (1 switches on core 0) [pid: 8|app: 0|req: 611/1149] 10.0.0.77 () {32 vars in 734 bytes} [Fri May 8 22:23:44 2026] GET /v2.0/ports?device_id=b3b0b567-5a37-4616-b823-33a3b1ce8db9 => generated 12 bytes in 21 msecs (HTTP/1.1 200) 4 headers in 156 bytes (1 switches on core 0) /var/lib/openstack/lib/python3.12/site-packages/pycadf/identifier.py:70: UserWarning: Invalid uuid: neutron. To ensure interoperability, identifiers should be a valid uuid. warnings.warn(('Invalid uuid: %s. To ensure interoperability, ' [pid: 7|app: 0|req: 539/1150] 10.0.0.77 () {32 vars in 722 bytes} [Fri May 8 22:23:44 2026] DELETE /v2.0/routers/b3b0b567-5a37-4616-b823-33a3b1ce8db9 => generated 0 bytes in 213 msecs (HTTP/1.1 204) 2 headers in 112 bytes (1 switches on core 0) [pid: 8|app: 0|req: 612/1151] 10.0.0.77 () {32 vars in 722 bytes} [Fri May 8 22:23:44 2026] DELETE /v2.0/subnets/254f6d8c-7e9c-4ba8-9025-c5f0c8bb7952 => generated 0 bytes in 181 msecs (HTTP/1.1 204) 3 headers in 131 bytes (1 switches on core 0)
2026-05-08 22:23:44.704 7 WARNING neutron.db.securitygroups_db [None req-c1f01023-55b5-4d30-94e5-c378d4efdfc6 80495012daae424196c0910629d08a26 3ed3f8752f5f4b828e553428309811c5 - - default default] project_id key not found in filters, using tenant_id instead. This support has been deprecated and will be removed in a future release. [pid: 8|app: 0|req: 613/1152] 10.0.0.77 () {32 vars in 722 bytes} [Fri May 8 22:23:44 2026] DELETE /v2.0/subnets/3db0e842-168a-4d08-93fc-cb3a312d8863 => generated 0 bytes in 113 msecs (HTTP/1.1 204) 3 headers in 131 bytes (1 switches on core 0)
2026-05-08 22:23:44.829 7 INFO neutron.db.ovn_revision_numbers_db [None req-c1f01023-55b5-4d30-94e5-c378d4efdfc6 80495012daae424196c0910629d08a26 3ed3f8752f5f4b828e553428309811c5 - - default default] Successfully bumped revision number for resource 99d5f821-03a4-401e-a77e-9ed671c647d6 (type: security_groups) to 1
2026-05-08 22:23:44.848 7 INFO neutron.db.ovn_revision_numbers_db [None req-c1f01023-55b5-4d30-94e5-c378d4efdfc6 80495012daae424196c0910629d08a26 3ed3f8752f5f4b828e553428309811c5 - - default default] Successfully bumped revision number for resource 12574a7d-1661-4c07-a54b-f51402209ec3 (type: security_group_rules) to 0
2026-05-08 22:23:44.857 7 INFO neutron.db.ovn_revision_numbers_db [None req-c1f01023-55b5-4d30-94e5-c378d4efdfc6 80495012daae424196c0910629d08a26 3ed3f8752f5f4b828e553428309811c5 - - default default] Successfully bumped revision number for resource 4f4d960e-1b96-46d5-9ac0-c8faa4ea49e9 (type: security_group_rules) to 0
2026-05-08 22:23:44.866 7 INFO neutron.db.ovn_revision_numbers_db [None req-c1f01023-55b5-4d30-94e5-c378d4efdfc6 80495012daae424196c0910629d08a26 3ed3f8752f5f4b828e553428309811c5 - - default default] Successfully bumped revision number for resource 88fda11a-a062-49a6-a3cb-b7608719e085 (type: security_group_rules) to 0
2026-05-08 22:23:44.876 7 INFO neutron.db.ovn_revision_numbers_db [None req-c1f01023-55b5-4d30-94e5-c378d4efdfc6 80495012daae424196c0910629d08a26 3ed3f8752f5f4b828e553428309811c5 - - default default] Successfully bumped revision number for resource d537e27c-757c-4042-ba62-df6f24b32a85 (type: security_group_rules) to 0 [pid: 7|app: 0|req: 540/1153] 10.0.0.77 () {32 vars in 772 bytes} [Fri May 8 22:23:44 2026] GET /v2.0/security-groups?tenant_id=c15d3564cc334bc29c981ff071270819&name=default => generated 2925 bytes in 336 msecs (HTTP/1.1 200) 4 headers in 158 bytes (1 switches on core 0)
2026-05-08 22:23:44.921 8 INFO neutron_taas.services.taas.taas_plugin [None req-d6d272cb-a338-43e9-a077-d2e41decaffc 2ae78e631cfb4a2182a02237ff38a5d9 b082d94f6b624d0c91e6ed8464a90c13 - - default default] TaaS: Handle Delete Port: 8b7650cd-b980-4296-9219-ce4397fe297d
2026-05-08 22:23:44.925 8 INFO neutron_taas.services.taas.tap_mirror_plugin [None req-d6d272cb-a338-43e9-a077-d2e41decaffc 2ae78e631cfb4a2182a02237ff38a5d9 b082d94f6b624d0c91e6ed8464a90c13 - - default default] Tap Mirror: Handle Delete Port: 8b7650cd-b980-4296-9219-ce4397fe297d [pid: 7|app: 0|req: 541/1154] 10.0.0.77 () {32 vars in 738 bytes} [Fri May 8 22:23:44 2026] DELETE /v2.0/security-groups/99d5f821-03a4-401e-a77e-9ed671c647d6 => generated 0 bytes in 170 msecs (HTTP/1.1 204) 2 headers in 112 bytes (1 switches on core 0) [pid: 8|app: 0|req: 614/1155] 10.0.0.77 () {32 vars in 724 bytes} [Fri May 8 22:23:44 2026] DELETE /v2.0/networks/0d240784-3f1f-46ac-a33d-d5ad50a3326d => generated 0 bytes in 375 msecs (HTTP/1.1 204) 3 headers in 131 bytes (1 switches on core 0)
2026-05-08 22:23:45.297 7 INFO neutron_taas.services.taas.taas_plugin [None req-f0d5aa75-1b19-4b92-9f60-b89d36d24452 2ae78e631cfb4a2182a02237ff38a5d9 b082d94f6b624d0c91e6ed8464a90c13 - - default default] TaaS: Handle Delete Port: 88b0cd77-1db9-47b5-b3ad-6763e5894744
2026-05-08 22:23:45.300 7 INFO neutron_taas.services.taas.tap_mirror_plugin [None req-f0d5aa75-1b19-4b92-9f60-b89d36d24452 2ae78e631cfb4a2182a02237ff38a5d9 b082d94f6b624d0c91e6ed8464a90c13 - - default default] Tap Mirror: Handle Delete Port: 88b0cd77-1db9-47b5-b3ad-6763e5894744
2026-05-08 22:23:45.400 8 INFO neutron.services.segments.plugin [-] Segment 324407c0-76f9-429e-9f21-ef4d822f14a6 resource provider aggregate not found
2026-05-08 22:23:45.408 8 INFO neutron.services.segments.plugin [-] Segment 324407c0-76f9-429e-9f21-ef4d822f14a6 resource provider aggregate not found
2026-05-08 22:23:45.420 8 INFO neutron.services.segments.plugin [-] Segment 324407c0-76f9-429e-9f21-ef4d822f14a6 resource provider not found; error: Placement Client Error (4xx): {"errors": [{"status": 404, "title": "Not Found", "detail": "The resource could not be found.\n\n No resource provider with uuid 324407c0-76f9-429e-9f21-ef4d822f14a6 found for delete ", "request_id": "req-3ad55ece-8cdf-4848-9ee7-9edd1881daf6"}]}
2026-05-08 22:23:45.425 8 INFO neutron.services.segments.plugin [-] Segment 324407c0-76f9-429e-9f21-ef4d822f14a6 resource provider not found; error: Placement Client Error (4xx): {"errors": [{"status": 404, "title": "Not Found", "detail": "The resource could not be found.\n\n No resource provider with uuid 324407c0-76f9-429e-9f21-ef4d822f14a6 found for delete ", "request_id": "req-d28f0130-6e40-499c-a468-cbbbe1489ae3"}]}
2026-05-08 22:23:45.480 7 INFO neutron.services.segments.plugin [-] Segment e9c196c3-554d-480a-9f9b-90d4a4a813ac resource provider aggregate not found
2026-05-08 22:23:45.493 7 INFO neutron.services.segments.plugin [-] Segment e9c196c3-554d-480a-9f9b-90d4a4a813ac resource provider aggregate not found
2026-05-08 22:23:45.503 7 INFO neutron.services.segments.plugin [-] Segment e9c196c3-554d-480a-9f9b-90d4a4a813ac resource provider not found; error: Placement Client Error (4xx): {"errors": [{"status": 404, "title": "Not Found", "detail": "The resource could not be found.\n\n No resource provider with uuid e9c196c3-554d-480a-9f9b-90d4a4a813ac found for delete ", "request_id": "req-7e9e4fca-ae37-4099-b75a-b4fdf54eaaeb"}]}
2026-05-08 22:23:45.519 7 INFO neutron.services.segments.plugin [-] Segment e9c196c3-554d-480a-9f9b-90d4a4a813ac resource provider not found; error: Placement Client Error (4xx): {"errors": [{"status": 404, "title": "Not Found", "detail": "The resource could not be found.\n\n No resource provider with uuid e9c196c3-554d-480a-9f9b-90d4a4a813ac found for delete ", "request_id": "req-bc1541bf-ad63-42b7-ba37-7d1d4c98ea93"}]} [pid: 7|app: 0|req: 542/1156] 10.0.0.77 () {32 vars in 724 bytes} [Fri May 8 22:23:45 2026] DELETE /v2.0/networks/e4736c62-6906-4145-b51c-b2f6d06d2b4a => generated 0 bytes in 367 msecs (HTTP/1.1 204) 3 headers in 131 bytes (1 switches on core 0)
2026-05-08 22:23:45.637 8 INFO neutron.db.segments_db [None req-c8a1247e-d04f-42e6-ab06-d38a705f4622 2ae78e631cfb4a2182a02237ff38a5d9 b082d94f6b624d0c91e6ed8464a90c13 - - default default] Added segment 69493e15-3ae6-4f4c-806e-856ca7821ea4 of type geneve for network dd9c05ab-57b3-4537-be80-131a57601f1b
2026-05-08 22:23:45.760 8 INFO neutron.db.ovn_revision_numbers_db [None req-c8a1247e-d04f-42e6-ab06-d38a705f4622 2ae78e631cfb4a2182a02237ff38a5d9 b082d94f6b624d0c91e6ed8464a90c13 - - default default] Successfully bumped revision number for resource dd9c05ab-57b3-4537-be80-131a57601f1b (type: networks) to 1
2026-05-08 22:23:45.885 7 INFO neutron.db.ovn_revision_numbers_db [None req-d6db3068-7e9b-46cd-bc0a-ffb0603564e5 80495012daae424196c0910629d08a26 3ed3f8752f5f4b828e553428309811c5 - - default default] Successfully bumped revision number for resource 6ef4432b-2a69-4119-9413-f3cc7b311eb5 (type: security_groups) to 1
2026-05-08 22:23:45.896 7 INFO neutron.db.ovn_revision_numbers_db [None req-d6db3068-7e9b-46cd-bc0a-ffb0603564e5 80495012daae424196c0910629d08a26 3ed3f8752f5f4b828e553428309811c5 - - default default] Successfully bumped revision number for resource 38ada7d6-b97f-4a9b-a869-f5aeb59b8c0b (type: security_group_rules) to 0
2026-05-08 22:23:45.916 7 INFO neutron.db.ovn_revision_numbers_db [None req-d6db3068-7e9b-46cd-bc0a-ffb0603564e5 80495012daae424196c0910629d08a26 3ed3f8752f5f4b828e553428309811c5 - - default default] Successfully bumped revision number for resource 4f3f5d5a-53ab-4a89-a6e7-37e8bd5520b3 (type: security_group_rules) to 0
2026-05-08 22:23:45.921 7 WARNING neutron.plugins.ml2.drivers.ovn.mech_driver.ovsdb.ovn_client [None req-4a1d4f44-bb2e-44f8-9c20-06810e34674f - - - - - -] No port found with ID 253c66f1-1eb2-49f2-8371-55a91772e7bc: RuntimeError: No port found with ID 253c66f1-1eb2-49f2-8371-55a91772e7bc
2026-05-08 22:23:45.930 8 WARNING neutron.scheduler.dhcp_agent_scheduler [None req-c8a1247e-d04f-42e6-ab06-d38a705f4622 2ae78e631cfb4a2182a02237ff38a5d9 b082d94f6b624d0c91e6ed8464a90c13 - - default default] No more DHCP agents
2026-05-08 22:23:45.931 8 WARNING neutron.api.rpc.agentnotifiers.dhcp_rpc_agent_api [None req-c8a1247e-d04f-42e6-ab06-d38a705f4622 2ae78e631cfb4a2182a02237ff38a5d9 b082d94f6b624d0c91e6ed8464a90c13 - - default default] Unable to schedule network dd9c05ab-57b3-4537-be80-131a57601f1b: no agents available; will retry on subsequent port and subnet creation events.
2026-05-08 22:23:45.955 7 INFO neutron.db.ovn_revision_numbers_db [None req-d6db3068-7e9b-46cd-bc0a-ffb0603564e5 80495012daae424196c0910629d08a26 3ed3f8752f5f4b828e553428309811c5 - - default default] Successfully bumped revision number for resource 64295182-317d-486d-8964-723aafb12ad1 (type: security_group_rules) to 0
2026-05-08 22:23:45.985 7 INFO neutron.db.ovn_revision_numbers_db [None req-d6db3068-7e9b-46cd-bc0a-ffb0603564e5 80495012daae424196c0910629d08a26 3ed3f8752f5f4b828e553428309811c5 - - default default] Successfully bumped revision number for resource 6b0bf9d3-b24a-4c93-adc1-4dfc05b587b8 (type: security_group_rules) to 0
2026-05-08 22:23:46.000 8 INFO neutron.db.ovn_revision_numbers_db [None req-c8a1247e-d04f-42e6-ab06-d38a705f4622 2ae78e631cfb4a2182a02237ff38a5d9 b082d94f6b624d0c91e6ed8464a90c13 - - default default] Successfully bumped revision number for resource 52383738-8e43-44f9-a57e-e021fb3cc3d1 (type: ports) to 1 [pid: 8|app: 0|req: 615/1157] 10.0.0.77 () {34 vars in 668 bytes} [Fri May 8 22:23:45 2026] POST /v2.0/networks => generated 672 bytes in 478 msecs (HTTP/1.1 201) 4 headers in 162 bytes (1 switches on core 0)
2026-05-08 22:23:46.056 7 INFO neutron.db.segments_db [None req-d6db3068-7e9b-46cd-bc0a-ffb0603564e5 80495012daae424196c0910629d08a26 3ed3f8752f5f4b828e553428309811c5 - - default default] Added segment eb5e58aa-6d03-46f6-9478-ab10a0a4e535 of type geneve for network 7f50809f-0145-44c6-8435-52f6987d1fbd
2026-05-08 22:23:46.155 7 INFO neutron.db.ovn_revision_numbers_db [None req-d6db3068-7e9b-46cd-bc0a-ffb0603564e5 80495012daae424196c0910629d08a26 3ed3f8752f5f4b828e553428309811c5 - - default default] Successfully bumped revision number for resource 7f50809f-0145-44c6-8435-52f6987d1fbd (type: networks) to 1
2026-05-08 22:23:46.192 8 WARNING neutron.scheduler.dhcp_agent_scheduler [None req-7b7d1f62-e136-4bd7-97b1-8d0799f2524c 2ae78e631cfb4a2182a02237ff38a5d9 b082d94f6b624d0c91e6ed8464a90c13 - - default default] No more DHCP agents
2026-05-08 22:23:46.193 8 WARNING neutron.api.rpc.agentnotifiers.dhcp_rpc_agent_api [None req-7b7d1f62-e136-4bd7-97b1-8d0799f2524c 2ae78e631cfb4a2182a02237ff38a5d9 b082d94f6b624d0c91e6ed8464a90c13 - - default default] Unable to schedule network dd9c05ab-57b3-4537-be80-131a57601f1b: no agents available; will retry on subsequent port and subnet creation events.
2026-05-08 22:23:46.221 8 INFO neutron.db.ovn_revision_numbers_db [None req-7b7d1f62-e136-4bd7-97b1-8d0799f2524c 2ae78e631cfb4a2182a02237ff38a5d9 b082d94f6b624d0c91e6ed8464a90c13 - - default default] Successfully bumped revision number for resource e922c301-e3c1-454c-be33-162788a51cc8 (type: subnets) to 0 [pid: 8|app: 0|req: 616/1158] 10.0.0.77 () {34 vars in 667 bytes} [Fri May 8 22:23:46 2026] POST /v2.0/subnets => generated 646 bytes in 208 msecs (HTTP/1.1 201) 4 headers in 162 bytes (1 switches on core 0) [pid: 8|app: 0|req: 617/1159] 10.0.0.96 () {34 vars in 988 bytes} [Fri May 8 22:23:46 2026] GET /v2.0/ports?device_id=e5f05093-4d53-47c3-a51f-9e0aac7f9abd => generated 1236 bytes in 34 msecs (HTTP/1.1 200) 4 headers in 158 bytes (1 switches on core 0)
2026-05-08 22:23:46.301 7 WARNING neutron.scheduler.dhcp_agent_scheduler [None req-d6db3068-7e9b-46cd-bc0a-ffb0603564e5 80495012daae424196c0910629d08a26 3ed3f8752f5f4b828e553428309811c5 - - default default] No more DHCP agents
2026-05-08 22:23:46.302 7 WARNING neutron.api.rpc.agentnotifiers.dhcp_rpc_agent_api [None req-d6db3068-7e9b-46cd-bc0a-ffb0603564e5 80495012daae424196c0910629d08a26 3ed3f8752f5f4b828e553428309811c5 - - default default] Unable to schedule network 7f50809f-0145-44c6-8435-52f6987d1fbd: no agents available; will retry on subsequent port and subnet creation events.
2026-05-08 22:23:46.384 8 INFO neutron.db.ovn_revision_numbers_db [None req-46c726d5-55e7-4353-bf3c-f725ef52407c 2ae78e631cfb4a2182a02237ff38a5d9 b082d94f6b624d0c91e6ed8464a90c13 - - default default] Successfully bumped revision number for resource 8945edf2-ada5-4684-beee-88da564496bc (type: routers) to 1
2026-05-08 22:23:46.387 7 INFO neutron.db.ovn_revision_numbers_db [None req-d6db3068-7e9b-46cd-bc0a-ffb0603564e5 80495012daae424196c0910629d08a26 3ed3f8752f5f4b828e553428309811c5 - - default default] Successfully bumped revision number for resource 39dcb4ca-f502-48c7-8720-efc0ee1a71ae (type: ports) to 1 [pid: 8|app: 0|req: 618/1160] 10.0.0.77 () {34 vars in 667 bytes} [Fri May 8 22:23:46 2026] POST /v2.0/routers => generated 627 bytes in 128 msecs (HTTP/1.1 201) 4 headers in 162 bytes (1 switches on core 0) [pid: 7|app: 0|req: 543/1161] 10.0.0.77 () {34 vars in 669 bytes} [Fri May 8 22:23:45 2026] POST /v2.0/networks => generated 788 bytes in 777 msecs (HTTP/1.1 201) 4 headers in 162 bytes (1 switches on core 0) [pid: 8|app: 0|req: 619/1162] 10.0.0.96 () {34 vars in 1038 bytes} [Fri May 8 22:23:46 2026] GET /v2.0/security-groups?id=d2ef5837-401f-4c8a-9b2c-5de86d28c04c&fields=id&fields=name => generated 113 bytes in 28 msecs (HTTP/1.1 200) 4 headers in 157 bytes (1 switches on core 0)
2026-05-08 22:23:46.586 8 WARNING neutron.scheduler.dhcp_agent_scheduler [None req-44d9a380-a408-4e5f-b785-f195c97f6257 80495012daae424196c0910629d08a26 3ed3f8752f5f4b828e553428309811c5 - - default default] No more DHCP agents
2026-05-08 22:23:46.587 8 WARNING neutron.api.rpc.agentnotifiers.dhcp_rpc_agent_api [None req-44d9a380-a408-4e5f-b785-f195c97f6257 80495012daae424196c0910629d08a26 3ed3f8752f5f4b828e553428309811c5 - - default default] Unable to schedule network 7f50809f-0145-44c6-8435-52f6987d1fbd: no agents available; will retry on subsequent port and subnet creation events.
2026-05-08 22:23:46.706 7 WARNING neutron.scheduler.dhcp_agent_scheduler [None req-de816da0-7339-4b9b-bb35-5853a4df21d5 2ae78e631cfb4a2182a02237ff38a5d9 b082d94f6b624d0c91e6ed8464a90c13 - - default default] No more DHCP agents
2026-05-08 22:23:46.707 7 WARNING neutron.api.rpc.agentnotifiers.dhcp_rpc_agent_api [None req-de816da0-7339-4b9b-bb35-5853a4df21d5 2ae78e631cfb4a2182a02237ff38a5d9 b082d94f6b624d0c91e6ed8464a90c13 - - default default] Unable to schedule network dd9c05ab-57b3-4537-be80-131a57601f1b: no agents available; will retry on subsequent port and subnet creation events.
2026-05-08 22:23:46.784 7 INFO neutron.plugins.ml2.drivers.ovn.mech_driver.mech_driver [None req-4a1d4f44-bb2e-44f8-9c20-06810e34674f - - - - - -] OVN reports status down for port: 1aed02ff-baf8-47e2-9fa3-f7bfae0c2d98
2026-05-08 22:23:46.841 7 INFO neutron.db.ovn_revision_numbers_db [None req-de816da0-7339-4b9b-bb35-5853a4df21d5 2ae78e631cfb4a2182a02237ff38a5d9 b082d94f6b624d0c91e6ed8464a90c13 - - default default] Successfully bumped revision number for resource 1aed02ff-baf8-47e2-9fa3-f7bfae0c2d98 (type: ports) to 1 [pid: 7|app: 0|req: 544/1163] 10.0.0.77 () {34 vars in 663 bytes} [Fri May 8 22:23:46 2026] POST /v2.0/ports => generated 964 bytes in 527 msecs (HTTP/1.1 201) 4 headers in 162 bytes (1 switches on core 0)
2026-05-08 22:23:47.058 8 INFO neutron.db.ovn_revision_numbers_db [None req-44d9a380-a408-4e5f-b785-f195c97f6257 80495012daae424196c0910629d08a26 3ed3f8752f5f4b828e553428309811c5 - - default default] Successfully bumped revision number for resource 39dcb4ca-f502-48c7-8720-efc0ee1a71ae (type: ports) to 2 /var/lib/openstack/lib/python3.12/site-packages/pycadf/identifier.py:70: UserWarning: Invalid uuid: neutron. To ensure interoperability, identifiers should be a valid uuid. warnings.warn(('Invalid uuid: %s. To ensure interoperability, '
2026-05-08 22:23:47.087 8 INFO neutron.db.ovn_revision_numbers_db [None req-44d9a380-a408-4e5f-b785-f195c97f6257 80495012daae424196c0910629d08a26 3ed3f8752f5f4b828e553428309811c5 - - default default] Successfully bumped revision number for resource dd343c10-de67-4dbf-a873-0eafcb249dc9 (type: subnets) to 0 [pid: 8|app: 0|req: 620/1164] 10.0.0.77 () {34 vars in 667 bytes} [Fri May 8 22:23:46 2026] POST /v2.0/subnets => generated 694 bytes in 676 msecs (HTTP/1.1 201) 4 headers in 162 bytes (1 switches on core 0)
2026-05-08 22:23:47.195 7 INFO neutron.db.ovn_revision_numbers_db [None req-d315d515-71f3-4ef5-9256-444323220ecf cd2083063dc745c2866dece7a9efb2a8 5c3d21a5ab904956aa4ec428b5f8bf90 - - default default] Successfully bumped revision number for resource 1262afdf-ae17-4a9a-ab31-c4a565b8a005 (type: security_groups) to 1
2026-05-08 22:23:47.210 7 INFO neutron.db.ovn_revision_numbers_db [None req-d315d515-71f3-4ef5-9256-444323220ecf cd2083063dc745c2866dece7a9efb2a8 5c3d21a5ab904956aa4ec428b5f8bf90 - - default default] Successfully bumped revision number for resource 2d36b9a1-c353-4833-b6f5-593008f16859 (type: security_group_rules) to 0
2026-05-08 22:23:47.223 7 INFO neutron.db.ovn_revision_numbers_db [None req-d315d515-71f3-4ef5-9256-444323220ecf cd2083063dc745c2866dece7a9efb2a8 5c3d21a5ab904956aa4ec428b5f8bf90 - - default default] Successfully bumped revision number for resource 9abaa86a-85d0-4bce-858d-fc37065cb80b (type: security_group_rules) to 0
2026-05-08 22:23:47.236 7 INFO neutron.db.ovn_revision_numbers_db [None req-d315d515-71f3-4ef5-9256-444323220ecf cd2083063dc745c2866dece7a9efb2a8 5c3d21a5ab904956aa4ec428b5f8bf90 - - default default] Successfully bumped revision number for resource a814f545-3f5c-4b07-958f-26902780df8f (type: security_group_rules) to 0
2026-05-08 22:23:47.249 7 INFO neutron.db.ovn_revision_numbers_db [None req-d315d515-71f3-4ef5-9256-444323220ecf cd2083063dc745c2866dece7a9efb2a8 5c3d21a5ab904956aa4ec428b5f8bf90 - - default default] Successfully bumped revision number for resource bfd91214-1d85-41c8-9e91-084febab2c80 (type: security_group_rules) to 0
2026-05-08 22:23:47.355 7 INFO neutron.db.segments_db [None req-d315d515-71f3-4ef5-9256-444323220ecf cd2083063dc745c2866dece7a9efb2a8 5c3d21a5ab904956aa4ec428b5f8bf90 - - default default] Added segment 3b83dc52-59d3-4414-a26e-0e574b0d3731 of type geneve for network 9aef8573-2211-4c11-8a9a-78d42b2e35a8
2026-05-08 22:23:47.459 7 INFO neutron.db.ovn_revision_numbers_db [None req-d315d515-71f3-4ef5-9256-444323220ecf cd2083063dc745c2866dece7a9efb2a8 5c3d21a5ab904956aa4ec428b5f8bf90 - - default default] Successfully bumped revision number for resource 9aef8573-2211-4c11-8a9a-78d42b2e35a8 (type: networks) to 1
2026-05-08 22:23:47.574 7 INFO neutron.plugins.ml2.drivers.ovn.mech_driver.mech_driver [None req-4a1d4f44-bb2e-44f8-9c20-06810e34674f - - - - - -] OVN reports status up for port: 1aed02ff-baf8-47e2-9fa3-f7bfae0c2d98
2026-05-08 22:23:47.600 8 INFO neutron.db.ovn_revision_numbers_db [None req-26e7b55d-6a3a-41fd-939d-df95b42bcc44 2ae78e631cfb4a2182a02237ff38a5d9 b082d94f6b624d0c91e6ed8464a90c13 - - default default] Successfully bumped revision number for resource 1aed02ff-baf8-47e2-9fa3-f7bfae0c2d98 (type: ports) to 2
2026-05-08 22:23:47.604 7 INFO neutron.plugins.ml2.plugin [None req-4a1d4f44-bb2e-44f8-9c20-06810e34674f - - - - - -] Attempt 1 to provision port 1aed02ff-baf8-47e2-9fa3-f7bfae0c2d98
2026-05-08 22:23:47.610 8 INFO neutron.plugins.ml2.plugin [None req-26e7b55d-6a3a-41fd-939d-df95b42bcc44 2ae78e631cfb4a2182a02237ff38a5d9 b082d94f6b624d0c91e6ed8464a90c13 - - default default] Attempt 1 to provision port 1aed02ff-baf8-47e2-9fa3-f7bfae0c2d98
2026-05-08 22:23:47.695 7 WARNING neutron.scheduler.dhcp_agent_scheduler [None req-d315d515-71f3-4ef5-9256-444323220ecf cd2083063dc745c2866dece7a9efb2a8 5c3d21a5ab904956aa4ec428b5f8bf90 - - default default] No more DHCP agents
2026-05-08 22:23:47.698 7 WARNING neutron.api.rpc.agentnotifiers.dhcp_rpc_agent_api [None req-d315d515-71f3-4ef5-9256-444323220ecf cd2083063dc745c2866dece7a9efb2a8 5c3d21a5ab904956aa4ec428b5f8bf90 - - default default] Unable to schedule network 9aef8573-2211-4c11-8a9a-78d42b2e35a8: no agents available; will retry on subsequent port and subnet creation events.
2026-05-08 22:23:47.855 7 INFO neutron.db.ovn_revision_numbers_db [None req-d315d515-71f3-4ef5-9256-444323220ecf cd2083063dc745c2866dece7a9efb2a8 5c3d21a5ab904956aa4ec428b5f8bf90 - - default default] Successfully bumped revision number for resource 558eceb1-e9eb-4219-800c-67ee7f6b78f9 (type: ports) to 1 [pid: 7|app: 0|req: 545/1165] 10.0.0.77 () {34 vars in 668 bytes} [Fri May 8 22:23:46 2026] POST /v2.0/networks => generated 688 bytes in 965 msecs (HTTP/1.1 201) 4 headers in 162 bytes (1 switches on core 0)
2026-05-08 22:23:48.209 8 WARNING neutron.plugins.ml2.drivers.ovn.mech_driver.ovsdb.ovn_client [None req-a193c1ef-c326-4d68-81e1-5545ee700cd9 - - - - - -] No port found with ID de7e4a77-c35e-478b-8329-ba958e182189: RuntimeError: No port found with ID de7e4a77-c35e-478b-8329-ba958e182189
2026-05-08 22:23:48.231 8 INFO neutron.plugins.ml2.drivers.ovn.mech_driver.mech_driver [None req-a193c1ef-c326-4d68-81e1-5545ee700cd9 - - - - - -] OVN reports status down for port: 52383738-8e43-44f9-a57e-e021fb3cc3d1
2026-05-08 22:23:48.238 7 INFO neutron.db.ovn_revision_numbers_db [None req-4a1d4f44-bb2e-44f8-9c20-06810e34674f - - - - - -] Successfully bumped revision number for resource 1aed02ff-baf8-47e2-9fa3-f7bfae0c2d98 (type: ports) to 3
2026-05-08 22:23:48.291 8 INFO neutron.plugins.ml2.drivers.ovn.mech_driver.mech_driver [None req-a193c1ef-c326-4d68-81e1-5545ee700cd9 - - - - - -] OVN reports status down for port: 39dcb4ca-f502-48c7-8720-efc0ee1a71ae
2026-05-08 22:23:48.478 7 WARNING neutron.scheduler.dhcp_agent_scheduler [None req-3a03e1a6-9c19-4f52-a269-63463fc58c8e 80495012daae424196c0910629d08a26 3ed3f8752f5f4b828e553428309811c5 - - default default] No more DHCP agents
2026-05-08 22:23:48.479 7 WARNING neutron.api.rpc.agentnotifiers.dhcp_rpc_agent_api [None req-3a03e1a6-9c19-4f52-a269-63463fc58c8e 80495012daae424196c0910629d08a26 3ed3f8752f5f4b828e553428309811c5 - - default default] Unable to schedule network c785faa4-1ae1-4db4-b0a3-f8bd2e8839a5: no agents available; will retry on subsequent port and subnet creation events.
2026-05-08 22:23:48.621 7 INFO neutron.db.ovn_revision_numbers_db [None req-3a03e1a6-9c19-4f52-a269-63463fc58c8e 80495012daae424196c0910629d08a26 3ed3f8752f5f4b828e553428309811c5 - - default default] Successfully bumped revision number for resource 1ee2c22d-2668-4661-ba64-a67c9319e576 (type: ports) to 1
2026-05-08 22:23:48.627 8 INFO neutron.plugins.ml2.drivers.ovn.mech_driver.mech_driver [None req-a193c1ef-c326-4d68-81e1-5545ee700cd9 - - - - - -] OVN reports status down for port: 1ee2c22d-2668-4661-ba64-a67c9319e576
2026-05-08 22:23:48.928 8 WARNING neutron.scheduler.dhcp_agent_scheduler [None req-26e7b55d-6a3a-41fd-939d-df95b42bcc44 2ae78e631cfb4a2182a02237ff38a5d9 b082d94f6b624d0c91e6ed8464a90c13 - - default default] No more DHCP agents
2026-05-08 22:23:48.930 8 WARNING neutron.api.rpc.agentnotifiers.dhcp_rpc_agent_api [None req-26e7b55d-6a3a-41fd-939d-df95b42bcc44 2ae78e631cfb4a2182a02237ff38a5d9 b082d94f6b624d0c91e6ed8464a90c13 - - default default] Unable to schedule network dd9c05ab-57b3-4537-be80-131a57601f1b: no agents available; will retry on subsequent port and subnet creation events.
2026-05-08 22:23:49.107 8 INFO neutron.db.ovn_revision_numbers_db [None req-26e7b55d-6a3a-41fd-939d-df95b42bcc44 2ae78e631cfb4a2182a02237ff38a5d9 b082d94f6b624d0c91e6ed8464a90c13 - - default default] Successfully bumped revision number for resource 1aed02ff-baf8-47e2-9fa3-f7bfae0c2d98 (type: router_ports) to 3 [pid: 8|app: 0|req: 621/1166] 10.0.0.77 () {34 vars in 781 bytes} [Fri May 8 22:23:47 2026] PUT /v2.0/routers/8945edf2-ada5-4684-beee-88da564496bc/add_router_interface => generated 310 bytes in 2008 msecs (HTTP/1.1 200) 4 headers in 157 bytes (1 switches on core 0) /var/lib/openstack/lib/python3.12/site-packages/pycadf/identifier.py:70: UserWarning: Invalid uuid: neutron. To ensure interoperability, identifiers should be a valid uuid. warnings.warn(('Invalid uuid: %s. To ensure interoperability, '
2026-05-08 22:23:49.275 7 INFO neutron.plugins.ml2.drivers.ovn.mech_driver.ovsdb.ovsdb_monitor [None req-75bf109e-a13e-4a6d-b094-21fcaa0c5263 - - - - - -] Router eaa6f788-6f98-4202-9a00-ddedbf3ce836 is bound to host instance
2026-05-08 22:23:49.304 8 INFO neutron.plugins.ml2.drivers.ovn.mech_driver.mech_driver [None req-a193c1ef-c326-4d68-81e1-5545ee700cd9 - - - - - -] OVN reports status up for port: 1ee2c22d-2668-4661-ba64-a67c9319e576
2026-05-08 22:23:49.317 7 INFO neutron.db.ovn_revision_numbers_db [None req-3a03e1a6-9c19-4f52-a269-63463fc58c8e 80495012daae424196c0910629d08a26 3ed3f8752f5f4b828e553428309811c5 - - default default] Successfully bumped revision number for resource 1ee2c22d-2668-4661-ba64-a67c9319e576 (type: router_ports) to 1
2026-05-08 22:23:49.335 8 INFO neutron.plugins.ml2.plugin [None req-a193c1ef-c326-4d68-81e1-5545ee700cd9 - - - - - -] Attempt 1 to provision port 1ee2c22d-2668-4661-ba64-a67c9319e576
2026-05-08 22:23:49.391 8 WARNING neutron.scheduler.dhcp_agent_scheduler [None req-a146f660-2e53-4319-bac0-e8914a4c9eff cd2083063dc745c2866dece7a9efb2a8 5c3d21a5ab904956aa4ec428b5f8bf90 - - default default] No more DHCP agents
2026-05-08 22:23:49.394 8 WARNING neutron.api.rpc.agentnotifiers.dhcp_rpc_agent_api [None req-a146f660-2e53-4319-bac0-e8914a4c9eff cd2083063dc745c2866dece7a9efb2a8 5c3d21a5ab904956aa4ec428b5f8bf90 - - default default] Unable to schedule network 9aef8573-2211-4c11-8a9a-78d42b2e35a8: no agents available; will retry on subsequent port and subnet creation events.
2026-05-08 22:23:49.431 8 INFO neutron.db.ovn_revision_numbers_db [None req-a146f660-2e53-4319-bac0-e8914a4c9eff cd2083063dc745c2866dece7a9efb2a8 5c3d21a5ab904956aa4ec428b5f8bf90 - - default default] Successfully bumped revision number for resource d0d7efe7-2169-4403-9422-9957b7f1a5dc (type: subnets) to 0 [pid: 8|app: 0|req: 622/1167] 10.0.0.77 () {34 vars in 667 bytes} [Fri May 8 22:23:49 2026] POST /v2.0/subnets => generated 627 bytes in 338 msecs (HTTP/1.1 201) 4 headers in 162 bytes (1 switches on core 0)
2026-05-08 22:23:49.459 7 INFO neutron.db.ovn_revision_numbers_db [None req-3a03e1a6-9c19-4f52-a269-63463fc58c8e 80495012daae424196c0910629d08a26 3ed3f8752f5f4b828e553428309811c5 - - default default] Successfully bumped revision number for resource eaa6f788-6f98-4202-9a00-ddedbf3ce836 (type: routers) to 2 [pid: 8|app: 0|req: 623/1168] 10.0.0.77 () {32 vars in 715 bytes} [Fri May 8 22:23:49 2026] GET /v2.0/ports/1aed02ff-baf8-47e2-9fa3-f7bfae0c2d98 => generated 1026 bytes in 31 msecs (HTTP/1.1 200) 4 headers in 158 bytes (1 switches on core 0) [pid: 7|app: 0|req: 546/1169] 10.0.0.77 () {34 vars in 667 bytes} [Fri May 8 22:23:47 2026] POST /v2.0/routers => generated 993 bytes in 1591 msecs (HTTP/1.1 201) 4 headers in 162 bytes (1 switches on core 0) /var/lib/openstack/lib/python3.12/site-packages/pycadf/identifier.py:70: UserWarning: Invalid uuid: neutron. To ensure interoperability, identifiers should be a valid uuid. warnings.warn(('Invalid uuid: %s. To ensure interoperability, '
2026-05-08 22:23:49.877 8 WARNING neutron.scheduler.dhcp_agent_scheduler [None req-c178f85f-e447-499e-9baa-2ff1078c7dd2 cd2083063dc745c2866dece7a9efb2a8 5c3d21a5ab904956aa4ec428b5f8bf90 - - default default] No more DHCP agents
2026-05-08 22:23:49.878 8 WARNING neutron.api.rpc.agentnotifiers.dhcp_rpc_agent_api [None req-c178f85f-e447-499e-9baa-2ff1078c7dd2 cd2083063dc745c2866dece7a9efb2a8 5c3d21a5ab904956aa4ec428b5f8bf90 - - default default] Unable to schedule network c785faa4-1ae1-4db4-b0a3-f8bd2e8839a5: no agents available; will retry on subsequent port and subnet creation events.
2026-05-08 22:23:50.028 8 INFO neutron.db.ovn_revision_numbers_db [None req-c178f85f-e447-499e-9baa-2ff1078c7dd2 cd2083063dc745c2866dece7a9efb2a8 5c3d21a5ab904956aa4ec428b5f8bf90 - - default default] Successfully bumped revision number for resource 99c82c33-3f60-44ed-b583-cd7eb9ee0b80 (type: ports) to 1
2026-05-08 22:23:50.093 7 INFO neutron_taas.services.taas.taas_plugin [None req-96b4912a-e25c-40d3-94d4-3d97422ccd08 2ae78e631cfb4a2182a02237ff38a5d9 b082d94f6b624d0c91e6ed8464a90c13 - - default default] TaaS: Handle Delete Port: 1aed02ff-baf8-47e2-9fa3-f7bfae0c2d98
2026-05-08 22:23:50.115 7 INFO neutron_taas.services.taas.tap_mirror_plugin [None req-96b4912a-e25c-40d3-94d4-3d97422ccd08 2ae78e631cfb4a2182a02237ff38a5d9 b082d94f6b624d0c91e6ed8464a90c13 - - default default] Tap Mirror: Handle Delete Port: 1aed02ff-baf8-47e2-9fa3-f7bfae0c2d98
2026-05-08 22:23:50.673 8 INFO neutron.db.ovn_revision_numbers_db [None req-c178f85f-e447-499e-9baa-2ff1078c7dd2 cd2083063dc745c2866dece7a9efb2a8 5c3d21a5ab904956aa4ec428b5f8bf90 - - default default] Successfully bumped revision number for resource 99c82c33-3f60-44ed-b583-cd7eb9ee0b80 (type: router_ports) to 1
2026-05-08 22:23:50.733 8 INFO neutron.db.ovn_revision_numbers_db [None req-c178f85f-e447-499e-9baa-2ff1078c7dd2 cd2083063dc745c2866dece7a9efb2a8 5c3d21a5ab904956aa4ec428b5f8bf90 - - default default] Successfully bumped revision number for resource c6e26b18-2a08-4c94-ba5f-4c37f9ebf3ea (type: routers) to 2 [pid: 8|app: 0|req: 624/1170] 10.0.0.77 () {34 vars in 667 bytes} [Fri May 8 22:23:49 2026] POST /v2.0/routers => generated 976 bytes in 1262 msecs (HTTP/1.1 201) 4 headers in 162 bytes (1 switches on core 0)
2026-05-08 22:23:51.062 8 WARNING neutron.scheduler.dhcp_agent_scheduler [None req-08842e5b-77e7-4649-a6a3-4a263dff7b35 80495012daae424196c0910629d08a26 3ed3f8752f5f4b828e553428309811c5 - - default default] No more DHCP agents
2026-05-08 22:23:51.063 8 WARNING neutron.api.rpc.agentnotifiers.dhcp_rpc_agent_api [None req-08842e5b-77e7-4649-a6a3-4a263dff7b35 80495012daae424196c0910629d08a26 3ed3f8752f5f4b828e553428309811c5 - - default default] Unable to schedule network 7f50809f-0145-44c6-8435-52f6987d1fbd: no agents available; will retry on subsequent port and subnet creation events.
2026-05-08 22:23:51.202 8 INFO neutron.db.ovn_revision_numbers_db [None req-08842e5b-77e7-4649-a6a3-4a263dff7b35 80495012daae424196c0910629d08a26 3ed3f8752f5f4b828e553428309811c5 - - default default] Successfully bumped revision number for resource df8ffe55-455c-4c47-89de-c67c60ecd050 (type: ports) to 1 [pid: 7|app: 0|req: 547/1171] 10.0.0.77 () {34 vars in 787 bytes} [Fri May 8 22:23:49 2026] PUT /v2.0/routers/8945edf2-ada5-4684-beee-88da564496bc/remove_router_interface => generated 310 bytes in 1831 msecs (HTTP/1.1 200) 4 headers in 157 bytes (1 switches on core 0) /var/lib/openstack/lib/python3.12/site-packages/pycadf/identifier.py:70: UserWarning: Invalid uuid: neutron. To ensure interoperability, identifiers should be a valid uuid. warnings.warn(('Invalid uuid: %s. To ensure interoperability, '
2026-05-08 22:23:51.657 7 INFO neutron.db.ovn_revision_numbers_db [None req-06775a44-6f82-42b0-94b0-d3a5386970a2 - - - - - -] Successfully bumped revision number for resource 1ee2c22d-2668-4661-ba64-a67c9319e576 (type: ports) to 4
2026-05-08 22:23:51.882 8 WARNING neutron.scheduler.dhcp_agent_scheduler [None req-08842e5b-77e7-4649-a6a3-4a263dff7b35 80495012daae424196c0910629d08a26 3ed3f8752f5f4b828e553428309811c5 - - default default] No more DHCP agents
2026-05-08 22:23:51.883 8 WARNING neutron.api.rpc.agentnotifiers.dhcp_rpc_agent_api [None req-08842e5b-77e7-4649-a6a3-4a263dff7b35 80495012daae424196c0910629d08a26 3ed3f8752f5f4b828e553428309811c5 - - default default] Unable to schedule network 7f50809f-0145-44c6-8435-52f6987d1fbd: no agents available; will retry on subsequent port and subnet creation events.
2026-05-08 22:23:52.228 8 INFO neutron.plugins.ml2.drivers.ovn.mech_driver.mech_driver [None req-a193c1ef-c326-4d68-81e1-5545ee700cd9 - - - - - -] OVN reports status down for port: df8ffe55-455c-4c47-89de-c67c60ecd050
2026-05-08 22:23:52.353 7 WARNING neutron.scheduler.dhcp_agent_scheduler [None req-ba66d704-151d-4085-a857-cb4e0bd45a16 cd2083063dc745c2866dece7a9efb2a8 5c3d21a5ab904956aa4ec428b5f8bf90 - - default default] No more DHCP agents
2026-05-08 22:23:52.358 7 WARNING neutron.api.rpc.agentnotifiers.dhcp_rpc_agent_api [None req-ba66d704-151d-4085-a857-cb4e0bd45a16 cd2083063dc745c2866dece7a9efb2a8 5c3d21a5ab904956aa4ec428b5f8bf90 - - default default] Unable to schedule network 9aef8573-2211-4c11-8a9a-78d42b2e35a8: no agents available; will retry on subsequent port and subnet creation events.
2026-05-08 22:23:52.363 8 WARNING neutron.plugins.ml2.drivers.ovn.mech_driver.ovsdb.ovn_client [None req-a193c1ef-c326-4d68-81e1-5545ee700cd9 - - - - - -] Logical_Switch_Port df8ffe55-455c-4c47-89de-c67c60ecd050 host information not removed, the port state is up
2026-05-08 22:23:52.364 8 INFO neutron.plugins.ml2.drivers.ovn.mech_driver.mech_driver [None req-a193c1ef-c326-4d68-81e1-5545ee700cd9 - - - - - -] OVN reports status up for port: df8ffe55-455c-4c47-89de-c67c60ecd050
2026-05-08 22:23:52.367 7 INFO neutron.db.ovn_revision_numbers_db [None req-06775a44-6f82-42b0-94b0-d3a5386970a2 - - - - - -] Successfully bumped revision number for resource 1ee2c22d-2668-4661-ba64-a67c9319e576 (type: ports) to 5
2026-05-08 22:23:52.387 8 INFO neutron.plugins.ml2.plugin [None req-a193c1ef-c326-4d68-81e1-5545ee700cd9 - - - - - -] Attempt 1 to provision port df8ffe55-455c-4c47-89de-c67c60ecd050
2026-05-08 22:23:52.615 7 INFO neutron.db.ovn_revision_numbers_db [None req-ba66d704-151d-4085-a857-cb4e0bd45a16 cd2083063dc745c2866dece7a9efb2a8 5c3d21a5ab904956aa4ec428b5f8bf90 - - default default] Successfully bumped revision number for resource 73ff346f-161a-49a9-bd7a-1f22d569c1d0 (type: ports) to 1
2026-05-08 22:23:52.651 8 INFO neutron.db.ovn_revision_numbers_db [None req-08842e5b-77e7-4649-a6a3-4a263dff7b35 80495012daae424196c0910629d08a26 3ed3f8752f5f4b828e553428309811c5 - - default default] Successfully bumped revision number for resource df8ffe55-455c-4c47-89de-c67c60ecd050 (type: router_ports) to 1 [pid: 8|app: 0|req: 625/1174] 10.0.0.77 () {34 vars in 781 bytes} [Fri May 8 22:23:50 2026] PUT /v2.0/routers/eaa6f788-6f98-4202-9a00-ddedbf3ce836/add_router_interface => generated 310 bytes in 1916 msecs (HTTP/1.1 200) 4 headers in 157 bytes (1 switches on core 0)
2026-05-08 22:23:52.810 8 INFO neutron.api.v2.resource [None req-4ff47828-895b-46c9-97fa-21e010f17061 2ae78e631cfb4a2182a02237ff38a5d9 b082d94f6b624d0c91e6ed8464a90c13 - - default default] remove_router_interface failed (client error): The resource could not be found. [pid: 8|app: 0|req: 626/1175] 10.0.0.77 () {34 vars in 787 bytes} [Fri May 8 22:23:52 2026] PUT /v2.0/routers/8945edf2-ada5-4684-beee-88da564496bc/remove_router_interface => generated 197 bytes in 148 msecs (HTTP/1.1 404) 4 headers in 164 bytes (1 switches on core 0) [pid: 8|app: 0|req: 627/1176] 10.0.0.77 () {32 vars in 734 bytes} [Fri May 8 22:23:52 2026] GET /v2.0/ports?device_id=8945edf2-ada5-4684-beee-88da564496bc => generated 12 bytes in 34 msecs (HTTP/1.1 200) 4 headers in 156 bytes (1 switches on core 0) [pid: 8|app: 0|req: 628/1177] 10.0.0.77 () {32 vars in 722 bytes} [Fri May 8 22:23:52 2026] DELETE /v2.0/routers/8945edf2-ada5-4684-beee-88da564496bc => generated 0 bytes in 420 msecs (HTTP/1.1 204) 2 headers in 112 bytes (1 switches on core 0)
2026-05-08 22:23:53.296 8 INFO neutron.db.ovn_revision_numbers_db [None req-a193c1ef-c326-4d68-81e1-5545ee700cd9 - - - - - -] Successfully bumped revision number for resource df8ffe55-455c-4c47-89de-c67c60ecd050 (type: ports) to 2
2026-05-08 22:23:53.336 7 WARNING neutron.scheduler.dhcp_agent_scheduler [None req-ba66d704-151d-4085-a857-cb4e0bd45a16 cd2083063dc745c2866dece7a9efb2a8 5c3d21a5ab904956aa4ec428b5f8bf90 - - default default] No more DHCP agents
2026-05-08 22:23:53.337 7 WARNING neutron.api.rpc.agentnotifiers.dhcp_rpc_agent_api [None req-ba66d704-151d-4085-a857-cb4e0bd45a16 cd2083063dc745c2866dece7a9efb2a8 5c3d21a5ab904956aa4ec428b5f8bf90 - - default default] Unable to schedule network 9aef8573-2211-4c11-8a9a-78d42b2e35a8: no agents available; will retry on subsequent port and subnet creation events.
2026-05-08 22:23:53.391 7 WARNING neutron.plugins.ml2.drivers.ovn.mech_driver.ovsdb.ovn_client [None req-3d42f0eb-ee5c-46f9-be3a-40107b9388a1 - - - - - -] No port found with ID 1aed02ff-baf8-47e2-9fa3-f7bfae0c2d98: RuntimeError: No port found with ID 1aed02ff-baf8-47e2-9fa3-f7bfae0c2d98
2026-05-08 22:23:53.391 7 INFO neutron.plugins.ml2.drivers.ovn.mech_driver.mech_driver [None req-3d42f0eb-ee5c-46f9-be3a-40107b9388a1 - - - - - -] OVN reports status down for port: 558eceb1-e9eb-4219-800c-67ee7f6b78f9
2026-05-08 22:23:53.488 8 INFO neutron.db.ovn_revision_numbers_db [None req-aaa23c42-387d-4252-bb3a-ce98a92f9fc5 a509b78f559643228bf024f594985bfb a8bec2dae35040f2b93088cbf5fb1038 - - default default] Successfully bumped revision number for resource 7c9ee707-5a4c-48eb-b34b-6b283a67ed7b (type: security_groups) to 1
2026-05-08 22:23:53.504 8 INFO neutron.db.ovn_revision_numbers_db [None req-aaa23c42-387d-4252-bb3a-ce98a92f9fc5 a509b78f559643228bf024f594985bfb a8bec2dae35040f2b93088cbf5fb1038 - - default default] Successfully bumped revision number for resource 0ab01efc-9262-4015-a589-439e12a561ef (type: security_group_rules) to 0
2026-05-08 22:23:53.517 8 INFO neutron.db.ovn_revision_numbers_db [None req-aaa23c42-387d-4252-bb3a-ce98a92f9fc5 a509b78f559643228bf024f594985bfb a8bec2dae35040f2b93088cbf5fb1038 - - default default] Successfully bumped revision number for resource 0d683992-9a68-49a1-ae4e-6789e0e52480 (type: security_group_rules) to 0
2026-05-08 22:23:53.528 7 INFO neutron.plugins.ml2.drivers.ovn.mech_driver.mech_driver [None req-3d42f0eb-ee5c-46f9-be3a-40107b9388a1 - - - - - -] OVN reports status down for port: 99c82c33-3f60-44ed-b583-cd7eb9ee0b80 [pid: 8|app: 0|req: 629/1178] 10.0.0.77 () {34 vars in 683 bytes} [Fri May 8 22:23:53 2026] POST /v2.0/security-groups => generated 1660 bytes in 274 msecs (HTTP/1.1 201) 4 headers in 163 bytes (1 switches on core 0)
2026-05-08 22:23:53.646 7 WARNING neutron.plugins.ml2.drivers.ovn.mech_driver.ovsdb.ovn_client [None req-3d42f0eb-ee5c-46f9-be3a-40107b9388a1 - - - - - -] Logical_Switch_Port 99c82c33-3f60-44ed-b583-cd7eb9ee0b80 host information not removed, the port state is up
2026-05-08 22:23:53.647 7 INFO neutron.plugins.ml2.drivers.ovn.mech_driver.mech_driver [None req-3d42f0eb-ee5c-46f9-be3a-40107b9388a1 - - - - - -] OVN reports status up for port: 99c82c33-3f60-44ed-b583-cd7eb9ee0b80
2026-05-08 22:23:53.677 7 INFO neutron.plugins.ml2.plugin [None req-3d42f0eb-ee5c-46f9-be3a-40107b9388a1 - - - - - -] Attempt 1 to provision port 99c82c33-3f60-44ed-b583-cd7eb9ee0b80 [pid: 8|app: 0|req: 630/1179] 10.0.0.77 () {32 vars in 722 bytes} [Fri May 8 22:23:53 2026] DELETE /v2.0/subnets/e922c301-e3c1-454c-be33-162788a51cc8 => generated 0 bytes in 148 msecs (HTTP/1.1 204) 3 headers in 131 bytes (1 switches on core 0)
2026-05-08 22:23:53.812 8 INFO neutron.db.ovn_revision_numbers_db [None req-ed21f2f6-71f3-43f8-9b6a-4b06fc3c722d a509b78f559643228bf024f594985bfb a8bec2dae35040f2b93088cbf5fb1038 - - default default] Successfully bumped revision number for resource 6936470c-76e4-4135-9edc-25a125ad64b5 (type: security_group_rules) to 0 [pid: 8|app: 0|req: 631/1180] 10.0.0.77 () {34 vars in 693 bytes} [Fri May 8 22:23:53 2026] POST /v2.0/security-group-rules => generated 597 bytes in 142 msecs (HTTP/1.1 201) 4 headers in 162 bytes (1 switches on core 0)
2026-05-08 22:23:53.951 7 INFO neutron.db.ovn_revision_numbers_db [None req-ba66d704-151d-4085-a857-cb4e0bd45a16 cd2083063dc745c2866dece7a9efb2a8 5c3d21a5ab904956aa4ec428b5f8bf90 - - default default] Successfully bumped revision number for resource 73ff346f-161a-49a9-bd7a-1f22d569c1d0 (type: router_ports) to 1 [pid: 7|app: 0|req: 550/1181] 10.0.0.77 () {34 vars in 781 bytes} [Fri May 8 22:23:51 2026] PUT /v2.0/routers/c6e26b18-2a08-4c94-ba5f-4c37f9ebf3ea/add_router_interface => generated 310 bytes in 2627 msecs (HTTP/1.1 200) 4 headers in 157 bytes (1 switches on core 0)
2026-05-08 22:23:53.975 8 INFO neutron_taas.services.taas.taas_plugin [None req-3fc53d9c-848f-4480-a5d0-8529ffa327c7 2ae78e631cfb4a2182a02237ff38a5d9 b082d94f6b624d0c91e6ed8464a90c13 - - default default] TaaS: Handle Delete Port: 52383738-8e43-44f9-a57e-e021fb3cc3d1
2026-05-08 22:23:53.978 8 INFO neutron_taas.services.taas.tap_mirror_plugin [None req-3fc53d9c-848f-4480-a5d0-8529ffa327c7 2ae78e631cfb4a2182a02237ff38a5d9 b082d94f6b624d0c91e6ed8464a90c13 - - default default] Tap Mirror: Handle Delete Port: 52383738-8e43-44f9-a57e-e021fb3cc3d1
2026-05-08 22:23:54.061 7 INFO neutron.db.ovn_revision_numbers_db [None req-76721852-fbc0-4937-8d84-3562223128b8 a509b78f559643228bf024f594985bfb a8bec2dae35040f2b93088cbf5fb1038 - - default default] Successfully bumped revision number for resource b85750f5-a92e-4cfb-8341-64cf1080bb71 (type: security_group_rules) to 0 [pid: 7|app: 0|req: 551/1182] 10.0.0.77 () {34 vars in 693 bytes} [Fri May 8 22:23:53 2026] POST /v2.0/security-group-rules => generated 602 bytes in 133 msecs (HTTP/1.1 201) 4 headers in 162 bytes (1 switches on core 0)
2026-05-08 22:23:54.159 8 INFO neutron.services.segments.plugin [-] Segment 69493e15-3ae6-4f4c-806e-856ca7821ea4 resource provider aggregate not found
2026-05-08 22:23:54.164 8 INFO neutron.services.segments.plugin [-] Segment 69493e15-3ae6-4f4c-806e-856ca7821ea4 resource provider aggregate not found [pid: 7|app: 0|req: 552/1183] 10.0.0.98 () {34 vars in 988 bytes} [Fri May 8 22:23:54 2026] GET /v2.0/ports?device_id=e5f05093-4d53-47c3-a51f-9e0aac7f9abd => generated 975 bytes in 78 msecs (HTTP/1.1 200) 4 headers in 157 bytes (1 switches on core 0)
2026-05-08 22:23:54.186 8 INFO neutron.services.segments.plugin [-] Segment 69493e15-3ae6-4f4c-806e-856ca7821ea4 resource provider not found; error: Placement Client Error (4xx): {"errors": [{"status": 404, "title": "Not Found", "detail": "The resource could not be found.\n\n No resource provider with uuid 69493e15-3ae6-4f4c-806e-856ca7821ea4 found for delete ", "request_id": "req-b97de8e7-a443-43ce-bf6b-3c1a98a4f32e"}]}
2026-05-08 22:23:54.186 8 INFO neutron.services.segments.plugin [-] Segment 69493e15-3ae6-4f4c-806e-856ca7821ea4 resource provider not found; error: Placement Client Error (4xx): {"errors": [{"status": 404, "title": "Not Found", "detail": "The resource could not be found.\n\n No resource provider with uuid 69493e15-3ae6-4f4c-806e-856ca7821ea4 found for delete ", "request_id": "req-3cbf10f7-32a8-44a8-b283-969c7e8057ea"}]} [pid: 8|app: 0|req: 632/1184] 10.0.0.77 () {32 vars in 724 bytes} [Fri May 8 22:23:53 2026] DELETE /v2.0/networks/dd9c05ab-57b3-4537-be80-131a57601f1b => generated 0 bytes in 359 msecs (HTTP/1.1 204) 3 headers in 131 bytes (1 switches on core 0)
2026-05-08 22:23:54.486 8 WARNING neutron.scheduler.dhcp_agent_scheduler [None req-1892fdf1-eda4-472a-8b29-c02e0591f7bc a509b78f559643228bf024f594985bfb a8bec2dae35040f2b93088cbf5fb1038 - - default default] No more DHCP agents
2026-05-08 22:23:54.487 8 WARNING neutron.api.rpc.agentnotifiers.dhcp_rpc_agent_api [None req-1892fdf1-eda4-472a-8b29-c02e0591f7bc a509b78f559643228bf024f594985bfb a8bec2dae35040f2b93088cbf5fb1038 - - default default] Unable to schedule network c785faa4-1ae1-4db4-b0a3-f8bd2e8839a5: no agents available; will retry on subsequent port and subnet creation events.
2026-05-08 22:23:54.536 7 WARNING neutron.scheduler.dhcp_agent_scheduler [None req-fe81084e-b71a-4d18-a00f-af14175d56c9 cd2083063dc745c2866dece7a9efb2a8 5c3d21a5ab904956aa4ec428b5f8bf90 - - default default] No more DHCP agents
2026-05-08 22:23:54.537 7 WARNING neutron.api.rpc.agentnotifiers.dhcp_rpc_agent_api [None req-fe81084e-b71a-4d18-a00f-af14175d56c9 cd2083063dc745c2866dece7a9efb2a8 5c3d21a5ab904956aa4ec428b5f8bf90 - - default default] Unable to schedule network 9aef8573-2211-4c11-8a9a-78d42b2e35a8: no agents available; will retry on subsequent port and subnet creation events.
2026-05-08 22:23:54.702 7 INFO neutron.db.ovn_revision_numbers_db [None req-fe81084e-b71a-4d18-a00f-af14175d56c9 cd2083063dc745c2866dece7a9efb2a8 5c3d21a5ab904956aa4ec428b5f8bf90 - - default default] Successfully bumped revision number for resource 56204681-8818-4648-bfb2-195bd8e8c802 (type: ports) to 1 [pid: 7|app: 0|req: 553/1185] 10.0.0.77 () {34 vars in 663 bytes} [Fri May 8 22:23:54 2026] POST /v2.0/ports => generated 955 bytes in 586 msecs (HTTP/1.1 201) 4 headers in 162 bytes (1 switches on core 0) /var/lib/openstack/lib/python3.12/site-packages/pycadf/identifier.py:70: UserWarning: Invalid uuid: neutron. To ensure interoperability, identifiers should be a valid uuid. warnings.warn(('Invalid uuid: %s. To ensure interoperability, ' [pid: 7|app: 0|req: 554/1186] 10.0.0.98 () {34 vars in 1038 bytes} [Fri May 8 22:23:54 2026] GET /v2.0/security-groups?id=d2ef5837-401f-4c8a-9b2c-5de86d28c04c&fields=id&fields=name => generated 113 bytes in 34 msecs (HTTP/1.1 200) 4 headers in 157 bytes (1 switches on core 0) [pid: 8|app: 0|req: 633/1187] 10.0.0.77 () {34 vars in 674 bytes} [Fri May 8 22:23:54 2026] POST /v2.0/floatingips => generated 552 bytes in 615 msecs (HTTP/1.1 201) 4 headers in 162 bytes (1 switches on core 0)
2026-05-08 22:23:54.877 7 INFO neutron.db.segments_db [None req-49c40aed-24ab-4093-af82-5bff87806626 2ae78e631cfb4a2182a02237ff38a5d9 b082d94f6b624d0c91e6ed8464a90c13 - - default default] Added segment b9420ab0-0922-4588-a48a-13c6fec9bf41 of type geneve for network 38f10e31-c998-4513-b95e-33d6061456b9
2026-05-08 22:23:55.029 7 INFO neutron.db.ovn_revision_numbers_db [None req-49c40aed-24ab-4093-af82-5bff87806626 2ae78e631cfb4a2182a02237ff38a5d9 b082d94f6b624d0c91e6ed8464a90c13 - - default default] Successfully bumped revision number for resource 38f10e31-c998-4513-b95e-33d6061456b9 (type: networks) to 1
2026-05-08 22:23:55.098 8 WARNING neutron.scheduler.dhcp_agent_scheduler [None req-8c464b11-752c-4e2b-a737-69bcca21f8fb cd2083063dc745c2866dece7a9efb2a8 5c3d21a5ab904956aa4ec428b5f8bf90 - - default default] No more DHCP agents
2026-05-08 22:23:55.100 8 WARNING neutron.api.rpc.agentnotifiers.dhcp_rpc_agent_api [None req-8c464b11-752c-4e2b-a737-69bcca21f8fb cd2083063dc745c2866dece7a9efb2a8 5c3d21a5ab904956aa4ec428b5f8bf90 - - default default] Unable to schedule network 9aef8573-2211-4c11-8a9a-78d42b2e35a8: no agents available; will retry on subsequent port and subnet creation events.
2026-05-08 22:23:55.188 7 WARNING neutron.scheduler.dhcp_agent_scheduler [None req-49c40aed-24ab-4093-af82-5bff87806626 2ae78e631cfb4a2182a02237ff38a5d9 b082d94f6b624d0c91e6ed8464a90c13 - - default default] No more DHCP agents
2026-05-08 22:23:55.190 7 WARNING neutron.api.rpc.agentnotifiers.dhcp_rpc_agent_api [None req-49c40aed-24ab-4093-af82-5bff87806626 2ae78e631cfb4a2182a02237ff38a5d9 b082d94f6b624d0c91e6ed8464a90c13 - - default default] Unable to schedule network 38f10e31-c998-4513-b95e-33d6061456b9: no agents available; will retry on subsequent port and subnet creation events.
2026-05-08 22:23:55.274 7 INFO neutron.db.ovn_revision_numbers_db [None req-49c40aed-24ab-4093-af82-5bff87806626 2ae78e631cfb4a2182a02237ff38a5d9 b082d94f6b624d0c91e6ed8464a90c13 - - default default] Successfully bumped revision number for resource f409f65d-4ab3-4de4-ba29-e14beadb855d (type: ports) to 1
