2026-05-08 22:26:10.853 7 INFO neutron_taas.services.taas.tap_mirror_plugin [None req-70f918b6-454c-4c87-87bf-e7047098f91a 80495012daae424196c0910629d08a26 3ed3f8752f5f4b828e553428309811c5 - - default default] Tap Mirror: Handle Delete Port: d8f753b4-bb75-493f-a4aa-3bf47c595450 [pid: 7|app: 0|req: 1013/2217] 10.0.0.77 () {32 vars in 722 bytes} [Fri May 8 22:26:10 2026] DELETE /v2.0/routers/f348493f-668d-43a8-9c86-e005710d3395 => generated 0 bytes in 703 msecs (HTTP/1.1 204) 2 headers in 112 bytes (1 switches on core 0) /var/lib/openstack/lib/python3.12/site-packages/pycadf/identifier.py:70: UserWarning: Invalid uuid: neutron. To ensure interoperability, identifiers should be a valid uuid. warnings.warn(('Invalid uuid: %s. To ensure interoperability, ' [pid: 8|app: 0|req: 1205/2218] 10.0.0.77 () {32 vars in 722 bytes} [Fri May 8 22:26:11 2026] DELETE /v2.0/subnets/1433c144-1663-4ce0-93e3-5cadcce7a821 => generated 0 bytes in 157 msecs (HTTP/1.1 204) 3 headers in 131 bytes (1 switches on core 0)
2026-05-08 22:26:11.511 7 INFO neutron_taas.services.taas.taas_plugin [None req-74cd9e8a-84fa-4ee2-b6f8-57187178b12e 80495012daae424196c0910629d08a26 3ed3f8752f5f4b828e553428309811c5 - - default default] TaaS: Handle Delete Port: 480b5b2f-06b0-46d6-803c-19f61c920a85
2026-05-08 22:26:11.514 7 INFO neutron_taas.services.taas.tap_mirror_plugin [None req-74cd9e8a-84fa-4ee2-b6f8-57187178b12e 80495012daae424196c0910629d08a26 3ed3f8752f5f4b828e553428309811c5 - - default default] Tap Mirror: Handle Delete Port: 480b5b2f-06b0-46d6-803c-19f61c920a85
2026-05-08 22:26:11.680 7 INFO neutron.services.segments.plugin [-] Segment 81af7825-53ad-4c4e-af56-3bcea09dc448 resource provider aggregate not found
2026-05-08 22:26:11.684 7 INFO neutron.services.segments.plugin [-] Segment 81af7825-53ad-4c4e-af56-3bcea09dc448 resource provider aggregate not found
2026-05-08 22:26:11.702 7 INFO neutron.services.segments.plugin [-] Segment 81af7825-53ad-4c4e-af56-3bcea09dc448 resource provider not found; error: Placement Client Error (4xx): {"errors": [{"status": 404, "title": "Not Found", "detail": "The resource could not be found.\n\n No resource provider with uuid 81af7825-53ad-4c4e-af56-3bcea09dc448 found for delete ", "request_id": "req-cd0ed1e2-e917-49eb-a109-1fce6b69d300"}]}
2026-05-08 22:26:11.703 7 INFO neutron.services.segments.plugin [-] Segment 81af7825-53ad-4c4e-af56-3bcea09dc448 resource provider not found; error: Placement Client Error (4xx): {"errors": [{"status": 404, "title": "Not Found", "detail": "The resource could not be found.\n\n No resource provider with uuid 81af7825-53ad-4c4e-af56-3bcea09dc448 found for delete ", "request_id": "req-b035f918-ac4d-4c57-a5cc-cf48a5a20491"}]} [pid: 7|app: 0|req: 1014/2219] 10.0.0.77 () {32 vars in 724 bytes} [Fri May 8 22:26:11 2026] DELETE /v2.0/networks/2a419a5b-16bf-4319-b376-b5d992b0f034 => generated 0 bytes in 353 msecs (HTTP/1.1 204) 3 headers in 131 bytes (1 switches on core 0)
2026-05-08 22:26:12.047 8 INFO neutron_taas.services.taas.taas_plugin [None req-b7cc7e47-04d6-4972-abbf-ded5029a3d82 80495012daae424196c0910629d08a26 3ed3f8752f5f4b828e553428309811c5 - - default default] TaaS: Handle Delete Port: 8417e19f-fff3-4b33-81ff-8e4956bc033a
2026-05-08 22:26:12.050 8 INFO neutron_taas.services.taas.tap_mirror_plugin [None req-b7cc7e47-04d6-4972-abbf-ded5029a3d82 80495012daae424196c0910629d08a26 3ed3f8752f5f4b828e553428309811c5 - - default default] Tap Mirror: Handle Delete Port: 8417e19f-fff3-4b33-81ff-8e4956bc033a
2026-05-08 22:26:12.412 7 WARNING neutron.db.securitygroups_db [None req-2d15a4f2-19b6-44cf-a09e-72d74e771e9a 80495012daae424196c0910629d08a26 3ed3f8752f5f4b828e553428309811c5 - - default default] project_id key not found in filters, using tenant_id instead. This support has been deprecated and will be removed in a future release.
2026-05-08 22:26:12.543 7 INFO neutron.db.ovn_revision_numbers_db [None req-2d15a4f2-19b6-44cf-a09e-72d74e771e9a 80495012daae424196c0910629d08a26 3ed3f8752f5f4b828e553428309811c5 - - default default] Successfully bumped revision number for resource 4df0880e-c517-48ff-a151-ca1130b4156f (type: security_groups) to 1
2026-05-08 22:26:12.554 7 INFO neutron.db.ovn_revision_numbers_db [None req-2d15a4f2-19b6-44cf-a09e-72d74e771e9a 80495012daae424196c0910629d08a26 3ed3f8752f5f4b828e553428309811c5 - - default default] Successfully bumped revision number for resource 240731e8-3830-43e9-84ec-0c08e4a55628 (type: security_group_rules) to 0
2026-05-08 22:26:12.569 7 INFO neutron.db.ovn_revision_numbers_db [None req-2d15a4f2-19b6-44cf-a09e-72d74e771e9a 80495012daae424196c0910629d08a26 3ed3f8752f5f4b828e553428309811c5 - - default default] Successfully bumped revision number for resource 9db827a9-a7d9-4f2b-8e8b-22b8bc9c09d1 (type: security_group_rules) to 0
2026-05-08 22:26:12.581 7 INFO neutron.db.ovn_revision_numbers_db [None req-2d15a4f2-19b6-44cf-a09e-72d74e771e9a 80495012daae424196c0910629d08a26 3ed3f8752f5f4b828e553428309811c5 - - default default] Successfully bumped revision number for resource b1b5370c-d30d-4dbd-89e7-aef9cbcdb68b (type: security_group_rules) to 0
2026-05-08 22:26:12.593 7 INFO neutron.db.ovn_revision_numbers_db [None req-2d15a4f2-19b6-44cf-a09e-72d74e771e9a 80495012daae424196c0910629d08a26 3ed3f8752f5f4b828e553428309811c5 - - default default] Successfully bumped revision number for resource d5355714-c088-4153-9e36-2a6d83f2f1bf (type: security_group_rules) to 0 [pid: 7|app: 0|req: 1015/2220] 10.0.0.77 () {32 vars in 772 bytes} [Fri May 8 22:26:12 2026] GET /v2.0/security-groups?tenant_id=8a2d9a7acb61454390e9885b75d245a8&name=default => generated 2925 bytes in 338 msecs (HTTP/1.1 200) 4 headers in 158 bytes (1 switches on core 0) [pid: 8|app: 0|req: 1206/2221] 10.0.0.77 () {34 vars in 787 bytes} [Fri May 8 22:26:11 2026] PUT /v2.0/routers/90eacd96-d918-49d8-8779-530a07451fd1/remove_router_interface => generated 310 bytes in 927 msecs (HTTP/1.1 200) 4 headers in 157 bytes (1 switches on core 0) /var/lib/openstack/lib/python3.12/site-packages/pycadf/identifier.py:70: UserWarning: Invalid uuid: neutron. To ensure interoperability, identifiers should be a valid uuid. warnings.warn(('Invalid uuid: %s. To ensure interoperability, '
2026-05-08 22:26:12.787 7 INFO neutron.db.ovn_revision_numbers_db [None req-e6d0fb63-0a0d-4660-a586-7754312661fb db91b7b6065945eea6ba09cab46992b9 03885071a784431e82664fa5ff04e224 - - default default] Successfully bumped revision number for resource fbcdb14d-2136-4b57-b087-207685baf1f6 (type: security_groups) to 1
2026-05-08 22:26:12.806 7 INFO neutron.db.ovn_revision_numbers_db [None req-e6d0fb63-0a0d-4660-a586-7754312661fb db91b7b6065945eea6ba09cab46992b9 03885071a784431e82664fa5ff04e224 - - default default] Successfully bumped revision number for resource 22ea37e4-8c86-4623-94af-47772f398f77 (type: security_group_rules) to 0
2026-05-08 22:26:12.818 7 INFO neutron.db.ovn_revision_numbers_db [None req-e6d0fb63-0a0d-4660-a586-7754312661fb db91b7b6065945eea6ba09cab46992b9 03885071a784431e82664fa5ff04e224 - - default default] Successfully bumped revision number for resource 5308c5c3-c8b4-416f-b618-de6218e7e606 (type: security_group_rules) to 0
2026-05-08 22:26:12.838 7 INFO neutron.db.ovn_revision_numbers_db [None req-e6d0fb63-0a0d-4660-a586-7754312661fb db91b7b6065945eea6ba09cab46992b9 03885071a784431e82664fa5ff04e224 - - default default] Successfully bumped revision number for resource 53e6fc5b-bff8-41a1-8f97-2fa2bcd0f938 (type: security_group_rules) to 0
2026-05-08 22:26:12.855 7 INFO neutron.db.ovn_revision_numbers_db [None req-e6d0fb63-0a0d-4660-a586-7754312661fb db91b7b6065945eea6ba09cab46992b9 03885071a784431e82664fa5ff04e224 - - default default] Successfully bumped revision number for resource b2bd4ae1-3e91-41f8-aeed-56fa92174b87 (type: security_group_rules) to 0 [pid: 8|app: 0|req: 1207/2222] 10.0.0.77 () {32 vars in 738 bytes} [Fri May 8 22:26:12 2026] DELETE /v2.0/security-groups/4df0880e-c517-48ff-a151-ca1130b4156f => generated 0 bytes in 186 msecs (HTTP/1.1 204) 2 headers in 112 bytes (1 switches on core 0)
2026-05-08 22:26:12.934 7 INFO neutron.db.segments_db [None req-e6d0fb63-0a0d-4660-a586-7754312661fb db91b7b6065945eea6ba09cab46992b9 03885071a784431e82664fa5ff04e224 - - default default] Added segment ce4d8947-a69f-4b8c-8dd8-54de4f79d3a4 of type geneve for network fd6ea6c7-63e8-4486-9c5d-3a95d32d4cd2
2026-05-08 22:26:13.064 7 INFO neutron.db.ovn_revision_numbers_db [None req-e6d0fb63-0a0d-4660-a586-7754312661fb db91b7b6065945eea6ba09cab46992b9 03885071a784431e82664fa5ff04e224 - - default default] Successfully bumped revision number for resource fd6ea6c7-63e8-4486-9c5d-3a95d32d4cd2 (type: networks) to 1
2026-05-08 22:26:13.151 8 INFO neutron_taas.services.taas.taas_plugin [None req-18a1620b-cc6c-4271-be4d-43f858abf58c 80495012daae424196c0910629d08a26 3ed3f8752f5f4b828e553428309811c5 - - default default] TaaS: Handle Delete Port: 2662fc22-7f31-454c-919c-6a03156d8f39
2026-05-08 22:26:13.154 8 INFO neutron_taas.services.taas.tap_mirror_plugin [None req-18a1620b-cc6c-4271-be4d-43f858abf58c 80495012daae424196c0910629d08a26 3ed3f8752f5f4b828e553428309811c5 - - default default] Tap Mirror: Handle Delete Port: 2662fc22-7f31-454c-919c-6a03156d8f39
2026-05-08 22:26:13.216 7 WARNING neutron.scheduler.dhcp_agent_scheduler [None req-e6d0fb63-0a0d-4660-a586-7754312661fb db91b7b6065945eea6ba09cab46992b9 03885071a784431e82664fa5ff04e224 - - default default] No more DHCP agents
2026-05-08 22:26:13.218 7 WARNING neutron.api.rpc.agentnotifiers.dhcp_rpc_agent_api [None req-e6d0fb63-0a0d-4660-a586-7754312661fb db91b7b6065945eea6ba09cab46992b9 03885071a784431e82664fa5ff04e224 - - default default] Unable to schedule network fd6ea6c7-63e8-4486-9c5d-3a95d32d4cd2: no agents available; will retry on subsequent port and subnet creation events.
2026-05-08 22:26:13.271 7 INFO neutron.plugins.ml2.drivers.ovn.mech_driver.mech_driver [None req-901a527f-f19f-46cb-b173-eb75524cd1ae - - - - - -] OVN reports status down for port: eef1220b-9feb-4c65-a77f-4cd1137320f2
2026-05-08 22:26:13.350 7 INFO neutron.db.ovn_revision_numbers_db [None req-e6d0fb63-0a0d-4660-a586-7754312661fb db91b7b6065945eea6ba09cab46992b9 03885071a784431e82664fa5ff04e224 - - default default] Successfully bumped revision number for resource eef1220b-9feb-4c65-a77f-4cd1137320f2 (type: ports) to 1 [pid: 7|app: 0|req: 1016/2223] 10.0.0.77 () {34 vars in 668 bytes} [Fri May 8 22:26:12 2026] POST /v2.0/networks => generated 669 bytes in 771 msecs (HTTP/1.1 201) 4 headers in 162 bytes (1 switches on core 0) [pid: 8|app: 0|req: 1208/2224] 10.0.0.77 () {32 vars in 722 bytes} [Fri May 8 22:26:12 2026] DELETE /v2.0/routers/90eacd96-d918-49d8-8779-530a07451fd1 => generated 0 bytes in 660 msecs (HTTP/1.1 204) 2 headers in 112 bytes (1 switches on core 0)
2026-05-08 22:26:13.660 7 WARNING neutron.scheduler.dhcp_agent_scheduler [None req-f20937f2-d6e1-497b-a6ba-e59dd399410a db91b7b6065945eea6ba09cab46992b9 03885071a784431e82664fa5ff04e224 - - default default] No more DHCP agents
2026-05-08 22:26:13.661 7 WARNING neutron.api.rpc.agentnotifiers.dhcp_rpc_agent_api [None req-f20937f2-d6e1-497b-a6ba-e59dd399410a db91b7b6065945eea6ba09cab46992b9 03885071a784431e82664fa5ff04e224 - - default default] Unable to schedule network fd6ea6c7-63e8-4486-9c5d-3a95d32d4cd2: no agents available; will retry on subsequent port and subnet creation events. [pid: 8|app: 0|req: 1209/2225] 10.0.0.77 () {32 vars in 722 bytes} [Fri May 8 22:26:13 2026] DELETE /v2.0/subnets/3122c34d-2992-45b9-b3e1-9a2431909b16 => generated 0 bytes in 180 msecs (HTTP/1.1 204) 3 headers in 131 bytes (1 switches on core 0)
2026-05-08 22:26:13.738 7 INFO neutron.plugins.ml2.drivers.ovn.mech_driver.mech_driver [None req-901a527f-f19f-46cb-b173-eb75524cd1ae - - - - - -] OVN reports status down for port: b19e6ded-efa5-4700-baad-ad182a8cdd9c
2026-05-08 22:26:13.804 7 INFO neutron.db.ovn_revision_numbers_db [None req-f20937f2-d6e1-497b-a6ba-e59dd399410a db91b7b6065945eea6ba09cab46992b9 03885071a784431e82664fa5ff04e224 - - default default] Successfully bumped revision number for resource b19e6ded-efa5-4700-baad-ad182a8cdd9c (type: ports) to 1
2026-05-08 22:26:13.843 8 INFO neutron_taas.services.taas.taas_plugin [None req-321d614a-83d6-4a04-891b-2478c0eca140 80495012daae424196c0910629d08a26 3ed3f8752f5f4b828e553428309811c5 - - default default] TaaS: Handle Delete Port: 7e4683a2-17db-4fe9-b26f-581e7f9e7587
2026-05-08 22:26:13.846 8 INFO neutron_taas.services.taas.tap_mirror_plugin [None req-321d614a-83d6-4a04-891b-2478c0eca140 80495012daae424196c0910629d08a26 3ed3f8752f5f4b828e553428309811c5 - - default default] Tap Mirror: Handle Delete Port: 7e4683a2-17db-4fe9-b26f-581e7f9e7587 [pid: 7|app: 0|req: 1017/2226] 10.0.0.77 () {34 vars in 662 bytes} [Fri May 8 22:26:13 2026] POST /v2.0/ports => generated 743 bytes in 483 msecs (HTTP/1.1 201) 4 headers in 162 bytes (1 switches on core 0) /var/lib/openstack/lib/python3.12/site-packages/pycadf/identifier.py:70: UserWarning: Invalid uuid: neutron. To ensure interoperability, identifiers should be a valid uuid. warnings.warn(('Invalid uuid: %s. To ensure interoperability, '
2026-05-08 22:26:14.039 8 INFO neutron.services.segments.plugin [-] Segment e1c5cd4b-baa2-4b04-b157-6e436be222c5 resource provider aggregate not found
2026-05-08 22:26:14.041 8 INFO neutron.services.segments.plugin [-] Segment e1c5cd4b-baa2-4b04-b157-6e436be222c5 resource provider aggregate not found
2026-05-08 22:26:14.063 8 INFO neutron.services.segments.plugin [-] Segment e1c5cd4b-baa2-4b04-b157-6e436be222c5 resource provider not found; error: Placement Client Error (4xx): {"errors": [{"status": 404, "title": "Not Found", "detail": "The resource could not be found.\n\n No resource provider with uuid e1c5cd4b-baa2-4b04-b157-6e436be222c5 found for delete ", "request_id": "req-4a8ad0a9-3c0b-48fb-aeed-80c9423a317c"}]}
2026-05-08 22:26:14.073 8 INFO neutron.services.segments.plugin [-] Segment e1c5cd4b-baa2-4b04-b157-6e436be222c5 resource provider not found; error: Placement Client Error (4xx): {"errors": [{"status": 404, "title": "Not Found", "detail": "The resource could not be found.\n\n No resource provider with uuid e1c5cd4b-baa2-4b04-b157-6e436be222c5 found for delete ", "request_id": "req-2cc1450d-fd08-47e0-814e-3a6a6027c9b7"}]} [pid: 8|app: 0|req: 1210/2227] 10.0.0.77 () {32 vars in 724 bytes} [Fri May 8 22:26:13 2026] DELETE /v2.0/networks/1b901ca2-3923-4718-98e7-b9f23c3edb30 => generated 0 bytes in 410 msecs (HTTP/1.1 204) 3 headers in 131 bytes (1 switches on core 0) [pid: 7|app: 0|req: 1018/2228] 10.0.0.77 () {34 vars in 664 bytes} [Fri May 8 22:26:13 2026] POST /v2.0/trunks => generated 409 bytes in 289 msecs (HTTP/1.1 201) 4 headers in 162 bytes (1 switches on core 0)
2026-05-08 22:26:14.265 8 INFO neutron.db.segments_db [None req-b22c8b61-7a1c-4ac1-b0bd-27ba640302a2 db91b7b6065945eea6ba09cab46992b9 03885071a784431e82664fa5ff04e224 - - default default] Added segment 1db978af-2281-484d-8b56-582cac3e8e8a of type geneve for network da89edef-8733-4f39-b21a-cdda8ace32d3
2026-05-08 22:26:14.355 8 INFO neutron.db.ovn_revision_numbers_db [None req-b22c8b61-7a1c-4ac1-b0bd-27ba640302a2 db91b7b6065945eea6ba09cab46992b9 03885071a784431e82664fa5ff04e224 - - default default] Successfully bumped revision number for resource da89edef-8733-4f39-b21a-cdda8ace32d3 (type: networks) to 1
2026-05-08 22:26:14.433 7 WARNING neutron.db.securitygroups_db [None req-2e5cfb52-9b03-4467-ba99-0bf7bb245ce8 80495012daae424196c0910629d08a26 3ed3f8752f5f4b828e553428309811c5 - - default default] project_id key not found in filters, using tenant_id instead. This support has been deprecated and will be removed in a future release. [pid: 7|app: 0|req: 1019/2229] 10.0.0.77 () {32 vars in 772 bytes} [Fri May 8 22:26:14 2026] GET /v2.0/security-groups?tenant_id=23173e3fc01e4d1e8e72d45f54844b8a&name=default => generated 2925 bytes in 33 msecs (HTTP/1.1 200) 4 headers in 158 bytes (1 switches on core 0)
2026-05-08 22:26:14.505 8 WARNING neutron.scheduler.dhcp_agent_scheduler [None req-b22c8b61-7a1c-4ac1-b0bd-27ba640302a2 db91b7b6065945eea6ba09cab46992b9 03885071a784431e82664fa5ff04e224 - - default default] No more DHCP agents
2026-05-08 22:26:14.506 8 WARNING neutron.api.rpc.agentnotifiers.dhcp_rpc_agent_api [None req-b22c8b61-7a1c-4ac1-b0bd-27ba640302a2 db91b7b6065945eea6ba09cab46992b9 03885071a784431e82664fa5ff04e224 - - default default] Unable to schedule network da89edef-8733-4f39-b21a-cdda8ace32d3: no agents available; will retry on subsequent port and subnet creation events.
2026-05-08 22:26:14.570 7 INFO neutron.plugins.ml2.drivers.ovn.mech_driver.mech_driver [None req-901a527f-f19f-46cb-b173-eb75524cd1ae - - - - - -] OVN reports status down for port: ec293678-3f92-49fa-8032-8be4609c366c
2026-05-08 22:26:14.596 8 INFO neutron.db.ovn_revision_numbers_db [None req-b22c8b61-7a1c-4ac1-b0bd-27ba640302a2 db91b7b6065945eea6ba09cab46992b9 03885071a784431e82664fa5ff04e224 - - default default] Successfully bumped revision number for resource ec293678-3f92-49fa-8032-8be4609c366c (type: ports) to 1 [pid: 8|app: 0|req: 1211/2230] 10.0.0.77 () {34 vars in 668 bytes} [Fri May 8 22:26:14 2026] POST /v2.0/networks => generated 669 bytes in 434 msecs (HTTP/1.1 201) 4 headers in 162 bytes (1 switches on core 0) [pid: 7|app: 0|req: 1020/2231] 10.0.0.77 () {32 vars in 738 bytes} [Fri May 8 22:26:14 2026] DELETE /v2.0/security-groups/06742763-e917-42c0-aabb-a999e73f6d68 => generated 0 bytes in 271 msecs (HTTP/1.1 204) 2 headers in 112 bytes (1 switches on core 0)
2026-05-08 22:26:14.823 7 WARNING neutron.db.securitygroups_db [None req-cc54016e-8f5d-49ee-a1ec-dc8b6b546664 80495012daae424196c0910629d08a26 3ed3f8752f5f4b828e553428309811c5 - - default default] project_id key not found in filters, using tenant_id instead. This support has been deprecated and will be removed in a future release. [pid: 7|app: 0|req: 1021/2232] 10.0.0.77 () {32 vars in 772 bytes} [Fri May 8 22:26:14 2026] GET /v2.0/security-groups?tenant_id=4f68ef27e65c41a0a70adfb319b229d5&name=default => generated 2925 bytes in 25 msecs (HTTP/1.1 200) 4 headers in 158 bytes (1 switches on core 0)
2026-05-08 22:26:14.858 8 WARNING neutron.scheduler.dhcp_agent_scheduler [None req-9dc3f5ea-d2db-495e-b397-4abcbafcc736 db91b7b6065945eea6ba09cab46992b9 03885071a784431e82664fa5ff04e224 - - default default] No more DHCP agents
2026-05-08 22:26:14.860 8 WARNING neutron.api.rpc.agentnotifiers.dhcp_rpc_agent_api [None req-9dc3f5ea-d2db-495e-b397-4abcbafcc736 db91b7b6065945eea6ba09cab46992b9 03885071a784431e82664fa5ff04e224 - - default default] Unable to schedule network da89edef-8733-4f39-b21a-cdda8ace32d3: no agents available; will retry on subsequent port and subnet creation events.
2026-05-08 22:26:14.920 8 INFO neutron.plugins.ml2.drivers.ovn.mech_driver.mech_driver [None req-22326626-6145-4caf-afe4-c9d9cf8f53c9 - - - - - -] OVN reports status down for port: d7e27f50-bfec-486f-a1aa-68955521dd3e
2026-05-08 22:26:14.990 8 INFO neutron.db.ovn_revision_numbers_db [None req-9dc3f5ea-d2db-495e-b397-4abcbafcc736 db91b7b6065945eea6ba09cab46992b9 03885071a784431e82664fa5ff04e224 - - default default] Successfully bumped revision number for resource d7e27f50-bfec-486f-a1aa-68955521dd3e (type: ports) to 1 [pid: 7|app: 0|req: 1022/2233] 10.0.0.77 () {32 vars in 738 bytes} [Fri May 8 22:26:14 2026] DELETE /v2.0/security-groups/1036b6bb-bfda-49c1-ad58-678880071f0c => generated 0 bytes in 215 msecs (HTTP/1.1 204) 2 headers in 112 bytes (1 switches on core 0) [pid: 8|app: 0|req: 1212/2234] 10.0.0.77 () {34 vars in 662 bytes} [Fri May 8 22:26:14 2026] POST /v2.0/ports => generated 743 bytes in 479 msecs (HTTP/1.1 201) 4 headers in 162 bytes (1 switches on core 0) [pid: 7|app: 0|req: 1023/2235] 10.0.0.77 () {34 vars in 664 bytes} [Fri May 8 22:26:15 2026] POST /v2.0/trunks => generated 409 bytes in 234 msecs (HTTP/1.1 201) 4 headers in 162 bytes (1 switches on core 0) /var/lib/openstack/lib/python3.12/site-packages/pycadf/identifier.py:70: UserWarning: Invalid uuid: neutron. To ensure interoperability, identifiers should be a valid uuid. warnings.warn(('Invalid uuid: %s. To ensure interoperability, '
2026-05-08 22:26:15.461 8 INFO neutron.db.segments_db [None req-f84653fa-7afe-4034-a48b-bf718070fcec db91b7b6065945eea6ba09cab46992b9 03885071a784431e82664fa5ff04e224 - - default default] Added segment 9743f5ff-083b-4466-8c5f-a65d0be8f52a of type geneve for network eebf2044-5a8e-40dc-a882-692f04354ef2
2026-05-08 22:26:15.569 8 INFO neutron.db.ovn_revision_numbers_db [None req-f84653fa-7afe-4034-a48b-bf718070fcec db91b7b6065945eea6ba09cab46992b9 03885071a784431e82664fa5ff04e224 - - default default] Successfully bumped revision number for resource eebf2044-5a8e-40dc-a882-692f04354ef2 (type: networks) to 1
2026-05-08 22:26:15.692 8 WARNING neutron.scheduler.dhcp_agent_scheduler [None req-f84653fa-7afe-4034-a48b-bf718070fcec db91b7b6065945eea6ba09cab46992b9 03885071a784431e82664fa5ff04e224 - - default default] No more DHCP agents
2026-05-08 22:26:15.693 8 WARNING neutron.api.rpc.agentnotifiers.dhcp_rpc_agent_api [None req-f84653fa-7afe-4034-a48b-bf718070fcec db91b7b6065945eea6ba09cab46992b9 03885071a784431e82664fa5ff04e224 - - default default] Unable to schedule network eebf2044-5a8e-40dc-a882-692f04354ef2: no agents available; will retry on subsequent port and subnet creation events.
2026-05-08 22:26:15.745 8 INFO neutron.plugins.ml2.drivers.ovn.mech_driver.mech_driver [None req-22326626-6145-4caf-afe4-c9d9cf8f53c9 - - - - - -] OVN reports status down for port: 450924bf-8d8e-479f-bb88-8750555f78b8
2026-05-08 22:26:15.810 8 INFO neutron.db.ovn_revision_numbers_db [None req-f84653fa-7afe-4034-a48b-bf718070fcec db91b7b6065945eea6ba09cab46992b9 03885071a784431e82664fa5ff04e224 - - default default] Successfully bumped revision number for resource 450924bf-8d8e-479f-bb88-8750555f78b8 (type: ports) to 1 [pid: 8|app: 0|req: 1213/2236] 10.0.0.77 () {34 vars in 668 bytes} [Fri May 8 22:26:15 2026] POST /v2.0/networks => generated 668 bytes in 504 msecs (HTTP/1.1 201) 4 headers in 162 bytes (1 switches on core 0)
2026-05-08 22:26:16.027 7 INFO neutron.db.ovn_revision_numbers_db [None req-30293064-4187-49df-89af-50813ea5d862 7c7c4ab21d574ef289c416526ac58ea0 34927b3fb60546dbbf434699af638f4b - - default default] Successfully bumped revision number for resource 75a3407c-6965-405e-9ff8-afd043bd5a95 (type: security_groups) to 1
2026-05-08 22:26:16.037 7 INFO neutron.db.ovn_revision_numbers_db [None req-30293064-4187-49df-89af-50813ea5d862 7c7c4ab21d574ef289c416526ac58ea0 34927b3fb60546dbbf434699af638f4b - - default default] Successfully bumped revision number for resource 026b067c-3756-4549-89ac-e656f83413c6 (type: security_group_rules) to 0
2026-05-08 22:26:16.047 7 INFO neutron.db.ovn_revision_numbers_db [None req-30293064-4187-49df-89af-50813ea5d862 7c7c4ab21d574ef289c416526ac58ea0 34927b3fb60546dbbf434699af638f4b - - default default] Successfully bumped revision number for resource 292a1df1-6b10-4db6-916c-25e9a8ea71bc (type: security_group_rules) to 0
2026-05-08 22:26:16.058 7 INFO neutron.db.ovn_revision_numbers_db [None req-30293064-4187-49df-89af-50813ea5d862 7c7c4ab21d574ef289c416526ac58ea0 34927b3fb60546dbbf434699af638f4b - - default default] Successfully bumped revision number for resource 7e6b537f-c97a-4a5a-b607-08e1f1eecf5f (type: security_group_rules) to 0
2026-05-08 22:26:16.067 7 INFO neutron.db.ovn_revision_numbers_db [None req-30293064-4187-49df-89af-50813ea5d862 7c7c4ab21d574ef289c416526ac58ea0 34927b3fb60546dbbf434699af638f4b - - default default] Successfully bumped revision number for resource 80407d7e-bacf-4a94-b75a-f0787361d4d3 (type: security_group_rules) to 0
2026-05-08 22:26:16.099 8 WARNING neutron.scheduler.dhcp_agent_scheduler [None req-83bf9283-815c-48ab-a84a-ad5687548956 db91b7b6065945eea6ba09cab46992b9 03885071a784431e82664fa5ff04e224 - - default default] No more DHCP agents
2026-05-08 22:26:16.104 8 WARNING neutron.api.rpc.agentnotifiers.dhcp_rpc_agent_api [None req-83bf9283-815c-48ab-a84a-ad5687548956 db91b7b6065945eea6ba09cab46992b9 03885071a784431e82664fa5ff04e224 - - default default] Unable to schedule network eebf2044-5a8e-40dc-a882-692f04354ef2: no agents available; will retry on subsequent port and subnet creation events.
2026-05-08 22:26:16.133 7 INFO neutron.db.segments_db [None req-30293064-4187-49df-89af-50813ea5d862 7c7c4ab21d574ef289c416526ac58ea0 34927b3fb60546dbbf434699af638f4b - - default default] Added segment 9000bf72-3501-4e64-b7ca-505c36fe865d of type geneve for network 2e364979-58d1-4789-bead-a06203abad4d
2026-05-08 22:26:16.173 7 INFO neutron.plugins.ml2.drivers.ovn.mech_driver.mech_driver [None req-901a527f-f19f-46cb-b173-eb75524cd1ae - - - - - -] OVN reports status down for port: 23265659-2bbe-4ea6-a038-6d37140313b4
2026-05-08 22:26:16.212 8 INFO neutron.db.ovn_revision_numbers_db [None req-83bf9283-815c-48ab-a84a-ad5687548956 db91b7b6065945eea6ba09cab46992b9 03885071a784431e82664fa5ff04e224 - - default default] Successfully bumped revision number for resource 23265659-2bbe-4ea6-a038-6d37140313b4 (type: ports) to 1 [pid: 8|app: 0|req: 1214/2237] 10.0.0.77 () {34 vars in 662 bytes} [Fri May 8 22:26:15 2026] POST /v2.0/ports => generated 743 bytes in 400 msecs (HTTP/1.1 201) 4 headers in 162 bytes (1 switches on core 0) /var/lib/openstack/lib/python3.12/site-packages/pycadf/identifier.py:70: UserWarning: Invalid uuid: neutron. To ensure interoperability, identifiers should be a valid uuid. warnings.warn(('Invalid uuid: %s. To ensure interoperability, '
2026-05-08 22:26:16.328 7 INFO neutron.db.ovn_revision_numbers_db [None req-30293064-4187-49df-89af-50813ea5d862 7c7c4ab21d574ef289c416526ac58ea0 34927b3fb60546dbbf434699af638f4b - - default default] Successfully bumped revision number for resource 2e364979-58d1-4789-bead-a06203abad4d (type: networks) to 1
2026-05-08 22:26:16.492 7 WARNING neutron.scheduler.dhcp_agent_scheduler [None req-30293064-4187-49df-89af-50813ea5d862 7c7c4ab21d574ef289c416526ac58ea0 34927b3fb60546dbbf434699af638f4b - - default default] No more DHCP agents
2026-05-08 22:26:16.494 7 WARNING neutron.api.rpc.agentnotifiers.dhcp_rpc_agent_api [None req-30293064-4187-49df-89af-50813ea5d862 7c7c4ab21d574ef289c416526ac58ea0 34927b3fb60546dbbf434699af638f4b - - default default] Unable to schedule network 2e364979-58d1-4789-bead-a06203abad4d: no agents available; will retry on subsequent port and subnet creation events. [pid: 8|app: 0|req: 1215/2238] 10.0.0.77 () {34 vars in 664 bytes} [Fri May 8 22:26:16 2026] POST /v2.0/trunks => generated 409 bytes in 237 msecs (HTTP/1.1 201) 4 headers in 162 bytes (1 switches on core 0)
2026-05-08 22:26:16.554 7 INFO neutron.plugins.ml2.drivers.ovn.mech_driver.mech_driver [None req-901a527f-f19f-46cb-b173-eb75524cd1ae - - - - - -] OVN reports status down for port: ced4b6bd-b7e3-46b0-b2e6-ce71cd3d6828
2026-05-08 22:26:16.623 7 INFO neutron.db.ovn_revision_numbers_db [None req-30293064-4187-49df-89af-50813ea5d862 7c7c4ab21d574ef289c416526ac58ea0 34927b3fb60546dbbf434699af638f4b - - default default] Successfully bumped revision number for resource ced4b6bd-b7e3-46b0-b2e6-ce71cd3d6828 (type: ports) to 1
2026-05-08 22:26:16.630 8 INFO neutron.db.segments_db [None req-02729c05-06d0-449c-b0b2-3c8c4c33c7dc db91b7b6065945eea6ba09cab46992b9 03885071a784431e82664fa5ff04e224 - - default default] Added segment 784d660b-5df2-49d9-9273-07708a84f6fa of type geneve for network 8c832934-bcdf-416e-9cc2-81dc2182a1f9 [pid: 7|app: 0|req: 1024/2239] 10.0.0.77 () {34 vars in 669 bytes} [Fri May 8 22:26:15 2026] POST /v2.0/networks => generated 670 bytes in 907 msecs (HTTP/1.1 201) 4 headers in 162 bytes (1 switches on core 0)
2026-05-08 22:26:16.742 8 INFO neutron.db.ovn_revision_numbers_db [None req-02729c05-06d0-449c-b0b2-3c8c4c33c7dc db91b7b6065945eea6ba09cab46992b9 03885071a784431e82664fa5ff04e224 - - default default] Successfully bumped revision number for resource 8c832934-bcdf-416e-9cc2-81dc2182a1f9 (type: networks) to 1
2026-05-08 22:26:16.916 8 WARNING neutron.scheduler.dhcp_agent_scheduler [None req-02729c05-06d0-449c-b0b2-3c8c4c33c7dc db91b7b6065945eea6ba09cab46992b9 03885071a784431e82664fa5ff04e224 - - default default] No more DHCP agents
2026-05-08 22:26:16.917 8 WARNING neutron.api.rpc.agentnotifiers.dhcp_rpc_agent_api [None req-02729c05-06d0-449c-b0b2-3c8c4c33c7dc db91b7b6065945eea6ba09cab46992b9 03885071a784431e82664fa5ff04e224 - - default default] Unable to schedule network 8c832934-bcdf-416e-9cc2-81dc2182a1f9: no agents available; will retry on subsequent port and subnet creation events.
2026-05-08 22:26:16.985 7 INFO neutron.plugins.ml2.drivers.ovn.mech_driver.mech_driver [None req-901a527f-f19f-46cb-b173-eb75524cd1ae - - - - - -] OVN reports status down for port: eb19de79-b027-4615-88b8-271f5dcba8df
2026-05-08 22:26:16.996 8 INFO neutron.db.ovn_revision_numbers_db [None req-02729c05-06d0-449c-b0b2-3c8c4c33c7dc db91b7b6065945eea6ba09cab46992b9 03885071a784431e82664fa5ff04e224 - - default default] Successfully bumped revision number for resource eb19de79-b027-4615-88b8-271f5dcba8df (type: ports) to 1 [pid: 8|app: 0|req: 1216/2240] 10.0.0.77 () {34 vars in 668 bytes} [Fri May 8 22:26:16 2026] POST /v2.0/networks => generated 670 bytes in 518 msecs (HTTP/1.1 201) 4 headers in 162 bytes (1 switches on core 0)
2026-05-08 22:26:17.143 7 WARNING neutron.scheduler.dhcp_agent_scheduler [None req-527a6408-65e4-46f6-a052-4eaed2b147dd 7c7c4ab21d574ef289c416526ac58ea0 34927b3fb60546dbbf434699af638f4b - - default default] No more DHCP agents
2026-05-08 22:26:17.145 7 WARNING neutron.api.rpc.agentnotifiers.dhcp_rpc_agent_api [None req-527a6408-65e4-46f6-a052-4eaed2b147dd 7c7c4ab21d574ef289c416526ac58ea0 34927b3fb60546dbbf434699af638f4b - - default default] Unable to schedule network c785faa4-1ae1-4db4-b0a3-f8bd2e8839a5: no agents available; will retry on subsequent port and subnet creation events.
2026-05-08 22:26:17.291 7 INFO neutron.db.ovn_revision_numbers_db [None req-527a6408-65e4-46f6-a052-4eaed2b147dd 7c7c4ab21d574ef289c416526ac58ea0 34927b3fb60546dbbf434699af638f4b - - default default] Successfully bumped revision number for resource b57cde9c-47f6-4f7a-b321-3a4f93eb6137 (type: ports) to 1
2026-05-08 22:26:17.310 8 INFO neutron.plugins.ml2.drivers.ovn.mech_driver.mech_driver [None req-22326626-6145-4caf-afe4-c9d9cf8f53c9 - - - - - -] OVN reports status down for port: b57cde9c-47f6-4f7a-b321-3a4f93eb6137
2026-05-08 22:26:17.314 8 WARNING neutron.scheduler.dhcp_agent_scheduler [None req-81995047-0243-4e01-99f7-36bcc82bb018 db91b7b6065945eea6ba09cab46992b9 03885071a784431e82664fa5ff04e224 - - default default] No more DHCP agents
2026-05-08 22:26:17.316 8 WARNING neutron.api.rpc.agentnotifiers.dhcp_rpc_agent_api [None req-81995047-0243-4e01-99f7-36bcc82bb018 db91b7b6065945eea6ba09cab46992b9 03885071a784431e82664fa5ff04e224 - - default default] Unable to schedule network 8c832934-bcdf-416e-9cc2-81dc2182a1f9: no agents available; will retry on subsequent port and subnet creation events.
2026-05-08 22:26:17.481 8 INFO neutron.db.ovn_revision_numbers_db [None req-81995047-0243-4e01-99f7-36bcc82bb018 db91b7b6065945eea6ba09cab46992b9 03885071a784431e82664fa5ff04e224 - - default default] Successfully bumped revision number for resource 83e1a4a7-bc11-4db7-be34-78bcb7de7f0f (type: ports) to 1
2026-05-08 22:26:17.482 8 INFO neutron.plugins.ml2.drivers.ovn.mech_driver.mech_driver [None req-22326626-6145-4caf-afe4-c9d9cf8f53c9 - - - - - -] OVN reports status down for port: 83e1a4a7-bc11-4db7-be34-78bcb7de7f0f [pid: 8|app: 0|req: 1217/2241] 10.0.0.77 () {34 vars in 662 bytes} [Fri May 8 22:26:17 2026] POST /v2.0/ports => generated 743 bytes in 561 msecs (HTTP/1.1 201) 4 headers in 162 bytes (1 switches on core 0) /var/lib/openstack/lib/python3.12/site-packages/pycadf/identifier.py:70: UserWarning: Invalid uuid: neutron. To ensure interoperability, identifiers should be a valid uuid. warnings.warn(('Invalid uuid: %s. To ensure interoperability, ' [pid: 8|app: 0|req: 1218/2242] 10.0.0.77 () {34 vars in 664 bytes} [Fri May 8 22:26:17 2026] POST /v2.0/trunks => generated 409 bytes in 188 msecs (HTTP/1.1 201) 4 headers in 162 bytes (1 switches on core 0)
2026-05-08 22:26:17.871 8 INFO neutron.db.segments_db [None req-a0574bed-939c-4843-83af-b277c2a8efeb db91b7b6065945eea6ba09cab46992b9 03885071a784431e82664fa5ff04e224 - - default default] Added segment 27e6f026-3b92-4a8d-b062-b26479e105cd of type geneve for network 50936ebd-5139-4f94-852a-f7ee818bf933
2026-05-08 22:26:17.932 7 INFO neutron.plugins.ml2.drivers.ovn.mech_driver.ovsdb.ovsdb_monitor [None req-b067c24c-c0cc-47a3-9e8f-54ab9d728d9f - - - - - -] Router 59d57b04-14f6-434c-8172-9fad3c8d1805 is bound to host instance
2026-05-08 22:26:17.972 8 INFO neutron.plugins.ml2.drivers.ovn.mech_driver.mech_driver [None req-22326626-6145-4caf-afe4-c9d9cf8f53c9 - - - - - -] OVN reports status up for port: b57cde9c-47f6-4f7a-b321-3a4f93eb6137
2026-05-08 22:26:17.979 7 INFO neutron.db.ovn_revision_numbers_db [None req-527a6408-65e4-46f6-a052-4eaed2b147dd 7c7c4ab21d574ef289c416526ac58ea0 34927b3fb60546dbbf434699af638f4b - - default default] Successfully bumped revision number for resource b57cde9c-47f6-4f7a-b321-3a4f93eb6137 (type: router_ports) to 1
2026-05-08 22:26:17.992 8 INFO neutron.plugins.ml2.plugin [None req-22326626-6145-4caf-afe4-c9d9cf8f53c9 - - - - - -] Attempt 1 to provision port b57cde9c-47f6-4f7a-b321-3a4f93eb6137
2026-05-08 22:26:18.111 8 INFO neutron.db.ovn_revision_numbers_db [None req-a0574bed-939c-4843-83af-b277c2a8efeb db91b7b6065945eea6ba09cab46992b9 03885071a784431e82664fa5ff04e224 - - default default] Successfully bumped revision number for resource 50936ebd-5139-4f94-852a-f7ee818bf933 (type: networks) to 1
2026-05-08 22:26:18.139 7 INFO neutron.db.ovn_revision_numbers_db [None req-527a6408-65e4-46f6-a052-4eaed2b147dd 7c7c4ab21d574ef289c416526ac58ea0 34927b3fb60546dbbf434699af638f4b - - default default] Successfully bumped revision number for resource 59d57b04-14f6-434c-8172-9fad3c8d1805 (type: routers) to 2 [pid: 7|app: 0|req: 1025/2243] 10.0.0.77 () {34 vars in 667 bytes} [Fri May 8 22:26:16 2026] POST /v2.0/routers => generated 976 bytes in 1495 msecs (HTTP/1.1 201) 4 headers in 162 bytes (1 switches on core 0)
2026-05-08 22:26:18.290 8 WARNING neutron.scheduler.dhcp_agent_scheduler [None req-a0574bed-939c-4843-83af-b277c2a8efeb db91b7b6065945eea6ba09cab46992b9 03885071a784431e82664fa5ff04e224 - - default default] No more DHCP agents
2026-05-08 22:26:18.291 8 WARNING neutron.api.rpc.agentnotifiers.dhcp_rpc_agent_api [None req-a0574bed-939c-4843-83af-b277c2a8efeb db91b7b6065945eea6ba09cab46992b9 03885071a784431e82664fa5ff04e224 - - default default] Unable to schedule network 50936ebd-5139-4f94-852a-f7ee818bf933: no agents available; will retry on subsequent port and subnet creation events.
2026-05-08 22:26:18.375 8 INFO neutron.db.ovn_revision_numbers_db [None req-a0574bed-939c-4843-83af-b277c2a8efeb db91b7b6065945eea6ba09cab46992b9 03885071a784431e82664fa5ff04e224 - - default default] Successfully bumped revision number for resource d3bb792c-3a0f-4410-b415-d39fa7d00603 (type: ports) to 1 [pid: 8|app: 0|req: 1219/2244] 10.0.0.77 () {34 vars in 668 bytes} [Fri May 8 22:26:17 2026] POST /v2.0/networks => generated 670 bytes in 604 msecs (HTTP/1.1 201) 4 headers in 162 bytes (1 switches on core 0) [pid: 7|app: 0|req: 1026/2245] 10.0.0.77 () {32 vars in 774 bytes} [Fri May 8 22:26:18 2026] GET /v2.0/subnets?project_id=34927b3fb60546dbbf434699af638f4b&cidr=10.100.0.0%2F28 => generated 14 bytes in 242 msecs (HTTP/1.1 200) 4 headers in 156 bytes (1 switches on core 0) [pid: 7|app: 0|req: 1027/2246] 10.0.0.77 () {32 vars in 692 bytes} [Fri May 8 22:26:18 2026] GET /v2.0/networks?router%3Aexternal=True => generated 791 bytes in 99 msecs (HTTP/1.1 200) 4 headers in 157 bytes (1 switches on core 0) [pid: 7|app: 0|req: 1028/2247] 10.0.0.77 () {32 vars in 782 bytes} [Fri May 8 22:26:18 2026] GET /v2.0/subnets?network_id=c785faa4-1ae1-4db4-b0a3-f8bd2e8839a5&cidr=10.100.0.0%2F28 => generated 14 bytes in 35 msecs (HTTP/1.1 200) 4 headers in 156 bytes (1 switches on core 0)
2026-05-08 22:26:18.612 8 WARNING neutron.scheduler.dhcp_agent_scheduler [None req-2f2c3e38-4c07-4230-a7dd-b03a0c9ae134 db91b7b6065945eea6ba09cab46992b9 03885071a784431e82664fa5ff04e224 - - default default] No more DHCP agents
2026-05-08 22:26:18.613 8 WARNING neutron.api.rpc.agentnotifiers.dhcp_rpc_agent_api [None req-2f2c3e38-4c07-4230-a7dd-b03a0c9ae134 db91b7b6065945eea6ba09cab46992b9 03885071a784431e82664fa5ff04e224 - - default default] Unable to schedule network 50936ebd-5139-4f94-852a-f7ee818bf933: no agents available; will retry on subsequent port and subnet creation events.
2026-05-08 22:26:18.679 7 INFO neutron.plugins.ml2.drivers.ovn.mech_driver.mech_driver [None req-901a527f-f19f-46cb-b173-eb75524cd1ae - - - - - -] OVN reports status down for port: eaf7aa4d-4d04-4b97-afb5-37bcdee56c02
2026-05-08 22:26:18.700 8 INFO neutron.db.ovn_revision_numbers_db [None req-2f2c3e38-4c07-4230-a7dd-b03a0c9ae134 db91b7b6065945eea6ba09cab46992b9 03885071a784431e82664fa5ff04e224 - - default default] Successfully bumped revision number for resource eaf7aa4d-4d04-4b97-afb5-37bcdee56c02 (type: ports) to 1 [pid: 8|app: 0|req: 1220/2248] 10.0.0.77 () {34 vars in 662 bytes} [Fri May 8 22:26:18 2026] POST /v2.0/ports => generated 743 bytes in 346 msecs (HTTP/1.1 201) 4 headers in 162 bytes (1 switches on core 0) /var/lib/openstack/lib/python3.12/site-packages/pycadf/identifier.py:70: UserWarning: Invalid uuid: neutron. To ensure interoperability, identifiers should be a valid uuid. warnings.warn(('Invalid uuid: %s. To ensure interoperability, ' [pid: 8|app: 0|req: 1221/2249] 10.0.0.77 () {34 vars in 664 bytes} [Fri May 8 22:26:18 2026] POST /v2.0/trunks => generated 409 bytes in 166 msecs (HTTP/1.1 201) 4 headers in 162 bytes (1 switches on core 0)
2026-05-08 22:26:18.940 8 WARNING tagging [None req-42a187f9-9dd4-4bd3-8f15-294f4469eaaf db91b7b6065945eea6ba09cab46992b9 03885071a784431e82664fa5ff04e224 - - default default] project_id key not found in request, using tenant_id instead. This support has been deprecated and will be removed in a future release. [pid: 8|app: 0|req: 1222/2250] 10.0.0.77 () {34 vars in 747 bytes} [Fri May 8 22:26:18 2026] PUT /v2.0/trunks/6555cf59-8d59-4af6-97d0-e73fbe016ba1/tags => generated 17 bytes in 33 msecs (HTTP/1.1 200) 4 headers in 156 bytes (1 switches on core 0)
2026-05-08 22:26:18.972 8 WARNING tagging [None req-7619583c-b8ff-47c2-8f25-4fd0631827b8 db91b7b6065945eea6ba09cab46992b9 03885071a784431e82664fa5ff04e224 - - default default] project_id key not found in request, using tenant_id instead. This support has been deprecated and will be removed in a future release. [pid: 8|app: 0|req: 1223/2251] 10.0.0.77 () {34 vars in 747 bytes} [Fri May 8 22:26:18 2026] PUT /v2.0/trunks/c8d11312-a6e6-4525-a01e-0a313cbf6a53/tags => generated 25 bytes in 25 msecs (HTTP/1.1 200) 4 headers in 156 bytes (1 switches on core 0)
2026-05-08 22:26:18.990 7 WARNING neutron.scheduler.dhcp_agent_scheduler [None req-56723d3d-7da3-4d29-9f54-034fec90961c 7c7c4ab21d574ef289c416526ac58ea0 34927b3fb60546dbbf434699af638f4b - - default default] No more DHCP agents
2026-05-08 22:26:18.993 7 WARNING neutron.api.rpc.agentnotifiers.dhcp_rpc_agent_api [None req-56723d3d-7da3-4d29-9f54-034fec90961c 7c7c4ab21d574ef289c416526ac58ea0 34927b3fb60546dbbf434699af638f4b - - default default] Unable to schedule network 2e364979-58d1-4789-bead-a06203abad4d: no agents available; will retry on subsequent port and subnet creation events.
2026-05-08 22:26:19.001 8 WARNING tagging [None req-b26ed960-495b-4c6c-98e1-cf22a19bc22f db91b7b6065945eea6ba09cab46992b9 03885071a784431e82664fa5ff04e224 - - default default] project_id key not found in request, using tenant_id instead. This support has been deprecated and will be removed in a future release. [pid: 8|app: 0|req: 1224/2252] 10.0.0.77 () {34 vars in 747 bytes} [Fri May 8 22:26:18 2026] PUT /v2.0/trunks/54af70fd-9e1c-4b3a-ab44-8926d2a70389/tags => generated 34 bytes in 32 msecs (HTTP/1.1 200) 4 headers in 156 bytes (1 switches on core 0)
2026-05-08 22:26:19.042 8 WARNING tagging [None req-0c1ba35f-4330-4185-a155-f603e6fdfdd6 db91b7b6065945eea6ba09cab46992b9 03885071a784431e82664fa5ff04e224 - - default default] project_id key not found in request, using tenant_id instead. This support has been deprecated and will be removed in a future release. [pid: 8|app: 0|req: 1225/2253] 10.0.0.77 () {34 vars in 747 bytes} [Fri May 8 22:26:19 2026] PUT /v2.0/trunks/ba002667-a06f-40ed-8cbc-43789a8ce5d3/tags => generated 19 bytes in 31 msecs (HTTP/1.1 200) 4 headers in 156 bytes (1 switches on core 0) [pid: 8|app: 0|req: 1226/2254] 10.0.0.77 () {32 vars in 660 bytes} [Fri May 8 22:26:19 2026] GET /v2.0/trunks?tags=red => generated 1252 bytes in 19 msecs (HTTP/1.1 200) 4 headers in 158 bytes (1 switches on core 0) [pid: 8|app: 0|req: 1227/2255] 10.0.0.77 () {32 vars in 674 bytes} [Fri May 8 22:26:19 2026] GET /v2.0/trunks?tags=red%2Cblue => generated 847 bytes in 18 msecs (HTTP/1.1 200) 4 headers in 157 bytes (1 switches on core 0)
2026-05-08 22:26:19.413 8 INFO neutron.db.ovn_revision_numbers_db [None req-307920f6-03bf-4973-af30-758431ce16a2 b08e9aa6ec8e4243879dcfa4df33a91f b807022a563942a8ad44633daebb2d52 - - default default] Successfully bumped revision number for resource 91ec2fb5-d20f-4821-b3b8-f7f832d0b6bd (type: security_groups) to 1
2026-05-08 22:26:19.414 7 INFO neutron.db.ovn_revision_numbers_db [None req-1e9881aa-4ef0-412d-8da1-87038b2bd977 - - - - - -] Successfully bumped revision number for resource b57cde9c-47f6-4f7a-b321-3a4f93eb6137 (type: ports) to 4
2026-05-08 22:26:19.425 8 INFO neutron.db.ovn_revision_numbers_db [None req-307920f6-03bf-4973-af30-758431ce16a2 b08e9aa6ec8e4243879dcfa4df33a91f b807022a563942a8ad44633daebb2d52 - - default default] Successfully bumped revision number for resource 2223a4d8-2cc4-4f4a-97b3-eacbf474e005 (type: security_group_rules) to 0
2026-05-08 22:26:19.438 8 INFO neutron.db.ovn_revision_numbers_db [None req-307920f6-03bf-4973-af30-758431ce16a2 b08e9aa6ec8e4243879dcfa4df33a91f b807022a563942a8ad44633daebb2d52 - - default default] Successfully bumped revision number for resource 45b31b8d-d853-4d8f-941a-10a4a38c3ee2 (type: security_group_rules) to 0
2026-05-08 22:26:19.471 8 INFO neutron.db.ovn_revision_numbers_db [None req-307920f6-03bf-4973-af30-758431ce16a2 b08e9aa6ec8e4243879dcfa4df33a91f b807022a563942a8ad44633daebb2d52 - - default default] Successfully bumped revision number for resource e5641a6a-92dd-43e3-b872-38b52e71ba35 (type: security_group_rules) to 0
2026-05-08 22:26:19.484 8 INFO neutron.db.ovn_revision_numbers_db [None req-307920f6-03bf-4973-af30-758431ce16a2 b08e9aa6ec8e4243879dcfa4df33a91f b807022a563942a8ad44633daebb2d52 - - default default] Successfully bumped revision number for resource f783b748-0a3b-4083-a52b-a1a901183d7f (type: security_group_rules) to 0
2026-05-08 22:26:19.558 8 INFO neutron.db.segments_db [None req-307920f6-03bf-4973-af30-758431ce16a2 b08e9aa6ec8e4243879dcfa4df33a91f b807022a563942a8ad44633daebb2d52 - - default default] Added segment 9bf06555-1a8c-4402-ad68-c171c5c7f995 of type geneve for network 4b60b812-e0a3-458f-891b-be3791f0496a
2026-05-08 22:26:19.667 8 INFO neutron.db.ovn_revision_numbers_db [None req-307920f6-03bf-4973-af30-758431ce16a2 b08e9aa6ec8e4243879dcfa4df33a91f b807022a563942a8ad44633daebb2d52 - - default default] Successfully bumped revision number for resource 4b60b812-e0a3-458f-891b-be3791f0496a (type: networks) to 1
2026-05-08 22:26:19.829 7 INFO neutron.db.ovn_revision_numbers_db [None req-56723d3d-7da3-4d29-9f54-034fec90961c 7c7c4ab21d574ef289c416526ac58ea0 34927b3fb60546dbbf434699af638f4b - - default default] Successfully bumped revision number for resource ced4b6bd-b7e3-46b0-b2e6-ce71cd3d6828 (type: ports) to 2
2026-05-08 22:26:19.835 8 WARNING neutron.scheduler.dhcp_agent_scheduler [None req-307920f6-03bf-4973-af30-758431ce16a2 b08e9aa6ec8e4243879dcfa4df33a91f b807022a563942a8ad44633daebb2d52 - - default default] No more DHCP agents
2026-05-08 22:26:19.837 8 WARNING neutron.api.rpc.agentnotifiers.dhcp_rpc_agent_api [None req-307920f6-03bf-4973-af30-758431ce16a2 b08e9aa6ec8e4243879dcfa4df33a91f b807022a563942a8ad44633daebb2d52 - - default default] Unable to schedule network 4b60b812-e0a3-458f-891b-be3791f0496a: no agents available; will retry on subsequent port and subnet creation events.
2026-05-08 22:26:19.929 7 INFO neutron.plugins.ml2.drivers.ovn.mech_driver.mech_driver [None req-901a527f-f19f-46cb-b173-eb75524cd1ae - - - - - -] OVN reports status down for port: 3a3dfadb-12cc-453f-8f6c-1ff00e13e9c8
2026-05-08 22:26:19.932 8 INFO neutron.db.ovn_revision_numbers_db [None req-307920f6-03bf-4973-af30-758431ce16a2 b08e9aa6ec8e4243879dcfa4df33a91f b807022a563942a8ad44633daebb2d52 - - default default] Successfully bumped revision number for resource 3a3dfadb-12cc-453f-8f6c-1ff00e13e9c8 (type: ports) to 1
2026-05-08 22:26:19.947 7 INFO neutron.db.ovn_revision_numbers_db [None req-56723d3d-7da3-4d29-9f54-034fec90961c 7c7c4ab21d574ef289c416526ac58ea0 34927b3fb60546dbbf434699af638f4b - - default default] Successfully bumped revision number for resource 293a244f-fb22-44f3-9989-4bd09781ca5a (type: subnets) to 0 [pid: 8|app: 0|req: 1228/2256] 10.0.0.77 () {34 vars in 668 bytes} [Fri May 8 22:26:19 2026] POST /v2.0/networks => generated 766 bytes in 848 msecs (HTTP/1.1 201) 4 headers in 162 bytes (1 switches on core 0) [pid: 8|app: 0|req: 1229/2257] 10.0.0.77 () {32 vars in 670 bytes} [Fri May 8 22:26:19 2026] GET /v2.0/trunks?tags-any=blue => generated 847 bytes in 19 msecs (HTTP/1.1 200) 4 headers in 157 bytes (1 switches on core 0) [pid: 7|app: 0|req: 1029/2258] 10.0.0.77 () {34 vars in 667 bytes} [Fri May 8 22:26:18 2026] POST /v2.0/subnets => generated 657 bytes in 1457 msecs (HTTP/1.1 201) 4 headers in 162 bytes (1 switches on core 0) [pid: 7|app: 0|req: 1030/2259] 10.0.0.77 () {32 vars in 682 bytes} [Fri May 8 22:26:20 2026] GET /v2.0/trunks?tags-any=red%2Cblue => generated 1252 bytes in 64 msecs (HTTP/1.1 200) 4 headers in 158 bytes (1 switches on core 0)
2026-05-08 22:26:20.117 7 INFO neutron.db.ovn_revision_numbers_db [None req-1e9881aa-4ef0-412d-8da1-87038b2bd977 - - - - - -] Successfully bumped revision number for resource b57cde9c-47f6-4f7a-b321-3a4f93eb6137 (type: ports) to 5
2026-05-08 22:26:20.132 8 WARNING neutron.scheduler.dhcp_agent_scheduler [None req-e6d062bd-a5d4-4cf6-aedc-b78fff9bb175 b08e9aa6ec8e4243879dcfa4df33a91f b807022a563942a8ad44633daebb2d52 - - default default] No more DHCP agents
2026-05-08 22:26:20.134 8 WARNING neutron.api.rpc.agentnotifiers.dhcp_rpc_agent_api [None req-e6d062bd-a5d4-4cf6-aedc-b78fff9bb175 b08e9aa6ec8e4243879dcfa4df33a91f b807022a563942a8ad44633daebb2d52 - - default default] Unable to schedule network 4b60b812-e0a3-458f-891b-be3791f0496a: no agents available; will retry on subsequent port and subnet creation events.
2026-05-08 22:26:20.213 8 INFO neutron.plugins.ml2.drivers.ovn.mech_driver.mech_driver [None req-22326626-6145-4caf-afe4-c9d9cf8f53c9 - - - - - -] OVN reports status down for port: d3bb792c-3a0f-4410-b415-d39fa7d00603
2026-05-08 22:26:20.661 8 INFO neutron.db.ovn_revision_numbers_db [None req-e6d062bd-a5d4-4cf6-aedc-b78fff9bb175 b08e9aa6ec8e4243879dcfa4df33a91f b807022a563942a8ad44633daebb2d52 - - default default] Successfully bumped revision number for resource 3a3dfadb-12cc-453f-8f6c-1ff00e13e9c8 (type: ports) to 2
2026-05-08 22:26:20.695 8 INFO neutron.db.ovn_revision_numbers_db [None req-e6d062bd-a5d4-4cf6-aedc-b78fff9bb175 b08e9aa6ec8e4243879dcfa4df33a91f b807022a563942a8ad44633daebb2d52 - - default default] Successfully bumped revision number for resource b6b17fbd-6b80-4353-810e-b67bbdbbf8a8 (type: subnets) to 0
2026-05-08 22:26:20.707 7 WARNING neutron.scheduler.dhcp_agent_scheduler [None req-3bd9622f-c52c-4f28-b01a-665f925d2d72 7c7c4ab21d574ef289c416526ac58ea0 34927b3fb60546dbbf434699af638f4b - - default default] No more DHCP agents
2026-05-08 22:26:20.708 7 WARNING neutron.api.rpc.agentnotifiers.dhcp_rpc_agent_api [None req-3bd9622f-c52c-4f28-b01a-665f925d2d72 7c7c4ab21d574ef289c416526ac58ea0 34927b3fb60546dbbf434699af638f4b - - default default] Unable to schedule network 2e364979-58d1-4789-bead-a06203abad4d: no agents available; will retry on subsequent port and subnet creation events. [pid: 8|app: 0|req: 1230/2260] 10.0.0.77 () {34 vars in 667 bytes} [Fri May 8 22:26:19 2026] POST /v2.0/subnets => generated 644 bytes in 737 msecs (HTTP/1.1 201) 4 headers in 162 bytes (1 switches on core 0) [pid: 8|app: 0|req: 1231/2261] 10.0.0.77 () {32 vars in 668 bytes} [Fri May 8 22:26:20 2026] GET /v2.0/trunks?not-tags=red => generated 819 bytes in 17 msecs (HTTP/1.1 200) 4 headers in 157 bytes (1 switches on core 0)
2026-05-08 22:26:20.736 8 WARNING neutron.api.v2.base [None req-d011aeee-86fa-498f-b27f-83c94f888790 b08e9aa6ec8e4243879dcfa4df33a91f b807022a563942a8ad44633daebb2d52 - - default default] An exception happened while processing the request body. The exception message is [Invalid input for target_tenant. Reason: 'None' is not a valid string.].: webob.exc.HTTPBadRequest: Invalid input for target_tenant. Reason: 'None' is not a valid string.
