2026-05-08 21:47:59.519 7 INFO neutron.api.extensions [None req-9c05bf05-a41c-4a64-b1f7-733ddff1f8fd - - - - - -] Loaded extension: vpnaas
2026-05-08 21:47:59.521 7 INFO neutron.api.extensions [None req-9c05bf05-a41c-4a64-b1f7-733ddff1f8fd - - - - - -] Loaded extension: taas
2026-05-08 21:47:59.521 8 INFO neutron.api.extensions [None req-85e34fd2-a72a-4918-9cf8-12174d6eab93 - - - - - -] Extension l3_agent_scheduler not supported by any of loaded plugins
2026-05-08 21:47:59.522 7 INFO neutron.api.extensions [None req-9c05bf05-a41c-4a64-b1f7-733ddff1f8fd - - - - - -] Loaded extension: tap-mirror
2026-05-08 21:47:59.522 8 INFO neutron.api.extensions [None req-85e34fd2-a72a-4918-9cf8-12174d6eab93 - - - - - -] Extension local_ip not supported by any of loaded plugins
2026-05-08 21:47:59.523 7 INFO neutron.api.extensions [None req-9c05bf05-a41c-4a64-b1f7-733ddff1f8fd - - - - - -] Loaded extension: tap-mirror-both-direction
2026-05-08 21:47:59.523 7 INFO neutron.api.extensions [None req-9c05bf05-a41c-4a64-b1f7-733ddff1f8fd - - - - - -] Loaded extension: taas-vlan-filter
2026-05-08 21:47:59.523 8 INFO neutron.api.extensions [None req-85e34fd2-a72a-4918-9cf8-12174d6eab93 - - - - - -] Loaded extension: logging
2026-05-08 21:47:59.524 8 INFO neutron.api.extensions [None req-85e34fd2-a72a-4918-9cf8-12174d6eab93 - - - - - -] Extension metering not supported by any of loaded plugins
2026-05-08 21:47:59.525 8 INFO neutron.api.extensions [None req-85e34fd2-a72a-4918-9cf8-12174d6eab93 - - - - - -] Extension metering_source_and_destination_fields not supported by any of loaded plugins
2026-05-08 21:47:59.526 7 INFO neutron.quota.resource_registry [None req-9c05bf05-a41c-4a64-b1f7-733ddff1f8fd - - - - - -] Creating instance of TrackedResource for resource:network
2026-05-08 21:47:59.526 7 INFO neutron.quota.resource_registry [None req-9c05bf05-a41c-4a64-b1f7-733ddff1f8fd - - - - - -] Creating instance of TrackedResource for resource:subnet
2026-05-08 21:47:59.526 8 INFO neutron.api.extensions [None req-85e34fd2-a72a-4918-9cf8-12174d6eab93 - - - - - -] Loaded extension: multi-provider
2026-05-08 21:47:59.526 7 INFO neutron.quota.resource_registry [None req-9c05bf05-a41c-4a64-b1f7-733ddff1f8fd - - - - - -] Creating instance of TrackedResource for resource:subnetpool
2026-05-08 21:47:59.526 7 INFO neutron.quota.resource_registry [None req-9c05bf05-a41c-4a64-b1f7-733ddff1f8fd - - - - - -] Creating instance of TrackedResource for resource:port
2026-05-08 21:47:59.526 8 INFO neutron.api.extensions [None req-85e34fd2-a72a-4918-9cf8-12174d6eab93 - - - - - -] Loaded extension: net-mtu
2026-05-08 21:47:59.527 8 INFO neutron.api.extensions [None req-85e34fd2-a72a-4918-9cf8-12174d6eab93 - - - - - -] Loaded extension: net-mtu-writable
2026-05-08 21:47:59.528 8 INFO neutron.api.extensions [None req-85e34fd2-a72a-4918-9cf8-12174d6eab93 - - - - - -] Loaded extension: network_availability_zone
2026-05-08 21:47:59.528 8 INFO neutron.api.extensions [None req-85e34fd2-a72a-4918-9cf8-12174d6eab93 - - - - - -] Extension network_ha not supported by any of loaded plugins
2026-05-08 21:47:59.529 8 INFO neutron.api.extensions [None req-85e34fd2-a72a-4918-9cf8-12174d6eab93 - - - - - -] Loaded extension: network-ip-availability
2026-05-08 21:47:59.529 7 INFO neutron.quota.resource_registry [None req-9c05bf05-a41c-4a64-b1f7-733ddff1f8fd - - - - - -] Creating instance of TrackedResource for resource:router
2026-05-08 21:47:59.530 8 INFO neutron.api.extensions [None req-85e34fd2-a72a-4918-9cf8-12174d6eab93 - - - - - -] Loaded extension: network-ip-availability-details
2026-05-08 21:47:59.530 7 INFO neutron.quota.resource_registry [None req-9c05bf05-a41c-4a64-b1f7-733ddff1f8fd - - - - - -] Creating instance of TrackedResource for resource:floatingip
2026-05-08 21:47:59.531 8 INFO neutron.api.extensions [None req-85e34fd2-a72a-4918-9cf8-12174d6eab93 - - - - - -] Extension network-segment-range not supported by any of loaded plugins
2026-05-08 21:47:59.531 8 INFO neutron.api.extensions [None req-85e34fd2-a72a-4918-9cf8-12174d6eab93 - - - - - -] Loaded extension: pagination
2026-05-08 21:47:59.532 8 INFO neutron.api.extensions [None req-85e34fd2-a72a-4918-9cf8-12174d6eab93 - - - - - -] Loaded extension: port-device-profile
2026-05-08 21:47:59.533 8 INFO neutron.api.extensions [None req-85e34fd2-a72a-4918-9cf8-12174d6eab93 - - - - - -] Extension port-hardware-offload-type not supported by any of loaded plugins
2026-05-08 21:47:59.533 8 INFO neutron.api.extensions [None req-85e34fd2-a72a-4918-9cf8-12174d6eab93 - - - - - -] Extension port-hint-ovs-tx-steering not supported by any of loaded plugins
2026-05-08 21:47:59.534 8 INFO neutron.api.extensions [None req-85e34fd2-a72a-4918-9cf8-12174d6eab93 - - - - - -] Extension port-hints not supported by any of loaded plugins
2026-05-08 21:47:59.534 7 INFO neutron.quota.resource_registry [None req-9c05bf05-a41c-4a64-b1f7-733ddff1f8fd - - - - - -] Creating instance of CountableResource for resource:rbac_policy
2026-05-08 21:47:59.534 8 INFO neutron.api.extensions [None req-85e34fd2-a72a-4918-9cf8-12174d6eab93 - - - - - -] Extension port-mac-override not supported by any of loaded plugins
2026-05-08 21:47:59.535 7 INFO neutron.quota.resource_registry [None req-9c05bf05-a41c-4a64-b1f7-733ddff1f8fd - - - - - -] Creating instance of TrackedResource for resource:security_group
2026-05-08 21:47:59.535 8 INFO neutron.api.extensions [None req-85e34fd2-a72a-4918-9cf8-12174d6eab93 - - - - - -] Loaded extension: port-mac-address-regenerate
2026-05-08 21:47:59.535 7 INFO neutron.quota.resource_registry [None req-9c05bf05-a41c-4a64-b1f7-733ddff1f8fd - - - - - -] Creating instance of TrackedResource for resource:security_group_rule
2026-05-08 21:47:59.536 8 INFO neutron.api.extensions [None req-85e34fd2-a72a-4918-9cf8-12174d6eab93 - - - - - -] Loaded extension: port-numa-affinity-policy
2026-05-08 21:47:59.536 7 WARNING neutron.api.api_common [None req-9c05bf05-a41c-4a64-b1f7-733ddff1f8fd - - - - - -] The plugin class neutron.db.servicetype_db.ServiceTypeManager should inherit from ``ServicePluginBase`` or ``NeutronDbPluginV2``. This class needs to be refactored. Please report a Launchpad bug in https://bugs.launchpad.net/neutron.
2026-05-08 21:47:59.536 7 INFO neutron.quota.resource_registry [None req-9c05bf05-a41c-4a64-b1f7-733ddff1f8fd - - - - - -] Creating instance of TrackedResource for resource:subnetpool
2026-05-08 21:47:59.537 8 INFO neutron.api.extensions [None req-85e34fd2-a72a-4918-9cf8-12174d6eab93 - - - - - -] Loaded extension: port-numa-affinity-policy-socket
2026-05-08 21:47:59.537 7 WARNING neutron.quota.resource_registry [None req-9c05bf05-a41c-4a64-b1f7-733ddff1f8fd - - - - - -] subnetpool is already registered
2026-05-08 21:47:59.537 7 INFO neutron.quota.resource_registry [None req-9c05bf05-a41c-4a64-b1f7-733ddff1f8fd - - - - - -] Creating instance of CountableResource for resource:trunk
2026-05-08 21:47:59.537 8 INFO neutron.api.extensions [None req-85e34fd2-a72a-4918-9cf8-12174d6eab93 - - - - - -] Loaded extension: port-resource-request
2026-05-08 21:47:59.537 7 INFO neutron.quota.resource_registry [None req-9c05bf05-a41c-4a64-b1f7-733ddff1f8fd - - - - - -] Creating instance of CountableResource for resource:ikepolicy
2026-05-08 21:47:59.538 7 INFO neutron.quota.resource_registry [None req-9c05bf05-a41c-4a64-b1f7-733ddff1f8fd - - - - - -] Creating instance of CountableResource for resource:ipsecpolicy
2026-05-08 21:47:59.538 8 INFO neutron.api.extensions [None req-85e34fd2-a72a-4918-9cf8-12174d6eab93 - - - - - -] Loaded extension: port-resource-request-groups
2026-05-08 21:47:59.538 7 INFO neutron.quota.resource_registry [None req-9c05bf05-a41c-4a64-b1f7-733ddff1f8fd - - - - - -] Creating instance of CountableResource for resource:endpoint_group
2026-05-08 21:47:59.539 8 INFO neutron.api.extensions [None req-85e34fd2-a72a-4918-9cf8-12174d6eab93 - - - - - -] Extension port-trusted-vif not supported by any of loaded plugins
2026-05-08 21:47:59.539 7 INFO neutron.quota.resource_registry [None req-9c05bf05-a41c-4a64-b1f7-733ddff1f8fd - - - - - -] Creating instance of CountableResource for resource:vpnservice
2026-05-08 21:47:59.539 7 INFO neutron.quota.resource_registry [None req-9c05bf05-a41c-4a64-b1f7-733ddff1f8fd - - - - - -] Creating instance of CountableResource for resource:ipsec_site_connection
2026-05-08 21:47:59.539 8 INFO neutron.api.extensions [None req-85e34fd2-a72a-4918-9cf8-12174d6eab93 - - - - - -] Loaded extension: binding
2026-05-08 21:47:59.540 7 INFO neutron.quota.resource_registry [None req-9c05bf05-a41c-4a64-b1f7-733ddff1f8fd - - - - - -] Creating instance of CountableResource for resource:ipsecpolicy
2026-05-08 21:47:59.540 7 WARNING neutron.quota.resource_registry [None req-9c05bf05-a41c-4a64-b1f7-733ddff1f8fd - - - - - -] ipsecpolicy is already registered
2026-05-08 21:47:59.540 7 INFO neutron.quota.resource_registry [None req-9c05bf05-a41c-4a64-b1f7-733ddff1f8fd - - - - - -] Creating instance of CountableResource for resource:ikepolicy
2026-05-08 21:47:59.540 7 WARNING neutron.quota.resource_registry [None req-9c05bf05-a41c-4a64-b1f7-733ddff1f8fd - - - - - -] ikepolicy is already registered
2026-05-08 21:47:59.540 8 INFO neutron.api.extensions [None req-85e34fd2-a72a-4918-9cf8-12174d6eab93 - - - - - -] Loaded extension: binding-extended
2026-05-08 21:47:59.541 8 INFO neutron.api.extensions [None req-85e34fd2-a72a-4918-9cf8-12174d6eab93 - - - - - -] Loaded extension: port-security
2026-05-08 21:47:59.541 7 WARNING neutron.api.api_common [None req-9c05bf05-a41c-4a64-b1f7-733ddff1f8fd - - - - - -] The plugin class builtins.NoneType should inherit from ``ServicePluginBase`` or ``NeutronDbPluginV2``. This class needs to be refactored. Please report a Launchpad bug in https://bugs.launchpad.net/neutron.
2026-05-08 21:47:59.542 7 WARNING neutron.api.api_common [None req-9c05bf05-a41c-4a64-b1f7-733ddff1f8fd - - - - - -] The plugin class builtins.NoneType should inherit from ``ServicePluginBase`` or ``NeutronDbPluginV2``. This class needs to be refactored. Please report a Launchpad bug in https://bugs.launchpad.net/neutron.
2026-05-08 21:47:59.542 8 INFO neutron.api.extensions [None req-85e34fd2-a72a-4918-9cf8-12174d6eab93 - - - - - -] Loaded extension: project-id
2026-05-08 21:47:59.542 7 WARNING neutron.api.api_common [None req-9c05bf05-a41c-4a64-b1f7-733ddff1f8fd - - - - - -] The plugin class builtins.NoneType should inherit from ``ServicePluginBase`` or ``NeutronDbPluginV2``. This class needs to be refactored. Please report a Launchpad bug in https://bugs.launchpad.net/neutron.
2026-05-08 21:47:59.542 8 INFO neutron.api.extensions [None req-85e34fd2-a72a-4918-9cf8-12174d6eab93 - - - - - -] Loaded extension: provider
2026-05-08 21:47:59.542 7 WARNING neutron.api.api_common [None req-9c05bf05-a41c-4a64-b1f7-733ddff1f8fd - - - - - -] The plugin class neutron.db.servicetype_db.ServiceTypeManager should inherit from ``ServicePluginBase`` or ``NeutronDbPluginV2``. This class needs to be refactored. Please report a Launchpad bug in https://bugs.launchpad.net/neutron.
2026-05-08 21:47:59.543 7 WARNING neutron.api.api_common [None req-9c05bf05-a41c-4a64-b1f7-733ddff1f8fd - - - - - -] The plugin class builtins.NoneType should inherit from ``ServicePluginBase`` or ``NeutronDbPluginV2``. This class needs to be refactored. Please report a Launchpad bug in https://bugs.launchpad.net/neutron.
2026-05-08 21:47:59.543 7 WARNING neutron.api.api_common [None req-9c05bf05-a41c-4a64-b1f7-733ddff1f8fd - - - - - -] The plugin class builtins.NoneType should inherit from ``ServicePluginBase`` or ``NeutronDbPluginV2``. This class needs to be refactored. Please report a Launchpad bug in https://bugs.launchpad.net/neutron.
2026-05-08 21:47:59.543 7 WARNING neutron.api.api_common [None req-9c05bf05-a41c-4a64-b1f7-733ddff1f8fd - - - - - -] The plugin class builtins.NoneType should inherit from ``ServicePluginBase`` or ``NeutronDbPluginV2``. This class needs to be refactored. Please report a Launchpad bug in https://bugs.launchpad.net/neutron.
2026-05-08 21:47:59.543 7 WARNING neutron.api.api_common [None req-9c05bf05-a41c-4a64-b1f7-733ddff1f8fd - - - - - -] The plugin class builtins.NoneType should inherit from ``ServicePluginBase`` or ``NeutronDbPluginV2``. This class needs to be refactored. Please report a Launchpad bug in https://bugs.launchpad.net/neutron.
2026-05-08 21:47:59.543 7 WARNING neutron.api.api_common [None req-9c05bf05-a41c-4a64-b1f7-733ddff1f8fd - - - - - -] The plugin class builtins.NoneType should inherit from ``ServicePluginBase`` or ``NeutronDbPluginV2``. This class needs to be refactored. Please report a Launchpad bug in https://bugs.launchpad.net/neutron.
2026-05-08 21:47:59.543 7 WARNING neutron.api.api_common [None req-9c05bf05-a41c-4a64-b1f7-733ddff1f8fd - - - - - -] The plugin class builtins.NoneType should inherit from ``ServicePluginBase`` or ``NeutronDbPluginV2``. This class needs to be refactored. Please report a Launchpad bug in https://bugs.launchpad.net/neutron.
2026-05-08 21:47:59.543 7 WARNING neutron.api.api_common [None req-9c05bf05-a41c-4a64-b1f7-733ddff1f8fd - - - - - -] The plugin class builtins.NoneType should inherit from ``ServicePluginBase`` or ``NeutronDbPluginV2``. This class needs to be refactored. Please report a Launchpad bug in https://bugs.launchpad.net/neutron.
2026-05-08 21:47:59.543 7 WARNING neutron.api.api_common [None req-9c05bf05-a41c-4a64-b1f7-733ddff1f8fd - - - - - -] The plugin class builtins.NoneType should inherit from ``ServicePluginBase`` or ``NeutronDbPluginV2``. This class needs to be refactored. Please report a Launchpad bug in https://bugs.launchpad.net/neutron.
2026-05-08 21:47:59.544 7 WARNING neutron.api.api_common [None req-9c05bf05-a41c-4a64-b1f7-733ddff1f8fd - - - - - -] The plugin class builtins.NoneType should inherit from ``ServicePluginBase`` or ``NeutronDbPluginV2``. This class needs to be refactored. Please report a Launchpad bug in https://bugs.launchpad.net/neutron.
2026-05-08 21:47:59.544 8 INFO neutron.api.extensions [None req-85e34fd2-a72a-4918-9cf8-12174d6eab93 - - - - - -] Loaded extension: qinq
2026-05-08 21:47:59.544 7 WARNING neutron.api.api_common [None req-9c05bf05-a41c-4a64-b1f7-733ddff1f8fd - - - - - -] The plugin class builtins.NoneType should inherit from ``ServicePluginBase`` or ``NeutronDbPluginV2``. This class needs to be refactored. Please report a Launchpad bug in https://bugs.launchpad.net/neutron.
2026-05-08 21:47:59.544 7 WARNING neutron.api.api_common [None req-9c05bf05-a41c-4a64-b1f7-733ddff1f8fd - - - - - -] The plugin class builtins.NoneType should inherit from ``ServicePluginBase`` or ``NeutronDbPluginV2``. This class needs to be refactored. Please report a Launchpad bug in https://bugs.launchpad.net/neutron.
2026-05-08 21:47:59.544 7 WARNING neutron.api.api_common [None req-9c05bf05-a41c-4a64-b1f7-733ddff1f8fd - - - - - -] The plugin class builtins.NoneType should inherit from ``ServicePluginBase`` or ``NeutronDbPluginV2``. This class needs to be refactored. Please report a Launchpad bug in https://bugs.launchpad.net/neutron.
2026-05-08 21:47:59.546 8 INFO neutron.api.extensions [None req-85e34fd2-a72a-4918-9cf8-12174d6eab93 - - - - - -] Loaded extension: qos
2026-05-08 21:47:59.547 8 INFO neutron.api.extensions [None req-85e34fd2-a72a-4918-9cf8-12174d6eab93 - - - - - -] Loaded extension: qos-bw-limit-direction
2026-05-08 21:47:59.547 7 INFO neutron.quota.resource_registry [None req-9c05bf05-a41c-4a64-b1f7-733ddff1f8fd - - - - - -] Creating instance of TrackedResource for resource:router
2026-05-08 21:47:59.547 7 WARNING neutron.quota.resource_registry [None req-9c05bf05-a41c-4a64-b1f7-733ddff1f8fd - - - - - -] router is already registered
2026-05-08 21:47:59.547 7 INFO neutron.quota.resource_registry [None req-9c05bf05-a41c-4a64-b1f7-733ddff1f8fd - - - - - -] Creating instance of TrackedResource for resource:floatingip
2026-05-08 21:47:59.547 8 INFO neutron.api.extensions [None req-85e34fd2-a72a-4918-9cf8-12174d6eab93 - - - - - -] Loaded extension: qos-bw-minimum-ingress
2026-05-08 21:47:59.548 7 WARNING neutron.quota.resource_registry [None req-9c05bf05-a41c-4a64-b1f7-733ddff1f8fd - - - - - -] floatingip is already registered
2026-05-08 21:47:59.548 8 INFO neutron.api.extensions [None req-85e34fd2-a72a-4918-9cf8-12174d6eab93 - - - - - -] Loaded extension: qos-default
2026-05-08 21:47:59.549 8 INFO neutron.api.extensions [None req-85e34fd2-a72a-4918-9cf8-12174d6eab93 - - - - - -] Loaded extension: qos-fip
2026-05-08 21:47:59.549 8 INFO neutron.api.extensions [None req-85e34fd2-a72a-4918-9cf8-12174d6eab93 - - - - - -] Extension qos-fip-network-policy not supported by any of loaded plugins
2026-05-08 21:47:59.550 8 INFO neutron.api.extensions [None req-85e34fd2-a72a-4918-9cf8-12174d6eab93 - - - - - -] Loaded extension: qos-gateway-ip
2026-05-08 21:47:59.550 8 INFO neutron.api.extensions [None req-85e34fd2-a72a-4918-9cf8-12174d6eab93 - - - - - -] Loaded extension: qos-port-network-policy
2026-05-08 21:47:59.551 8 INFO neutron.api.extensions [None req-85e34fd2-a72a-4918-9cf8-12174d6eab93 - - - - - -] Loaded extension: qos-pps-minimum
2026-05-08 21:47:59.552 7 INFO neutron.quota.resource_registry [None req-9c05bf05-a41c-4a64-b1f7-733ddff1f8fd - - - - - -] Creating instance of CountableResource for resource:rbac_policy
2026-05-08 21:47:59.552 7 WARNING neutron.quota.resource_registry [None req-9c05bf05-a41c-4a64-b1f7-733ddff1f8fd - - - - - -] rbac_policy is already registered
2026-05-08 21:47:59.552 8 INFO neutron.api.extensions [None req-85e34fd2-a72a-4918-9cf8-12174d6eab93 - - - - - -] Loaded extension: qos-pps-minimum-rule-alias
2026-05-08 21:47:59.552 7 INFO neutron.quota.resource_registry [None req-9c05bf05-a41c-4a64-b1f7-733ddff1f8fd - - - - - -] Creating instance of TrackedResource for resource:security_group
2026-05-08 21:47:59.553 7 WARNING neutron.quota.resource_registry [None req-9c05bf05-a41c-4a64-b1f7-733ddff1f8fd - - - - - -] security_group is already registered
2026-05-08 21:47:59.553 8 INFO neutron.api.extensions [None req-85e34fd2-a72a-4918-9cf8-12174d6eab93 - - - - - -] Loaded extension: qos-pps
2026-05-08 21:47:59.553 7 INFO neutron.quota.resource_registry [None req-9c05bf05-a41c-4a64-b1f7-733ddff1f8fd - - - - - -] Creating instance of TrackedResource for resource:security_group_rule
2026-05-08 21:47:59.553 7 WARNING neutron.quota.resource_registry [None req-9c05bf05-a41c-4a64-b1f7-733ddff1f8fd - - - - - -] security_group_rule is already registered
2026-05-08 21:47:59.554 8 INFO neutron.api.extensions [None req-85e34fd2-a72a-4918-9cf8-12174d6eab93 - - - - - -] Loaded extension: qos-rule-type-details
2026-05-08 21:47:59.554 7 WARNING neutron.api.api_common [None req-9c05bf05-a41c-4a64-b1f7-733ddff1f8fd - - - - - -] The plugin class neutron.db.servicetype_db.ServiceTypeManager should inherit from ``ServicePluginBase`` or ``NeutronDbPluginV2``. This class needs to be refactored. Please report a Launchpad bug in https://bugs.launchpad.net/neutron.
2026-05-08 21:47:59.554 8 INFO neutron.api.extensions [None req-85e34fd2-a72a-4918-9cf8-12174d6eab93 - - - - - -] Loaded extension: qos-rule-type-filter
2026-05-08 21:47:59.554 7 INFO neutron.quota.resource_registry [None req-9c05bf05-a41c-4a64-b1f7-733ddff1f8fd - - - - - -] Creating instance of TrackedResource for resource:subnetpool
2026-05-08 21:47:59.554 7 WARNING neutron.quota.resource_registry [None req-9c05bf05-a41c-4a64-b1f7-733ddff1f8fd - - - - - -] subnetpool is already registered
2026-05-08 21:47:59.555 7 INFO neutron.quota.resource_registry [None req-9c05bf05-a41c-4a64-b1f7-733ddff1f8fd - - - - - -] Creating instance of CountableResource for resource:trunk
2026-05-08 21:47:59.555 7 WARNING neutron.quota.resource_registry [None req-9c05bf05-a41c-4a64-b1f7-733ddff1f8fd - - - - - -] trunk is already registered
2026-05-08 21:47:59.555 8 INFO neutron.api.extensions [None req-85e34fd2-a72a-4918-9cf8-12174d6eab93 - - - - - -] Loaded extension: qos-rules-alias
2026-05-08 21:47:59.555 7 INFO neutron.quota.resource_registry [None req-9c05bf05-a41c-4a64-b1f7-733ddff1f8fd - - - - - -] Creating instance of CountableResource for resource:ikepolicy
2026-05-08 21:47:59.556 7 WARNING neutron.quota.resource_registry [None req-9c05bf05-a41c-4a64-b1f7-733ddff1f8fd - - - - - -] ikepolicy is already registered
2026-05-08 21:47:59.556 8 INFO neutron.api.extensions [None req-85e34fd2-a72a-4918-9cf8-12174d6eab93 - - - - - -] Loaded extension: quota-check-limit
2026-05-08 21:47:59.556 7 INFO neutron.quota.resource_registry [None req-9c05bf05-a41c-4a64-b1f7-733ddff1f8fd - - - - - -] Creating instance of CountableResource for resource:ipsecpolicy
2026-05-08 21:47:59.556 7 WARNING neutron.quota.resource_registry [None req-9c05bf05-a41c-4a64-b1f7-733ddff1f8fd - - - - - -] ipsecpolicy is already registered
2026-05-08 21:47:59.556 7 INFO neutron.quota.resource_registry [None req-9c05bf05-a41c-4a64-b1f7-733ddff1f8fd - - - - - -] Creating instance of CountableResource for resource:endpoint_group
2026-05-08 21:47:59.557 7 WARNING neutron.quota.resource_registry [None req-9c05bf05-a41c-4a64-b1f7-733ddff1f8fd - - - - - -] endpoint_group is already registered
2026-05-08 21:47:59.557 8 INFO neutron.api.extensions [None req-85e34fd2-a72a-4918-9cf8-12174d6eab93 - - - - - -] Loaded extension: quota-check-limit-default
2026-05-08 21:47:59.557 7 INFO neutron.quota.resource_registry [None req-9c05bf05-a41c-4a64-b1f7-733ddff1f8fd - - - - - -] Creating instance of CountableResource for resource:vpnservice
2026-05-08 21:47:59.557 7 WARNING neutron.quota.resource_registry [None req-9c05bf05-a41c-4a64-b1f7-733ddff1f8fd - - - - - -] vpnservice is already registered
2026-05-08 21:47:59.557 7 INFO neutron.quota.resource_registry [None req-9c05bf05-a41c-4a64-b1f7-733ddff1f8fd - - - - - -] Creating instance of CountableResource for resource:ipsec_site_connection
2026-05-08 21:47:59.558 7 WARNING neutron.quota.resource_registry [None req-9c05bf05-a41c-4a64-b1f7-733ddff1f8fd - - - - - -] ipsec_site_connection is already registered
2026-05-08 21:47:59.558 7 INFO neutron.quota.resource_registry [None req-9c05bf05-a41c-4a64-b1f7-733ddff1f8fd - - - - - -] Creating instance of CountableResource for resource:ipsecpolicy
2026-05-08 21:47:59.558 7 WARNING neutron.quota.resource_registry [None req-9c05bf05-a41c-4a64-b1f7-733ddff1f8fd - - - - - -] ipsecpolicy is already registered
2026-05-08 21:47:59.558 7 INFO neutron.quota.resource_registry [None req-9c05bf05-a41c-4a64-b1f7-733ddff1f8fd - - - - - -] Creating instance of CountableResource for resource:ikepolicy
2026-05-08 21:47:59.559 7 WARNING neutron.quota.resource_registry [None req-9c05bf05-a41c-4a64-b1f7-733ddff1f8fd - - - - - -] ikepolicy is already registered
2026-05-08 21:47:59.559 8 INFO neutron.api.extensions [None req-85e34fd2-a72a-4918-9cf8-12174d6eab93 - - - - - -] Loaded extension: quotas
2026-05-08 21:47:59.560 8 INFO neutron.api.extensions [None req-85e34fd2-a72a-4918-9cf8-12174d6eab93 - - - - - -] Loaded extension: quota_details
2026-05-08 21:47:59.562 8 INFO neutron.api.extensions [None req-85e34fd2-a72a-4918-9cf8-12174d6eab93 - - - - - -] Loaded extension: rbac-policies
2026-05-08 21:47:59.563 8 INFO neutron.api.extensions [None req-85e34fd2-a72a-4918-9cf8-12174d6eab93 - - - - - -] Extension rbac-address-group not supported by any of loaded plugins
2026-05-08 21:47:59.563 8 INFO neutron.api.extensions [None req-85e34fd2-a72a-4918-9cf8-12174d6eab93 - - - - - -] Loaded extension: rbac-address-scope
2026-05-08 21:47:59.564 8 INFO neutron.api.extensions [None req-85e34fd2-a72a-4918-9cf8-12174d6eab93 - - - - - -] Loaded extension: rbac-security-groups
2026-05-08 21:47:59.565 8 INFO neutron.api.extensions [None req-85e34fd2-a72a-4918-9cf8-12174d6eab93 - - - - - -] Extension rbac-subnetpool not supported by any of loaded plugins
2026-05-08 21:47:59.565 8 INFO neutron.api.extensions [None req-85e34fd2-a72a-4918-9cf8-12174d6eab93 - - - - - -] Loaded extension: revision-if-match
2026-05-08 21:47:59.566 8 INFO neutron.api.extensions [None req-85e34fd2-a72a-4918-9cf8-12174d6eab93 - - - - - -] Loaded extension: standard-attr-revisions
2026-05-08 21:47:59.567 8 INFO neutron.api.extensions [None req-85e34fd2-a72a-4918-9cf8-12174d6eab93 - - - - - -] Loaded extension: router_availability_zone
2026-05-08 21:47:59.567 8 INFO neutron.api.extensions [None req-85e34fd2-a72a-4918-9cf8-12174d6eab93 - - - - - -] Loaded extension: router-enable-snat
2026-05-08 21:47:59.568 8 INFO neutron.api.extensions [None req-85e34fd2-a72a-4918-9cf8-12174d6eab93 - - - - - -] Extension router-service-type not supported by any of loaded plugins
2026-05-08 21:47:59.570 8 INFO neutron.api.extensions [None req-85e34fd2-a72a-4918-9cf8-12174d6eab93 - - - - - -] Loaded extension: security-groups-default-rules
2026-05-08 21:47:59.570 8 INFO neutron.api.extensions [None req-85e34fd2-a72a-4918-9cf8-12174d6eab93 - - - - - -] Loaded extension: security-groups-normalized-cidr
2026-05-08 21:47:59.571 8 INFO neutron.api.extensions [None req-85e34fd2-a72a-4918-9cf8-12174d6eab93 - - - - - -] Extension port-security-groups-filtering not supported by any of loaded plugins
2026-05-08 21:47:59.572 8 INFO neutron.api.extensions [None req-85e34fd2-a72a-4918-9cf8-12174d6eab93 - - - - - -] Loaded extension: security-groups-remote-address-group
2026-05-08 21:47:59.572 8 INFO neutron.api.extensions [None req-85e34fd2-a72a-4918-9cf8-12174d6eab93 - - - - - -] Loaded extension: security-groups-rules-belongs-to-default-sg
2026-05-08 21:47:59.573 8 INFO neutron.api.extensions [None req-85e34fd2-a72a-4918-9cf8-12174d6eab93 - - - - - -] Loaded extension: security-groups-shared-filtering
2026-05-08 21:47:59.577 8 INFO neutron.api.extensions [None req-85e34fd2-a72a-4918-9cf8-12174d6eab93 - - - - - -] Loaded extension: security-group
2026-05-08 21:47:59.579 8 INFO neutron.api.extensions [None req-85e34fd2-a72a-4918-9cf8-12174d6eab93 - - - - - -] Loaded extension: segment
2026-05-08 21:47:59.579 8 INFO neutron.api.extensions [None req-85e34fd2-a72a-4918-9cf8-12174d6eab93 - - - - - -] Loaded extension: segments-peer-subnet-host-routes
2026-05-08 21:47:59.580 8 INFO neutron.api.extensions [None req-85e34fd2-a72a-4918-9cf8-12174d6eab93 - - - - - -] Loaded extension: service-type
2026-05-08 21:47:59.581 8 INFO neutron.api.extensions [None req-85e34fd2-a72a-4918-9cf8-12174d6eab93 - - - - - -] Loaded extension: sorting
2026-05-08 21:47:59.581 8 INFO neutron.api.extensions [None req-85e34fd2-a72a-4918-9cf8-12174d6eab93 - - - - - -] Loaded extension: standard-attr-segment
2026-05-08 21:47:59.582 8 INFO neutron.api.extensions [None req-85e34fd2-a72a-4918-9cf8-12174d6eab93 - - - - - -] Loaded extension: standard-attr-description
2026-05-08 21:47:59.583 8 INFO neutron.api.extensions [None req-85e34fd2-a72a-4918-9cf8-12174d6eab93 - - - - - -] Loaded extension: stateful-security-group
2026-05-08 21:47:59.583 8 WARNING neutron.api.extensions [None req-85e34fd2-a72a-4918-9cf8-12174d6eab93 - - - - - -] Did not find expected name "Stdattrs_common" in /var/lib/openstack/lib/python3.12/site-packages/neutron/extensions/stdattrs_common.py
2026-05-08 21:47:59.584 8 INFO neutron.api.extensions [None req-85e34fd2-a72a-4918-9cf8-12174d6eab93 - - - - - -] Loaded extension: subnet-dns-publish-fixed-ip
2026-05-08 21:47:59.584 8 INFO neutron.api.extensions [None req-85e34fd2-a72a-4918-9cf8-12174d6eab93 - - - - - -] Loaded extension: subnet-external-network
2026-05-08 21:47:59.585 8 INFO neutron.api.extensions [None req-85e34fd2-a72a-4918-9cf8-12174d6eab93 - - - - - -] Extension subnet_onboard not supported by any of loaded plugins
2026-05-08 21:47:59.586 8 INFO neutron.api.extensions [None req-85e34fd2-a72a-4918-9cf8-12174d6eab93 - - - - - -] Loaded extension: subnet-segmentid-writable
2026-05-08 21:47:59.587 8 INFO neutron.api.extensions [None req-85e34fd2-a72a-4918-9cf8-12174d6eab93 - - - - - -] Loaded extension: subnet-service-types
2026-05-08 21:47:59.587 8 INFO neutron.api.extensions [None req-85e34fd2-a72a-4918-9cf8-12174d6eab93 - - - - - -] Loaded extension: subnet_allocation
2026-05-08 21:47:59.588 8 INFO neutron.api.extensions [None req-85e34fd2-a72a-4918-9cf8-12174d6eab93 - - - - - -] Loaded extension: subnetpool-prefix-ops
2026-05-08 21:47:59.588 8 INFO neutron.api.extensions [None req-85e34fd2-a72a-4918-9cf8-12174d6eab93 - - - - - -] Loaded extension: tag-creation
2026-05-08 21:47:59.590 8 INFO neutron.api.extensions [None req-85e34fd2-a72a-4918-9cf8-12174d6eab93 - - - - - -] Extension tag-ports-during-bulk-creation not supported by any of loaded plugins
2026-05-08 21:47:59.599 7 WARNING keystonemiddleware._common.config [None req-9c05bf05-a41c-4a64-b1f7-733ddff1f8fd - - - - - -] The option "audit_map_file" is not known to keystonemiddleware
2026-05-08 21:47:59.599 8 INFO neutron.api.extensions [None req-85e34fd2-a72a-4918-9cf8-12174d6eab93 - - - - - -] Loaded extension: standard-attr-tag
2026-05-08 21:47:59.600 8 INFO neutron.api.extensions [None req-85e34fd2-a72a-4918-9cf8-12174d6eab93 - - - - - -] Loaded extension: standard-attr-timestamp
2026-05-08 21:47:59.601 8 INFO neutron.api.extensions [None req-85e34fd2-a72a-4918-9cf8-12174d6eab93 - - - - - -] Loaded extension: trunk
2026-05-08 21:47:59.602 8 INFO neutron.api.extensions [None req-85e34fd2-a72a-4918-9cf8-12174d6eab93 - - - - - -] Loaded extension: trunk-details
2026-05-08 21:47:59.602 8 INFO neutron.api.extensions [None req-85e34fd2-a72a-4918-9cf8-12174d6eab93 - - - - - -] Extension uplink-status-propagation not supported by any of loaded plugins
2026-05-08 21:47:59.603 8 INFO neutron.api.extensions [None req-85e34fd2-a72a-4918-9cf8-12174d6eab93 - - - - - -] Extension uplink-status-propagation-updatable not supported by any of loaded plugins
2026-05-08 21:47:59.603 8 INFO neutron.api.extensions [None req-85e34fd2-a72a-4918-9cf8-12174d6eab93 - - - - - -] Loaded extension: vlan-transparent
2026-05-08 21:47:59.604 8 INFO neutron.api.extensions [None req-85e34fd2-a72a-4918-9cf8-12174d6eab93 - - - - - -] Loaded extension: vpn-aes-ctr
2026-05-08 21:47:59.606 7 WARNING oslo_config.cfg [None req-9c05bf05-a41c-4a64-b1f7-733ddff1f8fd - - - - - -] Deprecated: Option "auth_uri" from group "keystone_authtoken" is deprecated. Use option "www_authenticate_uri" from group "keystone_authtoken".
2026-05-08 21:47:59.607 8 INFO neutron.api.extensions [None req-85e34fd2-a72a-4918-9cf8-12174d6eab93 - - - - - -] Loaded extension: vpn-agent-scheduler
2026-05-08 21:47:59.608 8 INFO neutron.api.extensions [None req-85e34fd2-a72a-4918-9cf8-12174d6eab93 - - - - - -] Loaded extension: vpn-endpoint-groups
2026-05-08 21:47:59.609 8 INFO neutron.api.extensions [None req-85e34fd2-a72a-4918-9cf8-12174d6eab93 - - - - - -] Loaded extension: vpn-flavors
2026-05-08 21:47:59.610 8 INFO neutron.api.extensions [None req-85e34fd2-a72a-4918-9cf8-12174d6eab93 - - - - - -] Loaded extension: vpnaas
2026-05-08 21:47:59.612 8 INFO neutron.api.extensions [None req-85e34fd2-a72a-4918-9cf8-12174d6eab93 - - - - - -] Loaded extension: taas
2026-05-08 21:47:59.613 8 INFO neutron.api.extensions [None req-85e34fd2-a72a-4918-9cf8-12174d6eab93 - - - - - -] Loaded extension: tap-mirror
2026-05-08 21:47:59.613 8 INFO neutron.api.extensions [None req-85e34fd2-a72a-4918-9cf8-12174d6eab93 - - - - - -] Loaded extension: tap-mirror-both-direction
2026-05-08 21:47:59.614 8 INFO neutron.api.extensions [None req-85e34fd2-a72a-4918-9cf8-12174d6eab93 - - - - - -] Loaded extension: taas-vlan-filter
2026-05-08 21:47:59.617 8 INFO neutron.quota.resource_registry [None req-85e34fd2-a72a-4918-9cf8-12174d6eab93 - - - - - -] Creating instance of TrackedResource for resource:network
2026-05-08 21:47:59.617 8 INFO neutron.quota.resource_registry [None req-85e34fd2-a72a-4918-9cf8-12174d6eab93 - - - - - -] Creating instance of TrackedResource for resource:subnet
2026-05-08 21:47:59.617 8 INFO neutron.quota.resource_registry [None req-85e34fd2-a72a-4918-9cf8-12174d6eab93 - - - - - -] Creating instance of TrackedResource for resource:subnetpool
2026-05-08 21:47:59.617 8 INFO neutron.quota.resource_registry [None req-85e34fd2-a72a-4918-9cf8-12174d6eab93 - - - - - -] Creating instance of TrackedResource for resource:port
2026-05-08 21:47:59.620 8 INFO neutron.quota.resource_registry [None req-85e34fd2-a72a-4918-9cf8-12174d6eab93 - - - - - -] Creating instance of TrackedResource for resource:router
2026-05-08 21:47:59.621 8 INFO neutron.quota.resource_registry [None req-85e34fd2-a72a-4918-9cf8-12174d6eab93 - - - - - -] Creating instance of TrackedResource for resource:floatingip
2026-05-08 21:47:59.625 8 INFO neutron.quota.resource_registry [None req-85e34fd2-a72a-4918-9cf8-12174d6eab93 - - - - - -] Creating instance of CountableResource for resource:rbac_policy
2026-05-08 21:47:59.626 8 INFO neutron.quota.resource_registry [None req-85e34fd2-a72a-4918-9cf8-12174d6eab93 - - - - - -] Creating instance of TrackedResource for resource:security_group
2026-05-08 21:47:59.626 8 INFO neutron.quota.resource_registry [None req-85e34fd2-a72a-4918-9cf8-12174d6eab93 - - - - - -] Creating instance of TrackedResource for resource:security_group_rule
2026-05-08 21:47:59.626 7 WARNING neutron.plugins.ml2.drivers.ovn.mech_driver.mech_driver [None req-9c05bf05-a41c-4a64-b1f7-733ddff1f8fd - - - - - -] uWSGI must provide a start time using the configuration parameter "start-time %t" in the configuration file
2026-05-08 21:47:59.627 8 WARNING neutron.api.api_common [None req-85e34fd2-a72a-4918-9cf8-12174d6eab93 - - - - - -] The plugin class neutron.db.servicetype_db.ServiceTypeManager should inherit from ``ServicePluginBase`` or ``NeutronDbPluginV2``. This class needs to be refactored. Please report a Launchpad bug in https://bugs.launchpad.net/neutron.
2026-05-08 21:47:59.627 8 INFO neutron.quota.resource_registry [None req-85e34fd2-a72a-4918-9cf8-12174d6eab93 - - - - - -] Creating instance of TrackedResource for resource:subnetpool
2026-05-08 21:47:59.627 8 WARNING neutron.quota.resource_registry [None req-85e34fd2-a72a-4918-9cf8-12174d6eab93 - - - - - -] subnetpool is already registered
2026-05-08 21:47:59.628 8 INFO neutron.quota.resource_registry [None req-85e34fd2-a72a-4918-9cf8-12174d6eab93 - - - - - -] Creating instance of CountableResource for resource:trunk
2026-05-08 21:47:59.628 8 INFO neutron.quota.resource_registry [None req-85e34fd2-a72a-4918-9cf8-12174d6eab93 - - - - - -] Creating instance of CountableResource for resource:ikepolicy
2026-05-08 21:47:59.628 8 INFO neutron.quota.resource_registry [None req-85e34fd2-a72a-4918-9cf8-12174d6eab93 - - - - - -] Creating instance of CountableResource for resource:ipsecpolicy
2026-05-08 21:47:59.629 8 INFO neutron.quota.resource_registry [None req-85e34fd2-a72a-4918-9cf8-12174d6eab93 - - - - - -] Creating instance of CountableResource for resource:endpoint_group
2026-05-08 21:47:59.629 8 INFO neutron.quota.resource_registry [None req-85e34fd2-a72a-4918-9cf8-12174d6eab93 - - - - - -] Creating instance of CountableResource for resource:vpnservice
2026-05-08 21:47:59.630 8 INFO neutron.quota.resource_registry [None req-85e34fd2-a72a-4918-9cf8-12174d6eab93 - - - - - -] Creating instance of CountableResource for resource:ipsec_site_connection
2026-05-08 21:47:59.630 8 INFO neutron.quota.resource_registry [None req-85e34fd2-a72a-4918-9cf8-12174d6eab93 - - - - - -] Creating instance of CountableResource for resource:ipsecpolicy
2026-05-08 21:47:59.630 8 WARNING neutron.quota.resource_registry [None req-85e34fd2-a72a-4918-9cf8-12174d6eab93 - - - - - -] ipsecpolicy is already registered
2026-05-08 21:47:59.630 8 INFO neutron.quota.resource_registry [None req-85e34fd2-a72a-4918-9cf8-12174d6eab93 - - - - - -] Creating instance of CountableResource for resource:ikepolicy
2026-05-08 21:47:59.631 8 WARNING neutron.quota.resource_registry [None req-85e34fd2-a72a-4918-9cf8-12174d6eab93 - - - - - -] ikepolicy is already registered
2026-05-08 21:47:59.632 8 WARNING neutron.api.api_common [None req-85e34fd2-a72a-4918-9cf8-12174d6eab93 - - - - - -] The plugin class builtins.NoneType should inherit from ``ServicePluginBase`` or ``NeutronDbPluginV2``. This class needs to be refactored. Please report a Launchpad bug in https://bugs.launchpad.net/neutron.
2026-05-08 21:47:59.632 8 WARNING neutron.api.api_common [None req-85e34fd2-a72a-4918-9cf8-12174d6eab93 - - - - - -] The plugin class builtins.NoneType should inherit from ``ServicePluginBase`` or ``NeutronDbPluginV2``. This class needs to be refactored. Please report a Launchpad bug in https://bugs.launchpad.net/neutron.
2026-05-08 21:47:59.632 8 WARNING neutron.api.api_common [None req-85e34fd2-a72a-4918-9cf8-12174d6eab93 - - - - - -] The plugin class builtins.NoneType should inherit from ``ServicePluginBase`` or ``NeutronDbPluginV2``. This class needs to be refactored. Please report a Launchpad bug in https://bugs.launchpad.net/neutron.
2026-05-08 21:47:59.633 8 WARNING neutron.api.api_common [None req-85e34fd2-a72a-4918-9cf8-12174d6eab93 - - - - - -] The plugin class neutron.db.servicetype_db.ServiceTypeManager should inherit from ``ServicePluginBase`` or ``NeutronDbPluginV2``. This class needs to be refactored. Please report a Launchpad bug in https://bugs.launchpad.net/neutron.
2026-05-08 21:47:59.633 8 WARNING neutron.api.api_common [None req-85e34fd2-a72a-4918-9cf8-12174d6eab93 - - - - - -] The plugin class builtins.NoneType should inherit from ``ServicePluginBase`` or ``NeutronDbPluginV2``. This class needs to be refactored. Please report a Launchpad bug in https://bugs.launchpad.net/neutron.
2026-05-08 21:47:59.633 8 WARNING neutron.api.api_common [None req-85e34fd2-a72a-4918-9cf8-12174d6eab93 - - - - - -] The plugin class builtins.NoneType should inherit from ``ServicePluginBase`` or ``NeutronDbPluginV2``. This class needs to be refactored. Please report a Launchpad bug in https://bugs.launchpad.net/neutron.
2026-05-08 21:47:59.633 8 WARNING neutron.api.api_common [None req-85e34fd2-a72a-4918-9cf8-12174d6eab93 - - - - - -] The plugin class builtins.NoneType should inherit from ``ServicePluginBase`` or ``NeutronDbPluginV2``. This class needs to be refactored. Please report a Launchpad bug in https://bugs.launchpad.net/neutron.
2026-05-08 21:47:59.633 8 WARNING neutron.api.api_common [None req-85e34fd2-a72a-4918-9cf8-12174d6eab93 - - - - - -] The plugin class builtins.NoneType should inherit from ``ServicePluginBase`` or ``NeutronDbPluginV2``. This class needs to be refactored. Please report a Launchpad bug in https://bugs.launchpad.net/neutron.
2026-05-08 21:47:59.633 8 WARNING neutron.api.api_common [None req-85e34fd2-a72a-4918-9cf8-12174d6eab93 - - - - - -] The plugin class builtins.NoneType should inherit from ``ServicePluginBase`` or ``NeutronDbPluginV2``. This class needs to be refactored. Please report a Launchpad bug in https://bugs.launchpad.net/neutron.
2026-05-08 21:47:59.633 8 WARNING neutron.api.api_common [None req-85e34fd2-a72a-4918-9cf8-12174d6eab93 - - - - - -] The plugin class builtins.NoneType should inherit from ``ServicePluginBase`` or ``NeutronDbPluginV2``. This class needs to be refactored. Please report a Launchpad bug in https://bugs.launchpad.net/neutron.
2026-05-08 21:47:59.633 8 WARNING neutron.api.api_common [None req-85e34fd2-a72a-4918-9cf8-12174d6eab93 - - - - - -] The plugin class builtins.NoneType should inherit from ``ServicePluginBase`` or ``NeutronDbPluginV2``. This class needs to be refactored. Please report a Launchpad bug in https://bugs.launchpad.net/neutron.
2026-05-08 21:47:59.634 8 WARNING neutron.api.api_common [None req-85e34fd2-a72a-4918-9cf8-12174d6eab93 - - - - - -] The plugin class builtins.NoneType should inherit from ``ServicePluginBase`` or ``NeutronDbPluginV2``. This class needs to be refactored. Please report a Launchpad bug in https://bugs.launchpad.net/neutron.
2026-05-08 21:47:59.634 8 WARNING neutron.api.api_common [None req-85e34fd2-a72a-4918-9cf8-12174d6eab93 - - - - - -] The plugin class builtins.NoneType should inherit from ``ServicePluginBase`` or ``NeutronDbPluginV2``. This class needs to be refactored. Please report a Launchpad bug in https://bugs.launchpad.net/neutron.
2026-05-08 21:47:59.634 8 WARNING neutron.api.api_common [None req-85e34fd2-a72a-4918-9cf8-12174d6eab93 - - - - - -] The plugin class builtins.NoneType should inherit from ``ServicePluginBase`` or ``NeutronDbPluginV2``. This class needs to be refactored. Please report a Launchpad bug in https://bugs.launchpad.net/neutron.
2026-05-08 21:47:59.634 8 WARNING neutron.api.api_common [None req-85e34fd2-a72a-4918-9cf8-12174d6eab93 - - - - - -] The plugin class builtins.NoneType should inherit from ``ServicePluginBase`` or ``NeutronDbPluginV2``. This class needs to be refactored. Please report a Launchpad bug in https://bugs.launchpad.net/neutron.
2026-05-08 21:47:59.634 8 WARNING neutron.api.api_common [None req-85e34fd2-a72a-4918-9cf8-12174d6eab93 - - - - - -] The plugin class builtins.NoneType should inherit from ``ServicePluginBase`` or ``NeutronDbPluginV2``. This class needs to be refactored. Please report a Launchpad bug in https://bugs.launchpad.net/neutron.
2026-05-08 21:47:59.637 8 INFO neutron.quota.resource_registry [None req-85e34fd2-a72a-4918-9cf8-12174d6eab93 - - - - - -] Creating instance of TrackedResource for resource:router
2026-05-08 21:47:59.637 8 WARNING neutron.quota.resource_registry [None req-85e34fd2-a72a-4918-9cf8-12174d6eab93 - - - - - -] router is already registered
2026-05-08 21:47:59.637 8 INFO neutron.quota.resource_registry [None req-85e34fd2-a72a-4918-9cf8-12174d6eab93 - - - - - -] Creating instance of TrackedResource for resource:floatingip
2026-05-08 21:47:59.637 8 WARNING neutron.quota.resource_registry [None req-85e34fd2-a72a-4918-9cf8-12174d6eab93 - - - - - -] floatingip is already registered
2026-05-08 21:47:59.642 8 INFO neutron.quota.resource_registry [None req-85e34fd2-a72a-4918-9cf8-12174d6eab93 - - - - - -] Creating instance of CountableResource for resource:rbac_policy
2026-05-08 21:47:59.642 8 WARNING neutron.quota.resource_registry [None req-85e34fd2-a72a-4918-9cf8-12174d6eab93 - - - - - -] rbac_policy is already registered
2026-05-08 21:47:59.642 7 INFO neutron.db.ovn_hash_ring_db [None req-9c05bf05-a41c-4a64-b1f7-733ddff1f8fd - - - - - -] Nodes from host "neutron-server-f57f54b59-p4kf2" and group "mechanism_driver" removed from the Hash Ring created at
2026-05-08 21:47:59+00:00
2026-05-08 21:47:59.642 8 INFO neutron.quota.resource_registry [None req-85e34fd2-a72a-4918-9cf8-12174d6eab93 - - - - - -] Creating instance of TrackedResource for resource:security_group
2026-05-08 21:47:59.642 8 WARNING neutron.quota.resource_registry [None req-85e34fd2-a72a-4918-9cf8-12174d6eab93 - - - - - -] security_group is already registered
2026-05-08 21:47:59.643 8 INFO neutron.quota.resource_registry [None req-85e34fd2-a72a-4918-9cf8-12174d6eab93 - - - - - -] Creating instance of TrackedResource for resource:security_group_rule
2026-05-08 21:47:59.643 8 WARNING neutron.quota.resource_registry [None req-85e34fd2-a72a-4918-9cf8-12174d6eab93 - - - - - -] security_group_rule is already registered
2026-05-08 21:47:59.643 8 WARNING neutron.api.api_common [None req-85e34fd2-a72a-4918-9cf8-12174d6eab93 - - - - - -] The plugin class neutron.db.servicetype_db.ServiceTypeManager should inherit from ``ServicePluginBase`` or ``NeutronDbPluginV2``. This class needs to be refactored. Please report a Launchpad bug in https://bugs.launchpad.net/neutron.
2026-05-08 21:47:59.644 8 INFO neutron.quota.resource_registry [None req-85e34fd2-a72a-4918-9cf8-12174d6eab93 - - - - - -] Creating instance of TrackedResource for resource:subnetpool
2026-05-08 21:47:59.644 7 INFO neutron.db.ovn_hash_ring_db [None req-9c05bf05-a41c-4a64-b1f7-733ddff1f8fd - - - - - -] Node ac536f66c7255d1dbbfed572ee16a365 from host "neutron-server-f57f54b59-p4kf2" and group "mechanism_driver" added to the Hash Ring
2026-05-08 21:47:59.644 8 WARNING neutron.quota.resource_registry [None req-85e34fd2-a72a-4918-9cf8-12174d6eab93 - - - - - -] subnetpool is already registered
2026-05-08 21:47:59.644 8 INFO neutron.quota.resource_registry [None req-85e34fd2-a72a-4918-9cf8-12174d6eab93 - - - - - -] Creating instance of CountableResource for resource:trunk
2026-05-08 21:47:59.645 8 WARNING neutron.quota.resource_registry [None req-85e34fd2-a72a-4918-9cf8-12174d6eab93 - - - - - -] trunk is already registered
2026-05-08 21:47:59.645 8 INFO neutron.quota.resource_registry [None req-85e34fd2-a72a-4918-9cf8-12174d6eab93 - - - - - -] Creating instance of CountableResource for resource:ikepolicy
2026-05-08 21:47:59.645 8 WARNING neutron.quota.resource_registry [None req-85e34fd2-a72a-4918-9cf8-12174d6eab93 - - - - - -] ikepolicy is already registered
2026-05-08 21:47:59.645 8 INFO neutron.quota.resource_registry [None req-85e34fd2-a72a-4918-9cf8-12174d6eab93 - - - - - -] Creating instance of CountableResource for resource:ipsecpolicy
2026-05-08 21:47:59.646 8 WARNING neutron.quota.resource_registry [None req-85e34fd2-a72a-4918-9cf8-12174d6eab93 - - - - - -] ipsecpolicy is already registered
2026-05-08 21:47:59.646 8 INFO neutron.quota.resource_registry [None req-85e34fd2-a72a-4918-9cf8-12174d6eab93 - - - - - -] Creating instance of CountableResource for resource:endpoint_group
2026-05-08 21:47:59.646 8 WARNING neutron.quota.resource_registry [None req-85e34fd2-a72a-4918-9cf8-12174d6eab93 - - - - - -] endpoint_group is already registered
2026-05-08 21:47:59.646 8 INFO neutron.quota.resource_registry [None req-85e34fd2-a72a-4918-9cf8-12174d6eab93 - - - - - -] Creating instance of CountableResource for resource:vpnservice
2026-05-08 21:47:59.647 8 WARNING neutron.quota.resource_registry [None req-85e34fd2-a72a-4918-9cf8-12174d6eab93 - - - - - -] vpnservice is already registered
2026-05-08 21:47:59.647 8 INFO neutron.quota.resource_registry [None req-85e34fd2-a72a-4918-9cf8-12174d6eab93 - - - - - -] Creating instance of CountableResource for resource:ipsec_site_connection
2026-05-08 21:47:59.647 8 WARNING neutron.quota.resource_registry [None req-85e34fd2-a72a-4918-9cf8-12174d6eab93 - - - - - -] ipsec_site_connection is already registered
2026-05-08 21:47:59.647 8 INFO neutron.quota.resource_registry [None req-85e34fd2-a72a-4918-9cf8-12174d6eab93 - - - - - -] Creating instance of CountableResource for resource:ipsecpolicy
2026-05-08 21:47:59.648 8 WARNING neutron.quota.resource_registry [None req-85e34fd2-a72a-4918-9cf8-12174d6eab93 - - - - - -] ipsecpolicy is already registered
2026-05-08 21:47:59.648 8 INFO neutron.quota.resource_registry [None req-85e34fd2-a72a-4918-9cf8-12174d6eab93 - - - - - -] Creating instance of CountableResource for resource:ikepolicy
2026-05-08 21:47:59.648 8 WARNING neutron.quota.resource_registry [None req-85e34fd2-a72a-4918-9cf8-12174d6eab93 - - - - - -] ikepolicy is already registered
2026-05-08 21:47:59.651 7 INFO neutron.plugins.ml2.drivers.ovn.mech_driver.mech_driver [None req-9c05bf05-a41c-4a64-b1f7-733ddff1f8fd - - - - - -] Hash Ring probing thread for node ac536f66c7255d1dbbfed572ee16a365 has started
2026-05-08 21:47:59.652 7 INFO neutron.plugins.ml2.drivers.ovn.mech_driver.ovsdb.impl_idl_ovn [None req-9c05bf05-a41c-4a64-b1f7-733ddff1f8fd - - - - - -] Getting OvsdbNbOvnIdl for WorkerService with retry
2026-05-08 21:47:59.684 7 INFO ovsdbapp.backend.ovs_idl.vlog [None req-9c05bf05-a41c-4a64-b1f7-733ddff1f8fd - - - - - -] tcp:10.110.131.193:6641: connecting...
2026-05-08 21:47:59.684 7 INFO ovsdbapp.backend.ovs_idl.vlog [None req-9c05bf05-a41c-4a64-b1f7-733ddff1f8fd - - - - - -] tcp:10.110.131.193:6641: connected
2026-05-08 21:47:59.685 8 WARNING keystonemiddleware._common.config [None req-85e34fd2-a72a-4918-9cf8-12174d6eab93 - - - - - -] The option "audit_map_file" is not known to keystonemiddleware
2026-05-08 21:47:59.692 8 WARNING oslo_config.cfg [None req-85e34fd2-a72a-4918-9cf8-12174d6eab93 - - - - - -] Deprecated: Option "auth_uri" from group "keystone_authtoken" is deprecated. Use option "www_authenticate_uri" from group "keystone_authtoken".
2026-05-08 21:47:59.715 8 WARNING neutron.plugins.ml2.drivers.ovn.mech_driver.mech_driver [None req-85e34fd2-a72a-4918-9cf8-12174d6eab93 - - - - - -] uWSGI must provide a start time using the configuration parameter "start-time %t" in the configuration file
2026-05-08 21:47:59.728 8 INFO neutron.db.ovn_hash_ring_db [None req-85e34fd2-a72a-4918-9cf8-12174d6eab93 - - - - - -] Nodes from host "neutron-server-f57f54b59-p4kf2" and group "mechanism_driver" removed from the Hash Ring created at
2026-05-08 21:47:59+00:00
2026-05-08 21:47:59.730 8 INFO neutron.db.ovn_hash_ring_db [None req-85e34fd2-a72a-4918-9cf8-12174d6eab93 - - - - - -] Node c0a8fa03209d57eabaf303e809e0c6f2 from host "neutron-server-f57f54b59-p4kf2" and group "mechanism_driver" added to the Hash Ring
2026-05-08 21:47:59.737 8 INFO neutron.plugins.ml2.drivers.ovn.mech_driver.mech_driver [None req-85e34fd2-a72a-4918-9cf8-12174d6eab93 - - - - - -] Hash Ring probing thread for node c0a8fa03209d57eabaf303e809e0c6f2 has started
2026-05-08 21:47:59.738 8 INFO neutron.plugins.ml2.drivers.ovn.mech_driver.ovsdb.impl_idl_ovn [None req-85e34fd2-a72a-4918-9cf8-12174d6eab93 - - - - - -] Getting OvsdbNbOvnIdl for WorkerService with retry
2026-05-08 21:47:59.740 7 INFO neutron.plugins.ml2.drivers.ovn.mech_driver.ovsdb.impl_idl_ovn [None req-9c05bf05-a41c-4a64-b1f7-733ddff1f8fd - - - - - -] Getting OvsdbSbOvnIdl for WorkerService with retry
2026-05-08 21:47:59.759 7 INFO ovsdbapp.backend.ovs_idl.vlog [None req-9c05bf05-a41c-4a64-b1f7-733ddff1f8fd - - - - - -] tcp:10.102.117.48:6642: connecting...
2026-05-08 21:47:59.759 7 INFO ovsdbapp.backend.ovs_idl.vlog [None req-9c05bf05-a41c-4a64-b1f7-733ddff1f8fd - - - - - -] tcp:10.102.117.48:6642: connected
2026-05-08 21:47:59.769 8 INFO ovsdbapp.backend.ovs_idl.vlog [None req-85e34fd2-a72a-4918-9cf8-12174d6eab93 - - - - - -] tcp:10.110.131.193:6641: connecting...
