May 09 07:23:29.714921 np0000173004 systemd[1]: Starting devstack@n-api-meta.service - Devstack devstack@n-api-meta.service...
May 09 07:23:29.724146 np0000173004 devstack@n-api-meta.service[108402]: [uWSGI] getting INI configuration from /etc/nova/nova-metadata-uwsgi.ini
May 09 07:23:29.727053 np0000173004 devstack@n-api-meta.service[108402]: *** Starting uWSGI 2.0.24-debian (64bit) on [Sat May 9 07:23:29 2026] ***
May 09 07:23:29.727053 np0000173004 devstack@n-api-meta.service[108402]: compiled with version: 13.2.0 on 17 April 2024 16:23:48
May 09 07:23:29.727053 np0000173004 devstack@n-api-meta.service[108402]: os: Linux-6.8.0-111-generic #111-Ubuntu SMP PREEMPT_DYNAMIC Sat Apr 11 23:16:02 UTC 2026
May 09 07:23:29.727053 np0000173004 devstack@n-api-meta.service[108402]: nodename: np0000173004
May 09 07:23:29.727053 np0000173004 devstack@n-api-meta.service[108402]: machine: x86_64
May 09 07:23:29.727053 np0000173004 devstack@n-api-meta.service[108402]: clock source: unix
May 09 07:23:29.727053 np0000173004 devstack@n-api-meta.service[108402]: pcre jit disabled
May 09 07:23:29.727053 np0000173004 devstack@n-api-meta.service[108402]: detected number of CPU cores: 16
May 09 07:23:29.727053 np0000173004 devstack@n-api-meta.service[108402]: current working directory: /
May 09 07:23:29.727053 np0000173004 devstack@n-api-meta.service[108402]: detected binary path: /usr/bin/uwsgi-core
May 09 07:23:29.727053 np0000173004 devstack@n-api-meta.service[108402]: your processes number limit is 256917
May 09 07:23:29.727053 np0000173004 devstack@n-api-meta.service[108402]: your memory page size is 4096 bytes
May 09 07:23:29.727053 np0000173004 devstack@n-api-meta.service[108402]: detected max file descriptor number: 2048
May 09 07:23:29.727053 np0000173004 devstack@n-api-meta.service[108402]: lock engine: pthread robust mutexes
May 09 07:23:29.728509 np0000173004 devstack@n-api-meta.service[108402]: thunder lock: enabled
May 09 07:23:29.728509 np0000173004 devstack@n-api-meta.service[108402]: uWSGI http bound on 0.0.0.0:8775 fd 5
May 09 07:23:29.728509 np0000173004 devstack@n-api-meta.service[108402]: uwsgi socket 0 bound to TCP address 127.0.0.1:35833 (port auto-assigned) fd 4
May 09 07:23:29.728509 np0000173004 devstack@n-api-meta.service[108402]: Python version: 3.12.3 (main, Mar 23 2026, 19:04:32) [GCC 13.3.0]
May 09 07:23:29.728509 np0000173004 devstack@n-api-meta.service[108402]: PEP 405 virtualenv detected: /opt/stack/data/venv
May 09 07:23:29.728509 np0000173004 devstack@n-api-meta.service[108402]: Set PythonHome to /opt/stack/data/venv
May 09 07:23:29.761307 np0000173004 devstack@n-api-meta.service[108402]: Python main interpreter initialized at 0x7bb9a36a3668
May 09 07:23:29.761307 np0000173004 devstack@n-api-meta.service[108402]: python threads support enabled
May 09 07:23:29.761307 np0000173004 devstack@n-api-meta.service[108402]: your server socket listen backlog is limited to 100 connections
May 09 07:23:29.761307 np0000173004 devstack@n-api-meta.service[108402]: your mercy for graceful operations on workers is 80 seconds
May 09 07:23:29.761802 np0000173004 devstack@n-api-meta.service[108402]: mapped 671795 bytes (656 KB) for 4 cores
May 09 07:23:29.761962 np0000173004 devstack@n-api-meta.service[108402]: *** Operational MODE: preforking ***
May 09 07:23:29.762159 np0000173004 devstack@n-api-meta.service[108402]: *** uWSGI is running in multiple interpreter mode ***
May 09 07:23:29.762159 np0000173004 devstack@n-api-meta.service[108402]: spawned uWSGI master process (pid: 108402)
May 09 07:23:29.762414 np0000173004 systemd[1]: Started devstack@n-api-meta.service - Devstack devstack@n-api-meta.service.
May 09 07:23:29.763477 np0000173004 devstack@n-api-meta.service[108402]: spawned uWSGI worker 1 (pid: 108403, cores: 1)
May 09 07:23:29.763477 np0000173004 devstack@n-api-meta.service[108402]: spawned uWSGI worker 2 (pid: 108404, cores: 1)
May 09 07:23:29.763759 np0000173004 devstack@n-api-meta.service[108402]: spawned uWSGI worker 3 (pid: 108405, cores: 1)
May 09 07:23:29.764358 np0000173004 devstack@n-api-meta.service[108402]: spawned uWSGI worker 4 (pid: 108406, cores: 1)
May 09 07:23:29.764734 np0000173004 devstack@n-api-meta.service[108402]: spawned uWSGI http 1 (pid: 108407)
May 09 07:23:29.764734 np0000173004 devstack@n-api-meta.service[108402]: running "unix_signal:15 gracefully_kill_them_all" (master-start)...
May 09 07:23:30.096917 np0000173004 devstack@n-api-meta.service[108405]: /opt/stack/data/venv/lib/python3.12/site-packages/oslo_concurrency/lockutils.py:41: EventletDeprecationWarning:
May 09 07:23:30.096917 np0000173004 devstack@n-api-meta.service[108405]: Eventlet is deprecated. It is currently being maintained in bugfix mode, and
May 09 07:23:30.096917 np0000173004 devstack@n-api-meta.service[108405]: we strongly recommend against using it for new projects.
May 09 07:23:30.096917 np0000173004 devstack@n-api-meta.service[108405]: If you are already using Eventlet, we recommend migrating to a different
May 09 07:23:30.096917 np0000173004 devstack@n-api-meta.service[108405]: framework. For more detail see
May 09 07:23:30.096917 np0000173004 devstack@n-api-meta.service[108405]: https://eventlet.readthedocs.io/en/latest/asyncio/migration.html
May 09 07:23:30.096917 np0000173004 devstack@n-api-meta.service[108405]: import eventlet
May 09 07:23:30.098732 np0000173004 devstack@n-api-meta.service[108403]: /opt/stack/data/venv/lib/python3.12/site-packages/oslo_concurrency/lockutils.py:41: EventletDeprecationWarning:
May 09 07:23:30.098732 np0000173004 devstack@n-api-meta.service[108403]: Eventlet is deprecated. It is currently being maintained in bugfix mode, and
May 09 07:23:30.098732 np0000173004 devstack@n-api-meta.service[108403]: we strongly recommend against using it for new projects.
May 09 07:23:30.098732 np0000173004 devstack@n-api-meta.service[108403]: If you are already using Eventlet, we recommend migrating to a different
May 09 07:23:30.098732 np0000173004 devstack@n-api-meta.service[108403]: framework. For more detail see
May 09 07:23:30.098732 np0000173004 devstack@n-api-meta.service[108403]: https://eventlet.readthedocs.io/en/latest/asyncio/migration.html
May 09 07:23:30.098732 np0000173004 devstack@n-api-meta.service[108403]: import eventlet
May 09 07:23:30.104338 np0000173004 devstack@n-api-meta.service[108406]: /opt/stack/data/venv/lib/python3.12/site-packages/oslo_concurrency/lockutils.py:41: EventletDeprecationWarning:
May 09 07:23:30.104338 np0000173004 devstack@n-api-meta.service[108406]: Eventlet is deprecated. It is currently being maintained in bugfix mode, and
May 09 07:23:30.104338 np0000173004 devstack@n-api-meta.service[108406]: we strongly recommend against using it for new projects.
May 09 07:23:30.104338 np0000173004 devstack@n-api-meta.service[108406]: If you are already using Eventlet, we recommend migrating to a different
May 09 07:23:30.104338 np0000173004 devstack@n-api-meta.service[108406]: framework. For more detail see
May 09 07:23:30.104338 np0000173004 devstack@n-api-meta.service[108406]: https://eventlet.readthedocs.io/en/latest/asyncio/migration.html
May 09 07:23:30.104338 np0000173004 devstack@n-api-meta.service[108406]: import eventlet
May 09 07:23:30.115431 np0000173004 devstack@n-api-meta.service[108404]: /opt/stack/data/venv/lib/python3.12/site-packages/oslo_concurrency/lockutils.py:41: EventletDeprecationWarning:
May 09 07:23:30.115431 np0000173004 devstack@n-api-meta.service[108404]: Eventlet is deprecated. It is currently being maintained in bugfix mode, and
May 09 07:23:30.115431 np0000173004 devstack@n-api-meta.service[108404]: we strongly recommend against using it for new projects.
May 09 07:23:30.115431 np0000173004 devstack@n-api-meta.service[108404]: If you are already using Eventlet, we recommend migrating to a different
May 09 07:23:30.115431 np0000173004 devstack@n-api-meta.service[108404]: framework. For more detail see
May 09 07:23:30.115431 np0000173004 devstack@n-api-meta.service[108404]: https://eventlet.readthedocs.io/en/latest/asyncio/migration.html
May 09 07:23:30.115431 np0000173004 devstack@n-api-meta.service[108404]: import eventlet
May 09 07:23:30.145804 np0000173004 devstack@n-api-meta.service[108405]: Service is starting with native threading. This is currently experimental. Do not use it in production without first testing it in pre-production.
May 09 07:23:30.152737 np0000173004 devstack@n-api-meta.service[108403]: Service is starting with native threading. This is currently experimental. Do not use it in production without first testing it in pre-production.
May 09 07:23:30.166388 np0000173004 devstack@n-api-meta.service[108406]: Service is starting with native threading. This is currently experimental. Do not use it in production without first testing it in pre-production.
May 09 07:23:30.166963 np0000173004 devstack@n-api-meta.service[108404]: Service is starting with native threading. This is currently experimental. Do not use it in production without first testing it in pre-production.
May 09 07:23:31.576918 np0000173004 devstack@n-api-meta.service[108405]: INFO dbcounter [None req-dc7fcb97-2b46-4fba-8717-2fb5dd7f39c9 None None] Registered counter for database nova_api
May 09 07:23:31.589932 np0000173004 devstack@n-api-meta.service[108405]: DEBUG oslo_db.sqlalchemy.engines [None req-dc7fcb97-2b46-4fba-8717-2fb5dd7f39c9 None None] MySQL server mode set to STRICT_TRANS_TABLES,STRICT_ALL_TABLES,NO_ZERO_IN_DATE,NO_ZERO_DATE,ERROR_FOR_DIVISION_BY_ZERO,TRADITIONAL,NO_ENGINE_SUBSTITUTION {{(pid=108405) _check_effective_sql_mode /opt/stack/data/venv/lib/python3.12/site-packages/oslo_db/sqlalchemy/engines.py:325}}
May 09 07:23:31.595474 np0000173004 devstack@n-api-meta.service[108404]: INFO dbcounter [None req-a5a03f61-aca5-4b8c-8d98-9ef523af19b8 None None] Registered counter for database nova_api
May 09 07:23:31.609277 np0000173004 devstack@n-api-meta.service[108404]: DEBUG oslo_db.sqlalchemy.engines [None req-a5a03f61-aca5-4b8c-8d98-9ef523af19b8 None None] MySQL server mode set to STRICT_TRANS_TABLES,STRICT_ALL_TABLES,NO_ZERO_IN_DATE,NO_ZERO_DATE,ERROR_FOR_DIVISION_BY_ZERO,TRADITIONAL,NO_ENGINE_SUBSTITUTION {{(pid=108404) _check_effective_sql_mode /opt/stack/data/venv/lib/python3.12/site-packages/oslo_db/sqlalchemy/engines.py:325}}
May 09 07:23:31.627420 np0000173004 devstack@n-api-meta.service[108405]: DEBUG dbcounter [-] [108405] Writer thread running {{(pid=108405) stat_writer /opt/stack/data/venv/lib/python3.12/site-packages/dbcounter.py:102}}
May 09 07:23:31.628038 np0000173004 devstack@n-api-meta.service[108406]: INFO dbcounter [None req-457721bf-df36-4b0d-9ea9-c70381e7d58f None None] Registered counter for database nova_api
May 09 07:23:31.630313 np0000173004 devstack@n-api-meta.service[108405]: DEBUG nova.context [None req-dc7fcb97-2b46-4fba-8717-2fb5dd7f39c9 None None] Found 2 cells: 00000000-0000-0000-0000-000000000000(cell0),32a28d3c-e52b-47bd-a873-6167b8c64bdc(cell1) {{(pid=108405) load_cells /opt/stack/nova/nova/context.py:509}}
May 09 07:23:31.630546 np0000173004 devstack@n-api-meta.service[108405]: INFO nova.utils [None req-dc7fcb97-2b46-4fba-8717-2fb5dd7f39c9 None None] The cell worker thread pool MainProcess.cell_worker is initialized
May 09 07:23:31.632345 np0000173004 devstack@n-api-meta.service[108405]: DEBUG oslo_concurrency.lockutils [None req-dc7fcb97-2b46-4fba-8717-2fb5dd7f39c9 None None] Acquiring lock "00000000-0000-0000-0000-000000000000" by "nova.context.set_target_cell..get_or_set_cached_cell_and_set_connections" {{(pid=108405) inner /opt/stack/data/venv/lib/python3.12/site-packages/oslo_concurrency/lockutils.py:506}}
May 09 07:23:31.632525 np0000173004 devstack@n-api-meta.service[108405]: DEBUG oslo_concurrency.lockutils [None req-dc7fcb97-2b46-4fba-8717-2fb5dd7f39c9 None None] Lock "00000000-0000-0000-0000-000000000000" acquired by "nova.context.set_target_cell..get_or_set_cached_cell_and_set_connections" :: waited 0.000s {{(pid=108405) inner /opt/stack/data/venv/lib/python3.12/site-packages/oslo_concurrency/lockutils.py:519}}
May 09 07:23:31.632897 np0000173004 devstack@n-api-meta.service[108405]: DEBUG oslo_concurrency.lockutils [None req-dc7fcb97-2b46-4fba-8717-2fb5dd7f39c9 None None] Lock "00000000-0000-0000-0000-000000000000" "released" by "nova.context.set_target_cell..get_or_set_cached_cell_and_set_connections" :: held 0.000s {{(pid=108405) inner /opt/stack/data/venv/lib/python3.12/site-packages/oslo_concurrency/lockutils.py:538}}
May 09 07:23:31.633584 np0000173004 devstack@n-api-meta.service[108405]: DEBUG oslo_concurrency.lockutils [None req-dc7fcb97-2b46-4fba-8717-2fb5dd7f39c9 None None] Acquiring lock "32a28d3c-e52b-47bd-a873-6167b8c64bdc" by "nova.context.set_target_cell..get_or_set_cached_cell_and_set_connections" {{(pid=108405) inner /opt/stack/data/venv/lib/python3.12/site-packages/oslo_concurrency/lockutils.py:506}}
May 09 07:23:31.633691 np0000173004 devstack@n-api-meta.service[108405]: DEBUG oslo_concurrency.lockutils [None req-dc7fcb97-2b46-4fba-8717-2fb5dd7f39c9 None None] Lock "32a28d3c-e52b-47bd-a873-6167b8c64bdc" acquired by "nova.context.set_target_cell..get_or_set_cached_cell_and_set_connections" :: waited 0.000s {{(pid=108405) inner /opt/stack/data/venv/lib/python3.12/site-packages/oslo_concurrency/lockutils.py:519}}
May 09 07:23:31.634080 np0000173004 devstack@n-api-meta.service[108403]: INFO dbcounter [None req-3e22cc4f-c157-4a86-939a-ae96b340f806 None None] Registered counter for database nova_api
May 09 07:23:31.634531 np0000173004 devstack@n-api-meta.service[108405]: DEBUG oslo_concurrency.lockutils [None req-dc7fcb97-2b46-4fba-8717-2fb5dd7f39c9 None None] Lock "32a28d3c-e52b-47bd-a873-6167b8c64bdc" "released" by "nova.context.set_target_cell..get_or_set_cached_cell_and_set_connections" :: held 0.001s {{(pid=108405) inner /opt/stack/data/venv/lib/python3.12/site-packages/oslo_concurrency/lockutils.py:538}}
May 09 07:23:31.637201 np0000173004 devstack@n-api-meta.service[108405]: INFO dbcounter [None req-dc7fcb97-2b46-4fba-8717-2fb5dd7f39c9 None None] Registered counter for database nova_cell0
May 09 07:23:31.641975 np0000173004 devstack@n-api-meta.service[108404]: DEBUG dbcounter [-] [108404] Writer thread running {{(pid=108404) stat_writer /opt/stack/data/venv/lib/python3.12/site-packages/dbcounter.py:102}}
May 09 07:23:31.642580 np0000173004 devstack@n-api-meta.service[108405]: INFO dbcounter [None req-dc7fcb97-2b46-4fba-8717-2fb5dd7f39c9 None None] Registered counter for database nova_cell1
May 09 07:23:31.642854 np0000173004 devstack@n-api-meta.service[108406]: DEBUG oslo_db.sqlalchemy.engines [None req-457721bf-df36-4b0d-9ea9-c70381e7d58f None None] MySQL server mode set to STRICT_TRANS_TABLES,STRICT_ALL_TABLES,NO_ZERO_IN_DATE,NO_ZERO_DATE,ERROR_FOR_DIVISION_BY_ZERO,TRADITIONAL,NO_ENGINE_SUBSTITUTION {{(pid=108406) _check_effective_sql_mode /opt/stack/data/venv/lib/python3.12/site-packages/oslo_db/sqlalchemy/engines.py:325}}
May 09 07:23:31.644180 np0000173004 devstack@n-api-meta.service[108404]: DEBUG nova.context [None req-a5a03f61-aca5-4b8c-8d98-9ef523af19b8 None None] Found 2 cells: 00000000-0000-0000-0000-000000000000(cell0),32a28d3c-e52b-47bd-a873-6167b8c64bdc(cell1) {{(pid=108404) load_cells /opt/stack/nova/nova/context.py:509}}
May 09 07:23:31.644412 np0000173004 devstack@n-api-meta.service[108404]: INFO nova.utils [None req-a5a03f61-aca5-4b8c-8d98-9ef523af19b8 None None] The cell worker thread pool MainProcess.cell_worker is initialized
May 09 07:23:31.646107 np0000173004 devstack@n-api-meta.service[108404]: DEBUG oslo_concurrency.lockutils [None req-a5a03f61-aca5-4b8c-8d98-9ef523af19b8 None None] Acquiring lock "00000000-0000-0000-0000-000000000000" by "nova.context.set_target_cell..get_or_set_cached_cell_and_set_connections" {{(pid=108404) inner /opt/stack/data/venv/lib/python3.12/site-packages/oslo_concurrency/lockutils.py:506}}
May 09 07:23:31.646266 np0000173004 devstack@n-api-meta.service[108404]: DEBUG oslo_concurrency.lockutils [None req-a5a03f61-aca5-4b8c-8d98-9ef523af19b8 None None] Lock "00000000-0000-0000-0000-000000000000" acquired by "nova.context.set_target_cell..get_or_set_cached_cell_and_set_connections" :: waited 0.000s {{(pid=108404) inner /opt/stack/data/venv/lib/python3.12/site-packages/oslo_concurrency/lockutils.py:519}}
May 09 07:23:31.646619 np0000173004 devstack@n-api-meta.service[108404]: DEBUG oslo_concurrency.lockutils [None req-a5a03f61-aca5-4b8c-8d98-9ef523af19b8 None None] Lock "00000000-0000-0000-0000-000000000000" "released" by "nova.context.set_target_cell..get_or_set_cached_cell_and_set_connections" :: held 0.000s {{(pid=108404) inner /opt/stack/data/venv/lib/python3.12/site-packages/oslo_concurrency/lockutils.py:538}}
May 09 07:23:31.647353 np0000173004 devstack@n-api-meta.service[108404]: DEBUG oslo_concurrency.lockutils [None req-a5a03f61-aca5-4b8c-8d98-9ef523af19b8 None None] Acquiring lock "32a28d3c-e52b-47bd-a873-6167b8c64bdc" by "nova.context.set_target_cell..get_or_set_cached_cell_and_set_connections" {{(pid=108404) inner /opt/stack/data/venv/lib/python3.12/site-packages/oslo_concurrency/lockutils.py:506}}
May 09 07:23:31.647508 np0000173004 devstack@n-api-meta.service[108404]: DEBUG oslo_concurrency.lockutils [None req-a5a03f61-aca5-4b8c-8d98-9ef523af19b8 None None] Lock "32a28d3c-e52b-47bd-a873-6167b8c64bdc" acquired by "nova.context.set_target_cell..get_or_set_cached_cell_and_set_connections" :: waited 0.000s {{(pid=108404) inner /opt/stack/data/venv/lib/python3.12/site-packages/oslo_concurrency/lockutils.py:519}}
May 09 07:23:31.648279 np0000173004 devstack@n-api-meta.service[108404]: DEBUG oslo_concurrency.lockutils [None req-a5a03f61-aca5-4b8c-8d98-9ef523af19b8 None None] Lock "32a28d3c-e52b-47bd-a873-6167b8c64bdc" "released" by "nova.context.set_target_cell..get_or_set_cached_cell_and_set_connections" :: held 0.001s {{(pid=108404) inner /opt/stack/data/venv/lib/python3.12/site-packages/oslo_concurrency/lockutils.py:538}}
May 09 07:23:31.653899 np0000173004 devstack@n-api-meta.service[108404]: INFO dbcounter [None req-a5a03f61-aca5-4b8c-8d98-9ef523af19b8 None None] Registered counter for database nova_cell0
May 09 07:23:31.654008 np0000173004 devstack@n-api-meta.service[108403]: DEBUG oslo_db.sqlalchemy.engines [None req-3e22cc4f-c157-4a86-939a-ae96b340f806 None None] MySQL server mode set to STRICT_TRANS_TABLES,STRICT_ALL_TABLES,NO_ZERO_IN_DATE,NO_ZERO_DATE,ERROR_FOR_DIVISION_BY_ZERO,TRADITIONAL,NO_ENGINE_SUBSTITUTION {{(pid=108403) _check_effective_sql_mode /opt/stack/data/venv/lib/python3.12/site-packages/oslo_db/sqlalchemy/engines.py:325}}
May 09 07:23:31.657099 np0000173004 devstack@n-api-meta.service[108404]: INFO dbcounter [None req-a5a03f61-aca5-4b8c-8d98-9ef523af19b8 None None] Registered counter for database nova_cell1
May 09 07:23:31.657493 np0000173004 devstack@n-api-meta.service[108405]: DEBUG oslo_db.sqlalchemy.engines [None req-dc7fcb97-2b46-4fba-8717-2fb5dd7f39c9 None None] MySQL server mode set to STRICT_TRANS_TABLES,STRICT_ALL_TABLES,NO_ZERO_IN_DATE,NO_ZERO_DATE,ERROR_FOR_DIVISION_BY_ZERO,TRADITIONAL,NO_ENGINE_SUBSTITUTION {{(pid=108405) _check_effective_sql_mode /opt/stack/data/venv/lib/python3.12/site-packages/oslo_db/sqlalchemy/engines.py:325}}
May 09 07:23:31.663948 np0000173004 devstack@n-api-meta.service[108405]: DEBUG oslo_db.sqlalchemy.engines [None req-dc7fcb97-2b46-4fba-8717-2fb5dd7f39c9 None None] MySQL server mode set to STRICT_TRANS_TABLES,STRICT_ALL_TABLES,NO_ZERO_IN_DATE,NO_ZERO_DATE,ERROR_FOR_DIVISION_BY_ZERO,TRADITIONAL,NO_ENGINE_SUBSTITUTION {{(pid=108405) _check_effective_sql_mode /opt/stack/data/venv/lib/python3.12/site-packages/oslo_db/sqlalchemy/engines.py:325}}
May 09 07:23:31.669443 np0000173004 devstack@n-api-meta.service[108404]: DEBUG oslo_db.sqlalchemy.engines [None req-a5a03f61-aca5-4b8c-8d98-9ef523af19b8 None None] MySQL server mode set to STRICT_TRANS_TABLES,STRICT_ALL_TABLES,NO_ZERO_IN_DATE,NO_ZERO_DATE,ERROR_FOR_DIVISION_BY_ZERO,TRADITIONAL,NO_ENGINE_SUBSTITUTION {{(pid=108404) _check_effective_sql_mode /opt/stack/data/venv/lib/python3.12/site-packages/oslo_db/sqlalchemy/engines.py:325}}
May 09 07:23:31.675577 np0000173004 devstack@n-api-meta.service[108406]: DEBUG dbcounter [-] [108406] Writer thread running {{(pid=108406) stat_writer /opt/stack/data/venv/lib/python3.12/site-packages/dbcounter.py:102}}
May 09 07:23:31.677957 np0000173004 devstack@n-api-meta.service[108406]: DEBUG nova.context [None req-457721bf-df36-4b0d-9ea9-c70381e7d58f None None] Found 2 cells: 00000000-0000-0000-0000-000000000000(cell0),32a28d3c-e52b-47bd-a873-6167b8c64bdc(cell1) {{(pid=108406) load_cells /opt/stack/nova/nova/context.py:509}}
May 09 07:23:31.678192 np0000173004 devstack@n-api-meta.service[108406]: INFO nova.utils [None req-457721bf-df36-4b0d-9ea9-c70381e7d58f None None] The cell worker thread pool MainProcess.cell_worker is initialized
May 09 07:23:31.679778 np0000173004 devstack@n-api-meta.service[108406]: DEBUG oslo_concurrency.lockutils [None req-457721bf-df36-4b0d-9ea9-c70381e7d58f None None] Acquiring lock "00000000-0000-0000-0000-000000000000" by "nova.context.set_target_cell..get_or_set_cached_cell_and_set_connections" {{(pid=108406) inner /opt/stack/data/venv/lib/python3.12/site-packages/oslo_concurrency/lockutils.py:506}}
May 09 07:23:31.679921 np0000173004 devstack@n-api-meta.service[108406]: DEBUG oslo_concurrency.lockutils [None req-457721bf-df36-4b0d-9ea9-c70381e7d58f None None] Lock "00000000-0000-0000-0000-000000000000" acquired by "nova.context.set_target_cell..get_or_set_cached_cell_and_set_connections" :: waited 0.000s {{(pid=108406) inner /opt/stack/data/venv/lib/python3.12/site-packages/oslo_concurrency/lockutils.py:519}}
May 09 07:23:31.680262 np0000173004 devstack@n-api-meta.service[108406]: DEBUG oslo_concurrency.lockutils [None req-457721bf-df36-4b0d-9ea9-c70381e7d58f None None] Lock "00000000-0000-0000-0000-000000000000" "released" by "nova.context.set_target_cell..get_or_set_cached_cell_and_set_connections" :: held 0.000s {{(pid=108406) inner /opt/stack/data/venv/lib/python3.12/site-packages/oslo_concurrency/lockutils.py:538}}
May 09 07:23:31.681143 np0000173004 devstack@n-api-meta.service[108406]: DEBUG oslo_concurrency.lockutils [None req-457721bf-df36-4b0d-9ea9-c70381e7d58f None None] Acquiring lock "32a28d3c-e52b-47bd-a873-6167b8c64bdc" by "nova.context.set_target_cell..get_or_set_cached_cell_and_set_connections" {{(pid=108406) inner /opt/stack/data/venv/lib/python3.12/site-packages/oslo_concurrency/lockutils.py:506}}
May 09 07:23:31.681363 np0000173004 devstack@n-api-meta.service[108406]: DEBUG oslo_concurrency.lockutils [None req-457721bf-df36-4b0d-9ea9-c70381e7d58f None None] Lock "32a28d3c-e52b-47bd-a873-6167b8c64bdc" acquired by "nova.context.set_target_cell..get_or_set_cached_cell_and_set_connections" :: waited 0.000s {{(pid=108406) inner /opt/stack/data/venv/lib/python3.12/site-packages/oslo_concurrency/lockutils.py:519}}
May 09 07:23:31.682445 np0000173004 devstack@n-api-meta.service[108406]: DEBUG oslo_concurrency.lockutils [None req-457721bf-df36-4b0d-9ea9-c70381e7d58f None None] Lock "32a28d3c-e52b-47bd-a873-6167b8c64bdc" "released" by "nova.context.set_target_cell..get_or_set_cached_cell_and_set_connections" :: held 0.001s {{(pid=108406) inner /opt/stack/data/venv/lib/python3.12/site-packages/oslo_concurrency/lockutils.py:538}}
May 09 07:23:31.684299 np0000173004 devstack@n-api-meta.service[108404]: DEBUG oslo_db.sqlalchemy.engines [None req-a5a03f61-aca5-4b8c-8d98-9ef523af19b8 None None] MySQL server mode set to STRICT_TRANS_TABLES,STRICT_ALL_TABLES,NO_ZERO_IN_DATE,NO_ZERO_DATE,ERROR_FOR_DIVISION_BY_ZERO,TRADITIONAL,NO_ENGINE_SUBSTITUTION {{(pid=108404) _check_effective_sql_mode /opt/stack/data/venv/lib/python3.12/site-packages/oslo_db/sqlalchemy/engines.py:325}}
May 09 07:23:31.685216 np0000173004 devstack@n-api-meta.service[108406]: INFO dbcounter [None req-457721bf-df36-4b0d-9ea9-c70381e7d58f None None] Registered counter for database nova_cell0
May 09 07:23:31.685280 np0000173004 devstack@n-api-meta.service[108403]: DEBUG dbcounter [-] [108403] Writer thread running {{(pid=108403) stat_writer /opt/stack/data/venv/lib/python3.12/site-packages/dbcounter.py:102}}
May 09 07:23:31.687467 np0000173004 devstack@n-api-meta.service[108403]: DEBUG nova.context [None req-3e22cc4f-c157-4a86-939a-ae96b340f806 None None] Found 2 cells: 00000000-0000-0000-0000-000000000000(cell0),32a28d3c-e52b-47bd-a873-6167b8c64bdc(cell1) {{(pid=108403) load_cells /opt/stack/nova/nova/context.py:509}}
May 09 07:23:31.687687 np0000173004 devstack@n-api-meta.service[108403]: INFO nova.utils [None req-3e22cc4f-c157-4a86-939a-ae96b340f806 None None] The cell worker thread pool MainProcess.cell_worker is initialized
May 09 07:23:31.688866 np0000173004 devstack@n-api-meta.service[108406]: INFO dbcounter [None req-457721bf-df36-4b0d-9ea9-c70381e7d58f None None] Registered counter for database nova_cell1
May 09 07:23:31.689409 np0000173004 devstack@n-api-meta.service[108403]: DEBUG oslo_concurrency.lockutils [None req-3e22cc4f-c157-4a86-939a-ae96b340f806 None None] Acquiring lock "00000000-0000-0000-0000-000000000000" by "nova.context.set_target_cell..get_or_set_cached_cell_and_set_connections" {{(pid=108403) inner /opt/stack/data/venv/lib/python3.12/site-packages/oslo_concurrency/lockutils.py:506}}
May 09 07:23:31.689569 np0000173004 devstack@n-api-meta.service[108403]: DEBUG oslo_concurrency.lockutils [None req-3e22cc4f-c157-4a86-939a-ae96b340f806 None None] Lock "00000000-0000-0000-0000-000000000000" acquired by "nova.context.set_target_cell..get_or_set_cached_cell_and_set_connections" :: waited 0.000s {{(pid=108403) inner /opt/stack/data/venv/lib/python3.12/site-packages/oslo_concurrency/lockutils.py:519}}
May 09 07:23:31.689906 np0000173004 devstack@n-api-meta.service[108403]: DEBUG oslo_concurrency.lockutils [None req-3e22cc4f-c157-4a86-939a-ae96b340f806 None None] Lock "00000000-0000-0000-0000-000000000000" "released" by "nova.context.set_target_cell..get_or_set_cached_cell_and_set_connections" :: held 0.000s {{(pid=108403) inner /opt/stack/data/venv/lib/python3.12/site-packages/oslo_concurrency/lockutils.py:538}}
May 09 07:23:31.690798 np0000173004 devstack@n-api-meta.service[108403]: DEBUG oslo_concurrency.lockutils [None req-3e22cc4f-c157-4a86-939a-ae96b340f806 None None] Acquiring lock "32a28d3c-e52b-47bd-a873-6167b8c64bdc" by "nova.context.set_target_cell..get_or_set_cached_cell_and_set_connections" {{(pid=108403) inner /opt/stack/data/venv/lib/python3.12/site-packages/oslo_concurrency/lockutils.py:506}}
May 09 07:23:31.690948 np0000173004 devstack@n-api-meta.service[108403]: DEBUG oslo_concurrency.lockutils [None req-3e22cc4f-c157-4a86-939a-ae96b340f806 None None] Lock "32a28d3c-e52b-47bd-a873-6167b8c64bdc" acquired by "nova.context.set_target_cell..get_or_set_cached_cell_and_set_connections" :: waited 0.000s {{(pid=108403) inner /opt/stack/data/venv/lib/python3.12/site-packages/oslo_concurrency/lockutils.py:519}}
May 09 07:23:31.691773 np0000173004 devstack@n-api-meta.service[108403]: DEBUG oslo_concurrency.lockutils [None req-3e22cc4f-c157-4a86-939a-ae96b340f806 None None] Lock "32a28d3c-e52b-47bd-a873-6167b8c64bdc" "released" by "nova.context.set_target_cell..get_or_set_cached_cell_and_set_connections" :: held 0.001s {{(pid=108403) inner /opt/stack/data/venv/lib/python3.12/site-packages/oslo_concurrency/lockutils.py:538}}
May 09 07:23:31.695022 np0000173004 devstack@n-api-meta.service[108403]: INFO dbcounter [None req-3e22cc4f-c157-4a86-939a-ae96b340f806 None None] Registered counter for database nova_cell0
May 09 07:23:31.701190 np0000173004 devstack@n-api-meta.service[108406]: DEBUG oslo_db.sqlalchemy.engines [None req-457721bf-df36-4b0d-9ea9-c70381e7d58f None None] MySQL server mode set to STRICT_TRANS_TABLES,STRICT_ALL_TABLES,NO_ZERO_IN_DATE,NO_ZERO_DATE,ERROR_FOR_DIVISION_BY_ZERO,TRADITIONAL,NO_ENGINE_SUBSTITUTION {{(pid=108406) _check_effective_sql_mode /opt/stack/data/venv/lib/python3.12/site-packages/oslo_db/sqlalchemy/engines.py:325}}
May 09 07:23:31.701259 np0000173004 devstack@n-api-meta.service[108403]: INFO dbcounter [None req-3e22cc4f-c157-4a86-939a-ae96b340f806 None None] Registered counter for database nova_cell1
May 09 07:23:31.705255 np0000173004 devstack@n-api-meta.service[108406]: DEBUG oslo_db.sqlalchemy.engines [None req-457721bf-df36-4b0d-9ea9-c70381e7d58f None None] MySQL server mode set to STRICT_TRANS_TABLES,STRICT_ALL_TABLES,NO_ZERO_IN_DATE,NO_ZERO_DATE,ERROR_FOR_DIVISION_BY_ZERO,TRADITIONAL,NO_ENGINE_SUBSTITUTION {{(pid=108406) _check_effective_sql_mode /opt/stack/data/venv/lib/python3.12/site-packages/oslo_db/sqlalchemy/engines.py:325}}
May 09 07:23:31.708701 np0000173004 devstack@n-api-meta.service[108403]: DEBUG oslo_db.sqlalchemy.engines [None req-3e22cc4f-c157-4a86-939a-ae96b340f806 None None] MySQL server mode set to STRICT_TRANS_TABLES,STRICT_ALL_TABLES,NO_ZERO_IN_DATE,NO_ZERO_DATE,ERROR_FOR_DIVISION_BY_ZERO,TRADITIONAL,NO_ENGINE_SUBSTITUTION {{(pid=108403) _check_effective_sql_mode /opt/stack/data/venv/lib/python3.12/site-packages/oslo_db/sqlalchemy/engines.py:325}}
May 09 07:23:31.714185 np0000173004 devstack@n-api-meta.service[108403]: DEBUG oslo_db.sqlalchemy.engines [None req-3e22cc4f-c157-4a86-939a-ae96b340f806 None None] MySQL server mode set to STRICT_TRANS_TABLES,STRICT_ALL_TABLES,NO_ZERO_IN_DATE,NO_ZERO_DATE,ERROR_FOR_DIVISION_BY_ZERO,TRADITIONAL,NO_ENGINE_SUBSTITUTION {{(pid=108403) _check_effective_sql_mode /opt/stack/data/venv/lib/python3.12/site-packages/oslo_db/sqlalchemy/engines.py:325}}
May 09 07:23:31.750276 np0000173004 devstack@n-api-meta.service[108405]: DEBUG dbcounter [-] [108405] Writer thread running {{(pid=108405) stat_writer /opt/stack/data/venv/lib/python3.12/site-packages/dbcounter.py:102}}
May 09 07:23:31.756553 np0000173004 devstack@n-api-meta.service[108405]: DEBUG dbcounter [-] [108405] Writer thread running {{(pid=108405) stat_writer /opt/stack/data/venv/lib/python3.12/site-packages/dbcounter.py:102}}
May 09 07:23:31.761807 np0000173004 devstack@n-api-meta.service[108405]: INFO dbcounter [None req-dc7fcb97-2b46-4fba-8717-2fb5dd7f39c9 None None] Registered counter for database nova_cell0
May 09 07:23:31.770278 np0000173004 devstack@n-api-meta.service[108405]: DEBUG oslo_db.sqlalchemy.engines [None req-dc7fcb97-2b46-4fba-8717-2fb5dd7f39c9 None None] MySQL server mode set to STRICT_TRANS_TABLES,STRICT_ALL_TABLES,NO_ZERO_IN_DATE,NO_ZERO_DATE,ERROR_FOR_DIVISION_BY_ZERO,TRADITIONAL,NO_ENGINE_SUBSTITUTION {{(pid=108405) _check_effective_sql_mode /opt/stack/data/venv/lib/python3.12/site-packages/oslo_db/sqlalchemy/engines.py:325}}
May 09 07:23:31.776163 np0000173004 devstack@n-api-meta.service[108404]: DEBUG dbcounter [-] [108404] Writer thread running {{(pid=108404) stat_writer /opt/stack/data/venv/lib/python3.12/site-packages/dbcounter.py:102}}
May 09 07:23:31.777558 np0000173004 devstack@n-api-meta.service[108405]: DEBUG dbcounter [-] [108405] Writer thread running {{(pid=108405) stat_writer /opt/stack/data/venv/lib/python3.12/site-packages/dbcounter.py:102}}
May 09 07:23:31.779151 np0000173004 devstack@n-api-meta.service[108404]: DEBUG dbcounter [-] [108404] Writer thread running {{(pid=108404) stat_writer /opt/stack/data/venv/lib/python3.12/site-packages/dbcounter.py:102}}
May 09 07:23:31.821191 np0000173004 devstack@n-api-meta.service[108404]: INFO dbcounter [None req-a5a03f61-aca5-4b8c-8d98-9ef523af19b8 None None] Registered counter for database nova_cell0
May 09 07:23:31.821405 np0000173004 devstack@n-api-meta.service[108406]: DEBUG dbcounter [-] [108406] Writer thread running {{(pid=108406) stat_writer /opt/stack/data/venv/lib/python3.12/site-packages/dbcounter.py:102}}
May 09 07:23:31.821405 np0000173004 devstack@n-api-meta.service[108406]: DEBUG dbcounter [-] [108406] Writer thread running {{(pid=108406) stat_writer /opt/stack/data/venv/lib/python3.12/site-packages/dbcounter.py:102}}
May 09 07:23:31.822085 np0000173004 devstack@n-api-meta.service[108405]: WARNING nova.api.metadata.handler [None req-dc7fcb97-2b46-4fba-8717-2fb5dd7f39c9 None None] metadata_proxy_shared_secret is not configured, the metadata information returned by the proxy cannot be trusted
May 09 07:23:31.822577 np0000173004 devstack@n-api-meta.service[108405]: DEBUG nova.api.openstack.wsgi_app [None req-dc7fcb97-2b46-4fba-8717-2fb5dd7f39c9 None None] ******************************************************************************** {{(pid=108405) log_opt_values /opt/stack/data/venv/lib/python3.12/site-packages/oslo_config/cfg.py:2979}}
May 09 07:23:31.822577 np0000173004 devstack@n-api-meta.service[108405]: DEBUG nova.api.openstack.wsgi_app [None req-dc7fcb97-2b46-4fba-8717-2fb5dd7f39c9 None None] Configuration options gathered from: {{(pid=108405) log_opt_values /opt/stack/data/venv/lib/python3.12/site-packages/oslo_config/cfg.py:2980}}
May 09 07:23:31.822700 np0000173004 devstack@n-api-meta.service[108405]: DEBUG nova.api.openstack.wsgi_app [None req-dc7fcb97-2b46-4fba-8717-2fb5dd7f39c9 None None] command line args: [] {{(pid=108405) log_opt_values /opt/stack/data/venv/lib/python3.12/site-packages/oslo_config/cfg.py:2981}}
May 09 07:23:31.822848 np0000173004 devstack@n-api-meta.service[108405]: DEBUG nova.api.openstack.wsgi_app [None req-dc7fcb97-2b46-4fba-8717-2fb5dd7f39c9 None None] config files: ['/etc/nova/api-paste.ini', '/etc/nova/nova.conf'] {{(pid=108405) log_opt_values /opt/stack/data/venv/lib/python3.12/site-packages/oslo_config/cfg.py:2982}}
May 09 07:23:31.822950 np0000173004 devstack@n-api-meta.service[108405]: DEBUG nova.api.openstack.wsgi_app [None req-dc7fcb97-2b46-4fba-8717-2fb5dd7f39c9 None None] ================================================================================ {{(pid=108405) log_opt_values /opt/stack/data/venv/lib/python3.12/site-packages/oslo_config/cfg.py:2987}}
May 09 07:23:31.823110 np0000173004 devstack@n-api-meta.service[108405]: DEBUG nova.api.openstack.wsgi_app [None req-dc7fcb97-2b46-4fba-8717-2fb5dd7f39c9 None None] allow_resize_to_same_host = True {{(pid=108405) log_opt_values /opt/stack/data/venv/lib/python3.12/site-packages/oslo_config/cfg.py:2995}}
May 09 07:23:31.823244 np0000173004 devstack@n-api-meta.service[108405]: DEBUG nova.api.openstack.wsgi_app [None req-dc7fcb97-2b46-4fba-8717-2fb5dd7f39c9 None None] arq_binding_timeout = 300 {{(pid=108405) log_opt_values /opt/stack/data/venv/lib/python3.12/site-packages/oslo_config/cfg.py:2995}}
May 09 07:23:31.823395 np0000173004 devstack@n-api-meta.service[108405]: DEBUG nova.api.openstack.wsgi_app [None req-dc7fcb97-2b46-4fba-8717-2fb5dd7f39c9 None None] block_device_allocate_retries = 60 {{(pid=108405) log_opt_values /opt/stack/data/venv/lib/python3.12/site-packages/oslo_config/cfg.py:2995}}
May 09 07:23:31.823527 np0000173004 devstack@n-api-meta.service[108405]: DEBUG nova.api.openstack.wsgi_app [None req-dc7fcb97-2b46-4fba-8717-2fb5dd7f39c9 None None] block_device_allocate_retries_interval = 3 {{(pid=108405) log_opt_values /opt/stack/data/venv/lib/python3.12/site-packages/oslo_config/cfg.py:2995}}
May 09 07:23:31.823652 np0000173004 devstack@n-api-meta.service[108405]: DEBUG nova.api.openstack.wsgi_app [None req-dc7fcb97-2b46-4fba-8717-2fb5dd7f39c9 None None] cell_worker_thread_pool_size = 5 {{(pid=108405) log_opt_values /opt/stack/data/venv/lib/python3.12/site-packages/oslo_config/cfg.py:2995}}
May 09 07:23:31.823788 np0000173004 devstack@n-api-meta.service[108405]: DEBUG nova.api.openstack.wsgi_app [None req-dc7fcb97-2b46-4fba-8717-2fb5dd7f39c9 None None] cert = self.pem {{(pid=108405) log_opt_values /opt/stack/data/venv/lib/python3.12/site-packages/oslo_config/cfg.py:2995}}
May 09 07:23:31.823927 np0000173004 devstack@n-api-meta.service[108405]: DEBUG nova.api.openstack.wsgi_app [None req-dc7fcb97-2b46-4fba-8717-2fb5dd7f39c9 None None] compute_driver = libvirt.LibvirtDriver {{(pid=108405) log_opt_values /opt/stack/data/venv/lib/python3.12/site-packages/oslo_config/cfg.py:2995}}
May 09 07:23:31.824005 np0000173004 devstack@n-api-meta.service[108403]: DEBUG dbcounter [-] [108403] Writer thread running {{(pid=108403) stat_writer /opt/stack/data/venv/lib/python3.12/site-packages/dbcounter.py:102}}
May 09 07:23:31.824069 np0000173004 devstack@n-api-meta.service[108405]: DEBUG nova.api.openstack.wsgi_app [None req-dc7fcb97-2b46-4fba-8717-2fb5dd7f39c9 None None] compute_monitors = [] {{(pid=108405) log_opt_values /opt/stack/data/venv/lib/python3.12/site-packages/oslo_config/cfg.py:2995}}
May 09 07:23:31.824184 np0000173004 devstack@n-api-meta.service[108405]: DEBUG nova.api.openstack.wsgi_app [None req-dc7fcb97-2b46-4fba-8717-2fb5dd7f39c9 None None] config_dir = [] {{(pid=108405) log_opt_values /opt/stack/data/venv/lib/python3.12/site-packages/oslo_config/cfg.py:2995}}
May 09 07:23:31.824357 np0000173004 devstack@n-api-meta.service[108405]: DEBUG nova.api.openstack.wsgi_app [None req-dc7fcb97-2b46-4fba-8717-2fb5dd7f39c9 None None] config_drive_format = iso9660 {{(pid=108405) log_opt_values /opt/stack/data/venv/lib/python3.12/site-packages/oslo_config/cfg.py:2995}}
May 09 07:23:31.824433 np0000173004 devstack@n-api-meta.service[108405]: DEBUG nova.api.openstack.wsgi_app [None req-dc7fcb97-2b46-4fba-8717-2fb5dd7f39c9 None None] config_file = ['/etc/nova/api-paste.ini', '/etc/nova/nova.conf'] {{(pid=108405) log_opt_values /opt/stack/data/venv/lib/python3.12/site-packages/oslo_config/cfg.py:2995}}
May 09 07:23:31.824572 np0000173004 devstack@n-api-meta.service[108405]: DEBUG nova.api.openstack.wsgi_app [None req-dc7fcb97-2b46-4fba-8717-2fb5dd7f39c9 None None] config_source = [] {{(pid=108405) log_opt_values /opt/stack/data/venv/lib/python3.12/site-packages/oslo_config/cfg.py:2995}}
May 09 07:23:31.824705 np0000173004 devstack@n-api-meta.service[108405]: DEBUG nova.api.openstack.wsgi_app [None req-dc7fcb97-2b46-4fba-8717-2fb5dd7f39c9 None None] console_host = np0000173004 {{(pid=108405) log_opt_values /opt/stack/data/venv/lib/python3.12/site-packages/oslo_config/cfg.py:2995}}
May 09 07:23:31.824808 np0000173004 devstack@n-api-meta.service[108406]: INFO dbcounter [None req-457721bf-df36-4b0d-9ea9-c70381e7d58f None None] Registered counter for database nova_cell0
May 09 07:23:31.824872 np0000173004 devstack@n-api-meta.service[108405]: DEBUG nova.api.openstack.wsgi_app [None req-dc7fcb97-2b46-4fba-8717-2fb5dd7f39c9 None None] control_exchange = nova {{(pid=108405) log_opt_values /opt/stack/data/venv/lib/python3.12/site-packages/oslo_config/cfg.py:2995}}
May 09 07:23:31.825008 np0000173004 devstack@n-api-meta.service[108405]: DEBUG nova.api.openstack.wsgi_app [None req-dc7fcb97-2b46-4fba-8717-2fb5dd7f39c9 None None] cpu_allocation_ratio = None {{(pid=108405) log_opt_values /opt/stack/data/venv/lib/python3.12/site-packages/oslo_config/cfg.py:2995}}
May 09 07:23:31.825169 np0000173004 devstack@n-api-meta.service[108405]: DEBUG nova.api.openstack.wsgi_app [None req-dc7fcb97-2b46-4fba-8717-2fb5dd7f39c9 None None] daemon = False {{(pid=108405) log_opt_values /opt/stack/data/venv/lib/python3.12/site-packages/oslo_config/cfg.py:2995}}
May 09 07:23:31.825288 np0000173004 devstack@n-api-meta.service[108405]: DEBUG nova.api.openstack.wsgi_app [None req-dc7fcb97-2b46-4fba-8717-2fb5dd7f39c9 None None] debug = True {{(pid=108405) log_opt_values /opt/stack/data/venv/lib/python3.12/site-packages/oslo_config/cfg.py:2995}}
May 09 07:23:31.825431 np0000173004 devstack@n-api-meta.service[108405]: DEBUG nova.api.openstack.wsgi_app [None req-dc7fcb97-2b46-4fba-8717-2fb5dd7f39c9 None None] default_access_ip_network_name = None {{(pid=108405) log_opt_values /opt/stack/data/venv/lib/python3.12/site-packages/oslo_config/cfg.py:2995}}
May 09 07:23:31.825563 np0000173004 devstack@n-api-meta.service[108405]: DEBUG nova.api.openstack.wsgi_app [None req-dc7fcb97-2b46-4fba-8717-2fb5dd7f39c9 None None] default_availability_zone = nova {{(pid=108405) log_opt_values /opt/stack/data/venv/lib/python3.12/site-packages/oslo_config/cfg.py:2995}}
May 09 07:23:31.825695 np0000173004 devstack@n-api-meta.service[108405]: DEBUG nova.api.openstack.wsgi_app [None req-dc7fcb97-2b46-4fba-8717-2fb5dd7f39c9 None None] default_ephemeral_format = ext4 {{(pid=108405) log_opt_values /opt/stack/data/venv/lib/python3.12/site-packages/oslo_config/cfg.py:2995}}
May 09 07:23:31.825823 np0000173004 devstack@n-api-meta.service[108405]: DEBUG nova.api.openstack.wsgi_app [None req-dc7fcb97-2b46-4fba-8717-2fb5dd7f39c9 None None] default_green_pool_size = 1000 {{(pid=108405) log_opt_values /opt/stack/data/venv/lib/python3.12/site-packages/oslo_config/cfg.py:2995}}
May 09 07:23:31.826047 np0000173004 devstack@n-api-meta.service[108405]: DEBUG nova.api.openstack.wsgi_app [None req-dc7fcb97-2b46-4fba-8717-2fb5dd7f39c9 None None] default_log_levels = ['amqp=WARN', 'boto=WARN', 'sqlalchemy=WARN', 'suds=INFO', 'oslo.messaging=INFO', 'oslo_messaging=INFO', 'iso8601=WARN', 'requests.packages.urllib3.connectionpool=WARN', 'urllib3.connectionpool=WARN', 'websocket=WARN', 'requests.packages.urllib3.util.retry=WARN', 'urllib3.util.retry=WARN', 'keystonemiddleware=WARN', 'routes.middleware=WARN', 'stevedore=WARN', 'taskflow=WARN', 'keystoneauth=WARN', 'oslo.cache=INFO', 'oslo_policy=INFO', 'dogpile.core.dogpile=INFO', 'glanceclient=WARN', 'oslo.privsep.daemon=INFO'] {{(pid=108405) log_opt_values /opt/stack/data/venv/lib/python3.12/site-packages/oslo_config/cfg.py:2995}}
May 09 07:23:31.826420 np0000173004 devstack@n-api-meta.service[108405]: DEBUG nova.api.openstack.wsgi_app [None req-dc7fcb97-2b46-4fba-8717-2fb5dd7f39c9 None None] default_schedule_zone = None {{(pid=108405) log_opt_values /opt/stack/data/venv/lib/python3.12/site-packages/oslo_config/cfg.py:2995}}
May 09 07:23:31.826420 np0000173004 devstack@n-api-meta.service[108405]: DEBUG nova.api.openstack.wsgi_app [None req-dc7fcb97-2b46-4fba-8717-2fb5dd7f39c9 None None] default_thread_pool_size = 10 {{(pid=108405) log_opt_values /opt/stack/data/venv/lib/python3.12/site-packages/oslo_config/cfg.py:2995}}
May 09 07:23:31.826559 np0000173004 devstack@n-api-meta.service[108405]: DEBUG nova.api.openstack.wsgi_app [None req-dc7fcb97-2b46-4fba-8717-2fb5dd7f39c9 None None] disk_allocation_ratio = None {{(pid=108405) log_opt_values /opt/stack/data/venv/lib/python3.12/site-packages/oslo_config/cfg.py:2995}}
May 09 07:23:31.826698 np0000173004 devstack@n-api-meta.service[108405]: DEBUG nova.api.openstack.wsgi_app [None req-dc7fcb97-2b46-4fba-8717-2fb5dd7f39c9 None None] enable_new_services = True {{(pid=108405) log_opt_values /opt/stack/data/venv/lib/python3.12/site-packages/oslo_config/cfg.py:2995}}
May 09 07:23:31.826839 np0000173004 devstack@n-api-meta.service[108405]: DEBUG nova.api.openstack.wsgi_app [None req-dc7fcb97-2b46-4fba-8717-2fb5dd7f39c9 None None] flat_injected = False {{(pid=108405) log_opt_values /opt/stack/data/venv/lib/python3.12/site-packages/oslo_config/cfg.py:2995}}
May 09 07:23:31.826962 np0000173004 devstack@n-api-meta.service[108405]: DEBUG nova.api.openstack.wsgi_app [None req-dc7fcb97-2b46-4fba-8717-2fb5dd7f39c9 None None] force_config_drive = False {{(pid=108405) log_opt_values /opt/stack/data/venv/lib/python3.12/site-packages/oslo_config/cfg.py:2995}}
May 09 07:23:31.827202 np0000173004 devstack@n-api-meta.service[108405]: DEBUG nova.api.openstack.wsgi_app [None req-dc7fcb97-2b46-4fba-8717-2fb5dd7f39c9 None None] force_raw_images = True {{(pid=108405) log_opt_values /opt/stack/data/venv/lib/python3.12/site-packages/oslo_config/cfg.py:2995}}
May 09 07:23:31.827307 np0000173004 devstack@n-api-meta.service[108405]: DEBUG nova.api.openstack.wsgi_app [None req-dc7fcb97-2b46-4fba-8717-2fb5dd7f39c9 None None] graceful_shutdown_timeout = 5 {{(pid=108405) log_opt_values /opt/stack/data/venv/lib/python3.12/site-packages/oslo_config/cfg.py:2995}}
May 09 07:23:31.827435 np0000173004 devstack@n-api-meta.service[108405]: DEBUG nova.api.openstack.wsgi_app [None req-dc7fcb97-2b46-4fba-8717-2fb5dd7f39c9 None None] heal_instance_info_cache_interval = -1 {{(pid=108405) log_opt_values /opt/stack/data/venv/lib/python3.12/site-packages/oslo_config/cfg.py:2995}}
May 09 07:23:31.827512 np0000173004 devstack@n-api-meta.service[108403]: DEBUG dbcounter [-] [108403] Writer thread running {{(pid=108403) stat_writer /opt/stack/data/venv/lib/python3.12/site-packages/dbcounter.py:102}}
May 09 07:23:31.827675 np0000173004 devstack@n-api-meta.service[108405]: DEBUG nova.api.openstack.wsgi_app [None req-dc7fcb97-2b46-4fba-8717-2fb5dd7f39c9 None None] host = np0000173004 {{(pid=108405) log_opt_values /opt/stack/data/venv/lib/python3.12/site-packages/oslo_config/cfg.py:2995}}
May 09 07:23:31.827755 np0000173004 devstack@n-api-meta.service[108405]: DEBUG nova.api.openstack.wsgi_app [None req-dc7fcb97-2b46-4fba-8717-2fb5dd7f39c9 None None] initial_cpu_allocation_ratio = 4.0 {{(pid=108405) log_opt_values /opt/stack/data/venv/lib/python3.12/site-packages/oslo_config/cfg.py:2995}}
May 09 07:23:31.827838 np0000173004 devstack@n-api-meta.service[108405]: DEBUG nova.api.openstack.wsgi_app [None req-dc7fcb97-2b46-4fba-8717-2fb5dd7f39c9 None None] initial_disk_allocation_ratio = 1.0 {{(pid=108405) log_opt_values /opt/stack/data/venv/lib/python3.12/site-packages/oslo_config/cfg.py:2995}}
May 09 07:23:31.827959 np0000173004 devstack@n-api-meta.service[108405]: DEBUG nova.api.openstack.wsgi_app [None req-dc7fcb97-2b46-4fba-8717-2fb5dd7f39c9 None None] initial_ram_allocation_ratio = 1.0 {{(pid=108405) log_opt_values /opt/stack/data/venv/lib/python3.12/site-packages/oslo_config/cfg.py:2995}}
May 09 07:23:31.828160 np0000173004 devstack@n-api-meta.service[108405]: DEBUG nova.api.openstack.wsgi_app [None req-dc7fcb97-2b46-4fba-8717-2fb5dd7f39c9 None None] injected_network_template = /opt/stack/nova/nova/virt/interfaces.template {{(pid=108405) log_opt_values /opt/stack/data/venv/lib/python3.12/site-packages/oslo_config/cfg.py:2995}}
May 09 07:23:31.828293 np0000173004 devstack@n-api-meta.service[108405]: DEBUG nova.api.openstack.wsgi_app [None req-dc7fcb97-2b46-4fba-8717-2fb5dd7f39c9 None None] instance_build_timeout = 0 {{(pid=108405) log_opt_values /opt/stack/data/venv/lib/python3.12/site-packages/oslo_config/cfg.py:2995}}
May 09 07:23:31.828437 np0000173004 devstack@n-api-meta.service[108405]: DEBUG nova.api.openstack.wsgi_app [None req-dc7fcb97-2b46-4fba-8717-2fb5dd7f39c9 None None] instance_delete_interval = 300 {{(pid=108405) log_opt_values /opt/stack/data/venv/lib/python3.12/site-packages/oslo_config/cfg.py:2995}}
May 09 07:23:31.828569 np0000173004 devstack@n-api-meta.service[108405]: DEBUG nova.api.openstack.wsgi_app [None req-dc7fcb97-2b46-4fba-8717-2fb5dd7f39c9 None None] instance_format = [instance: %(uuid)s] {{(pid=108405) log_opt_values /opt/stack/data/venv/lib/python3.12/site-packages/oslo_config/cfg.py:2995}}
May 09 07:23:31.828700 np0000173004 devstack@n-api-meta.service[108405]: DEBUG nova.api.openstack.wsgi_app [None req-dc7fcb97-2b46-4fba-8717-2fb5dd7f39c9 None None] instance_name_template = instance-%08x {{(pid=108405) log_opt_values /opt/stack/data/venv/lib/python3.12/site-packages/oslo_config/cfg.py:2995}}
May 09 07:23:31.828827 np0000173004 devstack@n-api-meta.service[108405]: DEBUG nova.api.openstack.wsgi_app [None req-dc7fcb97-2b46-4fba-8717-2fb5dd7f39c9 None None] instance_usage_audit = False {{(pid=108405) log_opt_values /opt/stack/data/venv/lib/python3.12/site-packages/oslo_config/cfg.py:2995}}
May 09 07:23:31.829017 np0000173004 devstack@n-api-meta.service[108405]: DEBUG nova.api.openstack.wsgi_app [None req-dc7fcb97-2b46-4fba-8717-2fb5dd7f39c9 None None] instance_usage_audit_period = month {{(pid=108405) log_opt_values /opt/stack/data/venv/lib/python3.12/site-packages/oslo_config/cfg.py:2995}}
May 09 07:23:31.829112 np0000173004 devstack@n-api-meta.service[108405]: DEBUG nova.api.openstack.wsgi_app [None req-dc7fcb97-2b46-4fba-8717-2fb5dd7f39c9 None None] instance_uuid_format = [instance: %(uuid)s] {{(pid=108405) log_opt_values /opt/stack/data/venv/lib/python3.12/site-packages/oslo_config/cfg.py:2995}}
May 09 07:23:31.829280 np0000173004 devstack@n-api-meta.service[108405]: DEBUG nova.api.openstack.wsgi_app [None req-dc7fcb97-2b46-4fba-8717-2fb5dd7f39c9 None None] instances_path = /opt/stack/data/nova/instances {{(pid=108405) log_opt_values /opt/stack/data/venv/lib/python3.12/site-packages/oslo_config/cfg.py:2995}}
May 09 07:23:31.829429 np0000173004 devstack@n-api-meta.service[108405]: DEBUG nova.api.openstack.wsgi_app [None req-dc7fcb97-2b46-4fba-8717-2fb5dd7f39c9 None None] internal_service_availability_zone = internal {{(pid=108405) log_opt_values /opt/stack/data/venv/lib/python3.12/site-packages/oslo_config/cfg.py:2995}}
May 09 07:23:31.829553 np0000173004 devstack@n-api-meta.service[108405]: DEBUG nova.api.openstack.wsgi_app [None req-dc7fcb97-2b46-4fba-8717-2fb5dd7f39c9 None None] key = None {{(pid=108405) log_opt_values /opt/stack/data/venv/lib/python3.12/site-packages/oslo_config/cfg.py:2995}}
May 09 07:23:31.829680 np0000173004 devstack@n-api-meta.service[108405]: DEBUG nova.api.openstack.wsgi_app [None req-dc7fcb97-2b46-4fba-8717-2fb5dd7f39c9 None None] live_migration_retry_count = 30 {{(pid=108405) log_opt_values /opt/stack/data/venv/lib/python3.12/site-packages/oslo_config/cfg.py:2995}}
May 09 07:23:31.829813 np0000173004 devstack@n-api-meta.service[108405]: DEBUG nova.api.openstack.wsgi_app [None req-dc7fcb97-2b46-4fba-8717-2fb5dd7f39c9 None None] log_color = False {{(pid=108405) log_opt_values /opt/stack/data/venv/lib/python3.12/site-packages/oslo_config/cfg.py:2995}}
May 09 07:23:31.829944 np0000173004 devstack@n-api-meta.service[108405]: DEBUG nova.api.openstack.wsgi_app [None req-dc7fcb97-2b46-4fba-8717-2fb5dd7f39c9 None None] log_config_append = None {{(pid=108405) log_opt_values /opt/stack/data/venv/lib/python3.12/site-packages/oslo_config/cfg.py:2995}}
