2026-08-11 14:21:45.045 7 INFO neutron.db.ovn_revision_numbers_db [None req-005c9b09-2961-4af9-81bc-cc56ce0d71d2 6c7f1504c92d4a46a29ae9ce8e034f29 63e82abc4ca744dc9df1dd63b0467dc7 - - default default] Successfully bumped revision number for resource 52eb5901-2f6b-4d57-bde4-d8e54e13cf99 (type: ports) to 1 [pid: 8|app: 0|req: 779/1451] 10.0.0.153 () {32 vars in 700 bytes} [Tue Aug 11 14:21:45 2026] GET /v2.0/extensions/subnet-external-network => generated 224 bytes in 9 msecs (HTTP/1.1 200) 4 headers in 157 bytes (1 switches on core 0) [pid: 8|app: 0|req: 780/1452] 10.0.0.153 () {32 vars in 704 bytes} [Tue Aug 11 14:21:45 2026] GET /v2.0/extensions/subnet-segmentid-writable => generated 227 bytes in 13 msecs (HTTP/1.1 200) 4 headers in 157 bytes (1 switches on core 0) [pid: 7|app: 0|req: 673/1453] 10.0.0.153 () {34 vars in 669 bytes} [Tue Aug 11 14:21:44 2026] POST /v2.0/networks => generated 749 bytes in 550 msecs (HTTP/1.1 201) 4 headers in 162 bytes (1 switches on core 0) [pid: 8|app: 0|req: 781/1454] 10.0.0.153 () {32 vars in 694 bytes} [Tue Aug 11 14:21:45 2026] GET /v2.0/extensions/subnet-service-types => generated 206 bytes in 8 msecs (HTTP/1.1 200) 4 headers in 157 bytes (1 switches on core 0) [pid: 8|app: 0|req: 782/1455] 10.0.0.153 () {32 vars in 688 bytes} [Tue Aug 11 14:21:45 2026] GET /v2.0/extensions/subnet_allocation => generated 194 bytes in 7 msecs (HTTP/1.1 200) 4 headers in 157 bytes (1 switches on core 0) [pid: 8|app: 0|req: 783/1456] 10.0.0.153 () {32 vars in 696 bytes} [Tue Aug 11 14:21:45 2026] GET /v2.0/extensions/subnetpool-prefix-ops => generated 224 bytes in 6 msecs (HTTP/1.1 200) 4 headers in 157 bytes (1 switches on core 0) [pid: 8|app: 0|req: 784/1457] 10.0.0.153 () {32 vars in 678 bytes} [Tue Aug 11 14:21:45 2026] GET /v2.0/extensions/tag-creation => generated 190 bytes in 16 msecs (HTTP/1.1 200) 4 headers in 157 bytes (1 switches on core 0) [pid: 8|app: 0|req: 785/1458] 10.0.0.153 () {32 vars in 688 bytes} [Tue Aug 11 14:21:45 2026] GET /v2.0/extensions/standard-attr-tag => generated 343 bytes in 9 msecs (HTTP/1.1 200) 4 headers in 157 bytes (1 switches on core 0) [pid: 8|app: 0|req: 786/1459] 10.0.0.153 () {32 vars in 700 bytes} [Tue Aug 11 14:21:45 2026] GET /v2.0/extensions/standard-attr-timestamp => generated 255 bytes in 4 msecs (HTTP/1.1 200) 4 headers in 157 bytes (1 switches on core 0) [pid: 8|app: 0|req: 787/1460] 10.0.0.153 () {32 vars in 664 bytes} [Tue Aug 11 14:21:45 2026] GET /v2.0/extensions/trunk => generated 164 bytes in 5 msecs (HTTP/1.1 200) 4 headers in 157 bytes (1 switches on core 0) [pid: 8|app: 0|req: 788/1461] 10.0.0.153 () {32 vars in 680 bytes} [Tue Aug 11 14:21:45 2026] GET /v2.0/extensions/trunk-details => generated 168 bytes in 4 msecs (HTTP/1.1 200) 4 headers in 157 bytes (1 switches on core 0) [pid: 8|app: 0|req: 789/1462] 10.0.0.153 () {32 vars in 686 bytes} [Tue Aug 11 14:21:45 2026] GET /v2.0/extensions/vlan-transparent => generated 177 bytes in 4 msecs (HTTP/1.1 200) 4 headers in 157 bytes (1 switches on core 0) [pid: 8|app: 0|req: 790/1463] 10.0.0.153 () {32 vars in 676 bytes} [Tue Aug 11 14:21:45 2026] GET /v2.0/extensions/vpn-aes-ctr => generated 195 bytes in 4 msecs (HTTP/1.1 200) 4 headers in 157 bytes (1 switches on core 0) [pid: 8|app: 0|req: 791/1464] 10.0.0.153 () {32 vars in 692 bytes} [Tue Aug 11 14:21:45 2026] GET /v2.0/extensions/vpn-agent-scheduler => generated 199 bytes in 7 msecs (HTTP/1.1 200) 4 headers in 157 bytes (1 switches on core 0) [pid: 8|app: 0|req: 792/1465] 10.0.0.153 () {32 vars in 692 bytes} [Tue Aug 11 14:21:45 2026] GET /v2.0/extensions/vpn-endpoint-groups => generated 177 bytes in 4 msecs (HTTP/1.1 200) 4 headers in 157 bytes (1 switches on core 0) [pid: 8|app: 0|req: 793/1466] 10.0.0.153 () {32 vars in 676 bytes} [Tue Aug 11 14:21:45 2026] GET /v2.0/extensions/vpn-flavors => generated 182 bytes in 4 msecs (HTTP/1.1 200) 4 headers in 157 bytes (1 switches on core 0) [pid: 8|app: 0|req: 794/1467] 10.0.0.153 () {32 vars in 666 bytes} [Tue Aug 11 14:21:45 2026] GET /v2.0/extensions/vpnaas => generated 154 bytes in 4 msecs (HTTP/1.1 200) 4 headers in 157 bytes (1 switches on core 0)
2026-08-11 14:21:45.220 7 WARNING neutron.scheduler.dhcp_agent_scheduler [None req-b1661cc3-cc7f-49bb-9a14-497c9945523e 6c7f1504c92d4a46a29ae9ce8e034f29 63e82abc4ca744dc9df1dd63b0467dc7 - - default default] No more DHCP agents [pid: 8|app: 0|req: 795/1468] 10.0.0.153 () {32 vars in 662 bytes} [Tue Aug 11 14:21:45 2026] GET /v2.0/extensions/taas => generated 175 bytes in 7 msecs (HTTP/1.1 200) 4 headers in 157 bytes (1 switches on core 0)
2026-08-11 14:21:45.221 7 WARNING neutron.api.rpc.agentnotifiers.dhcp_rpc_agent_api [None req-b1661cc3-cc7f-49bb-9a14-497c9945523e 6c7f1504c92d4a46a29ae9ce8e034f29 63e82abc4ca744dc9df1dd63b0467dc7 - - default default] Unable to schedule network a35fe465-09d6-4137-870e-512cd0c8a102: no agents available; will retry on subsequent port and subnet creation events. [pid: 8|app: 0|req: 796/1469] 10.0.0.153 () {32 vars in 674 bytes} [Tue Aug 11 14:21:45 2026] GET /v2.0/extensions/tap-mirror => generated 222 bytes in 3 msecs (HTTP/1.1 200) 4 headers in 157 bytes (1 switches on core 0) [pid: 8|app: 0|req: 797/1470] 10.0.0.153 () {32 vars in 686 bytes} [Tue Aug 11 14:21:45 2026] GET /v2.0/extensions/taas-vlan-filter => generated 226 bytes in 5 msecs (HTTP/1.1 200) 4 headers in 157 bytes (1 switches on core 0) [pid: 8|app: 0|req: 798/1471] 10.0.0.153 () {32 vars in 716 bytes} [Tue Aug 11 14:21:45 2026] GET /v2.0/ports/0a663eae-c98c-4646-88aa-eda6f40d086d => generated 941 bytes in 37 msecs (HTTP/1.1 200) 4 headers in 157 bytes (1 switches on core 0)
2026-08-11 14:21:45.688 7 WARNING neutron.plugins.ml2.drivers.ovn.mech_driver.ovsdb.ovn_client [None req-e6388f81-e48f-4701-882f-947f2af61d48 - - - - - -] No hosting information found for port 0c85616a-75b9-4150-82b2-c8fff9605300: RuntimeError: No hosting information found for port 0c85616a-75b9-4150-82b2-c8fff9605300
2026-08-11 14:21:45.707 7 INFO neutron.db.ovn_revision_numbers_db [None req-1e8cffbe-b1e8-4940-8757-0497f301a349 - - - - - -] Successfully bumped revision number for resource 52eb5901-2f6b-4d57-bde4-d8e54e13cf99 (type: ports) to 2
2026-08-11 14:21:45.775 7 INFO neutron.db.ovn_revision_numbers_db [None req-1e8cffbe-b1e8-4940-8757-0497f301a349 - - - - - -] Successfully bumped revision number for resource 4daae2d5-14ca-41b7-9f2f-66c341c41e73 (type: subnets) to 0
2026-08-11 14:21:45.796 7 INFO neutron.db.ovn_revision_numbers_db [None req-e6388f81-e48f-4701-882f-947f2af61d48 - - - - - -] Successfully bumped revision number for resource 0c85616a-75b9-4150-82b2-c8fff9605300 (type: router_ports) to 2 [pid: 7|app: 0|req: 674/1472] 10.0.0.153 () {34 vars in 668 bytes} [Tue Aug 11 14:21:45 2026] POST /v2.0/subnets => generated 647 bytes in 722 msecs (HTTP/1.1 201) 4 headers in 162 bytes (1 switches on core 0)
2026-08-11 14:21:45.819 7 WARNING neutron.api.v2.base [None req-8e51eb8b-0dc3-4a6f-9640-a1a43c1de20d 6c7f1504c92d4a46a29ae9ce8e034f29 63e82abc4ca744dc9df1dd63b0467dc7 - - default default] An exception happened while processing the request body. The exception message is [Invalid input for target_tenant. Reason: '1234123412341234123412341234123412341234123412341234123412341234123412341234123412341234123412341234123412341234123412341234123412341234123412341234123412341234123412341234123412341234123412341234123412341234123412341234123412341234123412341234123412341234123412341234123412341234123412341234123412341234123412341234123412341234123412341234123412341234123412341234123412341234123412341234123412341234' exceeds maximum length of 255.].: webob.exc.HTTPBadRequest: Invalid input for target_tenant. Reason: '1234123412341234123412341234123412341234123412341234123412341234123412341234123412341234123412341234123412341234123412341234123412341234123412341234123412341234123412341234123412341234123412341234123412341234123412341234123412341234123412341234123412341234123412341234123412341234123412341234123412341234123412341234123412341234123412341234123412341234123412341234123412341234123412341234123412341234' exceeds maximum length of 255.
2026-08-11 14:21:45.821 7 INFO neutron.api.v2.resource [None req-8e51eb8b-0dc3-4a6f-9640-a1a43c1de20d 6c7f1504c92d4a46a29ae9ce8e034f29 63e82abc4ca744dc9df1dd63b0467dc7 - - default default] create failed (client error): Invalid input for target_tenant. Reason: '1234123412341234123412341234123412341234123412341234123412341234123412341234123412341234123412341234123412341234123412341234123412341234123412341234123412341234123412341234123412341234123412341234123412341234123412341234123412341234123412341234123412341234123412341234123412341234123412341234123412341234123412341234123412341234123412341234123412341234123412341234123412341234123412341234123412341234' exceeds maximum length of 255. [pid: 7|app: 0|req: 675/1473] 10.0.0.153 () {34 vars in 680 bytes} [Tue Aug 11 14:21:45 2026] POST /v2.0/rbac-policies => generated 547 bytes in 18 msecs (HTTP/1.1 400) 4 headers in 166 bytes (1 switches on core 0)
2026-08-11 14:21:45.869 7 INFO neutron.plugins.ml2.drivers.ovn.mech_driver.mech_driver [None req-e6388f81-e48f-4701-882f-947f2af61d48 - - - - - -] OVN reports status down for port: 0a663eae-c98c-4646-88aa-eda6f40d086d
2026-08-11 14:21:45.993 8 INFO neutron.db.ovn_revision_numbers_db [None req-887ebbb6-8a9a-4830-87fe-de41d3ed71c7 c599983da8e74894a9c3171f340315f0 46a7b19d00944d7cbf5af9fcbec6c0c4 - - default default] Successfully bumped revision number for resource 75ddb7fc-c382-445f-abf3-fa98f907b44a (type: security_groups) to 1
2026-08-11 14:21:46.007 8 INFO neutron.db.ovn_revision_numbers_db [None req-887ebbb6-8a9a-4830-87fe-de41d3ed71c7 c599983da8e74894a9c3171f340315f0 46a7b19d00944d7cbf5af9fcbec6c0c4 - - default default] Successfully bumped revision number for resource 07f56e4c-6936-497f-99b3-f125ef2f62bf (type: security_group_rules) to 0
2026-08-11 14:21:46.024 8 INFO neutron.db.ovn_revision_numbers_db [None req-887ebbb6-8a9a-4830-87fe-de41d3ed71c7 c599983da8e74894a9c3171f340315f0 46a7b19d00944d7cbf5af9fcbec6c0c4 - - default default] Successfully bumped revision number for resource 2353b60e-eaaf-4756-ac48-6f87d67e52a9 (type: security_group_rules) to 0
2026-08-11 14:21:46.035 8 INFO neutron.db.ovn_revision_numbers_db [None req-887ebbb6-8a9a-4830-87fe-de41d3ed71c7 c599983da8e74894a9c3171f340315f0 46a7b19d00944d7cbf5af9fcbec6c0c4 - - default default] Successfully bumped revision number for resource 2d082ac4-172f-4cfc-89e3-f1ed9f2e33f0 (type: security_group_rules) to 0
2026-08-11 14:21:46.035 7 WARNING neutron.plugins.ml2.drivers.ovn.mech_driver.ovsdb.ovn_client [None req-e6388f81-e48f-4701-882f-947f2af61d48 - - - - - -] Logical_Switch_Port %s host information not removed, the port state is up
2026-08-11 14:21:46.036 7 INFO neutron.plugins.ml2.drivers.ovn.mech_driver.mech_driver [None req-e6388f81-e48f-4701-882f-947f2af61d48 - - - - - -] OVN reports status up for port: 0a663eae-c98c-4646-88aa-eda6f40d086d
2026-08-11 14:21:46.050 8 INFO neutron.db.ovn_revision_numbers_db [None req-887ebbb6-8a9a-4830-87fe-de41d3ed71c7 c599983da8e74894a9c3171f340315f0 46a7b19d00944d7cbf5af9fcbec6c0c4 - - default default] Successfully bumped revision number for resource 3fb3677e-db5c-4b80-940b-44ca24647cca (type: security_group_rules) to 0
2026-08-11 14:21:46.073 7 INFO neutron.plugins.ml2.plugin [None req-e6388f81-e48f-4701-882f-947f2af61d48 - - - - - -] Attempt 1 to provision port 0a663eae-c98c-4646-88aa-eda6f40d086d [pid: 8|app: 0|req: 799/1474] 10.0.0.153 () {32 vars in 773 bytes} [Tue Aug 11 14:21:45 2026] GET /v2.0/security-groups?tenant_id=18fb89ba4ba6431d934a754659c40d2a&name=default => generated 2925 bytes in 463 msecs (HTTP/1.1 200) 4 headers in 158 bytes (1 switches on core 0)
2026-08-11 14:21:46.114 7 INFO neutron_taas.services.taas.taas_plugin [None req-00c2d827-aaca-456a-9569-da349ccd1d81 6c7f1504c92d4a46a29ae9ce8e034f29 63e82abc4ca744dc9df1dd63b0467dc7 - - default default] TaaS: Handle Delete Port: 52eb5901-2f6b-4d57-bde4-d8e54e13cf99
2026-08-11 14:21:46.118 7 INFO neutron_taas.services.taas.tap_mirror_plugin [None req-00c2d827-aaca-456a-9569-da349ccd1d81 6c7f1504c92d4a46a29ae9ce8e034f29 63e82abc4ca744dc9df1dd63b0467dc7 - - default default] Tap Mirror: Handle Delete Port: 52eb5901-2f6b-4d57-bde4-d8e54e13cf99 [pid: 8|app: 0|req: 802/1477] 10.0.0.153 () {32 vars in 739 bytes} [Tue Aug 11 14:21:46 2026] DELETE /v2.0/security-groups/75ddb7fc-c382-445f-abf3-fa98f907b44a => generated 0 bytes in 221 msecs (HTTP/1.1 204) 2 headers in 112 bytes (1 switches on core 0)
2026-08-11 14:21:46.698 7 INFO neutron.db.ovn_revision_numbers_db [None req-e6388f81-e48f-4701-882f-947f2af61d48 - - - - - -] Successfully bumped revision number for resource 0a663eae-c98c-4646-88aa-eda6f40d086d (type: ports) to 2
2026-08-11 14:21:46.705 8 INFO neutron.db.ovn_revision_numbers_db [None req-024dbb8b-e6f2-435b-8360-68c46b3e6814 c599983da8e74894a9c3171f340315f0 46a7b19d00944d7cbf5af9fcbec6c0c4 - - default default] Successfully bumped revision number for resource 204b31c6-e6b3-49f0-9e85-3a59112e3008 (type: security_groups) to 1
2026-08-11 14:21:46.709 7 INFO neutron.services.segments.plugin [-] Segment 92c1f632-7d3e-4d1a-bf44-0aca1de04a59 resource provider aggregate not found
2026-08-11 14:21:46.712 7 INFO neutron.services.segments.plugin [-] Segment 92c1f632-7d3e-4d1a-bf44-0aca1de04a59 resource provider aggregate not found
2026-08-11 14:21:46.717 8 INFO neutron.db.ovn_revision_numbers_db [None req-024dbb8b-e6f2-435b-8360-68c46b3e6814 c599983da8e74894a9c3171f340315f0 46a7b19d00944d7cbf5af9fcbec6c0c4 - - default default] Successfully bumped revision number for resource 2cffbc2d-51f4-4811-8aad-4ba20e8935a2 (type: security_group_rules) to 0
2026-08-11 14:21:46.729 8 INFO neutron.db.ovn_revision_numbers_db [None req-024dbb8b-e6f2-435b-8360-68c46b3e6814 c599983da8e74894a9c3171f340315f0 46a7b19d00944d7cbf5af9fcbec6c0c4 - - default default] Successfully bumped revision number for resource 2d8a55d8-9942-4f72-8b72-82bb3d3c8bac (type: security_group_rules) to 0
2026-08-11 14:21:46.731 7 INFO neutron.services.segments.plugin [-] Segment 92c1f632-7d3e-4d1a-bf44-0aca1de04a59 resource provider not found; error: Placement Client Error (4xx): {"errors": [{"status": 404, "title": "Not Found", "detail": "The resource could not be found.\n\n No resource provider with uuid 92c1f632-7d3e-4d1a-bf44-0aca1de04a59 found for delete ", "request_id": "req-cbdc545a-d325-48de-b03e-cea7bf3b6690"}]}
2026-08-11 14:21:46.735 7 INFO neutron.services.segments.plugin [-] Segment 92c1f632-7d3e-4d1a-bf44-0aca1de04a59 resource provider not found; error: Placement Client Error (4xx): {"errors": [{"status": 404, "title": "Not Found", "detail": "The resource could not be found.\n\n No resource provider with uuid 92c1f632-7d3e-4d1a-bf44-0aca1de04a59 found for delete ", "request_id": "req-397a9772-c57d-4c77-8b34-cbcacbb93d97"}]}
2026-08-11 14:21:46.742 8 INFO neutron.db.ovn_revision_numbers_db [None req-024dbb8b-e6f2-435b-8360-68c46b3e6814 c599983da8e74894a9c3171f340315f0 46a7b19d00944d7cbf5af9fcbec6c0c4 - - default default] Successfully bumped revision number for resource 47404318-25a4-4d05-acca-ed006228b59e (type: security_group_rules) to 0
2026-08-11 14:21:46.758 8 INFO neutron.db.ovn_revision_numbers_db [None req-024dbb8b-e6f2-435b-8360-68c46b3e6814 c599983da8e74894a9c3171f340315f0 46a7b19d00944d7cbf5af9fcbec6c0c4 - - default default] Successfully bumped revision number for resource 8fa23aa6-8e6f-423d-b5af-ca084c4f6f56 (type: security_group_rules) to 0 [pid: 7|app: 0|req: 676/1478] 10.0.0.153 () {32 vars in 725 bytes} [Tue Aug 11 14:21:45 2026] DELETE /v2.0/networks/a35fe465-09d6-4137-870e-512cd0c8a102 => generated 0 bytes in 974 msecs (HTTP/1.1 204) 3 headers in 131 bytes (1 switches on core 0)
2026-08-11 14:21:46.830 8 INFO neutron.db.segments_db [None req-024dbb8b-e6f2-435b-8360-68c46b3e6814 c599983da8e74894a9c3171f340315f0 46a7b19d00944d7cbf5af9fcbec6c0c4 - - default default] Added segment 185167e0-8d97-42b1-af18-e1fea22707ee of type geneve for network 29da5cdf-481e-4a0b-a0ba-eae9cf275919 [pid: 7|app: 0|req: 677/1479] 10.0.0.153 () {32 vars in 716 bytes} [Tue Aug 11 14:21:46 2026] GET /v2.0/ports/0a663eae-c98c-4646-88aa-eda6f40d086d => generated 943 bytes in 62 msecs (HTTP/1.1 200) 4 headers in 157 bytes (1 switches on core 0)
2026-08-11 14:21:46.938 8 INFO neutron.db.ovn_revision_numbers_db [None req-024dbb8b-e6f2-435b-8360-68c46b3e6814 c599983da8e74894a9c3171f340315f0 46a7b19d00944d7cbf5af9fcbec6c0c4 - - default default] Successfully bumped revision number for resource 29da5cdf-481e-4a0b-a0ba-eae9cf275919 (type: networks) to 1
2026-08-11 14:21:47.014 7 INFO neutron.db.segments_db [None req-9902a21c-f48e-4536-b247-7f7cb9643931 6c7f1504c92d4a46a29ae9ce8e034f29 63e82abc4ca744dc9df1dd63b0467dc7 - - default default] Added segment b839f368-d970-4278-8f02-d3bf99cab6a5 of type geneve for network 6b5c5c31-115e-4ae0-9f25-97625342ba26
2026-08-11 14:21:47.132 7 INFO neutron.db.ovn_revision_numbers_db [None req-9902a21c-f48e-4536-b247-7f7cb9643931 6c7f1504c92d4a46a29ae9ce8e034f29 63e82abc4ca744dc9df1dd63b0467dc7 - - default default] Successfully bumped revision number for resource 6b5c5c31-115e-4ae0-9f25-97625342ba26 (type: networks) to 1
2026-08-11 14:21:47.170 8 WARNING neutron.scheduler.dhcp_agent_scheduler [None req-024dbb8b-e6f2-435b-8360-68c46b3e6814 c599983da8e74894a9c3171f340315f0 46a7b19d00944d7cbf5af9fcbec6c0c4 - - default default] No more DHCP agents
2026-08-11 14:21:47.172 8 WARNING neutron.api.rpc.agentnotifiers.dhcp_rpc_agent_api [None req-024dbb8b-e6f2-435b-8360-68c46b3e6814 c599983da8e74894a9c3171f340315f0 46a7b19d00944d7cbf5af9fcbec6c0c4 - - default default] Unable to schedule network 29da5cdf-481e-4a0b-a0ba-eae9cf275919: no agents available; will retry on subsequent port and subnet creation events.
2026-08-11 14:21:47.269 8 INFO neutron.db.ovn_revision_numbers_db [None req-024dbb8b-e6f2-435b-8360-68c46b3e6814 c599983da8e74894a9c3171f340315f0 46a7b19d00944d7cbf5af9fcbec6c0c4 - - default default] Successfully bumped revision number for resource e080b0a4-79d6-466a-8e27-7261ea0fafd0 (type: ports) to 1 [pid: 8|app: 0|req: 803/1480] 10.0.0.153 () {34 vars in 670 bytes} [Tue Aug 11 14:21:46 2026] POST /v2.0/networks => generated 758 bytes in 968 msecs (HTTP/1.1 201) 4 headers in 162 bytes (1 switches on core 0)
2026-08-11 14:21:47.314 7 WARNING neutron.scheduler.dhcp_agent_scheduler [None req-9902a21c-f48e-4536-b247-7f7cb9643931 6c7f1504c92d4a46a29ae9ce8e034f29 63e82abc4ca744dc9df1dd63b0467dc7 - - default default] No more DHCP agents
2026-08-11 14:21:47.317 7 WARNING neutron.api.rpc.agentnotifiers.dhcp_rpc_agent_api [None req-9902a21c-f48e-4536-b247-7f7cb9643931 6c7f1504c92d4a46a29ae9ce8e034f29 63e82abc4ca744dc9df1dd63b0467dc7 - - default default] Unable to schedule network 6b5c5c31-115e-4ae0-9f25-97625342ba26: no agents available; will retry on subsequent port and subnet creation events.
2026-08-11 14:21:47.398 8 INFO neutron.plugins.ml2.drivers.ovn.mech_driver.mech_driver [None req-74815a8e-ed57-4ca2-817d-d7af84a85f20 - - - - - -] OVN reports status down for port: fa821718-2ce5-41b9-aead-820c0be591e0
2026-08-11 14:21:47.422 7 INFO neutron.db.ovn_revision_numbers_db [None req-9902a21c-f48e-4536-b247-7f7cb9643931 6c7f1504c92d4a46a29ae9ce8e034f29 63e82abc4ca744dc9df1dd63b0467dc7 - - default default] Successfully bumped revision number for resource fa821718-2ce5-41b9-aead-820c0be591e0 (type: ports) to 1 [pid: 7|app: 0|req: 678/1481] 10.0.0.153 () {34 vars in 669 bytes} [Tue Aug 11 14:21:46 2026] POST /v2.0/networks => generated 746 bytes in 579 msecs (HTTP/1.1 201) 4 headers in 162 bytes (1 switches on core 0)
2026-08-11 14:21:47.591 7 WARNING neutron.scheduler.dhcp_agent_scheduler [None req-13a2c5e8-7d0c-48d3-bc49-4c1b45def7ca c599983da8e74894a9c3171f340315f0 46a7b19d00944d7cbf5af9fcbec6c0c4 - - default default] No more DHCP agents
2026-08-11 14:21:47.593 7 WARNING neutron.api.rpc.agentnotifiers.dhcp_rpc_agent_api [None req-13a2c5e8-7d0c-48d3-bc49-4c1b45def7ca c599983da8e74894a9c3171f340315f0 46a7b19d00944d7cbf5af9fcbec6c0c4 - - default default] Unable to schedule network 29da5cdf-481e-4a0b-a0ba-eae9cf275919: no agents available; will retry on subsequent port and subnet creation events.
2026-08-11 14:21:47.763 8 INFO neutron_taas.services.taas.taas_plugin [None req-a09bddb4-d6ae-4f2b-960a-1ea8bd95dc90 b174d1bcaf1749b1ab5b295f6bc63156 2f5ddf80902e47bd868fbaaa954528e3 - - default default] TaaS: Handle Delete Port: 0a663eae-c98c-4646-88aa-eda6f40d086d
2026-08-11 14:21:47.766 8 INFO neutron_taas.services.taas.tap_mirror_plugin [None req-a09bddb4-d6ae-4f2b-960a-1ea8bd95dc90 b174d1bcaf1749b1ab5b295f6bc63156 2f5ddf80902e47bd868fbaaa954528e3 - - default default] Tap Mirror: Handle Delete Port: 0a663eae-c98c-4646-88aa-eda6f40d086d
2026-08-11 14:21:48.161 7 INFO neutron.db.ovn_revision_numbers_db [None req-f42c805a-c1a9-4b59-a567-177e429fc281 - - - - - -] Successfully bumped revision number for resource e080b0a4-79d6-466a-8e27-7261ea0fafd0 (type: ports) to 2
2026-08-11 14:21:48.196 7 INFO neutron.db.ovn_revision_numbers_db [None req-f42c805a-c1a9-4b59-a567-177e429fc281 - - - - - -] Successfully bumped revision number for resource 90158e1e-9938-4156-9c7d-95836de93ea5 (type: subnets) to 0 [pid: 8|app: 0|req: 804/1482] 10.0.0.153 () {34 vars in 788 bytes} [Tue Aug 11 14:21:47 2026] PUT /v2.0/routers/c3bc45a5-1650-4053-9b3f-97c462984a51/remove_router_interface => generated 309 bytes in 905 msecs (HTTP/1.1 200) 4 headers in 157 bytes (1 switches on core 0) /var/lib/openstack/lib/python3.12/site-packages/pycadf/identifier.py:70: UserWarning: Invalid uuid: neutron. To ensure interoperability, identifiers should be a valid uuid. warnings.warn(('Invalid uuid: %s. To ensure interoperability, ' [pid: 7|app: 0|req: 679/1483] 10.0.0.153 () {34 vars in 668 bytes} [Tue Aug 11 14:21:47 2026] POST /v2.0/subnets => generated 684 bytes in 770 msecs (HTTP/1.1 201) 4 headers in 162 bytes (1 switches on core 0)
2026-08-11 14:21:48.340 8 WARNING neutron.scheduler.dhcp_agent_scheduler [None req-87c7b6b4-c482-4044-b543-7c2997534395 6c7f1504c92d4a46a29ae9ce8e034f29 63e82abc4ca744dc9df1dd63b0467dc7 - - default default] No more DHCP agents
2026-08-11 14:21:48.341 8 WARNING neutron.api.rpc.agentnotifiers.dhcp_rpc_agent_api [None req-87c7b6b4-c482-4044-b543-7c2997534395 6c7f1504c92d4a46a29ae9ce8e034f29 63e82abc4ca744dc9df1dd63b0467dc7 - - default default] Unable to schedule network 6b5c5c31-115e-4ae0-9f25-97625342ba26: no agents available; will retry on subsequent port and subnet creation events.
2026-08-11 14:21:48.512 7 INFO neutron.db.ovn_revision_numbers_db [None req-464db95e-e13f-4eb1-adb0-15c7cc7e043f 39a6196848ca4d7897c3bdb84355d0ac 125b365583284cfc851edb6374ad7701 - - default default] Successfully bumped revision number for resource 2511c1de-fe11-4b10-a9cf-49fd1eabdebe (type: security_groups) to 1
2026-08-11 14:21:48.525 7 INFO neutron.db.ovn_revision_numbers_db [None req-464db95e-e13f-4eb1-adb0-15c7cc7e043f 39a6196848ca4d7897c3bdb84355d0ac 125b365583284cfc851edb6374ad7701 - - default default] Successfully bumped revision number for resource 4c38b507-1ae2-426d-bd53-715482e6668a (type: security_group_rules) to 0
2026-08-11 14:21:48.537 7 INFO neutron.db.ovn_revision_numbers_db [None req-464db95e-e13f-4eb1-adb0-15c7cc7e043f 39a6196848ca4d7897c3bdb84355d0ac 125b365583284cfc851edb6374ad7701 - - default default] Successfully bumped revision number for resource 797ced71-8729-4c66-b6ac-f129f85bda04 (type: security_group_rules) to 0
2026-08-11 14:21:48.548 7 INFO neutron.db.ovn_revision_numbers_db [None req-464db95e-e13f-4eb1-adb0-15c7cc7e043f 39a6196848ca4d7897c3bdb84355d0ac 125b365583284cfc851edb6374ad7701 - - default default] Successfully bumped revision number for resource 9452e34e-26f4-48aa-a67c-bc8c5e0e32c4 (type: security_group_rules) to 0
2026-08-11 14:21:48.558 7 INFO neutron.db.ovn_revision_numbers_db [None req-464db95e-e13f-4eb1-adb0-15c7cc7e043f 39a6196848ca4d7897c3bdb84355d0ac 125b365583284cfc851edb6374ad7701 - - default default] Successfully bumped revision number for resource b6179bbc-9b9a-402a-8542-36aad7153b7f (type: security_group_rules) to 0
2026-08-11 14:21:48.638 7 INFO neutron.db.segments_db [None req-464db95e-e13f-4eb1-adb0-15c7cc7e043f 39a6196848ca4d7897c3bdb84355d0ac 125b365583284cfc851edb6374ad7701 - - default default] Added segment a7bb4b17-fdce-4786-8251-2416988f0d1a of type geneve for network 227ed931-c1b4-4716-b7fd-e48b58fa32fd
2026-08-11 14:21:48.709 7 INFO neutron.db.segments_db [None req-464db95e-e13f-4eb1-adb0-15c7cc7e043f 39a6196848ca4d7897c3bdb84355d0ac 125b365583284cfc851edb6374ad7701 - - default default] Added segment 92cb630c-fa96-4f81-92d9-cdb8a7c71e5a of type geneve for network 19546d3e-5720-4d03-ba64-3f287dcbbdb3
2026-08-11 14:21:48.794 8 INFO neutron.db.ovn_revision_numbers_db [None req-c074910b-31ba-419d-90b3-1ff1514106fd - - - - - -] Successfully bumped revision number for resource fa821718-2ce5-41b9-aead-820c0be591e0 (type: ports) to 2
2026-08-11 14:21:48.829 7 INFO neutron.db.ovn_revision_numbers_db [None req-464db95e-e13f-4eb1-adb0-15c7cc7e043f 39a6196848ca4d7897c3bdb84355d0ac 125b365583284cfc851edb6374ad7701 - - default default] Successfully bumped revision number for resource 227ed931-c1b4-4716-b7fd-e48b58fa32fd (type: networks) to 1
2026-08-11 14:21:48.832 8 INFO neutron.db.ovn_revision_numbers_db [None req-c074910b-31ba-419d-90b3-1ff1514106fd - - - - - -] Successfully bumped revision number for resource f0e31e5a-6924-412c-a238-54cf05ea079e (type: subnets) to 0 [pid: 8|app: 0|req: 805/1484] 10.0.0.153 () {34 vars in 668 bytes} [Tue Aug 11 14:21:48 2026] POST /v2.0/subnets => generated 647 bytes in 648 msecs (HTTP/1.1 201) 4 headers in 162 bytes (1 switches on core 0) [pid: 8|app: 0|req: 806/1485] 10.0.0.153 () {32 vars in 716 bytes} [Tue Aug 11 14:21:48 2026] GET /v2.0/ports/0c85616a-75b9-4150-82b2-c8fff9605300 => generated 943 bytes in 74 msecs (HTTP/1.1 200) 4 headers in 157 bytes (1 switches on core 0)
2026-08-11 14:21:48.976 7 WARNING neutron.scheduler.dhcp_agent_scheduler [None req-464db95e-e13f-4eb1-adb0-15c7cc7e043f 39a6196848ca4d7897c3bdb84355d0ac 125b365583284cfc851edb6374ad7701 - - default default] No more DHCP agents
2026-08-11 14:21:48.977 7 WARNING neutron.api.rpc.agentnotifiers.dhcp_rpc_agent_api [None req-464db95e-e13f-4eb1-adb0-15c7cc7e043f 39a6196848ca4d7897c3bdb84355d0ac 125b365583284cfc851edb6374ad7701 - - default default] Unable to schedule network 227ed931-c1b4-4716-b7fd-e48b58fa32fd: no agents available; will retry on subsequent port and subnet creation events.
2026-08-11 14:21:49.076 7 INFO neutron.db.ovn_revision_numbers_db [None req-464db95e-e13f-4eb1-adb0-15c7cc7e043f 39a6196848ca4d7897c3bdb84355d0ac 125b365583284cfc851edb6374ad7701 - - default default] Successfully bumped revision number for resource 446fdc54-fae4-4184-8119-a9eacbdbad8e (type: ports) to 1
2026-08-11 14:21:49.136 7 INFO neutron.db.ovn_revision_numbers_db [None req-464db95e-e13f-4eb1-adb0-15c7cc7e043f 39a6196848ca4d7897c3bdb84355d0ac 125b365583284cfc851edb6374ad7701 - - default default] Successfully bumped revision number for resource 19546d3e-5720-4d03-ba64-3f287dcbbdb3 (type: networks) to 1
2026-08-11 14:21:49.285 7 WARNING neutron.scheduler.dhcp_agent_scheduler [None req-464db95e-e13f-4eb1-adb0-15c7cc7e043f 39a6196848ca4d7897c3bdb84355d0ac 125b365583284cfc851edb6374ad7701 - - default default] No more DHCP agents
2026-08-11 14:21:49.286 7 WARNING neutron.api.rpc.agentnotifiers.dhcp_rpc_agent_api [None req-464db95e-e13f-4eb1-adb0-15c7cc7e043f 39a6196848ca4d7897c3bdb84355d0ac 125b365583284cfc851edb6374ad7701 - - default default] Unable to schedule network 19546d3e-5720-4d03-ba64-3f287dcbbdb3: no agents available; will retry on subsequent port and subnet creation events.
2026-08-11 14:21:49.358 8 INFO neutron.plugins.ml2.drivers.ovn.mech_driver.mech_driver [None req-74815a8e-ed57-4ca2-817d-d7af84a85f20 - - - - - -] OVN reports status down for port: 2b13b40c-1c35-476d-bd55-670a85b28c5d
2026-08-11 14:21:49.359 7 INFO neutron.db.ovn_revision_numbers_db [None req-464db95e-e13f-4eb1-adb0-15c7cc7e043f 39a6196848ca4d7897c3bdb84355d0ac 125b365583284cfc851edb6374ad7701 - - default default] Successfully bumped revision number for resource 2b13b40c-1c35-476d-bd55-670a85b28c5d (type: ports) to 1 [pid: 7|app: 0|req: 680/1486] 10.0.0.153 () {34 vars in 669 bytes} [Tue Aug 11 14:21:48 2026] POST /v2.0/networks => generated 1283 bytes in 1168 msecs (HTTP/1.1 201) 4 headers in 163 bytes (1 switches on core 0)
2026-08-11 14:21:49.420 8 WARNING neutron.scheduler.dhcp_agent_scheduler [None req-89b15ba7-3503-4b30-8c1d-bf71f0d4c30e c599983da8e74894a9c3171f340315f0 46a7b19d00944d7cbf5af9fcbec6c0c4 - - default default] No more DHCP agents
2026-08-11 14:21:49.423 8 WARNING neutron.api.rpc.agentnotifiers.dhcp_rpc_agent_api [None req-89b15ba7-3503-4b30-8c1d-bf71f0d4c30e c599983da8e74894a9c3171f340315f0 46a7b19d00944d7cbf5af9fcbec6c0c4 - - default default] Unable to schedule network 98e2cbc3-9a6a-4a3e-9669-e668c7e16766: no agents available; will retry on subsequent port and subnet creation events.
2026-08-11 14:21:49.571 8 INFO neutron.db.ovn_revision_numbers_db [None req-89b15ba7-3503-4b30-8c1d-bf71f0d4c30e c599983da8e74894a9c3171f340315f0 46a7b19d00944d7cbf5af9fcbec6c0c4 - - default default] Successfully bumped revision number for resource 1718e642-7d5f-4e8f-be8b-b0d0c0aaea2f (type: ports) to 1 [pid: 7|app: 0|req: 681/1487] 10.0.0.153 () {34 vars in 680 bytes} [Tue Aug 11 14:21:49 2026] POST /v2.0/rbac-policies => generated 324 bytes in 260 msecs (HTTP/1.1 201) 4 headers in 162 bytes (1 switches on core 0)
2026-08-11 14:21:49.931 7 INFO neutron_taas.services.taas.taas_plugin [None req-9805d5a4-90e9-428b-b21c-945a5c698ab6 b174d1bcaf1749b1ab5b295f6bc63156 2f5ddf80902e47bd868fbaaa954528e3 - - default default] TaaS: Handle Delete Port: 0c85616a-75b9-4150-82b2-c8fff9605300
2026-08-11 14:21:49.935 7 INFO neutron_taas.services.taas.tap_mirror_plugin [None req-9805d5a4-90e9-428b-b21c-945a5c698ab6 b174d1bcaf1749b1ab5b295f6bc63156 2f5ddf80902e47bd868fbaaa954528e3 - - default default] Tap Mirror: Handle Delete Port: 0c85616a-75b9-4150-82b2-c8fff9605300
2026-08-11 14:21:50.165 8 INFO neutron.plugins.ml2.drivers.ovn.mech_driver.ovsdb.commands [None req-49c3a86f-98f8-4ec4-8b7e-c3fbaf29d90c - - - - - -] Schedule LRP lrp-1718e642-7d5f-4e8f-be8b-b0d0c0aaea2f on gateway e1f6fe85-a033-4706-a9f6-c2667b79e7ff with priority 1
2026-08-11 14:21:50.226 8 INFO neutron.plugins.ml2.drivers.ovn.mech_driver.ovsdb.ovsdb_monitor [None req-0548f89c-aa09-4f46-a7b5-dc0dd64bbdd2 - - - - - -] Router 1dcc82c4-9701-4172-8123-352bd420d6a6 is bound to host instance
2026-08-11 14:21:50.257 8 INFO neutron.db.ovn_revision_numbers_db [None req-89b15ba7-3503-4b30-8c1d-bf71f0d4c30e c599983da8e74894a9c3171f340315f0 46a7b19d00944d7cbf5af9fcbec6c0c4 - - default default] Successfully bumped revision number for resource 1718e642-7d5f-4e8f-be8b-b0d0c0aaea2f (type: router_ports) to 1 [pid: 7|app: 0|req: 682/1488] 10.0.0.153 () {34 vars in 788 bytes} [Tue Aug 11 14:21:49 2026] PUT /v2.0/routers/c3bc45a5-1650-4053-9b3f-97c462984a51/remove_router_interface => generated 309 bytes in 666 msecs (HTTP/1.1 200) 4 headers in 157 bytes (1 switches on core 0) /var/lib/openstack/lib/python3.12/site-packages/pycadf/identifier.py:70: UserWarning: Invalid uuid: neutron. To ensure interoperability, identifiers should be a valid uuid. warnings.warn(('Invalid uuid: %s. To ensure interoperability, ' [pid: 7|app: 0|req: 683/1489] 10.0.0.153 () {32 vars in 648 bytes} [Tue Aug 11 14:21:50 2026] GET /v2.0/networks => generated 1970 bytes in 65 msecs (HTTP/1.1 200) 4 headers in 158 bytes (1 switches on core 0)
2026-08-11 14:21:50.394 8 INFO neutron.db.ovn_revision_numbers_db [None req-89b15ba7-3503-4b30-8c1d-bf71f0d4c30e c599983da8e74894a9c3171f340315f0 46a7b19d00944d7cbf5af9fcbec6c0c4 - - default default] Successfully bumped revision number for resource 1dcc82c4-9701-4172-8123-352bd420d6a6 (type: routers) to 2 [pid: 8|app: 0|req: 807/1490] 10.0.0.153 () {34 vars in 668 bytes} [Tue Aug 11 14:21:48 2026] POST /v2.0/routers => generated 962 bytes in 1500 msecs (HTTP/1.1 201) 4 headers in 162 bytes (1 switches on core 0) [pid: 7|app: 0|req: 684/1491] 10.0.0.153 () {32 vars in 722 bytes} [Tue Aug 11 14:21:50 2026] GET /v2.0/networks/6b5c5c31-115e-4ae0-9f25-97625342ba26 => generated 690 bytes in 80 msecs (HTTP/1.1 200) 4 headers in 157 bytes (1 switches on core 0) [pid: 8|app: 0|req: 808/1492] 10.0.0.153 () {32 vars in 735 bytes} [Tue Aug 11 14:21:50 2026] GET /v2.0/ports?device_id=c3bc45a5-1650-4053-9b3f-97c462984a51 => generated 12 bytes in 34 msecs (HTTP/1.1 200) 4 headers in 156 bytes (1 switches on core 0)
2026-08-11 14:21:50.570 7 INFO neutron_taas.services.taas.taas_plugin [None req-a8b4cf5b-6063-49ed-afd7-926221c68459 39a6196848ca4d7897c3bdb84355d0ac 125b365583284cfc851edb6374ad7701 - - default default] TaaS: Handle Delete Port: 446fdc54-fae4-4184-8119-a9eacbdbad8e
2026-08-11 14:21:50.574 7 INFO neutron_taas.services.taas.tap_mirror_plugin [None req-a8b4cf5b-6063-49ed-afd7-926221c68459 39a6196848ca4d7897c3bdb84355d0ac 125b365583284cfc851edb6374ad7701 - - default default] Tap Mirror: Handle Delete Port: 446fdc54-fae4-4184-8119-a9eacbdbad8e
2026-08-11 14:21:50.781 7 INFO neutron.services.segments.plugin [-] Segment a7bb4b17-fdce-4786-8251-2416988f0d1a resource provider aggregate not found
2026-08-11 14:21:50.788 7 INFO neutron.services.segments.plugin [-] Segment a7bb4b17-fdce-4786-8251-2416988f0d1a resource provider aggregate not found
2026-08-11 14:21:50.806 7 INFO neutron.services.segments.plugin [-] Segment a7bb4b17-fdce-4786-8251-2416988f0d1a resource provider not found; error: Placement Client Error (4xx): {"errors": [{"status": 404, "title": "Not Found", "detail": "The resource could not be found.\n\n No resource provider with uuid a7bb4b17-fdce-4786-8251-2416988f0d1a found for delete ", "request_id": "req-8d2f7e0a-bbd5-4188-8282-745bc9a18013"}]}
2026-08-11 14:21:50.811 7 INFO neutron.services.segments.plugin [-] Segment a7bb4b17-fdce-4786-8251-2416988f0d1a resource provider not found; error: Placement Client Error (4xx): {"errors": [{"status": 404, "title": "Not Found", "detail": "The resource could not be found.\n\n No resource provider with uuid a7bb4b17-fdce-4786-8251-2416988f0d1a found for delete ", "request_id": "req-406fda1e-af69-4062-9cf4-ae55bdb2c763"}]} [pid: 7|app: 0|req: 685/1493] 10.0.0.153 () {32 vars in 725 bytes} [Tue Aug 11 14:21:50 2026] DELETE /v2.0/networks/227ed931-c1b4-4716-b7fd-e48b58fa32fd => generated 0 bytes in 395 msecs (HTTP/1.1 204) 3 headers in 131 bytes (1 switches on core 0) [pid: 7|app: 0|req: 686/1494] 10.0.0.153 () {32 vars in 723 bytes} [Tue Aug 11 14:21:50 2026] DELETE /v2.0/routers/c3bc45a5-1650-4053-9b3f-97c462984a51 => generated 0 bytes in 229 msecs (HTTP/1.1 204) 2 headers in 112 bytes (1 switches on core 0)
2026-08-11 14:21:51.124 7 INFO neutron.pecan_wsgi.hooks.translation [None req-53d30ef0-76d9-4779-9882-5f2b3da3f74f 70aec52f12104d5f8a8a7f4a59e0b7e2 d193bd2958d24824af28233670fe4cbe - - default default] GET failed (client error): The resource could not be found. [pid: 7|app: 0|req: 687/1495] 10.0.0.153 () {32 vars in 722 bytes} [Tue Aug 11 14:21:51 2026] GET /v2.0/networks/6b5c5c31-115e-4ae0-9f25-97625342ba26 => generated 138 bytes in 43 msecs (HTTP/1.1 404) 4 headers in 164 bytes (1 switches on core 0)
2026-08-11 14:21:51.233 7 INFO neutron_taas.services.taas.taas_plugin [None req-05ff8eb2-9c92-45a1-ae1e-c093847cddfd 39a6196848ca4d7897c3bdb84355d0ac 125b365583284cfc851edb6374ad7701 - - default default] TaaS: Handle Delete Port: 2b13b40c-1c35-476d-bd55-670a85b28c5d
2026-08-11 14:21:51.235 7 INFO neutron_taas.services.taas.tap_mirror_plugin [None req-05ff8eb2-9c92-45a1-ae1e-c093847cddfd 39a6196848ca4d7897c3bdb84355d0ac 125b365583284cfc851edb6374ad7701 - - default default] Tap Mirror: Handle Delete Port: 2b13b40c-1c35-476d-bd55-670a85b28c5d
2026-08-11 14:21:51.307 8 WARNING neutron.scheduler.dhcp_agent_scheduler [None req-7a500f62-2147-4553-ac47-861f5bba8474 c599983da8e74894a9c3171f340315f0 46a7b19d00944d7cbf5af9fcbec6c0c4 - - default default] No more DHCP agents
2026-08-11 14:21:51.317 8 WARNING neutron.api.rpc.agentnotifiers.dhcp_rpc_agent_api [None req-7a500f62-2147-4553-ac47-861f5bba8474 c599983da8e74894a9c3171f340315f0 46a7b19d00944d7cbf5af9fcbec6c0c4 - - default default] Unable to schedule network 29da5cdf-481e-4a0b-a0ba-eae9cf275919: no agents available; will retry on subsequent port and subnet creation events. [pid: 7|app: 0|req: 688/1496] 10.0.0.153 () {32 vars in 725 bytes} [Tue Aug 11 14:21:51 2026] DELETE /v2.0/networks/19546d3e-5720-4d03-ba64-3f287dcbbdb3 => generated 0 bytes in 316 msecs (HTTP/1.1 204) 3 headers in 131 bytes (1 switches on core 0)
2026-08-11 14:21:51.614 8 INFO neutron.db.ovn_revision_numbers_db [None req-7a500f62-2147-4553-ac47-861f5bba8474 c599983da8e74894a9c3171f340315f0 46a7b19d00944d7cbf5af9fcbec6c0c4 - - default default] Successfully bumped revision number for resource 406e0ca9-e1b4-4d94-ab32-47899e04598f (type: ports) to 1 [pid: 7|app: 0|req: 689/1497] 10.0.0.153 () {32 vars in 723 bytes} [Tue Aug 11 14:21:51 2026] DELETE /v2.0/subnets/c325b7c7-f06c-4a7b-86df-94aba947c77a => generated 0 bytes in 216 msecs (HTTP/1.1 204) 3 headers in 131 bytes (1 switches on core 0)
2026-08-11 14:21:51.792 7 INFO neutron_taas.services.taas.taas_plugin [None req-60533fee-87ab-405e-95de-69b37f2138ee 6c7f1504c92d4a46a29ae9ce8e034f29 63e82abc4ca744dc9df1dd63b0467dc7 - - default default] TaaS: Handle Delete Port: fa821718-2ce5-41b9-aead-820c0be591e0
2026-08-11 14:21:51.795 7 INFO neutron_taas.services.taas.tap_mirror_plugin [None req-60533fee-87ab-405e-95de-69b37f2138ee 6c7f1504c92d4a46a29ae9ce8e034f29 63e82abc4ca744dc9df1dd63b0467dc7 - - default default] Tap Mirror: Handle Delete Port: fa821718-2ce5-41b9-aead-820c0be591e0
2026-08-11 14:21:51.874 8 INFO neutron.db.ovn_revision_numbers_db [None req-8492809d-20be-4750-af8f-325a836ff720 - - - - - -] Successfully bumped revision number for resource 1718e642-7d5f-4e8f-be8b-b0d0c0aaea2f (type: ports) to 4 [pid: 7|app: 0|req: 690/1498] 10.0.0.153 () {32 vars in 725 bytes} [Tue Aug 11 14:21:51 2026] DELETE /v2.0/networks/6b5c5c31-115e-4ae0-9f25-97625342ba26 => generated 0 bytes in 556 msecs (HTTP/1.1 204) 3 headers in 131 bytes (1 switches on core 0) [pid: 7|app: 0|req: 691/1499] 10.0.0.153 () {32 vars in 648 bytes} [Tue Aug 11 14:21:52 2026] GET /v2.0/networks => generated 689 bytes in 45 msecs (HTTP/1.1 200) 4 headers in 157 bytes (1 switches on core 0)
2026-08-11 14:21:52.368 7 WARNING neutron.plugins.ml2.drivers.ovn.mech_driver.ovsdb.ovn_client [None req-37ace193-68b4-418d-b19b-7d3910331cd0 - - - - - -] No port found with ID 0a663eae-c98c-4646-88aa-eda6f40d086d: RuntimeError: No port found with ID 0a663eae-c98c-4646-88aa-eda6f40d086d
2026-08-11 14:21:52.380 7 INFO neutron.plugins.ml2.drivers.ovn.mech_driver.mech_driver [None req-37ace193-68b4-418d-b19b-7d3910331cd0 - - - - - -] OVN reports status down for port: 287f43d7-0f7a-4418-9bd1-59a9efe06e6d
2026-08-11 14:21:52.409 7 INFO neutron.plugins.ml2.drivers.ovn.mech_driver.mech_driver [None req-37ace193-68b4-418d-b19b-7d3910331cd0 - - - - - -] OVN reports status down for port: e080b0a4-79d6-466a-8e27-7261ea0fafd0 [pid: 7|app: 0|req: 692/1500] 10.0.0.153 () {32 vars in 723 bytes} [Tue Aug 11 14:21:52 2026] DELETE /v2.0/subnets/4503fead-67b1-4176-b0d7-b394ed38ea21 => generated 0 bytes in 248 msecs (HTTP/1.1 204) 3 headers in 131 bytes (1 switches on core 0)
2026-08-11 14:21:52.526 7 INFO neutron.plugins.ml2.drivers.ovn.mech_driver.mech_driver [None req-37ace193-68b4-418d-b19b-7d3910331cd0 - - - - - -] OVN reports status down for port: 446fdc54-fae4-4184-8119-a9eacbdbad8e
2026-08-11 14:21:52.527 7 INFO neutron.pecan_wsgi.hooks.translation [None req-7a8ea966-f6f5-43bd-a911-b4c25174ad16 6c7f1504c92d4a46a29ae9ce8e034f29 63e82abc4ca744dc9df1dd63b0467dc7 - - default default] DELETE failed (client error): The resource could not be found. [pid: 7|app: 0|req: 693/1501] 10.0.0.153 () {32 vars in 723 bytes} [Tue Aug 11 14:21:52 2026] DELETE /v2.0/subnets/1c90f6db-55ee-448c-bacd-b1d5725f1aef => generated 136 bytes in 20 msecs (HTTP/1.1 404) 4 headers in 164 bytes (1 switches on core 0)
2026-08-11 14:21:52.549 7 INFO neutron.plugins.ml2.drivers.ovn.mech_driver.mech_driver [None req-37ace193-68b4-418d-b19b-7d3910331cd0 - - - - - -] OVN reports status down for port: 1718e642-7d5f-4e8f-be8b-b0d0c0aaea2f
2026-08-11 14:21:52.640 8 INFO neutron.db.ovn_revision_numbers_db [None req-8492809d-20be-4750-af8f-325a836ff720 - - - - - -] Successfully bumped revision number for resource 1718e642-7d5f-4e8f-be8b-b0d0c0aaea2f (type: ports) to 5
2026-08-11 14:21:52.680 7 INFO neutron.db.segments_db [None req-f26ca3a1-baa6-4da0-a7a1-b39097fabbee 39a6196848ca4d7897c3bdb84355d0ac 125b365583284cfc851edb6374ad7701 - - default default] Added segment 221c8b09-624b-4ea5-9cd3-5c72f5b96ff5 of type geneve for network fd992eea-86a5-497a-ad67-316ce90d06c3
2026-08-11 14:21:52.838 7 INFO neutron.services.segments.plugin [-] Segment 92cb630c-fa96-4f81-92d9-cdb8a7c71e5a resource provider aggregate not found
2026-08-11 14:21:52.847 7 INFO neutron.services.segments.plugin [-] Segment 92cb630c-fa96-4f81-92d9-cdb8a7c71e5a resource provider aggregate not found
2026-08-11 14:21:52.864 7 INFO neutron.services.segments.plugin [-] Segment 92cb630c-fa96-4f81-92d9-cdb8a7c71e5a resource provider not found; error: Placement Client Error (4xx): {"errors": [{"status": 404, "title": "Not Found", "detail": "The resource could not be found.\n\n No resource provider with uuid 92cb630c-fa96-4f81-92d9-cdb8a7c71e5a found for delete ", "request_id": "req-75be089c-8f17-41b2-889f-7d6870fc930d"}]}
2026-08-11 14:21:52.867 7 INFO neutron.services.segments.plugin [-] Segment 92cb630c-fa96-4f81-92d9-cdb8a7c71e5a resource provider not found; error: Placement Client Error (4xx): {"errors": [{"status": 404, "title": "Not Found", "detail": "The resource could not be found.\n\n No resource provider with uuid 92cb630c-fa96-4f81-92d9-cdb8a7c71e5a found for delete ", "request_id": "req-c98cf325-4669-4481-a6d4-286056181272"}]}
2026-08-11 14:21:52.889 7 INFO neutron.services.segments.plugin [-] Segment b839f368-d970-4278-8f02-d3bf99cab6a5 resource provider aggregate not found
2026-08-11 14:21:52.894 7 INFO neutron.services.segments.plugin [-] Segment b839f368-d970-4278-8f02-d3bf99cab6a5 resource provider aggregate not found
2026-08-11 14:21:52.915 7 INFO neutron.services.segments.plugin [-] Segment b839f368-d970-4278-8f02-d3bf99cab6a5 resource provider not found; error: Placement Client Error (4xx): {"errors": [{"status": 404, "title": "Not Found", "detail": "The resource could not be found.\n\n No resource provider with uuid b839f368-d970-4278-8f02-d3bf99cab6a5 found for delete ", "request_id": "req-e47d3acc-6ece-47de-821e-09ca6fee6806"}]}
2026-08-11 14:21:52.916 7 INFO neutron.services.segments.plugin [-] Segment b839f368-d970-4278-8f02-d3bf99cab6a5 resource provider not found; error: Placement Client Error (4xx): {"errors": [{"status": 404, "title": "Not Found", "detail": "The resource could not be found.\n\n No resource provider with uuid b839f368-d970-4278-8f02-d3bf99cab6a5 found for delete ", "request_id": "req-17ca1a66-1e5a-4587-9420-535a09a84e8b"}]}
2026-08-11 14:21:52.923 8 WARNING neutron.scheduler.dhcp_agent_scheduler [None req-7a500f62-2147-4553-ac47-861f5bba8474 c599983da8e74894a9c3171f340315f0 46a7b19d00944d7cbf5af9fcbec6c0c4 - - default default] No more DHCP agents
2026-08-11 14:21:52.926 8 WARNING neutron.api.rpc.agentnotifiers.dhcp_rpc_agent_api [None req-7a500f62-2147-4553-ac47-861f5bba8474 c599983da8e74894a9c3171f340315f0 46a7b19d00944d7cbf5af9fcbec6c0c4 - - default default] Unable to schedule network 29da5cdf-481e-4a0b-a0ba-eae9cf275919: no agents available; will retry on subsequent port and subnet creation events.
2026-08-11 14:21:52.946 7 INFO neutron.db.ovn_revision_numbers_db [None req-f26ca3a1-baa6-4da0-a7a1-b39097fabbee 39a6196848ca4d7897c3bdb84355d0ac 125b365583284cfc851edb6374ad7701 - - default default] Successfully bumped revision number for resource fd992eea-86a5-497a-ad67-316ce90d06c3 (type: networks) to 1
2026-08-11 14:21:53.247 7 INFO neutron.db.ovn_revision_numbers_db [None req-37ace193-68b4-418d-b19b-7d3910331cd0 - - - - - -] Successfully bumped revision number for resource 1718e642-7d5f-4e8f-be8b-b0d0c0aaea2f (type: ports) to 6
2026-08-11 14:21:53.281 7 WARNING neutron.scheduler.dhcp_agent_scheduler [None req-f26ca3a1-baa6-4da0-a7a1-b39097fabbee 39a6196848ca4d7897c3bdb84355d0ac 125b365583284cfc851edb6374ad7701 - - default default] No more DHCP agents
2026-08-11 14:21:53.291 7 WARNING neutron.api.rpc.agentnotifiers.dhcp_rpc_agent_api [None req-f26ca3a1-baa6-4da0-a7a1-b39097fabbee 39a6196848ca4d7897c3bdb84355d0ac 125b365583284cfc851edb6374ad7701 - - default default] Unable to schedule network fd992eea-86a5-497a-ad67-316ce90d06c3: no agents available; will retry on subsequent port and subnet creation events.
2026-08-11 14:21:53.408 8 INFO neutron.plugins.ml2.drivers.ovn.mech_driver.mech_driver [None req-74815a8e-ed57-4ca2-817d-d7af84a85f20 - - - - - -] OVN reports status down for port: 336897d3-e21f-4692-9755-fb64e6ad7105
2026-08-11 14:21:53.497 7 INFO neutron.db.ovn_revision_numbers_db [None req-f26ca3a1-baa6-4da0-a7a1-b39097fabbee 39a6196848ca4d7897c3bdb84355d0ac 125b365583284cfc851edb6374ad7701 - - default default] Successfully bumped revision number for resource 336897d3-e21f-4692-9755-fb64e6ad7105 (type: ports) to 1
2026-08-11 14:21:53.510 8 INFO neutron.db.ovn_revision_numbers_db [None req-7a500f62-2147-4553-ac47-861f5bba8474 c599983da8e74894a9c3171f340315f0 46a7b19d00944d7cbf5af9fcbec6c0c4 - - default default] Successfully bumped revision number for resource 406e0ca9-e1b4-4d94-ab32-47899e04598f (type: router_ports) to 1 [pid: 8|app: 0|req: 809/1502] 10.0.0.153 () {34 vars in 782 bytes} [Tue Aug 11 14:21:50 2026] PUT /v2.0/routers/1dcc82c4-9701-4172-8123-352bd420d6a6/add_router_interface => generated 309 bytes in 3065 msecs (HTTP/1.1 200) 4 headers in 157 bytes (1 switches on core 0) [pid: 7|app: 0|req: 694/1503] 10.0.0.153 () {34 vars in 669 bytes} [Tue Aug 11 14:21:52 2026] POST /v2.0/networks => generated 672 bytes in 1005 msecs (HTTP/1.1 201) 4 headers in 162 bytes (1 switches on core 0)
2026-08-11 14:21:53.563 7 INFO neutron.pecan_wsgi.hooks.translation [None req-e232908b-84f3-416d-8326-bf31afce95b2 6c7f1504c92d4a46a29ae9ce8e034f29 63e82abc4ca744dc9df1dd63b0467dc7 - - default default] DELETE failed (client error): The resource could not be found. [pid: 7|app: 0|req: 695/1504] 10.0.0.153 () {32 vars in 723 bytes} [Tue Aug 11 14:21:53 2026] DELETE /v2.0/subnets/4daae2d5-14ca-41b7-9f2f-66c341c41e73 => generated 136 bytes in 36 msecs (HTTP/1.1 404) 4 headers in 164 bytes (1 switches on core 0)
2026-08-11 14:21:53.623 7 WARNING neutron.plugins.ml2.drivers.ovn.mech_driver.ovsdb.ovn_client [None req-70aa671e-20cd-48c0-a4c4-467a9b11daa1 - - - - - -] Logical_Switch_Port %s host information not removed, the port state is up
2026-08-11 14:21:53.625 7 INFO neutron.plugins.ml2.drivers.ovn.mech_driver.mech_driver [None req-70aa671e-20cd-48c0-a4c4-467a9b11daa1 - - - - - -] OVN reports status up for port: 1718e642-7d5f-4e8f-be8b-b0d0c0aaea2f
2026-08-11 14:21:53.650 7 INFO neutron.plugins.ml2.plugin [None req-70aa671e-20cd-48c0-a4c4-467a9b11daa1 - - - - - -] Attempt 1 to provision port 1718e642-7d5f-4e8f-be8b-b0d0c0aaea2f
2026-08-11 14:21:53.675 8 INFO neutron_taas.services.taas.taas_plugin [None req-04e168b4-23e2-4905-84b8-4aa11b82907d b174d1bcaf1749b1ab5b295f6bc63156 2f5ddf80902e47bd868fbaaa954528e3 - - default default] TaaS: Handle Delete Port: 0fe29bf0-a34a-4bdf-b68d-ef4fbf0037af
2026-08-11 14:21:53.678 8 INFO neutron_taas.services.taas.tap_mirror_plugin [None req-04e168b4-23e2-4905-84b8-4aa11b82907d b174d1bcaf1749b1ab5b295f6bc63156 2f5ddf80902e47bd868fbaaa954528e3 - - default default] Tap Mirror: Handle Delete Port: 0fe29bf0-a34a-4bdf-b68d-ef4fbf0037af
2026-08-11 14:21:53.694 7 INFO neutron.db.segments_db [None req-e7f072d2-288a-4b7c-b2c6-2d9973fa20dd 39a6196848ca4d7897c3bdb84355d0ac 125b365583284cfc851edb6374ad7701 - - default default] Added segment adac85ca-e4b4-4cdf-8888-90fa5bd84ab2 of type geneve for network 40e6b029-76b0-417b-9b6f-c55b2ca21091
2026-08-11 14:21:53.896 8 INFO neutron.services.segments.plugin [-] Segment 171e1c86-e765-44a9-b604-fda31d4bb43c resource provider aggregate not found
2026-08-11 14:21:53.907 8 INFO neutron.services.segments.plugin [-] Segment 171e1c86-e765-44a9-b604-fda31d4bb43c resource provider aggregate not found
2026-08-11 14:21:53.921 8 INFO neutron.services.segments.plugin [-] Segment 171e1c86-e765-44a9-b604-fda31d4bb43c resource provider not found; error: Placement Client Error (4xx): {"errors": [{"status": 404, "title": "Not Found", "detail": "The resource could not be found.\n\n No resource provider with uuid 171e1c86-e765-44a9-b604-fda31d4bb43c found for delete ", "request_id": "req-1fca5af5-dd9e-4033-99dd-87f5c28ed3bd"}]}
2026-08-11 14:21:53.924 8 INFO neutron.services.segments.plugin [-] Segment 171e1c86-e765-44a9-b604-fda31d4bb43c resource provider not found; error: Placement Client Error (4xx): {"errors": [{"status": 404, "title": "Not Found", "detail": "The resource could not be found.\n\n No resource provider with uuid 171e1c86-e765-44a9-b604-fda31d4bb43c found for delete ", "request_id": "req-5cddeebf-b825-4472-b6fd-880114c5fcb4"}]} [pid: 8|app: 0|req: 810/1505] 10.0.0.153 () {32 vars in 725 bytes} [Tue Aug 11 14:21:53 2026] DELETE /v2.0/networks/a3f8d3aa-4a67-4ecb-81cc-5391edaf633a => generated 0 bytes in 447 msecs (HTTP/1.1 204) 3 headers in 131 bytes (1 switches on core 0)
