2026-08-11 14:17:18.717 7 INFO placement.requestlog [req-4e8d1cfd-c830-4058-8682-282795f0f1e5 req-29e117d8-be84-4154-b02a-87ad56a4906b 4c3fc08516654a059ffc6f72c1ceb3ad f71eaa98b99b48948405bf21226b8328 - - 5c40ca5746bf4025b82bb88a043bdd84 5c40ca5746bf4025b82bb88a043bdd84] 199.204.45.210 "GET /resource_providers?in_tree=4393beba-5745-40d9-85c1-0d949d4a7b26" status: 200 len: 797 microversion: 1.14 [pid: 7|app: 0|req: 292/581] 199.204.45.210 () {34 vars in 892 bytes} [Tue Aug 11 14:17:18 2026] GET /resource_providers?in_tree=4393beba-5745-40d9-85c1-0d949d4a7b26 => generated 797 bytes in 19 msecs (HTTP/1.1 200) 6 headers in 225 bytes (1 switches on core 0)
2026-08-11 14:17:18.739 8 INFO placement.requestlog [req-4e8d1cfd-c830-4058-8682-282795f0f1e5 req-cca8b63d-009a-40a1-99bc-bba89b0e51e2 4c3fc08516654a059ffc6f72c1ceb3ad f71eaa98b99b48948405bf21226b8328 - - 5c40ca5746bf4025b82bb88a043bdd84 5c40ca5746bf4025b82bb88a043bdd84] 199.204.45.210 "GET /resource_providers/4393beba-5745-40d9-85c1-0d949d4a7b26/inventories" status: 200 len: 400 microversion: 1.0 [pid: 8|app: 0|req: 290/582] 199.204.45.210 () {32 vars in 857 bytes} [Tue Aug 11 14:17:18 2026] GET /resource_providers/4393beba-5745-40d9-85c1-0d949d4a7b26/inventories => generated 400 bytes in 16 msecs (HTTP/1.1 200) 6 headers in 224 bytes (1 switches on core 0)
2026-08-11 14:17:18.757 7 INFO placement.requestlog [req-4e8d1cfd-c830-4058-8682-282795f0f1e5 req-d9700b06-b946-4e9b-a5e3-2dc096aacc60 4c3fc08516654a059ffc6f72c1ceb3ad f71eaa98b99b48948405bf21226b8328 - - 5c40ca5746bf4025b82bb88a043bdd84 5c40ca5746bf4025b82bb88a043bdd84] 199.204.45.210 "GET /resource_providers/4393beba-5745-40d9-85c1-0d949d4a7b26/aggregates" status: 200 len: 53 microversion: 1.19 [pid: 7|app: 0|req: 293/583] 199.204.45.210 () {34 vars in 899 bytes} [Tue Aug 11 14:17:18 2026] GET /resource_providers/4393beba-5745-40d9-85c1-0d949d4a7b26/aggregates => generated 53 bytes in 11 msecs (HTTP/1.1 200) 8 headers in 295 bytes (1 switches on core 0)
2026-08-11 14:17:18.781 8 INFO placement.requestlog [req-4e8d1cfd-c830-4058-8682-282795f0f1e5 req-799b6441-a6ba-4bab-a241-a875ae2f9ea7 4c3fc08516654a059ffc6f72c1ceb3ad f71eaa98b99b48948405bf21226b8328 - - 5c40ca5746bf4025b82bb88a043bdd84 5c40ca5746bf4025b82bb88a043bdd84] 199.204.45.210 "GET /resource_providers/4393beba-5745-40d9-85c1-0d949d4a7b26/traits" status: 200 len: 2316 microversion: 1.6 [pid: 8|app: 0|req: 291/584] 199.204.45.210 () {34 vars in 890 bytes} [Tue Aug 11 14:17:18 2026] GET /resource_providers/4393beba-5745-40d9-85c1-0d949d4a7b26/traits => generated 2316 bytes in 19 msecs (HTTP/1.1 200) 6 headers in 225 bytes (1 switches on core 0)
2026-08-11 14:17:18.799 7 INFO placement.requestlog [req-4e8d1cfd-c830-4058-8682-282795f0f1e5 req-5719859d-bf84-4052-808d-492f5382bb8a 4c3fc08516654a059ffc6f72c1ceb3ad f71eaa98b99b48948405bf21226b8328 - - 5c40ca5746bf4025b82bb88a043bdd84 5c40ca5746bf4025b82bb88a043bdd84] 199.204.45.210 "GET /resource_providers/4393beba-5745-40d9-85c1-0d949d4a7b26/allocations" status: 200 len: 54 microversion: 1.0 [pid: 7|app: 0|req: 294/585] 199.204.45.210 () {32 vars in 857 bytes} [Tue Aug 11 14:17:18 2026] GET /resource_providers/4393beba-5745-40d9-85c1-0d949d4a7b26/allocations => generated 54 bytes in 11 msecs (HTTP/1.1 200) 6 headers in 223 bytes (1 switches on core 0)
2026-08-11 14:17:20.749 8 INFO placement.requestlog [None req-4d446550-1513-4170-83da-b1724eb29aaa - - - - - -] 10.0.0.96 "GET /" status: 200 len: 136 microversion: 1.0
2026-08-11 14:17:20.750 7 INFO placement.requestlog [None req-00f69463-a289-4a66-9052-5ca52310bc0f - - - - - -] 10.0.0.96 "GET /" status: 200 len: 136 microversion: 1.0
2026-08-11 14:17:30.750 8 INFO placement.requestlog [None req-ac3bcf6c-1752-4a46-9455-ab0d50b8897f - - - - - -] 10.0.0.96 "GET /" status: 200 len: 136 microversion: 1.0
2026-08-11 14:17:30.750 7 INFO placement.requestlog [None req-952099bf-f980-4327-b97f-8f3e77199817 - - - - - -] 10.0.0.96 "GET /" status: 200 len: 136 microversion: 1.0
2026-08-11 14:17:40.749 7 INFO placement.requestlog [None req-182a5525-8b5e-4de7-9076-f3e79535fefc - - - - - -] 10.0.0.96 "GET /" status: 200 len: 136 microversion: 1.0
2026-08-11 14:17:40.750 8 INFO placement.requestlog [None req-8b6d2d75-910a-4ed8-a78b-e7c14bd5c253 - - - - - -] 10.0.0.96 "GET /" status: 200 len: 136 microversion: 1.0
2026-08-11 14:17:50.749 7 INFO placement.requestlog [None req-c817b8c8-2461-44c0-be9c-eb8a27b74b93 - - - - - -] 10.0.0.96 "GET /" status: 200 len: 136 microversion: 1.0
2026-08-11 14:17:50.749 8 INFO placement.requestlog [None req-9dede895-e751-43ab-a3b0-92de4ba431c0 - - - - - -] 10.0.0.96 "GET /" status: 200 len: 136 microversion: 1.0
2026-08-11 14:18:00.749 8 INFO placement.requestlog [None req-8aae342c-1b04-4e81-993c-8ce6b7ccc6ce - - - - - -] 10.0.0.96 "GET /" status: 200 len: 136 microversion: 1.0
2026-08-11 14:18:00.751 7 INFO placement.requestlog [None req-6511f55d-6967-4aaa-8e9d-9d0aee1df7a9 - - - - - -] 10.0.0.96 "GET /" status: 200 len: 136 microversion: 1.0
2026-08-11 14:18:10.750 7 INFO placement.requestlog [None req-1866645d-564b-4d9f-a384-4684bbd01f0f - - - - - -] 10.0.0.96 "GET /" status: 200 len: 136 microversion: 1.0
2026-08-11 14:18:10.750 8 INFO placement.requestlog [None req-78f28150-82f6-450b-a9f6-59b9cd516b3b - - - - - -] 10.0.0.96 "GET /" status: 200 len: 136 microversion: 1.0
2026-08-11 14:18:19.396 7 INFO placement.requestlog [req-e3c176fe-7a1e-45f7-851b-9f2f2c1d25b7 req-72746373-bc56-46b5-a81b-103ba9186b94 4c3fc08516654a059ffc6f72c1ceb3ad f71eaa98b99b48948405bf21226b8328 - - 5c40ca5746bf4025b82bb88a043bdd84 5c40ca5746bf4025b82bb88a043bdd84] 199.204.45.210 "GET /resource_providers/4393beba-5745-40d9-85c1-0d949d4a7b26/allocations" status: 200 len: 54 microversion: 1.0 [pid: 7|app: 0|req: 301/598] 199.204.45.210 () {32 vars in 857 bytes} [Tue Aug 11 14:18:19 2026] GET /resource_providers/4393beba-5745-40d9-85c1-0d949d4a7b26/allocations => generated 54 bytes in 16 msecs (HTTP/1.1 200) 6 headers in 223 bytes (1 switches on core 0)
2026-08-11 14:18:19.423 8 INFO placement.requestlog [req-e3c176fe-7a1e-45f7-851b-9f2f2c1d25b7 req-c6a89a14-9517-4590-bd63-eedf85bf046b 4c3fc08516654a059ffc6f72c1ceb3ad f71eaa98b99b48948405bf21226b8328 - - 5c40ca5746bf4025b82bb88a043bdd84 5c40ca5746bf4025b82bb88a043bdd84] 199.204.45.210 "GET /resource_providers/4393beba-5745-40d9-85c1-0d949d4a7b26/allocations" status: 200 len: 54 microversion: 1.0 [pid: 8|app: 0|req: 298/599] 199.204.45.210 () {32 vars in 857 bytes} [Tue Aug 11 14:18:19 2026] GET /resource_providers/4393beba-5745-40d9-85c1-0d949d4a7b26/allocations => generated 54 bytes in 19 msecs (HTTP/1.1 200) 6 headers in 223 bytes (1 switches on core 0)
2026-08-11 14:18:20.748 7 INFO placement.requestlog [None req-a633ee43-8500-4b50-b0b0-8d7b3cdfdb67 - - - - - -] 10.0.0.96 "GET /" status: 200 len: 136 microversion: 1.0
2026-08-11 14:18:20.750 8 INFO placement.requestlog [None req-8dee1498-4302-44cf-a271-551d2c79648a - - - - - -] 10.0.0.96 "GET /" status: 200 len: 136 microversion: 1.0
2026-08-11 14:18:30.750 7 INFO placement.requestlog [None req-dda66ced-8fd4-4ec0-908b-c832007a211c - - - - - -] 10.0.0.96 "GET /" status: 200 len: 136 microversion: 1.0
2026-08-11 14:18:30.752 8 INFO placement.requestlog [None req-05cedec7-99d2-4423-992d-9c60570f3832 - - - - - -] 10.0.0.96 "GET /" status: 200 len: 136 microversion: 1.0
2026-08-11 14:18:40.749 7 INFO placement.requestlog [None req-1567de92-9bc6-4798-aad4-6fb6977547cc - - - - - -] 10.0.0.96 "GET /" status: 200 len: 136 microversion: 1.0
2026-08-11 14:18:40.750 8 INFO placement.requestlog [None req-d8a3928a-5ff4-453e-a5fc-47580eadbec7 - - - - - -] 10.0.0.96 "GET /" status: 200 len: 136 microversion: 1.0
2026-08-11 14:18:50.748 7 INFO placement.requestlog [None req-4b66faec-7517-45dc-ba22-e06825478826 - - - - - -] 10.0.0.96 "GET /" status: 200 len: 136 microversion: 1.0
2026-08-11 14:18:50.750 8 INFO placement.requestlog [None req-2ad328e0-e29f-4f0f-9c52-b4ad96c386e2 - - - - - -] 10.0.0.96 "GET /" status: 200 len: 136 microversion: 1.0
2026-08-11 14:19:00.749 7 INFO placement.requestlog [None req-a750a0d2-f6bc-46a4-96e7-9d5b30775418 - - - - - -] 10.0.0.96 "GET /" status: 200 len: 136 microversion: 1.0
2026-08-11 14:19:00.749 8 INFO placement.requestlog [None req-231231af-e74c-4b51-9036-41d4f560e95e - - - - - -] 10.0.0.96 "GET /" status: 200 len: 136 microversion: 1.0
2026-08-11 14:19:10.750 7 INFO placement.requestlog [None req-8dd99b35-7ef2-4b36-958d-d07c96b7157f - - - - - -] 10.0.0.96 "GET /" status: 200 len: 136 microversion: 1.0
2026-08-11 14:19:10.750 8 INFO placement.requestlog [None req-9deb0690-ffac-44cd-bfe1-6dd2b04e6f78 - - - - - -] 10.0.0.96 "GET /" status: 200 len: 136 microversion: 1.0
2026-08-11 14:19:20.750 8 INFO placement.requestlog [None req-618d4289-1879-4afe-8786-5c3ef99cf75f - - - - - -] 10.0.0.96 "GET /" status: 200 len: 136 microversion: 1.0
2026-08-11 14:19:20.750 7 INFO placement.requestlog [None req-2d4acb35-fbe1-4580-b873-f99bbd5ef140 - - - - - -] 10.0.0.96 "GET /" status: 200 len: 136 microversion: 1.0
2026-08-11 14:19:21.519 8 INFO placement.requestlog [req-589de60e-4d92-4059-b346-9f50bf54f9fd req-9be6b890-d8b1-4080-acbc-be4f375219c8 4c3fc08516654a059ffc6f72c1ceb3ad f71eaa98b99b48948405bf21226b8328 - - 5c40ca5746bf4025b82bb88a043bdd84 5c40ca5746bf4025b82bb88a043bdd84] 199.204.45.210 "GET /resource_providers/4393beba-5745-40d9-85c1-0d949d4a7b26/allocations" status: 200 len: 54 microversion: 1.0 [pid: 8|app: 0|req: 306/614] 199.204.45.210 () {32 vars in 857 bytes} [Tue Aug 11 14:19:21 2026] GET /resource_providers/4393beba-5745-40d9-85c1-0d949d4a7b26/allocations => generated 54 bytes in 20 msecs (HTTP/1.1 200) 6 headers in 223 bytes (1 switches on core 0)
2026-08-11 14:19:21.556 7 INFO placement.requestlog [req-589de60e-4d92-4059-b346-9f50bf54f9fd req-86b18219-4d9c-4578-8308-2259c63dbcf3 4c3fc08516654a059ffc6f72c1ceb3ad f71eaa98b99b48948405bf21226b8328 - - 5c40ca5746bf4025b82bb88a043bdd84 5c40ca5746bf4025b82bb88a043bdd84] 199.204.45.210 "GET /resource_providers/4393beba-5745-40d9-85c1-0d949d4a7b26/allocations" status: 200 len: 54 microversion: 1.0 [pid: 7|app: 0|req: 309/615] 199.204.45.210 () {32 vars in 857 bytes} [Tue Aug 11 14:19:21 2026] GET /resource_providers/4393beba-5745-40d9-85c1-0d949d4a7b26/allocations => generated 54 bytes in 28 msecs (HTTP/1.1 200) 6 headers in 223 bytes (1 switches on core 0)
2026-08-11 14:19:30.749 8 INFO placement.requestlog [None req-5a59009b-2e76-4dac-abb1-0ceed43f924e - - - - - -] 10.0.0.96 "GET /" status: 200 len: 136 microversion: 1.0
2026-08-11 14:19:30.749 7 INFO placement.requestlog [None req-1351e447-dd33-4f13-9d2f-c62d1e7b9a5d - - - - - -] 10.0.0.96 "GET /" status: 200 len: 136 microversion: 1.0
2026-08-11 14:19:40.749 8 INFO placement.requestlog [None req-8fd40049-4e97-456d-af38-81ce286875fa - - - - - -] 10.0.0.96 "GET /" status: 200 len: 136 microversion: 1.0
2026-08-11 14:19:40.749 7 INFO placement.requestlog [None req-7bb0437d-4ac9-4c31-98dc-657aa51a0084 - - - - - -] 10.0.0.96 "GET /" status: 200 len: 136 microversion: 1.0
2026-08-11 14:19:50.749 8 INFO placement.requestlog [None req-d494183a-8c8d-4163-b3f5-7dfb1e06a6d4 - - - - - -] 10.0.0.96 "GET /" status: 200 len: 136 microversion: 1.0
2026-08-11 14:19:50.749 7 INFO placement.requestlog [None req-88393714-9cf7-4c05-a59d-c9b1aed1d2e1 - - - - - -] 10.0.0.96 "GET /" status: 200 len: 136 microversion: 1.0
2026-08-11 14:20:00.748 8 INFO placement.requestlog [None req-cc015086-cbd3-4e33-a2c1-a596a78081d0 - - - - - -] 10.0.0.96 "GET /" status: 200 len: 136 microversion: 1.0
2026-08-11 14:20:00.749 7 INFO placement.requestlog [None req-455b54dc-a2a7-456e-b881-4fbdb36a9878 - - - - - -] 10.0.0.96 "GET /" status: 200 len: 136 microversion: 1.0
2026-08-11 14:20:01.140 8 INFO placement.requestlog [req-126e7c5d-4385-4a6c-9f35-11148bdb0766 req-27d22842-d483-4f0c-adc1-a91afe32659a 4c3fc08516654a059ffc6f72c1ceb3ad f71eaa98b99b48948405bf21226b8328 - - 5c40ca5746bf4025b82bb88a043bdd84 5c40ca5746bf4025b82bb88a043bdd84] 10.0.0.120 "GET /allocation_candidates?limit=1000&resources=DISK_GB%3A1%2CMEMORY_MB%3A512%2CVCPU%3A1&root_required=%21COMPUTE_STATUS_DISABLED" status: 200 len: 2781 microversion: 1.36 [pid: 8|app: 0|req: 311/624] 10.0.0.120 () {34 vars in 1012 bytes} [Tue Aug 11 14:20:00 2026] GET /allocation_candidates?limit=1000&resources=DISK_GB%3A1%2CMEMORY_MB%3A512%2CVCPU%3A1&root_required=%21COMPUTE_STATUS_DISABLED => generated 2781 bytes in 195 msecs (HTTP/1.1 200) 8 headers in 297 bytes (1 switches on core 0)
2026-08-11 14:20:01.190 7 INFO placement.requestlog [req-126e7c5d-4385-4a6c-9f35-11148bdb0766 req-2273f9b2-a51f-4350-bec4-e9056011c9a8 4c3fc08516654a059ffc6f72c1ceb3ad f71eaa98b99b48948405bf21226b8328 - - 5c40ca5746bf4025b82bb88a043bdd84 5c40ca5746bf4025b82bb88a043bdd84] 10.0.0.120 "GET /allocations/a018c60a-6627-4015-9486-179f9ded3e6f" status: 200 len: 19 microversion: 1.28 [pid: 7|app: 0|req: 314/625] 10.0.0.120 () {34 vars in 861 bytes} [Tue Aug 11 14:20:01 2026] GET /allocations/a018c60a-6627-4015-9486-179f9ded3e6f => generated 19 bytes in 16 msecs (HTTP/1.1 200) 8 headers in 295 bytes (1 switches on core 0)
2026-08-11 14:20:01.316 8 INFO placement.requestlog [req-126e7c5d-4385-4a6c-9f35-11148bdb0766 req-aa345cef-8b67-465e-8111-a8491e7ef73f 4c3fc08516654a059ffc6f72c1ceb3ad f71eaa98b99b48948405bf21226b8328 - - 5c40ca5746bf4025b82bb88a043bdd84 5c40ca5746bf4025b82bb88a043bdd84] 10.0.0.120 "PUT /allocations/a018c60a-6627-4015-9486-179f9ded3e6f" status: 204 len: 0 microversion: 1.36 [pid: 8|app: 0|req: 312/626] 10.0.0.120 () {38 vars in 914 bytes} [Tue Aug 11 14:20:01 2026] PUT /allocations/a018c60a-6627-4015-9486-179f9ded3e6f => generated 0 bytes in 118 msecs (HTTP/1.1 204) 5 headers in 199 bytes (1 switches on core 0)
2026-08-11 14:20:01.844 7 INFO placement.requestlog [req-30a5bbc0-27d4-4273-b339-8ba669674e9b req-d011a34e-62a8-453e-a6a3-97242c783a29 4c3fc08516654a059ffc6f72c1ceb3ad f71eaa98b99b48948405bf21226b8328 - - 5c40ca5746bf4025b82bb88a043bdd84 5c40ca5746bf4025b82bb88a043bdd84] 10.0.0.120 "GET /allocation_candidates?limit=1000&resources=DISK_GB%3A1%2CMEMORY_MB%3A512%2CVCPU%3A1&root_required=%21COMPUTE_STATUS_DISABLED" status: 200 len: 2783 microversion: 1.36 [pid: 7|app: 0|req: 315/627] 10.0.0.120 () {34 vars in 1012 bytes} [Tue Aug 11 14:20:01 2026] GET /allocation_candidates?limit=1000&resources=DISK_GB%3A1%2CMEMORY_MB%3A512%2CVCPU%3A1&root_required=%21COMPUTE_STATUS_DISABLED => generated 2783 bytes in 44 msecs (HTTP/1.1 200) 8 headers in 297 bytes (1 switches on core 0)
2026-08-11 14:20:01.883 8 INFO placement.requestlog [req-30a5bbc0-27d4-4273-b339-8ba669674e9b req-e64be8b2-bcaa-49c7-ad94-b34bc04e88f0 4c3fc08516654a059ffc6f72c1ceb3ad f71eaa98b99b48948405bf21226b8328 - - 5c40ca5746bf4025b82bb88a043bdd84 5c40ca5746bf4025b82bb88a043bdd84] 10.0.0.120 "GET /allocations/184867ff-3da0-4e44-af21-f149bbbb8db2" status: 200 len: 19 microversion: 1.28 [pid: 8|app: 0|req: 313/628] 10.0.0.120 () {34 vars in 861 bytes} [Tue Aug 11 14:20:01 2026] GET /allocations/184867ff-3da0-4e44-af21-f149bbbb8db2 => generated 19 bytes in 11 msecs (HTTP/1.1 200) 8 headers in 295 bytes (1 switches on core 0)
2026-08-11 14:20:01.976 7 INFO placement.requestlog [req-30a5bbc0-27d4-4273-b339-8ba669674e9b req-b8c33a4e-2736-49fb-906e-84bb33d7e396 4c3fc08516654a059ffc6f72c1ceb3ad f71eaa98b99b48948405bf21226b8328 - - 5c40ca5746bf4025b82bb88a043bdd84 5c40ca5746bf4025b82bb88a043bdd84] 10.0.0.120 "PUT /allocations/184867ff-3da0-4e44-af21-f149bbbb8db2" status: 204 len: 0 microversion: 1.36 [pid: 7|app: 0|req: 316/629] 10.0.0.120 () {38 vars in 914 bytes} [Tue Aug 11 14:20:01 2026] PUT /allocations/184867ff-3da0-4e44-af21-f149bbbb8db2 => generated 0 bytes in 86 msecs (HTTP/1.1 204) 5 headers in 199 bytes (1 switches on core 0)
2026-08-11 14:20:02.797 8 INFO placement.requestlog [req-126e7c5d-4385-4a6c-9f35-11148bdb0766 req-15fb4a61-47e2-429a-8bc0-db21fef5cda3 4c3fc08516654a059ffc6f72c1ceb3ad f71eaa98b99b48948405bf21226b8328 - - 5c40ca5746bf4025b82bb88a043bdd84 5c40ca5746bf4025b82bb88a043bdd84] 199.204.45.210 "GET /allocations/a018c60a-6627-4015-9486-179f9ded3e6f" status: 200 len: 257 microversion: 1.28 [pid: 8|app: 0|req: 314/630] 199.204.45.210 () {34 vars in 863 bytes} [Tue Aug 11 14:20:02 2026] GET /allocations/a018c60a-6627-4015-9486-179f9ded3e6f => generated 257 bytes in 16 msecs (HTTP/1.1 200) 8 headers in 296 bytes (1 switches on core 0)
2026-08-11 14:20:03.659 7 INFO placement.requestlog [req-30a5bbc0-27d4-4273-b339-8ba669674e9b req-5b418640-408b-4433-9eb5-cb0fe82fb997 4c3fc08516654a059ffc6f72c1ceb3ad f71eaa98b99b48948405bf21226b8328 - - 5c40ca5746bf4025b82bb88a043bdd84 5c40ca5746bf4025b82bb88a043bdd84] 199.204.45.210 "GET /allocations/184867ff-3da0-4e44-af21-f149bbbb8db2" status: 200 len: 257 microversion: 1.28 [pid: 7|app: 0|req: 317/631] 199.204.45.210 () {34 vars in 863 bytes} [Tue Aug 11 14:20:03 2026] GET /allocations/184867ff-3da0-4e44-af21-f149bbbb8db2 => generated 257 bytes in 13 msecs (HTTP/1.1 200) 8 headers in 296 bytes (1 switches on core 0)
2026-08-11 14:20:03.835 8 INFO placement.requestlog [req-126e7c5d-4385-4a6c-9f35-11148bdb0766 req-753c7e63-d354-4bbd-873e-62839a10bd79 4c3fc08516654a059ffc6f72c1ceb3ad f71eaa98b99b48948405bf21226b8328 - - 5c40ca5746bf4025b82bb88a043bdd84 5c40ca5746bf4025b82bb88a043bdd84] 199.204.45.210 "GET /resource_providers/4393beba-5745-40d9-85c1-0d949d4a7b26/allocations" status: 200 len: 252 microversion: 1.0 [pid: 8|app: 0|req: 315/632] 199.204.45.210 () {32 vars in 857 bytes} [Tue Aug 11 14:20:03 2026] GET /resource_providers/4393beba-5745-40d9-85c1-0d949d4a7b26/allocations => generated 252 bytes in 16 msecs (HTTP/1.1 200) 6 headers in 224 bytes (1 switches on core 0)
2026-08-11 14:20:03.866 7 INFO placement.requestlog [req-126e7c5d-4385-4a6c-9f35-11148bdb0766 req-68ddd5aa-b37b-420e-b2ff-f3f8417c8f1f 4c3fc08516654a059ffc6f72c1ceb3ad f71eaa98b99b48948405bf21226b8328 - - 5c40ca5746bf4025b82bb88a043bdd84 5c40ca5746bf4025b82bb88a043bdd84] 199.204.45.210 "GET /allocations/a018c60a-6627-4015-9486-179f9ded3e6f" status: 200 len: 257 microversion: 1.28 [pid: 7|app: 0|req: 318/633] 199.204.45.210 () {34 vars in 863 bytes} [Tue Aug 11 14:20:03 2026] GET /allocations/a018c60a-6627-4015-9486-179f9ded3e6f => generated 257 bytes in 22 msecs (HTTP/1.1 200) 8 headers in 296 bytes (1 switches on core 0)
2026-08-11 14:20:03.882 8 INFO placement.requestlog [req-126e7c5d-4385-4a6c-9f35-11148bdb0766 req-a02af285-8155-47f3-b923-7ada3408001d 4c3fc08516654a059ffc6f72c1ceb3ad f71eaa98b99b48948405bf21226b8328 - - 5c40ca5746bf4025b82bb88a043bdd84 5c40ca5746bf4025b82bb88a043bdd84] 199.204.45.210 "GET /allocations/184867ff-3da0-4e44-af21-f149bbbb8db2" status: 200 len: 257 microversion: 1.28 [pid: 8|app: 0|req: 316/634] 199.204.45.210 () {34 vars in 863 bytes} [Tue Aug 11 14:20:03 2026] GET /allocations/184867ff-3da0-4e44-af21-f149bbbb8db2 => generated 257 bytes in 12 msecs (HTTP/1.1 200) 8 headers in 296 bytes (1 switches on core 0)
2026-08-11 14:20:05.335 7 INFO placement.requestlog [None req-acf58bb0-3053-4a0d-9199-b57cfc63d04f 70092e747fd84096aed8c06c39bb6ed0 f71eaa98b99b48948405bf21226b8328 - - 5c40ca5746bf4025b82bb88a043bdd84 5c40ca5746bf4025b82bb88a043bdd84] 10.0.0.99 "GET /resource_providers/ca1eddd9-f04b-4686-a800-fb3a852329ce/aggregates" status: 404 len: 235 microversion: 1.1 [pid: 7|app: 0|req: 319/635] 10.0.0.99 () {32 vars in 815 bytes} [Tue Aug 11 14:20:05 2026] GET /resource_providers/ca1eddd9-f04b-4686-a800-fb3a852329ce/aggregates => generated 235 bytes in 121 msecs (HTTP/1.1 404) 5 headers in 202 bytes (1 switches on core 0)
2026-08-11 14:20:05.354 7 INFO placement.requestlog [None req-242b8ba0-acd2-495d-954c-f4523c0204f9 70092e747fd84096aed8c06c39bb6ed0 f71eaa98b99b48948405bf21226b8328 - - 5c40ca5746bf4025b82bb88a043bdd84 5c40ca5746bf4025b82bb88a043bdd84] 10.0.0.99 "DELETE /resource_providers/ca1eddd9-f04b-4686-a800-fb3a852329ce" status: 404 len: 246 microversion: 1.1 [pid: 7|app: 0|req: 320/636] 10.0.0.99 () {34 vars in 815 bytes} [Tue Aug 11 14:20:05 2026] DELETE /resource_providers/ca1eddd9-f04b-4686-a800-fb3a852329ce => generated 246 bytes in 9 msecs (HTTP/1.1 404) 6 headers in 231 bytes (1 switches on core 0)
2026-08-11 14:20:05.371 8 INFO placement.requestlog [None req-0b6ffec9-1ea8-4ba6-8be4-09db9c46c3cd 70092e747fd84096aed8c06c39bb6ed0 f71eaa98b99b48948405bf21226b8328 - - 5c40ca5746bf4025b82bb88a043bdd84 5c40ca5746bf4025b82bb88a043bdd84] 10.0.0.99 "GET /resource_providers/ca1eddd9-f04b-4686-a800-fb3a852329ce/aggregates" status: 404 len: 235 microversion: 1.1 [pid: 8|app: 0|req: 317/637] 10.0.0.99 () {32 vars in 815 bytes} [Tue Aug 11 14:20:05 2026] GET /resource_providers/ca1eddd9-f04b-4686-a800-fb3a852329ce/aggregates => generated 235 bytes in 151 msecs (HTTP/1.1 404) 5 headers in 202 bytes (1 switches on core 0)
2026-08-11 14:20:05.388 7 INFO placement.requestlog [None req-5ed6bc49-fe34-4efb-aac0-f969bf0f4566 70092e747fd84096aed8c06c39bb6ed0 f71eaa98b99b48948405bf21226b8328 - - 5c40ca5746bf4025b82bb88a043bdd84 5c40ca5746bf4025b82bb88a043bdd84] 10.0.0.99 "DELETE /resource_providers/ca1eddd9-f04b-4686-a800-fb3a852329ce" status: 404 len: 246 microversion: 1.1 [pid: 7|app: 0|req: 321/638] 10.0.0.99 () {34 vars in 815 bytes} [Tue Aug 11 14:20:05 2026] DELETE /resource_providers/ca1eddd9-f04b-4686-a800-fb3a852329ce => generated 246 bytes in 9 msecs (HTTP/1.1 404) 6 headers in 231 bytes (1 switches on core 0)
2026-08-11 14:20:05.885 8 INFO placement.requestlog [None req-67c92b30-1cd4-4816-afe3-a160cf6af777 70092e747fd84096aed8c06c39bb6ed0 f71eaa98b99b48948405bf21226b8328 - - 5c40ca5746bf4025b82bb88a043bdd84 5c40ca5746bf4025b82bb88a043bdd84] 10.0.0.99 "GET /resource_providers/d36d3e32-f01e-4859-87a4-d1c0fd2f86be/aggregates" status: 404 len: 235 microversion: 1.1 [pid: 8|app: 0|req: 318/639] 10.0.0.99 () {32 vars in 815 bytes} [Tue Aug 11 14:20:05 2026] GET /resource_providers/d36d3e32-f01e-4859-87a4-d1c0fd2f86be/aggregates => generated 235 bytes in 116 msecs (HTTP/1.1 404) 5 headers in 202 bytes (1 switches on core 0)
2026-08-11 14:20:05.887 7 INFO placement.requestlog [None req-bce70f23-c3d1-4d23-8f73-8d1b39ebb66e 70092e747fd84096aed8c06c39bb6ed0 f71eaa98b99b48948405bf21226b8328 - - 5c40ca5746bf4025b82bb88a043bdd84 5c40ca5746bf4025b82bb88a043bdd84] 10.0.0.99 "GET /resource_providers/d36d3e32-f01e-4859-87a4-d1c0fd2f86be/aggregates" status: 404 len: 235 microversion: 1.1 [pid: 7|app: 0|req: 322/640] 10.0.0.99 () {32 vars in 815 bytes} [Tue Aug 11 14:20:05 2026] GET /resource_providers/d36d3e32-f01e-4859-87a4-d1c0fd2f86be/aggregates => generated 235 bytes in 118 msecs (HTTP/1.1 404) 5 headers in 202 bytes (1 switches on core 0)
2026-08-11 14:20:05.914 8 INFO placement.requestlog [None req-173b6f0b-06e6-466c-b0b2-d6d8481121bf 70092e747fd84096aed8c06c39bb6ed0 f71eaa98b99b48948405bf21226b8328 - - 5c40ca5746bf4025b82bb88a043bdd84 5c40ca5746bf4025b82bb88a043bdd84] 10.0.0.99 "DELETE /resource_providers/d36d3e32-f01e-4859-87a4-d1c0fd2f86be" status: 404 len: 246 microversion: 1.1 [pid: 8|app: 0|req: 319/641] 10.0.0.99 () {34 vars in 815 bytes} [Tue Aug 11 14:20:05 2026] DELETE /resource_providers/d36d3e32-f01e-4859-87a4-d1c0fd2f86be => generated 246 bytes in 13 msecs (HTTP/1.1 404) 6 headers in 231 bytes (1 switches on core 0)
2026-08-11 14:20:05.917 7 INFO placement.requestlog [None req-6b49daa5-2a42-4b87-aae3-c6b0f60bdf8a 70092e747fd84096aed8c06c39bb6ed0 f71eaa98b99b48948405bf21226b8328 - - 5c40ca5746bf4025b82bb88a043bdd84 5c40ca5746bf4025b82bb88a043bdd84] 10.0.0.99 "DELETE /resource_providers/d36d3e32-f01e-4859-87a4-d1c0fd2f86be" status: 404 len: 246 microversion: 1.1 [pid: 7|app: 0|req: 323/642] 10.0.0.99 () {34 vars in 815 bytes} [Tue Aug 11 14:20:05 2026] DELETE /resource_providers/d36d3e32-f01e-4859-87a4-d1c0fd2f86be => generated 246 bytes in 15 msecs (HTTP/1.1 404) 6 headers in 231 bytes (1 switches on core 0)
2026-08-11 14:20:05.960 8 INFO placement.requestlog [req-30a5bbc0-27d4-4273-b339-8ba669674e9b req-18371ebe-3859-42df-a6ac-1dda33ead69d 4c3fc08516654a059ffc6f72c1ceb3ad f71eaa98b99b48948405bf21226b8328 - - 5c40ca5746bf4025b82bb88a043bdd84 5c40ca5746bf4025b82bb88a043bdd84] 199.204.45.210 "GET /resource_providers/4393beba-5745-40d9-85c1-0d949d4a7b26/allocations" status: 200 len: 252 microversion: 1.0 [pid: 8|app: 0|req: 320/643] 199.204.45.210 () {32 vars in 857 bytes} [Tue Aug 11 14:20:05 2026] GET /resource_providers/4393beba-5745-40d9-85c1-0d949d4a7b26/allocations => generated 252 bytes in 23 msecs (HTTP/1.1 200) 6 headers in 224 bytes (1 switches on core 0)
2026-08-11 14:20:05.983 7 INFO placement.requestlog [req-30a5bbc0-27d4-4273-b339-8ba669674e9b req-e39769ee-72c7-4f19-bf0b-c1f6d8e74cd5 4c3fc08516654a059ffc6f72c1ceb3ad f71eaa98b99b48948405bf21226b8328 - - 5c40ca5746bf4025b82bb88a043bdd84 5c40ca5746bf4025b82bb88a043bdd84] 199.204.45.210 "GET /allocations/a018c60a-6627-4015-9486-179f9ded3e6f" status: 200 len: 257 microversion: 1.28 [pid: 7|app: 0|req: 324/644] 199.204.45.210 () {34 vars in 863 bytes} [Tue Aug 11 14:20:05 2026] GET /allocations/a018c60a-6627-4015-9486-179f9ded3e6f => generated 257 bytes in 18 msecs (HTTP/1.1 200) 8 headers in 296 bytes (1 switches on core 0)
2026-08-11 14:20:06.008 8 INFO placement.requestlog [req-30a5bbc0-27d4-4273-b339-8ba669674e9b req-cc446dcb-37e3-41b5-b8d3-e5fd99b342bc 4c3fc08516654a059ffc6f72c1ceb3ad f71eaa98b99b48948405bf21226b8328 - - 5c40ca5746bf4025b82bb88a043bdd84 5c40ca5746bf4025b82bb88a043bdd84] 199.204.45.210 "GET /allocations/184867ff-3da0-4e44-af21-f149bbbb8db2" status: 200 len: 257 microversion: 1.28 [pid: 8|app: 0|req: 321/645] 199.204.45.210 () {34 vars in 863 bytes} [Tue Aug 11 14:20:05 2026] GET /allocations/184867ff-3da0-4e44-af21-f149bbbb8db2 => generated 257 bytes in 17 msecs (HTTP/1.1 200) 8 headers in 296 bytes (1 switches on core 0)
2026-08-11 14:20:10.749 8 INFO placement.requestlog [None req-afa8d274-e569-4336-bb3c-293abbf67e1e - - - - - -] 10.0.0.96 "GET /" status: 200 len: 136 microversion: 1.0
2026-08-11 14:20:10.749 7 INFO placement.requestlog [None req-4a068487-ae83-4b7f-9c9b-7b238c8981f7 - - - - - -] 10.0.0.96 "GET /" status: 200 len: 136 microversion: 1.0
2026-08-11 14:20:16.245 8 INFO placement.requestlog [req-785ab79c-25c6-478d-bcd5-243f872b9631 req-bd1172b2-7508-4730-afab-d4d877e86fb5 4c3fc08516654a059ffc6f72c1ceb3ad f71eaa98b99b48948405bf21226b8328 - - 5c40ca5746bf4025b82bb88a043bdd84 5c40ca5746bf4025b82bb88a043bdd84] 10.0.0.120 "GET /allocation_candidates?limit=1000&resources=DISK_GB%3A1%2CMEMORY_MB%3A512%2CVCPU%3A1&root_required=%21COMPUTE_STATUS_DISABLED" status: 200 len: 2784 microversion: 1.36 [pid: 8|app: 0|req: 323/648] 10.0.0.120 () {34 vars in 1012 bytes} [Tue Aug 11 14:20:16 2026] GET /allocation_candidates?limit=1000&resources=DISK_GB%3A1%2CMEMORY_MB%3A512%2CVCPU%3A1&root_required=%21COMPUTE_STATUS_DISABLED => generated 2784 bytes in 61 msecs (HTTP/1.1 200) 8 headers in 297 bytes (1 switches on core 0)
2026-08-11 14:20:16.279 7 INFO placement.requestlog [req-785ab79c-25c6-478d-bcd5-243f872b9631 req-22954d71-dea4-4ac9-8878-3c59460e39ee 4c3fc08516654a059ffc6f72c1ceb3ad f71eaa98b99b48948405bf21226b8328 - - 5c40ca5746bf4025b82bb88a043bdd84 5c40ca5746bf4025b82bb88a043bdd84] 10.0.0.120 "GET /allocations/17002004-bdfc-4d0d-b8e7-ec70e3176665" status: 200 len: 19 microversion: 1.28 [pid: 7|app: 0|req: 326/649] 10.0.0.120 () {34 vars in 861 bytes} [Tue Aug 11 14:20:16 2026] GET /allocations/17002004-bdfc-4d0d-b8e7-ec70e3176665 => generated 19 bytes in 13 msecs (HTTP/1.1 200) 8 headers in 295 bytes (1 switches on core 0)
2026-08-11 14:20:16.344 8 INFO placement.requestlog [req-785ab79c-25c6-478d-bcd5-243f872b9631 req-040dccae-d29b-49b5-8bda-e44a44c6e254 4c3fc08516654a059ffc6f72c1ceb3ad f71eaa98b99b48948405bf21226b8328 - - 5c40ca5746bf4025b82bb88a043bdd84 5c40ca5746bf4025b82bb88a043bdd84] 10.0.0.120 "PUT /allocations/17002004-bdfc-4d0d-b8e7-ec70e3176665" status: 204 len: 0 microversion: 1.36 [pid: 8|app: 0|req: 324/650] 10.0.0.120 () {38 vars in 914 bytes} [Tue Aug 11 14:20:16 2026] PUT /allocations/17002004-bdfc-4d0d-b8e7-ec70e3176665 => generated 0 bytes in 61 msecs (HTTP/1.1 204) 5 headers in 199 bytes (1 switches on core 0)
2026-08-11 14:20:17.836 7 INFO placement.requestlog [req-785ab79c-25c6-478d-bcd5-243f872b9631 req-b60edb23-909c-46b8-8270-09ab6709b5db 4c3fc08516654a059ffc6f72c1ceb3ad f71eaa98b99b48948405bf21226b8328 - - 5c40ca5746bf4025b82bb88a043bdd84 5c40ca5746bf4025b82bb88a043bdd84] 199.204.45.210 "GET /allocations/17002004-bdfc-4d0d-b8e7-ec70e3176665" status: 200 len: 257 microversion: 1.28 [pid: 7|app: 0|req: 327/651] 199.204.45.210 () {34 vars in 863 bytes} [Tue Aug 11 14:20:17 2026] GET /allocations/17002004-bdfc-4d0d-b8e7-ec70e3176665 => generated 257 bytes in 12 msecs (HTTP/1.1 200) 8 headers in 296 bytes (1 switches on core 0)
2026-08-11 14:20:18.839 8 INFO placement.requestlog [req-37a7d816-5d22-45d8-8fae-5b19ce9a8711 req-a6d48051-66a3-4e6d-a552-c3172d027271 4c3fc08516654a059ffc6f72c1ceb3ad f71eaa98b99b48948405bf21226b8328 - - 5c40ca5746bf4025b82bb88a043bdd84 5c40ca5746bf4025b82bb88a043bdd84] 10.0.0.120 "GET /allocation_candidates?limit=1000&resources=DISK_GB%3A1%2CMEMORY_MB%3A512%2CVCPU%3A1&root_required=%21COMPUTE_STATUS_DISABLED" status: 200 len: 2784 microversion: 1.36 [pid: 8|app: 0|req: 325/652] 10.0.0.120 () {34 vars in 1012 bytes} [Tue Aug 11 14:20:18 2026] GET /allocation_candidates?limit=1000&resources=DISK_GB%3A1%2CMEMORY_MB%3A512%2CVCPU%3A1&root_required=%21COMPUTE_STATUS_DISABLED => generated 2784 bytes in 49 msecs (HTTP/1.1 200) 8 headers in 297 bytes (1 switches on core 0)
2026-08-11 14:20:18.867 7 INFO placement.requestlog [req-37a7d816-5d22-45d8-8fae-5b19ce9a8711 req-8e65bd40-56bf-4915-83a6-60284bec0108 4c3fc08516654a059ffc6f72c1ceb3ad f71eaa98b99b48948405bf21226b8328 - - 5c40ca5746bf4025b82bb88a043bdd84 5c40ca5746bf4025b82bb88a043bdd84] 10.0.0.120 "GET /allocations/d4424f14-cb02-4945-81af-c69a5c1a3f40" status: 200 len: 19 microversion: 1.28 [pid: 7|app: 0|req: 328/653] 10.0.0.120 () {34 vars in 861 bytes} [Tue Aug 11 14:20:18 2026] GET /allocations/d4424f14-cb02-4945-81af-c69a5c1a3f40 => generated 19 bytes in 8 msecs (HTTP/1.1 200) 8 headers in 295 bytes (1 switches on core 0)
2026-08-11 14:20:18.877 8 INFO placement.requestlog [req-785ab79c-25c6-478d-bcd5-243f872b9631 req-2c2682d4-1b91-471b-be39-92c8b3060837 4c3fc08516654a059ffc6f72c1ceb3ad f71eaa98b99b48948405bf21226b8328 - - 5c40ca5746bf4025b82bb88a043bdd84 5c40ca5746bf4025b82bb88a043bdd84] 199.204.45.210 "GET /resource_providers/4393beba-5745-40d9-85c1-0d949d4a7b26/allocations" status: 200 len: 352 microversion: 1.0 [pid: 8|app: 0|req: 326/654] 199.204.45.210 () {32 vars in 857 bytes} [Tue Aug 11 14:20:18 2026] GET /resource_providers/4393beba-5745-40d9-85c1-0d949d4a7b26/allocations => generated 352 bytes in 17 msecs (HTTP/1.1 200) 6 headers in 224 bytes (1 switches on core 0)
2026-08-11 14:20:18.896 8 INFO placement.requestlog [req-785ab79c-25c6-478d-bcd5-243f872b9631 req-57b4a670-fa12-4574-9922-fa5819657d91 4c3fc08516654a059ffc6f72c1ceb3ad f71eaa98b99b48948405bf21226b8328 - - 5c40ca5746bf4025b82bb88a043bdd84 5c40ca5746bf4025b82bb88a043bdd84] 199.204.45.210 "GET /allocations/a018c60a-6627-4015-9486-179f9ded3e6f" status: 200 len: 257 microversion: 1.28 [pid: 8|app: 0|req: 327/655] 199.204.45.210 () {34 vars in 863 bytes} [Tue Aug 11 14:20:18 2026] GET /allocations/a018c60a-6627-4015-9486-179f9ded3e6f => generated 257 bytes in 10 msecs (HTTP/1.1 200) 8 headers in 296 bytes (1 switches on core 0)
2026-08-11 14:20:18.910 8 INFO placement.requestlog [req-785ab79c-25c6-478d-bcd5-243f872b9631 req-60744f7e-764b-4ffd-9af0-ea506732132b 4c3fc08516654a059ffc6f72c1ceb3ad f71eaa98b99b48948405bf21226b8328 - - 5c40ca5746bf4025b82bb88a043bdd84 5c40ca5746bf4025b82bb88a043bdd84] 199.204.45.210 "GET /allocations/17002004-bdfc-4d0d-b8e7-ec70e3176665" status: 200 len: 257 microversion: 1.28 [pid: 8|app: 0|req: 328/656] 199.204.45.210 () {34 vars in 863 bytes} [Tue Aug 11 14:20:18 2026] GET /allocations/17002004-bdfc-4d0d-b8e7-ec70e3176665 => generated 257 bytes in 9 msecs (HTTP/1.1 200) 8 headers in 296 bytes (1 switches on core 0)
2026-08-11 14:20:18.924 8 INFO placement.requestlog [req-785ab79c-25c6-478d-bcd5-243f872b9631 req-82d64d43-76e6-479a-9cba-b0f5a654a3c3 4c3fc08516654a059ffc6f72c1ceb3ad f71eaa98b99b48948405bf21226b8328 - - 5c40ca5746bf4025b82bb88a043bdd84 5c40ca5746bf4025b82bb88a043bdd84] 199.204.45.210 "GET /allocations/184867ff-3da0-4e44-af21-f149bbbb8db2" status: 200 len: 257 microversion: 1.28 [pid: 8|app: 0|req: 329/657] 199.204.45.210 () {34 vars in 863 bytes} [Tue Aug 11 14:20:18 2026] GET /allocations/184867ff-3da0-4e44-af21-f149bbbb8db2 => generated 257 bytes in 8 msecs (HTTP/1.1 200) 8 headers in 296 bytes (1 switches on core 0)
2026-08-11 14:20:18.925 7 INFO placement.requestlog [req-37a7d816-5d22-45d8-8fae-5b19ce9a8711 req-3c6ceb21-6906-4daa-b059-0860109c2670 4c3fc08516654a059ffc6f72c1ceb3ad f71eaa98b99b48948405bf21226b8328 - - 5c40ca5746bf4025b82bb88a043bdd84 5c40ca5746bf4025b82bb88a043bdd84] 10.0.0.120 "PUT /allocations/d4424f14-cb02-4945-81af-c69a5c1a3f40" status: 204 len: 0 microversion: 1.36 [pid: 7|app: 0|req: 329/658] 10.0.0.120 () {38 vars in 914 bytes} [Tue Aug 11 14:20:18 2026] PUT /allocations/d4424f14-cb02-4945-81af-c69a5c1a3f40 => generated 0 bytes in 52 msecs (HTTP/1.1 204) 5 headers in 199 bytes (1 switches on core 0)
2026-08-11 14:20:20.428 8 INFO placement.requestlog [req-37a7d816-5d22-45d8-8fae-5b19ce9a8711 req-8a338372-650c-4e1e-9713-c388da6bf1bf 4c3fc08516654a059ffc6f72c1ceb3ad f71eaa98b99b48948405bf21226b8328 - - 5c40ca5746bf4025b82bb88a043bdd84 5c40ca5746bf4025b82bb88a043bdd84] 199.204.45.210 "GET /allocations/d4424f14-cb02-4945-81af-c69a5c1a3f40" status: 200 len: 257 microversion: 1.28 [pid: 8|app: 0|req: 330/659] 199.204.45.210 () {34 vars in 863 bytes} [Tue Aug 11 14:20:20 2026] GET /allocations/d4424f14-cb02-4945-81af-c69a5c1a3f40 => generated 257 bytes in 10 msecs (HTTP/1.1 200) 8 headers in 296 bytes (1 switches on core 0)
2026-08-11 14:20:20.749 8 INFO placement.requestlog [None req-a0b8ded2-4c59-4d95-9154-eeba35413517 - - - - - -] 10.0.0.96 "GET /" status: 200 len: 136 microversion: 1.0
2026-08-11 14:20:20.750 7 INFO placement.requestlog [None req-79a8e095-10dc-4aed-9d86-c093e3b765f1 - - - - - -] 10.0.0.96 "GET /" status: 200 len: 136 microversion: 1.0
2026-08-11 14:20:21.474 8 INFO placement.requestlog [req-37a7d816-5d22-45d8-8fae-5b19ce9a8711 req-308fb617-f8ec-40ef-b31a-94854f63c040 4c3fc08516654a059ffc6f72c1ceb3ad f71eaa98b99b48948405bf21226b8328 - - 5c40ca5746bf4025b82bb88a043bdd84 5c40ca5746bf4025b82bb88a043bdd84] 199.204.45.210 "GET /resource_providers/4393beba-5745-40d9-85c1-0d949d4a7b26/allocations" status: 200 len: 452 microversion: 1.0 [pid: 8|app: 0|req: 332/662] 199.204.45.210 () {32 vars in 857 bytes} [Tue Aug 11 14:20:21 2026] GET /resource_providers/4393beba-5745-40d9-85c1-0d949d4a7b26/allocations => generated 452 bytes in 16 msecs (HTTP/1.1 200) 6 headers in 224 bytes (1 switches on core 0)
2026-08-11 14:20:21.490 7 INFO placement.requestlog [req-37a7d816-5d22-45d8-8fae-5b19ce9a8711 req-27582cac-4769-48b6-a02b-38822da31555 4c3fc08516654a059ffc6f72c1ceb3ad f71eaa98b99b48948405bf21226b8328 - - 5c40ca5746bf4025b82bb88a043bdd84 5c40ca5746bf4025b82bb88a043bdd84] 199.204.45.210 "GET /allocations/d4424f14-cb02-4945-81af-c69a5c1a3f40" status: 200 len: 257 microversion: 1.28 [pid: 7|app: 0|req: 331/663] 199.204.45.210 () {34 vars in 863 bytes} [Tue Aug 11 14:20:21 2026] GET /allocations/d4424f14-cb02-4945-81af-c69a5c1a3f40 => generated 257 bytes in 9 msecs (HTTP/1.1 200) 8 headers in 296 bytes (1 switches on core 0)
2026-08-11 14:20:21.513 8 INFO placement.requestlog [req-37a7d816-5d22-45d8-8fae-5b19ce9a8711 req-daaf0731-0e8d-41bc-8e95-000ce3705c12 4c3fc08516654a059ffc6f72c1ceb3ad f71eaa98b99b48948405bf21226b8328 - - 5c40ca5746bf4025b82bb88a043bdd84 5c40ca5746bf4025b82bb88a043bdd84] 199.204.45.210 "GET /allocations/a018c60a-6627-4015-9486-179f9ded3e6f" status: 200 len: 257 microversion: 1.28 [pid: 8|app: 0|req: 333/664] 199.204.45.210 () {34 vars in 863 bytes} [Tue Aug 11 14:20:21 2026] GET /allocations/a018c60a-6627-4015-9486-179f9ded3e6f => generated 257 bytes in 17 msecs (HTTP/1.1 200) 8 headers in 296 bytes (1 switches on core 0)
2026-08-11 14:20:21.533 7 INFO placement.requestlog [req-37a7d816-5d22-45d8-8fae-5b19ce9a8711 req-68040c55-a6bc-423d-b0d9-dd3fc1e3e48d 4c3fc08516654a059ffc6f72c1ceb3ad f71eaa98b99b48948405bf21226b8328 - - 5c40ca5746bf4025b82bb88a043bdd84 5c40ca5746bf4025b82bb88a043bdd84] 199.204.45.210 "GET /allocations/17002004-bdfc-4d0d-b8e7-ec70e3176665" status: 200 len: 257 microversion: 1.28 [pid: 7|app: 0|req: 332/665] 199.204.45.210 () {34 vars in 863 bytes} [Tue Aug 11 14:20:21 2026] GET /allocations/17002004-bdfc-4d0d-b8e7-ec70e3176665 => generated 257 bytes in 11 msecs (HTTP/1.1 200) 8 headers in 296 bytes (1 switches on core 0)
2026-08-11 14:20:21.555 8 INFO placement.requestlog [req-37a7d816-5d22-45d8-8fae-5b19ce9a8711 req-a99fff43-0fcd-4985-84cf-69355f201698 4c3fc08516654a059ffc6f72c1ceb3ad f71eaa98b99b48948405bf21226b8328 - - 5c40ca5746bf4025b82bb88a043bdd84 5c40ca5746bf4025b82bb88a043bdd84] 199.204.45.210 "GET /allocations/184867ff-3da0-4e44-af21-f149bbbb8db2" status: 200 len: 257 microversion: 1.28 [pid: 8|app: 0|req: 334/666] 199.204.45.210 () {34 vars in 863 bytes} [Tue Aug 11 14:20:21 2026] GET /allocations/184867ff-3da0-4e44-af21-f149bbbb8db2 => generated 257 bytes in 17 msecs (HTTP/1.1 200) 8 headers in 296 bytes (1 switches on core 0)
2026-08-11 14:20:23.840 7 INFO placement.requestlog [req-5c712055-adab-4fbb-9489-e1d5c49d8a23 req-64b3768f-918d-4819-a14f-622d8adfd066 4c3fc08516654a059ffc6f72c1ceb3ad f71eaa98b99b48948405bf21226b8328 - - 5c40ca5746bf4025b82bb88a043bdd84 5c40ca5746bf4025b82bb88a043bdd84] 199.204.45.210 "GET /resource_providers/4393beba-5745-40d9-85c1-0d949d4a7b26/allocations" status: 200 len: 452 microversion: 1.0 [pid: 7|app: 0|req: 333/667] 199.204.45.210 () {32 vars in 857 bytes} [Tue Aug 11 14:20:23 2026] GET /resource_providers/4393beba-5745-40d9-85c1-0d949d4a7b26/allocations => generated 452 bytes in 37 msecs (HTTP/1.1 200) 6 headers in 224 bytes (1 switches on core 0)
2026-08-11 14:20:23.865 8 INFO placement.requestlog [req-5c712055-adab-4fbb-9489-e1d5c49d8a23 req-25340437-86e4-4509-a212-a59984d27bb9 4c3fc08516654a059ffc6f72c1ceb3ad f71eaa98b99b48948405bf21226b8328 - - 5c40ca5746bf4025b82bb88a043bdd84 5c40ca5746bf4025b82bb88a043bdd84] 199.204.45.210 "GET /resource_providers/4393beba-5745-40d9-85c1-0d949d4a7b26/allocations" status: 200 len: 452 microversion: 1.0 [pid: 8|app: 0|req: 335/668] 199.204.45.210 () {32 vars in 857 bytes} [Tue Aug 11 14:20:23 2026] GET /resource_providers/4393beba-5745-40d9-85c1-0d949d4a7b26/allocations => generated 452 bytes in 18 msecs (HTTP/1.1 200) 6 headers in 224 bytes (1 switches on core 0)
2026-08-11 14:20:23.883 7 INFO placement.requestlog [req-5c712055-adab-4fbb-9489-e1d5c49d8a23 req-dde2920b-97b9-4a74-9fbf-90d239aa4482 4c3fc08516654a059ffc6f72c1ceb3ad f71eaa98b99b48948405bf21226b8328 - - 5c40ca5746bf4025b82bb88a043bdd84 5c40ca5746bf4025b82bb88a043bdd84] 199.204.45.210 "GET /allocations/d4424f14-cb02-4945-81af-c69a5c1a3f40" status: 200 len: 257 microversion: 1.28 [pid: 7|app: 0|req: 334/669] 199.204.45.210 () {34 vars in 863 bytes} [Tue Aug 11 14:20:23 2026] GET /allocations/d4424f14-cb02-4945-81af-c69a5c1a3f40 => generated 257 bytes in 12 msecs (HTTP/1.1 200) 8 headers in 296 bytes (1 switches on core 0)
2026-08-11 14:20:23.904 8 INFO placement.requestlog [req-5c712055-adab-4fbb-9489-e1d5c49d8a23 req-6c716b92-8b34-476d-b1b4-0aa84eeb4a48 4c3fc08516654a059ffc6f72c1ceb3ad f71eaa98b99b48948405bf21226b8328 - - 5c40ca5746bf4025b82bb88a043bdd84 5c40ca5746bf4025b82bb88a043bdd84] 199.204.45.210 "GET /allocations/a018c60a-6627-4015-9486-179f9ded3e6f" status: 200 len: 257 microversion: 1.28 [pid: 8|app: 0|req: 336/670] 199.204.45.210 () {34 vars in 863 bytes} [Tue Aug 11 14:20:23 2026] GET /allocations/a018c60a-6627-4015-9486-179f9ded3e6f => generated 257 bytes in 15 msecs (HTTP/1.1 200) 8 headers in 296 bytes (1 switches on core 0)
2026-08-11 14:20:23.923 7 INFO placement.requestlog [req-5c712055-adab-4fbb-9489-e1d5c49d8a23 req-8bbe00a7-2042-49a0-a1a3-520e80ffb20a 4c3fc08516654a059ffc6f72c1ceb3ad f71eaa98b99b48948405bf21226b8328 - - 5c40ca5746bf4025b82bb88a043bdd84 5c40ca5746bf4025b82bb88a043bdd84] 199.204.45.210 "GET /allocations/17002004-bdfc-4d0d-b8e7-ec70e3176665" status: 200 len: 257 microversion: 1.28 [pid: 7|app: 0|req: 335/671] 199.204.45.210 () {34 vars in 863 bytes} [Tue Aug 11 14:20:23 2026] GET /allocations/17002004-bdfc-4d0d-b8e7-ec70e3176665 => generated 257 bytes in 12 msecs (HTTP/1.1 200) 8 headers in 296 bytes (1 switches on core 0)
2026-08-11 14:20:23.943 8 INFO placement.requestlog [req-5c712055-adab-4fbb-9489-e1d5c49d8a23 req-dbd0fd27-b6e9-4190-8458-a23f151f5df4 4c3fc08516654a059ffc6f72c1ceb3ad f71eaa98b99b48948405bf21226b8328 - - 5c40ca5746bf4025b82bb88a043bdd84 5c40ca5746bf4025b82bb88a043bdd84] 199.204.45.210 "GET /allocations/184867ff-3da0-4e44-af21-f149bbbb8db2" status: 200 len: 257 microversion: 1.28 [pid: 8|app: 0|req: 337/672] 199.204.45.210 () {34 vars in 863 bytes} [Tue Aug 11 14:20:23 2026] GET /allocations/184867ff-3da0-4e44-af21-f149bbbb8db2 => generated 257 bytes in 13 msecs (HTTP/1.1 200) 8 headers in 296 bytes (1 switches on core 0)
2026-08-11 14:20:30.752 7 INFO placement.requestlog [None req-2efa335a-ce8c-468a-bb63-ea792cc870f3 - - - - - -] 10.0.0.96 "GET /" status: 200 len: 136 microversion: 1.0
2026-08-11 14:20:30.754 8 INFO placement.requestlog [None req-de59fa07-e375-47dc-9960-3cb3e43f7c32 - - - - - -] 10.0.0.96 "GET /" status: 200 len: 136 microversion: 1.0
2026-08-11 14:20:31.072 7 INFO placement.requestlog [req-f86cb200-9df5-470f-99da-0ef967c9146e req-1e196fe7-2639-4997-a52a-8430f85c7ced 4c3fc08516654a059ffc6f72c1ceb3ad f71eaa98b99b48948405bf21226b8328 - - 5c40ca5746bf4025b82bb88a043bdd84 5c40ca5746bf4025b82bb88a043bdd84] 199.204.45.210 "GET /resource_providers/4393beba-5745-40d9-85c1-0d949d4a7b26/allocations" status: 200 len: 452 microversion: 1.0 [pid: 7|app: 0|req: 337/675] 199.204.45.210 () {32 vars in 857 bytes} [Tue Aug 11 14:20:31 2026] GET /resource_providers/4393beba-5745-40d9-85c1-0d949d4a7b26/allocations => generated 452 bytes in 16 msecs (HTTP/1.1 200) 6 headers in 224 bytes (1 switches on core 0)
2026-08-11 14:20:31.098 8 INFO placement.requestlog [req-f86cb200-9df5-470f-99da-0ef967c9146e req-65c67f8f-ce34-48fb-98bd-38c5bb1ba9b7 4c3fc08516654a059ffc6f72c1ceb3ad f71eaa98b99b48948405bf21226b8328 - - 5c40ca5746bf4025b82bb88a043bdd84 5c40ca5746bf4025b82bb88a043bdd84] 199.204.45.210 "GET /allocations/d4424f14-cb02-4945-81af-c69a5c1a3f40" status: 200 len: 257 microversion: 1.28 [pid: 8|app: 0|req: 339/676] 199.204.45.210 () {34 vars in 863 bytes} [Tue Aug 11 14:20:31 2026] GET /allocations/d4424f14-cb02-4945-81af-c69a5c1a3f40 => generated 257 bytes in 15 msecs (HTTP/1.1 200) 8 headers in 296 bytes (1 switches on core 0)
2026-08-11 14:20:31.121 7 INFO placement.requestlog [req-f86cb200-9df5-470f-99da-0ef967c9146e req-da6bf347-6091-4177-b124-6206ef8a51f3 4c3fc08516654a059ffc6f72c1ceb3ad f71eaa98b99b48948405bf21226b8328 - - 5c40ca5746bf4025b82bb88a043bdd84 5c40ca5746bf4025b82bb88a043bdd84] 199.204.45.210 "GET /allocations/a018c60a-6627-4015-9486-179f9ded3e6f" status: 200 len: 257 microversion: 1.28 [pid: 7|app: 0|req: 338/677] 199.204.45.210 () {34 vars in 863 bytes} [Tue Aug 11 14:20:31 2026] GET /allocations/a018c60a-6627-4015-9486-179f9ded3e6f => generated 257 bytes in 14 msecs (HTTP/1.1 200) 8 headers in 296 bytes (1 switches on core 0)
2026-08-11 14:20:31.152 8 INFO placement.requestlog [req-f86cb200-9df5-470f-99da-0ef967c9146e req-cce7fe5d-3a7c-4d39-878e-bfb909be15a7 4c3fc08516654a059ffc6f72c1ceb3ad f71eaa98b99b48948405bf21226b8328 - - 5c40ca5746bf4025b82bb88a043bdd84 5c40ca5746bf4025b82bb88a043bdd84] 199.204.45.210 "GET /allocations/17002004-bdfc-4d0d-b8e7-ec70e3176665" status: 200 len: 257 microversion: 1.28 [pid: 8|app: 0|req: 340/678] 199.204.45.210 () {34 vars in 863 bytes} [Tue Aug 11 14:20:31 2026] GET /allocations/17002004-bdfc-4d0d-b8e7-ec70e3176665 => generated 257 bytes in 26 msecs (HTTP/1.1 200) 8 headers in 296 bytes (1 switches on core 0)
2026-08-11 14:20:31.169 7 INFO placement.requestlog [req-f86cb200-9df5-470f-99da-0ef967c9146e req-3b0a523f-0040-4fe2-b3ea-0fcaa13f479a 4c3fc08516654a059ffc6f72c1ceb3ad f71eaa98b99b48948405bf21226b8328 - - 5c40ca5746bf4025b82bb88a043bdd84 5c40ca5746bf4025b82bb88a043bdd84] 199.204.45.210 "GET /allocations/184867ff-3da0-4e44-af21-f149bbbb8db2" status: 200 len: 257 microversion: 1.28 [pid: 7|app: 0|req: 339/679] 199.204.45.210 () {34 vars in 863 bytes} [Tue Aug 11 14:20:31 2026] GET /allocations/184867ff-3da0-4e44-af21-f149bbbb8db2 => generated 257 bytes in 13 msecs (HTTP/1.1 200) 8 headers in 296 bytes (1 switches on core 0)
2026-08-11 14:20:32.224 8 INFO placement.requestlog [req-f86cb200-9df5-470f-99da-0ef967c9146e req-c05b85f1-b8b8-47b7-b799-5ac8d1c691e8 4c3fc08516654a059ffc6f72c1ceb3ad f71eaa98b99b48948405bf21226b8328 - - 5c40ca5746bf4025b82bb88a043bdd84 5c40ca5746bf4025b82bb88a043bdd84] 199.204.45.210 "DELETE /allocations/a018c60a-6627-4015-9486-179f9ded3e6f" status: 204 len: 0 microversion: 1.0 [pid: 8|app: 0|req: 341/680] 199.204.45.210 () {34 vars in 841 bytes} [Tue Aug 11 14:20:32 2026] DELETE /allocations/a018c60a-6627-4015-9486-179f9ded3e6f => generated 0 bytes in 24 msecs (HTTP/1.1 204) 5 headers in 198 bytes (1 switches on core 0)
2026-08-11 14:20:36.152 7 INFO placement.requestlog [req-e9a2e44c-90bc-46f0-8fed-31b762d08b05 req-0d3f3636-51fe-4092-8249-60ac4d458f4d 4c3fc08516654a059ffc6f72c1ceb3ad f71eaa98b99b48948405bf21226b8328 - - 5c40ca5746bf4025b82bb88a043bdd84 5c40ca5746bf4025b82bb88a043bdd84] 199.204.45.210 "GET /resource_providers/4393beba-5745-40d9-85c1-0d949d4a7b26/allocations" status: 200 len: 352 microversion: 1.0 [pid: 7|app: 0|req: 340/681] 199.204.45.210 () {32 vars in 857 bytes} [Tue Aug 11 14:20:36 2026] GET /resource_providers/4393beba-5745-40d9-85c1-0d949d4a7b26/allocations => generated 352 bytes in 18 msecs (HTTP/1.1 200) 6 headers in 224 bytes (1 switches on core 0)
2026-08-11 14:20:36.170 8 INFO placement.requestlog [req-e9a2e44c-90bc-46f0-8fed-31b762d08b05 req-e10926d0-aecb-433d-a226-d26b8bf0b788 4c3fc08516654a059ffc6f72c1ceb3ad f71eaa98b99b48948405bf21226b8328 - - 5c40ca5746bf4025b82bb88a043bdd84 5c40ca5746bf4025b82bb88a043bdd84] 199.204.45.210 "GET /allocations/d4424f14-cb02-4945-81af-c69a5c1a3f40" status: 200 len: 257 microversion: 1.28 [pid: 8|app: 0|req: 342/682] 199.204.45.210 () {34 vars in 863 bytes} [Tue Aug 11 14:20:36 2026] GET /allocations/d4424f14-cb02-4945-81af-c69a5c1a3f40 => generated 257 bytes in 12 msecs (HTTP/1.1 200) 8 headers in 296 bytes (1 switches on core 0)
2026-08-11 14:20:36.189 7 INFO placement.requestlog [req-e9a2e44c-90bc-46f0-8fed-31b762d08b05 req-383a41f4-9c96-40ad-84b8-3b60b94f8c0b 4c3fc08516654a059ffc6f72c1ceb3ad f71eaa98b99b48948405bf21226b8328 - - 5c40ca5746bf4025b82bb88a043bdd84 5c40ca5746bf4025b82bb88a043bdd84] 199.204.45.210 "GET /allocations/17002004-bdfc-4d0d-b8e7-ec70e3176665" status: 200 len: 257 microversion: 1.28 [pid: 7|app: 0|req: 341/683] 199.204.45.210 () {34 vars in 863 bytes} [Tue Aug 11 14:20:36 2026] GET /allocations/17002004-bdfc-4d0d-b8e7-ec70e3176665 => generated 257 bytes in 12 msecs (HTTP/1.1 200) 8 headers in 296 bytes (1 switches on core 0)
2026-08-11 14:20:36.216 8 INFO placement.requestlog [req-e9a2e44c-90bc-46f0-8fed-31b762d08b05 req-bd7e51ca-b9af-4826-ade8-ee29daa947de 4c3fc08516654a059ffc6f72c1ceb3ad f71eaa98b99b48948405bf21226b8328 - - 5c40ca5746bf4025b82bb88a043bdd84 5c40ca5746bf4025b82bb88a043bdd84] 199.204.45.210 "GET /allocations/184867ff-3da0-4e44-af21-f149bbbb8db2" status: 200 len: 257 microversion: 1.28 [pid: 8|app: 0|req: 343/684] 199.204.45.210 () {34 vars in 863 bytes} [Tue Aug 11 14:20:36 2026] GET /allocations/184867ff-3da0-4e44-af21-f149bbbb8db2 => generated 257 bytes in 10 msecs (HTTP/1.1 200) 8 headers in 296 bytes (1 switches on core 0)
2026-08-11 14:20:36.431 7 INFO placement.requestlog [None req-18d2d147-0f7e-440d-8ab9-890cb1074c2f 70092e747fd84096aed8c06c39bb6ed0 f71eaa98b99b48948405bf21226b8328 - - 5c40ca5746bf4025b82bb88a043bdd84 5c40ca5746bf4025b82bb88a043bdd84] 10.0.0.99 "GET /resource_providers/25c88446-7e16-4a7d-b7cd-e1a5dedeb4d0/aggregates" status: 404 len: 235 microversion: 1.1
2026-08-11 14:20:36.431 8 INFO placement.requestlog [None req-1dff2dd6-f2ff-4dbd-bbb8-4f0f8df46042 70092e747fd84096aed8c06c39bb6ed0 f71eaa98b99b48948405bf21226b8328 - - 5c40ca5746bf4025b82bb88a043bdd84 5c40ca5746bf4025b82bb88a043bdd84] 10.0.0.99 "GET /resource_providers/25c88446-7e16-4a7d-b7cd-e1a5dedeb4d0/aggregates" status: 404 len: 235 microversion: 1.1 [pid: 7|app: 0|req: 342/685] 10.0.0.99 () {32 vars in 815 bytes} [Tue Aug 11 14:20:36 2026] GET /resource_providers/25c88446-7e16-4a7d-b7cd-e1a5dedeb4d0/aggregates => generated 235 bytes in 12 msecs (HTTP/1.1 404) 5 headers in 202 bytes (1 switches on core 0) [pid: 8|app: 0|req: 344/686] 10.0.0.99 () {32 vars in 815 bytes} [Tue Aug 11 14:20:36 2026] GET /resource_providers/25c88446-7e16-4a7d-b7cd-e1a5dedeb4d0/aggregates => generated 235 bytes in 8 msecs (HTTP/1.1 404) 5 headers in 202 bytes (1 switches on core 0)
2026-08-11 14:20:36.454 7 INFO placement.requestlog [None req-1b28e571-3934-4e6b-babe-bcaa230c0038 70092e747fd84096aed8c06c39bb6ed0 f71eaa98b99b48948405bf21226b8328 - - 5c40ca5746bf4025b82bb88a043bdd84 5c40ca5746bf4025b82bb88a043bdd84] 10.0.0.99 "DELETE /resource_providers/25c88446-7e16-4a7d-b7cd-e1a5dedeb4d0" status: 404 len: 246 microversion: 1.1 [pid: 7|app: 0|req: 343/687] 10.0.0.99 () {34 vars in 815 bytes} [Tue Aug 11 14:20:36 2026] DELETE /resource_providers/25c88446-7e16-4a7d-b7cd-e1a5dedeb4d0 => generated 246 bytes in 12 msecs (HTTP/1.1 404) 6 headers in 231 bytes (1 switches on core 0)
