May 22 01:02:08.427124 np0000176104 systemd[1]: Starting devstack@n-api-meta.service - Devstack devstack@n-api-meta.service...
May 22 01:02:08.434086 np0000176104 devstack@n-api-meta.service[108273]: [uWSGI] getting INI configuration from /etc/nova/nova-metadata-uwsgi.ini
May 22 01:02:08.437886 np0000176104 devstack@n-api-meta.service[108273]: *** Starting uWSGI 2.0.24-debian (64bit) on [Fri May 22 01:02:08 2026] ***
May 22 01:02:08.437886 np0000176104 devstack@n-api-meta.service[108273]: compiled with version: 13.2.0 on 17 April 2024 16:23:48
May 22 01:02:08.437886 np0000176104 devstack@n-api-meta.service[108273]: os: Linux-6.8.0-117-generic #117-Ubuntu SMP PREEMPT_DYNAMIC Tue May 5 19:26:24 UTC 2026
May 22 01:02:08.437886 np0000176104 devstack@n-api-meta.service[108273]: nodename: np0000176104
May 22 01:02:08.437886 np0000176104 devstack@n-api-meta.service[108273]: machine: x86_64
May 22 01:02:08.437886 np0000176104 devstack@n-api-meta.service[108273]: clock source: unix
May 22 01:02:08.437886 np0000176104 devstack@n-api-meta.service[108273]: pcre jit disabled
May 22 01:02:08.437886 np0000176104 devstack@n-api-meta.service[108273]: detected number of CPU cores: 16
May 22 01:02:08.437886 np0000176104 devstack@n-api-meta.service[108273]: current working directory: /
May 22 01:02:08.437886 np0000176104 devstack@n-api-meta.service[108273]: detected binary path: /usr/bin/uwsgi-core
May 22 01:02:08.437886 np0000176104 devstack@n-api-meta.service[108273]: your processes number limit is 256917
May 22 01:02:08.437886 np0000176104 devstack@n-api-meta.service[108273]: your memory page size is 4096 bytes
May 22 01:02:08.437886 np0000176104 devstack@n-api-meta.service[108273]: detected max file descriptor number: 2048
May 22 01:02:08.437886 np0000176104 devstack@n-api-meta.service[108273]: lock engine: pthread robust mutexes
May 22 01:02:08.438683 np0000176104 devstack@n-api-meta.service[108273]: thunder lock: enabled
May 22 01:02:08.438683 np0000176104 devstack@n-api-meta.service[108273]: uWSGI http bound on 0.0.0.0:8775 fd 5
May 22 01:02:08.438683 np0000176104 devstack@n-api-meta.service[108273]: uwsgi socket 0 bound to TCP address 127.0.0.1:41127 (port auto-assigned) fd 4
May 22 01:02:08.438683 np0000176104 devstack@n-api-meta.service[108273]: Python version: 3.12.3 (main, Mar 23 2026, 19:04:32) [GCC 13.3.0]
May 22 01:02:08.438683 np0000176104 devstack@n-api-meta.service[108273]: PEP 405 virtualenv detected: /opt/stack/data/venv
May 22 01:02:08.438683 np0000176104 devstack@n-api-meta.service[108273]: Set PythonHome to /opt/stack/data/venv
May 22 01:02:08.481012 np0000176104 devstack@n-api-meta.service[108273]: Python main interpreter initialized at 0x73a47d4a3668
May 22 01:02:08.481012 np0000176104 devstack@n-api-meta.service[108273]: python threads support enabled
May 22 01:02:08.481012 np0000176104 devstack@n-api-meta.service[108273]: your server socket listen backlog is limited to 100 connections
May 22 01:02:08.481012 np0000176104 devstack@n-api-meta.service[108273]: your mercy for graceful operations on workers is 80 seconds
May 22 01:02:08.481572 np0000176104 devstack@n-api-meta.service[108273]: mapped 671795 bytes (656 KB) for 4 cores
May 22 01:02:08.481750 np0000176104 devstack@n-api-meta.service[108273]: *** Operational MODE: preforking ***
May 22 01:02:08.481924 np0000176104 devstack@n-api-meta.service[108273]: *** uWSGI is running in multiple interpreter mode ***
May 22 01:02:08.481924 np0000176104 devstack@n-api-meta.service[108273]: spawned uWSGI master process (pid: 108273)
May 22 01:02:08.482081 np0000176104 systemd[1]: Started devstack@n-api-meta.service - Devstack devstack@n-api-meta.service.
May 22 01:02:08.482903 np0000176104 devstack@n-api-meta.service[108273]: spawned uWSGI worker 1 (pid: 108274, cores: 1)
May 22 01:02:08.483518 np0000176104 devstack@n-api-meta.service[108273]: spawned uWSGI worker 2 (pid: 108275, cores: 1)
May 22 01:02:08.484029 np0000176104 devstack@n-api-meta.service[108273]: spawned uWSGI worker 3 (pid: 108276, cores: 1)
May 22 01:02:08.484802 np0000176104 devstack@n-api-meta.service[108273]: spawned uWSGI worker 4 (pid: 108277, cores: 1)
May 22 01:02:08.485295 np0000176104 devstack@n-api-meta.service[108273]: spawned uWSGI http 1 (pid: 108278)
May 22 01:02:08.485295 np0000176104 devstack@n-api-meta.service[108273]: running "unix_signal:15 gracefully_kill_them_all" (master-start)...
May 22 01:02:10.196730 np0000176104 devstack@n-api-meta.service[108274]: INFO dbcounter [None req-db0d7da9-856d-4e26-9d85-7f606c0159c6 None None] Registered counter for database nova_api
May 22 01:02:10.213935 np0000176104 devstack@n-api-meta.service[108274]: DEBUG oslo_db.sqlalchemy.engines [None req-db0d7da9-856d-4e26-9d85-7f606c0159c6 None None] MySQL server mode set to STRICT_TRANS_TABLES,STRICT_ALL_TABLES,NO_ZERO_IN_DATE,NO_ZERO_DATE,ERROR_FOR_DIVISION_BY_ZERO,TRADITIONAL,NO_ENGINE_SUBSTITUTION {{(pid=108274) _check_effective_sql_mode /opt/stack/data/venv/lib/python3.12/site-packages/oslo_db/sqlalchemy/engines.py:325}}
May 22 01:02:10.245819 np0000176104 devstack@n-api-meta.service[108274]: DEBUG dbcounter [-] [108274] Writer thread running {{(pid=108274) stat_writer /opt/stack/data/venv/lib/python3.12/site-packages/dbcounter.py:102}}
May 22 01:02:10.248035 np0000176104 devstack@n-api-meta.service[108274]: DEBUG nova.context [None req-db0d7da9-856d-4e26-9d85-7f606c0159c6 None None] Found 2 cells: 00000000-0000-0000-0000-000000000000(cell0),670a772b-5afa-40f1-a8ab-6e568cc1dcac(cell1) {{(pid=108274) load_cells /opt/stack/nova/nova/context.py:509}}
May 22 01:02:10.248258 np0000176104 devstack@n-api-meta.service[108274]: INFO nova.utils [None req-db0d7da9-856d-4e26-9d85-7f606c0159c6 None None] The cell worker thread pool MainProcess.cell_worker is initialized
May 22 01:02:10.250130 np0000176104 devstack@n-api-meta.service[108274]: DEBUG oslo_concurrency.lockutils [None req-db0d7da9-856d-4e26-9d85-7f606c0159c6 None None] Acquiring lock "00000000-0000-0000-0000-000000000000" by "nova.context.set_target_cell..get_or_set_cached_cell_and_set_connections" {{(pid=108274) inner /opt/stack/data/venv/lib/python3.12/site-packages/oslo_concurrency/lockutils.py:511}}
May 22 01:02:10.250353 np0000176104 devstack@n-api-meta.service[108274]: DEBUG oslo_concurrency.lockutils [None req-db0d7da9-856d-4e26-9d85-7f606c0159c6 None None] Lock "00000000-0000-0000-0000-000000000000" acquired by "nova.context.set_target_cell..get_or_set_cached_cell_and_set_connections" :: waited 0.000s {{(pid=108274) inner /opt/stack/data/venv/lib/python3.12/site-packages/oslo_concurrency/lockutils.py:524}}
May 22 01:02:10.250856 np0000176104 devstack@n-api-meta.service[108274]: DEBUG oslo_concurrency.lockutils [None req-db0d7da9-856d-4e26-9d85-7f606c0159c6 None None] Lock "00000000-0000-0000-0000-000000000000" "released" by "nova.context.set_target_cell..get_or_set_cached_cell_and_set_connections" :: held 0.000s {{(pid=108274) inner /opt/stack/data/venv/lib/python3.12/site-packages/oslo_concurrency/lockutils.py:543}}
May 22 01:02:10.251512 np0000176104 devstack@n-api-meta.service[108277]: INFO dbcounter [None req-51395c45-6986-44d3-a1d9-c1a618146969 None None] Registered counter for database nova_api
May 22 01:02:10.252019 np0000176104 devstack@n-api-meta.service[108274]: DEBUG oslo_concurrency.lockutils [None req-db0d7da9-856d-4e26-9d85-7f606c0159c6 None None] Acquiring lock "670a772b-5afa-40f1-a8ab-6e568cc1dcac" by "nova.context.set_target_cell..get_or_set_cached_cell_and_set_connections" {{(pid=108274) inner /opt/stack/data/venv/lib/python3.12/site-packages/oslo_concurrency/lockutils.py:511}}
May 22 01:02:10.252019 np0000176104 devstack@n-api-meta.service[108274]: DEBUG oslo_concurrency.lockutils [None req-db0d7da9-856d-4e26-9d85-7f606c0159c6 None None] Lock "670a772b-5afa-40f1-a8ab-6e568cc1dcac" acquired by "nova.context.set_target_cell..get_or_set_cached_cell_and_set_connections" :: waited 0.000s {{(pid=108274) inner /opt/stack/data/venv/lib/python3.12/site-packages/oslo_concurrency/lockutils.py:524}}
May 22 01:02:10.253082 np0000176104 devstack@n-api-meta.service[108274]: DEBUG oslo_concurrency.lockutils [None req-db0d7da9-856d-4e26-9d85-7f606c0159c6 None None] Lock "670a772b-5afa-40f1-a8ab-6e568cc1dcac" "released" by "nova.context.set_target_cell..get_or_set_cached_cell_and_set_connections" :: held 0.001s {{(pid=108274) inner /opt/stack/data/venv/lib/python3.12/site-packages/oslo_concurrency/lockutils.py:543}}
May 22 01:02:10.256857 np0000176104 devstack@n-api-meta.service[108274]: INFO dbcounter [None req-db0d7da9-856d-4e26-9d85-7f606c0159c6 None None] Registered counter for database nova_cell0
May 22 01:02:10.261775 np0000176104 devstack@n-api-meta.service[108274]: INFO dbcounter [None req-db0d7da9-856d-4e26-9d85-7f606c0159c6 None None] Registered counter for database nova_cell1
May 22 01:02:10.267344 np0000176104 devstack@n-api-meta.service[108275]: INFO dbcounter [None req-e6d8c927-0039-4759-a711-3495c6257913 None None] Registered counter for database nova_api
May 22 01:02:10.268236 np0000176104 devstack@n-api-meta.service[108277]: DEBUG oslo_db.sqlalchemy.engines [None req-51395c45-6986-44d3-a1d9-c1a618146969 None None] MySQL server mode set to STRICT_TRANS_TABLES,STRICT_ALL_TABLES,NO_ZERO_IN_DATE,NO_ZERO_DATE,ERROR_FOR_DIVISION_BY_ZERO,TRADITIONAL,NO_ENGINE_SUBSTITUTION {{(pid=108277) _check_effective_sql_mode /opt/stack/data/venv/lib/python3.12/site-packages/oslo_db/sqlalchemy/engines.py:325}}
May 22 01:02:10.273614 np0000176104 devstack@n-api-meta.service[108274]: DEBUG oslo_db.sqlalchemy.engines [None req-db0d7da9-856d-4e26-9d85-7f606c0159c6 None None] MySQL server mode set to STRICT_TRANS_TABLES,STRICT_ALL_TABLES,NO_ZERO_IN_DATE,NO_ZERO_DATE,ERROR_FOR_DIVISION_BY_ZERO,TRADITIONAL,NO_ENGINE_SUBSTITUTION {{(pid=108274) _check_effective_sql_mode /opt/stack/data/venv/lib/python3.12/site-packages/oslo_db/sqlalchemy/engines.py:325}}
May 22 01:02:10.275919 np0000176104 devstack@n-api-meta.service[108274]: DEBUG oslo_db.sqlalchemy.engines [None req-db0d7da9-856d-4e26-9d85-7f606c0159c6 None None] MySQL server mode set to STRICT_TRANS_TABLES,STRICT_ALL_TABLES,NO_ZERO_IN_DATE,NO_ZERO_DATE,ERROR_FOR_DIVISION_BY_ZERO,TRADITIONAL,NO_ENGINE_SUBSTITUTION {{(pid=108274) _check_effective_sql_mode /opt/stack/data/venv/lib/python3.12/site-packages/oslo_db/sqlalchemy/engines.py:325}}
May 22 01:02:10.281977 np0000176104 devstack@n-api-meta.service[108275]: DEBUG oslo_db.sqlalchemy.engines [None req-e6d8c927-0039-4759-a711-3495c6257913 None None] MySQL server mode set to STRICT_TRANS_TABLES,STRICT_ALL_TABLES,NO_ZERO_IN_DATE,NO_ZERO_DATE,ERROR_FOR_DIVISION_BY_ZERO,TRADITIONAL,NO_ENGINE_SUBSTITUTION {{(pid=108275) _check_effective_sql_mode /opt/stack/data/venv/lib/python3.12/site-packages/oslo_db/sqlalchemy/engines.py:325}}
May 22 01:02:10.301746 np0000176104 devstack@n-api-meta.service[108277]: DEBUG dbcounter [-] [108277] Writer thread running {{(pid=108277) stat_writer /opt/stack/data/venv/lib/python3.12/site-packages/dbcounter.py:102}}
May 22 01:02:10.304193 np0000176104 devstack@n-api-meta.service[108277]: DEBUG nova.context [None req-51395c45-6986-44d3-a1d9-c1a618146969 None None] Found 2 cells: 00000000-0000-0000-0000-000000000000(cell0),670a772b-5afa-40f1-a8ab-6e568cc1dcac(cell1) {{(pid=108277) load_cells /opt/stack/nova/nova/context.py:509}}
May 22 01:02:10.304397 np0000176104 devstack@n-api-meta.service[108277]: INFO nova.utils [None req-51395c45-6986-44d3-a1d9-c1a618146969 None None] The cell worker thread pool MainProcess.cell_worker is initialized
May 22 01:02:10.306124 np0000176104 devstack@n-api-meta.service[108277]: DEBUG oslo_concurrency.lockutils [None req-51395c45-6986-44d3-a1d9-c1a618146969 None None] Acquiring lock "00000000-0000-0000-0000-000000000000" by "nova.context.set_target_cell..get_or_set_cached_cell_and_set_connections" {{(pid=108277) inner /opt/stack/data/venv/lib/python3.12/site-packages/oslo_concurrency/lockutils.py:511}}
May 22 01:02:10.306290 np0000176104 devstack@n-api-meta.service[108277]: DEBUG oslo_concurrency.lockutils [None req-51395c45-6986-44d3-a1d9-c1a618146969 None None] Lock "00000000-0000-0000-0000-000000000000" acquired by "nova.context.set_target_cell..get_or_set_cached_cell_and_set_connections" :: waited 0.000s {{(pid=108277) inner /opt/stack/data/venv/lib/python3.12/site-packages/oslo_concurrency/lockutils.py:524}}
May 22 01:02:10.306648 np0000176104 devstack@n-api-meta.service[108277]: DEBUG oslo_concurrency.lockutils [None req-51395c45-6986-44d3-a1d9-c1a618146969 None None] Lock "00000000-0000-0000-0000-000000000000" "released" by "nova.context.set_target_cell..get_or_set_cached_cell_and_set_connections" :: held 0.000s {{(pid=108277) inner /opt/stack/data/venv/lib/python3.12/site-packages/oslo_concurrency/lockutils.py:543}}
May 22 01:02:10.307381 np0000176104 devstack@n-api-meta.service[108277]: DEBUG oslo_concurrency.lockutils [None req-51395c45-6986-44d3-a1d9-c1a618146969 None None] Acquiring lock "670a772b-5afa-40f1-a8ab-6e568cc1dcac" by "nova.context.set_target_cell..get_or_set_cached_cell_and_set_connections" {{(pid=108277) inner /opt/stack/data/venv/lib/python3.12/site-packages/oslo_concurrency/lockutils.py:511}}
May 22 01:02:10.307522 np0000176104 devstack@n-api-meta.service[108277]: DEBUG oslo_concurrency.lockutils [None req-51395c45-6986-44d3-a1d9-c1a618146969 None None] Lock "670a772b-5afa-40f1-a8ab-6e568cc1dcac" acquired by "nova.context.set_target_cell..get_or_set_cached_cell_and_set_connections" :: waited 0.000s {{(pid=108277) inner /opt/stack/data/venv/lib/python3.12/site-packages/oslo_concurrency/lockutils.py:524}}
May 22 01:02:10.308381 np0000176104 devstack@n-api-meta.service[108277]: DEBUG oslo_concurrency.lockutils [None req-51395c45-6986-44d3-a1d9-c1a618146969 None None] Lock "670a772b-5afa-40f1-a8ab-6e568cc1dcac" "released" by "nova.context.set_target_cell..get_or_set_cached_cell_and_set_connections" :: held 0.001s {{(pid=108277) inner /opt/stack/data/venv/lib/python3.12/site-packages/oslo_concurrency/lockutils.py:543}}
May 22 01:02:10.311787 np0000176104 devstack@n-api-meta.service[108277]: INFO dbcounter [None req-51395c45-6986-44d3-a1d9-c1a618146969 None None] Registered counter for database nova_cell0
May 22 01:02:10.319355 np0000176104 devstack@n-api-meta.service[108275]: DEBUG dbcounter [-] [108275] Writer thread running {{(pid=108275) stat_writer /opt/stack/data/venv/lib/python3.12/site-packages/dbcounter.py:102}}
May 22 01:02:10.319861 np0000176104 devstack@n-api-meta.service[108277]: INFO dbcounter [None req-51395c45-6986-44d3-a1d9-c1a618146969 None None] Registered counter for database nova_cell1
May 22 01:02:10.321979 np0000176104 devstack@n-api-meta.service[108275]: DEBUG nova.context [None req-e6d8c927-0039-4759-a711-3495c6257913 None None] Found 2 cells: 00000000-0000-0000-0000-000000000000(cell0),670a772b-5afa-40f1-a8ab-6e568cc1dcac(cell1) {{(pid=108275) load_cells /opt/stack/nova/nova/context.py:509}}
May 22 01:02:10.322209 np0000176104 devstack@n-api-meta.service[108275]: INFO nova.utils [None req-e6d8c927-0039-4759-a711-3495c6257913 None None] The cell worker thread pool MainProcess.cell_worker is initialized
May 22 01:02:10.324023 np0000176104 devstack@n-api-meta.service[108275]: DEBUG oslo_concurrency.lockutils [None req-e6d8c927-0039-4759-a711-3495c6257913 None None] Acquiring lock "00000000-0000-0000-0000-000000000000" by "nova.context.set_target_cell..get_or_set_cached_cell_and_set_connections" {{(pid=108275) inner /opt/stack/data/venv/lib/python3.12/site-packages/oslo_concurrency/lockutils.py:511}}
May 22 01:02:10.324190 np0000176104 devstack@n-api-meta.service[108275]: DEBUG oslo_concurrency.lockutils [None req-e6d8c927-0039-4759-a711-3495c6257913 None None] Lock "00000000-0000-0000-0000-000000000000" acquired by "nova.context.set_target_cell..get_or_set_cached_cell_and_set_connections" :: waited 0.000s {{(pid=108275) inner /opt/stack/data/venv/lib/python3.12/site-packages/oslo_concurrency/lockutils.py:524}}
May 22 01:02:10.324544 np0000176104 devstack@n-api-meta.service[108275]: DEBUG oslo_concurrency.lockutils [None req-e6d8c927-0039-4759-a711-3495c6257913 None None] Lock "00000000-0000-0000-0000-000000000000" "released" by "nova.context.set_target_cell..get_or_set_cached_cell_and_set_connections" :: held 0.000s {{(pid=108275) inner /opt/stack/data/venv/lib/python3.12/site-packages/oslo_concurrency/lockutils.py:543}}
May 22 01:02:10.325847 np0000176104 devstack@n-api-meta.service[108275]: DEBUG oslo_concurrency.lockutils [None req-e6d8c927-0039-4759-a711-3495c6257913 None None] Acquiring lock "670a772b-5afa-40f1-a8ab-6e568cc1dcac" by "nova.context.set_target_cell..get_or_set_cached_cell_and_set_connections" {{(pid=108275) inner /opt/stack/data/venv/lib/python3.12/site-packages/oslo_concurrency/lockutils.py:511}}
May 22 01:02:10.325990 np0000176104 devstack@n-api-meta.service[108275]: DEBUG oslo_concurrency.lockutils [None req-e6d8c927-0039-4759-a711-3495c6257913 None None] Lock "670a772b-5afa-40f1-a8ab-6e568cc1dcac" acquired by "nova.context.set_target_cell..get_or_set_cached_cell_and_set_connections" :: waited 0.000s {{(pid=108275) inner /opt/stack/data/venv/lib/python3.12/site-packages/oslo_concurrency/lockutils.py:524}}
May 22 01:02:10.326855 np0000176104 devstack@n-api-meta.service[108275]: DEBUG oslo_concurrency.lockutils [None req-e6d8c927-0039-4759-a711-3495c6257913 None None] Lock "670a772b-5afa-40f1-a8ab-6e568cc1dcac" "released" by "nova.context.set_target_cell..get_or_set_cached_cell_and_set_connections" :: held 0.001s {{(pid=108275) inner /opt/stack/data/venv/lib/python3.12/site-packages/oslo_concurrency/lockutils.py:543}}
May 22 01:02:10.330718 np0000176104 devstack@n-api-meta.service[108277]: DEBUG oslo_db.sqlalchemy.engines [None req-51395c45-6986-44d3-a1d9-c1a618146969 None None] MySQL server mode set to STRICT_TRANS_TABLES,STRICT_ALL_TABLES,NO_ZERO_IN_DATE,NO_ZERO_DATE,ERROR_FOR_DIVISION_BY_ZERO,TRADITIONAL,NO_ENGINE_SUBSTITUTION {{(pid=108277) _check_effective_sql_mode /opt/stack/data/venv/lib/python3.12/site-packages/oslo_db/sqlalchemy/engines.py:325}}
May 22 01:02:10.330807 np0000176104 devstack@n-api-meta.service[108275]: INFO dbcounter [None req-e6d8c927-0039-4759-a711-3495c6257913 None None] Registered counter for database nova_cell0
May 22 01:02:10.334121 np0000176104 devstack@n-api-meta.service[108277]: DEBUG oslo_db.sqlalchemy.engines [None req-51395c45-6986-44d3-a1d9-c1a618146969 None None] MySQL server mode set to STRICT_TRANS_TABLES,STRICT_ALL_TABLES,NO_ZERO_IN_DATE,NO_ZERO_DATE,ERROR_FOR_DIVISION_BY_ZERO,TRADITIONAL,NO_ENGINE_SUBSTITUTION {{(pid=108277) _check_effective_sql_mode /opt/stack/data/venv/lib/python3.12/site-packages/oslo_db/sqlalchemy/engines.py:325}}
May 22 01:02:10.336168 np0000176104 devstack@n-api-meta.service[108275]: INFO dbcounter [None req-e6d8c927-0039-4759-a711-3495c6257913 None None] Registered counter for database nova_cell1
May 22 01:02:10.347626 np0000176104 devstack@n-api-meta.service[108275]: DEBUG oslo_db.sqlalchemy.engines [None req-e6d8c927-0039-4759-a711-3495c6257913 None None] MySQL server mode set to STRICT_TRANS_TABLES,STRICT_ALL_TABLES,NO_ZERO_IN_DATE,NO_ZERO_DATE,ERROR_FOR_DIVISION_BY_ZERO,TRADITIONAL,NO_ENGINE_SUBSTITUTION {{(pid=108275) _check_effective_sql_mode /opt/stack/data/venv/lib/python3.12/site-packages/oslo_db/sqlalchemy/engines.py:325}}
May 22 01:02:10.351487 np0000176104 devstack@n-api-meta.service[108275]: DEBUG oslo_db.sqlalchemy.engines [None req-e6d8c927-0039-4759-a711-3495c6257913 None None] MySQL server mode set to STRICT_TRANS_TABLES,STRICT_ALL_TABLES,NO_ZERO_IN_DATE,NO_ZERO_DATE,ERROR_FOR_DIVISION_BY_ZERO,TRADITIONAL,NO_ENGINE_SUBSTITUTION {{(pid=108275) _check_effective_sql_mode /opt/stack/data/venv/lib/python3.12/site-packages/oslo_db/sqlalchemy/engines.py:325}}
May 22 01:02:10.382068 np0000176104 devstack@n-api-meta.service[108274]: DEBUG dbcounter [-] [108274] Writer thread running {{(pid=108274) stat_writer /opt/stack/data/venv/lib/python3.12/site-packages/dbcounter.py:102}}
May 22 01:02:10.382756 np0000176104 devstack@n-api-meta.service[108274]: DEBUG dbcounter [-] [108274] Writer thread running {{(pid=108274) stat_writer /opt/stack/data/venv/lib/python3.12/site-packages/dbcounter.py:102}}
May 22 01:02:10.388243 np0000176104 devstack@n-api-meta.service[108274]: INFO dbcounter [None req-db0d7da9-856d-4e26-9d85-7f606c0159c6 None None] Registered counter for database nova_cell0
May 22 01:02:10.388610 np0000176104 devstack@n-api-meta.service[108276]: INFO dbcounter [None req-42824cef-272d-4456-a98b-ba42e1579cda None None] Registered counter for database nova_api
May 22 01:02:10.401172 np0000176104 devstack@n-api-meta.service[108274]: DEBUG oslo_db.sqlalchemy.engines [None req-db0d7da9-856d-4e26-9d85-7f606c0159c6 None None] MySQL server mode set to STRICT_TRANS_TABLES,STRICT_ALL_TABLES,NO_ZERO_IN_DATE,NO_ZERO_DATE,ERROR_FOR_DIVISION_BY_ZERO,TRADITIONAL,NO_ENGINE_SUBSTITUTION {{(pid=108274) _check_effective_sql_mode /opt/stack/data/venv/lib/python3.12/site-packages/oslo_db/sqlalchemy/engines.py:325}}
May 22 01:02:10.407851 np0000176104 devstack@n-api-meta.service[108276]: DEBUG oslo_db.sqlalchemy.engines [None req-42824cef-272d-4456-a98b-ba42e1579cda None None] MySQL server mode set to STRICT_TRANS_TABLES,STRICT_ALL_TABLES,NO_ZERO_IN_DATE,NO_ZERO_DATE,ERROR_FOR_DIVISION_BY_ZERO,TRADITIONAL,NO_ENGINE_SUBSTITUTION {{(pid=108276) _check_effective_sql_mode /opt/stack/data/venv/lib/python3.12/site-packages/oslo_db/sqlalchemy/engines.py:325}}
May 22 01:02:10.417258 np0000176104 devstack@n-api-meta.service[108274]: DEBUG dbcounter [-] [108274] Writer thread running {{(pid=108274) stat_writer /opt/stack/data/venv/lib/python3.12/site-packages/dbcounter.py:102}}
May 22 01:02:10.431231 np0000176104 devstack@n-api-meta.service[108277]: DEBUG dbcounter [-] [108277] Writer thread running {{(pid=108277) stat_writer /opt/stack/data/venv/lib/python3.12/site-packages/dbcounter.py:102}}
May 22 01:02:10.431868 np0000176104 devstack@n-api-meta.service[108277]: DEBUG dbcounter [-] [108277] Writer thread running {{(pid=108277) stat_writer /opt/stack/data/venv/lib/python3.12/site-packages/dbcounter.py:102}}
May 22 01:02:10.437206 np0000176104 devstack@n-api-meta.service[108277]: INFO dbcounter [None req-51395c45-6986-44d3-a1d9-c1a618146969 None None] Registered counter for database nova_cell0
May 22 01:02:10.444112 np0000176104 devstack@n-api-meta.service[108276]: DEBUG dbcounter [-] [108276] Writer thread running {{(pid=108276) stat_writer /opt/stack/data/venv/lib/python3.12/site-packages/dbcounter.py:102}}
May 22 01:02:10.444620 np0000176104 devstack@n-api-meta.service[108275]: DEBUG dbcounter [-] [108275] Writer thread running {{(pid=108275) stat_writer /opt/stack/data/venv/lib/python3.12/site-packages/dbcounter.py:102}}
May 22 01:02:10.446045 np0000176104 devstack@n-api-meta.service[108276]: DEBUG nova.context [None req-42824cef-272d-4456-a98b-ba42e1579cda None None] Found 2 cells: 00000000-0000-0000-0000-000000000000(cell0),670a772b-5afa-40f1-a8ab-6e568cc1dcac(cell1) {{(pid=108276) load_cells /opt/stack/nova/nova/context.py:509}}
May 22 01:02:10.446307 np0000176104 devstack@n-api-meta.service[108276]: INFO nova.utils [None req-42824cef-272d-4456-a98b-ba42e1579cda None None] The cell worker thread pool MainProcess.cell_worker is initialized
May 22 01:02:10.446438 np0000176104 devstack@n-api-meta.service[108277]: DEBUG oslo_db.sqlalchemy.engines [None req-51395c45-6986-44d3-a1d9-c1a618146969 None None] MySQL server mode set to STRICT_TRANS_TABLES,STRICT_ALL_TABLES,NO_ZERO_IN_DATE,NO_ZERO_DATE,ERROR_FOR_DIVISION_BY_ZERO,TRADITIONAL,NO_ENGINE_SUBSTITUTION {{(pid=108277) _check_effective_sql_mode /opt/stack/data/venv/lib/python3.12/site-packages/oslo_db/sqlalchemy/engines.py:325}}
May 22 01:02:10.448273 np0000176104 devstack@n-api-meta.service[108276]: DEBUG oslo_concurrency.lockutils [None req-42824cef-272d-4456-a98b-ba42e1579cda None None] Acquiring lock "00000000-0000-0000-0000-000000000000" by "nova.context.set_target_cell..get_or_set_cached_cell_and_set_connections" {{(pid=108276) inner /opt/stack/data/venv/lib/python3.12/site-packages/oslo_concurrency/lockutils.py:511}}
May 22 01:02:10.448460 np0000176104 devstack@n-api-meta.service[108276]: DEBUG oslo_concurrency.lockutils [None req-42824cef-272d-4456-a98b-ba42e1579cda None None] Lock "00000000-0000-0000-0000-000000000000" acquired by "nova.context.set_target_cell..get_or_set_cached_cell_and_set_connections" :: waited 0.000s {{(pid=108276) inner /opt/stack/data/venv/lib/python3.12/site-packages/oslo_concurrency/lockutils.py:524}}
May 22 01:02:10.448519 np0000176104 devstack@n-api-meta.service[108275]: DEBUG dbcounter [-] [108275] Writer thread running {{(pid=108275) stat_writer /opt/stack/data/venv/lib/python3.12/site-packages/dbcounter.py:102}}
May 22 01:02:10.449016 np0000176104 devstack@n-api-meta.service[108276]: DEBUG oslo_concurrency.lockutils [None req-42824cef-272d-4456-a98b-ba42e1579cda None None] Lock "00000000-0000-0000-0000-000000000000" "released" by "nova.context.set_target_cell..get_or_set_cached_cell_and_set_connections" :: held 0.000s {{(pid=108276) inner /opt/stack/data/venv/lib/python3.12/site-packages/oslo_concurrency/lockutils.py:543}}
May 22 01:02:10.449617 np0000176104 devstack@n-api-meta.service[108276]: DEBUG oslo_concurrency.lockutils [None req-42824cef-272d-4456-a98b-ba42e1579cda None None] Acquiring lock "670a772b-5afa-40f1-a8ab-6e568cc1dcac" by "nova.context.set_target_cell..get_or_set_cached_cell_and_set_connections" {{(pid=108276) inner /opt/stack/data/venv/lib/python3.12/site-packages/oslo_concurrency/lockutils.py:511}}
May 22 01:02:10.449797 np0000176104 devstack@n-api-meta.service[108276]: DEBUG oslo_concurrency.lockutils [None req-42824cef-272d-4456-a98b-ba42e1579cda None None] Lock "670a772b-5afa-40f1-a8ab-6e568cc1dcac" acquired by "nova.context.set_target_cell..get_or_set_cached_cell_and_set_connections" :: waited 0.000s {{(pid=108276) inner /opt/stack/data/venv/lib/python3.12/site-packages/oslo_concurrency/lockutils.py:524}}
May 22 01:02:10.453026 np0000176104 devstack@n-api-meta.service[108275]: INFO dbcounter [None req-e6d8c927-0039-4759-a711-3495c6257913 None None] Registered counter for database nova_cell0
May 22 01:02:10.453269 np0000176104 devstack@n-api-meta.service[108276]: INFO dbcounter [None req-42824cef-272d-4456-a98b-ba42e1579cda None None] Registered counter for database nova_cell0
May 22 01:02:10.454503 np0000176104 devstack@n-api-meta.service[108277]: DEBUG dbcounter [-] [108277] Writer thread running {{(pid=108277) stat_writer /opt/stack/data/venv/lib/python3.12/site-packages/dbcounter.py:102}}
May 22 01:02:10.455526 np0000176104 devstack@n-api-meta.service[108276]: DEBUG oslo_concurrency.lockutils [None req-42824cef-272d-4456-a98b-ba42e1579cda None None] Lock "670a772b-5afa-40f1-a8ab-6e568cc1dcac" "released" by "nova.context.set_target_cell..get_or_set_cached_cell_and_set_connections" :: held 0.003s {{(pid=108276) inner /opt/stack/data/venv/lib/python3.12/site-packages/oslo_concurrency/lockutils.py:543}}
May 22 01:02:10.462772 np0000176104 devstack@n-api-meta.service[108274]: WARNING nova.api.metadata.handler [None req-db0d7da9-856d-4e26-9d85-7f606c0159c6 None None] metadata_proxy_shared_secret is not configured, the metadata information returned by the proxy cannot be trusted
May 22 01:02:10.463860 np0000176104 devstack@n-api-meta.service[108276]: INFO dbcounter [None req-42824cef-272d-4456-a98b-ba42e1579cda None None] Registered counter for database nova_cell1
May 22 01:02:10.465029 np0000176104 devstack@n-api-meta.service[108274]: DEBUG nova.api.openstack.wsgi_app [None req-db0d7da9-856d-4e26-9d85-7f606c0159c6 None None] ******************************************************************************** {{(pid=108274) log_opt_values /opt/stack/data/venv/lib/python3.12/site-packages/oslo_config/cfg.py:3229}}
May 22 01:02:10.465134 np0000176104 devstack@n-api-meta.service[108274]: DEBUG nova.api.openstack.wsgi_app [None req-db0d7da9-856d-4e26-9d85-7f606c0159c6 None None] Configuration options gathered from: {{(pid=108274) log_opt_values /opt/stack/data/venv/lib/python3.12/site-packages/oslo_config/cfg.py:3230}}
May 22 01:02:10.465258 np0000176104 devstack@n-api-meta.service[108274]: DEBUG nova.api.openstack.wsgi_app [None req-db0d7da9-856d-4e26-9d85-7f606c0159c6 None None] command line args: [] {{(pid=108274) log_opt_values /opt/stack/data/venv/lib/python3.12/site-packages/oslo_config/cfg.py:3231}}
May 22 01:02:10.465415 np0000176104 devstack@n-api-meta.service[108274]: DEBUG nova.api.openstack.wsgi_app [None req-db0d7da9-856d-4e26-9d85-7f606c0159c6 None None] config files: ['/etc/nova/api-paste.ini', '/etc/nova/nova.conf'] {{(pid=108274) log_opt_values /opt/stack/data/venv/lib/python3.12/site-packages/oslo_config/cfg.py:3232}}
May 22 01:02:10.465496 np0000176104 devstack@n-api-meta.service[108274]: DEBUG nova.api.openstack.wsgi_app [None req-db0d7da9-856d-4e26-9d85-7f606c0159c6 None None] ================================================================================ {{(pid=108274) log_opt_values /opt/stack/data/venv/lib/python3.12/site-packages/oslo_config/cfg.py:3237}}
May 22 01:02:10.465704 np0000176104 devstack@n-api-meta.service[108274]: DEBUG nova.api.openstack.wsgi_app [None req-db0d7da9-856d-4e26-9d85-7f606c0159c6 None None] allow_resize_to_same_host = True {{(pid=108274) log_opt_values /opt/stack/data/venv/lib/python3.12/site-packages/oslo_config/cfg.py:3245}}
May 22 01:02:10.465873 np0000176104 devstack@n-api-meta.service[108274]: DEBUG nova.api.openstack.wsgi_app [None req-db0d7da9-856d-4e26-9d85-7f606c0159c6 None None] arq_binding_timeout = 300 {{(pid=108274) log_opt_values /opt/stack/data/venv/lib/python3.12/site-packages/oslo_config/cfg.py:3245}}
May 22 01:02:10.465984 np0000176104 devstack@n-api-meta.service[108274]: DEBUG nova.api.openstack.wsgi_app [None req-db0d7da9-856d-4e26-9d85-7f606c0159c6 None None] block_device_allocate_retries = 60 {{(pid=108274) log_opt_values /opt/stack/data/venv/lib/python3.12/site-packages/oslo_config/cfg.py:3245}}
May 22 01:02:10.466112 np0000176104 devstack@n-api-meta.service[108274]: DEBUG nova.api.openstack.wsgi_app [None req-db0d7da9-856d-4e26-9d85-7f606c0159c6 None None] block_device_allocate_retries_interval = 3 {{(pid=108274) log_opt_values /opt/stack/data/venv/lib/python3.12/site-packages/oslo_config/cfg.py:3245}}
May 22 01:02:10.466242 np0000176104 devstack@n-api-meta.service[108274]: DEBUG nova.api.openstack.wsgi_app [None req-db0d7da9-856d-4e26-9d85-7f606c0159c6 None None] cell_worker_thread_pool_size = 5 {{(pid=108274) log_opt_values /opt/stack/data/venv/lib/python3.12/site-packages/oslo_config/cfg.py:3245}}
May 22 01:02:10.466381 np0000176104 devstack@n-api-meta.service[108274]: DEBUG nova.api.openstack.wsgi_app [None req-db0d7da9-856d-4e26-9d85-7f606c0159c6 None None] cert = self.pem {{(pid=108274) log_opt_values /opt/stack/data/venv/lib/python3.12/site-packages/oslo_config/cfg.py:3245}}
May 22 01:02:10.466576 np0000176104 devstack@n-api-meta.service[108274]: DEBUG nova.api.openstack.wsgi_app [None req-db0d7da9-856d-4e26-9d85-7f606c0159c6 None None] compute_driver = libvirt.LibvirtDriver {{(pid=108274) log_opt_values /opt/stack/data/venv/lib/python3.12/site-packages/oslo_config/cfg.py:3245}}
May 22 01:02:10.466678 np0000176104 devstack@n-api-meta.service[108274]: DEBUG nova.api.openstack.wsgi_app [None req-db0d7da9-856d-4e26-9d85-7f606c0159c6 None None] compute_monitors = [] {{(pid=108274) log_opt_values /opt/stack/data/venv/lib/python3.12/site-packages/oslo_config/cfg.py:3245}}
May 22 01:02:10.466792 np0000176104 devstack@n-api-meta.service[108274]: DEBUG nova.api.openstack.wsgi_app [None req-db0d7da9-856d-4e26-9d85-7f606c0159c6 None None] config_dir = [] {{(pid=108274) log_opt_values /opt/stack/data/venv/lib/python3.12/site-packages/oslo_config/cfg.py:3245}}
May 22 01:02:10.466927 np0000176104 devstack@n-api-meta.service[108274]: DEBUG nova.api.openstack.wsgi_app [None req-db0d7da9-856d-4e26-9d85-7f606c0159c6 None None] config_drive_format = iso9660 {{(pid=108274) log_opt_values /opt/stack/data/venv/lib/python3.12/site-packages/oslo_config/cfg.py:3245}}
May 22 01:02:10.467034 np0000176104 devstack@n-api-meta.service[108274]: DEBUG nova.api.openstack.wsgi_app [None req-db0d7da9-856d-4e26-9d85-7f606c0159c6 None None] config_file = ['/etc/nova/api-paste.ini', '/etc/nova/nova.conf'] {{(pid=108274) log_opt_values /opt/stack/data/venv/lib/python3.12/site-packages/oslo_config/cfg.py:3245}}
May 22 01:02:10.467166 np0000176104 devstack@n-api-meta.service[108274]: DEBUG nova.api.openstack.wsgi_app [None req-db0d7da9-856d-4e26-9d85-7f606c0159c6 None None] config_source = [] {{(pid=108274) log_opt_values /opt/stack/data/venv/lib/python3.12/site-packages/oslo_config/cfg.py:3245}}
May 22 01:02:10.467315 np0000176104 devstack@n-api-meta.service[108274]: DEBUG nova.api.openstack.wsgi_app [None req-db0d7da9-856d-4e26-9d85-7f606c0159c6 None None] console_host = np0000176104 {{(pid=108274) log_opt_values /opt/stack/data/venv/lib/python3.12/site-packages/oslo_config/cfg.py:3245}}
May 22 01:02:10.467439 np0000176104 devstack@n-api-meta.service[108274]: DEBUG nova.api.openstack.wsgi_app [None req-db0d7da9-856d-4e26-9d85-7f606c0159c6 None None] control_exchange = nova {{(pid=108274) log_opt_values /opt/stack/data/venv/lib/python3.12/site-packages/oslo_config/cfg.py:3245}}
May 22 01:02:10.467573 np0000176104 devstack@n-api-meta.service[108274]: DEBUG nova.api.openstack.wsgi_app [None req-db0d7da9-856d-4e26-9d85-7f606c0159c6 None None] cpu_allocation_ratio = None {{(pid=108274) log_opt_values /opt/stack/data/venv/lib/python3.12/site-packages/oslo_config/cfg.py:3245}}
May 22 01:02:10.467719 np0000176104 devstack@n-api-meta.service[108274]: DEBUG nova.api.openstack.wsgi_app [None req-db0d7da9-856d-4e26-9d85-7f606c0159c6 None None] daemon = False {{(pid=108274) log_opt_values /opt/stack/data/venv/lib/python3.12/site-packages/oslo_config/cfg.py:3245}}
May 22 01:02:10.467855 np0000176104 devstack@n-api-meta.service[108274]: DEBUG nova.api.openstack.wsgi_app [None req-db0d7da9-856d-4e26-9d85-7f606c0159c6 None None] debug = True {{(pid=108274) log_opt_values /opt/stack/data/venv/lib/python3.12/site-packages/oslo_config/cfg.py:3245}}
May 22 01:02:10.467982 np0000176104 devstack@n-api-meta.service[108274]: DEBUG nova.api.openstack.wsgi_app [None req-db0d7da9-856d-4e26-9d85-7f606c0159c6 None None] default_access_ip_network_name = None {{(pid=108274) log_opt_values /opt/stack/data/venv/lib/python3.12/site-packages/oslo_config/cfg.py:3245}}
May 22 01:02:10.468103 np0000176104 devstack@n-api-meta.service[108274]: DEBUG nova.api.openstack.wsgi_app [None req-db0d7da9-856d-4e26-9d85-7f606c0159c6 None None] default_availability_zone = nova {{(pid=108274) log_opt_values /opt/stack/data/venv/lib/python3.12/site-packages/oslo_config/cfg.py:3245}}
May 22 01:02:10.468249 np0000176104 devstack@n-api-meta.service[108274]: DEBUG nova.api.openstack.wsgi_app [None req-db0d7da9-856d-4e26-9d85-7f606c0159c6 None None] default_ephemeral_format = ext4 {{(pid=108274) log_opt_values /opt/stack/data/venv/lib/python3.12/site-packages/oslo_config/cfg.py:3245}}
May 22 01:02:10.468312 np0000176104 devstack@n-api-meta.service[108275]: DEBUG oslo_db.sqlalchemy.engines [None req-e6d8c927-0039-4759-a711-3495c6257913 None None] MySQL server mode set to STRICT_TRANS_TABLES,STRICT_ALL_TABLES,NO_ZERO_IN_DATE,NO_ZERO_DATE,ERROR_FOR_DIVISION_BY_ZERO,TRADITIONAL,NO_ENGINE_SUBSTITUTION {{(pid=108275) _check_effective_sql_mode /opt/stack/data/venv/lib/python3.12/site-packages/oslo_db/sqlalchemy/engines.py:325}}
May 22 01:02:10.468374 np0000176104 devstack@n-api-meta.service[108274]: DEBUG nova.api.openstack.wsgi_app [None req-db0d7da9-856d-4e26-9d85-7f606c0159c6 None None] default_green_pool_size = 1000 {{(pid=108274) log_opt_values /opt/stack/data/venv/lib/python3.12/site-packages/oslo_config/cfg.py:3245}}
May 22 01:02:10.468611 np0000176104 devstack@n-api-meta.service[108274]: DEBUG nova.api.openstack.wsgi_app [None req-db0d7da9-856d-4e26-9d85-7f606c0159c6 None None] default_log_levels = ['amqp=WARN', 'boto=WARN', 'sqlalchemy=WARN', 'suds=INFO', 'oslo.messaging=INFO', 'oslo_messaging=INFO', 'iso8601=WARN', 'requests.packages.urllib3.connectionpool=WARN', 'urllib3.connectionpool=WARN', 'websocket=WARN', 'requests.packages.urllib3.util.retry=WARN', 'urllib3.util.retry=WARN', 'keystonemiddleware=WARN', 'routes.middleware=WARN', 'stevedore=WARN', 'taskflow=WARN', 'keystoneauth=WARN', 'oslo.cache=INFO', 'oslo_policy=INFO', 'dogpile.core.dogpile=INFO', 'glanceclient=WARN', 'oslo.privsep.daemon=INFO'] {{(pid=108274) log_opt_values /opt/stack/data/venv/lib/python3.12/site-packages/oslo_config/cfg.py:3245}}
May 22 01:02:10.468742 np0000176104 devstack@n-api-meta.service[108274]: DEBUG nova.api.openstack.wsgi_app [None req-db0d7da9-856d-4e26-9d85-7f606c0159c6 None None] default_schedule_zone = None {{(pid=108274) log_opt_values /opt/stack/data/venv/lib/python3.12/site-packages/oslo_config/cfg.py:3245}}
May 22 01:02:10.468857 np0000176104 devstack@n-api-meta.service[108274]: DEBUG nova.api.openstack.wsgi_app [None req-db0d7da9-856d-4e26-9d85-7f606c0159c6 None None] default_thread_pool_size = 10 {{(pid=108274) log_opt_values /opt/stack/data/venv/lib/python3.12/site-packages/oslo_config/cfg.py:3245}}
May 22 01:02:10.468983 np0000176104 devstack@n-api-meta.service[108274]: DEBUG nova.api.openstack.wsgi_app [None req-db0d7da9-856d-4e26-9d85-7f606c0159c6 None None] disk_allocation_ratio = None {{(pid=108274) log_opt_values /opt/stack/data/venv/lib/python3.12/site-packages/oslo_config/cfg.py:3245}}
May 22 01:02:10.469118 np0000176104 devstack@n-api-meta.service[108274]: DEBUG nova.api.openstack.wsgi_app [None req-db0d7da9-856d-4e26-9d85-7f606c0159c6 None None] enable_new_services = True {{(pid=108274) log_opt_values /opt/stack/data/venv/lib/python3.12/site-packages/oslo_config/cfg.py:3245}}
May 22 01:02:10.469244 np0000176104 devstack@n-api-meta.service[108274]: DEBUG nova.api.openstack.wsgi_app [None req-db0d7da9-856d-4e26-9d85-7f606c0159c6 None None] flat_injected = False {{(pid=108274) log_opt_values /opt/stack/data/venv/lib/python3.12/site-packages/oslo_config/cfg.py:3245}}
May 22 01:02:10.469373 np0000176104 devstack@n-api-meta.service[108274]: DEBUG nova.api.openstack.wsgi_app [None req-db0d7da9-856d-4e26-9d85-7f606c0159c6 None None] force_config_drive = False {{(pid=108274) log_opt_values /opt/stack/data/venv/lib/python3.12/site-packages/oslo_config/cfg.py:3245}}
May 22 01:02:10.469501 np0000176104 devstack@n-api-meta.service[108274]: DEBUG nova.api.openstack.wsgi_app [None req-db0d7da9-856d-4e26-9d85-7f606c0159c6 None None] force_raw_images = True {{(pid=108274) log_opt_values /opt/stack/data/venv/lib/python3.12/site-packages/oslo_config/cfg.py:3245}}
May 22 01:02:10.469682 np0000176104 devstack@n-api-meta.service[108274]: DEBUG nova.api.openstack.wsgi_app [None req-db0d7da9-856d-4e26-9d85-7f606c0159c6 None None] graceful_shutdown_timeout = 5 {{(pid=108274) log_opt_values /opt/stack/data/venv/lib/python3.12/site-packages/oslo_config/cfg.py:3245}}
May 22 01:02:10.470005 np0000176104 devstack@n-api-meta.service[108274]: DEBUG nova.api.openstack.wsgi_app [None req-db0d7da9-856d-4e26-9d85-7f606c0159c6 None None] heal_instance_info_cache_interval = -1 {{(pid=108274) log_opt_values /opt/stack/data/venv/lib/python3.12/site-packages/oslo_config/cfg.py:3245}}
May 22 01:02:10.470070 np0000176104 devstack@n-api-meta.service[108274]: DEBUG nova.api.openstack.wsgi_app [None req-db0d7da9-856d-4e26-9d85-7f606c0159c6 None None] host = np0000176104 {{(pid=108274) log_opt_values /opt/stack/data/venv/lib/python3.12/site-packages/oslo_config/cfg.py:3245}}
May 22 01:02:10.470240 np0000176104 devstack@n-api-meta.service[108274]: DEBUG nova.api.openstack.wsgi_app [None req-db0d7da9-856d-4e26-9d85-7f606c0159c6 None None] initial_cpu_allocation_ratio = 4.0 {{(pid=108274) log_opt_values /opt/stack/data/venv/lib/python3.12/site-packages/oslo_config/cfg.py:3245}}
May 22 01:02:10.470371 np0000176104 devstack@n-api-meta.service[108274]: DEBUG nova.api.openstack.wsgi_app [None req-db0d7da9-856d-4e26-9d85-7f606c0159c6 None None] initial_disk_allocation_ratio = 1.0 {{(pid=108274) log_opt_values /opt/stack/data/venv/lib/python3.12/site-packages/oslo_config/cfg.py:3245}}
May 22 01:02:10.470498 np0000176104 devstack@n-api-meta.service[108274]: DEBUG nova.api.openstack.wsgi_app [None req-db0d7da9-856d-4e26-9d85-7f606c0159c6 None None] initial_ram_allocation_ratio = 1.0 {{(pid=108274) log_opt_values /opt/stack/data/venv/lib/python3.12/site-packages/oslo_config/cfg.py:3245}}
May 22 01:02:10.470692 np0000176104 devstack@n-api-meta.service[108274]: DEBUG nova.api.openstack.wsgi_app [None req-db0d7da9-856d-4e26-9d85-7f606c0159c6 None None] injected_network_template = /opt/stack/nova/nova/virt/interfaces.template {{(pid=108274) log_opt_values /opt/stack/data/venv/lib/python3.12/site-packages/oslo_config/cfg.py:3245}}
May 22 01:02:10.470824 np0000176104 devstack@n-api-meta.service[108274]: DEBUG nova.api.openstack.wsgi_app [None req-db0d7da9-856d-4e26-9d85-7f606c0159c6 None None] instance_build_timeout = 0 {{(pid=108274) log_opt_values /opt/stack/data/venv/lib/python3.12/site-packages/oslo_config/cfg.py:3245}}
May 22 01:02:10.470953 np0000176104 devstack@n-api-meta.service[108274]: DEBUG nova.api.openstack.wsgi_app [None req-db0d7da9-856d-4e26-9d85-7f606c0159c6 None None] instance_delete_interval = 300 {{(pid=108274) log_opt_values /opt/stack/data/venv/lib/python3.12/site-packages/oslo_config/cfg.py:3245}}
May 22 01:02:10.471094 np0000176104 devstack@n-api-meta.service[108274]: DEBUG nova.api.openstack.wsgi_app [None req-db0d7da9-856d-4e26-9d85-7f606c0159c6 None None] instance_format = [instance: %(uuid)s] {{(pid=108274) log_opt_values /opt/stack/data/venv/lib/python3.12/site-packages/oslo_config/cfg.py:3245}}
May 22 01:02:10.471228 np0000176104 devstack@n-api-meta.service[108274]: DEBUG nova.api.openstack.wsgi_app [None req-db0d7da9-856d-4e26-9d85-7f606c0159c6 None None] instance_name_template = instance-%08x {{(pid=108274) log_opt_values /opt/stack/data/venv/lib/python3.12/site-packages/oslo_config/cfg.py:3245}}
May 22 01:02:10.471356 np0000176104 devstack@n-api-meta.service[108274]: DEBUG nova.api.openstack.wsgi_app [None req-db0d7da9-856d-4e26-9d85-7f606c0159c6 None None] instance_usage_audit = False {{(pid=108274) log_opt_values /opt/stack/data/venv/lib/python3.12/site-packages/oslo_config/cfg.py:3245}}
May 22 01:02:10.471494 np0000176104 devstack@n-api-meta.service[108274]: DEBUG nova.api.openstack.wsgi_app [None req-db0d7da9-856d-4e26-9d85-7f606c0159c6 None None] instance_usage_audit_period = month {{(pid=108274) log_opt_values /opt/stack/data/venv/lib/python3.12/site-packages/oslo_config/cfg.py:3245}}
May 22 01:02:10.471641 np0000176104 devstack@n-api-meta.service[108274]: DEBUG nova.api.openstack.wsgi_app [None req-db0d7da9-856d-4e26-9d85-7f606c0159c6 None None] instance_uuid_format = [instance: %(uuid)s] {{(pid=108274) log_opt_values /opt/stack/data/venv/lib/python3.12/site-packages/oslo_config/cfg.py:3245}}
May 22 01:02:10.471776 np0000176104 devstack@n-api-meta.service[108274]: DEBUG nova.api.openstack.wsgi_app [None req-db0d7da9-856d-4e26-9d85-7f606c0159c6 None None] instances_path = /opt/stack/data/nova/instances {{(pid=108274) log_opt_values /opt/stack/data/venv/lib/python3.12/site-packages/oslo_config/cfg.py:3245}}
May 22 01:02:10.471972 np0000176104 devstack@n-api-meta.service[108274]: DEBUG nova.api.openstack.wsgi_app [None req-db0d7da9-856d-4e26-9d85-7f606c0159c6 None None] internal_service_availability_zone = internal {{(pid=108274) log_opt_values /opt/stack/data/venv/lib/python3.12/site-packages/oslo_config/cfg.py:3245}}
May 22 01:02:10.472112 np0000176104 devstack@n-api-meta.service[108274]: DEBUG nova.api.openstack.wsgi_app [None req-db0d7da9-856d-4e26-9d85-7f606c0159c6 None None] key = None {{(pid=108274) log_opt_values /opt/stack/data/venv/lib/python3.12/site-packages/oslo_config/cfg.py:3245}}
May 22 01:02:10.472264 np0000176104 devstack@n-api-meta.service[108274]: DEBUG nova.api.openstack.wsgi_app [None req-db0d7da9-856d-4e26-9d85-7f606c0159c6 None None] live_migration_retry_count = 30 {{(pid=108274) log_opt_values /opt/stack/data/venv/lib/python3.12/site-packages/oslo_config/cfg.py:3245}}
May 22 01:02:10.472380 np0000176104 devstack@n-api-meta.service[108274]: DEBUG nova.api.openstack.wsgi_app [None req-db0d7da9-856d-4e26-9d85-7f606c0159c6 None None] log_color = False {{(pid=108274) log_opt_values /opt/stack/data/venv/lib/python3.12/site-packages/oslo_config/cfg.py:3245}}
May 22 01:02:10.472520 np0000176104 devstack@n-api-meta.service[108274]: DEBUG nova.api.openstack.wsgi_app [None req-db0d7da9-856d-4e26-9d85-7f606c0159c6 None None] log_config_append = None {{(pid=108274) log_opt_values /opt/stack/data/venv/lib/python3.12/site-packages/oslo_config/cfg.py:3245}}
May 22 01:02:10.472686 np0000176104 devstack@n-api-meta.service[108274]: DEBUG nova.api.openstack.wsgi_app [None req-db0d7da9-856d-4e26-9d85-7f606c0159c6 None None] log_date_format = %Y-%m-%d %H:%M:%S {{(pid=108274) log_opt_values /opt/stack/data/venv/lib/python3.12/site-packages/oslo_config/cfg.py:3245}}
May 22 01:02:10.472792 np0000176104 devstack@n-api-meta.service[108274]: DEBUG nova.api.openstack.wsgi_app [None req-db0d7da9-856d-4e26-9d85-7f606c0159c6 None None] log_dir = None {{(pid=108274) log_opt_values /opt/stack/data/venv/lib/python3.12/site-packages/oslo_config/cfg.py:3245}}
May 22 01:02:10.472919 np0000176104 devstack@n-api-meta.service[108274]: DEBUG nova.api.openstack.wsgi_app [None req-db0d7da9-856d-4e26-9d85-7f606c0159c6 None None] log_file = None {{(pid=108274) log_opt_values /opt/stack/data/venv/lib/python3.12/site-packages/oslo_config/cfg.py:3245}}
May 22 01:02:10.473165 np0000176104 devstack@n-api-meta.service[108274]: DEBUG nova.api.openstack.wsgi_app [None req-db0d7da9-856d-4e26-9d85-7f606c0159c6 None None] log_options = True {{(pid=108274) log_opt_values /opt/stack/data/venv/lib/python3.12/site-packages/oslo_config/cfg.py:3245}}
May 22 01:02:10.473319 np0000176104 devstack@n-api-meta.service[108274]: DEBUG nova.api.openstack.wsgi_app [None req-db0d7da9-856d-4e26-9d85-7f606c0159c6 None None] log_rotate_interval = 1 {{(pid=108274) log_opt_values /opt/stack/data/venv/lib/python3.12/site-packages/oslo_config/cfg.py:3245}}
May 22 01:02:10.473461 np0000176104 devstack@n-api-meta.service[108274]: DEBUG nova.api.openstack.wsgi_app [None req-db0d7da9-856d-4e26-9d85-7f606c0159c6 None None] log_rotate_interval_type = days {{(pid=108274) log_opt_values /opt/stack/data/venv/lib/python3.12/site-packages/oslo_config/cfg.py:3245}}
May 22 01:02:10.473612 np0000176104 devstack@n-api-meta.service[108274]: DEBUG nova.api.openstack.wsgi_app [None req-db0d7da9-856d-4e26-9d85-7f606c0159c6 None None] log_rotation_type = none {{(pid=108274) log_opt_values /opt/stack/data/venv/lib/python3.12/site-packages/oslo_config/cfg.py:3245}}
May 22 01:02:10.473715 np0000176104 devstack@n-api-meta.service[108274]: DEBUG nova.api.openstack.wsgi_app [None req-db0d7da9-856d-4e26-9d85-7f606c0159c6 None None] logging_context_format_string = %(color)s%(levelname)s %(name)s [%(global_request_id)s %(request_id)s %(project_name)s %(user_name)s%(color)s] %(instance)s%(color)s%(message)s {{(pid=108274) log_opt_values /opt/stack/data/venv/lib/python3.12/site-packages/oslo_config/cfg.py:3245}}
May 22 01:02:10.473839 np0000176104 devstack@n-api-meta.service[108274]: DEBUG nova.api.openstack.wsgi_app [None req-db0d7da9-856d-4e26-9d85-7f606c0159c6 None None] logging_debug_format_suffix = {{(pid=%(process)d) %(funcName)s %(pathname)s:%(lineno)d}} {{(pid=108274) log_opt_values /opt/stack/data/venv/lib/python3.12/site-packages/oslo_config/cfg.py:3245}}
May 22 01:02:10.473978 np0000176104 devstack@n-api-meta.service[108274]: DEBUG nova.api.openstack.wsgi_app [None req-db0d7da9-856d-4e26-9d85-7f606c0159c6 None None] logging_default_format_string = %(color)s%(levelname)s %(name)s [-%(color)s] %(instance)s%(color)s%(message)s {{(pid=108274) log_opt_values /opt/stack/data/venv/lib/python3.12/site-packages/oslo_config/cfg.py:3245}}
May 22 01:02:10.474113 np0000176104 devstack@n-api-meta.service[108274]: DEBUG nova.api.openstack.wsgi_app [None req-db0d7da9-856d-4e26-9d85-7f606c0159c6 None None] logging_exception_prefix = ERROR %(name)s %(instance)s {{(pid=108274) log_opt_values /opt/stack/data/venv/lib/python3.12/site-packages/oslo_config/cfg.py:3245}}
May 22 01:02:10.474215 np0000176104 devstack@n-api-meta.service[108274]: DEBUG nova.api.openstack.wsgi_app [None req-db0d7da9-856d-4e26-9d85-7f606c0159c6 None None] logging_user_identity_format = %(user)s %(project)s %(domain)s %(system_scope)s %(user_domain)s %(project_domain)s {{(pid=108274) log_opt_values /opt/stack/data/venv/lib/python3.12/site-packages/oslo_config/cfg.py:3245}}
May 22 01:02:10.474348 np0000176104 devstack@n-api-meta.service[108274]: DEBUG nova.api.openstack.wsgi_app [None req-db0d7da9-856d-4e26-9d85-7f606c0159c6 None None] long_rpc_timeout = 1800 {{(pid=108274) log_opt_values /opt/stack/data/venv/lib/python3.12/site-packages/oslo_config/cfg.py:3245}}
May 22 01:02:10.474486 np0000176104 devstack@n-api-meta.service[108274]: DEBUG nova.api.openstack.wsgi_app [None req-db0d7da9-856d-4e26-9d85-7f606c0159c6 None None] manager_shutdown_timeout = 160 {{(pid=108274) log_opt_values /opt/stack/data/venv/lib/python3.12/site-packages/oslo_config/cfg.py:3245}}
May 22 01:02:10.474640 np0000176104 devstack@n-api-meta.service[108274]: DEBUG nova.api.openstack.wsgi_app [None req-db0d7da9-856d-4e26-9d85-7f606c0159c6 None None] max_concurrent_builds = 10 {{(pid=108274) log_opt_values /opt/stack/data/venv/lib/python3.12/site-packages/oslo_config/cfg.py:3245}}
