Apr 02 02:10:34.077329 np0000162271 systemd[1]: Starting devstack@n-api-meta.service - Devstack devstack@n-api-meta.service...
Apr 02 02:10:34.086442 np0000162271 devstack@n-api-meta.service[107462]: [uWSGI] getting INI configuration from /etc/nova/nova-metadata-uwsgi.ini
Apr 02 02:10:34.087240 np0000162271 devstack@n-api-meta.service[107462]: open("./http_plugin.so"): No such file or directory [core/utils.c line 3709]
Apr 02 02:10:34.087240 np0000162271 devstack@n-api-meta.service[107462]: !!! UNABLE to load uWSGI plugin: ./http_plugin.so: cannot open shared object file: No such file or directory !!!
Apr 02 02:10:34.087240 np0000162271 devstack@n-api-meta.service[107462]: open("./python3_plugin.so"): No such file or directory [core/utils.c line 3709]
Apr 02 02:10:34.087240 np0000162271 devstack@n-api-meta.service[107462]: !!! UNABLE to load uWSGI plugin: ./python3_plugin.so: cannot open shared object file: No such file or directory !!!
Apr 02 02:10:34.087240 np0000162271 devstack@n-api-meta.service[107462]: *** Starting uWSGI 2.0.31 (64bit) on [Thu Apr 2 02:10:34 2026] ***
Apr 02 02:10:34.087240 np0000162271 devstack@n-api-meta.service[107462]: compiled with version: 13.3.0 on 02 April 2026 02:00:17
Apr 02 02:10:34.087240 np0000162271 devstack@n-api-meta.service[107462]: os: Linux-6.8.0-106-generic #106-Ubuntu SMP PREEMPT_DYNAMIC Fri Mar 6 07:58:08 UTC 2026
Apr 02 02:10:34.087240 np0000162271 devstack@n-api-meta.service[107462]: nodename: np0000162271
Apr 02 02:10:34.087240 np0000162271 devstack@n-api-meta.service[107462]: machine: x86_64
Apr 02 02:10:34.087240 np0000162271 devstack@n-api-meta.service[107462]: clock source: unix
Apr 02 02:10:34.087240 np0000162271 devstack@n-api-meta.service[107462]: pcre jit disabled
Apr 02 02:10:34.087240 np0000162271 devstack@n-api-meta.service[107462]: detected number of CPU cores: 16
Apr 02 02:10:34.087240 np0000162271 devstack@n-api-meta.service[107462]: current working directory: /
Apr 02 02:10:34.087240 np0000162271 devstack@n-api-meta.service[107462]: detected binary path: /opt/stack/data/venv/bin/uwsgi
Apr 02 02:10:34.087240 np0000162271 devstack@n-api-meta.service[107462]: your processes number limit is 256917
Apr 02 02:10:34.087240 np0000162271 devstack@n-api-meta.service[107462]: your memory page size is 4096 bytes
Apr 02 02:10:34.087240 np0000162271 devstack@n-api-meta.service[107462]: detected max file descriptor number: 2048
Apr 02 02:10:34.087240 np0000162271 devstack@n-api-meta.service[107462]: lock engine: pthread robust mutexes
Apr 02 02:10:34.087240 np0000162271 devstack@n-api-meta.service[107462]: thunder lock: enabled
Apr 02 02:10:34.088127 np0000162271 devstack@n-api-meta.service[107462]: uWSGI http bound on 0.0.0.0:8775 fd 5
Apr 02 02:10:34.088127 np0000162271 devstack@n-api-meta.service[107462]: uwsgi socket 0 bound to TCP address 127.0.0.1:34441 (port auto-assigned) fd 4
Apr 02 02:10:34.088127 np0000162271 devstack@n-api-meta.service[107462]: Python version: 3.12.3 (main, Mar 3 2026, 12:15:18) [GCC 13.3.0]
Apr 02 02:10:34.088127 np0000162271 devstack@n-api-meta.service[107462]: PEP 405 virtualenv detected: /opt/stack/data/venv
Apr 02 02:10:34.088127 np0000162271 devstack@n-api-meta.service[107462]: Set PythonHome to /opt/stack/data/venv
Apr 02 02:10:34.123851 np0000162271 devstack@n-api-meta.service[107462]: Python main interpreter initialized at 0x7f4f182a3668
Apr 02 02:10:34.123851 np0000162271 devstack@n-api-meta.service[107462]: python threads support enabled
Apr 02 02:10:34.123851 np0000162271 devstack@n-api-meta.service[107462]: your server socket listen backlog is limited to 100 connections
Apr 02 02:10:34.123851 np0000162271 devstack@n-api-meta.service[107462]: your mercy for graceful operations on workers is 80 seconds
Apr 02 02:10:34.124581 np0000162271 devstack@n-api-meta.service[107462]: mapped 671795 bytes (656 KB) for 4 cores
Apr 02 02:10:34.124784 np0000162271 devstack@n-api-meta.service[107462]: *** Operational MODE: preforking ***
Apr 02 02:10:34.125118 np0000162271 devstack@n-api-meta.service[107462]: *** uWSGI is running in multiple interpreter mode ***
Apr 02 02:10:34.125118 np0000162271 devstack@n-api-meta.service[107462]: spawned uWSGI master process (pid: 107462)
Apr 02 02:10:34.125340 np0000162271 systemd[1]: Started devstack@n-api-meta.service - Devstack devstack@n-api-meta.service.
Apr 02 02:10:34.125884 np0000162271 devstack@n-api-meta.service[107462]: spawned uWSGI worker 1 (pid: 107463, cores: 1)
Apr 02 02:10:34.126563 np0000162271 devstack@n-api-meta.service[107462]: spawned uWSGI worker 2 (pid: 107464, cores: 1)
Apr 02 02:10:34.127321 np0000162271 devstack@n-api-meta.service[107462]: spawned uWSGI worker 3 (pid: 107465, cores: 1)
Apr 02 02:10:34.127901 np0000162271 devstack@n-api-meta.service[107462]: spawned uWSGI worker 4 (pid: 107466, cores: 1)
Apr 02 02:10:34.128364 np0000162271 devstack@n-api-meta.service[107462]: spawned uWSGI http 1 (pid: 107467)
Apr 02 02:10:34.128364 np0000162271 devstack@n-api-meta.service[107462]: running "unix_signal:15 gracefully_kill_them_all" (master-start)...
Apr 02 02:10:34.489267 np0000162271 devstack@n-api-meta.service[107465]: Service is starting with native threading. This is currently experimental. Do not use it in production without first testing it in pre-production.
Apr 02 02:10:34.497112 np0000162271 devstack@n-api-meta.service[107464]: Service is starting with native threading. This is currently experimental. Do not use it in production without first testing it in pre-production.
Apr 02 02:10:34.513065 np0000162271 devstack@n-api-meta.service[107466]: Service is starting with native threading. This is currently experimental. Do not use it in production without first testing it in pre-production.
Apr 02 02:10:34.514719 np0000162271 devstack@n-api-meta.service[107463]: Service is starting with native threading. This is currently experimental. Do not use it in production without first testing it in pre-production.
Apr 02 02:10:35.969896 np0000162271 devstack@n-api-meta.service[107466]: INFO dbcounter [None req-8fb8a735-ed9d-4abb-b2f1-9666ce8e565f None None] Registered counter for database nova_api
Apr 02 02:10:35.978473 np0000162271 devstack@n-api-meta.service[107464]: INFO dbcounter [None req-7436103e-a57b-4d67-9937-4e30fc9d5b63 None None] Registered counter for database nova_api
Apr 02 02:10:35.984986 np0000162271 devstack@n-api-meta.service[107466]: DEBUG oslo_db.sqlalchemy.engines [None req-8fb8a735-ed9d-4abb-b2f1-9666ce8e565f None None] MySQL server mode set to STRICT_TRANS_TABLES,STRICT_ALL_TABLES,NO_ZERO_IN_DATE,NO_ZERO_DATE,ERROR_FOR_DIVISION_BY_ZERO,TRADITIONAL,NO_ENGINE_SUBSTITUTION {{(pid=107466) _check_effective_sql_mode /opt/stack/data/venv/lib/python3.12/site-packages/oslo_db/sqlalchemy/engines.py:325}}
Apr 02 02:10:35.993940 np0000162271 devstack@n-api-meta.service[107463]: INFO dbcounter [None req-b1d6a9e7-83fe-47a0-adc6-a2c9cc8a984e None None] Registered counter for database nova_api
Apr 02 02:10:35.995851 np0000162271 devstack@n-api-meta.service[107464]: DEBUG oslo_db.sqlalchemy.engines [None req-7436103e-a57b-4d67-9937-4e30fc9d5b63 None None] MySQL server mode set to STRICT_TRANS_TABLES,STRICT_ALL_TABLES,NO_ZERO_IN_DATE,NO_ZERO_DATE,ERROR_FOR_DIVISION_BY_ZERO,TRADITIONAL,NO_ENGINE_SUBSTITUTION {{(pid=107464) _check_effective_sql_mode /opt/stack/data/venv/lib/python3.12/site-packages/oslo_db/sqlalchemy/engines.py:325}}
Apr 02 02:10:36.000165 np0000162271 devstack@n-api-meta.service[107465]: INFO dbcounter [None req-8a6bc81d-6ccc-4c12-a383-27a924443486 None None] Registered counter for database nova_api
Apr 02 02:10:36.012983 np0000162271 devstack@n-api-meta.service[107463]: DEBUG oslo_db.sqlalchemy.engines [None req-b1d6a9e7-83fe-47a0-adc6-a2c9cc8a984e None None] MySQL server mode set to STRICT_TRANS_TABLES,STRICT_ALL_TABLES,NO_ZERO_IN_DATE,NO_ZERO_DATE,ERROR_FOR_DIVISION_BY_ZERO,TRADITIONAL,NO_ENGINE_SUBSTITUTION {{(pid=107463) _check_effective_sql_mode /opt/stack/data/venv/lib/python3.12/site-packages/oslo_db/sqlalchemy/engines.py:325}}
Apr 02 02:10:36.020651 np0000162271 devstack@n-api-meta.service[107465]: DEBUG oslo_db.sqlalchemy.engines [None req-8a6bc81d-6ccc-4c12-a383-27a924443486 None None] MySQL server mode set to STRICT_TRANS_TABLES,STRICT_ALL_TABLES,NO_ZERO_IN_DATE,NO_ZERO_DATE,ERROR_FOR_DIVISION_BY_ZERO,TRADITIONAL,NO_ENGINE_SUBSTITUTION {{(pid=107465) _check_effective_sql_mode /opt/stack/data/venv/lib/python3.12/site-packages/oslo_db/sqlalchemy/engines.py:325}}
Apr 02 02:10:36.021031 np0000162271 devstack@n-api-meta.service[107466]: DEBUG dbcounter [-] [107466] Writer thread running {{(pid=107466) stat_writer /opt/stack/data/venv/lib/python3.12/site-packages/dbcounter.py:102}}
Apr 02 02:10:36.023698 np0000162271 devstack@n-api-meta.service[107466]: DEBUG nova.context [None req-8fb8a735-ed9d-4abb-b2f1-9666ce8e565f None None] Found 2 cells: 00000000-0000-0000-0000-000000000000(cell0),0df9838c-f21d-4ced-993d-c6afe95d3830(cell1) {{(pid=107466) load_cells /opt/stack/nova/nova/context.py:509}}
Apr 02 02:10:36.023997 np0000162271 devstack@n-api-meta.service[107466]: INFO nova.utils [None req-8fb8a735-ed9d-4abb-b2f1-9666ce8e565f None None] The cell worker thread pool MainProcess.cell_worker is initialized
Apr 02 02:10:36.025759 np0000162271 devstack@n-api-meta.service[107466]: DEBUG oslo_concurrency.lockutils [None req-8fb8a735-ed9d-4abb-b2f1-9666ce8e565f None None] Acquiring lock "00000000-0000-0000-0000-000000000000" by "nova.context.set_target_cell..get_or_set_cached_cell_and_set_connections" {{(pid=107466) inner /opt/stack/data/venv/lib/python3.12/site-packages/oslo_concurrency/lockutils.py:506}}
Apr 02 02:10:36.025948 np0000162271 devstack@n-api-meta.service[107466]: DEBUG oslo_concurrency.lockutils [None req-8fb8a735-ed9d-4abb-b2f1-9666ce8e565f None None] Lock "00000000-0000-0000-0000-000000000000" acquired by "nova.context.set_target_cell..get_or_set_cached_cell_and_set_connections" :: waited 0.000s {{(pid=107466) inner /opt/stack/data/venv/lib/python3.12/site-packages/oslo_concurrency/lockutils.py:519}}
Apr 02 02:10:36.026337 np0000162271 devstack@n-api-meta.service[107466]: DEBUG oslo_concurrency.lockutils [None req-8fb8a735-ed9d-4abb-b2f1-9666ce8e565f None None] Lock "00000000-0000-0000-0000-000000000000" "released" by "nova.context.set_target_cell..get_or_set_cached_cell_and_set_connections" :: held 0.000s {{(pid=107466) inner /opt/stack/data/venv/lib/python3.12/site-packages/oslo_concurrency/lockutils.py:538}}
Apr 02 02:10:36.027328 np0000162271 devstack@n-api-meta.service[107466]: DEBUG oslo_concurrency.lockutils [None req-8fb8a735-ed9d-4abb-b2f1-9666ce8e565f None None] Acquiring lock "0df9838c-f21d-4ced-993d-c6afe95d3830" by "nova.context.set_target_cell..get_or_set_cached_cell_and_set_connections" {{(pid=107466) inner /opt/stack/data/venv/lib/python3.12/site-packages/oslo_concurrency/lockutils.py:506}}
Apr 02 02:10:36.027474 np0000162271 devstack@n-api-meta.service[107466]: DEBUG oslo_concurrency.lockutils [None req-8fb8a735-ed9d-4abb-b2f1-9666ce8e565f None None] Lock "0df9838c-f21d-4ced-993d-c6afe95d3830" acquired by "nova.context.set_target_cell..get_or_set_cached_cell_and_set_connections" :: waited 0.000s {{(pid=107466) inner /opt/stack/data/venv/lib/python3.12/site-packages/oslo_concurrency/lockutils.py:519}}
Apr 02 02:10:36.028492 np0000162271 devstack@n-api-meta.service[107466]: DEBUG oslo_concurrency.lockutils [None req-8fb8a735-ed9d-4abb-b2f1-9666ce8e565f None None] Lock "0df9838c-f21d-4ced-993d-c6afe95d3830" "released" by "nova.context.set_target_cell..get_or_set_cached_cell_and_set_connections" :: held 0.001s {{(pid=107466) inner /opt/stack/data/venv/lib/python3.12/site-packages/oslo_concurrency/lockutils.py:538}}
Apr 02 02:10:36.030762 np0000162271 devstack@n-api-meta.service[107464]: DEBUG dbcounter [-] [107464] Writer thread running {{(pid=107464) stat_writer /opt/stack/data/venv/lib/python3.12/site-packages/dbcounter.py:102}}
Apr 02 02:10:36.032614 np0000162271 devstack@n-api-meta.service[107466]: INFO dbcounter [None req-8fb8a735-ed9d-4abb-b2f1-9666ce8e565f None None] Registered counter for database nova_cell0
Apr 02 02:10:36.033372 np0000162271 devstack@n-api-meta.service[107464]: DEBUG nova.context [None req-7436103e-a57b-4d67-9937-4e30fc9d5b63 None None] Found 2 cells: 00000000-0000-0000-0000-000000000000(cell0),0df9838c-f21d-4ced-993d-c6afe95d3830(cell1) {{(pid=107464) load_cells /opt/stack/nova/nova/context.py:509}}
Apr 02 02:10:36.033617 np0000162271 devstack@n-api-meta.service[107464]: INFO nova.utils [None req-7436103e-a57b-4d67-9937-4e30fc9d5b63 None None] The cell worker thread pool MainProcess.cell_worker is initialized
Apr 02 02:10:36.035502 np0000162271 devstack@n-api-meta.service[107464]: DEBUG oslo_concurrency.lockutils [None req-7436103e-a57b-4d67-9937-4e30fc9d5b63 None None] Acquiring lock "00000000-0000-0000-0000-000000000000" by "nova.context.set_target_cell..get_or_set_cached_cell_and_set_connections" {{(pid=107464) inner /opt/stack/data/venv/lib/python3.12/site-packages/oslo_concurrency/lockutils.py:506}}
Apr 02 02:10:36.035654 np0000162271 devstack@n-api-meta.service[107464]: DEBUG oslo_concurrency.lockutils [None req-7436103e-a57b-4d67-9937-4e30fc9d5b63 None None] Lock "00000000-0000-0000-0000-000000000000" acquired by "nova.context.set_target_cell..get_or_set_cached_cell_and_set_connections" :: waited 0.000s {{(pid=107464) inner /opt/stack/data/venv/lib/python3.12/site-packages/oslo_concurrency/lockutils.py:519}}
Apr 02 02:10:36.036099 np0000162271 devstack@n-api-meta.service[107464]: DEBUG oslo_concurrency.lockutils [None req-7436103e-a57b-4d67-9937-4e30fc9d5b63 None None] Lock "00000000-0000-0000-0000-000000000000" "released" by "nova.context.set_target_cell..get_or_set_cached_cell_and_set_connections" :: held 0.000s {{(pid=107464) inner /opt/stack/data/venv/lib/python3.12/site-packages/oslo_concurrency/lockutils.py:538}}
Apr 02 02:10:36.037041 np0000162271 devstack@n-api-meta.service[107464]: DEBUG oslo_concurrency.lockutils [None req-7436103e-a57b-4d67-9937-4e30fc9d5b63 None None] Acquiring lock "0df9838c-f21d-4ced-993d-c6afe95d3830" by "nova.context.set_target_cell..get_or_set_cached_cell_and_set_connections" {{(pid=107464) inner /opt/stack/data/venv/lib/python3.12/site-packages/oslo_concurrency/lockutils.py:506}}
Apr 02 02:10:36.037232 np0000162271 devstack@n-api-meta.service[107464]: DEBUG oslo_concurrency.lockutils [None req-7436103e-a57b-4d67-9937-4e30fc9d5b63 None None] Lock "0df9838c-f21d-4ced-993d-c6afe95d3830" acquired by "nova.context.set_target_cell..get_or_set_cached_cell_and_set_connections" :: waited 0.000s {{(pid=107464) inner /opt/stack/data/venv/lib/python3.12/site-packages/oslo_concurrency/lockutils.py:519}}
Apr 02 02:10:36.037663 np0000162271 devstack@n-api-meta.service[107466]: INFO dbcounter [None req-8fb8a735-ed9d-4abb-b2f1-9666ce8e565f None None] Registered counter for database nova_cell1
Apr 02 02:10:36.038478 np0000162271 devstack@n-api-meta.service[107464]: DEBUG oslo_concurrency.lockutils [None req-7436103e-a57b-4d67-9937-4e30fc9d5b63 None None] Lock "0df9838c-f21d-4ced-993d-c6afe95d3830" "released" by "nova.context.set_target_cell..get_or_set_cached_cell_and_set_connections" :: held 0.001s {{(pid=107464) inner /opt/stack/data/venv/lib/python3.12/site-packages/oslo_concurrency/lockutils.py:538}}
Apr 02 02:10:36.040861 np0000162271 devstack@n-api-meta.service[107464]: INFO dbcounter [None req-7436103e-a57b-4d67-9937-4e30fc9d5b63 None None] Registered counter for database nova_cell0
Apr 02 02:10:36.045306 np0000162271 devstack@n-api-meta.service[107464]: INFO dbcounter [None req-7436103e-a57b-4d67-9937-4e30fc9d5b63 None None] Registered counter for database nova_cell1
Apr 02 02:10:36.047131 np0000162271 devstack@n-api-meta.service[107466]: DEBUG oslo_db.sqlalchemy.engines [None req-8fb8a735-ed9d-4abb-b2f1-9666ce8e565f None None] MySQL server mode set to STRICT_TRANS_TABLES,STRICT_ALL_TABLES,NO_ZERO_IN_DATE,NO_ZERO_DATE,ERROR_FOR_DIVISION_BY_ZERO,TRADITIONAL,NO_ENGINE_SUBSTITUTION {{(pid=107466) _check_effective_sql_mode /opt/stack/data/venv/lib/python3.12/site-packages/oslo_db/sqlalchemy/engines.py:325}}
Apr 02 02:10:36.053255 np0000162271 devstack@n-api-meta.service[107466]: DEBUG oslo_db.sqlalchemy.engines [None req-8fb8a735-ed9d-4abb-b2f1-9666ce8e565f None None] MySQL server mode set to STRICT_TRANS_TABLES,STRICT_ALL_TABLES,NO_ZERO_IN_DATE,NO_ZERO_DATE,ERROR_FOR_DIVISION_BY_ZERO,TRADITIONAL,NO_ENGINE_SUBSTITUTION {{(pid=107466) _check_effective_sql_mode /opt/stack/data/venv/lib/python3.12/site-packages/oslo_db/sqlalchemy/engines.py:325}}
Apr 02 02:10:36.056035 np0000162271 devstack@n-api-meta.service[107463]: DEBUG dbcounter [-] [107463] Writer thread running {{(pid=107463) stat_writer /opt/stack/data/venv/lib/python3.12/site-packages/dbcounter.py:102}}
Apr 02 02:10:36.056888 np0000162271 devstack@n-api-meta.service[107464]: DEBUG oslo_db.sqlalchemy.engines [None req-7436103e-a57b-4d67-9937-4e30fc9d5b63 None None] MySQL server mode set to STRICT_TRANS_TABLES,STRICT_ALL_TABLES,NO_ZERO_IN_DATE,NO_ZERO_DATE,ERROR_FOR_DIVISION_BY_ZERO,TRADITIONAL,NO_ENGINE_SUBSTITUTION {{(pid=107464) _check_effective_sql_mode /opt/stack/data/venv/lib/python3.12/site-packages/oslo_db/sqlalchemy/engines.py:325}}
Apr 02 02:10:36.057145 np0000162271 devstack@n-api-meta.service[107465]: DEBUG dbcounter [-] [107465] Writer thread running {{(pid=107465) stat_writer /opt/stack/data/venv/lib/python3.12/site-packages/dbcounter.py:102}}
Apr 02 02:10:36.059043 np0000162271 devstack@n-api-meta.service[107463]: DEBUG nova.context [None req-b1d6a9e7-83fe-47a0-adc6-a2c9cc8a984e None None] Found 2 cells: 00000000-0000-0000-0000-000000000000(cell0),0df9838c-f21d-4ced-993d-c6afe95d3830(cell1) {{(pid=107463) load_cells /opt/stack/nova/nova/context.py:509}}
Apr 02 02:10:36.059399 np0000162271 devstack@n-api-meta.service[107463]: INFO nova.utils [None req-b1d6a9e7-83fe-47a0-adc6-a2c9cc8a984e None None] The cell worker thread pool MainProcess.cell_worker is initialized
Apr 02 02:10:36.060164 np0000162271 devstack@n-api-meta.service[107465]: DEBUG nova.context [None req-8a6bc81d-6ccc-4c12-a383-27a924443486 None None] Found 2 cells: 00000000-0000-0000-0000-000000000000(cell0),0df9838c-f21d-4ced-993d-c6afe95d3830(cell1) {{(pid=107465) load_cells /opt/stack/nova/nova/context.py:509}}
Apr 02 02:10:36.060368 np0000162271 devstack@n-api-meta.service[107465]: INFO nova.utils [None req-8a6bc81d-6ccc-4c12-a383-27a924443486 None None] The cell worker thread pool MainProcess.cell_worker is initialized
Apr 02 02:10:36.062167 np0000162271 devstack@n-api-meta.service[107463]: DEBUG oslo_concurrency.lockutils [None req-b1d6a9e7-83fe-47a0-adc6-a2c9cc8a984e None None] Acquiring lock "00000000-0000-0000-0000-000000000000" by "nova.context.set_target_cell..get_or_set_cached_cell_and_set_connections" {{(pid=107463) inner /opt/stack/data/venv/lib/python3.12/site-packages/oslo_concurrency/lockutils.py:506}}
Apr 02 02:10:36.062295 np0000162271 devstack@n-api-meta.service[107465]: DEBUG oslo_concurrency.lockutils [None req-8a6bc81d-6ccc-4c12-a383-27a924443486 None None] Acquiring lock "00000000-0000-0000-0000-000000000000" by "nova.context.set_target_cell..get_or_set_cached_cell_and_set_connections" {{(pid=107465) inner /opt/stack/data/venv/lib/python3.12/site-packages/oslo_concurrency/lockutils.py:506}}
Apr 02 02:10:36.062374 np0000162271 devstack@n-api-meta.service[107465]: DEBUG oslo_concurrency.lockutils [None req-8a6bc81d-6ccc-4c12-a383-27a924443486 None None] Lock "00000000-0000-0000-0000-000000000000" acquired by "nova.context.set_target_cell..get_or_set_cached_cell_and_set_connections" :: waited 0.000s {{(pid=107465) inner /opt/stack/data/venv/lib/python3.12/site-packages/oslo_concurrency/lockutils.py:519}}
Apr 02 02:10:36.062455 np0000162271 devstack@n-api-meta.service[107463]: DEBUG oslo_concurrency.lockutils [None req-b1d6a9e7-83fe-47a0-adc6-a2c9cc8a984e None None] Lock "00000000-0000-0000-0000-000000000000" acquired by "nova.context.set_target_cell..get_or_set_cached_cell_and_set_connections" :: waited 0.000s {{(pid=107463) inner /opt/stack/data/venv/lib/python3.12/site-packages/oslo_concurrency/lockutils.py:519}}
Apr 02 02:10:36.062687 np0000162271 devstack@n-api-meta.service[107465]: DEBUG oslo_concurrency.lockutils [None req-8a6bc81d-6ccc-4c12-a383-27a924443486 None None] Lock "00000000-0000-0000-0000-000000000000" "released" by "nova.context.set_target_cell..get_or_set_cached_cell_and_set_connections" :: held 0.000s {{(pid=107465) inner /opt/stack/data/venv/lib/python3.12/site-packages/oslo_concurrency/lockutils.py:538}}
Apr 02 02:10:36.063002 np0000162271 devstack@n-api-meta.service[107463]: DEBUG oslo_concurrency.lockutils [None req-b1d6a9e7-83fe-47a0-adc6-a2c9cc8a984e None None] Lock "00000000-0000-0000-0000-000000000000" "released" by "nova.context.set_target_cell..get_or_set_cached_cell_and_set_connections" :: held 0.001s {{(pid=107463) inner /opt/stack/data/venv/lib/python3.12/site-packages/oslo_concurrency/lockutils.py:538}}
Apr 02 02:10:36.063481 np0000162271 devstack@n-api-meta.service[107465]: DEBUG oslo_concurrency.lockutils [None req-8a6bc81d-6ccc-4c12-a383-27a924443486 None None] Acquiring lock "0df9838c-f21d-4ced-993d-c6afe95d3830" by "nova.context.set_target_cell..get_or_set_cached_cell_and_set_connections" {{(pid=107465) inner /opt/stack/data/venv/lib/python3.12/site-packages/oslo_concurrency/lockutils.py:506}}
Apr 02 02:10:36.066871 np0000162271 devstack@n-api-meta.service[107465]: DEBUG oslo_concurrency.lockutils [None req-8a6bc81d-6ccc-4c12-a383-27a924443486 None None] Lock "0df9838c-f21d-4ced-993d-c6afe95d3830" acquired by "nova.context.set_target_cell..get_or_set_cached_cell_and_set_connections" :: waited 0.000s {{(pid=107465) inner /opt/stack/data/venv/lib/python3.12/site-packages/oslo_concurrency/lockutils.py:519}}
Apr 02 02:10:36.066926 np0000162271 devstack@n-api-meta.service[107463]: DEBUG oslo_concurrency.lockutils [None req-b1d6a9e7-83fe-47a0-adc6-a2c9cc8a984e None None] Acquiring lock "0df9838c-f21d-4ced-993d-c6afe95d3830" by "nova.context.set_target_cell..get_or_set_cached_cell_and_set_connections" {{(pid=107463) inner /opt/stack/data/venv/lib/python3.12/site-packages/oslo_concurrency/lockutils.py:506}}
Apr 02 02:10:36.066926 np0000162271 devstack@n-api-meta.service[107463]: DEBUG oslo_concurrency.lockutils [None req-b1d6a9e7-83fe-47a0-adc6-a2c9cc8a984e None None] Lock "0df9838c-f21d-4ced-993d-c6afe95d3830" acquired by "nova.context.set_target_cell..get_or_set_cached_cell_and_set_connections" :: waited 0.000s {{(pid=107463) inner /opt/stack/data/venv/lib/python3.12/site-packages/oslo_concurrency/lockutils.py:519}}
Apr 02 02:10:36.067000 np0000162271 devstack@n-api-meta.service[107465]: DEBUG oslo_concurrency.lockutils [None req-8a6bc81d-6ccc-4c12-a383-27a924443486 None None] Lock "0df9838c-f21d-4ced-993d-c6afe95d3830" "released" by "nova.context.set_target_cell..get_or_set_cached_cell_and_set_connections" :: held 0.001s {{(pid=107465) inner /opt/stack/data/venv/lib/python3.12/site-packages/oslo_concurrency/lockutils.py:538}}
Apr 02 02:10:36.067042 np0000162271 devstack@n-api-meta.service[107463]: DEBUG oslo_concurrency.lockutils [None req-b1d6a9e7-83fe-47a0-adc6-a2c9cc8a984e None None] Lock "0df9838c-f21d-4ced-993d-c6afe95d3830" "released" by "nova.context.set_target_cell..get_or_set_cached_cell_and_set_connections" :: held 0.001s {{(pid=107463) inner /opt/stack/data/venv/lib/python3.12/site-packages/oslo_concurrency/lockutils.py:538}}
Apr 02 02:10:36.067494 np0000162271 devstack@n-api-meta.service[107465]: INFO dbcounter [None req-8a6bc81d-6ccc-4c12-a383-27a924443486 None None] Registered counter for database nova_cell0
Apr 02 02:10:36.069268 np0000162271 devstack@n-api-meta.service[107464]: DEBUG oslo_db.sqlalchemy.engines [None req-7436103e-a57b-4d67-9937-4e30fc9d5b63 None None] MySQL server mode set to STRICT_TRANS_TABLES,STRICT_ALL_TABLES,NO_ZERO_IN_DATE,NO_ZERO_DATE,ERROR_FOR_DIVISION_BY_ZERO,TRADITIONAL,NO_ENGINE_SUBSTITUTION {{(pid=107464) _check_effective_sql_mode /opt/stack/data/venv/lib/python3.12/site-packages/oslo_db/sqlalchemy/engines.py:325}}
Apr 02 02:10:36.069371 np0000162271 devstack@n-api-meta.service[107463]: INFO dbcounter [None req-b1d6a9e7-83fe-47a0-adc6-a2c9cc8a984e None None] Registered counter for database nova_cell0
Apr 02 02:10:36.073097 np0000162271 devstack@n-api-meta.service[107465]: INFO dbcounter [None req-8a6bc81d-6ccc-4c12-a383-27a924443486 None None] Registered counter for database nova_cell1
Apr 02 02:10:36.075919 np0000162271 devstack@n-api-meta.service[107463]: INFO dbcounter [None req-b1d6a9e7-83fe-47a0-adc6-a2c9cc8a984e None None] Registered counter for database nova_cell1
Apr 02 02:10:36.086668 np0000162271 devstack@n-api-meta.service[107465]: DEBUG oslo_db.sqlalchemy.engines [None req-8a6bc81d-6ccc-4c12-a383-27a924443486 None None] MySQL server mode set to STRICT_TRANS_TABLES,STRICT_ALL_TABLES,NO_ZERO_IN_DATE,NO_ZERO_DATE,ERROR_FOR_DIVISION_BY_ZERO,TRADITIONAL,NO_ENGINE_SUBSTITUTION {{(pid=107465) _check_effective_sql_mode /opt/stack/data/venv/lib/python3.12/site-packages/oslo_db/sqlalchemy/engines.py:325}}
Apr 02 02:10:36.091782 np0000162271 devstack@n-api-meta.service[107465]: DEBUG oslo_db.sqlalchemy.engines [None req-8a6bc81d-6ccc-4c12-a383-27a924443486 None None] MySQL server mode set to STRICT_TRANS_TABLES,STRICT_ALL_TABLES,NO_ZERO_IN_DATE,NO_ZERO_DATE,ERROR_FOR_DIVISION_BY_ZERO,TRADITIONAL,NO_ENGINE_SUBSTITUTION {{(pid=107465) _check_effective_sql_mode /opt/stack/data/venv/lib/python3.12/site-packages/oslo_db/sqlalchemy/engines.py:325}}
Apr 02 02:10:36.097656 np0000162271 devstack@n-api-meta.service[107463]: DEBUG oslo_db.sqlalchemy.engines [None req-b1d6a9e7-83fe-47a0-adc6-a2c9cc8a984e None None] MySQL server mode set to STRICT_TRANS_TABLES,STRICT_ALL_TABLES,NO_ZERO_IN_DATE,NO_ZERO_DATE,ERROR_FOR_DIVISION_BY_ZERO,TRADITIONAL,NO_ENGINE_SUBSTITUTION {{(pid=107463) _check_effective_sql_mode /opt/stack/data/venv/lib/python3.12/site-packages/oslo_db/sqlalchemy/engines.py:325}}
Apr 02 02:10:36.100540 np0000162271 devstack@n-api-meta.service[107463]: DEBUG oslo_db.sqlalchemy.engines [None req-b1d6a9e7-83fe-47a0-adc6-a2c9cc8a984e None None] MySQL server mode set to STRICT_TRANS_TABLES,STRICT_ALL_TABLES,NO_ZERO_IN_DATE,NO_ZERO_DATE,ERROR_FOR_DIVISION_BY_ZERO,TRADITIONAL,NO_ENGINE_SUBSTITUTION {{(pid=107463) _check_effective_sql_mode /opt/stack/data/venv/lib/python3.12/site-packages/oslo_db/sqlalchemy/engines.py:325}}
Apr 02 02:10:36.154726 np0000162271 devstack@n-api-meta.service[107464]: DEBUG dbcounter [-] [107464] Writer thread running {{(pid=107464) stat_writer /opt/stack/data/venv/lib/python3.12/site-packages/dbcounter.py:102}}
Apr 02 02:10:36.158837 np0000162271 devstack@n-api-meta.service[107464]: DEBUG dbcounter [-] [107464] Writer thread running {{(pid=107464) stat_writer /opt/stack/data/venv/lib/python3.12/site-packages/dbcounter.py:102}}
Apr 02 02:10:36.162707 np0000162271 devstack@n-api-meta.service[107464]: INFO dbcounter [None req-7436103e-a57b-4d67-9937-4e30fc9d5b63 None None] Registered counter for database nova_cell0
Apr 02 02:10:36.172647 np0000162271 devstack@n-api-meta.service[107464]: DEBUG oslo_db.sqlalchemy.engines [None req-7436103e-a57b-4d67-9937-4e30fc9d5b63 None None] MySQL server mode set to STRICT_TRANS_TABLES,STRICT_ALL_TABLES,NO_ZERO_IN_DATE,NO_ZERO_DATE,ERROR_FOR_DIVISION_BY_ZERO,TRADITIONAL,NO_ENGINE_SUBSTITUTION {{(pid=107464) _check_effective_sql_mode /opt/stack/data/venv/lib/python3.12/site-packages/oslo_db/sqlalchemy/engines.py:325}}
Apr 02 02:10:36.179220 np0000162271 devstack@n-api-meta.service[107466]: DEBUG dbcounter [-] [107466] Writer thread running {{(pid=107466) stat_writer /opt/stack/data/venv/lib/python3.12/site-packages/dbcounter.py:102}}
Apr 02 02:10:36.180523 np0000162271 devstack@n-api-meta.service[107464]: DEBUG dbcounter [-] [107464] Writer thread running {{(pid=107464) stat_writer /opt/stack/data/venv/lib/python3.12/site-packages/dbcounter.py:102}}
Apr 02 02:10:36.180776 np0000162271 devstack@n-api-meta.service[107466]: DEBUG dbcounter [-] [107466] Writer thread running {{(pid=107466) stat_writer /opt/stack/data/venv/lib/python3.12/site-packages/dbcounter.py:102}}
Apr 02 02:10:36.186781 np0000162271 devstack@n-api-meta.service[107466]: INFO dbcounter [None req-8fb8a735-ed9d-4abb-b2f1-9666ce8e565f None None] Registered counter for database nova_cell0
Apr 02 02:10:36.190333 np0000162271 devstack@n-api-meta.service[107465]: DEBUG dbcounter [-] [107465] Writer thread running {{(pid=107465) stat_writer /opt/stack/data/venv/lib/python3.12/site-packages/dbcounter.py:102}}
Apr 02 02:10:36.194176 np0000162271 devstack@n-api-meta.service[107465]: DEBUG dbcounter [-] [107465] Writer thread running {{(pid=107465) stat_writer /opt/stack/data/venv/lib/python3.12/site-packages/dbcounter.py:102}}
Apr 02 02:10:36.196491 np0000162271 devstack@n-api-meta.service[107463]: DEBUG dbcounter [-] [107463] Writer thread running {{(pid=107463) stat_writer /opt/stack/data/venv/lib/python3.12/site-packages/dbcounter.py:102}}
Apr 02 02:10:36.199274 np0000162271 devstack@n-api-meta.service[107463]: DEBUG dbcounter [-] [107463] Writer thread running {{(pid=107463) stat_writer /opt/stack/data/venv/lib/python3.12/site-packages/dbcounter.py:102}}
Apr 02 02:10:36.201754 np0000162271 devstack@n-api-meta.service[107466]: DEBUG oslo_db.sqlalchemy.engines [None req-8fb8a735-ed9d-4abb-b2f1-9666ce8e565f None None] MySQL server mode set to STRICT_TRANS_TABLES,STRICT_ALL_TABLES,NO_ZERO_IN_DATE,NO_ZERO_DATE,ERROR_FOR_DIVISION_BY_ZERO,TRADITIONAL,NO_ENGINE_SUBSTITUTION {{(pid=107466) _check_effective_sql_mode /opt/stack/data/venv/lib/python3.12/site-packages/oslo_db/sqlalchemy/engines.py:325}}
Apr 02 02:10:36.203713 np0000162271 devstack@n-api-meta.service[107463]: INFO dbcounter [None req-b1d6a9e7-83fe-47a0-adc6-a2c9cc8a984e None None] Registered counter for database nova_cell0
Apr 02 02:10:36.207421 np0000162271 devstack@n-api-meta.service[107465]: INFO dbcounter [None req-8a6bc81d-6ccc-4c12-a383-27a924443486 None None] Registered counter for database nova_cell0
Apr 02 02:10:36.212123 np0000162271 devstack@n-api-meta.service[107463]: DEBUG oslo_db.sqlalchemy.engines [None req-b1d6a9e7-83fe-47a0-adc6-a2c9cc8a984e None None] MySQL server mode set to STRICT_TRANS_TABLES,STRICT_ALL_TABLES,NO_ZERO_IN_DATE,NO_ZERO_DATE,ERROR_FOR_DIVISION_BY_ZERO,TRADITIONAL,NO_ENGINE_SUBSTITUTION {{(pid=107463) _check_effective_sql_mode /opt/stack/data/venv/lib/python3.12/site-packages/oslo_db/sqlalchemy/engines.py:325}}
Apr 02 02:10:36.213555 np0000162271 devstack@n-api-meta.service[107466]: DEBUG dbcounter [-] [107466] Writer thread running {{(pid=107466) stat_writer /opt/stack/data/venv/lib/python3.12/site-packages/dbcounter.py:102}}
Apr 02 02:10:36.218691 np0000162271 devstack@n-api-meta.service[107465]: DEBUG oslo_db.sqlalchemy.engines [None req-8a6bc81d-6ccc-4c12-a383-27a924443486 None None] MySQL server mode set to STRICT_TRANS_TABLES,STRICT_ALL_TABLES,NO_ZERO_IN_DATE,NO_ZERO_DATE,ERROR_FOR_DIVISION_BY_ZERO,TRADITIONAL,NO_ENGINE_SUBSTITUTION {{(pid=107465) _check_effective_sql_mode /opt/stack/data/venv/lib/python3.12/site-packages/oslo_db/sqlalchemy/engines.py:325}}
Apr 02 02:10:36.222124 np0000162271 devstack@n-api-meta.service[107463]: DEBUG dbcounter [-] [107463] Writer thread running {{(pid=107463) stat_writer /opt/stack/data/venv/lib/python3.12/site-packages/dbcounter.py:102}}
Apr 02 02:10:36.229510 np0000162271 devstack@n-api-meta.service[107464]: WARNING nova.api.metadata.handler [None req-7436103e-a57b-4d67-9937-4e30fc9d5b63 None None] metadata_proxy_shared_secret is not configured, the metadata information returned by the proxy cannot be trusted
Apr 02 02:10:36.230308 np0000162271 devstack@n-api-meta.service[107465]: DEBUG dbcounter [-] [107465] Writer thread running {{(pid=107465) stat_writer /opt/stack/data/venv/lib/python3.12/site-packages/dbcounter.py:102}}
Apr 02 02:10:36.231821 np0000162271 devstack@n-api-meta.service[107464]: DEBUG nova.api.openstack.wsgi_app [None req-7436103e-a57b-4d67-9937-4e30fc9d5b63 None None] ******************************************************************************** {{(pid=107464) log_opt_values /opt/stack/data/venv/lib/python3.12/site-packages/oslo_config/cfg.py:2979}}
Apr 02 02:10:36.231957 np0000162271 devstack@n-api-meta.service[107464]: DEBUG nova.api.openstack.wsgi_app [None req-7436103e-a57b-4d67-9937-4e30fc9d5b63 None None] Configuration options gathered from: {{(pid=107464) log_opt_values /opt/stack/data/venv/lib/python3.12/site-packages/oslo_config/cfg.py:2980}}
Apr 02 02:10:36.232035 np0000162271 devstack@n-api-meta.service[107464]: DEBUG nova.api.openstack.wsgi_app [None req-7436103e-a57b-4d67-9937-4e30fc9d5b63 None None] command line args: [] {{(pid=107464) log_opt_values /opt/stack/data/venv/lib/python3.12/site-packages/oslo_config/cfg.py:2981}}
Apr 02 02:10:36.232214 np0000162271 devstack@n-api-meta.service[107464]: DEBUG nova.api.openstack.wsgi_app [None req-7436103e-a57b-4d67-9937-4e30fc9d5b63 None None] config files: ['/etc/nova/api-paste.ini', '/etc/nova/nova.conf'] {{(pid=107464) log_opt_values /opt/stack/data/venv/lib/python3.12/site-packages/oslo_config/cfg.py:2982}}
Apr 02 02:10:36.232330 np0000162271 devstack@n-api-meta.service[107464]: DEBUG nova.api.openstack.wsgi_app [None req-7436103e-a57b-4d67-9937-4e30fc9d5b63 None None] ================================================================================ {{(pid=107464) log_opt_values /opt/stack/data/venv/lib/python3.12/site-packages/oslo_config/cfg.py:2987}}
Apr 02 02:10:36.232491 np0000162271 devstack@n-api-meta.service[107464]: DEBUG nova.api.openstack.wsgi_app [None req-7436103e-a57b-4d67-9937-4e30fc9d5b63 None None] allow_resize_to_same_host = True {{(pid=107464) log_opt_values /opt/stack/data/venv/lib/python3.12/site-packages/oslo_config/cfg.py:2995}}
Apr 02 02:10:36.232672 np0000162271 devstack@n-api-meta.service[107464]: DEBUG nova.api.openstack.wsgi_app [None req-7436103e-a57b-4d67-9937-4e30fc9d5b63 None None] arq_binding_timeout = 300 {{(pid=107464) log_opt_values /opt/stack/data/venv/lib/python3.12/site-packages/oslo_config/cfg.py:2995}}
Apr 02 02:10:36.232829 np0000162271 devstack@n-api-meta.service[107464]: DEBUG nova.api.openstack.wsgi_app [None req-7436103e-a57b-4d67-9937-4e30fc9d5b63 None None] block_device_allocate_retries = 60 {{(pid=107464) log_opt_values /opt/stack/data/venv/lib/python3.12/site-packages/oslo_config/cfg.py:2995}}
Apr 02 02:10:36.232964 np0000162271 devstack@n-api-meta.service[107464]: DEBUG nova.api.openstack.wsgi_app [None req-7436103e-a57b-4d67-9937-4e30fc9d5b63 None None] block_device_allocate_retries_interval = 3 {{(pid=107464) log_opt_values /opt/stack/data/venv/lib/python3.12/site-packages/oslo_config/cfg.py:2995}}
Apr 02 02:10:36.233095 np0000162271 devstack@n-api-meta.service[107464]: DEBUG nova.api.openstack.wsgi_app [None req-7436103e-a57b-4d67-9937-4e30fc9d5b63 None None] cell_worker_thread_pool_size = 5 {{(pid=107464) log_opt_values /opt/stack/data/venv/lib/python3.12/site-packages/oslo_config/cfg.py:2995}}
Apr 02 02:10:36.233244 np0000162271 devstack@n-api-meta.service[107464]: DEBUG nova.api.openstack.wsgi_app [None req-7436103e-a57b-4d67-9937-4e30fc9d5b63 None None] cert = self.pem {{(pid=107464) log_opt_values /opt/stack/data/venv/lib/python3.12/site-packages/oslo_config/cfg.py:2995}}
Apr 02 02:10:36.233367 np0000162271 devstack@n-api-meta.service[107464]: DEBUG nova.api.openstack.wsgi_app [None req-7436103e-a57b-4d67-9937-4e30fc9d5b63 None None] compute_driver = libvirt.LibvirtDriver {{(pid=107464) log_opt_values /opt/stack/data/venv/lib/python3.12/site-packages/oslo_config/cfg.py:2995}}
Apr 02 02:10:36.233501 np0000162271 devstack@n-api-meta.service[107464]: DEBUG nova.api.openstack.wsgi_app [None req-7436103e-a57b-4d67-9937-4e30fc9d5b63 None None] compute_monitors = [] {{(pid=107464) log_opt_values /opt/stack/data/venv/lib/python3.12/site-packages/oslo_config/cfg.py:2995}}
Apr 02 02:10:36.233635 np0000162271 devstack@n-api-meta.service[107464]: DEBUG nova.api.openstack.wsgi_app [None req-7436103e-a57b-4d67-9937-4e30fc9d5b63 None None] config_dir = [] {{(pid=107464) log_opt_values /opt/stack/data/venv/lib/python3.12/site-packages/oslo_config/cfg.py:2995}}
Apr 02 02:10:36.233812 np0000162271 devstack@n-api-meta.service[107464]: DEBUG nova.api.openstack.wsgi_app [None req-7436103e-a57b-4d67-9937-4e30fc9d5b63 None None] config_drive_format = iso9660 {{(pid=107464) log_opt_values /opt/stack/data/venv/lib/python3.12/site-packages/oslo_config/cfg.py:2995}}
Apr 02 02:10:36.233928 np0000162271 devstack@n-api-meta.service[107464]: DEBUG nova.api.openstack.wsgi_app [None req-7436103e-a57b-4d67-9937-4e30fc9d5b63 None None] config_file = ['/etc/nova/api-paste.ini', '/etc/nova/nova.conf'] {{(pid=107464) log_opt_values /opt/stack/data/venv/lib/python3.12/site-packages/oslo_config/cfg.py:2995}}
Apr 02 02:10:36.234120 np0000162271 devstack@n-api-meta.service[107464]: DEBUG nova.api.openstack.wsgi_app [None req-7436103e-a57b-4d67-9937-4e30fc9d5b63 None None] config_source = [] {{(pid=107464) log_opt_values /opt/stack/data/venv/lib/python3.12/site-packages/oslo_config/cfg.py:2995}}
Apr 02 02:10:36.234277 np0000162271 devstack@n-api-meta.service[107464]: DEBUG nova.api.openstack.wsgi_app [None req-7436103e-a57b-4d67-9937-4e30fc9d5b63 None None] console_host = np0000162271 {{(pid=107464) log_opt_values /opt/stack/data/venv/lib/python3.12/site-packages/oslo_config/cfg.py:2995}}
Apr 02 02:10:36.234417 np0000162271 devstack@n-api-meta.service[107464]: DEBUG nova.api.openstack.wsgi_app [None req-7436103e-a57b-4d67-9937-4e30fc9d5b63 None None] control_exchange = nova {{(pid=107464) log_opt_values /opt/stack/data/venv/lib/python3.12/site-packages/oslo_config/cfg.py:2995}}
Apr 02 02:10:36.234549 np0000162271 devstack@n-api-meta.service[107464]: DEBUG nova.api.openstack.wsgi_app [None req-7436103e-a57b-4d67-9937-4e30fc9d5b63 None None] cpu_allocation_ratio = None {{(pid=107464) log_opt_values /opt/stack/data/venv/lib/python3.12/site-packages/oslo_config/cfg.py:2995}}
Apr 02 02:10:36.234681 np0000162271 devstack@n-api-meta.service[107464]: DEBUG nova.api.openstack.wsgi_app [None req-7436103e-a57b-4d67-9937-4e30fc9d5b63 None None] daemon = False {{(pid=107464) log_opt_values /opt/stack/data/venv/lib/python3.12/site-packages/oslo_config/cfg.py:2995}}
Apr 02 02:10:36.234825 np0000162271 devstack@n-api-meta.service[107464]: DEBUG nova.api.openstack.wsgi_app [None req-7436103e-a57b-4d67-9937-4e30fc9d5b63 None None] debug = True {{(pid=107464) log_opt_values /opt/stack/data/venv/lib/python3.12/site-packages/oslo_config/cfg.py:2995}}
Apr 02 02:10:36.234965 np0000162271 devstack@n-api-meta.service[107464]: DEBUG nova.api.openstack.wsgi_app [None req-7436103e-a57b-4d67-9937-4e30fc9d5b63 None None] default_access_ip_network_name = None {{(pid=107464) log_opt_values /opt/stack/data/venv/lib/python3.12/site-packages/oslo_config/cfg.py:2995}}
Apr 02 02:10:36.235150 np0000162271 devstack@n-api-meta.service[107464]: DEBUG nova.api.openstack.wsgi_app [None req-7436103e-a57b-4d67-9937-4e30fc9d5b63 None None] default_availability_zone = nova {{(pid=107464) log_opt_values /opt/stack/data/venv/lib/python3.12/site-packages/oslo_config/cfg.py:2995}}
Apr 02 02:10:36.235307 np0000162271 devstack@n-api-meta.service[107464]: DEBUG nova.api.openstack.wsgi_app [None req-7436103e-a57b-4d67-9937-4e30fc9d5b63 None None] default_ephemeral_format = ext4 {{(pid=107464) log_opt_values /opt/stack/data/venv/lib/python3.12/site-packages/oslo_config/cfg.py:2995}}
Apr 02 02:10:36.235419 np0000162271 devstack@n-api-meta.service[107464]: DEBUG nova.api.openstack.wsgi_app [None req-7436103e-a57b-4d67-9937-4e30fc9d5b63 None None] default_green_pool_size = 1000 {{(pid=107464) log_opt_values /opt/stack/data/venv/lib/python3.12/site-packages/oslo_config/cfg.py:2995}}
Apr 02 02:10:36.235656 np0000162271 devstack@n-api-meta.service[107464]: DEBUG nova.api.openstack.wsgi_app [None req-7436103e-a57b-4d67-9937-4e30fc9d5b63 None None] default_log_levels = ['amqp=WARN', 'boto=WARN', 'sqlalchemy=WARN', 'suds=INFO', 'oslo.messaging=INFO', 'oslo_messaging=INFO', 'iso8601=WARN', 'requests.packages.urllib3.connectionpool=WARN', 'urllib3.connectionpool=WARN', 'websocket=WARN', 'requests.packages.urllib3.util.retry=WARN', 'urllib3.util.retry=WARN', 'keystonemiddleware=WARN', 'routes.middleware=WARN', 'stevedore=WARN', 'taskflow=WARN', 'keystoneauth=WARN', 'oslo.cache=INFO', 'oslo_policy=INFO', 'dogpile.core.dogpile=INFO', 'glanceclient=WARN', 'oslo.privsep.daemon=INFO'] {{(pid=107464) log_opt_values /opt/stack/data/venv/lib/python3.12/site-packages/oslo_config/cfg.py:2995}}
Apr 02 02:10:36.235871 np0000162271 devstack@n-api-meta.service[107464]: DEBUG nova.api.openstack.wsgi_app [None req-7436103e-a57b-4d67-9937-4e30fc9d5b63 None None] default_schedule_zone = None {{(pid=107464) log_opt_values /opt/stack/data/venv/lib/python3.12/site-packages/oslo_config/cfg.py:2995}}
Apr 02 02:10:36.235941 np0000162271 devstack@n-api-meta.service[107464]: DEBUG nova.api.openstack.wsgi_app [None req-7436103e-a57b-4d67-9937-4e30fc9d5b63 None None] default_thread_pool_size = 10 {{(pid=107464) log_opt_values /opt/stack/data/venv/lib/python3.12/site-packages/oslo_config/cfg.py:2995}}
Apr 02 02:10:36.236035 np0000162271 devstack@n-api-meta.service[107464]: DEBUG nova.api.openstack.wsgi_app [None req-7436103e-a57b-4d67-9937-4e30fc9d5b63 None None] disk_allocation_ratio = None {{(pid=107464) log_opt_values /opt/stack/data/venv/lib/python3.12/site-packages/oslo_config/cfg.py:2995}}
Apr 02 02:10:36.236168 np0000162271 devstack@n-api-meta.service[107464]: DEBUG nova.api.openstack.wsgi_app [None req-7436103e-a57b-4d67-9937-4e30fc9d5b63 None None] enable_new_services = True {{(pid=107464) log_opt_values /opt/stack/data/venv/lib/python3.12/site-packages/oslo_config/cfg.py:2995}}
Apr 02 02:10:36.236293 np0000162271 devstack@n-api-meta.service[107464]: DEBUG nova.api.openstack.wsgi_app [None req-7436103e-a57b-4d67-9937-4e30fc9d5b63 None None] flat_injected = False {{(pid=107464) log_opt_values /opt/stack/data/venv/lib/python3.12/site-packages/oslo_config/cfg.py:2995}}
Apr 02 02:10:36.236422 np0000162271 devstack@n-api-meta.service[107464]: DEBUG nova.api.openstack.wsgi_app [None req-7436103e-a57b-4d67-9937-4e30fc9d5b63 None None] force_config_drive = False {{(pid=107464) log_opt_values /opt/stack/data/venv/lib/python3.12/site-packages/oslo_config/cfg.py:2995}}
Apr 02 02:10:36.236548 np0000162271 devstack@n-api-meta.service[107464]: DEBUG nova.api.openstack.wsgi_app [None req-7436103e-a57b-4d67-9937-4e30fc9d5b63 None None] force_raw_images = True {{(pid=107464) log_opt_values /opt/stack/data/venv/lib/python3.12/site-packages/oslo_config/cfg.py:2995}}
Apr 02 02:10:36.236703 np0000162271 devstack@n-api-meta.service[107464]: DEBUG nova.api.openstack.wsgi_app [None req-7436103e-a57b-4d67-9937-4e30fc9d5b63 None None] graceful_shutdown_timeout = 5 {{(pid=107464) log_opt_values /opt/stack/data/venv/lib/python3.12/site-packages/oslo_config/cfg.py:2995}}
Apr 02 02:10:36.236858 np0000162271 devstack@n-api-meta.service[107464]: DEBUG nova.api.openstack.wsgi_app [None req-7436103e-a57b-4d67-9937-4e30fc9d5b63 None None] heal_instance_info_cache_interval = -1 {{(pid=107464) log_opt_values /opt/stack/data/venv/lib/python3.12/site-packages/oslo_config/cfg.py:2995}}
Apr 02 02:10:36.237045 np0000162271 devstack@n-api-meta.service[107464]: DEBUG nova.api.openstack.wsgi_app [None req-7436103e-a57b-4d67-9937-4e30fc9d5b63 None None] host = np0000162271 {{(pid=107464) log_opt_values /opt/stack/data/venv/lib/python3.12/site-packages/oslo_config/cfg.py:2995}}
Apr 02 02:10:36.237178 np0000162271 devstack@n-api-meta.service[107464]: DEBUG nova.api.openstack.wsgi_app [None req-7436103e-a57b-4d67-9937-4e30fc9d5b63 None None] initial_cpu_allocation_ratio = 4.0 {{(pid=107464) log_opt_values /opt/stack/data/venv/lib/python3.12/site-packages/oslo_config/cfg.py:2995}}
Apr 02 02:10:36.237308 np0000162271 devstack@n-api-meta.service[107464]: DEBUG nova.api.openstack.wsgi_app [None req-7436103e-a57b-4d67-9937-4e30fc9d5b63 None None] initial_disk_allocation_ratio = 1.0 {{(pid=107464) log_opt_values /opt/stack/data/venv/lib/python3.12/site-packages/oslo_config/cfg.py:2995}}
Apr 02 02:10:36.237437 np0000162271 devstack@n-api-meta.service[107464]: DEBUG nova.api.openstack.wsgi_app [None req-7436103e-a57b-4d67-9937-4e30fc9d5b63 None None] initial_ram_allocation_ratio = 1.0 {{(pid=107464) log_opt_values /opt/stack/data/venv/lib/python3.12/site-packages/oslo_config/cfg.py:2995}}
Apr 02 02:10:36.237614 np0000162271 devstack@n-api-meta.service[107464]: DEBUG nova.api.openstack.wsgi_app [None req-7436103e-a57b-4d67-9937-4e30fc9d5b63 None None] injected_network_template = /opt/stack/nova/nova/virt/interfaces.template {{(pid=107464) log_opt_values /opt/stack/data/venv/lib/python3.12/site-packages/oslo_config/cfg.py:2995}}
Apr 02 02:10:36.237745 np0000162271 devstack@n-api-meta.service[107464]: DEBUG nova.api.openstack.wsgi_app [None req-7436103e-a57b-4d67-9937-4e30fc9d5b63 None None] instance_build_timeout = 0 {{(pid=107464) log_opt_values /opt/stack/data/venv/lib/python3.12/site-packages/oslo_config/cfg.py:2995}}
Apr 02 02:10:36.237894 np0000162271 devstack@n-api-meta.service[107464]: DEBUG nova.api.openstack.wsgi_app [None req-7436103e-a57b-4d67-9937-4e30fc9d5b63 None None] instance_delete_interval = 300 {{(pid=107464) log_opt_values /opt/stack/data/venv/lib/python3.12/site-packages/oslo_config/cfg.py:2995}}
Apr 02 02:10:36.238028 np0000162271 devstack@n-api-meta.service[107464]: DEBUG nova.api.openstack.wsgi_app [None req-7436103e-a57b-4d67-9937-4e30fc9d5b63 None None] instance_format = [instance: %(uuid)s] {{(pid=107464) log_opt_values /opt/stack/data/venv/lib/python3.12/site-packages/oslo_config/cfg.py:2995}}
Apr 02 02:10:36.238163 np0000162271 devstack@n-api-meta.service[107464]: DEBUG nova.api.openstack.wsgi_app [None req-7436103e-a57b-4d67-9937-4e30fc9d5b63 None None] instance_name_template = instance-%08x {{(pid=107464) log_opt_values /opt/stack/data/venv/lib/python3.12/site-packages/oslo_config/cfg.py:2995}}
Apr 02 02:10:36.238295 np0000162271 devstack@n-api-meta.service[107464]: DEBUG nova.api.openstack.wsgi_app [None req-7436103e-a57b-4d67-9937-4e30fc9d5b63 None None] instance_usage_audit = False {{(pid=107464) log_opt_values /opt/stack/data/venv/lib/python3.12/site-packages/oslo_config/cfg.py:2995}}
Apr 02 02:10:36.238431 np0000162271 devstack@n-api-meta.service[107464]: DEBUG nova.api.openstack.wsgi_app [None req-7436103e-a57b-4d67-9937-4e30fc9d5b63 None None] instance_usage_audit_period = month {{(pid=107464) log_opt_values /opt/stack/data/venv/lib/python3.12/site-packages/oslo_config/cfg.py:2995}}
Apr 02 02:10:36.238559 np0000162271 devstack@n-api-meta.service[107464]: DEBUG nova.api.openstack.wsgi_app [None req-7436103e-a57b-4d67-9937-4e30fc9d5b63 None None] instance_uuid_format = [instance: %(uuid)s] {{(pid=107464) log_opt_values /opt/stack/data/venv/lib/python3.12/site-packages/oslo_config/cfg.py:2995}}
Apr 02 02:10:36.238698 np0000162271 devstack@n-api-meta.service[107464]: DEBUG nova.api.openstack.wsgi_app [None req-7436103e-a57b-4d67-9937-4e30fc9d5b63 None None] instances_path = /opt/stack/data/nova/instances {{(pid=107464) log_opt_values /opt/stack/data/venv/lib/python3.12/site-packages/oslo_config/cfg.py:2995}}
Apr 02 02:10:36.238846 np0000162271 devstack@n-api-meta.service[107464]: DEBUG nova.api.openstack.wsgi_app [None req-7436103e-a57b-4d67-9937-4e30fc9d5b63 None None] internal_service_availability_zone = internal {{(pid=107464) log_opt_values /opt/stack/data/venv/lib/python3.12/site-packages/oslo_config/cfg.py:2995}}
Apr 02 02:10:36.238980 np0000162271 devstack@n-api-meta.service[107464]: DEBUG nova.api.openstack.wsgi_app [None req-7436103e-a57b-4d67-9937-4e30fc9d5b63 None None] key = None {{(pid=107464) log_opt_values /opt/stack/data/venv/lib/python3.12/site-packages/oslo_config/cfg.py:2995}}
Apr 02 02:10:36.239108 np0000162271 devstack@n-api-meta.service[107464]: DEBUG nova.api.openstack.wsgi_app [None req-7436103e-a57b-4d67-9937-4e30fc9d5b63 None None] live_migration_retry_count = 30 {{(pid=107464) log_opt_values /opt/stack/data/venv/lib/python3.12/site-packages/oslo_config/cfg.py:2995}}
Apr 02 02:10:36.239347 np0000162271 devstack@n-api-meta.service[107464]: DEBUG nova.api.openstack.wsgi_app [None req-7436103e-a57b-4d67-9937-4e30fc9d5b63 None None] log_color = False {{(pid=107464) log_opt_values /opt/stack/data/venv/lib/python3.12/site-packages/oslo_config/cfg.py:2995}}
Apr 02 02:10:36.239347 np0000162271 devstack@n-api-meta.service[107464]: DEBUG nova.api.openstack.wsgi_app [None req-7436103e-a57b-4d67-9937-4e30fc9d5b63 None None] log_config_append = None {{(pid=107464) log_opt_values /opt/stack/data/venv/lib/python3.12/site-packages/oslo_config/cfg.py:2995}}
Apr 02 02:10:36.239502 np0000162271 devstack@n-api-meta.service[107464]: DEBUG nova.api.openstack.wsgi_app [None req-7436103e-a57b-4d67-9937-4e30fc9d5b63 None None] log_date_format = %Y-%m-%d %H:%M:%S {{(pid=107464) log_opt_values /opt/stack/data/venv/lib/python3.12/site-packages/oslo_config/cfg.py:2995}}
Apr 02 02:10:36.239663 np0000162271 devstack@n-api-meta.service[107464]: DEBUG nova.api.openstack.wsgi_app [None req-7436103e-a57b-4d67-9937-4e30fc9d5b63 None None] log_dir = None {{(pid=107464) log_opt_values /opt/stack/data/venv/lib/python3.12/site-packages/oslo_config/cfg.py:2995}}
Apr 02 02:10:36.239813 np0000162271 devstack@n-api-meta.service[107464]: DEBUG nova.api.openstack.wsgi_app [None req-7436103e-a57b-4d67-9937-4e30fc9d5b63 None None] log_file = None {{(pid=107464) log_opt_values /opt/stack/data/venv/lib/python3.12/site-packages/oslo_config/cfg.py:2995}}
