May 06 05:50:42.396838 np0000172214 nova-scheduler[108774]: DEBUG cotyledon.oslo_config_glue [-] vmware.vnc_port = 5900 {{(pid=108774) log_opt_values /opt/stack/data/venv/lib/python3.12/site-packages/oslo_config/cfg.py:3006}}
May 06 05:50:42.396914 np0000172214 nova-scheduler[108774]: DEBUG cotyledon.oslo_config_glue [-] vmware.vnc_port_total = 10000 {{(pid=108774) log_opt_values /opt/stack/data/venv/lib/python3.12/site-packages/oslo_config/cfg.py:3006}}
May 06 05:50:42.397001 np0000172214 nova-scheduler[108774]: DEBUG cotyledon.oslo_config_glue [-] vnc.auth_schemes = ['none'] {{(pid=108774) log_opt_values /opt/stack/data/venv/lib/python3.12/site-packages/oslo_config/cfg.py:3006}}
May 06 05:50:42.397072 np0000172214 nova-scheduler[108774]: DEBUG cotyledon.oslo_config_glue [-] vnc.enabled = True {{(pid=108774) log_opt_values /opt/stack/data/venv/lib/python3.12/site-packages/oslo_config/cfg.py:3006}}
May 06 05:50:42.397151 np0000172214 nova-scheduler[108774]: DEBUG cotyledon.oslo_config_glue [-] vnc.novncproxy_base_url = http://127.0.0.1:6080/vnc_auto.html {{(pid=108774) log_opt_values /opt/stack/data/venv/lib/python3.12/site-packages/oslo_config/cfg.py:3006}}
May 06 05:50:42.397221 np0000172214 nova-scheduler[108774]: DEBUG cotyledon.oslo_config_glue [-] vnc.novncproxy_host = 0.0.0.0 {{(pid=108774) log_opt_values /opt/stack/data/venv/lib/python3.12/site-packages/oslo_config/cfg.py:3006}}
May 06 05:50:42.397294 np0000172214 nova-scheduler[108774]: DEBUG cotyledon.oslo_config_glue [-] vnc.novncproxy_port = 6080 {{(pid=108774) log_opt_values /opt/stack/data/venv/lib/python3.12/site-packages/oslo_config/cfg.py:3006}}
May 06 05:50:42.397366 np0000172214 nova-scheduler[108774]: DEBUG cotyledon.oslo_config_glue [-] vnc.server_listen = 127.0.0.1 {{(pid=108774) log_opt_values /opt/stack/data/venv/lib/python3.12/site-packages/oslo_config/cfg.py:3006}}
May 06 05:50:42.397438 np0000172214 nova-scheduler[108774]: DEBUG cotyledon.oslo_config_glue [-] vnc.server_proxyclient_address = 127.0.0.1 {{(pid=108774) log_opt_values /opt/stack/data/venv/lib/python3.12/site-packages/oslo_config/cfg.py:3006}}
May 06 05:50:42.397522 np0000172214 nova-scheduler[108774]: DEBUG cotyledon.oslo_config_glue [-] vnc.vencrypt_ca_certs = None {{(pid=108774) log_opt_values /opt/stack/data/venv/lib/python3.12/site-packages/oslo_config/cfg.py:3006}}
May 06 05:50:42.397594 np0000172214 nova-scheduler[108774]: DEBUG cotyledon.oslo_config_glue [-] vnc.vencrypt_client_cert = None {{(pid=108774) log_opt_values /opt/stack/data/venv/lib/python3.12/site-packages/oslo_config/cfg.py:3006}}
May 06 05:50:42.397670 np0000172214 nova-scheduler[108774]: DEBUG cotyledon.oslo_config_glue [-] vnc.vencrypt_client_key = None {{(pid=108774) log_opt_values /opt/stack/data/venv/lib/python3.12/site-packages/oslo_config/cfg.py:3006}}
May 06 05:50:42.397755 np0000172214 nova-scheduler[108774]: DEBUG cotyledon.oslo_config_glue [-] workarounds.disable_compute_service_check_for_ffu = False {{(pid=108774) log_opt_values /opt/stack/data/venv/lib/python3.12/site-packages/oslo_config/cfg.py:3006}}
May 06 05:50:42.397832 np0000172214 nova-scheduler[108774]: DEBUG cotyledon.oslo_config_glue [-] workarounds.disable_deep_image_inspection = False {{(pid=108774) log_opt_values /opt/stack/data/venv/lib/python3.12/site-packages/oslo_config/cfg.py:3006}}
May 06 05:50:42.397909 np0000172214 nova-scheduler[108774]: DEBUG cotyledon.oslo_config_glue [-] workarounds.disable_fallback_pcpu_query = False {{(pid=108774) log_opt_values /opt/stack/data/venv/lib/python3.12/site-packages/oslo_config/cfg.py:3006}}
May 06 05:50:42.397985 np0000172214 nova-scheduler[108774]: DEBUG cotyledon.oslo_config_glue [-] workarounds.disable_group_policy_check_upcall = False {{(pid=108774) log_opt_values /opt/stack/data/venv/lib/python3.12/site-packages/oslo_config/cfg.py:3006}}
May 06 05:50:42.398060 np0000172214 nova-scheduler[108774]: DEBUG cotyledon.oslo_config_glue [-] workarounds.disable_libvirt_livesnapshot = False {{(pid=108774) log_opt_values /opt/stack/data/venv/lib/python3.12/site-packages/oslo_config/cfg.py:3006}}
May 06 05:50:42.398136 np0000172214 nova-scheduler[108774]: DEBUG cotyledon.oslo_config_glue [-] workarounds.disable_rootwrap = False {{(pid=108774) log_opt_values /opt/stack/data/venv/lib/python3.12/site-packages/oslo_config/cfg.py:3006}}
May 06 05:50:42.398212 np0000172214 nova-scheduler[108774]: DEBUG cotyledon.oslo_config_glue [-] workarounds.enable_numa_live_migration = False {{(pid=108774) log_opt_values /opt/stack/data/venv/lib/python3.12/site-packages/oslo_config/cfg.py:3006}}
May 06 05:50:42.398288 np0000172214 nova-scheduler[108774]: DEBUG cotyledon.oslo_config_glue [-] workarounds.enable_qemu_monitor_announce_self = False {{(pid=108774) log_opt_values /opt/stack/data/venv/lib/python3.12/site-packages/oslo_config/cfg.py:3006}}
May 06 05:50:42.398363 np0000172214 nova-scheduler[108774]: DEBUG cotyledon.oslo_config_glue [-] workarounds.ensure_libvirt_rbd_instance_dir_cleanup = False {{(pid=108774) log_opt_values /opt/stack/data/venv/lib/python3.12/site-packages/oslo_config/cfg.py:3006}}
May 06 05:50:42.398439 np0000172214 nova-scheduler[108774]: DEBUG cotyledon.oslo_config_glue [-] workarounds.handle_virt_lifecycle_events = True {{(pid=108774) log_opt_values /opt/stack/data/venv/lib/python3.12/site-packages/oslo_config/cfg.py:3006}}
May 06 05:50:42.398528 np0000172214 nova-scheduler[108774]: DEBUG cotyledon.oslo_config_glue [-] workarounds.libvirt_disable_apic = False {{(pid=108774) log_opt_values /opt/stack/data/venv/lib/python3.12/site-packages/oslo_config/cfg.py:3006}}
May 06 05:50:42.398606 np0000172214 nova-scheduler[108774]: DEBUG cotyledon.oslo_config_glue [-] workarounds.never_download_image_if_on_rbd = False {{(pid=108774) log_opt_values /opt/stack/data/venv/lib/python3.12/site-packages/oslo_config/cfg.py:3006}}
May 06 05:50:42.398681 np0000172214 nova-scheduler[108774]: DEBUG cotyledon.oslo_config_glue [-] workarounds.qemu_monitor_announce_self_count = 3 {{(pid=108774) log_opt_values /opt/stack/data/venv/lib/python3.12/site-packages/oslo_config/cfg.py:3006}}
May 06 05:50:42.398775 np0000172214 nova-scheduler[108774]: DEBUG cotyledon.oslo_config_glue [-] workarounds.qemu_monitor_announce_self_interval = 1 {{(pid=108774) log_opt_values /opt/stack/data/venv/lib/python3.12/site-packages/oslo_config/cfg.py:3006}}
May 06 05:50:42.398851 np0000172214 nova-scheduler[108774]: DEBUG cotyledon.oslo_config_glue [-] workarounds.reserve_disk_resource_for_image_cache = False {{(pid=108774) log_opt_values /opt/stack/data/venv/lib/python3.12/site-packages/oslo_config/cfg.py:3006}}
May 06 05:50:42.398927 np0000172214 nova-scheduler[108774]: DEBUG cotyledon.oslo_config_glue [-] workarounds.skip_cpu_compare_at_startup = False {{(pid=108774) log_opt_values /opt/stack/data/venv/lib/python3.12/site-packages/oslo_config/cfg.py:3006}}
May 06 05:50:42.399003 np0000172214 nova-scheduler[108774]: DEBUG cotyledon.oslo_config_glue [-] workarounds.skip_cpu_compare_on_dest = False {{(pid=108774) log_opt_values /opt/stack/data/venv/lib/python3.12/site-packages/oslo_config/cfg.py:3006}}
May 06 05:50:42.399078 np0000172214 nova-scheduler[108774]: DEBUG cotyledon.oslo_config_glue [-] workarounds.skip_hypervisor_version_check_on_lm = False {{(pid=108774) log_opt_values /opt/stack/data/venv/lib/python3.12/site-packages/oslo_config/cfg.py:3006}}
May 06 05:50:42.399153 np0000172214 nova-scheduler[108774]: DEBUG cotyledon.oslo_config_glue [-] workarounds.skip_reserve_in_use_ironic_nodes = False {{(pid=108774) log_opt_values /opt/stack/data/venv/lib/python3.12/site-packages/oslo_config/cfg.py:3006}}
May 06 05:50:42.399228 np0000172214 nova-scheduler[108774]: DEBUG cotyledon.oslo_config_glue [-] workarounds.unified_limits_count_pcpu_as_vcpu = False {{(pid=108774) log_opt_values /opt/stack/data/venv/lib/python3.12/site-packages/oslo_config/cfg.py:3006}}
May 06 05:50:42.399312 np0000172214 nova-scheduler[108774]: DEBUG cotyledon.oslo_config_glue [-] workarounds.wait_for_vif_plugged_event_during_hard_reboot = [] {{(pid=108774) log_opt_values /opt/stack/data/venv/lib/python3.12/site-packages/oslo_config/cfg.py:3006}}
May 06 05:50:42.399392 np0000172214 nova-scheduler[108774]: DEBUG cotyledon.oslo_config_glue [-] wsgi.api_paste_config = /etc/nova/api-paste.ini {{(pid=108774) log_opt_values /opt/stack/data/venv/lib/python3.12/site-packages/oslo_config/cfg.py:3006}}
May 06 05:50:42.399479 np0000172214 nova-scheduler[108774]: DEBUG cotyledon.oslo_config_glue [-] wsgi.secure_proxy_ssl_header = None {{(pid=108774) log_opt_values /opt/stack/data/venv/lib/python3.12/site-packages/oslo_config/cfg.py:3006}}
May 06 05:50:42.399571 np0000172214 nova-scheduler[108774]: DEBUG cotyledon.oslo_config_glue [-] zvm.ca_file = None {{(pid=108774) log_opt_values /opt/stack/data/venv/lib/python3.12/site-packages/oslo_config/cfg.py:3006}}
May 06 05:50:42.399649 np0000172214 nova-scheduler[108774]: DEBUG cotyledon.oslo_config_glue [-] zvm.cloud_connector_url = None {{(pid=108774) log_opt_values /opt/stack/data/venv/lib/python3.12/site-packages/oslo_config/cfg.py:3006}}
May 06 05:50:42.399725 np0000172214 nova-scheduler[108774]: DEBUG cotyledon.oslo_config_glue [-] zvm.image_tmp_path = /opt/stack/data/nova/images {{(pid=108774) log_opt_values /opt/stack/data/venv/lib/python3.12/site-packages/oslo_config/cfg.py:3006}}
May 06 05:50:42.399809 np0000172214 nova-scheduler[108774]: DEBUG cotyledon.oslo_config_glue [-] zvm.reachable_timeout = 300 {{(pid=108774) log_opt_values /opt/stack/data/venv/lib/python3.12/site-packages/oslo_config/cfg.py:3006}}
May 06 05:50:42.399902 np0000172214 nova-scheduler[108774]: DEBUG cotyledon.oslo_config_glue [-] oslo_versionedobjects.fatal_exception_format_errors = False {{(pid=108774) log_opt_values /opt/stack/data/venv/lib/python3.12/site-packages/oslo_config/cfg.py:3006}}
May 06 05:50:42.400003 np0000172214 nova-scheduler[108774]: DEBUG cotyledon.oslo_config_glue [-] oslo_middleware.http_basic_auth_user_file = /etc/htpasswd {{(pid=108774) log_opt_values /opt/stack/data/venv/lib/python3.12/site-packages/oslo_config/cfg.py:3006}}
May 06 05:50:42.400093 np0000172214 nova-scheduler[108774]: DEBUG cotyledon.oslo_config_glue [-] oslo_messaging_metrics.metrics_buffer_size = 1000 {{(pid=108774) log_opt_values /opt/stack/data/venv/lib/python3.12/site-packages/oslo_config/cfg.py:3006}}
May 06 05:50:42.400174 np0000172214 nova-scheduler[108774]: DEBUG cotyledon.oslo_config_glue [-] oslo_messaging_metrics.metrics_enabled = False {{(pid=108774) log_opt_values /opt/stack/data/venv/lib/python3.12/site-packages/oslo_config/cfg.py:3006}}
May 06 05:50:42.400251 np0000172214 nova-scheduler[108774]: DEBUG cotyledon.oslo_config_glue [-] oslo_messaging_metrics.metrics_process_name = {{(pid=108774) log_opt_values /opt/stack/data/venv/lib/python3.12/site-packages/oslo_config/cfg.py:3006}}
May 06 05:50:42.400335 np0000172214 nova-scheduler[108774]: DEBUG cotyledon.oslo_config_glue [-] oslo_messaging_metrics.metrics_socket_file = /var/tmp/metrics_collector.sock {{(pid=108774) log_opt_values /opt/stack/data/venv/lib/python3.12/site-packages/oslo_config/cfg.py:3006}}
May 06 05:50:42.400412 np0000172214 nova-scheduler[108774]: DEBUG cotyledon.oslo_config_glue [-] oslo_messaging_metrics.metrics_thread_stop_timeout = 10 {{(pid=108774) log_opt_values /opt/stack/data/venv/lib/python3.12/site-packages/oslo_config/cfg.py:3006}}
May 06 05:50:42.400524 np0000172214 nova-scheduler[108774]: DEBUG cotyledon.oslo_config_glue [-] profiler.connection_string = messaging:// {{(pid=108774) log_opt_values /opt/stack/data/venv/lib/python3.12/site-packages/oslo_config/cfg.py:3006}}
May 06 05:50:42.400597 np0000172214 nova-scheduler[108774]: DEBUG cotyledon.oslo_config_glue [-] profiler.enabled = False {{(pid=108774) log_opt_values /opt/stack/data/venv/lib/python3.12/site-packages/oslo_config/cfg.py:3006}}
May 06 05:50:42.400669 np0000172214 nova-scheduler[108774]: DEBUG cotyledon.oslo_config_glue [-] profiler.es_doc_type = notification {{(pid=108774) log_opt_values /opt/stack/data/venv/lib/python3.12/site-packages/oslo_config/cfg.py:3006}}
May 06 05:50:42.400742 np0000172214 nova-scheduler[108774]: DEBUG cotyledon.oslo_config_glue [-] profiler.es_scroll_size = 10000 {{(pid=108774) log_opt_values /opt/stack/data/venv/lib/python3.12/site-packages/oslo_config/cfg.py:3006}}
May 06 05:50:42.400776 np0000172214 nova-scheduler[108790]: INFO dbcounter [None req-3aafe684-fd96-4270-aafd-f41eeefbc272 None None] Registered counter for database nova_cell0
May 06 05:50:42.400834 np0000172214 nova-scheduler[108774]: DEBUG cotyledon.oslo_config_glue [-] profiler.es_scroll_time = 2m {{(pid=108774) log_opt_values /opt/stack/data/venv/lib/python3.12/site-packages/oslo_config/cfg.py:3006}}
May 06 05:50:42.400907 np0000172214 nova-scheduler[108774]: DEBUG cotyledon.oslo_config_glue [-] profiler.filter_error_trace = False {{(pid=108774) log_opt_values /opt/stack/data/venv/lib/python3.12/site-packages/oslo_config/cfg.py:3006}}
May 06 05:50:42.400978 np0000172214 nova-scheduler[108774]: DEBUG cotyledon.oslo_config_glue [-] profiler.hmac_keys = **** {{(pid=108774) log_opt_values /opt/stack/data/venv/lib/python3.12/site-packages/oslo_config/cfg.py:3006}}
May 06 05:50:42.401051 np0000172214 nova-scheduler[108774]: DEBUG cotyledon.oslo_config_glue [-] profiler.sentinel_service_name = mymaster {{(pid=108774) log_opt_values /opt/stack/data/venv/lib/python3.12/site-packages/oslo_config/cfg.py:3006}}
May 06 05:50:42.401126 np0000172214 nova-scheduler[108774]: DEBUG cotyledon.oslo_config_glue [-] profiler.socket_timeout = 0.1 {{(pid=108774) log_opt_values /opt/stack/data/venv/lib/python3.12/site-packages/oslo_config/cfg.py:3006}}
May 06 05:50:42.401199 np0000172214 nova-scheduler[108774]: DEBUG cotyledon.oslo_config_glue [-] profiler.trace_requests = False {{(pid=108774) log_opt_values /opt/stack/data/venv/lib/python3.12/site-packages/oslo_config/cfg.py:3006}}
May 06 05:50:42.401270 np0000172214 nova-scheduler[108774]: DEBUG cotyledon.oslo_config_glue [-] profiler.trace_sqlalchemy = False {{(pid=108774) log_opt_values /opt/stack/data/venv/lib/python3.12/site-packages/oslo_config/cfg.py:3006}}
May 06 05:50:42.401349 np0000172214 nova-scheduler[108774]: DEBUG cotyledon.oslo_config_glue [-] profiler_jaeger.process_tags = {} {{(pid=108774) log_opt_values /opt/stack/data/venv/lib/python3.12/site-packages/oslo_config/cfg.py:3006}}
May 06 05:50:42.401421 np0000172214 nova-scheduler[108774]: DEBUG cotyledon.oslo_config_glue [-] profiler_jaeger.service_name_prefix = None {{(pid=108774) log_opt_values /opt/stack/data/venv/lib/python3.12/site-packages/oslo_config/cfg.py:3006}}
May 06 05:50:42.401519 np0000172214 nova-scheduler[108774]: DEBUG cotyledon.oslo_config_glue [-] profiler_otlp.service_name_prefix = None {{(pid=108774) log_opt_values /opt/stack/data/venv/lib/python3.12/site-packages/oslo_config/cfg.py:3006}}
May 06 05:50:42.401623 np0000172214 nova-scheduler[108774]: DEBUG cotyledon.oslo_config_glue [-] oslo_messaging_rabbit.amqp_auto_delete = False {{(pid=108774) log_opt_values /opt/stack/data/venv/lib/python3.12/site-packages/oslo_config/cfg.py:3006}}
May 06 05:50:42.401695 np0000172214 nova-scheduler[108774]: DEBUG cotyledon.oslo_config_glue [-] oslo_messaging_rabbit.amqp_durable_queues = False {{(pid=108774) log_opt_values /opt/stack/data/venv/lib/python3.12/site-packages/oslo_config/cfg.py:3006}}
May 06 05:50:42.401774 np0000172214 nova-scheduler[108774]: DEBUG cotyledon.oslo_config_glue [-] oslo_messaging_rabbit.conn_pool_min_size = 2 {{(pid=108774) log_opt_values /opt/stack/data/venv/lib/python3.12/site-packages/oslo_config/cfg.py:3006}}
May 06 05:50:42.401861 np0000172214 nova-scheduler[108774]: DEBUG cotyledon.oslo_config_glue [-] oslo_messaging_rabbit.conn_pool_ttl = 1200 {{(pid=108774) log_opt_values /opt/stack/data/venv/lib/python3.12/site-packages/oslo_config/cfg.py:3006}}
May 06 05:50:42.401950 np0000172214 nova-scheduler[108774]: DEBUG cotyledon.oslo_config_glue [-] oslo_messaging_rabbit.direct_mandatory_flag = True {{(pid=108774) log_opt_values /opt/stack/data/venv/lib/python3.12/site-packages/oslo_config/cfg.py:3006}}
May 06 05:50:42.402025 np0000172214 nova-scheduler[108774]: DEBUG cotyledon.oslo_config_glue [-] oslo_messaging_rabbit.enable_cancel_on_failover = False {{(pid=108774) log_opt_values /opt/stack/data/venv/lib/python3.12/site-packages/oslo_config/cfg.py:3006}}
May 06 05:50:42.402111 np0000172214 nova-scheduler[108774]: DEBUG cotyledon.oslo_config_glue [-] oslo_messaging_rabbit.heartbeat_in_pthread = False {{(pid=108774) log_opt_values /opt/stack/data/venv/lib/python3.12/site-packages/oslo_config/cfg.py:3006}}
May 06 05:50:42.402186 np0000172214 nova-scheduler[108774]: DEBUG cotyledon.oslo_config_glue [-] oslo_messaging_rabbit.heartbeat_rate = 3 {{(pid=108774) log_opt_values /opt/stack/data/venv/lib/python3.12/site-packages/oslo_config/cfg.py:3006}}
May 06 05:50:42.402263 np0000172214 nova-scheduler[108774]: DEBUG cotyledon.oslo_config_glue [-] oslo_messaging_rabbit.heartbeat_timeout_threshold = 60 {{(pid=108774) log_opt_values /opt/stack/data/venv/lib/python3.12/site-packages/oslo_config/cfg.py:3006}}
May 06 05:50:42.402346 np0000172214 nova-scheduler[108774]: DEBUG cotyledon.oslo_config_glue [-] oslo_messaging_rabbit.hostname = np0000172214 {{(pid=108774) log_opt_values /opt/stack/data/venv/lib/python3.12/site-packages/oslo_config/cfg.py:3006}}
May 06 05:50:42.402423 np0000172214 nova-scheduler[108774]: DEBUG cotyledon.oslo_config_glue [-] oslo_messaging_rabbit.kombu_compression = None {{(pid=108774) log_opt_values /opt/stack/data/venv/lib/python3.12/site-packages/oslo_config/cfg.py:3006}}
May 06 05:50:42.402517 np0000172214 nova-scheduler[108774]: DEBUG cotyledon.oslo_config_glue [-] oslo_messaging_rabbit.kombu_failover_strategy = round-robin {{(pid=108774) log_opt_values /opt/stack/data/venv/lib/python3.12/site-packages/oslo_config/cfg.py:3006}}
May 06 05:50:42.402593 np0000172214 nova-scheduler[108774]: DEBUG cotyledon.oslo_config_glue [-] oslo_messaging_rabbit.kombu_missing_consumer_retry_timeout = 60 {{(pid=108774) log_opt_values /opt/stack/data/venv/lib/python3.12/site-packages/oslo_config/cfg.py:3006}}
May 06 05:50:42.402699 np0000172214 nova-scheduler[108774]: DEBUG cotyledon.oslo_config_glue [-] oslo_messaging_rabbit.kombu_reconnect_delay = 1.0 {{(pid=108774) log_opt_values /opt/stack/data/venv/lib/python3.12/site-packages/oslo_config/cfg.py:3006}}
May 06 05:50:42.402770 np0000172214 nova-scheduler[108774]: DEBUG cotyledon.oslo_config_glue [-] oslo_messaging_rabbit.kombu_reconnect_splay = 0.0 {{(pid=108774) log_opt_values /opt/stack/data/venv/lib/python3.12/site-packages/oslo_config/cfg.py:3006}}
May 06 05:50:42.402853 np0000172214 nova-scheduler[108774]: DEBUG cotyledon.oslo_config_glue [-] oslo_messaging_rabbit.processname = nova-scheduler {{(pid=108774) log_opt_values /opt/stack/data/venv/lib/python3.12/site-packages/oslo_config/cfg.py:3006}}
May 06 05:50:42.402929 np0000172214 nova-scheduler[108774]: DEBUG cotyledon.oslo_config_glue [-] oslo_messaging_rabbit.rabbit_ha_queues = False {{(pid=108774) log_opt_values /opt/stack/data/venv/lib/python3.12/site-packages/oslo_config/cfg.py:3006}}
May 06 05:50:42.403006 np0000172214 nova-scheduler[108774]: DEBUG cotyledon.oslo_config_glue [-] oslo_messaging_rabbit.rabbit_interval_max = 30 {{(pid=108774) log_opt_values /opt/stack/data/venv/lib/python3.12/site-packages/oslo_config/cfg.py:3006}}
May 06 05:50:42.403081 np0000172214 nova-scheduler[108774]: DEBUG cotyledon.oslo_config_glue [-] oslo_messaging_rabbit.rabbit_login_method = AMQPLAIN {{(pid=108774) log_opt_values /opt/stack/data/venv/lib/python3.12/site-packages/oslo_config/cfg.py:3006}}
May 06 05:50:42.403156 np0000172214 nova-scheduler[108774]: DEBUG cotyledon.oslo_config_glue [-] oslo_messaging_rabbit.rabbit_qos_prefetch_count = 0 {{(pid=108774) log_opt_values /opt/stack/data/venv/lib/python3.12/site-packages/oslo_config/cfg.py:3006}}
May 06 05:50:42.403231 np0000172214 nova-scheduler[108774]: DEBUG cotyledon.oslo_config_glue [-] oslo_messaging_rabbit.rabbit_quorum_delivery_limit = 0 {{(pid=108774) log_opt_values /opt/stack/data/venv/lib/python3.12/site-packages/oslo_config/cfg.py:3006}}
May 06 05:50:42.403306 np0000172214 nova-scheduler[108774]: DEBUG cotyledon.oslo_config_glue [-] oslo_messaging_rabbit.rabbit_quorum_max_memory_bytes = 0 {{(pid=108774) log_opt_values /opt/stack/data/venv/lib/python3.12/site-packages/oslo_config/cfg.py:3006}}
May 06 05:50:42.403381 np0000172214 nova-scheduler[108774]: DEBUG cotyledon.oslo_config_glue [-] oslo_messaging_rabbit.rabbit_quorum_max_memory_length = 0 {{(pid=108774) log_opt_values /opt/stack/data/venv/lib/python3.12/site-packages/oslo_config/cfg.py:3006}}
May 06 05:50:42.403456 np0000172214 nova-scheduler[108774]: DEBUG cotyledon.oslo_config_glue [-] oslo_messaging_rabbit.rabbit_quorum_queue = False {{(pid=108774) log_opt_values /opt/stack/data/venv/lib/python3.12/site-packages/oslo_config/cfg.py:3006}}
May 06 05:50:42.403547 np0000172214 nova-scheduler[108774]: DEBUG cotyledon.oslo_config_glue [-] oslo_messaging_rabbit.rabbit_retry_backoff = 2 {{(pid=108774) log_opt_values /opt/stack/data/venv/lib/python3.12/site-packages/oslo_config/cfg.py:3006}}
May 06 05:50:42.403624 np0000172214 nova-scheduler[108774]: DEBUG cotyledon.oslo_config_glue [-] oslo_messaging_rabbit.rabbit_retry_interval = 1 {{(pid=108774) log_opt_values /opt/stack/data/venv/lib/python3.12/site-packages/oslo_config/cfg.py:3006}}
May 06 05:50:42.403704 np0000172214 nova-scheduler[108774]: DEBUG cotyledon.oslo_config_glue [-] oslo_messaging_rabbit.rabbit_stream_fanout = False {{(pid=108774) log_opt_values /opt/stack/data/venv/lib/python3.12/site-packages/oslo_config/cfg.py:3006}}
May 06 05:50:42.403776 np0000172214 nova-scheduler[108774]: DEBUG cotyledon.oslo_config_glue [-] oslo_messaging_rabbit.rabbit_transient_queues_ttl = 1800 {{(pid=108774) log_opt_values /opt/stack/data/venv/lib/python3.12/site-packages/oslo_config/cfg.py:3006}}
May 06 05:50:42.403847 np0000172214 nova-scheduler[108774]: DEBUG cotyledon.oslo_config_glue [-] oslo_messaging_rabbit.rabbit_transient_quorum_queue = False {{(pid=108774) log_opt_values /opt/stack/data/venv/lib/python3.12/site-packages/oslo_config/cfg.py:3006}}
May 06 05:50:42.403919 np0000172214 nova-scheduler[108774]: DEBUG cotyledon.oslo_config_glue [-] oslo_messaging_rabbit.rpc_conn_pool_size = 30 {{(pid=108774) log_opt_values /opt/stack/data/venv/lib/python3.12/site-packages/oslo_config/cfg.py:3006}}
May 06 05:50:42.404000 np0000172214 nova-scheduler[108774]: DEBUG cotyledon.oslo_config_glue [-] oslo_messaging_rabbit.ssl = False {{(pid=108774) log_opt_values /opt/stack/data/venv/lib/python3.12/site-packages/oslo_config/cfg.py:3006}}
May 06 05:50:42.404069 np0000172214 nova-scheduler[108774]: DEBUG cotyledon.oslo_config_glue [-] oslo_messaging_rabbit.ssl_ca_file = {{(pid=108774) log_opt_values /opt/stack/data/venv/lib/python3.12/site-packages/oslo_config/cfg.py:3006}}
May 06 05:50:42.404140 np0000172214 nova-scheduler[108774]: DEBUG cotyledon.oslo_config_glue [-] oslo_messaging_rabbit.ssl_cert_file = {{(pid=108774) log_opt_values /opt/stack/data/venv/lib/python3.12/site-packages/oslo_config/cfg.py:3006}}
May 06 05:50:42.404212 np0000172214 nova-scheduler[108774]: DEBUG cotyledon.oslo_config_glue [-] oslo_messaging_rabbit.ssl_enforce_fips_mode = False {{(pid=108774) log_opt_values /opt/stack/data/venv/lib/python3.12/site-packages/oslo_config/cfg.py:3006}}
May 06 05:50:42.404284 np0000172214 nova-scheduler[108774]: DEBUG cotyledon.oslo_config_glue [-] oslo_messaging_rabbit.ssl_key_file = {{(pid=108774) log_opt_values /opt/stack/data/venv/lib/python3.12/site-packages/oslo_config/cfg.py:3006}}
May 06 05:50:42.404355 np0000172214 nova-scheduler[108774]: DEBUG cotyledon.oslo_config_glue [-] oslo_messaging_rabbit.ssl_version = {{(pid=108774) log_opt_values /opt/stack/data/venv/lib/python3.12/site-packages/oslo_config/cfg.py:3006}}
May 06 05:50:42.404426 np0000172214 nova-scheduler[108774]: DEBUG cotyledon.oslo_config_glue [-] oslo_messaging_rabbit.use_queue_manager = False {{(pid=108774) log_opt_values /opt/stack/data/venv/lib/python3.12/site-packages/oslo_config/cfg.py:3006}}
May 06 05:50:42.404527 np0000172214 nova-scheduler[108774]: DEBUG cotyledon.oslo_config_glue [-] oslo_messaging_notifications.driver = ['messagingv2'] {{(pid=108774) log_opt_values /opt/stack/data/venv/lib/python3.12/site-packages/oslo_config/cfg.py:3006}}
May 06 05:50:42.404613 np0000172214 nova-scheduler[108774]: DEBUG cotyledon.oslo_config_glue [-] oslo_messaging_notifications.retry = -1 {{(pid=108774) log_opt_values /opt/stack/data/venv/lib/python3.12/site-packages/oslo_config/cfg.py:3006}}
May 06 05:50:42.404690 np0000172214 nova-scheduler[108774]: DEBUG cotyledon.oslo_config_glue [-] oslo_messaging_notifications.topics = ['notifications'] {{(pid=108774) log_opt_values /opt/stack/data/venv/lib/python3.12/site-packages/oslo_config/cfg.py:3006}}
May 06 05:50:42.404776 np0000172214 nova-scheduler[108774]: DEBUG cotyledon.oslo_config_glue [-] oslo_messaging_notifications.transport_url = **** {{(pid=108774) log_opt_values /opt/stack/data/venv/lib/python3.12/site-packages/oslo_config/cfg.py:3006}}
May 06 05:50:42.404878 np0000172214 nova-scheduler[108774]: DEBUG cotyledon.oslo_config_glue [-] oslo_limit.auth_section = None {{(pid=108774) log_opt_values /opt/stack/data/venv/lib/python3.12/site-packages/oslo_config/cfg.py:3006}}
May 06 05:50:42.404952 np0000172214 nova-scheduler[108774]: DEBUG cotyledon.oslo_config_glue [-] oslo_limit.auth_type = None {{(pid=108774) log_opt_values /opt/stack/data/venv/lib/python3.12/site-packages/oslo_config/cfg.py:3006}}
May 06 05:50:42.405028 np0000172214 nova-scheduler[108774]: DEBUG cotyledon.oslo_config_glue [-] oslo_limit.cafile = None {{(pid=108774) log_opt_values /opt/stack/data/venv/lib/python3.12/site-packages/oslo_config/cfg.py:3006}}
May 06 05:50:42.405104 np0000172214 nova-scheduler[108774]: DEBUG cotyledon.oslo_config_glue [-] oslo_limit.certfile = None {{(pid=108774) log_opt_values /opt/stack/data/venv/lib/python3.12/site-packages/oslo_config/cfg.py:3006}}
May 06 05:50:42.405180 np0000172214 nova-scheduler[108774]: DEBUG cotyledon.oslo_config_glue [-] oslo_limit.collect_timing = False {{(pid=108774) log_opt_values /opt/stack/data/venv/lib/python3.12/site-packages/oslo_config/cfg.py:3006}}
May 06 05:50:42.405257 np0000172214 nova-scheduler[108774]: DEBUG cotyledon.oslo_config_glue [-] oslo_limit.connect_retries = None {{(pid=108774) log_opt_values /opt/stack/data/venv/lib/python3.12/site-packages/oslo_config/cfg.py:3006}}
May 06 05:50:42.405333 np0000172214 nova-scheduler[108774]: DEBUG cotyledon.oslo_config_glue [-] oslo_limit.connect_retry_delay = None {{(pid=108774) log_opt_values /opt/stack/data/venv/lib/python3.12/site-packages/oslo_config/cfg.py:3006}}
May 06 05:50:42.405424 np0000172214 nova-scheduler[108774]: DEBUG cotyledon.oslo_config_glue [-] oslo_limit.endpoint_id = None {{(pid=108774) log_opt_values /opt/stack/data/venv/lib/python3.12/site-packages/oslo_config/cfg.py:3006}}
May 06 05:50:42.405511 np0000172214 nova-scheduler[108774]: DEBUG cotyledon.oslo_config_glue [-] oslo_limit.endpoint_interface = public {{(pid=108774) log_opt_values /opt/stack/data/venv/lib/python3.12/site-packages/oslo_config/cfg.py:3006}}
May 06 05:50:42.405589 np0000172214 nova-scheduler[108774]: DEBUG cotyledon.oslo_config_glue [-] oslo_limit.endpoint_override = None {{(pid=108774) log_opt_values /opt/stack/data/venv/lib/python3.12/site-packages/oslo_config/cfg.py:3006}}
May 06 05:50:42.405665 np0000172214 nova-scheduler[108774]: DEBUG cotyledon.oslo_config_glue [-] oslo_limit.endpoint_region_name = None {{(pid=108774) log_opt_values /opt/stack/data/venv/lib/python3.12/site-packages/oslo_config/cfg.py:3006}}
May 06 05:50:42.405741 np0000172214 nova-scheduler[108774]: DEBUG cotyledon.oslo_config_glue [-] oslo_limit.endpoint_service_name = None {{(pid=108774) log_opt_values /opt/stack/data/venv/lib/python3.12/site-packages/oslo_config/cfg.py:3006}}
May 06 05:50:42.405817 np0000172214 nova-scheduler[108774]: DEBUG cotyledon.oslo_config_glue [-] oslo_limit.endpoint_service_type = None {{(pid=108774) log_opt_values /opt/stack/data/venv/lib/python3.12/site-packages/oslo_config/cfg.py:3006}}
May 06 05:50:42.405894 np0000172214 nova-scheduler[108774]: DEBUG cotyledon.oslo_config_glue [-] oslo_limit.insecure = False {{(pid=108774) log_opt_values /opt/stack/data/venv/lib/python3.12/site-packages/oslo_config/cfg.py:3006}}
May 06 05:50:42.405970 np0000172214 nova-scheduler[108774]: DEBUG cotyledon.oslo_config_glue [-] oslo_limit.keyfile = None {{(pid=108774) log_opt_values /opt/stack/data/venv/lib/python3.12/site-packages/oslo_config/cfg.py:3006}}
May 06 05:50:42.406047 np0000172214 nova-scheduler[108774]: DEBUG cotyledon.oslo_config_glue [-] oslo_limit.max_version = None {{(pid=108774) log_opt_values /opt/stack/data/venv/lib/python3.12/site-packages/oslo_config/cfg.py:3006}}
May 06 05:50:42.406124 np0000172214 nova-scheduler[108774]: DEBUG cotyledon.oslo_config_glue [-] oslo_limit.min_version = None {{(pid=108774) log_opt_values /opt/stack/data/venv/lib/python3.12/site-packages/oslo_config/cfg.py:3006}}
May 06 05:50:42.406208 np0000172214 nova-scheduler[108774]: DEBUG cotyledon.oslo_config_glue [-] oslo_limit.region_name = None {{(pid=108774) log_opt_values /opt/stack/data/venv/lib/python3.12/site-packages/oslo_config/cfg.py:3006}}
May 06 05:50:42.406282 np0000172214 nova-scheduler[108774]: DEBUG cotyledon.oslo_config_glue [-] oslo_limit.retriable_status_codes = None {{(pid=108774) log_opt_values /opt/stack/data/venv/lib/python3.12/site-packages/oslo_config/cfg.py:3006}}
May 06 05:50:42.406369 np0000172214 nova-scheduler[108774]: DEBUG cotyledon.oslo_config_glue [-] oslo_limit.service_name = None {{(pid=108774) log_opt_values /opt/stack/data/venv/lib/python3.12/site-packages/oslo_config/cfg.py:3006}}
May 06 05:50:42.406443 np0000172214 nova-scheduler[108774]: DEBUG cotyledon.oslo_config_glue [-] oslo_limit.service_type = None {{(pid=108774) log_opt_values /opt/stack/data/venv/lib/python3.12/site-packages/oslo_config/cfg.py:3006}}
May 06 05:50:42.406539 np0000172214 nova-scheduler[108774]: DEBUG cotyledon.oslo_config_glue [-] oslo_limit.split_loggers = False {{(pid=108774) log_opt_values /opt/stack/data/venv/lib/python3.12/site-packages/oslo_config/cfg.py:3006}}
May 06 05:50:42.406621 np0000172214 nova-scheduler[108774]: DEBUG cotyledon.oslo_config_glue [-] oslo_limit.status_code_retries = None {{(pid=108774) log_opt_values /opt/stack/data/venv/lib/python3.12/site-packages/oslo_config/cfg.py:3006}}
May 06 05:50:42.406739 np0000172214 nova-scheduler[108774]: DEBUG cotyledon.oslo_config_glue [-] oslo_limit.status_code_retry_delay = None {{(pid=108774) log_opt_values /opt/stack/data/venv/lib/python3.12/site-packages/oslo_config/cfg.py:3006}}
May 06 05:50:42.406816 np0000172214 nova-scheduler[108774]: DEBUG cotyledon.oslo_config_glue [-] oslo_limit.timeout = None {{(pid=108774) log_opt_values /opt/stack/data/venv/lib/python3.12/site-packages/oslo_config/cfg.py:3006}}
May 06 05:50:42.406901 np0000172214 nova-scheduler[108774]: DEBUG cotyledon.oslo_config_glue [-] oslo_limit.valid_interfaces = None {{(pid=108774) log_opt_values /opt/stack/data/venv/lib/python3.12/site-packages/oslo_config/cfg.py:3006}}
May 06 05:50:42.406976 np0000172214 nova-scheduler[108774]: DEBUG cotyledon.oslo_config_glue [-] oslo_limit.version = None {{(pid=108774) log_opt_values /opt/stack/data/venv/lib/python3.12/site-packages/oslo_config/cfg.py:3006}}
May 06 05:50:42.407075 np0000172214 nova-scheduler[108774]: DEBUG cotyledon.oslo_config_glue [-] oslo_reports.file_event_handler = None {{(pid=108774) log_opt_values /opt/stack/data/venv/lib/python3.12/site-packages/oslo_config/cfg.py:3006}}
May 06 05:50:42.407156 np0000172214 nova-scheduler[108774]: DEBUG cotyledon.oslo_config_glue [-] oslo_reports.file_event_handler_interval = 1 {{(pid=108774) log_opt_values /opt/stack/data/venv/lib/python3.12/site-packages/oslo_config/cfg.py:3006}}
May 06 05:50:42.407238 np0000172214 nova-scheduler[108774]: DEBUG cotyledon.oslo_config_glue [-] oslo_reports.log_dir = None {{(pid=108774) log_opt_values /opt/stack/data/venv/lib/python3.12/site-packages/oslo_config/cfg.py:3006}}
May 06 05:50:42.407313 np0000172214 nova-scheduler[108774]: DEBUG cotyledon.oslo_config_glue [-] ******************************************************************************** {{(pid=108774) log_opt_values /opt/stack/data/venv/lib/python3.12/site-packages/oslo_config/cfg.py:3013}}
May 06 05:50:42.407488 np0000172214 nova-scheduler[108774]: DEBUG cotyledon._service_worker [-] Run service ServiceWrapper(1) [108774] {{(pid=108774) wait_forever /opt/stack/data/venv/lib/python3.12/site-packages/cotyledon/_service_worker.py:218}}
May 06 05:50:42.408962 np0000172214 nova-scheduler[108774]: INFO nova.service [-] Starting scheduler node (version 33.1.0)
May 06 05:50:42.410943 np0000172214 nova-scheduler[108790]: DEBUG oslo_db.sqlalchemy.engines [None req-3aafe684-fd96-4270-aafd-f41eeefbc272 None None] MySQL server mode set to STRICT_TRANS_TABLES,STRICT_ALL_TABLES,NO_ZERO_IN_DATE,NO_ZERO_DATE,ERROR_FOR_DIVISION_BY_ZERO,TRADITIONAL,NO_ENGINE_SUBSTITUTION {{(pid=108790) _check_effective_sql_mode /opt/stack/data/venv/lib/python3.12/site-packages/oslo_db/sqlalchemy/engines.py:325}}
May 06 05:50:42.414105 np0000172214 nova-scheduler[108774]: INFO dbcounter [None req-e4fae06f-5991-47b9-b463-e5e6c067793c None None] Registered counter for database nova_cell0
May 06 05:50:42.422781 np0000172214 nova-scheduler[108774]: DEBUG oslo_db.sqlalchemy.engines [None req-e4fae06f-5991-47b9-b463-e5e6c067793c None None] MySQL server mode set to STRICT_TRANS_TABLES,STRICT_ALL_TABLES,NO_ZERO_IN_DATE,NO_ZERO_DATE,ERROR_FOR_DIVISION_BY_ZERO,TRADITIONAL,NO_ENGINE_SUBSTITUTION {{(pid=108774) _check_effective_sql_mode /opt/stack/data/venv/lib/python3.12/site-packages/oslo_db/sqlalchemy/engines.py:325}}
May 06 05:50:42.423559 np0000172214 nova-scheduler[108790]: DEBUG dbcounter [-] [108790] Writer thread running {{(pid=108790) stat_writer /opt/stack/data/venv/lib/python3.12/site-packages/dbcounter.py:102}}
May 06 05:50:42.426139 np0000172214 nova-scheduler[108790]: DEBUG nova.service [None req-3aafe684-fd96-4270-aafd-f41eeefbc272 None None] Creating RPC server for service: nova-scheduler on topic: scheduler {{(pid=108790) start /opt/stack/nova/nova/service.py:195}}
May 06 05:50:42.434797 np0000172214 nova-scheduler[108774]: DEBUG dbcounter [-] [108774] Writer thread running {{(pid=108774) stat_writer /opt/stack/data/venv/lib/python3.12/site-packages/dbcounter.py:102}}
May 06 05:50:42.438103 np0000172214 nova-scheduler[108774]: DEBUG nova.service [None req-e4fae06f-5991-47b9-b463-e5e6c067793c None None] Creating RPC server for service: nova-scheduler on topic: scheduler {{(pid=108774) start /opt/stack/nova/nova/service.py:195}}
May 06 05:50:42.440923 np0000172214 nova-scheduler[108790]: DEBUG nova.service [None req-3aafe684-fd96-4270-aafd-f41eeefbc272 None None] Join ServiceGroup membership for this service scheduler {{(pid=108790) start /opt/stack/nova/nova/service.py:221}}
May 06 05:50:42.441122 np0000172214 nova-scheduler[108790]: DEBUG nova.servicegroup.drivers.db [None req-3aafe684-fd96-4270-aafd-f41eeefbc272 None None] DB_Driver: join new ServiceGroup member np0000172214 to the scheduler group, service = {{(pid=108790) join /opt/stack/nova/nova/servicegroup/drivers/db.py:44}}
May 06 05:50:42.453787 np0000172214 nova-scheduler[108774]: DEBUG nova.service [None req-e4fae06f-5991-47b9-b463-e5e6c067793c None None] Join ServiceGroup membership for this service scheduler {{(pid=108774) start /opt/stack/nova/nova/service.py:221}}
May 06 05:50:42.453941 np0000172214 nova-scheduler[108774]: DEBUG nova.servicegroup.drivers.db [None req-e4fae06f-5991-47b9-b463-e5e6c067793c None None] DB_Driver: join new ServiceGroup member np0000172214 to the scheduler group, service = {{(pid=108774) join /opt/stack/nova/nova/servicegroup/drivers/db.py:44}}
May 06 05:50:47.405164 np0000172214 nova-scheduler[108768]: DEBUG oslo.service.backend._threading.loopingcall [-] Fixed interval looping call 'nova.servicegroup.drivers.db.DbDriver._report_state' sleeping for 119.98 seconds {{(pid=108768) _run_loop /opt/stack/data/venv/lib/python3.12/site-packages/oslo_service/backend/_threading/loopingcall.py:125}}
May 06 05:50:47.408708 np0000172214 nova-scheduler[108781]: DEBUG oslo.service.backend._threading.loopingcall [-] Fixed interval looping call 'nova.servicegroup.drivers.db.DbDriver._report_state' sleeping for 119.98 seconds {{(pid=108781) _run_loop /opt/stack/data/venv/lib/python3.12/site-packages/oslo_service/backend/_threading/loopingcall.py:125}}
May 06 05:50:47.456564 np0000172214 nova-scheduler[108790]: DEBUG oslo.service.backend._threading.loopingcall [-] Fixed interval looping call 'nova.servicegroup.drivers.db.DbDriver._report_state' sleeping for 119.99 seconds {{(pid=108790) _run_loop /opt/stack/data/venv/lib/python3.12/site-packages/oslo_service/backend/_threading/loopingcall.py:125}}
May 06 05:50:47.469450 np0000172214 nova-scheduler[108774]: DEBUG oslo.service.backend._threading.loopingcall [-] Fixed interval looping call 'nova.servicegroup.drivers.db.DbDriver._report_state' sleeping for 119.99 seconds {{(pid=108774) _run_loop /opt/stack/data/venv/lib/python3.12/site-packages/oslo_service/backend/_threading/loopingcall.py:125}}
May 06 05:50:48.457185 np0000172214 nova-scheduler[108774]: DEBUG oslo.service.backend._threading.loopingcall [None req-3ccc1a91-4ca1-4526-959d-7a3d8bf981c6 None None] Dynamic interval looping call 'nova.service.Service.periodic_tasks' sleeping for 60.00 seconds {{(pid=108774) _run_loop /opt/stack/data/venv/lib/python3.12/site-packages/oslo_service/backend/_threading/loopingcall.py:125}}
May 06 05:50:51.025667 np0000172214 nova-scheduler[108013]: DEBUG dbcounter [-] [108013] Writing DB stats nova_api:SELECT=3 {{(pid=108013) stat_writer /opt/stack/data/venv/lib/python3.12/site-packages/dbcounter.py:115}}
May 06 05:50:51.121688 np0000172214 nova-scheduler[108013]: DEBUG dbcounter [-] [108013] Writing DB stats nova_cell0:SELECT=1 {{(pid=108013) stat_writer /opt/stack/data/venv/lib/python3.12/site-packages/dbcounter.py:115}}
May 06 05:50:51.126885 np0000172214 nova-scheduler[108013]: DEBUG dbcounter [-] [108013] Writing DB stats nova_cell1:SELECT=1 {{(pid=108013) stat_writer /opt/stack/data/venv/lib/python3.12/site-packages/dbcounter.py:115}}
May 06 05:50:57.398735 np0000172214 nova-scheduler[108768]: DEBUG dbcounter [-] [108768] Writing DB stats nova_cell0:SELECT=4,nova_cell0:INSERT=1,nova_cell0:UPDATE=1 {{(pid=108768) stat_writer /opt/stack/data/venv/lib/python3.12/site-packages/dbcounter.py:115}}
May 06 05:50:57.406991 np0000172214 nova-scheduler[108781]: DEBUG dbcounter [-] [108781] Writing DB stats nova_cell0:SELECT=3,nova_cell0:UPDATE=1 {{(pid=108781) stat_writer /opt/stack/data/venv/lib/python3.12/site-packages/dbcounter.py:115}}
May 06 05:50:57.453034 np0000172214 nova-scheduler[108790]: DEBUG dbcounter [-] [108790] Writing DB stats nova_cell0:SELECT=3 {{(pid=108790) stat_writer /opt/stack/data/venv/lib/python3.12/site-packages/dbcounter.py:115}}
May 06 05:50:57.465864 np0000172214 nova-scheduler[108774]: DEBUG dbcounter [-] [108774] Writing DB stats nova_cell0:SELECT=3 {{(pid=108774) stat_writer /opt/stack/data/venv/lib/python3.12/site-packages/dbcounter.py:115}}
May 06 05:51:34.392140 np0000172214 nova-scheduler[108781]: DEBUG oslo.service.backend._threading.loopingcall [None req-750a1be6-89db-4f0c-9c9e-9f6b99391168 None None] Dynamic interval looping call 'nova.service.Service.periodic_tasks' sleeping for 60.00 seconds {{(pid=108781) _run_loop /opt/stack/data/venv/lib/python3.12/site-packages/oslo_service/backend/_threading/loopingcall.py:125}}
May 06 05:51:41.443833 np0000172214 nova-scheduler[108790]: DEBUG oslo.service.backend._threading.loopingcall [None req-ffb92852-d9be-4d0b-8192-725b8ea57159 None None] Dynamic interval looping call 'nova.service.Service.periodic_tasks' sleeping for 60.00 seconds {{(pid=108790) _run_loop /opt/stack/data/venv/lib/python3.12/site-packages/oslo_service/backend/_threading/loopingcall.py:125}}
May 06 05:51:42.384095 np0000172214 nova-scheduler[108768]: DEBUG oslo.service.backend._threading.loopingcall [None req-7dd50175-cb79-43f0-8f09-805aaed857f8 None None] Dynamic interval looping call 'nova.service.Service.periodic_tasks' sleeping for 60.00 seconds {{(pid=108768) _run_loop /opt/stack/data/venv/lib/python3.12/site-packages/oslo_service/backend/_threading/loopingcall.py:125}}
May 06 05:51:48.457774 np0000172214 nova-scheduler[108774]: DEBUG oslo.service.backend._threading.loopingcall [None req-3ccc1a91-4ca1-4526-959d-7a3d8bf981c6 None None] Dynamic interval looping call 'nova.service.Service.periodic_tasks' sleeping for 60.00 seconds {{(pid=108774) _run_loop /opt/stack/data/venv/lib/python3.12/site-packages/oslo_service/backend/_threading/loopingcall.py:125}}
May 06 05:52:34.393170 np0000172214 nova-scheduler[108781]: DEBUG oslo.service.backend._threading.loopingcall [None req-750a1be6-89db-4f0c-9c9e-9f6b99391168 None None] Dynamic interval looping call 'nova.service.Service.periodic_tasks' sleeping for 60.00 seconds {{(pid=108781) _run_loop /opt/stack/data/venv/lib/python3.12/site-packages/oslo_service/backend/_threading/loopingcall.py:125}}
May 06 05:52:41.445148 np0000172214 nova-scheduler[108790]: DEBUG oslo.service.backend._threading.loopingcall [None req-ffb92852-d9be-4d0b-8192-725b8ea57159 None None] Dynamic interval looping call 'nova.service.Service.periodic_tasks' sleeping for 60.00 seconds {{(pid=108790) _run_loop /opt/stack/data/venv/lib/python3.12/site-packages/oslo_service/backend/_threading/loopingcall.py:125}}
May 06 05:52:42.384897 np0000172214 nova-scheduler[108768]: DEBUG oslo.service.backend._threading.loopingcall [None req-7dd50175-cb79-43f0-8f09-805aaed857f8 None None] Dynamic interval looping call 'nova.service.Service.periodic_tasks' sleeping for 60.00 seconds {{(pid=108768) _run_loop /opt/stack/data/venv/lib/python3.12/site-packages/oslo_service/backend/_threading/loopingcall.py:125}}
May 06 05:52:47.397578 np0000172214 nova-scheduler[108768]: DEBUG oslo.service.backend._threading.loopingcall [-] Fixed interval looping call 'nova.servicegroup.drivers.db.DbDriver._report_state' sleeping for 119.99 seconds {{(pid=108768) _run_loop /opt/stack/data/venv/lib/python3.12/site-packages/oslo_service/backend/_threading/loopingcall.py:125}}
May 06 05:52:47.398638 np0000172214 nova-scheduler[108781]: DEBUG oslo.service.backend._threading.loopingcall [-] Fixed interval looping call 'nova.servicegroup.drivers.db.DbDriver._report_state' sleeping for 119.99 seconds {{(pid=108781) _run_loop /opt/stack/data/venv/lib/python3.12/site-packages/oslo_service/backend/_threading/loopingcall.py:125}}
May 06 05:52:47.452546 np0000172214 nova-scheduler[108790]: DEBUG oslo.service.backend._threading.loopingcall [-] Fixed interval looping call 'nova.servicegroup.drivers.db.DbDriver._report_state' sleeping for 119.99 seconds {{(pid=108790) _run_loop /opt/stack/data/venv/lib/python3.12/site-packages/oslo_service/backend/_threading/loopingcall.py:125}}
May 06 05:52:47.466748 np0000172214 nova-scheduler[108774]: DEBUG oslo.service.backend._threading.loopingcall [-] Fixed interval looping call 'nova.servicegroup.drivers.db.DbDriver._report_state' sleeping for 119.99 seconds {{(pid=108774) _run_loop /opt/stack/data/venv/lib/python3.12/site-packages/oslo_service/backend/_threading/loopingcall.py:125}}
May 06 05:52:48.458586 np0000172214 nova-scheduler[108774]: DEBUG oslo.service.backend._threading.loopingcall [None req-3ccc1a91-4ca1-4526-959d-7a3d8bf981c6 None None] Dynamic interval looping call 'nova.service.Service.periodic_tasks' sleeping for 60.00 seconds {{(pid=108774) _run_loop /opt/stack/data/venv/lib/python3.12/site-packages/oslo_service/backend/_threading/loopingcall.py:125}}
May 06 05:52:57.389960 np0000172214 nova-scheduler[108768]: DEBUG dbcounter [-] [108768] Writing DB stats nova_cell0:SELECT=1,nova_cell0:UPDATE=1 {{(pid=108768) stat_writer /opt/stack/data/venv/lib/python3.12/site-packages/dbcounter.py:115}}
May 06 05:52:57.393985 np0000172214 nova-scheduler[108781]: DEBUG dbcounter [-] [108781] Writing DB stats nova_cell0:SELECT=1,nova_cell0:UPDATE=1 {{(pid=108781) stat_writer /opt/stack/data/venv/lib/python3.12/site-packages/dbcounter.py:115}}
May 06 05:52:57.449564 np0000172214 nova-scheduler[108790]: DEBUG dbcounter [-] [108790] Writing DB stats nova_cell0:SELECT=1 {{(pid=108790) stat_writer /opt/stack/data/venv/lib/python3.12/site-packages/dbcounter.py:115}}
May 06 05:52:57.463523 np0000172214 nova-scheduler[108774]: DEBUG dbcounter [-] [108774] Writing DB stats nova_cell0:SELECT=1 {{(pid=108774) stat_writer /opt/stack/data/venv/lib/python3.12/site-packages/dbcounter.py:115}}
May 06 05:53:34.393711 np0000172214 nova-scheduler[108781]: DEBUG oslo.service.backend._threading.loopingcall [None req-750a1be6-89db-4f0c-9c9e-9f6b99391168 None None] Dynamic interval looping call 'nova.service.Service.periodic_tasks' sleeping for 60.00 seconds {{(pid=108781) _run_loop /opt/stack/data/venv/lib/python3.12/site-packages/oslo_service/backend/_threading/loopingcall.py:125}}
May 06 05:53:41.445875 np0000172214 nova-scheduler[108790]: DEBUG oslo.service.backend._threading.loopingcall [None req-ffb92852-d9be-4d0b-8192-725b8ea57159 None None] Dynamic interval looping call 'nova.service.Service.periodic_tasks' sleeping for 60.00 seconds {{(pid=108790) _run_loop /opt/stack/data/venv/lib/python3.12/site-packages/oslo_service/backend/_threading/loopingcall.py:125}}
May 06 05:53:42.385865 np0000172214 nova-scheduler[108768]: DEBUG oslo.service.backend._threading.loopingcall [None req-7dd50175-cb79-43f0-8f09-805aaed857f8 None None] Dynamic interval looping call 'nova.service.Service.periodic_tasks' sleeping for 60.00 seconds {{(pid=108768) _run_loop /opt/stack/data/venv/lib/python3.12/site-packages/oslo_service/backend/_threading/loopingcall.py:125}}
May 06 05:53:48.460014 np0000172214 nova-scheduler[108774]: DEBUG oslo.service.backend._threading.loopingcall [None req-3ccc1a91-4ca1-4526-959d-7a3d8bf981c6 None None] Dynamic interval looping call 'nova.service.Service.periodic_tasks' sleeping for 60.00 seconds {{(pid=108774) _run_loop /opt/stack/data/venv/lib/python3.12/site-packages/oslo_service/backend/_threading/loopingcall.py:125}}
May 06 05:54:34.394474 np0000172214 nova-scheduler[108781]: DEBUG oslo.service.backend._threading.loopingcall [None req-750a1be6-89db-4f0c-9c9e-9f6b99391168 None None] Dynamic interval looping call 'nova.service.Service.periodic_tasks' sleeping for 60.00 seconds {{(pid=108781) _run_loop /opt/stack/data/venv/lib/python3.12/site-packages/oslo_service/backend/_threading/loopingcall.py:125}}
May 06 05:54:41.446661 np0000172214 nova-scheduler[108790]: DEBUG oslo.service.backend._threading.loopingcall [None req-ffb92852-d9be-4d0b-8192-725b8ea57159 None None] Dynamic interval looping call 'nova.service.Service.periodic_tasks' sleeping for 60.00 seconds {{(pid=108790) _run_loop /opt/stack/data/venv/lib/python3.12/site-packages/oslo_service/backend/_threading/loopingcall.py:125}}
May 06 05:54:42.386266 np0000172214 nova-scheduler[108768]: DEBUG oslo.service.backend._threading.loopingcall [None req-7dd50175-cb79-43f0-8f09-805aaed857f8 None None] Dynamic interval looping call 'nova.service.Service.periodic_tasks' sleeping for 60.00 seconds {{(pid=108768) _run_loop /opt/stack/data/venv/lib/python3.12/site-packages/oslo_service/backend/_threading/loopingcall.py:125}}
May 06 05:54:47.398622 np0000172214 nova-scheduler[108768]: DEBUG oslo.service.backend._threading.loopingcall [-] Fixed interval looping call 'nova.servicegroup.drivers.db.DbDriver._report_state' sleeping for 119.99 seconds {{(pid=108768) _run_loop /opt/stack/data/venv/lib/python3.12/site-packages/oslo_service/backend/_threading/loopingcall.py:125}}
May 06 05:54:47.399158 np0000172214 nova-scheduler[108781]: DEBUG oslo.service.backend._threading.loopingcall [-] Fixed interval looping call 'nova.servicegroup.drivers.db.DbDriver._report_state' sleeping for 119.99 seconds {{(pid=108781) _run_loop /opt/stack/data/venv/lib/python3.12/site-packages/oslo_service/backend/_threading/loopingcall.py:125}}
May 06 05:54:47.449734 np0000172214 nova-scheduler[108790]: DEBUG oslo.service.backend._threading.loopingcall [-] Fixed interval looping call 'nova.servicegroup.drivers.db.DbDriver._report_state' sleeping for 119.99 seconds {{(pid=108790) _run_loop /opt/stack/data/venv/lib/python3.12/site-packages/oslo_service/backend/_threading/loopingcall.py:125}}
May 06 05:54:47.463435 np0000172214 nova-scheduler[108774]: DEBUG oslo.service.backend._threading.loopingcall [-] Fixed interval looping call 'nova.servicegroup.drivers.db.DbDriver._report_state' sleeping for 119.99 seconds {{(pid=108774) _run_loop /opt/stack/data/venv/lib/python3.12/site-packages/oslo_service/backend/_threading/loopingcall.py:125}}
May 06 05:54:48.460564 np0000172214 nova-scheduler[108774]: DEBUG oslo.service.backend._threading.loopingcall [None req-3ccc1a91-4ca1-4526-959d-7a3d8bf981c6 None None] Dynamic interval looping call 'nova.service.Service.periodic_tasks' sleeping for 60.00 seconds {{(pid=108774) _run_loop /opt/stack/data/venv/lib/python3.12/site-packages/oslo_service/backend/_threading/loopingcall.py:125}}
May 06 05:54:50.600810 np0000172214 nova-scheduler[108768]: DEBUG nova.scheduler.manager [None req-71e878ad-3531-4566-891b-f83ed792b689 demo demo] Starting to schedule for instances: ['0d0d51ac-f324-4b28-9094-ed85be0270ff'] {{(pid=108768) select_destinations /opt/stack/nova/nova/scheduler/manager.py:210}}
