Apr 18 18:02:06.770291 np0000167493 devstack@neutron-api.service[104461]: DEBUG neutron.api.extensions [None req-72ab1f49-1f13-4201-993f-f9edaf6c1fbe None None] Ext name="Router Availability Zone" alias="router_availability_zone" description="Availability zone support for router." updated="2015-01-01T10:00:00-00:00" {{(pid=104461) _check_extension /opt/stack/neutron/neutron/api/extensions.py:415}}
Apr 18 18:02:06.770562 np0000167493 devstack@neutron-api.service[104461]: INFO neutron.api.extensions [None req-72ab1f49-1f13-4201-993f-f9edaf6c1fbe None None] Loaded extension: router_availability_zone
Apr 18 18:02:06.770703 np0000167493 devstack@neutron-api.service[104461]: DEBUG neutron.api.extensions [None req-72ab1f49-1f13-4201-993f-f9edaf6c1fbe None None] Loading extension file: router_enable_snat.py {{(pid=104461) _load_all_extensions_from_path /opt/stack/neutron/neutron/api/extensions.py:449}}
Apr 18 18:02:06.771041 np0000167493 devstack@neutron-api.service[104461]: DEBUG neutron.api.extensions [None req-72ab1f49-1f13-4201-993f-f9edaf6c1fbe None None] Ext name="Exposes the router "enable_snat" read-only configuration flag" alias="router-enable-snat" description="Exposes the router "enable_snat" read-only configuration flag" updated="2025-09-18T18:00:00-00:00" {{(pid=104461) _check_extension /opt/stack/neutron/neutron/api/extensions.py:415}}
Apr 18 18:02:06.771318 np0000167493 devstack@neutron-api.service[104461]: INFO neutron.api.extensions [None req-72ab1f49-1f13-4201-993f-f9edaf6c1fbe None None] Loaded extension: router-enable-snat
Apr 18 18:02:06.771458 np0000167493 devstack@neutron-api.service[104461]: DEBUG neutron.api.extensions [None req-72ab1f49-1f13-4201-993f-f9edaf6c1fbe None None] Loading extension file: routerservicetype.py {{(pid=104461) _load_all_extensions_from_path /opt/stack/neutron/neutron/api/extensions.py:449}}
Apr 18 18:02:06.771774 np0000167493 devstack@neutron-api.service[104461]: DEBUG neutron.api.extensions [None req-72ab1f49-1f13-4201-993f-f9edaf6c1fbe None None] Ext name="Router Service Type" alias="router-service-type" description="Provides router service type" updated="2013-01-29T00:00:00-00:00" {{(pid=104461) _check_extension /opt/stack/neutron/neutron/api/extensions.py:415}}
Apr 18 18:02:06.772001 np0000167493 devstack@neutron-api.service[104461]: INFO neutron.api.extensions [None req-72ab1f49-1f13-4201-993f-f9edaf6c1fbe None None] Extension router-service-type not supported by any of loaded plugins
Apr 18 18:02:06.772113 np0000167493 devstack@neutron-api.service[104461]: DEBUG neutron.api.extensions [None req-72ab1f49-1f13-4201-993f-f9edaf6c1fbe None None] Loading extension file: security_groups_default_rules.py {{(pid=104461) _load_all_extensions_from_path /opt/stack/neutron/neutron/api/extensions.py:449}}
Apr 18 18:02:06.772742 np0000167493 devstack@neutron-api.service[104461]: DEBUG neutron.api.extensions [None req-72ab1f49-1f13-4201-993f-f9edaf6c1fbe None None] Ext name="Default rules for security groups" alias="security-groups-default-rules" description="Configure set of security group rules used as default rules for every new security group" updated="2022-12-19T10:00:00-00:00" {{(pid=104461) _check_extension /opt/stack/neutron/neutron/api/extensions.py:415}}
Apr 18 18:02:06.772935 np0000167493 devstack@neutron-api.service[104461]: INFO neutron.api.extensions [None req-72ab1f49-1f13-4201-993f-f9edaf6c1fbe None None] Loaded extension: security-groups-default-rules
Apr 18 18:02:06.773088 np0000167493 devstack@neutron-api.service[104461]: DEBUG neutron.api.extensions [None req-72ab1f49-1f13-4201-993f-f9edaf6c1fbe None None] Loading extension file: security_groups_normalized_cidr.py {{(pid=104461) _load_all_extensions_from_path /opt/stack/neutron/neutron/api/extensions.py:449}}
Apr 18 18:02:06.773378 np0000167493 devstack@neutron-api.service[104461]: DEBUG neutron.api.extensions [None req-72ab1f49-1f13-4201-993f-f9edaf6c1fbe None None] Ext name="Normalized CIDR field for security group rules" alias="security-groups-normalized-cidr" description="Add new field with normalized remote_ip_prefix cidr in SG rule" updated="2020-07-28T10:00:00-00:00" {{(pid=104461) _check_extension /opt/stack/neutron/neutron/api/extensions.py:415}}
Apr 18 18:02:06.773585 np0000167493 devstack@neutron-api.service[104461]: INFO neutron.api.extensions [None req-72ab1f49-1f13-4201-993f-f9edaf6c1fbe None None] Loaded extension: security-groups-normalized-cidr
Apr 18 18:02:06.773700 np0000167493 devstack@neutron-api.service[104461]: DEBUG neutron.api.extensions [None req-72ab1f49-1f13-4201-993f-f9edaf6c1fbe None None] Loading extension file: security_groups_port_filtering.py {{(pid=104461) _load_all_extensions_from_path /opt/stack/neutron/neutron/api/extensions.py:449}}
Apr 18 18:02:06.774049 np0000167493 devstack@neutron-api.service[104461]: DEBUG neutron.api.extensions [None req-72ab1f49-1f13-4201-993f-f9edaf6c1fbe None None] Ext name="Port filtering on security groups" alias="port-security-groups-filtering" description="Provides security groups filtering when listing ports" updated="2018-01-09T09:00:00-00:00" {{(pid=104461) _check_extension /opt/stack/neutron/neutron/api/extensions.py:415}}
Apr 18 18:02:06.774339 np0000167493 devstack@neutron-api.service[104461]: INFO neutron.api.extensions [None req-72ab1f49-1f13-4201-993f-f9edaf6c1fbe None None] Extension port-security-groups-filtering not supported by any of loaded plugins
Apr 18 18:02:06.774476 np0000167493 devstack@neutron-api.service[104461]: DEBUG neutron.api.extensions [None req-72ab1f49-1f13-4201-993f-f9edaf6c1fbe None None] Loading extension file: security_groups_remote_address_group.py {{(pid=104461) _load_all_extensions_from_path /opt/stack/neutron/neutron/api/extensions.py:449}}
Apr 18 18:02:06.774718 np0000167493 devstack@neutron-api.service[104461]: DEBUG neutron.api.extensions [None req-72ab1f49-1f13-4201-993f-f9edaf6c1fbe None None] Ext name="Remote address group id field for security group rules" alias="security-groups-remote-address-group" description="Add new field of remote address group id in SG rules" updated="2020-08-25T10:00:00-00:00" {{(pid=104461) _check_extension /opt/stack/neutron/neutron/api/extensions.py:415}}
Apr 18 18:02:06.774963 np0000167493 devstack@neutron-api.service[104461]: INFO neutron.api.extensions [None req-72ab1f49-1f13-4201-993f-f9edaf6c1fbe None None] Loaded extension: security-groups-remote-address-group
Apr 18 18:02:06.775055 np0000167493 devstack@neutron-api.service[104461]: DEBUG neutron.api.extensions [None req-72ab1f49-1f13-4201-993f-f9edaf6c1fbe None None] Loading extension file: security_groups_rules_belongs_to_default_sg.py {{(pid=104461) _load_all_extensions_from_path /opt/stack/neutron/neutron/api/extensions.py:449}}
Apr 18 18:02:06.775396 np0000167493 devstack@neutron-api.service[104461]: DEBUG neutron.api.extensions [None req-72ab1f49-1f13-4201-993f-f9edaf6c1fbe None None] Ext name="Security group rule belongs to the project's default security group" alias="security-groups-rules-belongs-to-default-sg" description="Flag to determine if the security group rule belongs to the project's default security group" updated="2023-05-23T10:00:00-00:00" {{(pid=104461) _check_extension /opt/stack/neutron/neutron/api/extensions.py:415}}
Apr 18 18:02:06.775686 np0000167493 devstack@neutron-api.service[104461]: INFO neutron.api.extensions [None req-72ab1f49-1f13-4201-993f-f9edaf6c1fbe None None] Loaded extension: security-groups-rules-belongs-to-default-sg
Apr 18 18:02:06.775765 np0000167493 devstack@neutron-api.service[104461]: DEBUG neutron.api.extensions [None req-72ab1f49-1f13-4201-993f-f9edaf6c1fbe None None] Loading extension file: security_groups_shared_filtering.py {{(pid=104461) _load_all_extensions_from_path /opt/stack/neutron/neutron/api/extensions.py:449}}
Apr 18 18:02:06.776013 np0000167493 devstack@neutron-api.service[104461]: DEBUG neutron.api.extensions [None req-72ab1f49-1f13-4201-993f-f9edaf6c1fbe None None] Ext name="Security group filtering on the shared field" alias="security-groups-shared-filtering" description="Support filtering security groups on the shared field" updated="2021-10-05T09:00:00-00:00" {{(pid=104461) _check_extension /opt/stack/neutron/neutron/api/extensions.py:415}}
Apr 18 18:02:06.776254 np0000167493 devstack@neutron-api.service[104461]: INFO neutron.api.extensions [None req-72ab1f49-1f13-4201-993f-f9edaf6c1fbe None None] Loaded extension: security-groups-shared-filtering
Apr 18 18:02:06.776395 np0000167493 devstack@neutron-api.service[104461]: DEBUG neutron.api.extensions [None req-72ab1f49-1f13-4201-993f-f9edaf6c1fbe None None] Loading extension file: securitygroup.py {{(pid=104461) _load_all_extensions_from_path /opt/stack/neutron/neutron/api/extensions.py:449}}
Apr 18 18:02:06.779023 np0000167493 devstack@neutron-api.service[104461]: DEBUG neutron.api.extensions [None req-72ab1f49-1f13-4201-993f-f9edaf6c1fbe None None] Ext name="security-group" alias="security-group" description="The security groups extension." updated="2012-10-05T10:00:00-00:00" {{(pid=104461) _check_extension /opt/stack/neutron/neutron/api/extensions.py:415}}
Apr 18 18:02:06.779338 np0000167493 devstack@neutron-api.service[104461]: INFO neutron.api.extensions [None req-72ab1f49-1f13-4201-993f-f9edaf6c1fbe None None] Loaded extension: security-group
Apr 18 18:02:06.779338 np0000167493 devstack@neutron-api.service[104461]: DEBUG neutron.api.extensions [None req-72ab1f49-1f13-4201-993f-f9edaf6c1fbe None None] Loading extension file: segment.py {{(pid=104461) _load_all_extensions_from_path /opt/stack/neutron/neutron/api/extensions.py:449}}
Apr 18 18:02:06.779752 np0000167493 devstack@neutron-api.service[104461]: DEBUG neutron.api.extensions [None req-72ab1f49-1f13-4201-993f-f9edaf6c1fbe None None] Ext name="Segment" alias="segment" description="Segments extension." updated="2016-02-24T17:00:00-00:00" {{(pid=104461) _check_extension /opt/stack/neutron/neutron/api/extensions.py:415}}
Apr 18 18:02:06.779927 np0000167493 devstack@neutron-api.service[104461]: INFO neutron.api.extensions [None req-72ab1f49-1f13-4201-993f-f9edaf6c1fbe None None] Extension segment not supported by any of loaded plugins
Apr 18 18:02:06.779927 np0000167493 devstack@neutron-api.service[104461]: DEBUG neutron.api.extensions [None req-72ab1f49-1f13-4201-993f-f9edaf6c1fbe None None] Loading extension file: segments_peer_subnet_host_routes.py {{(pid=104461) _load_all_extensions_from_path /opt/stack/neutron/neutron/api/extensions.py:449}}
Apr 18 18:02:06.780195 np0000167493 devstack@neutron-api.service[104461]: DEBUG neutron.api.extensions [None req-72ab1f49-1f13-4201-993f-f9edaf6c1fbe None None] Ext name="Segments peer-subnet host routes" alias="segments-peer-subnet-host-routes" description="Add host routes to subnets on a routed network (segments)" updated="2018-06-12T10:00:00-00:00" {{(pid=104461) _check_extension /opt/stack/neutron/neutron/api/extensions.py:415}}
Apr 18 18:02:06.780427 np0000167493 devstack@neutron-api.service[104461]: INFO neutron.api.extensions [None req-72ab1f49-1f13-4201-993f-f9edaf6c1fbe None None] Extension segments-peer-subnet-host-routes not supported by any of loaded plugins
Apr 18 18:02:06.780548 np0000167493 devstack@neutron-api.service[104461]: DEBUG neutron.api.extensions [None req-72ab1f49-1f13-4201-993f-f9edaf6c1fbe None None] Loading extension file: servicetype.py {{(pid=104461) _load_all_extensions_from_path /opt/stack/neutron/neutron/api/extensions.py:449}}
Apr 18 18:02:06.780746 np0000167493 devstack@neutron-api.service[104461]: DEBUG neutron.api.extensions [None req-72ab1f49-1f13-4201-993f-f9edaf6c1fbe None None] Ext name="Neutron Service Type Management" alias="service-type" description="API for retrieving service providers for Neutron advanced services" updated="2013-01-20T00:00:00-00:00" {{(pid=104461) _check_extension /opt/stack/neutron/neutron/api/extensions.py:415}}
Apr 18 18:02:06.780931 np0000167493 devstack@neutron-api.service[104461]: INFO neutron.api.extensions [None req-72ab1f49-1f13-4201-993f-f9edaf6c1fbe None None] Loaded extension: service-type
Apr 18 18:02:06.781064 np0000167493 devstack@neutron-api.service[104461]: DEBUG neutron.api.extensions [None req-72ab1f49-1f13-4201-993f-f9edaf6c1fbe None None] Loading extension file: sorting.py {{(pid=104461) _load_all_extensions_from_path /opt/stack/neutron/neutron/api/extensions.py:449}}
Apr 18 18:02:06.781332 np0000167493 devstack@neutron-api.service[104461]: DEBUG neutron.api.extensions [None req-72ab1f49-1f13-4201-993f-f9edaf6c1fbe None None] Ext name="Sorting support" alias="sorting" description="Extension that indicates that sorting is enabled." updated="2016-06-12T00:00:00-00:00" {{(pid=104461) _check_extension /opt/stack/neutron/neutron/api/extensions.py:415}}
Apr 18 18:02:06.781480 np0000167493 devstack@neutron-api.service[104461]: INFO neutron.api.extensions [None req-72ab1f49-1f13-4201-993f-f9edaf6c1fbe None None] Loaded extension: sorting
Apr 18 18:02:06.781609 np0000167493 devstack@neutron-api.service[104461]: DEBUG neutron.api.extensions [None req-72ab1f49-1f13-4201-993f-f9edaf6c1fbe None None] Loading extension file: standard_attr_segment.py {{(pid=104461) _load_all_extensions_from_path /opt/stack/neutron/neutron/api/extensions.py:449}}
Apr 18 18:02:06.782111 np0000167493 devstack@neutron-api.service[104461]: DEBUG neutron.api.extensions [None req-72ab1f49-1f13-4201-993f-f9edaf6c1fbe None None] Ext name="Standard Attribute Segment Extension" alias="standard-attr-segment" description="Add standard attributes to Segment resource" updated="2018-04-09T10:00:00-00:00" {{(pid=104461) _check_extension /opt/stack/neutron/neutron/api/extensions.py:415}}
Apr 18 18:02:06.782111 np0000167493 devstack@neutron-api.service[104461]: INFO neutron.api.extensions [None req-72ab1f49-1f13-4201-993f-f9edaf6c1fbe None None] Extension standard-attr-segment not supported by any of loaded plugins
Apr 18 18:02:06.782111 np0000167493 devstack@neutron-api.service[104461]: DEBUG neutron.api.extensions [None req-72ab1f49-1f13-4201-993f-f9edaf6c1fbe None None] Loading extension file: standardattrdescription.py {{(pid=104461) _load_all_extensions_from_path /opt/stack/neutron/neutron/api/extensions.py:449}}
Apr 18 18:02:06.782428 np0000167493 devstack@neutron-api.service[104461]: DEBUG neutron.api.extensions [None req-72ab1f49-1f13-4201-993f-f9edaf6c1fbe None None] Ext name="standard-attr-description" alias="standard-attr-description" description="Extension to add descriptions to standard attributes" updated="2016-02-10T10:00:00-00:00" {{(pid=104461) _check_extension /opt/stack/neutron/neutron/api/extensions.py:415}}
Apr 18 18:02:06.782563 np0000167493 devstack@neutron-api.service[104461]: INFO neutron.api.extensions [None req-72ab1f49-1f13-4201-993f-f9edaf6c1fbe None None] Loaded extension: standard-attr-description
Apr 18 18:02:06.782676 np0000167493 devstack@neutron-api.service[104461]: DEBUG neutron.api.extensions [None req-72ab1f49-1f13-4201-993f-f9edaf6c1fbe None None] Loading extension file: stateful_security_group.py {{(pid=104461) _load_all_extensions_from_path /opt/stack/neutron/neutron/api/extensions.py:449}}
Apr 18 18:02:06.782932 np0000167493 devstack@neutron-api.service[104461]: DEBUG neutron.api.extensions [None req-72ab1f49-1f13-4201-993f-f9edaf6c1fbe None None] Ext name="Stateful security group" alias="stateful-security-group" description="Indicates if the security group is stateful or not" updated="2019-11-26T09:00:00-00:00" {{(pid=104461) _check_extension /opt/stack/neutron/neutron/api/extensions.py:415}}
Apr 18 18:02:06.783132 np0000167493 devstack@neutron-api.service[104461]: INFO neutron.api.extensions [None req-72ab1f49-1f13-4201-993f-f9edaf6c1fbe None None] Loaded extension: stateful-security-group
Apr 18 18:02:06.783239 np0000167493 devstack@neutron-api.service[104461]: DEBUG neutron.api.extensions [None req-72ab1f49-1f13-4201-993f-f9edaf6c1fbe None None] Loading extension file: stdattrs_common.py {{(pid=104461) _load_all_extensions_from_path /opt/stack/neutron/neutron/api/extensions.py:449}}
Apr 18 18:02:06.783472 np0000167493 devstack@neutron-api.service[104461]: WARNING neutron.api.extensions [None req-72ab1f49-1f13-4201-993f-f9edaf6c1fbe None None] Did not find expected name "Stdattrs_common" in /opt/stack/neutron/neutron/extensions/stdattrs_common.py
Apr 18 18:02:06.783706 np0000167493 devstack@neutron-api.service[104461]: DEBUG neutron.api.extensions [None req-72ab1f49-1f13-4201-993f-f9edaf6c1fbe None None] Loading extension file: subnet_dns_publish_fixed_ip.py {{(pid=104461) _load_all_extensions_from_path /opt/stack/neutron/neutron/api/extensions.py:449}}
Apr 18 18:02:06.783833 np0000167493 devstack@neutron-api.service[104461]: DEBUG neutron.api.extensions [None req-72ab1f49-1f13-4201-993f-f9edaf6c1fbe None None] Ext name="Subnet DNS publish fixed IP" alias="subnet-dns-publish-fixed-ip" description="Support choosing to publish DNS records for IPs from a subnet" updated="2019-05-24T10:00:00-00:00" {{(pid=104461) _check_extension /opt/stack/neutron/neutron/api/extensions.py:415}}
Apr 18 18:02:06.784022 np0000167493 devstack@neutron-api.service[104461]: INFO neutron.api.extensions [None req-72ab1f49-1f13-4201-993f-f9edaf6c1fbe None None] Loaded extension: subnet-dns-publish-fixed-ip
Apr 18 18:02:06.784022 np0000167493 devstack@neutron-api.service[104461]: DEBUG neutron.api.extensions [None req-72ab1f49-1f13-4201-993f-f9edaf6c1fbe None None] Loading extension file: subnet_external_network.py {{(pid=104461) _load_all_extensions_from_path /opt/stack/neutron/neutron/api/extensions.py:449}}
Apr 18 18:02:06.784299 np0000167493 devstack@neutron-api.service[104461]: DEBUG neutron.api.extensions [None req-72ab1f49-1f13-4201-993f-f9edaf6c1fbe None None] Ext name="Subnet belongs to an external network" alias="subnet-external-network" description="Informs if the subnet belongs to an external network" updated="2024-02-05T18:00:00-00:00" {{(pid=104461) _check_extension /opt/stack/neutron/neutron/api/extensions.py:415}}
Apr 18 18:02:06.784477 np0000167493 devstack@neutron-api.service[104461]: INFO neutron.api.extensions [None req-72ab1f49-1f13-4201-993f-f9edaf6c1fbe None None] Loaded extension: subnet-external-network
Apr 18 18:02:06.784558 np0000167493 devstack@neutron-api.service[104461]: DEBUG neutron.api.extensions [None req-72ab1f49-1f13-4201-993f-f9edaf6c1fbe None None] Loading extension file: subnet_onboard.py {{(pid=104461) _load_all_extensions_from_path /opt/stack/neutron/neutron/api/extensions.py:449}}
Apr 18 18:02:06.784915 np0000167493 devstack@neutron-api.service[104461]: DEBUG neutron.api.extensions [None req-72ab1f49-1f13-4201-993f-f9edaf6c1fbe None None] Ext name="Subnet Onboard" alias="subnet_onboard" description="Provides support for onboarding subnets into subnet pools" updated="2018-12-18T09:00:00-00:00" {{(pid=104461) _check_extension /opt/stack/neutron/neutron/api/extensions.py:415}}
Apr 18 18:02:06.785069 np0000167493 devstack@neutron-api.service[104461]: INFO neutron.api.extensions [None req-72ab1f49-1f13-4201-993f-f9edaf6c1fbe None None] Extension subnet_onboard not supported by any of loaded plugins
Apr 18 18:02:06.785069 np0000167493 devstack@neutron-api.service[104461]: DEBUG neutron.api.extensions [None req-72ab1f49-1f13-4201-993f-f9edaf6c1fbe None None] Loading extension file: subnet_segmentid_writable.py {{(pid=104461) _load_all_extensions_from_path /opt/stack/neutron/neutron/api/extensions.py:449}}
Apr 18 18:02:06.785392 np0000167493 devstack@neutron-api.service[104461]: DEBUG neutron.api.extensions [None req-72ab1f49-1f13-4201-993f-f9edaf6c1fbe None None] Ext name="Subnet SegmentID (writable)" alias="subnet-segmentid-writable" description="Provides a writable segment_id attribute for a subnet resource." updated="2018-03-12T00:00:00-00:00" {{(pid=104461) _check_extension /opt/stack/neutron/neutron/api/extensions.py:415}}
Apr 18 18:02:06.785610 np0000167493 devstack@neutron-api.service[104461]: INFO neutron.api.extensions [None req-72ab1f49-1f13-4201-993f-f9edaf6c1fbe None None] Extension subnet-segmentid-writable not supported by any of loaded plugins
Apr 18 18:02:06.785610 np0000167493 devstack@neutron-api.service[104461]: DEBUG neutron.api.extensions [None req-72ab1f49-1f13-4201-993f-f9edaf6c1fbe None None] Loading extension file: subnet_service_types.py {{(pid=104461) _load_all_extensions_from_path /opt/stack/neutron/neutron/api/extensions.py:449}}
Apr 18 18:02:06.785897 np0000167493 devstack@neutron-api.service[104461]: DEBUG neutron.api.extensions [None req-72ab1f49-1f13-4201-993f-f9edaf6c1fbe None None] Ext name="Subnet service types" alias="subnet-service-types" description="Provides ability to set the subnet service_types field" updated="2016-03-15T18:00:00-00:00" {{(pid=104461) _check_extension /opt/stack/neutron/neutron/api/extensions.py:415}}
Apr 18 18:02:06.786163 np0000167493 devstack@neutron-api.service[104461]: INFO neutron.api.extensions [None req-72ab1f49-1f13-4201-993f-f9edaf6c1fbe None None] Loaded extension: subnet-service-types
Apr 18 18:02:06.786358 np0000167493 devstack@neutron-api.service[104461]: DEBUG neutron.api.extensions [None req-72ab1f49-1f13-4201-993f-f9edaf6c1fbe None None] Loading extension file: subnetallocation.py {{(pid=104461) _load_all_extensions_from_path /opt/stack/neutron/neutron/api/extensions.py:449}}
Apr 18 18:02:06.786583 np0000167493 devstack@neutron-api.service[104461]: DEBUG neutron.api.extensions [None req-72ab1f49-1f13-4201-993f-f9edaf6c1fbe None None] Ext name="Subnet Allocation" alias="subnet_allocation" description="Enables allocation of subnets from a subnet pool" updated="2015-03-30T10:00:00-00:00" {{(pid=104461) _check_extension /opt/stack/neutron/neutron/api/extensions.py:415}}
Apr 18 18:02:06.786846 np0000167493 devstack@neutron-api.service[104461]: INFO neutron.api.extensions [None req-72ab1f49-1f13-4201-993f-f9edaf6c1fbe None None] Loaded extension: subnet_allocation
Apr 18 18:02:06.786936 np0000167493 devstack@neutron-api.service[104463]: [pid: 104463|app: 0|req: 1/1] 199.19.213.95 () {62 vars in 981 bytes} [Sat Apr 18 18:02:06 2026] GET /networking => generated 129 bytes in 4 msecs (HTTP/1.1 200) 3 headers in 91 bytes (1 switches on core 0)
Apr 18 18:02:06.787463 np0000167493 devstack@neutron-api.service[104461]: DEBUG neutron.api.extensions [None req-72ab1f49-1f13-4201-993f-f9edaf6c1fbe None None] Loading extension file: subnetpool_prefix_ops.py {{(pid=104461) _load_all_extensions_from_path /opt/stack/neutron/neutron/api/extensions.py:449}}
Apr 18 18:02:06.787463 np0000167493 devstack@neutron-api.service[104461]: DEBUG neutron.api.extensions [None req-72ab1f49-1f13-4201-993f-f9edaf6c1fbe None None] Ext name="Subnet Pool Prefix Operations" alias="subnetpool-prefix-ops" description="Provides support for adjusting the prefix list of subnet pools" updated="2019-02-08T10:00:00-00:00" {{(pid=104461) _check_extension /opt/stack/neutron/neutron/api/extensions.py:415}}
Apr 18 18:02:06.787463 np0000167493 devstack@neutron-api.service[104461]: INFO neutron.api.extensions [None req-72ab1f49-1f13-4201-993f-f9edaf6c1fbe None None] Loaded extension: subnetpool-prefix-ops
Apr 18 18:02:06.787463 np0000167493 devstack@neutron-api.service[104461]: DEBUG neutron.api.extensions [None req-72ab1f49-1f13-4201-993f-f9edaf6c1fbe None None] Loading extension file: tag_creation.py {{(pid=104461) _load_all_extensions_from_path /opt/stack/neutron/neutron/api/extensions.py:449}}
Apr 18 18:02:06.787788 np0000167493 devstack@neutron-api.service[104461]: DEBUG neutron.api.extensions [None req-72ab1f49-1f13-4201-993f-f9edaf6c1fbe None None] Ext name="Tag creation extension" alias="tag-creation" description="Allow to create multiple tags for a resource" updated="2024-23-07T10:00:00-00:00" {{(pid=104461) _check_extension /opt/stack/neutron/neutron/api/extensions.py:415}}
Apr 18 18:02:06.787897 np0000167493 devstack@neutron-api.service[104461]: INFO neutron.api.extensions [None req-72ab1f49-1f13-4201-993f-f9edaf6c1fbe None None] Loaded extension: tag-creation
Apr 18 18:02:06.788018 np0000167493 devstack@neutron-api.service[104461]: DEBUG neutron.api.extensions [None req-72ab1f49-1f13-4201-993f-f9edaf6c1fbe None None] Loading extension file: tag_ports_during_bulk_creation.py {{(pid=104461) _load_all_extensions_from_path /opt/stack/neutron/neutron/api/extensions.py:449}}
Apr 18 18:02:06.788294 np0000167493 devstack@neutron-api.service[104461]: DEBUG neutron.api.extensions [None req-72ab1f49-1f13-4201-993f-f9edaf6c1fbe None None] Ext name="Tag Ports During Bulk Creation" alias="tag-ports-during-bulk-creation" description="Allow to tag ports during bulk creation" updated="2019-12-29T19:00:00-00:00" {{(pid=104461) _check_extension /opt/stack/neutron/neutron/api/extensions.py:415}}
Apr 18 18:02:06.788411 np0000167493 devstack@neutron-api.service[104461]: INFO neutron.api.extensions [None req-72ab1f49-1f13-4201-993f-f9edaf6c1fbe None None] Extension tag-ports-during-bulk-creation not supported by any of loaded plugins
Apr 18 18:02:06.788522 np0000167493 devstack@neutron-api.service[104461]: DEBUG neutron.api.extensions [None req-72ab1f49-1f13-4201-993f-f9edaf6c1fbe None None] Loading extension file: tagging.py {{(pid=104461) _load_all_extensions_from_path /opt/stack/neutron/neutron/api/extensions.py:449}}
Apr 18 18:02:06.789587 np0000167493 devstack@neutron-api.service[104461]: DEBUG neutron.api.extensions [None req-72ab1f49-1f13-4201-993f-f9edaf6c1fbe None None] Ext name="Tag support for resources with standard attribute: port, subnet, subnetpool, network, security_group, router, floatingip, policy, trunk, network_segment_range" alias="standard-attr-tag" description="Enables to set tag on resources with standard attribute." updated="2017-01-01T00:00:00-00:00" {{(pid=104461) _check_extension /opt/stack/neutron/neutron/api/extensions.py:415}}
Apr 18 18:02:06.789587 np0000167493 devstack@neutron-api.service[104461]: INFO neutron.api.extensions [None req-72ab1f49-1f13-4201-993f-f9edaf6c1fbe None None] Loaded extension: standard-attr-tag
Apr 18 18:02:06.789755 np0000167493 devstack@neutron-api.service[104461]: DEBUG neutron.api.extensions [None req-72ab1f49-1f13-4201-993f-f9edaf6c1fbe None None] Loading extension file: timestamp.py {{(pid=104461) _load_all_extensions_from_path /opt/stack/neutron/neutron/api/extensions.py:449}}
Apr 18 18:02:06.790095 np0000167493 devstack@neutron-api.service[104461]: DEBUG neutron.api.extensions [None req-72ab1f49-1f13-4201-993f-f9edaf6c1fbe None None] Ext name="Resource timestamps" alias="standard-attr-timestamp" description="Adds created_at and updated_at fields to all Neutron resources that have Neutron standard attributes." updated="2016-09-12T10:00:00-00:00" {{(pid=104461) _check_extension /opt/stack/neutron/neutron/api/extensions.py:415}}
Apr 18 18:02:06.790311 np0000167493 devstack@neutron-api.service[104461]: INFO neutron.api.extensions [None req-72ab1f49-1f13-4201-993f-f9edaf6c1fbe None None] Loaded extension: standard-attr-timestamp
Apr 18 18:02:06.790403 np0000167493 devstack@neutron-api.service[104461]: DEBUG neutron.api.extensions [None req-72ab1f49-1f13-4201-993f-f9edaf6c1fbe None None] Loading extension file: trunk.py {{(pid=104461) _load_all_extensions_from_path /opt/stack/neutron/neutron/api/extensions.py:449}}
Apr 18 18:02:06.791416 np0000167493 devstack@neutron-api.service[104461]: DEBUG neutron.api.extensions [None req-72ab1f49-1f13-4201-993f-f9edaf6c1fbe None None] Ext name="Trunk Extension" alias="trunk" description="Provides support for trunk ports" updated="2016-01-01T10:00:00-00:00" {{(pid=104461) _check_extension /opt/stack/neutron/neutron/api/extensions.py:415}}
Apr 18 18:02:06.791416 np0000167493 devstack@neutron-api.service[104461]: INFO neutron.api.extensions [None req-72ab1f49-1f13-4201-993f-f9edaf6c1fbe None None] Extension trunk not supported by any of loaded plugins
Apr 18 18:02:06.791416 np0000167493 devstack@neutron-api.service[104461]: DEBUG neutron.api.extensions [None req-72ab1f49-1f13-4201-993f-f9edaf6c1fbe None None] Loading extension file: trunk_details.py {{(pid=104461) _load_all_extensions_from_path /opt/stack/neutron/neutron/api/extensions.py:449}}
Apr 18 18:02:06.791416 np0000167493 devstack@neutron-api.service[104461]: DEBUG neutron.api.extensions [None req-72ab1f49-1f13-4201-993f-f9edaf6c1fbe None None] Ext name="Trunk port details" alias="trunk-details" description="Expose trunk port details" updated="2016-01-01T10:00:00-00:00" {{(pid=104461) _check_extension /opt/stack/neutron/neutron/api/extensions.py:415}}
Apr 18 18:02:06.791416 np0000167493 devstack@neutron-api.service[104461]: INFO neutron.api.extensions [None req-72ab1f49-1f13-4201-993f-f9edaf6c1fbe None None] Extension trunk-details not supported by any of loaded plugins
Apr 18 18:02:06.791416 np0000167493 devstack@neutron-api.service[104461]: DEBUG neutron.api.extensions [None req-72ab1f49-1f13-4201-993f-f9edaf6c1fbe None None] Loading extension file: uplink_status_propagation.py {{(pid=104461) _load_all_extensions_from_path /opt/stack/neutron/neutron/api/extensions.py:449}}
Apr 18 18:02:06.791624 np0000167493 devstack@neutron-api.service[104461]: DEBUG neutron.api.extensions [None req-72ab1f49-1f13-4201-993f-f9edaf6c1fbe None None] Ext name="Uplink status propagation extension" alias="uplink-status-propagation" description="Provides ability to propagate port uplink status." updated="2018-05-31T18:00:00-00:00" {{(pid=104461) _check_extension /opt/stack/neutron/neutron/api/extensions.py:415}}
Apr 18 18:02:06.791798 np0000167493 devstack@neutron-api.service[104461]: INFO neutron.api.extensions [None req-72ab1f49-1f13-4201-993f-f9edaf6c1fbe None None] Extension uplink-status-propagation not supported by any of loaded plugins
Apr 18 18:02:06.791893 np0000167493 devstack@neutron-api.service[104461]: DEBUG neutron.api.extensions [None req-72ab1f49-1f13-4201-993f-f9edaf6c1fbe None None] Loading extension file: uplink_status_propagation_updatable.py {{(pid=104461) _load_all_extensions_from_path /opt/stack/neutron/neutron/api/extensions.py:449}}
Apr 18 18:02:06.792190 np0000167493 devstack@neutron-api.service[104461]: DEBUG neutron.api.extensions [None req-72ab1f49-1f13-4201-993f-f9edaf6c1fbe None None] Ext name="Uplink status propagation updatable extension" alias="uplink-status-propagation-updatable" description="Provides ability to update the port uplink status." updated="2024-09-03T18:00:00-00:00" {{(pid=104461) _check_extension /opt/stack/neutron/neutron/api/extensions.py:415}}
Apr 18 18:02:06.792359 np0000167493 devstack@neutron-api.service[104461]: INFO neutron.api.extensions [None req-72ab1f49-1f13-4201-993f-f9edaf6c1fbe None None] Extension uplink-status-propagation-updatable not supported by any of loaded plugins
Apr 18 18:02:06.792451 np0000167493 devstack@neutron-api.service[104460]: DEBUG neutron.api.v2.resource_helper [None req-54251501-75af-4800-8d52-6df3b9ed3023 None None] Service L3_ROUTER_NAT assigned prefix: {{(pid=104460) build_resource_info /opt/stack/neutron/neutron/api/v2/resource_helper.py:77}}
Apr 18 18:02:06.792494 np0000167493 devstack@neutron-api.service[104461]: DEBUG neutron.api.extensions [None req-72ab1f49-1f13-4201-993f-f9edaf6c1fbe None None] Loading extension file: vlantransparent.py {{(pid=104461) _load_all_extensions_from_path /opt/stack/neutron/neutron/api/extensions.py:449}}
Apr 18 18:02:06.792718 np0000167493 devstack@neutron-api.service[104461]: DEBUG neutron.api.extensions [None req-72ab1f49-1f13-4201-993f-f9edaf6c1fbe None None] Ext name="Vlantransparent" alias="vlan-transparent" description="Provides Vlan Transparent Networks" updated="2015-03-23T09:00:00-00:00" {{(pid=104461) _check_extension /opt/stack/neutron/neutron/api/extensions.py:415}}
Apr 18 18:02:06.792861 np0000167493 devstack@neutron-api.service[104460]: DEBUG neutron.api.v2.resource_helper [None req-54251501-75af-4800-8d52-6df3b9ed3023 None None] Service FLAVORS assigned prefix: {{(pid=104460) build_resource_info /opt/stack/neutron/neutron/api/v2/resource_helper.py:77}}
Apr 18 18:02:06.792895 np0000167493 devstack@neutron-api.service[104461]: INFO neutron.api.extensions [None req-72ab1f49-1f13-4201-993f-f9edaf6c1fbe None None] Loaded extension: vlan-transparent
Apr 18 18:02:06.793804 np0000167493 devstack@neutron-api.service[104460]: DEBUG neutron.api.v2.resource_helper [None req-54251501-75af-4800-8d52-6df3b9ed3023 None None] Service L3_ROUTER_NAT assigned prefix: {{(pid=104460) build_resource_info /opt/stack/neutron/neutron/api/v2/resource_helper.py:77}}
Apr 18 18:02:06.794301 np0000167493 devstack@neutron-api.service[104460]: DEBUG neutron.api.v2.resource_helper [None req-54251501-75af-4800-8d52-6df3b9ed3023 None None] Service L3_ROUTER_NAT assigned prefix: {{(pid=104460) build_resource_info /opt/stack/neutron/neutron/api/v2/resource_helper.py:77}}
Apr 18 18:02:06.794418 np0000167493 devstack@neutron-api.service[104460]: INFO neutron.quota.resource_registry [None req-54251501-75af-4800-8d52-6df3b9ed3023 None None] Creating instance of TrackedResource for resource:router
Apr 18 18:02:06.794605 np0000167493 devstack@neutron-api.service[104460]: WARNING neutron.quota.resource_registry [None req-54251501-75af-4800-8d52-6df3b9ed3023 None None] router is already registered
Apr 18 18:02:06.794815 np0000167493 devstack@neutron-api.service[104461]: INFO neutron.quota.resource_registry [None req-72ab1f49-1f13-4201-993f-f9edaf6c1fbe None None] Creating instance of TrackedResource for resource:network
Apr 18 18:02:06.794999 np0000167493 devstack@neutron-api.service[104460]: INFO neutron.quota.resource_registry [None req-54251501-75af-4800-8d52-6df3b9ed3023 None None] Creating instance of TrackedResource for resource:floatingip
Apr 18 18:02:06.795107 np0000167493 devstack@neutron-api.service[104460]: WARNING neutron.quota.resource_registry [None req-54251501-75af-4800-8d52-6df3b9ed3023 None None] floatingip is already registered
Apr 18 18:02:06.795182 np0000167493 devstack@neutron-api.service[104461]: INFO neutron.quota.resource_registry [None req-72ab1f49-1f13-4201-993f-f9edaf6c1fbe None None] Creating instance of TrackedResource for resource:subnet
Apr 18 18:02:06.795333 np0000167493 devstack@neutron-api.service[104461]: INFO neutron.quota.resource_registry [None req-72ab1f49-1f13-4201-993f-f9edaf6c1fbe None None] Creating instance of TrackedResource for resource:subnetpool
Apr 18 18:02:06.795512 np0000167493 devstack@neutron-api.service[104461]: INFO neutron.quota.resource_registry [None req-72ab1f49-1f13-4201-993f-f9edaf6c1fbe None None] Creating instance of TrackedResource for resource:port
Apr 18 18:02:06.796088 np0000167493 devstack@neutron-api.service[104460]: INFO neutron.quota.resource_registry [None req-54251501-75af-4800-8d52-6df3b9ed3023 None None] Creating instance of CountableResource for resource:rbac_policy
Apr 18 18:02:06.796194 np0000167493 devstack@neutron-api.service[104460]: WARNING neutron.quota.resource_registry [None req-54251501-75af-4800-8d52-6df3b9ed3023 None None] rbac_policy is already registered
Apr 18 18:02:06.796754 np0000167493 devstack@neutron-api.service[104460]: INFO neutron.quota.resource_registry [None req-54251501-75af-4800-8d52-6df3b9ed3023 None None] Creating instance of TrackedResource for resource:security_group
Apr 18 18:02:06.796886 np0000167493 devstack@neutron-api.service[104460]: WARNING neutron.quota.resource_registry [None req-54251501-75af-4800-8d52-6df3b9ed3023 None None] security_group is already registered
Apr 18 18:02:06.796921 np0000167493 devstack@neutron-api.service[104461]: DEBUG neutron.api.v2.resource_helper [None req-72ab1f49-1f13-4201-993f-f9edaf6c1fbe None None] Service L3_ROUTER_NAT assigned prefix: {{(pid=104461) build_resource_info /opt/stack/neutron/neutron/api/v2/resource_helper.py:77}}
Apr 18 18:02:06.797333 np0000167493 devstack@neutron-api.service[104460]: INFO neutron.quota.resource_registry [None req-54251501-75af-4800-8d52-6df3b9ed3023 None None] Creating instance of TrackedResource for resource:security_group_rule
Apr 18 18:02:06.797424 np0000167493 devstack@neutron-api.service[104461]: DEBUG neutron.api.v2.resource_helper [None req-72ab1f49-1f13-4201-993f-f9edaf6c1fbe None None] Service FLAVORS assigned prefix: {{(pid=104461) build_resource_info /opt/stack/neutron/neutron/api/v2/resource_helper.py:77}}
Apr 18 18:02:06.797498 np0000167493 devstack@neutron-api.service[104460]: WARNING neutron.quota.resource_registry [None req-54251501-75af-4800-8d52-6df3b9ed3023 None None] security_group_rule is already registered
Apr 18 18:02:06.797573 np0000167493 devstack@neutron-api.service[104462]: DEBUG oslo_concurrency.processutils [None req-e5f6e409-922b-4a7a-9044-7408188770a1 None None] CMD "ovsdb-client transact ssl:199.19.213.95:6641 --timeout 180 -p /opt/stack/data/CA/int-ca/private/devstack-cert.key -c /opt/stack/data/CA/int-ca/devstack-cert.crt -C /opt/stack/data/CA/int-ca/ca-chain.pem ["OVN_Northbound", {"op": "wait", "timeout": 0, "table": "Port_Group", "where": [["name", "==", "neutron_pg_drop"]], "until": "==", "rows": []}, {"op": "insert", "table": "ACL", "row": {"action": "drop", "direction": "to-lport", "match": "outport == @neutron_pg_drop && ip", "priority": 1001}, "uuid-name": "droptoport"}, {"op": "insert", "table": "ACL", "row": {"action": "drop", "direction": "from-lport", "match": "inport == @neutron_pg_drop && ip", "priority": 1001}, "uuid-name": "dropfromport"}, {"op": "insert", "table": "Port_Group", "row": {"name": "neutron_pg_drop", "acls": ["set", [["named-uuid", "droptoport"], ["named-uuid", "dropfromport"]]]}}]" returned: 0 in 0.036s {{(pid=104462) execute /opt/stack/data/venv/lib/python3.12/site-packages/oslo_concurrency/processutils.py:468}}
Apr 18 18:02:06.798570 np0000167493 devstack@neutron-api.service[104460]: DEBUG neutron.api.v2.resource_helper [None req-54251501-75af-4800-8d52-6df3b9ed3023 None None] Service CORE assigned prefix: {{(pid=104460) build_resource_info /opt/stack/neutron/neutron/api/v2/resource_helper.py:77}}
Apr 18 18:02:06.798570 np0000167493 devstack@neutron-api.service[104460]: INFO neutron.quota.resource_registry [None req-54251501-75af-4800-8d52-6df3b9ed3023 None None] Creating instance of TrackedResource for resource:subnetpool
Apr 18 18:02:06.798570 np0000167493 devstack@neutron-api.service[104460]: WARNING neutron.quota.resource_registry [None req-54251501-75af-4800-8d52-6df3b9ed3023 None None] subnetpool is already registered
Apr 18 18:02:06.798714 np0000167493 devstack@neutron-api.service[104462]: DEBUG neutron_lib.callbacks.manager [None req-e5f6e409-922b-4a7a-9044-7408188770a1 None None] Publish callbacks ['neutron.plugins.ml2.drivers.ovn.mech_driver.mech_driver.OVNMechanismDriver.post_fork_initialize-934669', 'neutron.services.ovn_l3.plugin.OVNL3RouterPlugin._post_fork_initialize-25910'] for process (None), after_init {{(pid=104462) _notify_loop /opt/stack/data/venv/lib/python3.12/site-packages/neutron_lib/callbacks/manager.py:184}}
Apr 18 18:02:06.798761 np0000167493 devstack@neutron-api.service[104461]: DEBUG neutron.api.v2.resource_helper [None req-72ab1f49-1f13-4201-993f-f9edaf6c1fbe None None] Service L3_ROUTER_NAT assigned prefix: {{(pid=104461) build_resource_info /opt/stack/neutron/neutron/api/v2/resource_helper.py:77}}
Apr 18 18:02:06.798805 np0000167493 devstack@neutron-api.service[104460]: DEBUG neutron.api.extensions [None req-54251501-75af-4800-8d52-6df3b9ed3023 None None] Extended resource: extensions {{(pid=104460) __init__ /opt/stack/neutron/neutron/api/extensions.py:156}}
Apr 18 18:02:06.798846 np0000167493 devstack@neutron-api.service[104461]: DEBUG neutron.api.v2.resource_helper [None req-72ab1f49-1f13-4201-993f-f9edaf6c1fbe None None] Service L3_ROUTER_NAT assigned prefix: {{(pid=104461) build_resource_info /opt/stack/neutron/neutron/api/v2/resource_helper.py:77}}
Apr 18 18:02:06.798923 np0000167493 devstack@neutron-api.service[104461]: INFO neutron.quota.resource_registry [None req-72ab1f49-1f13-4201-993f-f9edaf6c1fbe None None] Creating instance of TrackedResource for resource:router
Apr 18 18:02:06.798980 np0000167493 devstack@neutron-api.service[104462]: DEBUG oslo_concurrency.lockutils [None req-e5f6e409-922b-4a7a-9044-7408188770a1 None None] Acquiring lock "singleton_lock" {{(pid=104462) lock /opt/stack/data/venv/lib/python3.12/site-packages/oslo_concurrency/lockutils.py:390}}
Apr 18 18:02:06.799170 np0000167493 devstack@neutron-api.service[104462]: DEBUG oslo_concurrency.lockutils [None req-e5f6e409-922b-4a7a-9044-7408188770a1 None None] Acquired lock "singleton_lock" {{(pid=104462) lock /opt/stack/data/venv/lib/python3.12/site-packages/oslo_concurrency/lockutils.py:393}}
Apr 18 18:02:06.799352 np0000167493 devstack@neutron-api.service[104461]: INFO neutron.quota.resource_registry [None req-72ab1f49-1f13-4201-993f-f9edaf6c1fbe None None] Creating instance of TrackedResource for resource:floatingip
Apr 18 18:02:06.799494 np0000167493 devstack@neutron-api.service[104460]: DEBUG neutron.api.extensions [None req-54251501-75af-4800-8d52-6df3b9ed3023 None None] Extended resource: address-groups {{(pid=104460) __init__ /opt/stack/neutron/neutron/api/extensions.py:156}}
Apr 18 18:02:06.799666 np0000167493 devstack@neutron-api.service[104462]: DEBUG oslo_concurrency.lockutils [None req-e5f6e409-922b-4a7a-9044-7408188770a1 None None] Releasing lock "singleton_lock" {{(pid=104462) lock /opt/stack/data/venv/lib/python3.12/site-packages/oslo_concurrency/lockutils.py:413}}
Apr 18 18:02:06.800165 np0000167493 devstack@neutron-api.service[104460]: DEBUG neutron.api.extensions [None req-54251501-75af-4800-8d52-6df3b9ed3023 None None] Extended resource: address-scopes {{(pid=104460) __init__ /opt/stack/neutron/neutron/api/extensions.py:156}}
Apr 18 18:02:06.800357 np0000167493 devstack@neutron-api.service[104461]: INFO neutron.quota.resource_registry [None req-72ab1f49-1f13-4201-993f-f9edaf6c1fbe None None] Creating instance of CountableResource for resource:rbac_policy
Apr 18 18:02:06.800758 np0000167493 devstack@neutron-api.service[104460]: DEBUG neutron.api.extensions [None req-54251501-75af-4800-8d52-6df3b9ed3023 None None] Extended resource: agents {{(pid=104460) __init__ /opt/stack/neutron/neutron/api/extensions.py:156}}
Apr 18 18:02:06.800895 np0000167493 devstack@neutron-api.service[104461]: INFO neutron.quota.resource_registry [None req-72ab1f49-1f13-4201-993f-f9edaf6c1fbe None None] Creating instance of TrackedResource for resource:security_group
Apr 18 18:02:06.801255 np0000167493 devstack@neutron-api.service[104460]: DEBUG neutron.api.extensions [None req-54251501-75af-4800-8d52-6df3b9ed3023 None None] Extended resource: auto-allocated-topology {{(pid=104460) __init__ /opt/stack/neutron/neutron/api/extensions.py:156}}
Apr 18 18:02:06.801307 np0000167493 devstack@neutron-api.service[104461]: INFO neutron.quota.resource_registry [None req-72ab1f49-1f13-4201-993f-f9edaf6c1fbe None None] Creating instance of TrackedResource for resource:security_group_rule
Apr 18 18:02:06.801814 np0000167493 devstack@neutron-api.service[104460]: DEBUG neutron.api.extensions [None req-54251501-75af-4800-8d52-6df3b9ed3023 None None] Extended resource: availability_zones {{(pid=104460) __init__ /opt/stack/neutron/neutron/api/extensions.py:156}}
Apr 18 18:02:06.801993 np0000167493 devstack@neutron-api.service[104461]: DEBUG neutron.api.v2.resource_helper [None req-72ab1f49-1f13-4201-993f-f9edaf6c1fbe None None] Service CORE assigned prefix: {{(pid=104461) build_resource_info /opt/stack/neutron/neutron/api/v2/resource_helper.py:77}}
Apr 18 18:02:06.802178 np0000167493 devstack@neutron-api.service[104461]: INFO neutron.quota.resource_registry [None req-72ab1f49-1f13-4201-993f-f9edaf6c1fbe None None] Creating instance of TrackedResource for resource:subnetpool
Apr 18 18:02:06.802335 np0000167493 devstack@neutron-api.service[104461]: WARNING neutron.quota.resource_registry [None req-72ab1f49-1f13-4201-993f-f9edaf6c1fbe None None] subnetpool is already registered
Apr 18 18:02:06.802377 np0000167493 devstack@neutron-api.service[104460]: DEBUG neutron.api.extensions [None req-54251501-75af-4800-8d52-6df3b9ed3023 None None] Extended resource: dhcp-networks {{(pid=104460) __init__ /opt/stack/neutron/neutron/api/extensions.py:156}}
Apr 18 18:02:06.802972 np0000167493 devstack@neutron-api.service[104462]: DEBUG neutron.plugins.ml2.drivers.ovn.mech_driver.mech_driver [None req-e5f6e409-922b-4a7a-9044-7408188770a1 None None] Hash Ring setup using WSGI start time 2026-04-18 18:01:59+00:00 {{(pid=104462) _init_hash_ring /opt/stack/neutron/neutron/plugins/ml2/drivers/ovn/mech_driver/mech_driver.py:402}}
Apr 18 18:02:06.803293 np0000167493 devstack@neutron-api.service[104460]: DEBUG neutron.api.extensions [None req-54251501-75af-4800-8d52-6df3b9ed3023 None None] Extended resource: dhcp-agents {{(pid=104460) __init__ /opt/stack/neutron/neutron/api/extensions.py:156}}
Apr 18 18:02:06.803933 np0000167493 devstack@neutron-api.service[104460]: DEBUG neutron.api.extensions [None req-54251501-75af-4800-8d52-6df3b9ed3023 None None] Extended resource: routers {{(pid=104460) __init__ /opt/stack/neutron/neutron/api/extensions.py:156}}
Apr 18 18:02:06.804702 np0000167493 devstack@neutron-api.service[104461]: DEBUG neutron.api.v2.resource_helper [None req-72ab1f49-1f13-4201-993f-f9edaf6c1fbe None None] Service L3_ROUTER_NAT assigned prefix: {{(pid=104461) build_resource_info /opt/stack/neutron/neutron/api/v2/resource_helper.py:77}}
Apr 18 18:02:06.804957 np0000167493 devstack@neutron-api.service[104460]: DEBUG neutron.api.extensions [None req-54251501-75af-4800-8d52-6df3b9ed3023 None None] Extended resource: flavors {{(pid=104460) __init__ /opt/stack/neutron/neutron/api/extensions.py:156}}
Apr 18 18:02:06.805635 np0000167493 devstack@neutron-api.service[104461]: DEBUG neutron.api.v2.resource_helper [None req-72ab1f49-1f13-4201-993f-f9edaf6c1fbe None None] Service FLAVORS assigned prefix: {{(pid=104461) build_resource_info /opt/stack/neutron/neutron/api/v2/resource_helper.py:77}}
Apr 18 18:02:06.805703 np0000167493 devstack@neutron-api.service[104460]: DEBUG neutron.api.extensions [None req-54251501-75af-4800-8d52-6df3b9ed3023 None None] Extended resource: service_profiles {{(pid=104460) __init__ /opt/stack/neutron/neutron/api/extensions.py:156}}
Apr 18 18:02:06.805903 np0000167493 devstack@neutron-api.service[104460]: DEBUG neutron.api.extensions [None req-54251501-75af-4800-8d52-6df3b9ed3023 None None] Extended resource: next_providers {{(pid=104460) __init__ /opt/stack/neutron/neutron/api/extensions.py:156}}
Apr 18 18:02:06.805964 np0000167493 devstack@neutron-api.service[104461]: DEBUG neutron.api.v2.resource_helper [None req-72ab1f49-1f13-4201-993f-f9edaf6c1fbe None None] Service L3_ROUTER_NAT assigned prefix: {{(pid=104461) build_resource_info /opt/stack/neutron/neutron/api/v2/resource_helper.py:77}}
Apr 18 18:02:06.806406 np0000167493 devstack@neutron-api.service[104461]: DEBUG neutron.api.v2.resource_helper [None req-72ab1f49-1f13-4201-993f-f9edaf6c1fbe None None] Service L3_ROUTER_NAT assigned prefix: {{(pid=104461) build_resource_info /opt/stack/neutron/neutron/api/v2/resource_helper.py:77}}
Apr 18 18:02:06.806547 np0000167493 devstack@neutron-api.service[104461]: INFO neutron.quota.resource_registry [None req-72ab1f49-1f13-4201-993f-f9edaf6c1fbe None None] Creating instance of TrackedResource for resource:router
Apr 18 18:02:06.806622 np0000167493 devstack@neutron-api.service[104460]: DEBUG neutron.api.extensions [None req-54251501-75af-4800-8d52-6df3b9ed3023 None None] Extended resource: service_profiles {{(pid=104460) __init__ /opt/stack/neutron/neutron/api/extensions.py:156}}
Apr 18 18:02:06.806688 np0000167493 devstack@neutron-api.service[104461]: WARNING neutron.quota.resource_registry [None req-72ab1f49-1f13-4201-993f-f9edaf6c1fbe None None] router is already registered
Apr 18 18:02:06.807050 np0000167493 devstack@neutron-api.service[104461]: INFO neutron.quota.resource_registry [None req-72ab1f49-1f13-4201-993f-f9edaf6c1fbe None None] Creating instance of TrackedResource for resource:floatingip
Apr 18 18:02:06.807176 np0000167493 devstack@neutron-api.service[104461]: WARNING neutron.quota.resource_registry [None req-72ab1f49-1f13-4201-993f-f9edaf6c1fbe None None] floatingip is already registered
Apr 18 18:02:06.807340 np0000167493 devstack@neutron-api.service[104460]: DEBUG neutron.api.extensions [None req-54251501-75af-4800-8d52-6df3b9ed3023 None None] Extended resource: floatingip-pools {{(pid=104460) __init__ /opt/stack/neutron/neutron/api/extensions.py:156}}
Apr 18 18:02:06.807786 np0000167493 devstack@neutron-api.service[104460]: DEBUG neutron.api.extensions [None req-54251501-75af-4800-8d52-6df3b9ed3023 None None] Extended resource: routers {{(pid=104460) __init__ /opt/stack/neutron/neutron/api/extensions.py:156}}
Apr 18 18:02:06.808124 np0000167493 devstack@neutron-api.service[104461]: INFO neutron.quota.resource_registry [None req-72ab1f49-1f13-4201-993f-f9edaf6c1fbe None None] Creating instance of CountableResource for resource:rbac_policy
Apr 18 18:02:06.808209 np0000167493 devstack@neutron-api.service[104461]: WARNING neutron.quota.resource_registry [None req-72ab1f49-1f13-4201-993f-f9edaf6c1fbe None None] rbac_policy is already registered
Apr 18 18:02:06.808755 np0000167493 devstack@neutron-api.service[104460]: DEBUG neutron.api.extensions [None req-54251501-75af-4800-8d52-6df3b9ed3023 None None] Extended resource: floatingips {{(pid=104460) __init__ /opt/stack/neutron/neutron/api/extensions.py:156}}
Apr 18 18:02:06.808897 np0000167493 devstack@neutron-api.service[104461]: INFO neutron.quota.resource_registry [None req-72ab1f49-1f13-4201-993f-f9edaf6c1fbe None None] Creating instance of TrackedResource for resource:security_group
Apr 18 18:02:06.809036 np0000167493 devstack@neutron-api.service[104461]: WARNING neutron.quota.resource_registry [None req-72ab1f49-1f13-4201-993f-f9edaf6c1fbe None None] security_group is already registered
