Apr 21 15:04:22.213228 np0000168771 neutron-periodic-workers[105724]: DEBUG cotyledon.oslo_config_glue [-] ml2.overlay_ip_version = 4 {{(pid=105724) log_opt_values /opt/stack/data/venv/lib/python3.12/site-packages/oslo_config/cfg.py:3006}}
Apr 21 15:04:22.213228 np0000168771 neutron-periodic-workers[105724]: DEBUG cotyledon.oslo_config_glue [-] ml2.path_mtu = 0 {{(pid=105724) log_opt_values /opt/stack/data/venv/lib/python3.12/site-packages/oslo_config/cfg.py:3006}}
Apr 21 15:04:22.213228 np0000168771 neutron-periodic-workers[105724]: DEBUG cotyledon.oslo_config_glue [-] ml2.physical_network_mtus = {} {{(pid=105724) log_opt_values /opt/stack/data/venv/lib/python3.12/site-packages/oslo_config/cfg.py:3006}}
Apr 21 15:04:22.213228 np0000168771 neutron-periodic-workers[105724]: DEBUG cotyledon.oslo_config_glue [-] ml2.project_network_types = ['geneve'] {{(pid=105724) log_opt_values /opt/stack/data/venv/lib/python3.12/site-packages/oslo_config/cfg.py:3006}}
Apr 21 15:04:22.213228 np0000168771 neutron-periodic-workers[105724]: DEBUG cotyledon.oslo_config_glue [-] ml2.tunnelled_network_rp_name = rp_tunnelled {{(pid=105724) log_opt_values /opt/stack/data/venv/lib/python3.12/site-packages/oslo_config/cfg.py:3006}}
Apr 21 15:04:22.213228 np0000168771 neutron-periodic-workers[105724]: DEBUG cotyledon.oslo_config_glue [-] ml2.type_drivers = ['local', 'flat', 'vlan', 'geneve'] {{(pid=105724) log_opt_values /opt/stack/data/venv/lib/python3.12/site-packages/oslo_config/cfg.py:3006}}
Apr 21 15:04:22.213228 np0000168771 neutron-periodic-workers[105724]: DEBUG cotyledon.oslo_config_glue [-] ml2_type_flat.flat_networks = ['public'] {{(pid=105724) log_opt_values /opt/stack/data/venv/lib/python3.12/site-packages/oslo_config/cfg.py:3006}}
Apr 21 15:04:22.213228 np0000168771 neutron-periodic-workers[105724]: DEBUG cotyledon.oslo_config_glue [-] ml2_type_geneve.max_header_size = 38 {{(pid=105724) log_opt_values /opt/stack/data/venv/lib/python3.12/site-packages/oslo_config/cfg.py:3006}}
Apr 21 15:04:22.213766 np0000168771 neutron-periodic-workers[105724]: DEBUG cotyledon.oslo_config_glue [-] ml2_type_geneve.vni_ranges = ['1:65536'] {{(pid=105724) log_opt_values /opt/stack/data/venv/lib/python3.12/site-packages/oslo_config/cfg.py:3006}}
Apr 21 15:04:22.213766 np0000168771 neutron-periodic-workers[105724]: DEBUG cotyledon.oslo_config_glue [-] ml2_type_vlan.network_vlan_ranges = ['public'] {{(pid=105724) log_opt_values /opt/stack/data/venv/lib/python3.12/site-packages/oslo_config/cfg.py:3006}}
Apr 21 15:04:22.213766 np0000168771 neutron-periodic-workers[105724]: DEBUG cotyledon.oslo_config_glue [-] network_log.burst_limit = 25 {{(pid=105724) log_opt_values /opt/stack/data/venv/lib/python3.12/site-packages/oslo_config/cfg.py:3006}}
Apr 21 15:04:22.213766 np0000168771 neutron-periodic-workers[105724]: DEBUG cotyledon.oslo_config_glue [-] network_log.local_output_log_base = None {{(pid=105724) log_opt_values /opt/stack/data/venv/lib/python3.12/site-packages/oslo_config/cfg.py:3006}}
Apr 21 15:04:22.213766 np0000168771 neutron-periodic-workers[105724]: DEBUG cotyledon.oslo_config_glue [-] network_log.rate_limit = 100 {{(pid=105724) log_opt_values /opt/stack/data/venv/lib/python3.12/site-packages/oslo_config/cfg.py:3006}}
Apr 21 15:04:22.213766 np0000168771 neutron-periodic-workers[105724]: DEBUG cotyledon.oslo_config_glue [-] database.asyncio_connection = **** {{(pid=105724) log_opt_values /opt/stack/data/venv/lib/python3.12/site-packages/oslo_config/cfg.py:3006}}
Apr 21 15:04:22.213766 np0000168771 neutron-periodic-workers[105724]: DEBUG cotyledon.oslo_config_glue [-] database.asyncio_slave_connection = **** {{(pid=105724) log_opt_values /opt/stack/data/venv/lib/python3.12/site-packages/oslo_config/cfg.py:3006}}
Apr 21 15:04:22.213766 np0000168771 neutron-periodic-workers[105724]: DEBUG cotyledon.oslo_config_glue [-] database.backend = sqlalchemy {{(pid=105724) log_opt_values /opt/stack/data/venv/lib/python3.12/site-packages/oslo_config/cfg.py:3006}}
Apr 21 15:04:22.213766 np0000168771 neutron-periodic-workers[105724]: DEBUG cotyledon.oslo_config_glue [-] database.connection = **** {{(pid=105724) log_opt_values /opt/stack/data/venv/lib/python3.12/site-packages/oslo_config/cfg.py:3006}}
Apr 21 15:04:22.214261 np0000168771 neutron-periodic-workers[105724]: DEBUG cotyledon.oslo_config_glue [-] database.connection_debug = 0 {{(pid=105724) log_opt_values /opt/stack/data/venv/lib/python3.12/site-packages/oslo_config/cfg.py:3006}}
Apr 21 15:04:22.214261 np0000168771 neutron-periodic-workers[105724]: DEBUG cotyledon.oslo_config_glue [-] database.connection_parameters = {{(pid=105724) log_opt_values /opt/stack/data/venv/lib/python3.12/site-packages/oslo_config/cfg.py:3006}}
Apr 21 15:04:22.214261 np0000168771 neutron-periodic-workers[105724]: DEBUG cotyledon.oslo_config_glue [-] database.connection_recycle_time = 3600 {{(pid=105724) log_opt_values /opt/stack/data/venv/lib/python3.12/site-packages/oslo_config/cfg.py:3006}}
Apr 21 15:04:22.214261 np0000168771 neutron-periodic-workers[105724]: DEBUG cotyledon.oslo_config_glue [-] database.connection_trace = False {{(pid=105724) log_opt_values /opt/stack/data/venv/lib/python3.12/site-packages/oslo_config/cfg.py:3006}}
Apr 21 15:04:22.214261 np0000168771 neutron-periodic-workers[105724]: DEBUG cotyledon.oslo_config_glue [-] database.db_inc_retry_interval = True {{(pid=105724) log_opt_values /opt/stack/data/venv/lib/python3.12/site-packages/oslo_config/cfg.py:3006}}
Apr 21 15:04:22.214261 np0000168771 neutron-periodic-workers[105724]: DEBUG cotyledon.oslo_config_glue [-] database.db_max_retries = 20 {{(pid=105724) log_opt_values /opt/stack/data/venv/lib/python3.12/site-packages/oslo_config/cfg.py:3006}}
Apr 21 15:04:22.214261 np0000168771 neutron-periodic-workers[105724]: DEBUG cotyledon.oslo_config_glue [-] database.db_max_retry_interval = 10 {{(pid=105724) log_opt_values /opt/stack/data/venv/lib/python3.12/site-packages/oslo_config/cfg.py:3006}}
Apr 21 15:04:22.214261 np0000168771 neutron-periodic-workers[105724]: DEBUG cotyledon.oslo_config_glue [-] database.db_retry_interval = 1 {{(pid=105724) log_opt_values /opt/stack/data/venv/lib/python3.12/site-packages/oslo_config/cfg.py:3006}}
Apr 21 15:04:22.214261 np0000168771 neutron-periodic-workers[105724]: DEBUG cotyledon.oslo_config_glue [-] database.max_overflow = 50 {{(pid=105724) log_opt_values /opt/stack/data/venv/lib/python3.12/site-packages/oslo_config/cfg.py:3006}}
Apr 21 15:04:22.214989 np0000168771 neutron-periodic-workers[105724]: DEBUG cotyledon.oslo_config_glue [-] database.max_pool_size = 5 {{(pid=105724) log_opt_values /opt/stack/data/venv/lib/python3.12/site-packages/oslo_config/cfg.py:3006}}
Apr 21 15:04:22.214989 np0000168771 neutron-periodic-workers[105724]: DEBUG cotyledon.oslo_config_glue [-] database.max_retries = 10 {{(pid=105724) log_opt_values /opt/stack/data/venv/lib/python3.12/site-packages/oslo_config/cfg.py:3006}}
Apr 21 15:04:22.214989 np0000168771 neutron-periodic-workers[105724]: DEBUG cotyledon.oslo_config_glue [-] database.mysql_sql_mode = TRADITIONAL {{(pid=105724) log_opt_values /opt/stack/data/venv/lib/python3.12/site-packages/oslo_config/cfg.py:3006}}
Apr 21 15:04:22.214989 np0000168771 neutron-periodic-workers[105724]: DEBUG cotyledon.oslo_config_glue [-] database.mysql_wsrep_sync_wait = None {{(pid=105724) log_opt_values /opt/stack/data/venv/lib/python3.12/site-packages/oslo_config/cfg.py:3006}}
Apr 21 15:04:22.214989 np0000168771 neutron-periodic-workers[105724]: DEBUG cotyledon.oslo_config_glue [-] database.pool_timeout = None {{(pid=105724) log_opt_values /opt/stack/data/venv/lib/python3.12/site-packages/oslo_config/cfg.py:3006}}
Apr 21 15:04:22.214989 np0000168771 neutron-periodic-workers[105724]: DEBUG cotyledon.oslo_config_glue [-] database.retry_interval = 10 {{(pid=105724) log_opt_values /opt/stack/data/venv/lib/python3.12/site-packages/oslo_config/cfg.py:3006}}
Apr 21 15:04:22.214989 np0000168771 neutron-periodic-workers[105724]: DEBUG cotyledon.oslo_config_glue [-] database.slave_connection = **** {{(pid=105724) log_opt_values /opt/stack/data/venv/lib/python3.12/site-packages/oslo_config/cfg.py:3006}}
Apr 21 15:04:22.214989 np0000168771 neutron-periodic-workers[105724]: DEBUG cotyledon.oslo_config_glue [-] database.sqlite_synchronous = True {{(pid=105724) log_opt_values /opt/stack/data/venv/lib/python3.12/site-packages/oslo_config/cfg.py:3006}}
Apr 21 15:04:22.214989 np0000168771 neutron-periodic-workers[105724]: DEBUG cotyledon.oslo_config_glue [-] database.synchronous_reader = True {{(pid=105724) log_opt_values /opt/stack/data/venv/lib/python3.12/site-packages/oslo_config/cfg.py:3006}}
Apr 21 15:04:22.215521 np0000168771 neutron-periodic-workers[105724]: DEBUG cotyledon.oslo_config_glue [-] database.use_db_reconnect = False {{(pid=105724) log_opt_values /opt/stack/data/venv/lib/python3.12/site-packages/oslo_config/cfg.py:3006}}
Apr 21 15:04:22.215521 np0000168771 neutron-periodic-workers[105724]: DEBUG cotyledon.oslo_config_glue [-] ovn.bfd_min_rx = 1000 {{(pid=105724) log_opt_values /opt/stack/data/venv/lib/python3.12/site-packages/oslo_config/cfg.py:3006}}
Apr 21 15:04:22.215521 np0000168771 neutron-periodic-workers[105724]: DEBUG cotyledon.oslo_config_glue [-] ovn.bfd_min_tx = 100 {{(pid=105724) log_opt_values /opt/stack/data/venv/lib/python3.12/site-packages/oslo_config/cfg.py:3006}}
Apr 21 15:04:22.215521 np0000168771 neutron-periodic-workers[105724]: DEBUG cotyledon.oslo_config_glue [-] ovn.bfd_mult = 3 {{(pid=105724) log_opt_values /opt/stack/data/venv/lib/python3.12/site-packages/oslo_config/cfg.py:3006}}
Apr 21 15:04:22.215521 np0000168771 neutron-periodic-workers[105724]: DEBUG cotyledon.oslo_config_glue [-] ovn.broadcast_arps_to_all_routers = True {{(pid=105724) log_opt_values /opt/stack/data/venv/lib/python3.12/site-packages/oslo_config/cfg.py:3006}}
Apr 21 15:04:22.215521 np0000168771 neutron-periodic-workers[105724]: DEBUG cotyledon.oslo_config_glue [-] ovn.dhcp_default_lease_time = 43200 {{(pid=105724) log_opt_values /opt/stack/data/venv/lib/python3.12/site-packages/oslo_config/cfg.py:3006}}
Apr 21 15:04:22.215521 np0000168771 neutron-periodic-workers[105724]: DEBUG cotyledon.oslo_config_glue [-] ovn.disable_ovn_dhcp_for_baremetal_ports = False {{(pid=105724) log_opt_values /opt/stack/data/venv/lib/python3.12/site-packages/oslo_config/cfg.py:3006}}
Apr 21 15:04:22.215521 np0000168771 neutron-periodic-workers[105724]: DEBUG cotyledon.oslo_config_glue [-] ovn.dns_records_ovn_owned = False {{(pid=105724) log_opt_values /opt/stack/data/venv/lib/python3.12/site-packages/oslo_config/cfg.py:3006}}
Apr 21 15:04:22.215521 np0000168771 neutron-periodic-workers[105724]: DEBUG cotyledon.oslo_config_glue [-] ovn.dns_servers = [] {{(pid=105724) log_opt_values /opt/stack/data/venv/lib/python3.12/site-packages/oslo_config/cfg.py:3006}}
Apr 21 15:04:22.216615 np0000168771 neutron-periodic-workers[105724]: DEBUG cotyledon.oslo_config_glue [-] ovn.enable_distributed_floating_ip = False {{(pid=105724) log_opt_values /opt/stack/data/venv/lib/python3.12/site-packages/oslo_config/cfg.py:3006}}
Apr 21 15:04:22.216615 np0000168771 neutron-periodic-workers[105724]: DEBUG cotyledon.oslo_config_glue [-] ovn.fdb_age_threshold = 300 {{(pid=105724) log_opt_values /opt/stack/data/venv/lib/python3.12/site-packages/oslo_config/cfg.py:3006}}
Apr 21 15:04:22.216615 np0000168771 neutron-periodic-workers[105724]: DEBUG cotyledon.oslo_config_glue [-] ovn.ha_failover_strategy = normal {{(pid=105724) log_opt_values /opt/stack/data/venv/lib/python3.12/site-packages/oslo_config/cfg.py:3006}}
Apr 21 15:04:22.216615 np0000168771 neutron-periodic-workers[105724]: DEBUG cotyledon.oslo_config_glue [-] ovn.live_migration_activation_strategy = rarp {{(pid=105724) log_opt_values /opt/stack/data/venv/lib/python3.12/site-packages/oslo_config/cfg.py:3006}}
Apr 21 15:04:22.216615 np0000168771 neutron-periodic-workers[105724]: DEBUG cotyledon.oslo_config_glue [-] ovn.localnet_learn_fdb = False {{(pid=105724) log_opt_values /opt/stack/data/venv/lib/python3.12/site-packages/oslo_config/cfg.py:3006}}
Apr 21 15:04:22.216615 np0000168771 neutron-periodic-workers[105724]: DEBUG cotyledon.oslo_config_glue [-] ovn.mac_binding_age_threshold = 300 {{(pid=105724) log_opt_values /opt/stack/data/venv/lib/python3.12/site-packages/oslo_config/cfg.py:3006}}
Apr 21 15:04:22.216615 np0000168771 neutron-periodic-workers[105724]: DEBUG cotyledon.oslo_config_glue [-] ovn.neutron_sync_mode = log {{(pid=105724) log_opt_values /opt/stack/data/venv/lib/python3.12/site-packages/oslo_config/cfg.py:3006}}
Apr 21 15:04:22.216615 np0000168771 neutron-periodic-workers[105724]: DEBUG cotyledon.oslo_config_glue [-] ovn.ovn_dhcp4_global_options = {} {{(pid=105724) log_opt_values /opt/stack/data/venv/lib/python3.12/site-packages/oslo_config/cfg.py:3006}}
Apr 21 15:04:22.216615 np0000168771 neutron-periodic-workers[105724]: DEBUG cotyledon.oslo_config_glue [-] ovn.ovn_dhcp6_global_options = {} {{(pid=105724) log_opt_values /opt/stack/data/venv/lib/python3.12/site-packages/oslo_config/cfg.py:3006}}
Apr 21 15:04:22.217254 np0000168771 neutron-periodic-workers[105724]: DEBUG cotyledon.oslo_config_glue [-] ovn.ovn_l3_scheduler = leastloaded {{(pid=105724) log_opt_values /opt/stack/data/venv/lib/python3.12/site-packages/oslo_config/cfg.py:3006}}
Apr 21 15:04:22.217254 np0000168771 neutron-periodic-workers[105724]: DEBUG cotyledon.oslo_config_glue [-] ovn.ovn_metadata_enabled = True {{(pid=105724) log_opt_values /opt/stack/data/venv/lib/python3.12/site-packages/oslo_config/cfg.py:3006}}
Apr 21 15:04:22.217254 np0000168771 neutron-periodic-workers[105724]: DEBUG cotyledon.oslo_config_glue [-] ovn.ovn_nb_ca_cert = /opt/stack/data/CA/int-ca/ca-chain.pem {{(pid=105724) log_opt_values /opt/stack/data/venv/lib/python3.12/site-packages/oslo_config/cfg.py:3006}}
Apr 21 15:04:22.217254 np0000168771 neutron-periodic-workers[105724]: DEBUG cotyledon.oslo_config_glue [-] ovn.ovn_nb_certificate = /opt/stack/data/CA/int-ca/devstack-cert.crt {{(pid=105724) log_opt_values /opt/stack/data/venv/lib/python3.12/site-packages/oslo_config/cfg.py:3006}}
Apr 21 15:04:22.217254 np0000168771 neutron-periodic-workers[105724]: DEBUG cotyledon.oslo_config_glue [-] ovn.ovn_nb_connection = ['ssl:199.204.45.205:6641'] {{(pid=105724) log_opt_values /opt/stack/data/venv/lib/python3.12/site-packages/oslo_config/cfg.py:3006}}
Apr 21 15:04:22.217254 np0000168771 neutron-periodic-workers[105724]: DEBUG cotyledon.oslo_config_glue [-] ovn.ovn_nb_private_key = /opt/stack/data/CA/int-ca/private/devstack-cert.key {{(pid=105724) log_opt_values /opt/stack/data/venv/lib/python3.12/site-packages/oslo_config/cfg.py:3006}}
Apr 21 15:04:22.217254 np0000168771 neutron-periodic-workers[105724]: DEBUG cotyledon.oslo_config_glue [-] ovn.ovn_router_indirect_snat = False {{(pid=105724) log_opt_values /opt/stack/data/venv/lib/python3.12/site-packages/oslo_config/cfg.py:3006}}
Apr 21 15:04:22.217254 np0000168771 neutron-periodic-workers[105724]: DEBUG cotyledon.oslo_config_glue [-] ovn.ovn_sb_ca_cert = /opt/stack/data/CA/int-ca/ca-chain.pem {{(pid=105724) log_opt_values /opt/stack/data/venv/lib/python3.12/site-packages/oslo_config/cfg.py:3006}}
Apr 21 15:04:22.218079 np0000168771 neutron-periodic-workers[105724]: DEBUG cotyledon.oslo_config_glue [-] ovn.ovn_sb_certificate = /opt/stack/data/CA/int-ca/devstack-cert.crt {{(pid=105724) log_opt_values /opt/stack/data/venv/lib/python3.12/site-packages/oslo_config/cfg.py:3006}}
Apr 21 15:04:22.218079 np0000168771 neutron-periodic-workers[105724]: DEBUG cotyledon.oslo_config_glue [-] ovn.ovn_sb_connection = ['ssl:199.204.45.205:6642'] {{(pid=105724) log_opt_values /opt/stack/data/venv/lib/python3.12/site-packages/oslo_config/cfg.py:3006}}
Apr 21 15:04:22.218079 np0000168771 neutron-periodic-workers[105724]: DEBUG cotyledon.oslo_config_glue [-] ovn.ovn_sb_private_key = /opt/stack/data/CA/int-ca/private/devstack-cert.key {{(pid=105724) log_opt_values /opt/stack/data/venv/lib/python3.12/site-packages/oslo_config/cfg.py:3006}}
Apr 21 15:04:22.218079 np0000168771 neutron-periodic-workers[105724]: DEBUG cotyledon.oslo_config_glue [-] ovn.ovs_create_tap = False {{(pid=105724) log_opt_values /opt/stack/data/venv/lib/python3.12/site-packages/oslo_config/cfg.py:3006}}
Apr 21 15:04:22.218079 np0000168771 neutron-periodic-workers[105724]: DEBUG cotyledon.oslo_config_glue [-] ovn.ovsdb_connection_timeout = 180 {{(pid=105724) log_opt_values /opt/stack/data/venv/lib/python3.12/site-packages/oslo_config/cfg.py:3006}}
Apr 21 15:04:22.218079 np0000168771 neutron-periodic-workers[105724]: DEBUG cotyledon.oslo_config_glue [-] ovn.ovsdb_log_level = INFO {{(pid=105724) log_opt_values /opt/stack/data/venv/lib/python3.12/site-packages/oslo_config/cfg.py:3006}}
Apr 21 15:04:22.218079 np0000168771 neutron-periodic-workers[105724]: DEBUG cotyledon.oslo_config_glue [-] ovn.ovsdb_probe_interval = 60000 {{(pid=105724) log_opt_values /opt/stack/data/venv/lib/python3.12/site-packages/oslo_config/cfg.py:3006}}
Apr 21 15:04:22.218079 np0000168771 neutron-periodic-workers[105724]: DEBUG cotyledon.oslo_config_glue [-] ovn.ovsdb_retry_max_interval = 180 {{(pid=105724) log_opt_values /opt/stack/data/venv/lib/python3.12/site-packages/oslo_config/cfg.py:3006}}
Apr 21 15:04:22.218079 np0000168771 neutron-periodic-workers[105724]: DEBUG cotyledon.oslo_config_glue [-] ovn.stateless_nat_enabled = False {{(pid=105724) log_opt_values /opt/stack/data/venv/lib/python3.12/site-packages/oslo_config/cfg.py:3006}}
Apr 21 15:04:22.218862 np0000168771 neutron-periodic-workers[105724]: DEBUG cotyledon.oslo_config_glue [-] ovn.vhost_sock_dir = /var/run/openvswitch {{(pid=105724) log_opt_values /opt/stack/data/venv/lib/python3.12/site-packages/oslo_config/cfg.py:3006}}
Apr 21 15:04:22.218862 np0000168771 neutron-periodic-workers[105724]: DEBUG cotyledon.oslo_config_glue [-] OVS.bridge_mac_table_size = 50000 {{(pid=105724) log_opt_values /opt/stack/data/venv/lib/python3.12/site-packages/oslo_config/cfg.py:3006}}
Apr 21 15:04:22.218862 np0000168771 neutron-periodic-workers[105724]: DEBUG cotyledon.oslo_config_glue [-] OVS.igmp_flood = False {{(pid=105724) log_opt_values /opt/stack/data/venv/lib/python3.12/site-packages/oslo_config/cfg.py:3006}}
Apr 21 15:04:22.218862 np0000168771 neutron-periodic-workers[105724]: DEBUG cotyledon.oslo_config_glue [-] OVS.igmp_flood_reports = True {{(pid=105724) log_opt_values /opt/stack/data/venv/lib/python3.12/site-packages/oslo_config/cfg.py:3006}}
Apr 21 15:04:22.218862 np0000168771 neutron-periodic-workers[105724]: DEBUG cotyledon.oslo_config_glue [-] OVS.igmp_flood_unregistered = False {{(pid=105724) log_opt_values /opt/stack/data/venv/lib/python3.12/site-packages/oslo_config/cfg.py:3006}}
Apr 21 15:04:22.218862 np0000168771 neutron-periodic-workers[105724]: DEBUG cotyledon.oslo_config_glue [-] OVS.igmp_snooping_enable = False {{(pid=105724) log_opt_values /opt/stack/data/venv/lib/python3.12/site-packages/oslo_config/cfg.py:3006}}
Apr 21 15:04:22.218862 np0000168771 neutron-periodic-workers[105724]: DEBUG cotyledon.oslo_config_glue [-] OVS.ovsdb_timeout = 10 {{(pid=105724) log_opt_values /opt/stack/data/venv/lib/python3.12/site-packages/oslo_config/cfg.py:3006}}
Apr 21 15:04:22.218862 np0000168771 neutron-periodic-workers[105724]: DEBUG cotyledon.oslo_config_glue [-] ovn_nb_global.fdb_removal_limit = 0 {{(pid=105724) log_opt_values /opt/stack/data/venv/lib/python3.12/site-packages/oslo_config/cfg.py:3006}}
Apr 21 15:04:22.218862 np0000168771 neutron-periodic-workers[105724]: DEBUG cotyledon.oslo_config_glue [-] ovn_nb_global.ignore_lsp_down = False {{(pid=105724) log_opt_values /opt/stack/data/venv/lib/python3.12/site-packages/oslo_config/cfg.py:3006}}
Apr 21 15:04:22.219514 np0000168771 neutron-periodic-workers[105724]: DEBUG cotyledon.oslo_config_glue [-] ovn_nb_global.mac_binding_removal_limit = 0 {{(pid=105724) log_opt_values /opt/stack/data/venv/lib/python3.12/site-packages/oslo_config/cfg.py:3006}}
Apr 21 15:04:22.219514 np0000168771 neutron-periodic-workers[105724]: DEBUG cotyledon.oslo_config_glue [-] ******************************************************************************** {{(pid=105724) log_opt_values /opt/stack/data/venv/lib/python3.12/site-packages/oslo_config/cfg.py:3013}}
Apr 21 15:04:22.219514 np0000168771 neutron-periodic-workers[105724]: DEBUG cotyledon._service_worker [-] Run service ServiceWrapper(0) [105724] {{(pid=105724) wait_forever /opt/stack/data/venv/lib/python3.12/site-packages/cotyledon/_service_worker.py:218}}
Apr 21 15:04:31.854365 np0000168771 neutron-periodic-workers[105051]: DEBUG dbcounter [-] [105051] Writing DB stats neutron:SELECT=4 {{(pid=105051) stat_writer /opt/stack/data/venv/lib/python3.12/site-packages/dbcounter.py:115}}
Apr 21 15:05:08.202999 np0000168771 neutron-periodic-workers[105713]: DEBUG oslo_db.sqlalchemy.engines [None req-4389b4e2-58ae-4432-9a9d-0e3de6442143 None None] Parent process 105051 forked (105713) with an open database connection, which is being discarded and recreated. {{(pid=105713) checkout /opt/stack/data/venv/lib/python3.12/site-packages/oslo_db/sqlalchemy/engines.py:402}}
Apr 21 15:05:08.211305 np0000168771 neutron-periodic-workers[105713]: DEBUG dbcounter [-] [105713] Writer thread running {{(pid=105713) stat_writer /opt/stack/data/venv/lib/python3.12/site-packages/dbcounter.py:102}}
Apr 21 15:05:08.214722 np0000168771 neutron-periodic-workers[105713]: DEBUG neutron.db.agents_db [None req-4389b4e2-58ae-4432-9a9d-0e3de6442143 None None] Agent healthcheck: found 0 active agents {{(pid=105713) agent_health_check /opt/stack/neutron/neutron/db/agents_db.py:317}}
Apr 21 15:05:08.214923 np0000168771 neutron-periodic-workers[105713]: DEBUG oslo.service.backend._threading.loopingcall [None req-4389b4e2-58ae-4432-9a9d-0e3de6442143 None None] Fixed interval looping call 'neutron.plugins.ml2.plugin.AgentDbMixin.agent_health_check' sleeping for 36.98 seconds {{(pid=105713) _run_loop /opt/stack/data/venv/lib/python3.12/site-packages/oslo_service/backend/_threading/loopingcall.py:125}}
Apr 21 15:05:18.212022 np0000168771 neutron-periodic-workers[105713]: DEBUG dbcounter [-] [105713] Writing DB stats neutron:SELECT=1 {{(pid=105713) stat_writer /opt/stack/data/venv/lib/python3.12/site-packages/dbcounter.py:115}}
Apr 21 15:05:25.186097 np0000168771 neutron-periodic-workers[105705]: DEBUG dbcounter [-] [105705] Writer thread running {{(pid=105705) stat_writer /opt/stack/data/venv/lib/python3.12/site-packages/dbcounter.py:102}}
Apr 21 15:05:25.196093 np0000168771 neutron-periodic-workers[105705]: DEBUG oslo.service.backend._threading.loopingcall [None req-6b208f32-78bc-4baf-9918-a92fe22ce2a7 None None] Fixed interval looping call 'neutron.plugins.ml2.plugin.DhcpAgentSchedulerDbMixin.remove_networks_from_down_agents' sleeping for 36.97 seconds {{(pid=105705) _run_loop /opt/stack/data/venv/lib/python3.12/site-packages/oslo_service/backend/_threading/loopingcall.py:125}}
Apr 21 15:05:35.194921 np0000168771 neutron-periodic-workers[105705]: DEBUG dbcounter [-] [105705] Writing DB stats neutron:SELECT=3 {{(pid=105705) stat_writer /opt/stack/data/venv/lib/python3.12/site-packages/dbcounter.py:115}}
Apr 21 15:05:45.201516 np0000168771 neutron-periodic-workers[105713]: DEBUG neutron.db.agents_db [None req-4389b4e2-58ae-4432-9a9d-0e3de6442143 None None] Agent healthcheck: found 0 active agents {{(pid=105713) agent_health_check /opt/stack/neutron/neutron/db/agents_db.py:317}}
Apr 21 15:05:45.202305 np0000168771 neutron-periodic-workers[105713]: DEBUG oslo.service.backend._threading.loopingcall [None req-4389b4e2-58ae-4432-9a9d-0e3de6442143 None None] Fixed interval looping call 'neutron.plugins.ml2.plugin.AgentDbMixin.agent_health_check' sleeping for 36.99 seconds {{(pid=105713) _run_loop /opt/stack/data/venv/lib/python3.12/site-packages/oslo_service/backend/_threading/loopingcall.py:125}}
Apr 21 15:05:55.200287 np0000168771 neutron-periodic-workers[105713]: DEBUG dbcounter [-] [105713] Writing DB stats neutron:SELECT=1 {{(pid=105713) stat_writer /opt/stack/data/venv/lib/python3.12/site-packages/dbcounter.py:115}}
Apr 21 15:06:02.178458 np0000168771 neutron-periodic-workers[105705]: DEBUG oslo.service.backend._threading.loopingcall [None req-6b208f32-78bc-4baf-9918-a92fe22ce2a7 None None] Fixed interval looping call 'neutron.plugins.ml2.plugin.DhcpAgentSchedulerDbMixin.remove_networks_from_down_agents' sleeping for 36.99 seconds {{(pid=105705) _run_loop /opt/stack/data/venv/lib/python3.12/site-packages/oslo_service/backend/_threading/loopingcall.py:125}}
Apr 21 15:06:12.176213 np0000168771 neutron-periodic-workers[105705]: DEBUG dbcounter [-] [105705] Writing DB stats neutron:SELECT=3 {{(pid=105705) stat_writer /opt/stack/data/venv/lib/python3.12/site-packages/dbcounter.py:115}}
Apr 21 15:06:22.197000 np0000168771 neutron-periodic-workers[105713]: DEBUG neutron.db.agents_db [None req-4389b4e2-58ae-4432-9a9d-0e3de6442143 None None] Agent healthcheck: found 0 active agents {{(pid=105713) agent_health_check /opt/stack/neutron/neutron/db/agents_db.py:317}}
Apr 21 15:06:22.197000 np0000168771 neutron-periodic-workers[105713]: DEBUG oslo.service.backend._threading.loopingcall [None req-4389b4e2-58ae-4432-9a9d-0e3de6442143 None None] Fixed interval looping call 'neutron.plugins.ml2.plugin.AgentDbMixin.agent_health_check' sleeping for 37.00 seconds {{(pid=105713) _run_loop /opt/stack/data/venv/lib/python3.12/site-packages/oslo_service/backend/_threading/loopingcall.py:125}}
Apr 21 15:06:22.225505 np0000168771 neutron-periodic-workers[105724]: DEBUG dbcounter [-] [105724] Writer thread running {{(pid=105724) stat_writer /opt/stack/data/venv/lib/python3.12/site-packages/dbcounter.py:102}}
Apr 21 15:06:22.227232 np0000168771 neutron-periodic-workers[105724]: DEBUG oslo.service.backend._threading.loopingcall [None req-5c10803f-eb3f-483d-bd43-f1fc1709e022 None None] Fixed interval looping call 'neutron.db.quota.driver_nolock.DbQuotaNoLockDriver._remove_expired_reservations' sleeping for 119.98 seconds {{(pid=105724) _run_loop /opt/stack/data/venv/lib/python3.12/site-packages/oslo_service/backend/_threading/loopingcall.py:125}}
Apr 21 15:06:32.195118 np0000168771 neutron-periodic-workers[105713]: DEBUG dbcounter [-] [105713] Writing DB stats neutron:SELECT=1 {{(pid=105713) stat_writer /opt/stack/data/venv/lib/python3.12/site-packages/dbcounter.py:115}}
Apr 21 15:06:32.226087 np0000168771 neutron-periodic-workers[105724]: DEBUG dbcounter [-] [105724] Writing DB stats neutron:DELETE=1 {{(pid=105724) stat_writer /opt/stack/data/venv/lib/python3.12/site-packages/dbcounter.py:115}}
Apr 21 15:06:39.178480 np0000168771 neutron-periodic-workers[105705]: DEBUG oslo.service.backend._threading.loopingcall [None req-6b208f32-78bc-4baf-9918-a92fe22ce2a7 None None] Fixed interval looping call 'neutron.plugins.ml2.plugin.DhcpAgentSchedulerDbMixin.remove_networks_from_down_agents' sleeping for 36.99 seconds {{(pid=105705) _run_loop /opt/stack/data/venv/lib/python3.12/site-packages/oslo_service/backend/_threading/loopingcall.py:125}}
Apr 21 15:06:49.177867 np0000168771 neutron-periodic-workers[105705]: DEBUG dbcounter [-] [105705] Writing DB stats neutron:SELECT=3 {{(pid=105705) stat_writer /opt/stack/data/venv/lib/python3.12/site-packages/dbcounter.py:115}}
Apr 21 15:06:59.202176 np0000168771 neutron-periodic-workers[105713]: DEBUG neutron.db.agents_db [None req-4389b4e2-58ae-4432-9a9d-0e3de6442143 None None] Agent healthcheck: found 0 active agents {{(pid=105713) agent_health_check /opt/stack/neutron/neutron/db/agents_db.py:317}}
Apr 21 15:06:59.202795 np0000168771 neutron-periodic-workers[105713]: DEBUG oslo.service.backend._threading.loopingcall [None req-4389b4e2-58ae-4432-9a9d-0e3de6442143 None None] Fixed interval looping call 'neutron.plugins.ml2.plugin.AgentDbMixin.agent_health_check' sleeping for 36.99 seconds {{(pid=105713) _run_loop /opt/stack/data/venv/lib/python3.12/site-packages/oslo_service/backend/_threading/loopingcall.py:125}}
Apr 21 15:07:09.202632 np0000168771 neutron-periodic-workers[105713]: DEBUG dbcounter [-] [105713] Writing DB stats neutron:SELECT=1 {{(pid=105713) stat_writer /opt/stack/data/venv/lib/python3.12/site-packages/dbcounter.py:115}}
Apr 21 15:07:16.180031 np0000168771 neutron-periodic-workers[105705]: DEBUG oslo.service.backend._threading.loopingcall [None req-6b208f32-78bc-4baf-9918-a92fe22ce2a7 None None] Fixed interval looping call 'neutron.plugins.ml2.plugin.DhcpAgentSchedulerDbMixin.remove_networks_from_down_agents' sleeping for 36.99 seconds {{(pid=105705) _run_loop /opt/stack/data/venv/lib/python3.12/site-packages/oslo_service/backend/_threading/loopingcall.py:125}}
Apr 21 15:07:26.178552 np0000168771 neutron-periodic-workers[105705]: DEBUG dbcounter [-] [105705] Writing DB stats neutron:SELECT=3 {{(pid=105705) stat_writer /opt/stack/data/venv/lib/python3.12/site-packages/dbcounter.py:115}}
Apr 21 15:07:36.197425 np0000168771 neutron-periodic-workers[105713]: DEBUG neutron.db.agents_db [None req-4389b4e2-58ae-4432-9a9d-0e3de6442143 None None] Agent healthcheck: found 0 active agents {{(pid=105713) agent_health_check /opt/stack/neutron/neutron/db/agents_db.py:317}}
Apr 21 15:07:36.197846 np0000168771 neutron-periodic-workers[105713]: DEBUG oslo.service.backend._threading.loopingcall [None req-4389b4e2-58ae-4432-9a9d-0e3de6442143 None None] Fixed interval looping call 'neutron.plugins.ml2.plugin.AgentDbMixin.agent_health_check' sleeping for 36.99 seconds {{(pid=105713) _run_loop /opt/stack/data/venv/lib/python3.12/site-packages/oslo_service/backend/_threading/loopingcall.py:125}}
Apr 21 15:07:46.195801 np0000168771 neutron-periodic-workers[105713]: DEBUG dbcounter [-] [105713] Writing DB stats neutron:SELECT=1 {{(pid=105713) stat_writer /opt/stack/data/venv/lib/python3.12/site-packages/dbcounter.py:115}}
Apr 21 15:07:53.180685 np0000168771 neutron-periodic-workers[105705]: DEBUG oslo.service.backend._threading.loopingcall [None req-6b208f32-78bc-4baf-9918-a92fe22ce2a7 None None] Fixed interval looping call 'neutron.plugins.ml2.plugin.DhcpAgentSchedulerDbMixin.remove_networks_from_down_agents' sleeping for 36.99 seconds {{(pid=105705) _run_loop /opt/stack/data/venv/lib/python3.12/site-packages/oslo_service/backend/_threading/loopingcall.py:125}}
Apr 21 15:08:03.177911 np0000168771 neutron-periodic-workers[105705]: DEBUG dbcounter [-] [105705] Writing DB stats neutron:SELECT=3 {{(pid=105705) stat_writer /opt/stack/data/venv/lib/python3.12/site-packages/dbcounter.py:115}}
Apr 21 15:08:13.194081 np0000168771 neutron-periodic-workers[105713]: DEBUG neutron.db.agents_db [None req-4389b4e2-58ae-4432-9a9d-0e3de6442143 None None] Agent healthcheck: found 0 active agents {{(pid=105713) agent_health_check /opt/stack/neutron/neutron/db/agents_db.py:317}}
Apr 21 15:08:13.194738 np0000168771 neutron-periodic-workers[105713]: DEBUG oslo.service.backend._threading.loopingcall [None req-4389b4e2-58ae-4432-9a9d-0e3de6442143 None None] Fixed interval looping call 'neutron.plugins.ml2.plugin.AgentDbMixin.agent_health_check' sleeping for 36.99 seconds {{(pid=105713) _run_loop /opt/stack/data/venv/lib/python3.12/site-packages/oslo_service/backend/_threading/loopingcall.py:125}}
Apr 21 15:08:17.213918 np0000168771 neutron-periodic-workers[105697]: DEBUG dbcounter [-] [105697] Writer thread running {{(pid=105697) stat_writer /opt/stack/data/venv/lib/python3.12/site-packages/dbcounter.py:102}}
Apr 21 15:08:17.272614 np0000168771 neutron-periodic-workers[105697]: DEBUG oslo.service.backend._threading.loopingcall [None req-45a8828a-c824-414c-8077-8738958bba8a None None] Fixed interval looping call 'neutron.services.ovn_l3.plugin.L3_NAT_dbonly_mixin._clean_garbage' sleeping for 299.96 seconds {{(pid=105697) _run_loop /opt/stack/data/venv/lib/python3.12/site-packages/oslo_service/backend/_threading/loopingcall.py:125}}
Apr 21 15:08:22.210626 np0000168771 neutron-periodic-workers[105724]: DEBUG oslo.service.backend._threading.loopingcall [None req-5c10803f-eb3f-483d-bd43-f1fc1709e022 None None] Fixed interval looping call 'neutron.db.quota.driver_nolock.DbQuotaNoLockDriver._remove_expired_reservations' sleeping for 120.00 seconds {{(pid=105724) _run_loop /opt/stack/data/venv/lib/python3.12/site-packages/oslo_service/backend/_threading/loopingcall.py:125}}
Apr 21 15:08:23.192208 np0000168771 neutron-periodic-workers[105713]: DEBUG dbcounter [-] [105713] Writing DB stats neutron:SELECT=1 {{(pid=105713) stat_writer /opt/stack/data/venv/lib/python3.12/site-packages/dbcounter.py:115}}
Apr 21 15:08:27.214854 np0000168771 neutron-periodic-workers[105697]: DEBUG dbcounter [-] [105697] Writing DB stats neutron:SELECT=1 {{(pid=105697) stat_writer /opt/stack/data/venv/lib/python3.12/site-packages/dbcounter.py:115}}
Apr 21 15:08:30.177554 np0000168771 neutron-periodic-workers[105705]: DEBUG oslo.service.backend._threading.loopingcall [None req-6b208f32-78bc-4baf-9918-a92fe22ce2a7 None None] Fixed interval looping call 'neutron.plugins.ml2.plugin.DhcpAgentSchedulerDbMixin.remove_networks_from_down_agents' sleeping for 36.99 seconds {{(pid=105705) _run_loop /opt/stack/data/venv/lib/python3.12/site-packages/oslo_service/backend/_threading/loopingcall.py:125}}
Apr 21 15:08:32.209660 np0000168771 neutron-periodic-workers[105724]: DEBUG dbcounter [-] [105724] Writing DB stats neutron:DELETE=1 {{(pid=105724) stat_writer /opt/stack/data/venv/lib/python3.12/site-packages/dbcounter.py:115}}
Apr 21 15:08:40.176893 np0000168771 neutron-periodic-workers[105705]: DEBUG dbcounter [-] [105705] Writing DB stats neutron:SELECT=3 {{(pid=105705) stat_writer /opt/stack/data/venv/lib/python3.12/site-packages/dbcounter.py:115}}
Apr 21 15:08:50.190066 np0000168771 neutron-periodic-workers[105713]: DEBUG neutron.db.agents_db [None req-4389b4e2-58ae-4432-9a9d-0e3de6442143 None None] Agent healthcheck: found 0 active agents {{(pid=105713) agent_health_check /opt/stack/neutron/neutron/db/agents_db.py:317}}
Apr 21 15:08:50.190751 np0000168771 neutron-periodic-workers[105713]: DEBUG oslo.service.backend._threading.loopingcall [None req-4389b4e2-58ae-4432-9a9d-0e3de6442143 None None] Fixed interval looping call 'neutron.plugins.ml2.plugin.AgentDbMixin.agent_health_check' sleeping for 36.99 seconds {{(pid=105713) _run_loop /opt/stack/data/venv/lib/python3.12/site-packages/oslo_service/backend/_threading/loopingcall.py:125}}
Apr 21 15:09:00.188420 np0000168771 neutron-periodic-workers[105713]: DEBUG dbcounter [-] [105713] Writing DB stats neutron:SELECT=1 {{(pid=105713) stat_writer /opt/stack/data/venv/lib/python3.12/site-packages/dbcounter.py:115}}
Apr 21 15:09:07.175860 np0000168771 neutron-periodic-workers[105705]: DEBUG oslo.service.backend._threading.loopingcall [None req-6b208f32-78bc-4baf-9918-a92fe22ce2a7 None None] Fixed interval looping call 'neutron.plugins.ml2.plugin.DhcpAgentSchedulerDbMixin.remove_networks_from_down_agents' sleeping for 36.99 seconds {{(pid=105705) _run_loop /opt/stack/data/venv/lib/python3.12/site-packages/oslo_service/backend/_threading/loopingcall.py:125}}
Apr 21 15:09:17.174703 np0000168771 neutron-periodic-workers[105705]: DEBUG dbcounter [-] [105705] Writing DB stats neutron:SELECT=3 {{(pid=105705) stat_writer /opt/stack/data/venv/lib/python3.12/site-packages/dbcounter.py:115}}
Apr 21 15:09:27.185333 np0000168771 neutron-periodic-workers[105713]: DEBUG neutron.db.agents_db [None req-4389b4e2-58ae-4432-9a9d-0e3de6442143 None None] Agent healthcheck: found 0 active agents {{(pid=105713) agent_health_check /opt/stack/neutron/neutron/db/agents_db.py:317}}
Apr 21 15:09:27.185902 np0000168771 neutron-periodic-workers[105713]: DEBUG oslo.service.backend._threading.loopingcall [None req-4389b4e2-58ae-4432-9a9d-0e3de6442143 None None] Fixed interval looping call 'neutron.plugins.ml2.plugin.AgentDbMixin.agent_health_check' sleeping for 36.99 seconds {{(pid=105713) _run_loop /opt/stack/data/venv/lib/python3.12/site-packages/oslo_service/backend/_threading/loopingcall.py:125}}
Apr 21 15:09:37.183915 np0000168771 neutron-periodic-workers[105713]: DEBUG dbcounter [-] [105713] Writing DB stats neutron:SELECT=1 {{(pid=105713) stat_writer /opt/stack/data/venv/lib/python3.12/site-packages/dbcounter.py:115}}
Apr 21 15:09:44.181655 np0000168771 neutron-periodic-workers[105705]: DEBUG oslo.service.backend._threading.loopingcall [None req-6b208f32-78bc-4baf-9918-a92fe22ce2a7 None None] Fixed interval looping call 'neutron.plugins.ml2.plugin.DhcpAgentSchedulerDbMixin.remove_networks_from_down_agents' sleeping for 36.99 seconds {{(pid=105705) _run_loop /opt/stack/data/venv/lib/python3.12/site-packages/oslo_service/backend/_threading/loopingcall.py:125}}
Apr 21 15:09:54.176793 np0000168771 neutron-periodic-workers[105705]: DEBUG dbcounter [-] [105705] Writing DB stats neutron:SELECT=3 {{(pid=105705) stat_writer /opt/stack/data/venv/lib/python3.12/site-packages/dbcounter.py:115}}
Apr 21 15:10:04.180343 np0000168771 neutron-periodic-workers[105713]: DEBUG neutron.db.agents_db [None req-4389b4e2-58ae-4432-9a9d-0e3de6442143 None None] Agent healthcheck: found 0 active agents {{(pid=105713) agent_health_check /opt/stack/neutron/neutron/db/agents_db.py:317}}
Apr 21 15:10:04.181021 np0000168771 neutron-periodic-workers[105713]: DEBUG oslo.service.backend._threading.loopingcall [None req-4389b4e2-58ae-4432-9a9d-0e3de6442143 None None] Fixed interval looping call 'neutron.plugins.ml2.plugin.AgentDbMixin.agent_health_check' sleeping for 37.00 seconds {{(pid=105713) _run_loop /opt/stack/data/venv/lib/python3.12/site-packages/oslo_service/backend/_threading/loopingcall.py:125}}
Apr 21 15:10:14.178576 np0000168771 neutron-periodic-workers[105713]: DEBUG dbcounter [-] [105713] Writing DB stats neutron:SELECT=1 {{(pid=105713) stat_writer /opt/stack/data/venv/lib/python3.12/site-packages/dbcounter.py:115}}
Apr 21 15:10:21.180104 np0000168771 neutron-periodic-workers[105705]: DEBUG oslo.service.backend._threading.loopingcall [None req-6b208f32-78bc-4baf-9918-a92fe22ce2a7 None None] Fixed interval looping call 'neutron.plugins.ml2.plugin.DhcpAgentSchedulerDbMixin.remove_networks_from_down_agents' sleeping for 36.99 seconds {{(pid=105705) _run_loop /opt/stack/data/venv/lib/python3.12/site-packages/oslo_service/backend/_threading/loopingcall.py:125}}
Apr 21 15:10:22.214825 np0000168771 neutron-periodic-workers[105724]: DEBUG oslo.service.backend._threading.loopingcall [None req-5c10803f-eb3f-483d-bd43-f1fc1709e022 None None] Fixed interval looping call 'neutron.db.quota.driver_nolock.DbQuotaNoLockDriver._remove_expired_reservations' sleeping for 120.00 seconds {{(pid=105724) _run_loop /opt/stack/data/venv/lib/python3.12/site-packages/oslo_service/backend/_threading/loopingcall.py:125}}
Apr 21 15:10:31.179433 np0000168771 neutron-periodic-workers[105705]: DEBUG dbcounter [-] [105705] Writing DB stats neutron:SELECT=3 {{(pid=105705) stat_writer /opt/stack/data/venv/lib/python3.12/site-packages/dbcounter.py:115}}
Apr 21 15:10:32.213930 np0000168771 neutron-periodic-workers[105724]: DEBUG dbcounter [-] [105724] Writing DB stats neutron:DELETE=1 {{(pid=105724) stat_writer /opt/stack/data/venv/lib/python3.12/site-packages/dbcounter.py:115}}
Apr 21 15:10:41.186147 np0000168771 neutron-periodic-workers[105713]: DEBUG neutron.db.agents_db [None req-4389b4e2-58ae-4432-9a9d-0e3de6442143 None None] Agent healthcheck: found 0 active agents {{(pid=105713) agent_health_check /opt/stack/neutron/neutron/db/agents_db.py:317}}
Apr 21 15:10:41.186660 np0000168771 neutron-periodic-workers[105713]: DEBUG oslo.service.backend._threading.loopingcall [None req-4389b4e2-58ae-4432-9a9d-0e3de6442143 None None] Fixed interval looping call 'neutron.plugins.ml2.plugin.AgentDbMixin.agent_health_check' sleeping for 36.99 seconds {{(pid=105713) _run_loop /opt/stack/data/venv/lib/python3.12/site-packages/oslo_service/backend/_threading/loopingcall.py:125}}
Apr 21 15:10:51.184554 np0000168771 neutron-periodic-workers[105713]: DEBUG dbcounter [-] [105713] Writing DB stats neutron:SELECT=1 {{(pid=105713) stat_writer /opt/stack/data/venv/lib/python3.12/site-packages/dbcounter.py:115}}
Apr 21 15:10:58.179650 np0000168771 neutron-periodic-workers[105705]: DEBUG oslo.service.backend._threading.loopingcall [None req-6b208f32-78bc-4baf-9918-a92fe22ce2a7 None None] Fixed interval looping call 'neutron.plugins.ml2.plugin.DhcpAgentSchedulerDbMixin.remove_networks_from_down_agents' sleeping for 36.99 seconds {{(pid=105705) _run_loop /opt/stack/data/venv/lib/python3.12/site-packages/oslo_service/backend/_threading/loopingcall.py:125}}
Apr 21 15:11:08.178230 np0000168771 neutron-periodic-workers[105705]: DEBUG dbcounter [-] [105705] Writing DB stats neutron:SELECT=3 {{(pid=105705) stat_writer /opt/stack/data/venv/lib/python3.12/site-packages/dbcounter.py:115}}
Apr 21 15:11:18.180322 np0000168771 neutron-periodic-workers[105713]: DEBUG neutron.db.agents_db [None req-4389b4e2-58ae-4432-9a9d-0e3de6442143 None None] Agent healthcheck: found 0 active agents {{(pid=105713) agent_health_check /opt/stack/neutron/neutron/db/agents_db.py:317}}
Apr 21 15:11:18.181024 np0000168771 neutron-periodic-workers[105713]: DEBUG oslo.service.backend._threading.loopingcall [None req-4389b4e2-58ae-4432-9a9d-0e3de6442143 None None] Fixed interval looping call 'neutron.plugins.ml2.plugin.AgentDbMixin.agent_health_check' sleeping for 37.00 seconds {{(pid=105713) _run_loop /opt/stack/data/venv/lib/python3.12/site-packages/oslo_service/backend/_threading/loopingcall.py:125}}
Apr 21 15:11:28.179666 np0000168771 neutron-periodic-workers[105713]: DEBUG dbcounter [-] [105713] Writing DB stats neutron:SELECT=1 {{(pid=105713) stat_writer /opt/stack/data/venv/lib/python3.12/site-packages/dbcounter.py:115}}
Apr 21 15:11:35.178469 np0000168771 neutron-periodic-workers[105705]: DEBUG oslo.service.backend._threading.loopingcall [None req-6b208f32-78bc-4baf-9918-a92fe22ce2a7 None None] Fixed interval looping call 'neutron.plugins.ml2.plugin.DhcpAgentSchedulerDbMixin.remove_networks_from_down_agents' sleeping for 36.99 seconds {{(pid=105705) _run_loop /opt/stack/data/venv/lib/python3.12/site-packages/oslo_service/backend/_threading/loopingcall.py:125}}
Apr 21 15:11:45.177825 np0000168771 neutron-periodic-workers[105705]: DEBUG dbcounter [-] [105705] Writing DB stats neutron:SELECT=3 {{(pid=105705) stat_writer /opt/stack/data/venv/lib/python3.12/site-packages/dbcounter.py:115}}
Apr 21 15:11:55.186591 np0000168771 neutron-periodic-workers[105713]: DEBUG neutron.db.agents_db [None req-4389b4e2-58ae-4432-9a9d-0e3de6442143 None None] Agent healthcheck: found 0 active agents {{(pid=105713) agent_health_check /opt/stack/neutron/neutron/db/agents_db.py:317}}
Apr 21 15:11:55.186591 np0000168771 neutron-periodic-workers[105713]: DEBUG oslo.service.backend._threading.loopingcall [None req-4389b4e2-58ae-4432-9a9d-0e3de6442143 None None] Fixed interval looping call 'neutron.plugins.ml2.plugin.AgentDbMixin.agent_health_check' sleeping for 36.99 seconds {{(pid=105713) _run_loop /opt/stack/data/venv/lib/python3.12/site-packages/oslo_service/backend/_threading/loopingcall.py:125}}
Apr 21 15:12:05.184491 np0000168771 neutron-periodic-workers[105713]: DEBUG dbcounter [-] [105713] Writing DB stats neutron:SELECT=1 {{(pid=105713) stat_writer /opt/stack/data/venv/lib/python3.12/site-packages/dbcounter.py:115}}
Apr 21 15:12:12.177843 np0000168771 neutron-periodic-workers[105705]: DEBUG oslo.service.backend._threading.loopingcall [None req-6b208f32-78bc-4baf-9918-a92fe22ce2a7 None None] Fixed interval looping call 'neutron.plugins.ml2.plugin.DhcpAgentSchedulerDbMixin.remove_networks_from_down_agents' sleeping for 36.99 seconds {{(pid=105705) _run_loop /opt/stack/data/venv/lib/python3.12/site-packages/oslo_service/backend/_threading/loopingcall.py:125}}
Apr 21 15:12:22.176302 np0000168771 neutron-periodic-workers[105705]: DEBUG dbcounter [-] [105705] Writing DB stats neutron:SELECT=3 {{(pid=105705) stat_writer /opt/stack/data/venv/lib/python3.12/site-packages/dbcounter.py:115}}
Apr 21 15:12:22.219795 np0000168771 neutron-periodic-workers[105724]: DEBUG oslo.service.backend._threading.loopingcall [None req-5c10803f-eb3f-483d-bd43-f1fc1709e022 None None] Fixed interval looping call 'neutron.db.quota.driver_nolock.DbQuotaNoLockDriver._remove_expired_reservations' sleeping for 120.00 seconds {{(pid=105724) _run_loop /opt/stack/data/venv/lib/python3.12/site-packages/oslo_service/backend/_threading/loopingcall.py:125}}
Apr 21 15:12:32.182506 np0000168771 neutron-periodic-workers[105713]: DEBUG neutron.db.agents_db [None req-4389b4e2-58ae-4432-9a9d-0e3de6442143 None None] Agent healthcheck: found 0 active agents {{(pid=105713) agent_health_check /opt/stack/neutron/neutron/db/agents_db.py:317}}
Apr 21 15:12:32.183143 np0000168771 neutron-periodic-workers[105713]: DEBUG oslo.service.backend._threading.loopingcall [None req-4389b4e2-58ae-4432-9a9d-0e3de6442143 None None] Fixed interval looping call 'neutron.plugins.ml2.plugin.AgentDbMixin.agent_health_check' sleeping for 36.99 seconds {{(pid=105713) _run_loop /opt/stack/data/venv/lib/python3.12/site-packages/oslo_service/backend/_threading/loopingcall.py:125}}
Apr 21 15:12:32.218562 np0000168771 neutron-periodic-workers[105724]: DEBUG dbcounter [-] [105724] Writing DB stats neutron:DELETE=1 {{(pid=105724) stat_writer /opt/stack/data/venv/lib/python3.12/site-packages/dbcounter.py:115}}
Apr 21 15:12:42.182666 np0000168771 neutron-periodic-workers[105713]: DEBUG dbcounter [-] [105713] Writing DB stats neutron:SELECT=1 {{(pid=105713) stat_writer /opt/stack/data/venv/lib/python3.12/site-packages/dbcounter.py:115}}
Apr 21 15:12:49.175740 np0000168771 neutron-periodic-workers[105705]: DEBUG oslo.service.backend._threading.loopingcall [None req-6b208f32-78bc-4baf-9918-a92fe22ce2a7 None None] Fixed interval looping call 'neutron.plugins.ml2.plugin.DhcpAgentSchedulerDbMixin.remove_networks_from_down_agents' sleeping for 36.99 seconds {{(pid=105705) _run_loop /opt/stack/data/venv/lib/python3.12/site-packages/oslo_service/backend/_threading/loopingcall.py:125}}
Apr 21 15:12:59.174695 np0000168771 neutron-periodic-workers[105705]: DEBUG dbcounter [-] [105705] Writing DB stats neutron:SELECT=3 {{(pid=105705) stat_writer /opt/stack/data/venv/lib/python3.12/site-packages/dbcounter.py:115}}
Apr 21 15:13:09.178880 np0000168771 neutron-periodic-workers[105713]: DEBUG neutron.db.agents_db [None req-4389b4e2-58ae-4432-9a9d-0e3de6442143 None None] Agent healthcheck: found 0 active agents {{(pid=105713) agent_health_check /opt/stack/neutron/neutron/db/agents_db.py:317}}
Apr 21 15:13:09.179460 np0000168771 neutron-periodic-workers[105713]: DEBUG oslo.service.backend._threading.loopingcall [None req-4389b4e2-58ae-4432-9a9d-0e3de6442143 None None] Fixed interval looping call 'neutron.plugins.ml2.plugin.AgentDbMixin.agent_health_check' sleeping for 36.99 seconds {{(pid=105713) _run_loop /opt/stack/data/venv/lib/python3.12/site-packages/oslo_service/backend/_threading/loopingcall.py:125}}
Apr 21 15:13:17.193776 np0000168771 neutron-periodic-workers[105697]: DEBUG oslo.service.backend._threading.loopingcall [None req-45a8828a-c824-414c-8077-8738958bba8a None None] Fixed interval looping call 'neutron.services.ovn_l3.plugin.L3_NAT_dbonly_mixin._clean_garbage' sleeping for 299.99 seconds {{(pid=105697) _run_loop /opt/stack/data/venv/lib/python3.12/site-packages/oslo_service/backend/_threading/loopingcall.py:125}}
Apr 21 15:13:19.177282 np0000168771 neutron-periodic-workers[105713]: DEBUG dbcounter [-] [105713] Writing DB stats neutron:SELECT=1 {{(pid=105713) stat_writer /opt/stack/data/venv/lib/python3.12/site-packages/dbcounter.py:115}}
Apr 21 15:13:26.173790 np0000168771 neutron-periodic-workers[105705]: DEBUG oslo.service.backend._threading.loopingcall [None req-6b208f32-78bc-4baf-9918-a92fe22ce2a7 None None] Fixed interval looping call 'neutron.plugins.ml2.plugin.DhcpAgentSchedulerDbMixin.remove_networks_from_down_agents' sleeping for 36.99 seconds {{(pid=105705) _run_loop /opt/stack/data/venv/lib/python3.12/site-packages/oslo_service/backend/_threading/loopingcall.py:125}}
Apr 21 15:13:27.186732 np0000168771 neutron-periodic-workers[105697]: DEBUG dbcounter [-] [105697] Writing DB stats neutron:SELECT=1 {{(pid=105697) stat_writer /opt/stack/data/venv/lib/python3.12/site-packages/dbcounter.py:115}}
Apr 21 15:13:36.172513 np0000168771 neutron-periodic-workers[105705]: DEBUG dbcounter [-] [105705] Writing DB stats neutron:SELECT=3 {{(pid=105705) stat_writer /opt/stack/data/venv/lib/python3.12/site-packages/dbcounter.py:115}}
Apr 21 15:13:46.188929 np0000168771 neutron-periodic-workers[105713]: DEBUG neutron.db.agents_db [None req-4389b4e2-58ae-4432-9a9d-0e3de6442143 None None] Agent healthcheck: found 0 active agents {{(pid=105713) agent_health_check /opt/stack/neutron/neutron/db/agents_db.py:317}}
Apr 21 15:13:46.189471 np0000168771 neutron-periodic-workers[105713]: DEBUG oslo.service.backend._threading.loopingcall [None req-4389b4e2-58ae-4432-9a9d-0e3de6442143 None None] Fixed interval looping call 'neutron.plugins.ml2.plugin.AgentDbMixin.agent_health_check' sleeping for 36.98 seconds {{(pid=105713) _run_loop /opt/stack/data/venv/lib/python3.12/site-packages/oslo_service/backend/_threading/loopingcall.py:125}}
Apr 21 15:13:56.172686 np0000168771 neutron-periodic-workers[105713]: DEBUG dbcounter [-] [105713] Writing DB stats neutron:SELECT=1 {{(pid=105713) stat_writer /opt/stack/data/venv/lib/python3.12/site-packages/dbcounter.py:115}}
Apr 21 15:14:03.173767 np0000168771 neutron-periodic-workers[105705]: DEBUG oslo.service.backend._threading.loopingcall [None req-6b208f32-78bc-4baf-9918-a92fe22ce2a7 None None] Fixed interval looping call 'neutron.plugins.ml2.plugin.DhcpAgentSchedulerDbMixin.remove_networks_from_down_agents' sleeping for 36.99 seconds {{(pid=105705) _run_loop /opt/stack/data/venv/lib/python3.12/site-packages/oslo_service/backend/_threading/loopingcall.py:125}}
