2026-05-11 06:51:22.118 9 INFO neutron.services.segments.plugin [-] Segment f855f4ef-59fc-44dd-831d-7421bbb555ad resource provider aggregate not found
2026-05-11 06:51:22.131 10 INFO neutron.wsgi [req-c63c362e-0a20-4bbb-8cea-7e7d69764e72 req-014505a1-eb6b-4dbf-b8d2-70f846d744ed 2956132494344d6e9c24a0d374df1bea d93b79dfa41e4723ab3bc9256dd61450 - - default default] 199.204.45.25 "GET /v2.0/networks?id=f0d26f69-acc4-40ee-b565-8859c5b3c7c7 HTTP/1.1" status: 200 len: 937 time: 0.1166778
2026-05-11 06:51:22.145 9 INFO neutron.services.segments.plugin [-] Segment f855f4ef-59fc-44dd-831d-7421bbb555ad resource provider not found; error: Placement Client Error (4xx): {"errors": [{"status": 404, "title": "Not Found", "detail": "The resource could not be found.\n\n No resource provider with uuid f855f4ef-59fc-44dd-831d-7421bbb555ad found for delete ", "request_id": "req-9da4bdc9-8b94-44db-86d9-a090604db00b"}]}
2026-05-11 06:51:22.145 9 INFO neutron.services.segments.plugin [-] Segment f855f4ef-59fc-44dd-831d-7421bbb555ad resource provider not found; error: Placement Client Error (4xx): {"errors": [{"status": 404, "title": "Not Found", "detail": "The resource could not be found.\n\n No resource provider with uuid f855f4ef-59fc-44dd-831d-7421bbb555ad found for delete ", "request_id": "req-81bd92d8-51c0-4053-8501-a0b29d2ef093"}]}
2026-05-11 06:51:22.188 9 INFO neutron.wsgi [None req-cad3e40b-708c-45a8-8574-6348cad6a1ff e55c36f95ed049659a7628c5e99d237f 60ac9a3c66a947979620fb4f986c6462 - - - -] 10.0.0.125 "DELETE /v2.0/networks/f7dc6b76-6e1c-4192-8c16-97d226d9ffd9 HTTP/1.1" status: 204 len: 168 time: 0.4445937
2026-05-11 06:51:22.208 10 INFO neutron.wsgi [req-c63c362e-0a20-4bbb-8cea-7e7d69764e72 req-7aad1e1d-4f45-43b8-b3e1-342186f85641 2956132494344d6e9c24a0d374df1bea d93b79dfa41e4723ab3bc9256dd61450 - - default default] 199.204.45.25 "GET /v2.0/security-groups?fields=id&fields=name&tenant_id=d93b79dfa41e4723ab3bc9256dd61450 HTTP/1.1" status: 200 len: 542 time: 0.0693207
2026-05-11 06:51:22.609 10 WARNING neutron.scheduler.dhcp_agent_scheduler [None req-8b87e802-75c7-40f7-92c5-46290d5f4ee5 2956132494344d6e9c24a0d374df1bea d93b79dfa41e4723ab3bc9256dd61450 - - - -] No more DHCP agents
2026-05-11 06:51:22.623 10 WARNING neutron.api.rpc.agentnotifiers.dhcp_rpc_agent_api [None req-8b87e802-75c7-40f7-92c5-46290d5f4ee5 2956132494344d6e9c24a0d374df1bea d93b79dfa41e4723ab3bc9256dd61450 - - - -] Unable to schedule network f0d26f69-acc4-40ee-b565-8859c5b3c7c7: no agents available; will retry on subsequent port and subnet creation events.
2026-05-11 06:51:22.797 10 INFO neutron.services.segments.plugin [-] Segment e745c838-517c-4235-8d0e-24821043b587 resource provider aggregate not found
2026-05-11 06:51:22.803 10 INFO neutron.services.segments.plugin [-] Segment e745c838-517c-4235-8d0e-24821043b587 resource provider aggregate not found
2026-05-11 06:51:22.817 10 INFO neutron.wsgi [None req-3a2abf73-1e76-4879-a791-0453b373d384 e55c36f95ed049659a7628c5e99d237f 60ac9a3c66a947979620fb4f986c6462 - - - -] 10.0.0.125 "DELETE /v2.0/networks/aa39cbef-aa78-4d32-b331-969bac7ee318 HTTP/1.1" status: 204 len: 168 time: 0.6225309
2026-05-11 06:51:22.827 10 INFO neutron.services.segments.plugin [-] Segment e745c838-517c-4235-8d0e-24821043b587 resource provider not found; error: Placement Client Error (4xx): {"errors": [{"status": 404, "title": "Not Found", "detail": "The resource could not be found.\n\n No resource provider with uuid e745c838-517c-4235-8d0e-24821043b587 found for delete ", "request_id": "req-1835a85d-2c86-433d-98be-ca5de7f6f7eb"}]}
2026-05-11 06:51:22.828 10 INFO neutron.services.segments.plugin [-] Segment e745c838-517c-4235-8d0e-24821043b587 resource provider not found; error: Placement Client Error (4xx): {"errors": [{"status": 404, "title": "Not Found", "detail": "The resource could not be found.\n\n No resource provider with uuid e745c838-517c-4235-8d0e-24821043b587 found for delete ", "request_id": "req-77d4c5ac-5693-44f9-a6ad-5a66370bf5d6"}]}
2026-05-11 06:51:22.853 10 INFO neutron.db.ovn_revision_numbers_db [None req-8b87e802-75c7-40f7-92c5-46290d5f4ee5 2956132494344d6e9c24a0d374df1bea d93b79dfa41e4723ab3bc9256dd61450 - - - -] Successfully bumped revision number for resource e7c7fa72-8b6c-4401-92de-44871629e870 (type: ports) to 1
2026-05-11 06:51:22.876 10 INFO neutron.wsgi [None req-8b87e802-75c7-40f7-92c5-46290d5f4ee5 2956132494344d6e9c24a0d374df1bea d93b79dfa41e4723ab3bc9256dd61450 - - - -] 199.204.45.25 "POST /v2.0/ports HTTP/1.1" status: 201 len: 1287 time: 0.6563978 /var/lib/openstack/lib/python3.10/site-packages/pycadf/identifier.py:71: UserWarning: Invalid uuid: neutron. To ensure interoperability, identifiers should be a valid uuid. warnings.warn(('Invalid uuid: %s. To ensure interoperability, '
2026-05-11 06:51:23.385 10 INFO neutron.db.ovn_revision_numbers_db [None req-02ad9ba7-1f4e-4c01-9de5-c62ca1a90e3e d74a34133731452aae68b146cd679704 5b6e34121d144498874972f3fefe2dfb - - - -] Successfully bumped revision number for resource e7c7fa72-8b6c-4401-92de-44871629e870 (type: ports) to 2
2026-05-11 06:51:23.492 9 INFO neutron.wsgi [req-3d497013-918f-4b37-85b5-9a87d9460bfa req-f1c1acb7-f2b1-4f1b-9a02-dd7252810c3b 2956132494344d6e9c24a0d374df1bea d93b79dfa41e4723ab3bc9256dd61450 - - default default] 10.0.0.127 "GET /v2.0/ports?device_id=a713ca31-599f-4d02-b99c-2b081fc8966e HTTP/1.1" status: 200 len: 1305 time: 0.0398300
2026-05-11 06:51:23.534 9 INFO neutron.wsgi [req-3d497013-918f-4b37-85b5-9a87d9460bfa req-2ebe1d4f-4f66-4a29-8c64-62ee25c8faf0 2956132494344d6e9c24a0d374df1bea d93b79dfa41e4723ab3bc9256dd61450 - - default default] 10.0.0.127 "GET /v2.0/security-groups?id=7ee57e0c-e236-42b8-be7c-aa16ad310070&fields=id&fields=name HTTP/1.1" status: 200 len: 294 time: 0.0346539
2026-05-11 06:51:23.607 10 INFO neutron.db.ovn_revision_numbers_db [None req-02ad9ba7-1f4e-4c01-9de5-c62ca1a90e3e d74a34133731452aae68b146cd679704 5b6e34121d144498874972f3fefe2dfb - - - -] Successfully bumped revision number for resource e7c7fa72-8b6c-4401-92de-44871629e870 (type: ports) to 2
2026-05-11 06:51:23.624 10 INFO neutron.wsgi [None req-02ad9ba7-1f4e-4c01-9de5-c62ca1a90e3e d74a34133731452aae68b146cd679704 5b6e34121d144498874972f3fefe2dfb - - - -] 199.204.45.25 "PUT /v2.0/ports/e7c7fa72-8b6c-4401-92de-44871629e870 HTTP/1.1" status: 200 len: 1336 time: 0.7412727 /var/lib/openstack/lib/python3.10/site-packages/pycadf/identifier.py:71: UserWarning: Invalid uuid: neutron. To ensure interoperability, identifiers should be a valid uuid. warnings.warn(('Invalid uuid: %s. To ensure interoperability, '
2026-05-11 06:51:23.673 9 INFO neutron.wsgi [req-555492a2-bb0b-4454-9417-66fabedefecb req-bf1163f8-37f1-46d6-ae67-a6e6b440f861 2956132494344d6e9c24a0d374df1bea d93b79dfa41e4723ab3bc9256dd61450 - - default default] 10.0.0.127 "GET /v2.0/ports?device_id=a713ca31-599f-4d02-b99c-2b081fc8966e HTTP/1.1" status: 200 len: 1367 time: 0.0512486
2026-05-11 06:51:23.695 10 INFO neutron.wsgi [req-c63c362e-0a20-4bbb-8cea-7e7d69764e72 req-6a9706e2-167a-4ad6-b816-6b66b6f4df43 d74a34133731452aae68b146cd679704 5b6e34121d144498874972f3fefe2dfb - - 77b9647b55af417094b7e5991cc094b9 77b9647b55af417094b7e5991cc094b9] 199.204.45.25 "GET /v2.0/ports?tenant_id=d93b79dfa41e4723ab3bc9256dd61450&device_id=a713ca31-599f-4d02-b99c-2b081fc8966e HTTP/1.1" status: 200 len: 1367 time: 0.0361040
2026-05-11 06:51:23.697 10 INFO neutron.wsgi [None req-e8b7c220-0922-4658-aa46-fa823a00a0e9 2956132494344d6e9c24a0d374df1bea d93b79dfa41e4723ab3bc9256dd61450 - - default default] 10.0.0.125 "GET /v2.0/security-groups?tenant_id=60ac9a3c66a947979620fb4f986c6462&name=default HTTP/1.1" status: 200 len: 3000 time: 0.2430038
2026-05-11 06:51:23.723 10 INFO neutron.wsgi [req-c63c362e-0a20-4bbb-8cea-7e7d69764e72 req-378f3333-4bb0-462c-8837-4a29e283d5d3 d74a34133731452aae68b146cd679704 5b6e34121d144498874972f3fefe2dfb - - 77b9647b55af417094b7e5991cc094b9 77b9647b55af417094b7e5991cc094b9] 199.204.45.25 "GET /v2.0/floatingips?fixed_ip_address=172.24.2.130&port_id=e7c7fa72-8b6c-4401-92de-44871629e870 HTTP/1.1" status: 200 len: 217 time: 0.0232162
2026-05-11 06:51:23.765 10 INFO neutron.wsgi [req-c63c362e-0a20-4bbb-8cea-7e7d69764e72 req-e81833e4-b9f4-482f-819d-f8e9a568e977 d74a34133731452aae68b146cd679704 5b6e34121d144498874972f3fefe2dfb - - 77b9647b55af417094b7e5991cc094b9 77b9647b55af417094b7e5991cc094b9] 199.204.45.25 "GET /v2.0/subnets?id=0a05dbd6-2543-4e58-8f7a-f1bd0c0b95ca HTTP/1.1" status: 200 len: 829 time: 0.0365038
2026-05-11 06:51:23.793 10 INFO neutron.wsgi [req-c63c362e-0a20-4bbb-8cea-7e7d69764e72 req-7a1f26be-4243-4a1a-b17d-6a87d9cf6b7f d74a34133731452aae68b146cd679704 5b6e34121d144498874972f3fefe2dfb - - 77b9647b55af417094b7e5991cc094b9 77b9647b55af417094b7e5991cc094b9] 199.204.45.25 "GET /v2.0/ports?network_id=f0d26f69-acc4-40ee-b565-8859c5b3c7c7&device_owner=network%3Adhcp HTTP/1.1" status: 200 len: 210 time: 0.0228205
2026-05-11 06:51:23.839 10 INFO neutron.notifiers.nova [-] Nova event matching ['req-3f6099bf-73fb-416e-942e-c21586d4e2fe'] response: {'name': 'network-changed', 'server_uuid': 'a713ca31-599f-4d02-b99c-2b081fc8966e', 'tag': 'e7c7fa72-8b6c-4401-92de-44871629e870', 'status': 'completed', 'code': 200}
2026-05-11 06:51:23.861 10 INFO neutron.wsgi [req-c63c362e-0a20-4bbb-8cea-7e7d69764e72 req-9f0675fc-a9a4-4e34-8e76-288b9a076a54 d74a34133731452aae68b146cd679704 5b6e34121d144498874972f3fefe2dfb - - 77b9647b55af417094b7e5991cc094b9 77b9647b55af417094b7e5991cc094b9] 199.204.45.25 "GET /v2.0/networks/f0d26f69-acc4-40ee-b565-8859c5b3c7c7?fields=segments HTTP/1.1" status: 200 len: 212 time: 0.0610728
2026-05-11 06:51:23.930 10 INFO neutron.wsgi [req-c63c362e-0a20-4bbb-8cea-7e7d69764e72 req-a23624dc-e6b4-4f2e-8bfa-57b8c428d046 d74a34133731452aae68b146cd679704 5b6e34121d144498874972f3fefe2dfb - - 77b9647b55af417094b7e5991cc094b9 77b9647b55af417094b7e5991cc094b9] 199.204.45.25 "GET /v2.0/networks/f0d26f69-acc4-40ee-b565-8859c5b3c7c7?fields=provider%3Aphysical_network&fields=provider%3Anetwork_type HTTP/1.1" status: 200 len: 277 time: 0.0607264
2026-05-11 06:51:23.956 10 INFO neutron.wsgi [None req-0a8a2f26-28ff-4223-bb95-2a6b9d00cb02 2956132494344d6e9c24a0d374df1bea d93b79dfa41e4723ab3bc9256dd61450 - - - -] 10.0.0.125 "DELETE /v2.0/security-groups/c8a3c528-2011-42a7-9d64-51715e5658cb HTTP/1.1" status: 204 len: 168 time: 0.2494850
2026-05-11 06:51:24.019 10 INFO neutron.wsgi [req-d3d9526b-afd8-4595-8a6d-df51512d0f10 req-c72f9b14-f05f-43bd-9d59-8590acf302a7 d74a34133731452aae68b146cd679704 5b6e34121d144498874972f3fefe2dfb - - 77b9647b55af417094b7e5991cc094b9 77b9647b55af417094b7e5991cc094b9] 199.204.45.25 "GET /v2.0/ports?tenant_id=d93b79dfa41e4723ab3bc9256dd61450&device_id=a713ca31-599f-4d02-b99c-2b081fc8966e HTTP/1.1" status: 200 len: 1367 time: 0.0402462
2026-05-11 06:51:24.095 10 INFO neutron.wsgi [req-d3d9526b-afd8-4595-8a6d-df51512d0f10 req-6735c77d-764e-449d-9c5c-13fa160602c1 d74a34133731452aae68b146cd679704 5b6e34121d144498874972f3fefe2dfb - - 77b9647b55af417094b7e5991cc094b9 77b9647b55af417094b7e5991cc094b9] 199.204.45.25 "GET /v2.0/networks?id=f0d26f69-acc4-40ee-b565-8859c5b3c7c7 HTTP/1.1" status: 200 len: 937 time: 0.0679755
2026-05-11 06:51:24.159 10 INFO neutron.wsgi [req-d3d9526b-afd8-4595-8a6d-df51512d0f10 req-71bb085e-9536-4553-ba81-e46f991bbc94 d74a34133731452aae68b146cd679704 5b6e34121d144498874972f3fefe2dfb - - 77b9647b55af417094b7e5991cc094b9 77b9647b55af417094b7e5991cc094b9] 199.204.45.25 "GET /v2.0/floatingips?fixed_ip_address=172.24.2.130&port_id=e7c7fa72-8b6c-4401-92de-44871629e870 HTTP/1.1" status: 200 len: 217 time: 0.0562897
2026-05-11 06:51:24.169 9 INFO neutron.db.ovn_revision_numbers_db [None req-a816ddb0-6732-43b1-9362-e6558f0a53ea 2956132494344d6e9c24a0d374df1bea d93b79dfa41e4723ab3bc9256dd61450 - - default default] Successfully bumped revision number for resource 75df2ab6-c67b-41f7-bdd6-63620aea677b (type: security_groups) to 1
2026-05-11 06:51:24.193 9 INFO neutron.wsgi [None req-a816ddb0-6732-43b1-9362-e6558f0a53ea 2956132494344d6e9c24a0d374df1bea d93b79dfa41e4723ab3bc9256dd61450 - - default default] 10.0.0.125 "GET /v2.0/security-groups?tenant_id=762fe1e0ce344414ab65e5947267b438&name=default HTTP/1.1" status: 200 len: 3000 time: 0.1249270
2026-05-11 06:51:24.210 10 INFO neutron.wsgi [req-06f68f23-6e81-417a-8991-dee8888df229 req-6183e3ab-9555-46d6-82a3-17cd55df7c1b d74a34133731452aae68b146cd679704 5b6e34121d144498874972f3fefe2dfb - - 77b9647b55af417094b7e5991cc094b9 77b9647b55af417094b7e5991cc094b9] 199.204.45.25 "GET /v2.0/ports?device_id=a713ca31-599f-4d02-b99c-2b081fc8966e HTTP/1.1" status: 200 len: 1367 time: 0.0689743
2026-05-11 06:51:24.217 10 INFO neutron.wsgi [req-d3d9526b-afd8-4595-8a6d-df51512d0f10 req-1ce66e01-371b-4efa-8102-26bfae6c19fa d74a34133731452aae68b146cd679704 5b6e34121d144498874972f3fefe2dfb - - 77b9647b55af417094b7e5991cc094b9 77b9647b55af417094b7e5991cc094b9] 199.204.45.25 "GET /v2.0/subnets?id=0a05dbd6-2543-4e58-8f7a-f1bd0c0b95ca HTTP/1.1" status: 200 len: 829 time: 0.0447521
2026-05-11 06:51:24.252 10 INFO neutron.wsgi [req-d3d9526b-afd8-4595-8a6d-df51512d0f10 req-0ab2a523-9cd4-44e0-85d6-159375b590bf d74a34133731452aae68b146cd679704 5b6e34121d144498874972f3fefe2dfb - - 77b9647b55af417094b7e5991cc094b9 77b9647b55af417094b7e5991cc094b9] 199.204.45.25 "GET /v2.0/ports?network_id=f0d26f69-acc4-40ee-b565-8859c5b3c7c7&device_owner=network%3Adhcp HTTP/1.1" status: 200 len: 210 time: 0.0285501
2026-05-11 06:51:24.271 10 INFO neutron.wsgi [req-06f68f23-6e81-417a-8991-dee8888df229 req-d88e08d9-3c5b-4c8b-8beb-ccc636246f2c d74a34133731452aae68b146cd679704 5b6e34121d144498874972f3fefe2dfb - - 77b9647b55af417094b7e5991cc094b9 77b9647b55af417094b7e5991cc094b9] 199.204.45.25 "GET /v2.0/security-groups?id=7ee57e0c-e236-42b8-be7c-aa16ad310070&fields=id&fields=name HTTP/1.1" status: 200 len: 294 time: 0.0533032
2026-05-11 06:51:24.322 10 INFO neutron.wsgi [req-d3d9526b-afd8-4595-8a6d-df51512d0f10 req-9ea3170d-ee7c-4ffb-b503-b088674dae16 d74a34133731452aae68b146cd679704 5b6e34121d144498874972f3fefe2dfb - - 77b9647b55af417094b7e5991cc094b9 77b9647b55af417094b7e5991cc094b9] 199.204.45.25 "GET /v2.0/networks/f0d26f69-acc4-40ee-b565-8859c5b3c7c7?fields=segments HTTP/1.1" status: 200 len: 212 time: 0.0624692
2026-05-11 06:51:24.393 10 INFO neutron.plugins.ml2.drivers.ovn.mech_driver.mech_driver [None req-7ed45dec-ef09-4a9f-955d-6f4b4fa90417 - - - - - -] OVN reports status up for port: e7c7fa72-8b6c-4401-92de-44871629e870
2026-05-11 06:51:24.399 9 INFO neutron.wsgi [None req-f3ae62ea-56df-4fa1-b89a-f894c8a388e7 2956132494344d6e9c24a0d374df1bea d93b79dfa41e4723ab3bc9256dd61450 - - - -] 10.0.0.125 "DELETE /v2.0/security-groups/75df2ab6-c67b-41f7-bdd6-63620aea677b HTTP/1.1" status: 204 len: 168 time: 0.2008779
2026-05-11 06:51:24.417 10 INFO neutron.wsgi [req-d3d9526b-afd8-4595-8a6d-df51512d0f10 req-954d21f7-2a50-4676-b592-d96685924614 d74a34133731452aae68b146cd679704 5b6e34121d144498874972f3fefe2dfb - - 77b9647b55af417094b7e5991cc094b9 77b9647b55af417094b7e5991cc094b9] 199.204.45.25 "GET /v2.0/networks/f0d26f69-acc4-40ee-b565-8859c5b3c7c7?fields=provider%3Aphysical_network&fields=provider%3Anetwork_type HTTP/1.1" status: 200 len: 277 time: 0.0813925
2026-05-11 06:51:24.418 10 INFO neutron.plugins.ml2.plugin [None req-7ed45dec-ef09-4a9f-955d-6f4b4fa90417 - - - - - -] Attempt 1 to provision port e7c7fa72-8b6c-4401-92de-44871629e870
2026-05-11 06:51:24.710 10 INFO neutron.db.ovn_revision_numbers_db [None req-7ed45dec-ef09-4a9f-955d-6f4b4fa90417 - - - - - -] Successfully bumped revision number for resource e7c7fa72-8b6c-4401-92de-44871629e870 (type: ports) to 4 /var/lib/openstack/lib/python3.10/site-packages/pycadf/identifier.py:71: UserWarning: Invalid uuid: neutron. To ensure interoperability, identifiers should be a valid uuid. warnings.warn(('Invalid uuid: %s. To ensure interoperability, '
2026-05-11 06:51:24.872 10 INFO neutron.wsgi [req-91c92abf-696a-4670-b7d6-7d20f329858d req-f7052a17-0ad7-4bca-b73a-4d3358e211ed d74a34133731452aae68b146cd679704 5b6e34121d144498874972f3fefe2dfb - - 77b9647b55af417094b7e5991cc094b9 77b9647b55af417094b7e5991cc094b9] 199.204.45.25 "GET /v2.0/ports?device_id=9b3f9be9-3e16-4e41-bdd7-6e8870032341&fields=binding%3Ahost_id&fields=binding%3Avif_type HTTP/1.1" status: 200 len: 265 time: 0.0389960
2026-05-11 06:51:24.965 10 INFO neutron.wsgi [req-91c92abf-696a-4670-b7d6-7d20f329858d req-7e61ff34-3da5-4ffb-b34c-cc720f4a520c d74a34133731452aae68b146cd679704 5b6e34121d144498874972f3fefe2dfb - - 77b9647b55af417094b7e5991cc094b9 77b9647b55af417094b7e5991cc094b9] 199.204.45.25 "GET /v2.0/ports?tenant_id=1360780d2c43404aa871246af8929351&device_id=9b3f9be9-3e16-4e41-bdd7-6e8870032341 HTTP/1.1" status: 200 len: 1590 time: 0.0484867
2026-05-11 06:51:25.070 10 INFO neutron.wsgi [req-91c92abf-696a-4670-b7d6-7d20f329858d req-8514f120-062c-4fb2-bf94-6b99865d6158 d74a34133731452aae68b146cd679704 5b6e34121d144498874972f3fefe2dfb - - 77b9647b55af417094b7e5991cc094b9 77b9647b55af417094b7e5991cc094b9] 199.204.45.25 "GET /v2.0/networks?id=e9bdc932-8bbd-44c0-9e90-8ac0dcc9344f HTTP/1.1" status: 200 len: 1002 time: 0.0755479
2026-05-11 06:51:25.125 10 INFO neutron.wsgi [req-91c92abf-696a-4670-b7d6-7d20f329858d req-cb65b5f7-29a4-4c5d-b842-2331fbb08453 d74a34133731452aae68b146cd679704 5b6e34121d144498874972f3fefe2dfb - - 77b9647b55af417094b7e5991cc094b9 77b9647b55af417094b7e5991cc094b9] 199.204.45.25 "GET /v2.0/floatingips?fixed_ip_address=10.2.1.173&port_id=179d4b44-dd33-4375-8a53-e44cbeb53c38 HTTP/1.1" status: 200 len: 1059 time: 0.0486426
2026-05-11 06:51:25.162 10 INFO neutron.wsgi [req-91c92abf-696a-4670-b7d6-7d20f329858d req-350c0268-5961-43a0-99f8-bf56386cc329 d74a34133731452aae68b146cd679704 5b6e34121d144498874972f3fefe2dfb - - 77b9647b55af417094b7e5991cc094b9 77b9647b55af417094b7e5991cc094b9] 199.204.45.25 "GET /v2.0/floatingips?fixed_ip_address=fd7b%3Af9f7%3Afff%3A4eca%3A%3A339&port_id=179d4b44-dd33-4375-8a53-e44cbeb53c38 HTTP/1.1" status: 200 len: 217 time: 0.0289314
2026-05-11 06:51:25.197 10 INFO neutron.wsgi [req-91c92abf-696a-4670-b7d6-7d20f329858d req-acc4264d-05a6-45b9-97f6-4785fa096d9e d74a34133731452aae68b146cd679704 5b6e34121d144498874972f3fefe2dfb - - 77b9647b55af417094b7e5991cc094b9 77b9647b55af417094b7e5991cc094b9] 199.204.45.25 "GET /v2.0/subnets?id=a52b52f2-294d-4a91-af05-0bf820782910&id=9678cb58-3dab-446e-815c-7c55c31240db HTTP/1.1" status: 200 len: 1562 time: 0.0299950
2026-05-11 06:51:25.227 10 INFO neutron.wsgi [req-91c92abf-696a-4670-b7d6-7d20f329858d req-f4d8c5b0-3510-43e9-a57e-216884941b50 d74a34133731452aae68b146cd679704 5b6e34121d144498874972f3fefe2dfb - - 77b9647b55af417094b7e5991cc094b9 77b9647b55af417094b7e5991cc094b9] 199.204.45.25 "GET /v2.0/ports?network_id=e9bdc932-8bbd-44c0-9e90-8ac0dcc9344f&device_owner=network%3Adhcp HTTP/1.1" status: 200 len: 210 time: 0.0242028
2026-05-11 06:51:25.254 10 INFO neutron.wsgi [req-91c92abf-696a-4670-b7d6-7d20f329858d req-9253f82f-560c-4dbf-b1db-21e501568504 d74a34133731452aae68b146cd679704 5b6e34121d144498874972f3fefe2dfb - - 77b9647b55af417094b7e5991cc094b9 77b9647b55af417094b7e5991cc094b9] 199.204.45.25 "GET /v2.0/ports?network_id=e9bdc932-8bbd-44c0-9e90-8ac0dcc9344f&device_owner=network%3Adhcp HTTP/1.1" status: 200 len: 210 time: 0.0200338
2026-05-11 06:51:25.320 10 INFO neutron.wsgi [req-91c92abf-696a-4670-b7d6-7d20f329858d req-0012c53b-ac89-457c-858d-321ee37ea707 d74a34133731452aae68b146cd679704 5b6e34121d144498874972f3fefe2dfb - - 77b9647b55af417094b7e5991cc094b9 77b9647b55af417094b7e5991cc094b9] 199.204.45.25 "GET /v2.0/networks/e9bdc932-8bbd-44c0-9e90-8ac0dcc9344f?fields=segments HTTP/1.1" status: 200 len: 212 time: 0.0583377
2026-05-11 06:51:25.392 10 INFO neutron.wsgi [req-91c92abf-696a-4670-b7d6-7d20f329858d req-55b1a21e-fd33-4465-90e8-c8e9f985437a d74a34133731452aae68b146cd679704 5b6e34121d144498874972f3fefe2dfb - - 77b9647b55af417094b7e5991cc094b9 77b9647b55af417094b7e5991cc094b9] 199.204.45.25 "GET /v2.0/networks/e9bdc932-8bbd-44c0-9e90-8ac0dcc9344f?fields=provider%3Aphysical_network&fields=provider%3Anetwork_type HTTP/1.1" status: 200 len: 277 time: 0.0650580
2026-05-11 06:51:25.883 10 INFO neutron.notifiers.nova [-] Nova event matching ['req-edda85c5-75a2-4a2d-928c-17a3f2fce454'] response: {'server_uuid': 'a713ca31-599f-4d02-b99c-2b081fc8966e', 'name': 'network-vif-plugged', 'status': 'completed', 'tag': 'e7c7fa72-8b6c-4401-92de-44871629e870', 'code': 200}
2026-05-11 06:51:25.884 10 INFO neutron.notifiers.nova [-] Nova event matching ['req-edda85c5-75a2-4a2d-928c-17a3f2fce454'] response: {'server_uuid': 'a713ca31-599f-4d02-b99c-2b081fc8966e', 'name': 'network-vif-plugged', 'status': 'completed', 'tag': 'e7c7fa72-8b6c-4401-92de-44871629e870', 'code': 200}
2026-05-11 06:51:25.925 9 INFO neutron.wsgi [req-e2ac6f95-56b8-4a17-a622-c6113a958e70 req-b5cac423-930a-484e-83e8-6058e291b946 2956132494344d6e9c24a0d374df1bea d93b79dfa41e4723ab3bc9256dd61450 - - default default] 10.0.0.127 "GET /v2.0/ports?device_id=a713ca31-599f-4d02-b99c-2b081fc8966e HTTP/1.1" status: 200 len: 1369 time: 0.0352759
2026-05-11 06:51:25.971 9 INFO neutron.wsgi [req-e2ac6f95-56b8-4a17-a622-c6113a958e70 req-36c29ecf-53b8-4476-9ffa-7d273d90be8b 2956132494344d6e9c24a0d374df1bea d93b79dfa41e4723ab3bc9256dd61450 - - default default] 10.0.0.127 "GET /v2.0/security-groups?id=7ee57e0c-e236-42b8-be7c-aa16ad310070&fields=id&fields=name HTTP/1.1" status: 200 len: 294 time: 0.0394526
2026-05-11 06:51:26.113 9 INFO neutron.wsgi [req-90f34fe9-419a-431c-8588-9026549198f4 req-66073175-7cb6-4198-b4f6-8b891df4fa5d 2956132494344d6e9c24a0d374df1bea d93b79dfa41e4723ab3bc9256dd61450 - - default default] 10.0.0.127 "GET /v2.0/ports?device_id=a713ca31-599f-4d02-b99c-2b081fc8966e HTTP/1.1" status: 200 len: 1369 time: 0.0460188
2026-05-11 06:51:28.345 9 INFO neutron.wsgi [req-5e9ca545-0b3c-4d72-9bb8-121d1ada3384 req-f474427f-2fee-43a3-b7dc-f83b16b22642 2956132494344d6e9c24a0d374df1bea d93b79dfa41e4723ab3bc9256dd61450 - - default default] 10.0.0.127 "GET /v2.0/ports?device_id=a713ca31-599f-4d02-b99c-2b081fc8966e HTTP/1.1" status: 200 len: 1369 time: 0.0403209
2026-05-11 06:51:28.349 9 INFO neutron.db.ovn_revision_numbers_db [None req-6ae43e18-51c6-4748-8b2a-fb5bead096f9 2956132494344d6e9c24a0d374df1bea d93b79dfa41e4723ab3bc9256dd61450 - - default default] Successfully bumped revision number for resource 42eef267-834d-420e-a799-cc0ccd2870e3 (type: security_groups) to 1
2026-05-11 06:51:28.377 9 INFO neutron.wsgi [None req-6ae43e18-51c6-4748-8b2a-fb5bead096f9 2956132494344d6e9c24a0d374df1bea d93b79dfa41e4723ab3bc9256dd61450 - - default default] 10.0.0.125 "GET /v2.0/security-groups?tenant_id=abc4f8fbbb194dd2b7be4ec49f2796ed&name=default HTTP/1.1" status: 200 len: 3000 time: 0.3069415
2026-05-11 06:51:28.400 9 INFO neutron.wsgi [req-5e9ca545-0b3c-4d72-9bb8-121d1ada3384 req-f21fc2a1-4f19-40f0-bf17-375071f78d4b 2956132494344d6e9c24a0d374df1bea d93b79dfa41e4723ab3bc9256dd61450 - - default default] 10.0.0.127 "GET /v2.0/security-groups?id=7ee57e0c-e236-42b8-be7c-aa16ad310070&fields=id&fields=name HTTP/1.1" status: 200 len: 294 time: 0.0433962
2026-05-11 06:51:28.498 9 INFO neutron.wsgi [req-9407463c-b380-4044-9359-7b52d977601d req-36b7fa84-4a8e-4a83-99b5-a384104c23e0 2956132494344d6e9c24a0d374df1bea d93b79dfa41e4723ab3bc9256dd61450 - - default default] 10.0.0.127 "GET /v2.0/ports?device_id=a713ca31-599f-4d02-b99c-2b081fc8966e HTTP/1.1" status: 200 len: 1369 time: 0.0392210
2026-05-11 06:51:28.694 9 INFO neutron.wsgi [None req-dffb90f1-3205-4fc7-814f-42de08d76b84 2956132494344d6e9c24a0d374df1bea d93b79dfa41e4723ab3bc9256dd61450 - - - -] 10.0.0.125 "DELETE /v2.0/security-groups/42eef267-834d-420e-a799-cc0ccd2870e3 HTTP/1.1" status: 204 len: 168 time: 0.3098459
2026-05-11 06:51:28.884 9 INFO neutron.db.ovn_revision_numbers_db [None req-027a1fc2-fc1d-4492-8ad4-b693b00f3118 2956132494344d6e9c24a0d374df1bea d93b79dfa41e4723ab3bc9256dd61450 - - default default] Successfully bumped revision number for resource a6f898eb-8e75-487a-8996-4533a6353c2a (type: security_groups) to 1
2026-05-11 06:51:28.906 9 INFO neutron.wsgi [None req-027a1fc2-fc1d-4492-8ad4-b693b00f3118 2956132494344d6e9c24a0d374df1bea d93b79dfa41e4723ab3bc9256dd61450 - - default default] 10.0.0.125 "GET /v2.0/security-groups?tenant_id=897c276067e4485dbd11ee4897868378&name=default HTTP/1.1" status: 200 len: 3000 time: 0.1123395
2026-05-11 06:51:29.099 9 INFO neutron.wsgi [None req-41490f03-ac98-476c-a35c-a1e0206cddb2 2956132494344d6e9c24a0d374df1bea d93b79dfa41e4723ab3bc9256dd61450 - - - -] 10.0.0.125 "DELETE /v2.0/security-groups/a6f898eb-8e75-487a-8996-4533a6353c2a HTTP/1.1" status: 204 len: 168 time: 0.1868255
2026-05-11 06:51:30.659 10 INFO neutron.wsgi [-] 10.0.0.191 "GET / HTTP/1.1" status: 200 len: 246 time: 0.0023265
2026-05-11 06:51:30.661 9 INFO neutron.wsgi [-] 10.0.0.191 "GET / HTTP/1.1" status: 200 len: 246 time: 0.0033424
2026-05-11 06:51:37.469 9 INFO neutron.wsgi [None req-f5fd8967-1f6a-42f1-b18c-39281ac252c9 2956132494344d6e9c24a0d374df1bea d93b79dfa41e4723ab3bc9256dd61450 - - default default] 10.0.0.98 "GET /v2.0/security-groups HTTP/1.1" status: 200 len: 29087 time: 0.1987402
2026-05-11 06:51:37.518 9 INFO neutron.wsgi [None req-a5046790-1afa-4e53-bd71-9d03f9747966 2956132494344d6e9c24a0d374df1bea d93b79dfa41e4723ab3bc9256dd61450 - - default default] 10.0.0.98 "GET /v2.0/subnets HTTP/1.1" status: 200 len: 5497 time: 0.0405483
2026-05-11 06:51:37.608 9 INFO neutron.wsgi [None req-9ecb532b-068c-4f5c-a94b-09561f7a76c9 2956132494344d6e9c24a0d374df1bea d93b79dfa41e4723ab3bc9256dd61450 - - default default] 10.0.0.98 "GET /v2.0/routers HTTP/1.1" status: 200 len: 850 time: 0.0854082
2026-05-11 06:51:37.622 9 INFO neutron.wsgi [None req-59bd9e13-15bb-4599-9cdb-f40b167971e1 2956132494344d6e9c24a0d374df1bea d93b79dfa41e4723ab3bc9256dd61450 - - default default] 10.0.0.98 "GET /v2.0/agents?binary=ovn-controller HTTP/1.1" status: 200 len: 591 time: 0.0134616
2026-05-11 06:51:37.699 9 INFO neutron.wsgi [None req-0ebdbf67-d6b0-48a6-9726-800d3afc7f69 2956132494344d6e9c24a0d374df1bea d93b79dfa41e4723ab3bc9256dd61450 - - default default] 10.0.0.98 "GET /v2.0/networks HTTP/1.1" status: 200 len: 4719 time: 0.0743763
2026-05-11 06:51:37.755 9 INFO neutron.wsgi [None req-b043dc35-5be9-4a8f-bd03-4dfc28ce3387 2956132494344d6e9c24a0d374df1bea d93b79dfa41e4723ab3bc9256dd61450 - - default default] 10.0.0.98 "GET /v2.0/subnets HTTP/1.1" status: 200 len: 5497 time: 0.0511816
2026-05-11 06:51:37.769 9 INFO neutron.wsgi [None req-7aa71059-cb9e-4617-8e41-5280b5582f13 2956132494344d6e9c24a0d374df1bea d93b79dfa41e4723ab3bc9256dd61450 - - default default] 10.0.0.98 "GET /v2.0/subnetpools HTTP/1.1" status: 200 len: 193 time: 0.0117154
2026-05-11 06:51:37.833 9 INFO neutron.wsgi [None req-e5406d47-5475-4cf5-8f7b-836c1bd588be 2956132494344d6e9c24a0d374df1bea d93b79dfa41e4723ab3bc9256dd61450 - - default default] 10.0.0.98 "GET /v2.0/floatingips HTTP/1.1" status: 200 len: 1879 time: 0.0633857
2026-05-11 06:51:37.879 9 INFO neutron.wsgi [None req-8d9d5b49-bf13-4e2f-bd29-a23492553ada 2956132494344d6e9c24a0d374df1bea d93b79dfa41e4723ab3bc9256dd61450 - - default default] 10.0.0.98 "GET /v2.0/ports HTTP/1.1" status: 200 len: 19625 time: 0.0440197
2026-05-11 06:51:37.908 9 INFO neutron.wsgi [None req-b1eceb01-db55-4025-abc5-42cecbcc5d72 2956132494344d6e9c24a0d374df1bea d93b79dfa41e4723ab3bc9256dd61450 - - default default] 10.0.0.98 "GET /v2.0/agents HTTP/1.1" status: 200 len: 997 time: 0.0150106
2026-05-11 06:51:37.921 9 INFO neutron.wsgi [None req-4b1770bf-1c51-4032-95e5-b8ebb9a312d4 2956132494344d6e9c24a0d374df1bea d93b79dfa41e4723ab3bc9256dd61450 - - default default] 10.0.0.98 "GET /v2.0/network-ip-availabilities HTTP/1.1" status: 200 len: 3362 time: 0.0119367
2026-05-11 06:51:45.658 9 INFO neutron.wsgi [-] 10.0.0.191 "GET / HTTP/1.1" status: 200 len: 246 time: 0.0017486
2026-05-11 06:51:45.661 10 INFO neutron.wsgi [-] 10.0.0.191 "GET / HTTP/1.1" status: 200 len: 246 time: 0.0035207
2026-05-11 06:51:55.891 15 INFO neutron.db.ovn_revision_numbers_db [None req-4a33e223-7a12-4d41-be88-65a0b066c845 - - - - - -] Successfully bumped revision number for resource 53b26a9e-bc33-45e2-a760-e6e7fad4c317 (type: networks) to 3
2026-05-11 06:51:55.967 15 INFO neutron.db.ovn_revision_numbers_db [None req-4a33e223-7a12-4d41-be88-65a0b066c845 - - - - - -] Successfully bumped revision number for resource e9bdc932-8bbd-44c0-9e90-8ac0dcc9344f (type: networks) to 3
2026-05-11 06:51:56.072 15 INFO neutron.db.ovn_revision_numbers_db [None req-4a33e223-7a12-4d41-be88-65a0b066c845 - - - - - -] Successfully bumped revision number for resource 04ffc72c-7cf5-4275-991c-9b23a29ea0ea (type: networks) to 3
2026-05-11 06:51:56.114 15 INFO neutron.db.ovn_revision_numbers_db [None req-4a33e223-7a12-4d41-be88-65a0b066c845 - - - - - -] Successfully bumped revision number for resource 5fc29cef-669a-4f71-9d14-2c90cbffd4ed (type: security_groups) to 12
2026-05-11 06:51:56.456 15 INFO neutron.db.ovn_revision_numbers_db [None req-4a33e223-7a12-4d41-be88-65a0b066c845 - - - - - -] Successfully bumped revision number for resource 5bb21393-3c16-40d6-b21a-3c18eb50e5a2 (type: routers) to 6
2026-05-11 06:51:56.724 15 INFO neutron.plugins.ml2.drivers.ovn.mech_driver.ovsdb.maintenance [None req-4a33e223-7a12-4d41-be88-65a0b066c845 - - - - - -] Maintenance task: Synchronization finished (took 0.92 seconds)
2026-05-11 06:52:00.658 9 INFO neutron.wsgi [-] 10.0.0.191 "GET / HTTP/1.1" status: 200 len: 246 time: 0.0021625
2026-05-11 06:52:00.661 9 INFO neutron.wsgi [-] 10.0.0.191 "GET / HTTP/1.1" status: 200 len: 246 time: 0.0013936
2026-05-11 06:52:06.373 9 INFO neutron.wsgi [None req-0dedeb97-b9fa-426f-92de-f2b039547255 2956132494344d6e9c24a0d374df1bea d93b79dfa41e4723ab3bc9256dd61450 - - default default] 199.204.45.25 "GET /v2.0/extensions/security-group HTTP/1.1" status: 200 len: 369 time: 0.0080559
2026-05-11 06:52:06.383 9 INFO neutron.wsgi [None req-6766d854-80b5-4b60-9d62-8588c66af664 2956132494344d6e9c24a0d374df1bea d93b79dfa41e4723ab3bc9256dd61450 - - default default] 199.204.45.25 "GET /v2.0/extensions/dns-integration HTTP/1.1" status: 200 len: 371 time: 0.0060351
2026-05-11 06:52:06.391 9 INFO neutron.wsgi [None req-a9e2ced8-a0fd-47a1-ac98-1eee84ebb49a 2956132494344d6e9c24a0d374df1bea d93b79dfa41e4723ab3bc9256dd61450 - - default default] 199.204.45.25 "GET /v2.0/extensions/qos HTTP/1.1" status: 200 len: 365 time: 0.0030360
2026-05-11 06:52:06.399 9 INFO neutron.wsgi [None req-d23dc53c-eabf-4f73-bfb6-1ef824e21aca 2956132494344d6e9c24a0d374df1bea d93b79dfa41e4723ab3bc9256dd61450 - - default default] 199.204.45.25 "GET /v2.0/extensions/allowed-address-pairs HTTP/1.1" status: 200 len: 383 time: 0.0029469
2026-05-11 06:52:06.430 9 INFO neutron.wsgi [None req-6aa636e4-cfac-4840-9526-4c0df4afc67c 2956132494344d6e9c24a0d374df1bea d93b79dfa41e4723ab3bc9256dd61450 - - default default] 199.204.45.25 "GET /v2.0/subnets/c3fbf14f-89cd-421f-aabb-40cfcce6cd89 HTTP/1.1" status: 200 len: 850 time: 0.0256829
2026-05-11 06:52:06.503 9 INFO neutron.wsgi [None req-bb1c8b56-c27b-40e2-9dc9-43821c017066 2956132494344d6e9c24a0d374df1bea d93b79dfa41e4723ab3bc9256dd61450 - - default default] 199.204.45.25 "GET /v2.0/ports?device_id=a713ca31-599f-4d02-b99c-2b081fc8966e HTTP/1.1" status: 200 len: 1369 time: 0.0363333
2026-05-11 06:52:06.824 9 WARNING neutron.scheduler.dhcp_agent_scheduler [None req-3d7f7eba-f503-4dcc-b02e-07c6aecae196 2956132494344d6e9c24a0d374df1bea d93b79dfa41e4723ab3bc9256dd61450 - - - -] No more DHCP agents
2026-05-11 06:52:06.826 9 WARNING neutron.api.rpc.agentnotifiers.dhcp_rpc_agent_api [None req-3d7f7eba-f503-4dcc-b02e-07c6aecae196 2956132494344d6e9c24a0d374df1bea d93b79dfa41e4723ab3bc9256dd61450 - - - -] Unable to schedule network 53b26a9e-bc33-45e2-a760-e6e7fad4c317: no agents available; will retry on subsequent port and subnet creation events.
2026-05-11 06:52:06.970 9 INFO neutron.db.ovn_revision_numbers_db [None req-3d7f7eba-f503-4dcc-b02e-07c6aecae196 2956132494344d6e9c24a0d374df1bea d93b79dfa41e4723ab3bc9256dd61450 - - - -] Successfully bumped revision number for resource d1eeb289-5fd0-4382-8198-63e9ad91e219 (type: ports) to 1
2026-05-11 06:52:06.994 9 INFO neutron.wsgi [None req-3d7f7eba-f503-4dcc-b02e-07c6aecae196 2956132494344d6e9c24a0d374df1bea d93b79dfa41e4723ab3bc9256dd61450 - - - -] 199.204.45.25 "POST /v2.0/ports HTTP/1.1" status: 201 len: 1298 time: 0.4873595 /var/lib/openstack/lib/python3.10/site-packages/pycadf/identifier.py:71: UserWarning: Invalid uuid: neutron. To ensure interoperability, identifiers should be a valid uuid. warnings.warn(('Invalid uuid: %s. To ensure interoperability, '
2026-05-11 06:52:07.088 9 INFO neutron.wsgi [req-8712daa7-6202-4c4e-bb72-db136e9dadba req-d294f0cb-41ef-4345-af66-c1b909923981 2956132494344d6e9c24a0d374df1bea d93b79dfa41e4723ab3bc9256dd61450 - - default default] 10.0.0.127 "GET /v2.0/ports/d1eeb289-5fd0-4382-8198-63e9ad91e219 HTTP/1.1" status: 200 len: 1293 time: 0.0320377
2026-05-11 06:52:07.100 9 INFO neutron.wsgi [req-8712daa7-6202-4c4e-bb72-db136e9dadba req-6095bc22-7ebf-4ea1-895d-156093986b68 2956132494344d6e9c24a0d374df1bea d93b79dfa41e4723ab3bc9256dd61450 - - default default] 10.0.0.127 "GET /v2.0/extensions HTTP/1.1" status: 200 len: 16525 time: 0.0069311
2026-05-11 06:52:07.238 10 INFO neutron.wsgi [req-8712daa7-6202-4c4e-bb72-db136e9dadba req-5a6b56ec-ad74-4a5f-aab9-43d615870d6d d74a34133731452aae68b146cd679704 5b6e34121d144498874972f3fefe2dfb - - 77b9647b55af417094b7e5991cc094b9 77b9647b55af417094b7e5991cc094b9] 199.204.45.25 "GET /v2.0/ports/d1eeb289-5fd0-4382-8198-63e9ad91e219?fields=binding%3Avnic_type&fields=binding%3Aprofile&fields=network_id&fields=resource_request&fields=numa_affinity_policy&fields=device_profile HTTP/1.1" status: 200 len: 335 time: 0.0360677
2026-05-11 06:52:07.612 10 INFO neutron.wsgi [req-8712daa7-6202-4c4e-bb72-db136e9dadba req-b420e941-cd4e-48e3-b307-f889dc9a332b d74a34133731452aae68b146cd679704 5b6e34121d144498874972f3fefe2dfb - - 77b9647b55af417094b7e5991cc094b9 77b9647b55af417094b7e5991cc094b9] 199.204.45.25 "GET /v2.0/networks/53b26a9e-bc33-45e2-a760-e6e7fad4c317?fields=segments HTTP/1.1" status: 200 len: 212 time: 0.3661871
2026-05-11 06:52:07.689 10 INFO neutron.wsgi [req-8712daa7-6202-4c4e-bb72-db136e9dadba req-0c691379-d24f-4e26-a784-798c1b0b458a d74a34133731452aae68b146cd679704 5b6e34121d144498874972f3fefe2dfb - - 77b9647b55af417094b7e5991cc094b9 77b9647b55af417094b7e5991cc094b9] 199.204.45.25 "GET /v2.0/networks/53b26a9e-bc33-45e2-a760-e6e7fad4c317?fields=provider%3Aphysical_network&fields=provider%3Anetwork_type HTTP/1.1" status: 200 len: 277 time: 0.0686283
2026-05-11 06:52:07.748 10 INFO neutron.wsgi [req-8712daa7-6202-4c4e-bb72-db136e9dadba req-5ccef523-08b4-454f-aeb9-e135488b901f d74a34133731452aae68b146cd679704 5b6e34121d144498874972f3fefe2dfb - - 77b9647b55af417094b7e5991cc094b9 77b9647b55af417094b7e5991cc094b9] 199.204.45.25 "GET /v2.0/ports/d1eeb289-5fd0-4382-8198-63e9ad91e219 HTTP/1.1" status: 200 len: 1293 time: 0.0356069
2026-05-11 06:52:07.811 10 INFO neutron.wsgi [req-8712daa7-6202-4c4e-bb72-db136e9dadba req-280eae53-b4aa-412c-900c-f89e60d13f23 2956132494344d6e9c24a0d374df1bea d93b79dfa41e4723ab3bc9256dd61450 - - default default] 199.204.45.25 "GET /v2.0/networks?id=53b26a9e-bc33-45e2-a760-e6e7fad4c317 HTTP/1.1" status: 200 len: 1004 time: 0.0586438
2026-05-11 06:52:08.241 10 INFO neutron.db.ovn_revision_numbers_db [None req-19728b64-78da-49e2-a04d-4ac75637c27a d74a34133731452aae68b146cd679704 5b6e34121d144498874972f3fefe2dfb - - - -] Successfully bumped revision number for resource d1eeb289-5fd0-4382-8198-63e9ad91e219 (type: ports) to 2
2026-05-11 06:52:08.427 10 INFO neutron.db.ovn_revision_numbers_db [None req-19728b64-78da-49e2-a04d-4ac75637c27a d74a34133731452aae68b146cd679704 5b6e34121d144498874972f3fefe2dfb - - - -] Successfully bumped revision number for resource d1eeb289-5fd0-4382-8198-63e9ad91e219 (type: ports) to 2
2026-05-11 06:52:08.442 10 INFO neutron.wsgi [None req-19728b64-78da-49e2-a04d-4ac75637c27a d74a34133731452aae68b146cd679704 5b6e34121d144498874972f3fefe2dfb - - - -] 199.204.45.25 "PUT /v2.0/ports/d1eeb289-5fd0-4382-8198-63e9ad91e219 HTTP/1.1" status: 200 len: 1376 time: 0.6233928
2026-05-11 06:52:08.484 10 INFO neutron.notifiers.nova [-] Nova event matching ['req-50271bb8-c026-4cac-b98a-94bbbb53aafd'] response: {'name': 'network-changed', 'server_uuid': 'a713ca31-599f-4d02-b99c-2b081fc8966e', 'tag': 'd1eeb289-5fd0-4382-8198-63e9ad91e219', 'status': 'completed', 'code': 200} /var/lib/openstack/lib/python3.10/site-packages/pycadf/identifier.py:71: UserWarning: Invalid uuid: neutron. To ensure interoperability, identifiers should be a valid uuid. warnings.warn(('Invalid uuid: %s. To ensure interoperability, '
2026-05-11 06:52:08.529 10 INFO neutron.wsgi [req-8712daa7-6202-4c4e-bb72-db136e9dadba req-4a435569-41c8-460c-8857-9113cd8fccdc d74a34133731452aae68b146cd679704 5b6e34121d144498874972f3fefe2dfb - - 77b9647b55af417094b7e5991cc094b9 77b9647b55af417094b7e5991cc094b9] 199.204.45.25 "GET /v2.0/ports?tenant_id=d93b79dfa41e4723ab3bc9256dd61450&device_id=a713ca31-599f-4d02-b99c-2b081fc8966e HTTP/1.1" status: 200 len: 2565 time: 0.0434823
2026-05-11 06:52:08.576 10 INFO neutron.wsgi [req-8712daa7-6202-4c4e-bb72-db136e9dadba req-05f17da0-fc9a-429b-bac2-4acd27f69597 d74a34133731452aae68b146cd679704 5b6e34121d144498874972f3fefe2dfb - - 77b9647b55af417094b7e5991cc094b9 77b9647b55af417094b7e5991cc094b9] 199.204.45.25 "GET /v2.0/floatingips?fixed_ip_address=172.24.2.130&port_id=e7c7fa72-8b6c-4401-92de-44871629e870 HTTP/1.1" status: 200 len: 217 time: 0.0397372
2026-05-11 06:52:08.623 10 INFO neutron.wsgi [req-8712daa7-6202-4c4e-bb72-db136e9dadba req-dbf5ef5d-8e1b-49e1-b263-9e3874c31b67 d74a34133731452aae68b146cd679704 5b6e34121d144498874972f3fefe2dfb - - 77b9647b55af417094b7e5991cc094b9 77b9647b55af417094b7e5991cc094b9] 199.204.45.25 "GET /v2.0/subnets?id=0a05dbd6-2543-4e58-8f7a-f1bd0c0b95ca HTTP/1.1" status: 200 len: 829 time: 0.0394526
2026-05-11 06:52:08.656 10 INFO neutron.wsgi [req-8712daa7-6202-4c4e-bb72-db136e9dadba req-08f630f6-62da-4eb6-b338-069009f3da5f d74a34133731452aae68b146cd679704 5b6e34121d144498874972f3fefe2dfb - - 77b9647b55af417094b7e5991cc094b9 77b9647b55af417094b7e5991cc094b9] 199.204.45.25 "GET /v2.0/ports?network_id=f0d26f69-acc4-40ee-b565-8859c5b3c7c7&device_owner=network%3Adhcp HTTP/1.1" status: 200 len: 210 time: 0.0265362
2026-05-11 06:52:08.730 10 INFO neutron.wsgi [req-8712daa7-6202-4c4e-bb72-db136e9dadba req-321b3e4b-14f9-4e24-acba-f475fb558983 d74a34133731452aae68b146cd679704 5b6e34121d144498874972f3fefe2dfb - - 77b9647b55af417094b7e5991cc094b9 77b9647b55af417094b7e5991cc094b9] 199.204.45.25 "GET /v2.0/networks/f0d26f69-acc4-40ee-b565-8859c5b3c7c7?fields=segments HTTP/1.1" status: 200 len: 212 time: 0.0635159
2026-05-11 06:52:08.796 10 INFO neutron.wsgi [req-8712daa7-6202-4c4e-bb72-db136e9dadba req-3b7558c9-eadb-4daf-acfa-40e59be18f35 d74a34133731452aae68b146cd679704 5b6e34121d144498874972f3fefe2dfb - - 77b9647b55af417094b7e5991cc094b9 77b9647b55af417094b7e5991cc094b9] 199.204.45.25 "GET /v2.0/networks/f0d26f69-acc4-40ee-b565-8859c5b3c7c7?fields=provider%3Aphysical_network&fields=provider%3Anetwork_type HTTP/1.1" status: 200 len: 277 time: 0.0596611
2026-05-11 06:52:08.826 10 INFO neutron.wsgi [req-8712daa7-6202-4c4e-bb72-db136e9dadba req-6e085763-c30b-4b43-9de3-61f35a944a9d d74a34133731452aae68b146cd679704 5b6e34121d144498874972f3fefe2dfb - - 77b9647b55af417094b7e5991cc094b9 77b9647b55af417094b7e5991cc094b9] 199.204.45.25 "GET /v2.0/floatingips?fixed_ip_address=10.1.1.63&port_id=d1eeb289-5fd0-4382-8198-63e9ad91e219 HTTP/1.1" status: 200 len: 217 time: 0.0247636
2026-05-11 06:52:08.863 10 INFO neutron.wsgi [req-8712daa7-6202-4c4e-bb72-db136e9dadba req-9a9e59fa-6c1f-4ba8-ac00-a1a07627bdd7 d74a34133731452aae68b146cd679704 5b6e34121d144498874972f3fefe2dfb - - 77b9647b55af417094b7e5991cc094b9 77b9647b55af417094b7e5991cc094b9] 199.204.45.25 "GET /v2.0/subnets?id=c3fbf14f-89cd-421f-aabb-40cfcce6cd89 HTTP/1.1" status: 200 len: 853 time: 0.0322742
2026-05-11 06:52:08.893 10 INFO neutron.wsgi [req-8712daa7-6202-4c4e-bb72-db136e9dadba req-588ad04b-d1a9-4b20-b68d-10da63ae3261 d74a34133731452aae68b146cd679704 5b6e34121d144498874972f3fefe2dfb - - 77b9647b55af417094b7e5991cc094b9 77b9647b55af417094b7e5991cc094b9] 199.204.45.25 "GET /v2.0/ports?network_id=53b26a9e-bc33-45e2-a760-e6e7fad4c317&device_owner=network%3Adhcp HTTP/1.1" status: 200 len: 210 time: 0.0236275
2026-05-11 06:52:08.954 10 INFO neutron.wsgi [req-8712daa7-6202-4c4e-bb72-db136e9dadba req-93633b89-2c38-4f56-b2e1-c66cca36621c d74a34133731452aae68b146cd679704 5b6e34121d144498874972f3fefe2dfb - - 77b9647b55af417094b7e5991cc094b9 77b9647b55af417094b7e5991cc094b9] 199.204.45.25 "GET /v2.0/networks/53b26a9e-bc33-45e2-a760-e6e7fad4c317?fields=segments HTTP/1.1" status: 200 len: 212 time: 0.0574920
2026-05-11 06:52:09.025 10 INFO neutron.wsgi [req-8712daa7-6202-4c4e-bb72-db136e9dadba req-dd2bd0ee-ca81-45e1-a756-c4f14759306f d74a34133731452aae68b146cd679704 5b6e34121d144498874972f3fefe2dfb - - 77b9647b55af417094b7e5991cc094b9 77b9647b55af417094b7e5991cc094b9] 199.204.45.25 "GET /v2.0/networks/53b26a9e-bc33-45e2-a760-e6e7fad4c317?fields=provider%3Aphysical_network&fields=provider%3Anetwork_type HTTP/1.1" status: 200 len: 277 time: 0.0657060
2026-05-11 06:52:09.117 10 INFO neutron.wsgi [req-aaf790cc-e13a-4a7c-9b95-ed178d5a36e1 req-0e9ad1f8-71aa-4123-9452-e5e54a002a69 d74a34133731452aae68b146cd679704 5b6e34121d144498874972f3fefe2dfb - - 77b9647b55af417094b7e5991cc094b9 77b9647b55af417094b7e5991cc094b9] 199.204.45.25 "GET /v2.0/ports?tenant_id=d93b79dfa41e4723ab3bc9256dd61450&device_id=a713ca31-599f-4d02-b99c-2b081fc8966e HTTP/1.1" status: 200 len: 2565 time: 0.0502815
2026-05-11 06:52:09.130 9 INFO neutron.plugins.ml2.drivers.ovn.mech_driver.mech_driver [None req-56e01429-9035-4dbd-978f-f5772fa97956 - - - - - -] OVN reports status up for port: d1eeb289-5fd0-4382-8198-63e9ad91e219
2026-05-11 06:52:09.159 9 INFO neutron.plugins.ml2.plugin [None req-56e01429-9035-4dbd-978f-f5772fa97956 - - - - - -] Attempt 1 to provision port d1eeb289-5fd0-4382-8198-63e9ad91e219
2026-05-11 06:52:09.261 10 INFO neutron.wsgi [req-aaf790cc-e13a-4a7c-9b95-ed178d5a36e1 req-5b357ce5-c1fe-4d52-81f6-4e51cfb37a71 d74a34133731452aae68b146cd679704 5b6e34121d144498874972f3fefe2dfb - - 77b9647b55af417094b7e5991cc094b9 77b9647b55af417094b7e5991cc094b9] 199.204.45.25 "GET /v2.0/networks?id=53b26a9e-bc33-45e2-a760-e6e7fad4c317 HTTP/1.1" status: 200 len: 1004 time: 0.1229329
2026-05-11 06:52:09.302 10 INFO neutron.wsgi [req-aaf790cc-e13a-4a7c-9b95-ed178d5a36e1 req-aacc924d-9b10-4f9e-8b09-0a2dd1429ffc d74a34133731452aae68b146cd679704 5b6e34121d144498874972f3fefe2dfb - - 77b9647b55af417094b7e5991cc094b9 77b9647b55af417094b7e5991cc094b9] 199.204.45.25 "GET /v2.0/floatingips?fixed_ip_address=10.1.1.63&port_id=d1eeb289-5fd0-4382-8198-63e9ad91e219 HTTP/1.1" status: 200 len: 217 time: 0.0346391
2026-05-11 06:52:09.343 10 INFO neutron.wsgi [req-aaf790cc-e13a-4a7c-9b95-ed178d5a36e1 req-b611a802-97bb-4808-92d7-89c6684b6cb1 d74a34133731452aae68b146cd679704 5b6e34121d144498874972f3fefe2dfb - - 77b9647b55af417094b7e5991cc094b9 77b9647b55af417094b7e5991cc094b9] 199.204.45.25 "GET /v2.0/subnets?id=c3fbf14f-89cd-421f-aabb-40cfcce6cd89 HTTP/1.1" status: 200 len: 853 time: 0.0349469
2026-05-11 06:52:09.371 10 INFO neutron.wsgi [req-aaf790cc-e13a-4a7c-9b95-ed178d5a36e1 req-ded76474-4004-4bf2-b08e-4fdd513f5176 d74a34133731452aae68b146cd679704 5b6e34121d144498874972f3fefe2dfb - - 77b9647b55af417094b7e5991cc094b9 77b9647b55af417094b7e5991cc094b9] 199.204.45.25 "GET /v2.0/ports?network_id=53b26a9e-bc33-45e2-a760-e6e7fad4c317&device_owner=network%3Adhcp HTTP/1.1" status: 200 len: 210 time: 0.0217059
2026-05-11 06:52:09.371 9 INFO neutron.wsgi [req-8712daa7-6202-4c4e-bb72-db136e9dadba req-93140e8f-e1e0-40d4-b44f-711cb475fd7b 2956132494344d6e9c24a0d374df1bea d93b79dfa41e4723ab3bc9256dd61450 - - default default] 10.0.0.127 "GET /v2.0/ports/d1eeb289-5fd0-4382-8198-63e9ad91e219 HTTP/1.1" status: 200 len: 1406 time: 0.0572517
2026-05-11 06:52:09.481 10 INFO neutron.wsgi [req-aaf790cc-e13a-4a7c-9b95-ed178d5a36e1 req-d476d143-cde7-43f5-9955-4ad4d7a94a23 d74a34133731452aae68b146cd679704 5b6e34121d144498874972f3fefe2dfb - - 77b9647b55af417094b7e5991cc094b9 77b9647b55af417094b7e5991cc094b9] 199.204.45.25 "GET /v2.0/networks/53b26a9e-bc33-45e2-a760-e6e7fad4c317?fields=segments HTTP/1.1" status: 200 len: 212 time: 0.1007371
2026-05-11 06:52:09.520 9 INFO neutron.notifiers.nova [-] Nova event matching ['req-14072c91-5028-456e-9325-f1ea90c0bb35'] response: {'server_uuid': 'a713ca31-599f-4d02-b99c-2b081fc8966e', 'name': 'network-vif-plugged', 'status': 'completed', 'tag': 'd1eeb289-5fd0-4382-8198-63e9ad91e219', 'code': 200}
2026-05-11 06:52:09.568 10 INFO neutron.wsgi [req-aaf790cc-e13a-4a7c-9b95-ed178d5a36e1 req-3ee8ac12-d911-4cd9-9532-4acbe1939d51 d74a34133731452aae68b146cd679704 5b6e34121d144498874972f3fefe2dfb - - 77b9647b55af417094b7e5991cc094b9 77b9647b55af417094b7e5991cc094b9] 199.204.45.25 "GET /v2.0/networks/53b26a9e-bc33-45e2-a760-e6e7fad4c317?fields=provider%3Aphysical_network&fields=provider%3Anetwork_type HTTP/1.1" status: 200 len: 277 time: 0.0790477
2026-05-11 06:52:09.572 9 INFO neutron.db.ovn_revision_numbers_db [None req-56e01429-9035-4dbd-978f-f5772fa97956 - - - - - -] Successfully bumped revision number for resource d1eeb289-5fd0-4382-8198-63e9ad91e219 (type: ports) to 4
2026-05-11 06:52:09.841 9 INFO neutron.db.ovn_revision_numbers_db [None req-abbe10bc-fb6c-4075-987b-2c88a179d71a 2956132494344d6e9c24a0d374df1bea d93b79dfa41e4723ab3bc9256dd61450 - - - -] Successfully bumped revision number for resource d1eeb289-5fd0-4382-8198-63e9ad91e219 (type: ports) to 5
2026-05-11 06:52:09.850 9 INFO neutron.wsgi [None req-abbe10bc-fb6c-4075-987b-2c88a179d71a 2956132494344d6e9c24a0d374df1bea d93b79dfa41e4723ab3bc9256dd61450 - - - -] 199.204.45.25 "PUT /v2.0/ports/d1eeb289-5fd0-4382-8198-63e9ad91e219 HTTP/1.1" status: 200 len: 1438 time: 0.4674053 /var/lib/openstack/lib/python3.10/site-packages/pycadf/identifier.py:71: UserWarning: Invalid uuid: neutron. To ensure interoperability, identifiers should be a valid uuid. warnings.warn(('Invalid uuid: %s. To ensure interoperability, '
2026-05-11 06:52:09.891 9 INFO neutron.wsgi [None req-a1057e36-19a6-4962-bc1f-d94729cfac24 2956132494344d6e9c24a0d374df1bea d93b79dfa41e4723ab3bc9256dd61450 - - default default] 199.204.45.25 "GET /v2.0/security-groups?name=lb-7ef474d2-b27b-4660-a1f6-33c3af91350f HTTP/1.1" status: 200 len: 1777 time: 0.0358682
2026-05-11 06:52:10.201 9 INFO neutron.db.ovn_revision_numbers_db [None req-74bf89ef-41cd-487e-8338-8c67938f0c4f 2956132494344d6e9c24a0d374df1bea d93b79dfa41e4723ab3bc9256dd61450 - - - -] Successfully bumped revision number for resource d1eeb289-5fd0-4382-8198-63e9ad91e219 (type: ports) to 6
2026-05-11 06:52:10.211 9 INFO neutron.wsgi [None req-74bf89ef-41cd-487e-8338-8c67938f0c4f 2956132494344d6e9c24a0d374df1bea d93b79dfa41e4723ab3bc9256dd61450 - - - -] 199.204.45.25 "PUT /v2.0/ports/d1eeb289-5fd0-4382-8198-63e9ad91e219 HTTP/1.1" status: 200 len: 1438 time: 0.3136513 /var/lib/openstack/lib/python3.10/site-packages/pycadf/identifier.py:71: UserWarning: Invalid uuid: neutron. To ensure interoperability, identifiers should be a valid uuid. warnings.warn(('Invalid uuid: %s. To ensure interoperability, '
2026-05-11 06:52:10.303 9 INFO neutron.wsgi [None req-8be7354d-f542-4aad-a91f-a3af5af62d39 2956132494344d6e9c24a0d374df1bea d93b79dfa41e4723ab3bc9256dd61450 - - default default] 199.204.45.25 "GET /v2.0/extensions/security-group HTTP/1.1" status: 200 len: 369 time: 0.0069561
2026-05-11 06:52:10.311 9 INFO neutron.wsgi [None req-5909dcf2-d5e0-4752-9eb5-2a1ae0652fa5 2956132494344d6e9c24a0d374df1bea d93b79dfa41e4723ab3bc9256dd61450 - - default default] 199.204.45.25 "GET /v2.0/extensions/dns-integration HTTP/1.1" status: 200 len: 371 time: 0.0042906
2026-05-11 06:52:10.319 9 INFO neutron.wsgi [None req-1d6244cc-9731-487b-9870-e8570547c083 2956132494344d6e9c24a0d374df1bea d93b79dfa41e4723ab3bc9256dd61450 - - default default] 199.204.45.25 "GET /v2.0/extensions/qos HTTP/1.1" status: 200 len: 365 time: 0.0039093
2026-05-11 06:52:10.328 9 INFO neutron.wsgi [None req-e0c6836a-4015-4be5-9b8f-7f3e6c3fdd97 2956132494344d6e9c24a0d374df1bea d93b79dfa41e4723ab3bc9256dd61450 - - default default] 199.204.45.25 "GET /v2.0/extensions/allowed-address-pairs HTTP/1.1" status: 200 len: 383 time: 0.0039227
2026-05-11 06:52:10.368 9 INFO neutron.wsgi [None req-f512803b-9457-42e7-9f22-a624721699bb 2956132494344d6e9c24a0d374df1bea d93b79dfa41e4723ab3bc9256dd61450 - - default default] 199.204.45.25 "GET /v2.0/subnets/c3fbf14f-89cd-421f-aabb-40cfcce6cd89 HTTP/1.1" status: 200 len: 850 time: 0.0350871
2026-05-11 06:52:10.412 9 INFO neutron.wsgi [None req-b446a2af-cbb0-45b2-9711-b59d2ee046a8 2956132494344d6e9c24a0d374df1bea d93b79dfa41e4723ab3bc9256dd61450 - - default default] 199.204.45.25 "GET /v2.0/ports/679c06f0-0d29-4488-b8b5-305557cf724a HTTP/1.1" status: 200 len: 1328 time: 0.0369027
2026-05-11 06:52:10.451 9 INFO neutron.wsgi [None req-b6ad0001-9dfe-437f-8927-0c2125270798 2956132494344d6e9c24a0d374df1bea d93b79dfa41e4723ab3bc9256dd61450 - - default default] 199.204.45.25 "GET /v2.0/ports/d1eeb289-5fd0-4382-8198-63e9ad91e219 HTTP/1.1" status: 200 len: 1466 time: 0.0315790
2026-05-11 06:52:10.489 9 INFO neutron.wsgi [None req-80e298a5-b5f3-4a69-a55e-cc06431de73b 2956132494344d6e9c24a0d374df1bea d93b79dfa41e4723ab3bc9256dd61450 - - default default] 199.204.45.25 "GET /v2.0/subnets/c3fbf14f-89cd-421f-aabb-40cfcce6cd89 HTTP/1.1" status: 200 len: 850 time: 0.0324476
2026-05-11 06:52:10.566 9 INFO neutron.wsgi [None req-9918b0d5-b813-4779-a243-38b1bc3f9792 2956132494344d6e9c24a0d374df1bea d93b79dfa41e4723ab3bc9256dd61450 - - default default] 199.204.45.25 "GET /v2.0/networks/53b26a9e-bc33-45e2-a760-e6e7fad4c317 HTTP/1.1" status: 200 len: 1001 time: 0.0620272
