2026-05-11 06:47:33.888 9 INFO neutron.wsgi [req-c74405dd-98e3-43d2-aed8-3cf34516d6eb req-fc2a1c53-7ffa-4ad9-9458-e0e9bac0e07e baf7db2a451b49129adcc1a8040d2600 a2f30fc13b96430aa02850f33cd41857 - - default default] 10.0.0.127 "GET /v2.0/security-groups?id=7d1b1320-9516-4a82-9798-e7570c4caf2b&fields=id&fields=name HTTP/1.1" status: 200 len: 312 time: 0.0417998
2026-05-11 06:47:33.896 10 INFO neutron.wsgi [req-51e04aa8-cb6e-4067-9db1-066e3ce9f68b req-f6394059-5ac1-4e8e-8313-6415b2d3acd7 d74a34133731452aae68b146cd679704 5b6e34121d144498874972f3fefe2dfb - - 77b9647b55af417094b7e5991cc094b9 77b9647b55af417094b7e5991cc094b9] 199.204.45.25 "GET /v2.0/networks/1e0e4ea9-750b-470e-bc4b-7f321f50ddb7?fields=segments HTTP/1.1" status: 200 len: 212 time: 0.0799875
2026-05-11 06:47:33.960 10 INFO neutron.wsgi [None req-56aa8a7a-e420-4ae3-80ef-8d36f93e0305 a12d2dafc6bd48b5ae89316cc3a25122 fc81d8be5d984b1da2f3c51742807fb3 - - - -] 10.0.0.125 "PUT /v2.0/routers/52cd673b-f042-4449-8b00-55ae75141c3c/remove_router_interface HTTP/1.1" status: 200 len: 503 time: 1.2989671
2026-05-11 06:47:33.989 9 INFO neutron.wsgi [None req-621eb1ca-2daf-48c2-9ac8-5c6afd934ca5 a12d2dafc6bd48b5ae89316cc3a25122 fc81d8be5d984b1da2f3c51742807fb3 - - default default] 10.0.0.125 "GET /v2.0/ports?device_id=52cd673b-f042-4449-8b00-55ae75141c3c HTTP/1.1" status: 200 len: 205 time: 0.0219681
2026-05-11 06:47:34.017 10 INFO neutron.wsgi [req-51e04aa8-cb6e-4067-9db1-066e3ce9f68b req-009fef1e-47c7-4d2d-9557-216f83ebb952 d74a34133731452aae68b146cd679704 5b6e34121d144498874972f3fefe2dfb - - 77b9647b55af417094b7e5991cc094b9 77b9647b55af417094b7e5991cc094b9] 199.204.45.25 "GET /v2.0/networks/1e0e4ea9-750b-470e-bc4b-7f321f50ddb7?fields=provider%3Aphysical_network&fields=provider%3Anetwork_type HTTP/1.1" status: 200 len: 277 time: 0.1169686
2026-05-11 06:47:34.257 9 INFO neutron.wsgi [None req-ae0dc732-5c22-4850-9e9d-e28d05ebc3e3 a12d2dafc6bd48b5ae89316cc3a25122 fc81d8be5d984b1da2f3c51742807fb3 - - - -] 10.0.0.125 "DELETE /v2.0/routers/52cd673b-f042-4449-8b00-55ae75141c3c HTTP/1.1" status: 204 len: 168 time: 0.2640862
2026-05-11 06:47:34.514 9 INFO neutron.wsgi [None req-37e63ff8-0177-461a-a36b-d93b5570f5a9 a12d2dafc6bd48b5ae89316cc3a25122 fc81d8be5d984b1da2f3c51742807fb3 - - - -] 10.0.0.125 "DELETE /v2.0/subnets/8e31fcfd-11ec-4012-8c9b-cffe5bcf283f HTTP/1.1" status: 204 len: 168 time: 0.2522860 /var/lib/openstack/lib/python3.10/site-packages/pycadf/identifier.py:71: UserWarning: Invalid uuid: neutron. To ensure interoperability, identifiers should be a valid uuid. warnings.warn(('Invalid uuid: %s. To ensure interoperability, '
2026-05-11 06:47:34.726 10 INFO neutron.wsgi [None req-4aca2cb3-f09b-4a85-a90b-cdf09a3a01bf a12d2dafc6bd48b5ae89316cc3a25122 fc81d8be5d984b1da2f3c51742807fb3 - - - -] 10.0.0.125 "DELETE /v2.0/subnets/52f709a9-65af-4f0d-b5fa-6c7140c45034 HTTP/1.1" status: 204 len: 168 time: 0.2053511
2026-05-11 06:47:34.814 10 WARNING neutron.plugins.ml2.drivers.ovn.mech_driver.ovsdb.ovn_client [None req-7ed45dec-ef09-4a9f-955d-6f4b4fa90417 - - - - - -] No port found with ID 542f33c3-7b2d-428d-b74e-e302b6c55eab: RuntimeError: No port found with ID 542f33c3-7b2d-428d-b74e-e302b6c55eab
2026-05-11 06:47:34.814 10 INFO neutron.plugins.ml2.drivers.ovn.mech_driver.mech_driver [None req-7ed45dec-ef09-4a9f-955d-6f4b4fa90417 - - - - - -] OVN reports status up for port: 1573cddb-b628-4851-a4af-17d80f8c8bf2
2026-05-11 06:47:34.830 10 INFO neutron.plugins.ml2.plugin [None req-7ed45dec-ef09-4a9f-955d-6f4b4fa90417 - - - - - -] Attempt 1 to provision port 1573cddb-b628-4851-a4af-17d80f8c8bf2
2026-05-11 06:47:34.986 10 INFO neutron.notifiers.nova [-] Nova event matching ['req-fe5b63cd-d855-432f-99bf-915a5f9c1a39'] response: {'server_uuid': '9f8e214b-0e57-4b2a-b8ad-602f9ce99b9a', 'name': 'network-vif-plugged', 'status': 'completed', 'tag': '1573cddb-b628-4851-a4af-17d80f8c8bf2', 'code': 200}
2026-05-11 06:47:35.024 9 INFO neutron.wsgi [req-3313bbc8-feff-4169-a8ce-c0a2ce5cf07b req-07ae9b98-dd33-484d-994a-59e1f8bf43d8 baf7db2a451b49129adcc1a8040d2600 a2f30fc13b96430aa02850f33cd41857 - - default default] 10.0.0.127 "GET /v2.0/ports?device_id=9f8e214b-0e57-4b2a-b8ad-602f9ce99b9a HTTP/1.1" status: 200 len: 1174 time: 0.0452695
2026-05-11 06:47:35.083 9 INFO neutron.wsgi [req-3313bbc8-feff-4169-a8ce-c0a2ce5cf07b req-1d1614d7-3f50-436f-a97a-c3466f5e7c5d baf7db2a451b49129adcc1a8040d2600 a2f30fc13b96430aa02850f33cd41857 - - default default] 10.0.0.127 "GET /v2.0/security-groups?id=7d1b1320-9516-4a82-9798-e7570c4caf2b&fields=id&fields=name HTTP/1.1" status: 200 len: 312 time: 0.0513802
2026-05-11 06:47:35.231 10 INFO neutron.services.segments.plugin [-] Segment 40628293-eefb-432a-a642-1c9f2450aae0 resource provider aggregate not found
2026-05-11 06:47:35.253 10 INFO neutron.services.segments.plugin [-] Segment 40628293-eefb-432a-a642-1c9f2450aae0 resource provider aggregate not found
2026-05-11 06:47:35.275 10 INFO neutron.services.segments.plugin [-] Segment 40628293-eefb-432a-a642-1c9f2450aae0 resource provider not found; error: Placement Client Error (4xx): {"errors": [{"status": 404, "title": "Not Found", "detail": "The resource could not be found.\n\n No resource provider with uuid 40628293-eefb-432a-a642-1c9f2450aae0 found for delete ", "request_id": "req-bb4f6986-2716-4d15-b21f-9be254341d90"}]}
2026-05-11 06:47:35.295 10 INFO neutron.wsgi [None req-07f394d2-8c0a-4744-9aed-c1674faefb63 a12d2dafc6bd48b5ae89316cc3a25122 fc81d8be5d984b1da2f3c51742807fb3 - - - -] 10.0.0.125 "DELETE /v2.0/networks/ac803cf2-3cf9-4f91-b6af-7472b13747ea HTTP/1.1" status: 204 len: 168 time: 0.5626225
2026-05-11 06:47:35.296 10 INFO neutron.db.ovn_revision_numbers_db [None req-7ed45dec-ef09-4a9f-955d-6f4b4fa90417 - - - - - -] Successfully bumped revision number for resource 1573cddb-b628-4851-a4af-17d80f8c8bf2 (type: ports) to 4
2026-05-11 06:47:35.354 10 INFO neutron.services.segments.plugin [-] Segment 40628293-eefb-432a-a642-1c9f2450aae0 resource provider not found; error: Placement Client Error (4xx): {"errors": [{"status": 404, "title": "Not Found", "detail": "The resource could not be found.\n\n No resource provider with uuid 40628293-eefb-432a-a642-1c9f2450aae0 found for delete ", "request_id": "req-8c148c04-7d12-4483-bb07-b44457289ba7"}]}
2026-05-11 06:47:35.733 9 INFO neutron.services.segments.plugin [-] Segment 289d22c2-579f-41d1-8428-417d8aead416 resource provider aggregate not found
2026-05-11 06:47:35.750 9 INFO neutron.services.segments.plugin [-] Segment 289d22c2-579f-41d1-8428-417d8aead416 resource provider aggregate not found
2026-05-11 06:47:35.778 9 INFO neutron.services.segments.plugin [-] Segment 289d22c2-579f-41d1-8428-417d8aead416 resource provider not found; error: Placement Client Error (4xx): {"errors": [{"status": 404, "title": "Not Found", "detail": "The resource could not be found.\n\n No resource provider with uuid 289d22c2-579f-41d1-8428-417d8aead416 found for delete ", "request_id": "req-1979c7bd-bc01-4853-8100-bcf6719b0f34"}]}
2026-05-11 06:47:35.779 9 INFO neutron.services.segments.plugin [-] Segment 289d22c2-579f-41d1-8428-417d8aead416 resource provider not found; error: Placement Client Error (4xx): {"errors": [{"status": 404, "title": "Not Found", "detail": "The resource could not be found.\n\n No resource provider with uuid 289d22c2-579f-41d1-8428-417d8aead416 found for delete ", "request_id": "req-83bffff0-818a-41f4-a5fc-90f0e2d6e46e"}]}
2026-05-11 06:47:35.813 9 INFO neutron.wsgi [None req-b9632134-0db1-43f2-9593-d8126c877473 a12d2dafc6bd48b5ae89316cc3a25122 fc81d8be5d984b1da2f3c51742807fb3 - - - -] 10.0.0.125 "DELETE /v2.0/networks/de96f889-6c78-4005-9a78-62d3b9a64871 HTTP/1.1" status: 204 len: 168 time: 0.5121684
2026-05-11 06:47:35.919 9 INFO neutron.db.segments_db [None req-2d90b9af-5955-43d0-94d4-a2e2c1b37d78 a12d2dafc6bd48b5ae89316cc3a25122 fc81d8be5d984b1da2f3c51742807fb3 - - - -] Added segment 6bfbdee5-e388-40ad-ae52-f0970539d77e of type geneve for network 857a1ea6-4d0b-4a26-8936-c6de8034f3d2
2026-05-11 06:47:36.064 9 INFO neutron.db.ovn_revision_numbers_db [None req-2d90b9af-5955-43d0-94d4-a2e2c1b37d78 a12d2dafc6bd48b5ae89316cc3a25122 fc81d8be5d984b1da2f3c51742807fb3 - - - -] Successfully bumped revision number for resource 857a1ea6-4d0b-4a26-8936-c6de8034f3d2 (type: networks) to 1
2026-05-11 06:47:36.291 9 INFO neutron.wsgi [req-b3916061-d08a-40a0-8b0d-04c7c3eb1d90 req-7a292c37-2d46-4264-98ba-4e5bdecc12ca baf7db2a451b49129adcc1a8040d2600 a2f30fc13b96430aa02850f33cd41857 - - default default] 10.0.0.127 "GET /v2.0/ports?device_id=9f8e214b-0e57-4b2a-b8ad-602f9ce99b9a HTTP/1.1" status: 200 len: 1174 time: 0.1269557
2026-05-11 06:47:36.330 9 WARNING neutron.scheduler.dhcp_agent_scheduler [None req-2d90b9af-5955-43d0-94d4-a2e2c1b37d78 a12d2dafc6bd48b5ae89316cc3a25122 fc81d8be5d984b1da2f3c51742807fb3 - - - -] No more DHCP agents
2026-05-11 06:47:36.334 9 WARNING neutron.api.rpc.agentnotifiers.dhcp_rpc_agent_api [None req-2d90b9af-5955-43d0-94d4-a2e2c1b37d78 a12d2dafc6bd48b5ae89316cc3a25122 fc81d8be5d984b1da2f3c51742807fb3 - - - -] Unable to schedule network 857a1ea6-4d0b-4a26-8936-c6de8034f3d2: no agents available; will retry on subsequent port and subnet creation events.
2026-05-11 06:47:36.358 9 INFO neutron.wsgi [req-b3916061-d08a-40a0-8b0d-04c7c3eb1d90 req-6da71b82-819d-4e43-9be0-9b6d4263350e baf7db2a451b49129adcc1a8040d2600 a2f30fc13b96430aa02850f33cd41857 - - default default] 10.0.0.127 "GET /v2.0/security-groups?id=7d1b1320-9516-4a82-9798-e7570c4caf2b&fields=id&fields=name HTTP/1.1" status: 200 len: 312 time: 0.0581946
2026-05-11 06:47:36.423 9 INFO neutron.db.ovn_revision_numbers_db [None req-2d90b9af-5955-43d0-94d4-a2e2c1b37d78 a12d2dafc6bd48b5ae89316cc3a25122 fc81d8be5d984b1da2f3c51742807fb3 - - - -] Successfully bumped revision number for resource a55ef06d-b7c7-472f-8400-cd86abb173e1 (type: ports) to 1
2026-05-11 06:47:36.460 9 INFO neutron.wsgi [None req-2d90b9af-5955-43d0-94d4-a2e2c1b37d78 a12d2dafc6bd48b5ae89316cc3a25122 fc81d8be5d984b1da2f3c51742807fb3 - - - -] 10.0.0.125 "POST /v2.0/networks HTTP/1.1" status: 201 len: 832 time: 0.6379318 /var/lib/openstack/lib/python3.10/site-packages/pycadf/identifier.py:71: UserWarning: Invalid uuid: neutron. To ensure interoperability, identifiers should be a valid uuid. warnings.warn(('Invalid uuid: %s. To ensure interoperability, '
2026-05-11 06:47:36.471 9 INFO neutron.wsgi [req-d9eb08f6-af9a-43b0-934b-3ed9067197b7 req-114bde51-eeb5-403a-bee5-dea1b8bf72cf baf7db2a451b49129adcc1a8040d2600 a2f30fc13b96430aa02850f33cd41857 - - default default] 10.0.0.127 "GET /v2.0/ports?device_id=9f8e214b-0e57-4b2a-b8ad-602f9ce99b9a HTTP/1.1" status: 200 len: 1174 time: 0.0368822
2026-05-11 06:47:36.771 10 WARNING neutron.scheduler.dhcp_agent_scheduler [None req-df710eb6-0e9b-4c0c-b16a-058875b3a093 a12d2dafc6bd48b5ae89316cc3a25122 fc81d8be5d984b1da2f3c51742807fb3 - - - -] No more DHCP agents
2026-05-11 06:47:36.782 10 WARNING neutron.api.rpc.agentnotifiers.dhcp_rpc_agent_api [None req-df710eb6-0e9b-4c0c-b16a-058875b3a093 a12d2dafc6bd48b5ae89316cc3a25122 fc81d8be5d984b1da2f3c51742807fb3 - - - -] Unable to schedule network 857a1ea6-4d0b-4a26-8936-c6de8034f3d2: no agents available; will retry on subsequent port and subnet creation events.
2026-05-11 06:47:36.799 10 INFO neutron.db.ovn_revision_numbers_db [None req-df710eb6-0e9b-4c0c-b16a-058875b3a093 a12d2dafc6bd48b5ae89316cc3a25122 fc81d8be5d984b1da2f3c51742807fb3 - - - -] Successfully bumped revision number for resource bfa453cb-3dc9-4bed-8d92-48663fd5847c (type: subnets) to 0
2026-05-11 06:47:36.815 10 INFO neutron.wsgi [None req-df710eb6-0e9b-4c0c-b16a-058875b3a093 a12d2dafc6bd48b5ae89316cc3a25122 fc81d8be5d984b1da2f3c51742807fb3 - - - -] 10.0.0.125 "POST /v2.0/subnets HTTP/1.1" status: 201 len: 821 time: 0.3483016
2026-05-11 06:47:37.036 10 INFO neutron.notifiers.nova [-] Nova event matching ['req-97be4ddd-612e-40ce-8b2e-de141d4041b9'] response: {'server_uuid': '9f8e214b-0e57-4b2a-b8ad-602f9ce99b9a', 'name': 'network-vif-plugged', 'status': 'completed', 'tag': '1573cddb-b628-4851-a4af-17d80f8c8bf2', 'code': 200}
2026-05-11 06:47:37.038 10 INFO neutron.db.ovn_revision_numbers_db [None req-ce4a310d-6a62-4df4-95b8-aa0098fb3181 a12d2dafc6bd48b5ae89316cc3a25122 fc81d8be5d984b1da2f3c51742807fb3 - - - -] Successfully bumped revision number for resource 1c52bc1e-f2b1-4f1f-86e4-15c1f70ee545 (type: routers) to 1
2026-05-11 06:47:37.054 10 INFO neutron.wsgi [None req-ce4a310d-6a62-4df4-95b8-aa0098fb3181 a12d2dafc6bd48b5ae89316cc3a25122 fc81d8be5d984b1da2f3c51742807fb3 - - - -] 10.0.0.125 "POST /v2.0/routers HTTP/1.1" status: 201 len: 691 time: 0.2252100
2026-05-11 06:47:37.169 9 WARNING neutron.plugins.ml2.drivers.ovn.mech_driver.ovsdb.ovn_client [None req-56e01429-9035-4dbd-978f-f5772fa97956 - - - - - -] No port found with ID 09eecc32-c1ad-4d51-8e2d-307fe9f3e87c: RuntimeError: No port found with ID 09eecc32-c1ad-4d51-8e2d-307fe9f3e87c
2026-05-11 06:47:37.181 9 INFO neutron.db.l3_db [None req-ce82ae5b-b30c-4181-8153-6dba5def058a baf7db2a451b49129adcc1a8040d2600 a2f30fc13b96430aa02850f33cd41857 - - - -] Floating IP c4533414-1f78-4d15-8dba-f86a62e61ec3 associated. External IP: 10.96.250.217, port: 1573cddb-b628-4851-a4af-17d80f8c8bf2.
2026-05-11 06:47:37.346 9 INFO neutron.wsgi [None req-cb08a301-a914-4000-9c02-7ca065b449ec 2956132494344d6e9c24a0d374df1bea d93b79dfa41e4723ab3bc9256dd61450 - - default default] 10.0.0.98 "GET /v2.0/subnets HTTP/1.1" status: 200 len: 2723 time: 0.1064045
2026-05-11 06:47:37.390 9 INFO neutron.wsgi [None req-02480ab3-6656-4464-9c81-9c2dd45d74ed 2956132494344d6e9c24a0d374df1bea d93b79dfa41e4723ab3bc9256dd61450 - - default default] 10.0.0.98 "GET /v2.0/agents HTTP/1.1" status: 200 len: 997 time: 0.0417776
2026-05-11 06:47:37.407 9 INFO neutron.db.ovn_revision_numbers_db [None req-bf024937-c6ac-4034-9407-ed732876c3da 2956132494344d6e9c24a0d374df1bea d93b79dfa41e4723ab3bc9256dd61450 - - default default] Successfully bumped revision number for resource 77865443-9ac1-43aa-a191-fb6602a36230 (type: security_groups) to 1
2026-05-11 06:47:37.426 10 WARNING neutron.scheduler.dhcp_agent_scheduler [None req-b53744b7-0963-4495-8fc1-e4cb86b26ab1 a12d2dafc6bd48b5ae89316cc3a25122 fc81d8be5d984b1da2f3c51742807fb3 - - - -] No more DHCP agents
2026-05-11 06:47:37.430 10 WARNING neutron.api.rpc.agentnotifiers.dhcp_rpc_agent_api [None req-b53744b7-0963-4495-8fc1-e4cb86b26ab1 a12d2dafc6bd48b5ae89316cc3a25122 fc81d8be5d984b1da2f3c51742807fb3 - - - -] Unable to schedule network 857a1ea6-4d0b-4a26-8936-c6de8034f3d2: no agents available; will retry on subsequent port and subnet creation events.
2026-05-11 06:47:37.482 9 INFO neutron.wsgi [None req-bf024937-c6ac-4034-9407-ed732876c3da 2956132494344d6e9c24a0d374df1bea d93b79dfa41e4723ab3bc9256dd61450 - - default default] 10.0.0.125 "GET /v2.0/security-groups?tenant_id=c3711d3efa3d432b863aacd4bc50bd92&name=default HTTP/1.1" status: 200 len: 2996 time: 0.3747952
2026-05-11 06:47:37.489 9 INFO neutron.db.ovn_revision_numbers_db [None req-ce82ae5b-b30c-4181-8153-6dba5def058a baf7db2a451b49129adcc1a8040d2600 a2f30fc13b96430aa02850f33cd41857 - - - -] Successfully bumped revision number for resource c4533414-1f78-4d15-8dba-f86a62e61ec3 (type: floatingips) to 1 /var/lib/openstack/lib/python3.10/site-packages/pycadf/identifier.py:71: UserWarning: Invalid uuid: neutron. To ensure interoperability, identifiers should be a valid uuid. warnings.warn(('Invalid uuid: %s. To ensure interoperability, '
2026-05-11 06:47:37.543 10 INFO neutron.db.ovn_revision_numbers_db [None req-b53744b7-0963-4495-8fc1-e4cb86b26ab1 a12d2dafc6bd48b5ae89316cc3a25122 fc81d8be5d984b1da2f3c51742807fb3 - - - -] Successfully bumped revision number for resource ce3a4973-3cfb-4851-8d21-004df23ce178 (type: ports) to 1
2026-05-11 06:47:37.575 10 INFO neutron.wsgi [None req-b53744b7-0963-4495-8fc1-e4cb86b26ab1 a12d2dafc6bd48b5ae89316cc3a25122 fc81d8be5d984b1da2f3c51742807fb3 - - - -] 10.0.0.125 "POST /v2.0/ports HTTP/1.1" status: 201 len: 1162 time: 0.5147002
2026-05-11 06:47:37.584 9 INFO neutron.wsgi [None req-d2048cff-a5b2-4159-bd61-07093323cc01 2956132494344d6e9c24a0d374df1bea d93b79dfa41e4723ab3bc9256dd61450 - - default default] 10.0.0.98 "GET /v2.0/security-groups HTTP/1.1" status: 200 len: 27883 time: 0.1918502 /var/lib/openstack/lib/python3.10/site-packages/pycadf/identifier.py:71: UserWarning: Invalid uuid: neutron. To ensure interoperability, identifiers should be a valid uuid. warnings.warn(('Invalid uuid: %s. To ensure interoperability, '
2026-05-11 06:47:37.621 9 INFO neutron.db.ovn_revision_numbers_db [None req-ce82ae5b-b30c-4181-8153-6dba5def058a baf7db2a451b49129adcc1a8040d2600 a2f30fc13b96430aa02850f33cd41857 - - - -] Successfully bumped revision number for resource c4533414-1f78-4d15-8dba-f86a62e61ec3 (type: floatingips) to 2
2026-05-11 06:47:37.656 9 INFO neutron.wsgi [None req-ce82ae5b-b30c-4181-8153-6dba5def058a baf7db2a451b49129adcc1a8040d2600 a2f30fc13b96430aa02850f33cd41857 - - - -] 10.0.0.125 "PUT /v2.0/floatingips/c4533414-1f78-4d15-8dba-f86a62e61ec3 HTTP/1.1" status: 200 len: 1050 time: 1.1727080
2026-05-11 06:47:37.680 9 INFO neutron.wsgi [None req-dbc24845-e7e6-4831-93f4-5d0a96dd4fa0 2956132494344d6e9c24a0d374df1bea d93b79dfa41e4723ab3bc9256dd61450 - - default default] 10.0.0.98 "GET /v2.0/routers HTTP/1.1" status: 200 len: 1350 time: 0.0857177
2026-05-11 06:47:37.698 9 INFO neutron.wsgi [None req-8d4a0475-c58c-44cc-86fc-2a2ad2041b2b 2956132494344d6e9c24a0d374df1bea d93b79dfa41e4723ab3bc9256dd61450 - - default default] 10.0.0.98 "GET /v2.0/agents?binary=ovn-controller HTTP/1.1" status: 200 len: 591 time: 0.0177798
2026-05-11 06:47:37.700 9 INFO neutron.notifiers.nova [-] Nova event matching ['req-c09a2f9b-30d4-4ace-85b1-30209cb6080a'] response: {'name': 'network-changed', 'server_uuid': '9f8e214b-0e57-4b2a-b8ad-602f9ce99b9a', 'tag': '1573cddb-b628-4851-a4af-17d80f8c8bf2', 'status': 'completed', 'code': 200}
2026-05-11 06:47:37.713 9 INFO neutron.wsgi [None req-f06b2b8e-07fb-4c32-bbe8-fef21e6da955 2956132494344d6e9c24a0d374df1bea d93b79dfa41e4723ab3bc9256dd61450 - - default default] 10.0.0.98 "GET /v2.0/network-ip-availabilities HTTP/1.1" status: 200 len: 2208 time: 0.0118365
2026-05-11 06:47:37.760 9 INFO neutron.wsgi [None req-e77e2f27-1259-416a-86d8-0ee07a6404db 2956132494344d6e9c24a0d374df1bea d93b79dfa41e4723ab3bc9256dd61450 - - default default] 10.0.0.98 "GET /v2.0/subnets HTTP/1.1" status: 200 len: 2723 time: 0.0462434
2026-05-11 06:47:37.776 9 INFO neutron.wsgi [None req-99bfbb50-710e-4a3e-95f7-4856cdf18898 2956132494344d6e9c24a0d374df1bea d93b79dfa41e4723ab3bc9256dd61450 - - default default] 10.0.0.98 "GET /v2.0/subnetpools HTTP/1.1" status: 200 len: 193 time: 0.0133617
2026-05-11 06:47:37.788 10 INFO neutron.wsgi [req-7e88e7c7-1f7f-4320-84e7-451aea404c75 req-687d1c4f-6c7a-4b11-b2ae-670960a91b8a d74a34133731452aae68b146cd679704 5b6e34121d144498874972f3fefe2dfb - - 77b9647b55af417094b7e5991cc094b9 77b9647b55af417094b7e5991cc094b9] 199.204.45.25 "GET /v2.0/ports?tenant_id=a2f30fc13b96430aa02850f33cd41857&device_id=9f8e214b-0e57-4b2a-b8ad-602f9ce99b9a HTTP/1.1" status: 200 len: 1365 time: 0.0605557
2026-05-11 06:47:37.814 9 INFO neutron.wsgi [None req-5c7404ea-1e66-423d-bfd2-c63c30e6bc45 2956132494344d6e9c24a0d374df1bea d93b79dfa41e4723ab3bc9256dd61450 - - default default] 10.0.0.98 "GET /v2.0/floatingips HTTP/1.1" status: 200 len: 1036 time: 0.0371766
2026-05-11 06:47:37.882 9 INFO neutron.wsgi [None req-c8f8112f-e3a4-403b-aafd-a56528103676 2956132494344d6e9c24a0d374df1bea d93b79dfa41e4723ab3bc9256dd61450 - - default default] 10.0.0.98 "GET /v2.0/networks HTTP/1.1" status: 200 len: 3854 time: 0.0664823
2026-05-11 06:47:37.883 10 INFO neutron.wsgi [None req-7d2abb65-5267-47a8-a587-645ffe071851 2956132494344d6e9c24a0d374df1bea d93b79dfa41e4723ab3bc9256dd61450 - - - -] 10.0.0.125 "DELETE /v2.0/security-groups/77865443-9ac1-43aa-a191-fb6602a36230 HTTP/1.1" status: 204 len: 168 time: 0.3938310
2026-05-11 06:47:37.900 10 INFO neutron.wsgi [req-7e88e7c7-1f7f-4320-84e7-451aea404c75 req-b09b5a70-4998-456f-aea9-3161271ff0e9 d74a34133731452aae68b146cd679704 5b6e34121d144498874972f3fefe2dfb - - 77b9647b55af417094b7e5991cc094b9 77b9647b55af417094b7e5991cc094b9] 199.204.45.25 "GET /v2.0/networks?id=1e0e4ea9-750b-470e-bc4b-7f321f50ddb7 HTTP/1.1" status: 200 len: 972 time: 0.1021080
2026-05-11 06:47:37.927 9 INFO neutron.wsgi [None req-9480779e-599a-42f0-80f7-b145c0e41ae1 2956132494344d6e9c24a0d374df1bea d93b79dfa41e4723ab3bc9256dd61450 - - default default] 10.0.0.98 "GET /v2.0/ports HTTP/1.1" status: 200 len: 12532 time: 0.0384154
2026-05-11 06:47:37.977 10 INFO neutron.wsgi [req-7e88e7c7-1f7f-4320-84e7-451aea404c75 req-f6e20141-3628-46b2-9fd6-44cf932b50f4 d74a34133731452aae68b146cd679704 5b6e34121d144498874972f3fefe2dfb - - 77b9647b55af417094b7e5991cc094b9 77b9647b55af417094b7e5991cc094b9] 199.204.45.25 "GET /v2.0/floatingips?fixed_ip_address=10.100.0.13&port_id=1573cddb-b628-4851-a4af-17d80f8c8bf2 HTTP/1.1" status: 200 len: 1060 time: 0.0560651
2026-05-11 06:47:38.036 10 INFO neutron.wsgi [req-7e88e7c7-1f7f-4320-84e7-451aea404c75 req-95eab7a3-517e-4360-94c4-1b34702fd223 d74a34133731452aae68b146cd679704 5b6e34121d144498874972f3fefe2dfb - - 77b9647b55af417094b7e5991cc094b9 77b9647b55af417094b7e5991cc094b9] 199.204.45.25 "GET /v2.0/subnets?id=dd2fc3e9-d83f-4248-86bc-b4cabe251c33 HTTP/1.1" status: 200 len: 868 time: 0.0442052
2026-05-11 06:47:38.076 10 INFO neutron.wsgi [req-7e88e7c7-1f7f-4320-84e7-451aea404c75 req-cc735f44-fc79-470f-bf32-89c7e94dbafc d74a34133731452aae68b146cd679704 5b6e34121d144498874972f3fefe2dfb - - 77b9647b55af417094b7e5991cc094b9 77b9647b55af417094b7e5991cc094b9] 199.204.45.25 "GET /v2.0/ports?network_id=1e0e4ea9-750b-470e-bc4b-7f321f50ddb7&device_owner=network%3Adhcp HTTP/1.1" status: 200 len: 210 time: 0.0307572
2026-05-11 06:47:38.488 10 INFO neutron.wsgi [req-7e88e7c7-1f7f-4320-84e7-451aea404c75 req-a142be10-4876-4a33-9e90-f14aa83d3068 d74a34133731452aae68b146cd679704 5b6e34121d144498874972f3fefe2dfb - - 77b9647b55af417094b7e5991cc094b9 77b9647b55af417094b7e5991cc094b9] 199.204.45.25 "GET /v2.0/networks/1e0e4ea9-750b-470e-bc4b-7f321f50ddb7?fields=segments HTTP/1.1" status: 200 len: 212 time: 0.0776989 /var/lib/openstack/lib/python3.10/site-packages/pycadf/identifier.py:71: UserWarning: Invalid uuid: neutron. To ensure interoperability, identifiers should be a valid uuid. warnings.warn(('Invalid uuid: %s. To ensure interoperability, '
2026-05-11 06:47:38.531 9 INFO neutron.plugins.ml2.drivers.ovn.mech_driver.mech_driver [None req-56e01429-9035-4dbd-978f-f5772fa97956 - - - - - -] OVN reports status up for port: ce3a4973-3cfb-4851-8d21-004df23ce178
2026-05-11 06:47:38.542 9 INFO neutron.plugins.ml2.plugin [None req-56e01429-9035-4dbd-978f-f5772fa97956 - - - - - -] Attempt 1 to provision port ce3a4973-3cfb-4851-8d21-004df23ce178
2026-05-11 06:47:38.557 10 INFO neutron.db.ovn_revision_numbers_db [None req-c4c31b4a-c0ef-4d0d-bc14-b416743e2c29 a12d2dafc6bd48b5ae89316cc3a25122 fc81d8be5d984b1da2f3c51742807fb3 - - default default] Successfully bumped revision number for resource ce3a4973-3cfb-4851-8d21-004df23ce178 (type: router_ports) to 2
2026-05-11 06:47:38.589 10 INFO neutron.wsgi [req-7e88e7c7-1f7f-4320-84e7-451aea404c75 req-ca9d7be9-a0e0-4e56-925c-89c9318796c3 d74a34133731452aae68b146cd679704 5b6e34121d144498874972f3fefe2dfb - - 77b9647b55af417094b7e5991cc094b9 77b9647b55af417094b7e5991cc094b9] 199.204.45.25 "GET /v2.0/networks/1e0e4ea9-750b-470e-bc4b-7f321f50ddb7?fields=provider%3Aphysical_network&fields=provider%3Anetwork_type HTTP/1.1" status: 200 len: 277 time: 0.0913160
2026-05-11 06:47:38.748 10 INFO neutron.db.ovn_revision_numbers_db [None req-c4c31b4a-c0ef-4d0d-bc14-b416743e2c29 a12d2dafc6bd48b5ae89316cc3a25122 fc81d8be5d984b1da2f3c51742807fb3 - - default default] Successfully bumped revision number for resource ce3a4973-3cfb-4851-8d21-004df23ce178 (type: ports) to 2
2026-05-11 06:47:38.837 9 INFO neutron.db.ovn_revision_numbers_db [None req-56e01429-9035-4dbd-978f-f5772fa97956 - - - - - -] Successfully bumped revision number for resource ce3a4973-3cfb-4851-8d21-004df23ce178 (type: ports) to 3
2026-05-11 06:47:38.983 9 INFO neutron.db.ovn_revision_numbers_db [None req-56e01429-9035-4dbd-978f-f5772fa97956 - - - - - -] Successfully bumped revision number for resource ce3a4973-3cfb-4851-8d21-004df23ce178 (type: router_ports) to 3 /var/lib/openstack/lib/python3.10/site-packages/pycadf/identifier.py:71: UserWarning: Invalid uuid: neutron. To ensure interoperability, identifiers should be a valid uuid. warnings.warn(('Invalid uuid: %s. To ensure interoperability, '
2026-05-11 06:47:39.396 10 INFO neutron.db.ovn_revision_numbers_db [None req-c4c31b4a-c0ef-4d0d-bc14-b416743e2c29 a12d2dafc6bd48b5ae89316cc3a25122 fc81d8be5d984b1da2f3c51742807fb3 - - default default] Successfully bumped revision number for resource ce3a4973-3cfb-4851-8d21-004df23ce178 (type: ports) to 4
2026-05-11 06:47:39.502 10 WARNING neutron.scheduler.dhcp_agent_scheduler [None req-c4c31b4a-c0ef-4d0d-bc14-b416743e2c29 a12d2dafc6bd48b5ae89316cc3a25122 fc81d8be5d984b1da2f3c51742807fb3 - - default default] No more DHCP agents
2026-05-11 06:47:39.504 10 INFO neutron.db.ovn_revision_numbers_db [None req-714c3579-b759-4c71-ba37-bd92ffa90c2e 2956132494344d6e9c24a0d374df1bea d93b79dfa41e4723ab3bc9256dd61450 - - default default] Successfully bumped revision number for resource 411c572b-2026-4f3f-857c-03c397e537af (type: security_groups) to 1
2026-05-11 06:47:39.506 10 WARNING neutron.api.rpc.agentnotifiers.dhcp_rpc_agent_api [None req-c4c31b4a-c0ef-4d0d-bc14-b416743e2c29 a12d2dafc6bd48b5ae89316cc3a25122 fc81d8be5d984b1da2f3c51742807fb3 - - default default] Unable to schedule network 857a1ea6-4d0b-4a26-8936-c6de8034f3d2: no agents available; will retry on subsequent port and subnet creation events.
2026-05-11 06:47:39.543 10 INFO neutron.wsgi [None req-714c3579-b759-4c71-ba37-bd92ffa90c2e 2956132494344d6e9c24a0d374df1bea d93b79dfa41e4723ab3bc9256dd61450 - - default default] 10.0.0.125 "GET /v2.0/security-groups?tenant_id=fed831f101194085a49ce34169874f28&name=default HTTP/1.1" status: 200 len: 2996 time: 0.5572391
2026-05-11 06:47:39.778 10 INFO neutron.db.ovn_revision_numbers_db [None req-c4c31b4a-c0ef-4d0d-bc14-b416743e2c29 a12d2dafc6bd48b5ae89316cc3a25122 fc81d8be5d984b1da2f3c51742807fb3 - - - -] Successfully bumped revision number for resource ce3a4973-3cfb-4851-8d21-004df23ce178 (type: router_ports) to 4
2026-05-11 06:47:39.781 10 INFO neutron.wsgi [None req-c4c31b4a-c0ef-4d0d-bc14-b416743e2c29 a12d2dafc6bd48b5ae89316cc3a25122 fc81d8be5d984b1da2f3c51742807fb3 - - - -] 10.0.0.125 "PUT /v2.0/routers/1c52bc1e-f2b1-4f1f-86e4-15c1f70ee545/add_router_interface HTTP/1.1" status: 200 len: 503 time: 2.2005558
2026-05-11 06:47:39.829 10 INFO neutron.wsgi [None req-48ff7254-45f1-4ee7-b960-6daaa8a2b4c7 a12d2dafc6bd48b5ae89316cc3a25122 fc81d8be5d984b1da2f3c51742807fb3 - - default default] 10.0.0.125 "GET /v2.0/ports/ce3a4973-3cfb-4851-8d21-004df23ce178 HTTP/1.1" status: 200 len: 1220 time: 0.0413427 /var/lib/openstack/lib/python3.10/site-packages/pycadf/identifier.py:71: UserWarning: Invalid uuid: neutron. To ensure interoperability, identifiers should be a valid uuid. warnings.warn(('Invalid uuid: %s. To ensure interoperability, '
2026-05-11 06:47:39.873 10 INFO neutron.wsgi [None req-ff39205d-5e3d-40b7-8605-d218881e1a71 2956132494344d6e9c24a0d374df1bea d93b79dfa41e4723ab3bc9256dd61450 - - - -] 10.0.0.125 "DELETE /v2.0/security-groups/411c572b-2026-4f3f-857c-03c397e537af HTTP/1.1" status: 204 len: 168 time: 0.3208191
2026-05-11 06:47:40.142 10 INFO neutron.db.ovn_revision_numbers_db [None req-77d20c15-4683-4ba4-9f7c-805d90d44f76 2956132494344d6e9c24a0d374df1bea d93b79dfa41e4723ab3bc9256dd61450 - - default default] Successfully bumped revision number for resource c9266243-417b-4234-8a24-edf704dd75be (type: security_groups) to 1
2026-05-11 06:47:40.170 10 INFO neutron.wsgi [None req-77d20c15-4683-4ba4-9f7c-805d90d44f76 2956132494344d6e9c24a0d374df1bea d93b79dfa41e4723ab3bc9256dd61450 - - default default] 10.0.0.125 "GET /v2.0/security-groups?tenant_id=28ef18a6cdcb4b11835487934950f5e2&name=default HTTP/1.1" status: 200 len: 2996 time: 0.1178510
2026-05-11 06:47:40.365 10 INFO neutron.wsgi [None req-ebf20f49-9734-453a-b901-74c86faa55aa 2956132494344d6e9c24a0d374df1bea d93b79dfa41e4723ab3bc9256dd61450 - - - -] 10.0.0.125 "DELETE /v2.0/security-groups/c9266243-417b-4234-8a24-edf704dd75be HTTP/1.1" status: 204 len: 168 time: 0.1895599
2026-05-11 06:47:40.590 9 INFO neutron.wsgi [None req-1c9b4982-7be2-4164-94bd-960256dd6d76 a12d2dafc6bd48b5ae89316cc3a25122 fc81d8be5d984b1da2f3c51742807fb3 - - - -] 10.0.0.125 "PUT /v2.0/routers/1c52bc1e-f2b1-4f1f-86e4-15c1f70ee545/remove_router_interface HTTP/1.1" status: 200 len: 503 time: 0.7517741
2026-05-11 06:47:40.726 10 INFO neutron.api.v2.resource [None req-7368ac94-c430-4ded-a713-22fc71fb8681 a12d2dafc6bd48b5ae89316cc3a25122 fc81d8be5d984b1da2f3c51742807fb3 - - default default] remove_router_interface failed (client error): The resource could not be found.
2026-05-11 06:47:40.728 10 INFO neutron.wsgi [None req-7368ac94-c430-4ded-a713-22fc71fb8681 a12d2dafc6bd48b5ae89316cc3a25122 fc81d8be5d984b1da2f3c51742807fb3 - - default default] 10.0.0.125 "PUT /v2.0/routers/1c52bc1e-f2b1-4f1f-86e4-15c1f70ee545/remove_router_interface HTTP/1.1" status: 404 len: 398 time: 0.1326921
2026-05-11 06:47:40.756 10 INFO neutron.wsgi [None req-18b643ff-f332-40b1-8dc7-a54a1ef4b19d a12d2dafc6bd48b5ae89316cc3a25122 fc81d8be5d984b1da2f3c51742807fb3 - - default default] 10.0.0.125 "GET /v2.0/ports?device_id=1c52bc1e-f2b1-4f1f-86e4-15c1f70ee545 HTTP/1.1" status: 200 len: 205 time: 0.0238414
2026-05-11 06:47:41.009 10 INFO neutron.wsgi [None req-b18e4a1e-ee31-4990-b113-444666e136ea a12d2dafc6bd48b5ae89316cc3a25122 fc81d8be5d984b1da2f3c51742807fb3 - - - -] 10.0.0.125 "DELETE /v2.0/routers/1c52bc1e-f2b1-4f1f-86e4-15c1f70ee545 HTTP/1.1" status: 204 len: 168 time: 0.2486508
2026-05-11 06:47:41.211 10 INFO neutron.wsgi [None req-98bcbb1c-a9ab-4fd1-ae85-c30ccc2367a6 a12d2dafc6bd48b5ae89316cc3a25122 fc81d8be5d984b1da2f3c51742807fb3 - - - -] 10.0.0.125 "DELETE /v2.0/subnets/bfa453cb-3dc9-4bed-8d92-48663fd5847c HTTP/1.1" status: 204 len: 168 time: 0.1968796
2026-05-11 06:47:41.617 10 INFO neutron.services.segments.plugin [-] Segment 6bfbdee5-e388-40ad-ae52-f0970539d77e resource provider aggregate not found
2026-05-11 06:47:41.626 10 INFO neutron.services.segments.plugin [-] Segment 6bfbdee5-e388-40ad-ae52-f0970539d77e resource provider aggregate not found
2026-05-11 06:47:41.633 10 INFO neutron.services.segments.plugin [-] Segment 6bfbdee5-e388-40ad-ae52-f0970539d77e resource provider not found; error: Placement Client Error (4xx): {"errors": [{"status": 404, "title": "Not Found", "detail": "The resource could not be found.\n\n No resource provider with uuid 6bfbdee5-e388-40ad-ae52-f0970539d77e found for delete ", "request_id": "req-6c7be575-77be-4c3b-bb58-6834841c1ce7"}]}
2026-05-11 06:47:41.646 10 INFO neutron.services.segments.plugin [-] Segment 6bfbdee5-e388-40ad-ae52-f0970539d77e resource provider not found; error: Placement Client Error (4xx): {"errors": [{"status": 404, "title": "Not Found", "detail": "The resource could not be found.\n\n No resource provider with uuid 6bfbdee5-e388-40ad-ae52-f0970539d77e found for delete ", "request_id": "req-3f3ff784-9e9b-49ed-9c3b-5c76ace78b3b"}]}
2026-05-11 06:47:41.678 10 INFO neutron.wsgi [None req-db4837c7-fb52-4f01-9e2e-4c2e1ec885ae a12d2dafc6bd48b5ae89316cc3a25122 fc81d8be5d984b1da2f3c51742807fb3 - - - -] 10.0.0.125 "DELETE /v2.0/networks/857a1ea6-4d0b-4a26-8936-c6de8034f3d2 HTTP/1.1" status: 204 len: 168 time: 0.4606140 /var/lib/openstack/lib/python3.10/site-packages/pycadf/identifier.py:71: UserWarning: Invalid uuid: neutron. To ensure interoperability, identifiers should be a valid uuid. warnings.warn(('Invalid uuid: %s. To ensure interoperability, '
2026-05-11 06:47:41.795 9 INFO neutron.db.segments_db [None req-f2b08bfc-f5a6-4fa3-8702-22acc6a0da87 a12d2dafc6bd48b5ae89316cc3a25122 fc81d8be5d984b1da2f3c51742807fb3 - - - -] Added segment 88bafb28-fa07-483f-acd4-b5ada873d017 of type geneve for network b06606fb-3412-482f-ba48-2780e3059908
2026-05-11 06:47:41.928 9 INFO neutron.db.ovn_revision_numbers_db [None req-f2b08bfc-f5a6-4fa3-8702-22acc6a0da87 a12d2dafc6bd48b5ae89316cc3a25122 fc81d8be5d984b1da2f3c51742807fb3 - - - -] Successfully bumped revision number for resource b06606fb-3412-482f-ba48-2780e3059908 (type: networks) to 1
2026-05-11 06:47:42.145 9 WARNING neutron.scheduler.dhcp_agent_scheduler [None req-f2b08bfc-f5a6-4fa3-8702-22acc6a0da87 a12d2dafc6bd48b5ae89316cc3a25122 fc81d8be5d984b1da2f3c51742807fb3 - - - -] No more DHCP agents
2026-05-11 06:47:42.151 9 WARNING neutron.api.rpc.agentnotifiers.dhcp_rpc_agent_api [None req-f2b08bfc-f5a6-4fa3-8702-22acc6a0da87 a12d2dafc6bd48b5ae89316cc3a25122 fc81d8be5d984b1da2f3c51742807fb3 - - - -] Unable to schedule network b06606fb-3412-482f-ba48-2780e3059908: no agents available; will retry on subsequent port and subnet creation events.
2026-05-11 06:47:42.227 9 INFO neutron.db.ovn_revision_numbers_db [None req-f2b08bfc-f5a6-4fa3-8702-22acc6a0da87 a12d2dafc6bd48b5ae89316cc3a25122 fc81d8be5d984b1da2f3c51742807fb3 - - - -] Successfully bumped revision number for resource d2f1a9d5-8e3d-4e49-8a33-ee5750013f6a (type: ports) to 1
2026-05-11 06:47:42.254 9 INFO neutron.wsgi [None req-f2b08bfc-f5a6-4fa3-8702-22acc6a0da87 a12d2dafc6bd48b5ae89316cc3a25122 fc81d8be5d984b1da2f3c51742807fb3 - - - -] 10.0.0.125 "POST /v2.0/networks HTTP/1.1" status: 201 len: 833 time: 0.5680556
2026-05-11 06:47:42.543 9 WARNING neutron.scheduler.dhcp_agent_scheduler [None req-1152da2e-39f5-4a02-b5d9-0090c7bdbfe1 a12d2dafc6bd48b5ae89316cc3a25122 fc81d8be5d984b1da2f3c51742807fb3 - - - -] No more DHCP agents
2026-05-11 06:47:42.548 9 WARNING neutron.api.rpc.agentnotifiers.dhcp_rpc_agent_api [None req-1152da2e-39f5-4a02-b5d9-0090c7bdbfe1 a12d2dafc6bd48b5ae89316cc3a25122 fc81d8be5d984b1da2f3c51742807fb3 - - - -] Unable to schedule network b06606fb-3412-482f-ba48-2780e3059908: no agents available; will retry on subsequent port and subnet creation events.
2026-05-11 06:47:42.576 10 INFO neutron.db.ovn_revision_numbers_db [None req-ccdc32ac-b43d-4181-ac6b-bcea390903e8 65cedab143ed4ab8ac68e37477c127ff ecba7d5a969142ffb5706b30313096cf - - - -] Successfully bumped revision number for resource 0aab76ed-f0ad-4346-8446-74676b543f58 (type: security_groups) to 1
2026-05-11 06:47:42.580 9 INFO neutron.db.ovn_revision_numbers_db [None req-1152da2e-39f5-4a02-b5d9-0090c7bdbfe1 a12d2dafc6bd48b5ae89316cc3a25122 fc81d8be5d984b1da2f3c51742807fb3 - - - -] Successfully bumped revision number for resource c42216c5-6e19-4db8-a432-4e3b59bf13c9 (type: subnets) to 0
2026-05-11 06:47:42.600 9 INFO neutron.wsgi [None req-1152da2e-39f5-4a02-b5d9-0090c7bdbfe1 a12d2dafc6bd48b5ae89316cc3a25122 fc81d8be5d984b1da2f3c51742807fb3 - - - -] 10.0.0.125 "POST /v2.0/subnets HTTP/1.1" status: 201 len: 821 time: 0.3402102
2026-05-11 06:47:42.634 10 INFO neutron.db.segments_db [None req-ccdc32ac-b43d-4181-ac6b-bcea390903e8 65cedab143ed4ab8ac68e37477c127ff ecba7d5a969142ffb5706b30313096cf - - - -] Added segment 32960cd8-93de-46d7-a02d-4f6d05d7fa10 of type geneve for network c71b0f3c-0e35-46cf-9111-1f40f1dc2dd8
2026-05-11 06:47:42.806 9 INFO neutron.db.ovn_revision_numbers_db [None req-f5c30b0b-6244-42e7-acf8-158c69da7a37 a12d2dafc6bd48b5ae89316cc3a25122 fc81d8be5d984b1da2f3c51742807fb3 - - - -] Successfully bumped revision number for resource 8c4ef510-cdfa-48cf-8cae-b027cbfa79d8 (type: routers) to 1
2026-05-11 06:47:42.818 10 INFO neutron.db.ovn_revision_numbers_db [None req-ccdc32ac-b43d-4181-ac6b-bcea390903e8 65cedab143ed4ab8ac68e37477c127ff ecba7d5a969142ffb5706b30313096cf - - - -] Successfully bumped revision number for resource c71b0f3c-0e35-46cf-9111-1f40f1dc2dd8 (type: networks) to 1
2026-05-11 06:47:42.819 9 INFO neutron.wsgi [None req-f5c30b0b-6244-42e7-acf8-158c69da7a37 a12d2dafc6bd48b5ae89316cc3a25122 fc81d8be5d984b1da2f3c51742807fb3 - - - -] 10.0.0.125 "POST /v2.0/routers HTTP/1.1" status: 201 len: 690 time: 0.2146392
2026-05-11 06:47:43.048 10 WARNING neutron.scheduler.dhcp_agent_scheduler [None req-ccdc32ac-b43d-4181-ac6b-bcea390903e8 65cedab143ed4ab8ac68e37477c127ff ecba7d5a969142ffb5706b30313096cf - - - -] No more DHCP agents
2026-05-11 06:47:43.049 10 WARNING neutron.api.rpc.agentnotifiers.dhcp_rpc_agent_api [None req-ccdc32ac-b43d-4181-ac6b-bcea390903e8 65cedab143ed4ab8ac68e37477c127ff ecba7d5a969142ffb5706b30313096cf - - - -] Unable to schedule network c71b0f3c-0e35-46cf-9111-1f40f1dc2dd8: no agents available; will retry on subsequent port and subnet creation events.
2026-05-11 06:47:43.121 10 INFO neutron.db.ovn_revision_numbers_db [None req-ccdc32ac-b43d-4181-ac6b-bcea390903e8 65cedab143ed4ab8ac68e37477c127ff ecba7d5a969142ffb5706b30313096cf - - - -] Successfully bumped revision number for resource 3c445994-85a1-447c-826b-fc0bfd4cc89a (type: ports) to 1
2026-05-11 06:47:43.149 10 INFO neutron.wsgi [None req-ccdc32ac-b43d-4181-ac6b-bcea390903e8 65cedab143ed4ab8ac68e37477c127ff ecba7d5a969142ffb5706b30313096cf - - - -] 10.0.0.125 "POST /v2.0/networks HTTP/1.1" status: 201 len: 831 time: 0.8173928
2026-05-11 06:47:43.255 10 INFO neutron.db.segments_db [None req-c5df610c-f10e-4628-b2ad-df818b722f0d 65cedab143ed4ab8ac68e37477c127ff ecba7d5a969142ffb5706b30313096cf - - - -] Added segment 516cc3a7-1b51-42c7-9d1b-00a1c748a4c0 of type geneve for network d79f4197-3b38-4ef4-a02c-608c3ab646a6
2026-05-11 06:47:43.391 10 INFO neutron.db.ovn_revision_numbers_db [None req-c5df610c-f10e-4628-b2ad-df818b722f0d 65cedab143ed4ab8ac68e37477c127ff ecba7d5a969142ffb5706b30313096cf - - - -] Successfully bumped revision number for resource d79f4197-3b38-4ef4-a02c-608c3ab646a6 (type: networks) to 1
2026-05-11 06:47:43.570 10 WARNING neutron.scheduler.dhcp_agent_scheduler [None req-c5df610c-f10e-4628-b2ad-df818b722f0d 65cedab143ed4ab8ac68e37477c127ff ecba7d5a969142ffb5706b30313096cf - - - -] No more DHCP agents
2026-05-11 06:47:43.574 10 WARNING neutron.api.rpc.agentnotifiers.dhcp_rpc_agent_api [None req-c5df610c-f10e-4628-b2ad-df818b722f0d 65cedab143ed4ab8ac68e37477c127ff ecba7d5a969142ffb5706b30313096cf - - - -] Unable to schedule network d79f4197-3b38-4ef4-a02c-608c3ab646a6: no agents available; will retry on subsequent port and subnet creation events.
2026-05-11 06:47:43.651 10 INFO neutron.db.ovn_revision_numbers_db [None req-c5df610c-f10e-4628-b2ad-df818b722f0d 65cedab143ed4ab8ac68e37477c127ff ecba7d5a969142ffb5706b30313096cf - - - -] Successfully bumped revision number for resource 80b6ad62-bff9-4e71-a2c3-ec768712fc13 (type: ports) to 1
2026-05-11 06:47:43.688 10 INFO neutron.wsgi [None req-c5df610c-f10e-4628-b2ad-df818b722f0d 65cedab143ed4ab8ac68e37477c127ff ecba7d5a969142ffb5706b30313096cf - - - -] 10.0.0.125 "POST /v2.0/networks HTTP/1.1" status: 201 len: 830 time: 0.5356357
2026-05-11 06:47:43.784 9 WARNING neutron.scheduler.dhcp_agent_scheduler [None req-124ebee6-f7e6-4b4e-94a3-eb0e83bfc7ed a12d2dafc6bd48b5ae89316cc3a25122 fc81d8be5d984b1da2f3c51742807fb3 - - default default] No more DHCP agents
2026-05-11 06:47:43.786 9 WARNING neutron.api.rpc.agentnotifiers.dhcp_rpc_agent_api [None req-124ebee6-f7e6-4b4e-94a3-eb0e83bfc7ed a12d2dafc6bd48b5ae89316cc3a25122 fc81d8be5d984b1da2f3c51742807fb3 - - default default] Unable to schedule network b06606fb-3412-482f-ba48-2780e3059908: no agents available; will retry on subsequent port and subnet creation events.
2026-05-11 06:47:43.794 10 INFO neutron.db.segments_db [None req-d8ad9ef3-bd3b-4e9f-8a03-e4ecdfa4aae9 65cedab143ed4ab8ac68e37477c127ff ecba7d5a969142ffb5706b30313096cf - - - -] Added segment 187d34cb-94ae-4c2b-ae8e-56e74ff3dd61 of type geneve for network a852b2de-2c3a-4f66-a68c-2da293260b45
2026-05-11 06:47:43.879 9 INFO neutron.db.ovn_revision_numbers_db [None req-124ebee6-f7e6-4b4e-94a3-eb0e83bfc7ed a12d2dafc6bd48b5ae89316cc3a25122 fc81d8be5d984b1da2f3c51742807fb3 - - default default] Successfully bumped revision number for resource ad4e1e73-147e-447c-a576-b5a9c14ee671 (type: ports) to 1
2026-05-11 06:47:43.896 10 INFO neutron.db.ovn_revision_numbers_db [None req-ad514337-c414-4265-a559-4c1a8ed5ccf5 2956132494344d6e9c24a0d374df1bea d93b79dfa41e4723ab3bc9256dd61450 - - default default] Successfully bumped revision number for resource ebbcc6fc-1066-4300-bf38-0810db1fa6bf (type: security_groups) to 1
2026-05-11 06:47:44.310 10 INFO neutron.wsgi [None req-ad514337-c414-4265-a559-4c1a8ed5ccf5 2956132494344d6e9c24a0d374df1bea d93b79dfa41e4723ab3bc9256dd61450 - - default default] 10.0.0.125 "GET /v2.0/security-groups?tenant_id=b64ceba74eab44bbba829626c053ecd9&name=default HTTP/1.1" status: 200 len: 2996 time: 0.6836064
2026-05-11 06:47:44.310 9 INFO neutron.db.ovn_revision_numbers_db [None req-124ebee6-f7e6-4b4e-94a3-eb0e83bfc7ed a12d2dafc6bd48b5ae89316cc3a25122 fc81d8be5d984b1da2f3c51742807fb3 - - default default] Successfully bumped revision number for resource ad4e1e73-147e-447c-a576-b5a9c14ee671 (type: router_ports) to 2
2026-05-11 06:47:44.327 10 INFO neutron.db.ovn_revision_numbers_db [None req-d8ad9ef3-bd3b-4e9f-8a03-e4ecdfa4aae9 65cedab143ed4ab8ac68e37477c127ff ecba7d5a969142ffb5706b30313096cf - - - -] Successfully bumped revision number for resource a852b2de-2c3a-4f66-a68c-2da293260b45 (type: networks) to 1
2026-05-11 06:47:44.409 9 INFO neutron.db.ovn_revision_numbers_db [None req-124ebee6-f7e6-4b4e-94a3-eb0e83bfc7ed a12d2dafc6bd48b5ae89316cc3a25122 fc81d8be5d984b1da2f3c51742807fb3 - - default default] Successfully bumped revision number for resource ad4e1e73-147e-447c-a576-b5a9c14ee671 (type: ports) to 2
2026-05-11 06:47:44.474 9 WARNING neutron.scheduler.dhcp_agent_scheduler [None req-124ebee6-f7e6-4b4e-94a3-eb0e83bfc7ed a12d2dafc6bd48b5ae89316cc3a25122 fc81d8be5d984b1da2f3c51742807fb3 - - default default] No more DHCP agents
2026-05-11 06:47:44.476 9 WARNING neutron.api.rpc.agentnotifiers.dhcp_rpc_agent_api [None req-124ebee6-f7e6-4b4e-94a3-eb0e83bfc7ed a12d2dafc6bd48b5ae89316cc3a25122 fc81d8be5d984b1da2f3c51742807fb3 - - default default] Unable to schedule network b06606fb-3412-482f-ba48-2780e3059908: no agents available; will retry on subsequent port and subnet creation events.
2026-05-11 06:47:44.520 10 WARNING neutron.scheduler.dhcp_agent_scheduler [None req-d8ad9ef3-bd3b-4e9f-8a03-e4ecdfa4aae9 65cedab143ed4ab8ac68e37477c127ff ecba7d5a969142ffb5706b30313096cf - - - -] No more DHCP agents
2026-05-11 06:47:44.522 10 WARNING neutron.api.rpc.agentnotifiers.dhcp_rpc_agent_api [None req-d8ad9ef3-bd3b-4e9f-8a03-e4ecdfa4aae9 65cedab143ed4ab8ac68e37477c127ff ecba7d5a969142ffb5706b30313096cf - - - -] Unable to schedule network a852b2de-2c3a-4f66-a68c-2da293260b45: no agents available; will retry on subsequent port and subnet creation events.
2026-05-11 06:47:44.572 10 INFO neutron.wsgi [None req-812d1e59-42de-44f0-84d6-059722a10851 2956132494344d6e9c24a0d374df1bea d93b79dfa41e4723ab3bc9256dd61450 - - - -] 10.0.0.125 "DELETE /v2.0/security-groups/ebbcc6fc-1066-4300-bf38-0810db1fa6bf HTTP/1.1" status: 204 len: 168 time: 0.2553773
2026-05-11 06:47:44.590 10 INFO neutron.db.ovn_revision_numbers_db [None req-d8ad9ef3-bd3b-4e9f-8a03-e4ecdfa4aae9 65cedab143ed4ab8ac68e37477c127ff ecba7d5a969142ffb5706b30313096cf - - - -] Successfully bumped revision number for resource b87e1306-1af1-420e-b09e-bd704412d61f (type: ports) to 1
2026-05-11 06:47:44.607 10 INFO neutron.wsgi [None req-d8ad9ef3-bd3b-4e9f-8a03-e4ecdfa4aae9 65cedab143ed4ab8ac68e37477c127ff ecba7d5a969142ffb5706b30313096cf - - - -] 10.0.0.125 "POST /v2.0/networks HTTP/1.1" status: 201 len: 831 time: 0.9129195
2026-05-11 06:47:44.663 9 INFO neutron.db.ovn_revision_numbers_db [None req-124ebee6-f7e6-4b4e-94a3-eb0e83bfc7ed a12d2dafc6bd48b5ae89316cc3a25122 fc81d8be5d984b1da2f3c51742807fb3 - - - -] Successfully bumped revision number for resource ad4e1e73-147e-447c-a576-b5a9c14ee671 (type: router_ports) to 2
2026-05-11 06:47:44.665 9 INFO neutron.wsgi [None req-124ebee6-f7e6-4b4e-94a3-eb0e83bfc7ed a12d2dafc6bd48b5ae89316cc3a25122 fc81d8be5d984b1da2f3c51742807fb3 - - - -] 10.0.0.125 "PUT /v2.0/routers/8c4ef510-cdfa-48cf-8cae-b027cbfa79d8/add_router_interface HTTP/1.1" status: 200 len: 503 time: 1.8391740
2026-05-11 06:47:44.687 10 INFO neutron.db.segments_db [None req-f8163fe2-b513-4e1d-b532-9f5a6f913248 65cedab143ed4ab8ac68e37477c127ff ecba7d5a969142ffb5706b30313096cf - - - -] Added segment 363579a8-2347-4beb-9f82-52a069180805 of type geneve for network 1ee235d7-6f1a-4d4c-b247-0a344f7ebd5a
2026-05-11 06:47:44.710 9 INFO neutron.wsgi [None req-688b2717-d1d1-4c0c-869e-398c413eb875 a12d2dafc6bd48b5ae89316cc3a25122 fc81d8be5d984b1da2f3c51742807fb3 - - default default] 10.0.0.125 "GET /v2.0/ports/ad4e1e73-147e-447c-a576-b5a9c14ee671 HTTP/1.1" status: 200 len: 1139 time: 0.0401862
2026-05-11 06:47:44.749 9 INFO neutron.wsgi [None req-a3d40d61-c9cd-4c28-a6de-d374dbd2f771 a12d2dafc6bd48b5ae89316cc3a25122 fc81d8be5d984b1da2f3c51742807fb3 - - default default] 10.0.0.125 "GET /v2.0/ports/ad4e1e73-147e-447c-a576-b5a9c14ee671 HTTP/1.1" status: 200 len: 1139 time: 0.0341141
2026-05-11 06:47:44.787 9 WARNING neutron.plugins.ml2.drivers.ovn.mech_driver.ovsdb.ovn_client [None req-56e01429-9035-4dbd-978f-f5772fa97956 - - - - - -] No port found with ID ce3a4973-3cfb-4851-8d21-004df23ce178: RuntimeError: No port found with ID ce3a4973-3cfb-4851-8d21-004df23ce178
2026-05-11 06:47:44.787 9 INFO neutron.plugins.ml2.drivers.ovn.mech_driver.mech_driver [None req-56e01429-9035-4dbd-978f-f5772fa97956 - - - - - -] OVN reports status up for port: ad4e1e73-147e-447c-a576-b5a9c14ee671
2026-05-11 06:47:44.795 9 INFO neutron.plugins.ml2.plugin [None req-56e01429-9035-4dbd-978f-f5772fa97956 - - - - - -] Attempt 1 to provision port ad4e1e73-147e-447c-a576-b5a9c14ee671
2026-05-11 06:47:44.823 10 INFO neutron.db.ovn_revision_numbers_db [None req-f8163fe2-b513-4e1d-b532-9f5a6f913248 65cedab143ed4ab8ac68e37477c127ff ecba7d5a969142ffb5706b30313096cf - - - -] Successfully bumped revision number for resource 1ee235d7-6f1a-4d4c-b247-0a344f7ebd5a (type: networks) to 1
2026-05-11 06:47:45.024 10 WARNING neutron.scheduler.dhcp_agent_scheduler [None req-f8163fe2-b513-4e1d-b532-9f5a6f913248 65cedab143ed4ab8ac68e37477c127ff ecba7d5a969142ffb5706b30313096cf - - - -] No more DHCP agents
2026-05-11 06:47:45.026 10 WARNING neutron.api.rpc.agentnotifiers.dhcp_rpc_agent_api [None req-f8163fe2-b513-4e1d-b532-9f5a6f913248 65cedab143ed4ab8ac68e37477c127ff ecba7d5a969142ffb5706b30313096cf - - - -] Unable to schedule network 1ee235d7-6f1a-4d4c-b247-0a344f7ebd5a: no agents available; will retry on subsequent port and subnet creation events.
2026-05-11 06:47:45.045 9 INFO neutron.db.ovn_revision_numbers_db [None req-56e01429-9035-4dbd-978f-f5772fa97956 - - - - - -] Successfully bumped revision number for resource ad4e1e73-147e-447c-a576-b5a9c14ee671 (type: ports) to 3
2026-05-11 06:47:45.094 10 INFO neutron.db.ovn_revision_numbers_db [None req-f8163fe2-b513-4e1d-b532-9f5a6f913248 65cedab143ed4ab8ac68e37477c127ff ecba7d5a969142ffb5706b30313096cf - - - -] Successfully bumped revision number for resource 65788e71-2670-40bc-9190-9b562cbe1573 (type: ports) to 1
2026-05-11 06:47:45.115 10 INFO neutron.wsgi [None req-f8163fe2-b513-4e1d-b532-9f5a6f913248 65cedab143ed4ab8ac68e37477c127ff ecba7d5a969142ffb5706b30313096cf - - - -] 10.0.0.125 "POST /v2.0/networks HTTP/1.1" status: 201 len: 831 time: 0.5025454
2026-05-11 06:47:45.156 9 INFO neutron.db.ovn_revision_numbers_db [None req-56e01429-9035-4dbd-978f-f5772fa97956 - - - - - -] Successfully bumped revision number for resource ad4e1e73-147e-447c-a576-b5a9c14ee671 (type: router_ports) to 3
2026-05-11 06:47:45.237 10 INFO neutron.db.segments_db [None req-45d6080c-8b0f-4338-83ef-1c78d83695fb 65cedab143ed4ab8ac68e37477c127ff ecba7d5a969142ffb5706b30313096cf - - - -] Added segment b5d03676-45d7-49ea-b29b-132db5109250 of type geneve for network 7bf59856-381a-458d-b50a-c7fc71837492
2026-05-11 06:47:45.369 10 INFO neutron.db.ovn_revision_numbers_db [None req-45d6080c-8b0f-4338-83ef-1c78d83695fb 65cedab143ed4ab8ac68e37477c127ff ecba7d5a969142ffb5706b30313096cf - - - -] Successfully bumped revision number for resource 7bf59856-381a-458d-b50a-c7fc71837492 (type: networks) to 1
2026-05-11 06:47:45.560 10 WARNING neutron.scheduler.dhcp_agent_scheduler [None req-45d6080c-8b0f-4338-83ef-1c78d83695fb 65cedab143ed4ab8ac68e37477c127ff ecba7d5a969142ffb5706b30313096cf - - - -] No more DHCP agents
2026-05-11 06:47:45.562 10 WARNING neutron.api.rpc.agentnotifiers.dhcp_rpc_agent_api [None req-45d6080c-8b0f-4338-83ef-1c78d83695fb 65cedab143ed4ab8ac68e37477c127ff ecba7d5a969142ffb5706b30313096cf - - - -] Unable to schedule network 7bf59856-381a-458d-b50a-c7fc71837492: no agents available; will retry on subsequent port and subnet creation events.
2026-05-11 06:47:45.656 10 INFO neutron.db.ovn_revision_numbers_db [None req-45d6080c-8b0f-4338-83ef-1c78d83695fb 65cedab143ed4ab8ac68e37477c127ff ecba7d5a969142ffb5706b30313096cf - - - -] Successfully bumped revision number for resource 67c1b2e6-a5c4-45c9-b447-3ed1f0370f02 (type: ports) to 1
2026-05-11 06:47:45.660 9 INFO neutron.wsgi [-] 10.0.0.191 "GET / HTTP/1.1" status: 200 len: 246 time: 0.0026631
2026-05-11 06:47:45.661 10 INFO neutron.wsgi [-] 10.0.0.191 "GET / HTTP/1.1" status: 200 len: 246 time: 0.0024171
2026-05-11 06:47:45.686 10 INFO neutron.wsgi [None req-45d6080c-8b0f-4338-83ef-1c78d83695fb 65cedab143ed4ab8ac68e37477c127ff ecba7d5a969142ffb5706b30313096cf - - - -] 10.0.0.125 "POST /v2.0/networks HTTP/1.1" status: 201 len: 831 time: 0.5586689
2026-05-11 06:47:45.738 10 INFO neutron.wsgi [None req-3594b282-39b0-4d6e-8fe0-3260d5f71b1b 65cedab143ed4ab8ac68e37477c127ff ecba7d5a969142ffb5706b30313096cf - - - -] 10.0.0.125 "PUT /v2.0/networks/c71b0f3c-0e35-46cf-9111-1f40f1dc2dd8/tags HTTP/1.1" status: 200 len: 210 time: 0.0474031
