2026-05-11 06:49:08.327 9 INFO neutron.wsgi [None req-0b932b76-ce7d-42a5-9b44-cb7cb475dfc3 2956132494344d6e9c24a0d374df1bea d93b79dfa41e4723ab3bc9256dd61450 - - default default] 10.0.0.125 "GET /v2.0/security-groups?tenant_id=3bb8ddb05fef44d0a1b4a18afb71614f&name=default HTTP/1.1" status: 200 len: 2996 time: 0.2390525
2026-05-11 06:49:08.377 10 WARNING neutron.scheduler.dhcp_agent_scheduler [None req-702ce884-4ea5-439e-9730-6d8f3414e1a2 ce55b1ab6f394d91a13009b6e8994ba6 94ceee902e9b4cbea6ae4a07d92d0d5d - - - -] No more DHCP agents
2026-05-11 06:49:08.379 10 WARNING neutron.api.rpc.agentnotifiers.dhcp_rpc_agent_api [None req-702ce884-4ea5-439e-9730-6d8f3414e1a2 ce55b1ab6f394d91a13009b6e8994ba6 94ceee902e9b4cbea6ae4a07d92d0d5d - - - -] Unable to schedule network 17e1a465-7c1c-4c42-a137-818027d276af: no agents available; will retry on subsequent port and subnet creation events.
2026-05-11 06:49:08.492 9 INFO neutron.wsgi [None req-2fffa667-a04f-4d97-8d34-cdba7aa1a3b9 08631bf51bb443ed9ff70cfda89e26ce ee9bc0261bfe447689a496a4e823f6fe - - - -] 10.0.0.125 "DELETE /v2.0/security-groups/7bffe3e3-e1c7-4340-885f-39b993bfe7c2 HTTP/1.1" status: 204 len: 168 time: 0.2682459
2026-05-11 06:49:08.631 9 WARNING neutron.scheduler.dhcp_agent_scheduler [None req-3ad654b6-4c84-4586-8d9d-3789e495c8e8 5489d164d1d64b2f8f13d53f97e85cac 182b9ce47be041cf916215498d913880 - - - -] No more DHCP agents
2026-05-11 06:49:08.638 9 WARNING neutron.api.rpc.agentnotifiers.dhcp_rpc_agent_api [None req-3ad654b6-4c84-4586-8d9d-3789e495c8e8 5489d164d1d64b2f8f13d53f97e85cac 182b9ce47be041cf916215498d913880 - - - -] Unable to schedule network 2c969d82-259e-4579-825c-34a47b1fc4d7: no agents available; will retry on subsequent port and subnet creation events.
2026-05-11 06:49:08.686 10 INFO neutron.wsgi [None req-1ed3009b-b672-40d6-b34b-0c8d0ebdd720 08631bf51bb443ed9ff70cfda89e26ce ee9bc0261bfe447689a496a4e823f6fe - - - -] 10.0.0.125 "DELETE /v2.0/security-groups/9ba44c2b-4129-4201-8569-51fc59b12f68 HTTP/1.1" status: 204 len: 168 time: 0.1846085
2026-05-11 06:49:08.720 9 INFO neutron.wsgi [None req-6ae7fbac-c191-448e-9515-561830f19f5a 2956132494344d6e9c24a0d374df1bea d93b79dfa41e4723ab3bc9256dd61450 - - - -] 10.0.0.125 "DELETE /v2.0/security-groups/b99f61a1-0228-4d60-8d33-3928ade1cc72 HTTP/1.1" status: 204 len: 168 time: 0.3865416
2026-05-11 06:49:08.721 9 INFO neutron.db.ovn_revision_numbers_db [None req-3ad654b6-4c84-4586-8d9d-3789e495c8e8 5489d164d1d64b2f8f13d53f97e85cac 182b9ce47be041cf916215498d913880 - - - -] Successfully bumped revision number for resource 61b55684-a11b-491b-99e2-962cedd7aaf2 (type: ports) to 1
2026-05-11 06:49:08.743 9 INFO neutron.wsgi [None req-3ad654b6-4c84-4586-8d9d-3789e495c8e8 5489d164d1d64b2f8f13d53f97e85cac 182b9ce47be041cf916215498d913880 - - - -] 10.0.0.125 "POST /v2.0/ports HTTP/1.1" status: 201 len: 942 time: 0.5052726 /var/lib/openstack/lib/python3.10/site-packages/pycadf/identifier.py:71: UserWarning: Invalid uuid: neutron. To ensure interoperability, identifiers should be a valid uuid. warnings.warn(('Invalid uuid: %s. To ensure interoperability, '
2026-05-11 06:49:08.908 10 INFO neutron.db.ovn_revision_numbers_db [None req-702ce884-4ea5-439e-9730-6d8f3414e1a2 ce55b1ab6f394d91a13009b6e8994ba6 94ceee902e9b4cbea6ae4a07d92d0d5d - - - -] Successfully bumped revision number for resource 39c991e6-9c4e-4129-af00-3144608931d2 (type: ports) to 2
2026-05-11 06:49:08.930 10 INFO neutron.db.ovn_revision_numbers_db [None req-702ce884-4ea5-439e-9730-6d8f3414e1a2 ce55b1ab6f394d91a13009b6e8994ba6 94ceee902e9b4cbea6ae4a07d92d0d5d - - - -] Successfully bumped revision number for resource 04732701-fd8f-4182-8332-64680ca78ef0 (type: subnets) to 0
2026-05-11 06:49:08.944 10 INFO neutron.db.ovn_revision_numbers_db [None req-cbc58746-48cc-4f30-8ca3-5786493192ca 2956132494344d6e9c24a0d374df1bea d93b79dfa41e4723ab3bc9256dd61450 - - default default] Successfully bumped revision number for resource 82785f21-5e26-4c6a-b51b-714ab85ed7bc (type: security_groups) to 1
2026-05-11 06:49:08.949 10 INFO neutron.wsgi [None req-702ce884-4ea5-439e-9730-6d8f3414e1a2 ce55b1ab6f394d91a13009b6e8994ba6 94ceee902e9b4cbea6ae4a07d92d0d5d - - - -] 10.0.0.125 "POST /v2.0/subnets HTTP/1.1" status: 201 len: 801 time: 0.8632832
2026-05-11 06:49:08.966 10 INFO neutron.wsgi [None req-cbc58746-48cc-4f30-8ca3-5786493192ca 2956132494344d6e9c24a0d374df1bea d93b79dfa41e4723ab3bc9256dd61450 - - default default] 10.0.0.125 "GET /v2.0/security-groups?tenant_id=633bb48dbc8d4efebacfcabc8682bfaa&name=default HTTP/1.1" status: 200 len: 2996 time: 0.1437562
2026-05-11 06:49:09.024 9 INFO neutron.wsgi [None req-f808b5c8-ff1f-4d6c-9f21-94e0e9011aaa 5489d164d1d64b2f8f13d53f97e85cac 182b9ce47be041cf916215498d913880 - - - -] 10.0.0.125 "POST /v2.0/trunks HTTP/1.1" status: 201 len: 608 time: 0.2750776
2026-05-11 06:49:09.067 10 INFO neutron.wsgi [None req-27906b11-df6b-4c0f-9cf2-3ec5136545ab 5489d164d1d64b2f8f13d53f97e85cac 182b9ce47be041cf916215498d913880 - - - -] 10.0.0.125 "PUT /v2.0/trunks/500b75d2-16e9-4394-ae1f-8dbf2a4bdb0d/tags HTTP/1.1" status: 200 len: 218 time: 0.0360355
2026-05-11 06:49:09.089 10 INFO neutron.wsgi [None req-3ca2ef17-2ad1-486b-b5e0-98a47d80c886 5489d164d1d64b2f8f13d53f97e85cac 182b9ce47be041cf916215498d913880 - - default default] 10.0.0.125 "GET /v2.0/trunks/500b75d2-16e9-4394-ae1f-8dbf2a4bdb0d/tags HTTP/1.1" status: 200 len: 218 time: 0.0154932
2026-05-11 06:49:09.125 10 INFO neutron.wsgi [None req-6a1b488f-b89f-4cd5-a1b0-c079112fad6c 5489d164d1d64b2f8f13d53f97e85cac 182b9ce47be041cf916215498d913880 - - - -] 10.0.0.125 "PUT /v2.0/trunks/500b75d2-16e9-4394-ae1f-8dbf2a4bdb0d/tags/green HTTP/1.1" status: 201 len: 201 time: 0.0311170
2026-05-11 06:49:09.153 10 INFO neutron.wsgi [None req-b24a2509-a51c-46e8-84b5-c2b021910c8d 5489d164d1d64b2f8f13d53f97e85cac 182b9ce47be041cf916215498d913880 - - default default] 10.0.0.125 "GET /v2.0/trunks/500b75d2-16e9-4394-ae1f-8dbf2a4bdb0d/tags HTTP/1.1" status: 200 len: 227 time: 0.0212419
2026-05-11 06:49:09.180 10 INFO neutron.wsgi [None req-b36fadf2-d663-42ef-9e8d-4543a13be96d 5489d164d1d64b2f8f13d53f97e85cac 182b9ce47be041cf916215498d913880 - - - -] 10.0.0.125 "PUT /v2.0/trunks/500b75d2-16e9-4394-ae1f-8dbf2a4bdb0d/tags/red HTTP/1.1" status: 201 len: 201 time: 0.0207155
2026-05-11 06:49:09.206 10 INFO neutron.wsgi [None req-03598629-8a61-4bbb-a4a6-f47a91b9232d 5489d164d1d64b2f8f13d53f97e85cac 182b9ce47be041cf916215498d913880 - - default default] 10.0.0.125 "GET /v2.0/trunks/500b75d2-16e9-4394-ae1f-8dbf2a4bdb0d/tags HTTP/1.1" status: 200 len: 227 time: 0.0166383
2026-05-11 06:49:09.218 10 INFO neutron.wsgi [None req-fc6891b6-b3ce-4fce-ae3a-f4ea15c0d54b 2956132494344d6e9c24a0d374df1bea d93b79dfa41e4723ab3bc9256dd61450 - - - -] 10.0.0.125 "DELETE /v2.0/security-groups/82785f21-5e26-4c6a-b51b-714ab85ed7bc HTTP/1.1" status: 204 len: 168 time: 0.2469780
2026-05-11 06:49:09.239 10 INFO neutron.wsgi [None req-838b4575-8873-4390-813b-b99b8b74c3c0 5489d164d1d64b2f8f13d53f97e85cac 182b9ce47be041cf916215498d913880 - - - -] 10.0.0.125 "PUT /v2.0/trunks/500b75d2-16e9-4394-ae1f-8dbf2a4bdb0d/tags/black.or.white HTTP/1.1" status: 201 len: 201 time: 0.0266473
2026-05-11 06:49:09.258 10 INFO neutron.wsgi [None req-35304f7c-966a-49a2-b75d-624bdb225ab4 5489d164d1d64b2f8f13d53f97e85cac 182b9ce47be041cf916215498d913880 - - default default] 10.0.0.125 "GET /v2.0/trunks/500b75d2-16e9-4394-ae1f-8dbf2a4bdb0d/tags HTTP/1.1" status: 200 len: 245 time: 0.0143280
2026-05-11 06:49:09.294 9 INFO neutron.db.ovn_revision_numbers_db [None req-cdc8a97a-4aaf-4440-b13d-5736a87af3ab ce55b1ab6f394d91a13009b6e8994ba6 94ceee902e9b4cbea6ae4a07d92d0d5d - - - -] Successfully bumped revision number for resource 04732701-fd8f-4182-8332-64680ca78ef0 (type: subnets) to 1
2026-05-11 06:49:09.300 10 INFO neutron.wsgi [None req-439803d8-be6f-4df1-8c30-b04aa41b170b 5489d164d1d64b2f8f13d53f97e85cac 182b9ce47be041cf916215498d913880 - - - -] 10.0.0.125 "PUT /v2.0/trunks/500b75d2-16e9-4394-ae1f-8dbf2a4bdb0d/tags HTTP/1.1" status: 200 len: 230 time: 0.0359967
2026-05-11 06:49:09.300 9 INFO neutron.wsgi [None req-cdc8a97a-4aaf-4440-b13d-5736a87af3ab ce55b1ab6f394d91a13009b6e8994ba6 94ceee902e9b4cbea6ae4a07d92d0d5d - - - -] 10.0.0.125 "PUT /v2.0/subnets/04732701-fd8f-4182-8332-64680ca78ef0 HTTP/1.1" status: 200 len: 806 time: 0.3445911
2026-05-11 06:49:09.318 10 INFO neutron.wsgi [None req-aa0f7ffa-b590-45b9-ae2b-3d1851aa3398 5489d164d1d64b2f8f13d53f97e85cac 182b9ce47be041cf916215498d913880 - - default default] 10.0.0.125 "GET /v2.0/trunks/500b75d2-16e9-4394-ae1f-8dbf2a4bdb0d/tags HTTP/1.1" status: 200 len: 230 time: 0.0132670
2026-05-11 06:49:09.344 9 INFO neutron.wsgi [None req-f91477b0-a062-4abd-9b70-76556db4e0f7 5489d164d1d64b2f8f13d53f97e85cac 182b9ce47be041cf916215498d913880 - - default default] 10.0.0.125 "GET /v2.0/trunks/500b75d2-16e9-4394-ae1f-8dbf2a4bdb0d/tags/red HTTP/1.1" status: 204 len: 168 time: 0.0222101
2026-05-11 06:49:09.365 10 INFO neutron.api.v2.resource [None req-2d39679e-60b1-4093-95c2-9c45a118250c 5489d164d1d64b2f8f13d53f97e85cac 182b9ce47be041cf916215498d913880 - - default default] show failed (client error): The resource could not be found.
2026-05-11 06:49:09.367 10 INFO neutron.wsgi [None req-2d39679e-60b1-4093-95c2-9c45a118250c 5489d164d1d64b2f8f13d53f97e85cac 182b9ce47be041cf916215498d913880 - - default default] 10.0.0.125 "GET /v2.0/trunks/500b75d2-16e9-4394-ae1f-8dbf2a4bdb0d/tags/green HTTP/1.1" status: 404 len: 299 time: 0.0171740
2026-05-11 06:49:09.408 9 INFO neutron.wsgi [None req-8e94ffb0-1d39-4304-9d2a-7a79143ba4b7 5489d164d1d64b2f8f13d53f97e85cac 182b9ce47be041cf916215498d913880 - - - -] 10.0.0.125 "DELETE /v2.0/trunks/500b75d2-16e9-4394-ae1f-8dbf2a4bdb0d/tags/red HTTP/1.1" status: 204 len: 168 time: 0.0354207
2026-05-11 06:49:09.432 10 INFO neutron.wsgi [None req-d355bb33-d1bb-4f5f-a548-b335bcf8ef99 5489d164d1d64b2f8f13d53f97e85cac 182b9ce47be041cf916215498d913880 - - default default] 10.0.0.125 "GET /v2.0/trunks/500b75d2-16e9-4394-ae1f-8dbf2a4bdb0d/tags HTTP/1.1" status: 200 len: 223 time: 0.0192339
2026-05-11 06:49:09.461 10 INFO neutron.api.v2.resource [None req-f0a13907-c140-47a4-9301-a9d45c463201 5489d164d1d64b2f8f13d53f97e85cac 182b9ce47be041cf916215498d913880 - - - -] delete failed (client error): The resource could not be found.
2026-05-11 06:49:09.462 10 INFO neutron.wsgi [None req-f0a13907-c140-47a4-9301-a9d45c463201 5489d164d1d64b2f8f13d53f97e85cac 182b9ce47be041cf916215498d913880 - - - -] 10.0.0.125 "DELETE /v2.0/trunks/500b75d2-16e9-4394-ae1f-8dbf2a4bdb0d/tags/green HTTP/1.1" status: 404 len: 299 time: 0.0224326
2026-05-11 06:49:09.463 10 INFO neutron.db.ovn_revision_numbers_db [None req-42b9efcf-cc60-4739-a474-e7939fe9e5da 2956132494344d6e9c24a0d374df1bea d93b79dfa41e4723ab3bc9256dd61450 - - default default] Successfully bumped revision number for resource 187755ad-0de4-44d0-8c7d-97ea3fa6f39d (type: security_groups) to 1
2026-05-11 06:49:09.494 10 INFO neutron.wsgi [None req-42b9efcf-cc60-4739-a474-e7939fe9e5da 2956132494344d6e9c24a0d374df1bea d93b79dfa41e4723ab3bc9256dd61450 - - default default] 10.0.0.125 "GET /v2.0/security-groups?tenant_id=c6fc209177ef4186bd057c1d887d4cc2&name=default HTTP/1.1" status: 200 len: 2996 time: 0.1257505
2026-05-11 06:49:09.518 10 INFO neutron.wsgi [None req-48f0b8d5-3bf7-4b51-83e9-305a70dc9b41 5489d164d1d64b2f8f13d53f97e85cac 182b9ce47be041cf916215498d913880 - - - -] 10.0.0.125 "DELETE /v2.0/trunks/500b75d2-16e9-4394-ae1f-8dbf2a4bdb0d/tags HTTP/1.1" status: 204 len: 168 time: 0.0459149
2026-05-11 06:49:09.539 10 INFO neutron.wsgi [None req-d212a311-f746-443f-96aa-9527cb9dc3a5 5489d164d1d64b2f8f13d53f97e85cac 182b9ce47be041cf916215498d913880 - - default default] 10.0.0.125 "GET /v2.0/trunks/500b75d2-16e9-4394-ae1f-8dbf2a4bdb0d/tags HTTP/1.1" status: 200 len: 205 time: 0.0160649
2026-05-11 06:49:09.591 9 INFO neutron.wsgi [None req-3b8c7121-4251-4863-8093-1dfdb0a8d2a8 5489d164d1d64b2f8f13d53f97e85cac 182b9ce47be041cf916215498d913880 - - default default] 10.0.0.125 "GET /v2.0/trunks/500b75d2-16e9-4394-ae1f-8dbf2a4bdb0d HTTP/1.1" status: 200 len: 603 time: 0.0382340
2026-05-11 06:49:09.713 9 INFO neutron.wsgi [None req-d216afd1-696e-4997-ba51-36c9bc8e48a7 5489d164d1d64b2f8f13d53f97e85cac 182b9ce47be041cf916215498d913880 - - default default] 10.0.0.125 "GET /v2.0/ports/61b55684-a11b-491b-99e2-962cedd7aaf2 HTTP/1.1" status: 200 len: 1020 time: 0.1134727
2026-05-11 06:49:09.716 10 INFO neutron.wsgi [None req-cd09b96c-a8a4-48eb-b4ee-15877003f133 2956132494344d6e9c24a0d374df1bea d93b79dfa41e4723ab3bc9256dd61450 - - - -] 10.0.0.125 "DELETE /v2.0/security-groups/187755ad-0de4-44d0-8c7d-97ea3fa6f39d HTTP/1.1" status: 204 len: 168 time: 0.2151330
2026-05-11 06:49:09.879 10 INFO neutron.wsgi [None req-19ca298b-d51b-4c3e-b7f1-5d739e7b05fe 5489d164d1d64b2f8f13d53f97e85cac 182b9ce47be041cf916215498d913880 - - - -] 10.0.0.125 "DELETE /v2.0/trunks/500b75d2-16e9-4394-ae1f-8dbf2a4bdb0d HTTP/1.1" status: 204 len: 168 time: 0.1571808
2026-05-11 06:49:09.949 10 INFO neutron.db.ovn_revision_numbers_db [None req-e0412d52-2437-4a49-9a9e-85fdbffedf91 2956132494344d6e9c24a0d374df1bea d93b79dfa41e4723ab3bc9256dd61450 - - default default] Successfully bumped revision number for resource 702e2739-5233-48ac-8030-9f726cb27f82 (type: security_groups) to 1
2026-05-11 06:49:09.974 10 INFO neutron.wsgi [None req-e0412d52-2437-4a49-9a9e-85fdbffedf91 2956132494344d6e9c24a0d374df1bea d93b79dfa41e4723ab3bc9256dd61450 - - default default] 10.0.0.125 "GET /v2.0/security-groups?tenant_id=a327b6a1a59a432eba547eb22307663d&name=default HTTP/1.1" status: 200 len: 2996 time: 0.4283259
2026-05-11 06:49:10.048 9 INFO neutron.services.segments.plugin [-] Segment 26960611-9948-4d08-ba12-317738989a68 resource provider aggregate not found
2026-05-11 06:49:10.053 9 INFO neutron.services.segments.plugin [-] Segment 26960611-9948-4d08-ba12-317738989a68 resource provider aggregate not found
2026-05-11 06:49:10.072 9 INFO neutron.services.segments.plugin [-] Segment 26960611-9948-4d08-ba12-317738989a68 resource provider not found; error: Placement Client Error (4xx): {"errors": [{"status": 404, "title": "Not Found", "detail": "The resource could not be found.\n\n No resource provider with uuid 26960611-9948-4d08-ba12-317738989a68 found for delete ", "request_id": "req-7cbca792-20ec-4a7a-82a4-954d78fb1a8c"}]}
2026-05-11 06:49:10.075 9 INFO neutron.services.segments.plugin [-] Segment 26960611-9948-4d08-ba12-317738989a68 resource provider not found; error: Placement Client Error (4xx): {"errors": [{"status": 404, "title": "Not Found", "detail": "The resource could not be found.\n\n No resource provider with uuid 26960611-9948-4d08-ba12-317738989a68 found for delete ", "request_id": "req-913e83cc-659b-40e1-b453-74e5abf28cf0"}]}
2026-05-11 06:49:10.129 9 INFO neutron.wsgi [None req-f79e6380-6800-4245-a614-452577361c49 ce55b1ab6f394d91a13009b6e8994ba6 94ceee902e9b4cbea6ae4a07d92d0d5d - - - -] 10.0.0.125 "DELETE /v2.0/networks/17e1a465-7c1c-4c42-a137-818027d276af HTTP/1.1" status: 204 len: 168 time: 0.8225279
2026-05-11 06:49:10.151 9 INFO neutron.pecan_wsgi.hooks.translation [None req-68f03c7a-df34-4625-b897-f010ba3b4c50 ce55b1ab6f394d91a13009b6e8994ba6 94ceee902e9b4cbea6ae4a07d92d0d5d - - - -] DELETE failed (client error): The resource could not be found.
2026-05-11 06:49:10.153 9 INFO neutron.wsgi [None req-68f03c7a-df34-4625-b897-f010ba3b4c50 ce55b1ab6f394d91a13009b6e8994ba6 94ceee902e9b4cbea6ae4a07d92d0d5d - - - -] 10.0.0.125 "DELETE /v2.0/networks/17e1a465-7c1c-4c42-a137-818027d276af HTTP/1.1" status: 404 len: 339 time: 0.0191624
2026-05-11 06:49:10.182 10 INFO neutron.wsgi [None req-8ef59dab-32bf-4af7-8871-973379e1b0b8 2956132494344d6e9c24a0d374df1bea d93b79dfa41e4723ab3bc9256dd61450 - - - -] 10.0.0.125 "DELETE /v2.0/security-groups/702e2739-5233-48ac-8030-9f726cb27f82 HTTP/1.1" status: 204 len: 168 time: 0.2009020
2026-05-11 06:49:10.423 10 INFO neutron.wsgi [None req-f42f92f8-13db-4cda-ad50-fb16fd9f8408 2956132494344d6e9c24a0d374df1bea d93b79dfa41e4723ab3bc9256dd61450 - - default default] 10.0.0.125 "GET /v2.0/security-groups?tenant_id=ee9bc0261bfe447689a496a4e823f6fe&name=default HTTP/1.1" status: 200 len: 2996 time: 0.0612302
2026-05-11 06:49:10.603 9 INFO neutron.wsgi [None req-9946477b-d103-4202-80fa-dd36f7d80da7 ce55b1ab6f394d91a13009b6e8994ba6 94ceee902e9b4cbea6ae4a07d92d0d5d - - default default] 10.0.0.125 "GET /v2.0/networks?router%3Aexternal=True HTTP/1.1" status: 200 len: 845 time: 0.4418511
2026-05-11 06:49:10.607 9 INFO neutron.wsgi [None req-8e8623a7-3ae1-4329-8504-c9938b530553 5489d164d1d64b2f8f13d53f97e85cac 182b9ce47be041cf916215498d913880 - - - -] 10.0.0.125 "DELETE /v2.0/ports/61b55684-a11b-491b-99e2-962cedd7aaf2 HTTP/1.1" status: 204 len: 168 time: 0.7167380
2026-05-11 06:49:10.656 9 INFO neutron.wsgi [None req-278130c6-4e58-4630-b379-30c31212ff5c ce55b1ab6f394d91a13009b6e8994ba6 94ceee902e9b4cbea6ae4a07d92d0d5d - - default default] 10.0.0.125 "GET /v2.0/subnets?network_id=0a10a0d7-b040-4e55-a4f4-7073dd8a0e77 HTTP/1.1" status: 200 len: 820 time: 0.0477033
2026-05-11 06:49:10.666 9 INFO neutron.wsgi [None req-74563aa3-8f7b-4176-82e5-e607d9614aae ce55b1ab6f394d91a13009b6e8994ba6 94ceee902e9b4cbea6ae4a07d92d0d5d - - default default] 10.0.0.125 "GET /v2.0/extensions HTTP/1.1" status: 200 len: 16520 time: 0.0055366
2026-05-11 06:49:10.676 10 INFO neutron.wsgi [None req-d882a93a-6f03-42f1-b9f9-94ccbcc70d6a 2956132494344d6e9c24a0d374df1bea d93b79dfa41e4723ab3bc9256dd61450 - - - -] 10.0.0.125 "DELETE /v2.0/security-groups/7135296e-5a94-42c9-9a5a-e727969114a6 HTTP/1.1" status: 204 len: 168 time: 0.2478459
2026-05-11 06:49:10.778 9 INFO neutron.wsgi [None req-9f07022a-4589-43f3-b149-7a0f0ef71c9f ce55b1ab6f394d91a13009b6e8994ba6 94ceee902e9b4cbea6ae4a07d92d0d5d - - default default] 10.0.0.125 "GET /v2.0/networks HTTP/1.1" status: 200 len: 1503 time: 0.1064520
2026-05-11 06:49:10.868 9 INFO neutron.wsgi [None req-c451744f-c5e6-49f5-9d6c-cd2e2a7740e3 ce55b1ab6f394d91a13009b6e8994ba6 94ceee902e9b4cbea6ae4a07d92d0d5d - - default default] 10.0.0.125 "GET /v2.0/subnets HTTP/1.1" status: 200 len: 1428 time: 0.0823929
2026-05-11 06:49:10.948 9 INFO neutron.wsgi [None req-7ff0d9f4-7deb-4c36-82c8-b802c66f49d5 ce55b1ab6f394d91a13009b6e8994ba6 94ceee902e9b4cbea6ae4a07d92d0d5d - - default default] 10.0.0.125 "GET /v2.0/networks/de3fdc50-9d51-48bc-8ef3-955b411346ec HTTP/1.1" status: 200 len: 862 time: 0.0701644
2026-05-11 06:49:10.954 10 INFO neutron.services.segments.plugin [-] Segment 140a2f68-2dca-414d-b818-25cdc040a66e resource provider aggregate not found
2026-05-11 06:49:10.960 10 INFO neutron.services.segments.plugin [-] Segment 140a2f68-2dca-414d-b818-25cdc040a66e resource provider aggregate not found
2026-05-11 06:49:10.982 10 INFO neutron.services.segments.plugin [-] Segment 140a2f68-2dca-414d-b818-25cdc040a66e resource provider not found; error: Placement Client Error (4xx): {"errors": [{"status": 404, "title": "Not Found", "detail": "The resource could not be found.\n\n No resource provider with uuid 140a2f68-2dca-414d-b818-25cdc040a66e found for delete ", "request_id": "req-8adc415d-e4c1-4cc8-bbd6-36681cf567d1"}]}
2026-05-11 06:49:11.000 10 INFO neutron.services.segments.plugin [-] Segment 140a2f68-2dca-414d-b818-25cdc040a66e resource provider not found; error: Placement Client Error (4xx): {"errors": [{"status": 404, "title": "Not Found", "detail": "The resource could not be found.\n\n No resource provider with uuid 140a2f68-2dca-414d-b818-25cdc040a66e found for delete ", "request_id": "req-f8e6b13c-3b77-4785-b3b9-f216d16c4077"}]}
2026-05-11 06:49:11.005 9 INFO neutron.wsgi [None req-481c175d-bade-4d9e-a8a6-9532942658c8 ce55b1ab6f394d91a13009b6e8994ba6 94ceee902e9b4cbea6ae4a07d92d0d5d - - default default] 10.0.0.125 "GET /v2.0/subnets/5b2758f2-2074-4844-a3b8-eef3ce2de43a HTTP/1.1" status: 200 len: 811 time: 0.0500739
2026-05-11 06:49:11.018 9 INFO neutron.db.ovn_revision_numbers_db [None req-1a086c07-002e-4df2-a8af-c4d9165681cd 2956132494344d6e9c24a0d374df1bea d93b79dfa41e4723ab3bc9256dd61450 - - default default] Successfully bumped revision number for resource 1a93fc51-d532-40cf-8553-32ff24895875 (type: security_groups) to 1
2026-05-11 06:49:11.030 10 INFO neutron.wsgi [None req-b3acbd39-2fd8-40af-868e-df188469bebb 5489d164d1d64b2f8f13d53f97e85cac 182b9ce47be041cf916215498d913880 - - - -] 10.0.0.125 "DELETE /v2.0/networks/2c969d82-259e-4579-825c-34a47b1fc4d7 HTTP/1.1" status: 204 len: 168 time: 0.4150729
2026-05-11 06:49:11.032 10 INFO neutron.pecan_wsgi.hooks.translation [None req-9286837d-8f36-42f6-b993-69f51f0ff7c8 ce55b1ab6f394d91a13009b6e8994ba6 94ceee902e9b4cbea6ae4a07d92d0d5d - - - -] DELETE failed (client error): The resource could not be found.
2026-05-11 06:49:11.033 10 INFO neutron.wsgi [None req-9286837d-8f36-42f6-b993-69f51f0ff7c8 ce55b1ab6f394d91a13009b6e8994ba6 94ceee902e9b4cbea6ae4a07d92d0d5d - - - -] 10.0.0.125 "DELETE /v2.0/subnets/04732701-fd8f-4182-8332-64680ca78ef0 HTTP/1.1" status: 404 len: 337 time: 0.0227871
2026-05-11 06:49:11.040 9 INFO neutron.wsgi [None req-1a086c07-002e-4df2-a8af-c4d9165681cd 2956132494344d6e9c24a0d374df1bea d93b79dfa41e4723ab3bc9256dd61450 - - default default] 10.0.0.125 "GET /v2.0/security-groups?tenant_id=eea2868f4333462e9e863abbd2c089c3&name=default HTTP/1.1" status: 200 len: 2996 time: 0.1507590
2026-05-11 06:49:11.050 10 INFO neutron.pecan_wsgi.hooks.translation [None req-e95cd4a7-6ce8-42d6-b255-72b5df77cd6e ce55b1ab6f394d91a13009b6e8994ba6 94ceee902e9b4cbea6ae4a07d92d0d5d - - - -] DELETE failed (client error): The resource could not be found.
2026-05-11 06:49:11.053 10 INFO neutron.wsgi [None req-e95cd4a7-6ce8-42d6-b255-72b5df77cd6e ce55b1ab6f394d91a13009b6e8994ba6 94ceee902e9b4cbea6ae4a07d92d0d5d - - - -] 10.0.0.125 "DELETE /v2.0/networks/17e1a465-7c1c-4c42-a137-818027d276af HTTP/1.1" status: 404 len: 339 time: 0.0149651
2026-05-11 06:49:11.242 9 INFO neutron.wsgi [None req-3db64e8f-5fbe-4940-a5ee-2389accf7c0e 2956132494344d6e9c24a0d374df1bea d93b79dfa41e4723ab3bc9256dd61450 - - - -] 10.0.0.125 "DELETE /v2.0/security-groups/1a93fc51-d532-40cf-8553-32ff24895875 HTTP/1.1" status: 204 len: 168 time: 0.1982658
2026-05-11 06:49:11.318 10 INFO neutron.wsgi [None req-42e726c1-0d60-4267-9d9a-30ee80914e9e ce55b1ab6f394d91a13009b6e8994ba6 94ceee902e9b4cbea6ae4a07d92d0d5d - - - -] 10.0.0.125 "DELETE /v2.0/subnets/5b2758f2-2074-4844-a3b8-eef3ce2de43a HTTP/1.1" status: 204 len: 168 time: 0.2611821
2026-05-11 06:49:11.802 10 INFO neutron.wsgi [None req-721b4bf7-adc8-4239-97ee-0c3f9d41661f ce55b1ab6f394d91a13009b6e8994ba6 94ceee902e9b4cbea6ae4a07d92d0d5d - - - -] 10.0.0.125 "DELETE /v2.0/networks/de3fdc50-9d51-48bc-8ef3-955b411346ec HTTP/1.1" status: 204 len: 168 time: 0.4785614
2026-05-11 06:49:12.018 9 INFO neutron.db.ovn_revision_numbers_db [None req-240c957f-b676-451a-9af8-ea11c89e5667 2956132494344d6e9c24a0d374df1bea d93b79dfa41e4723ab3bc9256dd61450 - - default default] Successfully bumped revision number for resource ec60986e-5e2a-48b8-a7f4-4f17196166a9 (type: security_groups) to 1
2026-05-11 06:49:12.044 9 INFO neutron.wsgi [None req-240c957f-b676-451a-9af8-ea11c89e5667 2956132494344d6e9c24a0d374df1bea d93b79dfa41e4723ab3bc9256dd61450 - - default default] 10.0.0.125 "GET /v2.0/security-groups?tenant_id=0f86ff4ee1d841d1a0a4dfdda18a0e5c&name=default HTTP/1.1" status: 200 len: 2996 time: 0.2773867
2026-05-11 06:49:12.237 9 INFO neutron.wsgi [None req-4a2e5876-e7bc-43ec-ac6a-62b830856c20 2956132494344d6e9c24a0d374df1bea d93b79dfa41e4723ab3bc9256dd61450 - - - -] 10.0.0.125 "DELETE /v2.0/security-groups/ec60986e-5e2a-48b8-a7f4-4f17196166a9 HTTP/1.1" status: 204 len: 168 time: 0.1866353
2026-05-11 06:49:12.384 10 INFO neutron.wsgi [None req-edf2e946-715a-4ba6-91ca-1376b33c454d 2956132494344d6e9c24a0d374df1bea d93b79dfa41e4723ab3bc9256dd61450 - - default default] 10.0.0.125 "GET /v2.0/security-groups?tenant_id=182b9ce47be041cf916215498d913880&name=default HTTP/1.1" status: 200 len: 2996 time: 0.0368648
2026-05-11 06:49:12.388 10 INFO neutron.wsgi [None req-5ec0aa1b-f156-4866-b943-223a0247baec 2956132494344d6e9c24a0d374df1bea d93b79dfa41e4723ab3bc9256dd61450 - - default default] 10.0.0.125 "GET /v2.0/security-groups?tenant_id=94ceee902e9b4cbea6ae4a07d92d0d5d&name=default HTTP/1.1" status: 200 len: 2996 time: 0.1508248
2026-05-11 06:49:12.608 10 INFO neutron.wsgi [None req-83b36a8a-e3d2-44e6-901e-a4adac707a9d 2956132494344d6e9c24a0d374df1bea d93b79dfa41e4723ab3bc9256dd61450 - - - -] 10.0.0.125 "DELETE /v2.0/security-groups/55c12deb-fa80-46df-9d93-026520480209 HTTP/1.1" status: 204 len: 168 time: 0.2157183
2026-05-11 06:49:12.610 9 INFO neutron.wsgi [None req-aa51b3ec-ee4d-48da-86c7-83500fcaa71e 2956132494344d6e9c24a0d374df1bea d93b79dfa41e4723ab3bc9256dd61450 - - - -] 10.0.0.125 "DELETE /v2.0/security-groups/223e01cf-54ba-4435-9f5a-503b71ab2b0e HTTP/1.1" status: 204 len: 168 time: 0.2153914
2026-05-11 06:49:13.013 10 INFO neutron.services.segments.plugin [-] Segment 6f545b63-1568-41fc-8dc2-7be868bf6560 resource provider aggregate not found
2026-05-11 06:49:13.025 10 INFO neutron.services.segments.plugin [-] Segment 6f545b63-1568-41fc-8dc2-7be868bf6560 resource provider not found; error: Placement Client Error (4xx): {"errors": [{"status": 404, "title": "Not Found", "detail": "The resource could not be found.\n\n No resource provider with uuid 6f545b63-1568-41fc-8dc2-7be868bf6560 found for delete ", "request_id": "req-379e28ba-8b62-4c98-84b5-84ccad47d4ef"}]}
2026-05-11 06:49:13.030 10 INFO neutron.services.segments.plugin [-] Segment 6f545b63-1568-41fc-8dc2-7be868bf6560 resource provider aggregate not found
2026-05-11 06:49:13.044 10 INFO neutron.services.segments.plugin [-] Segment 6f545b63-1568-41fc-8dc2-7be868bf6560 resource provider not found; error: Placement Client Error (4xx): {"errors": [{"status": 404, "title": "Not Found", "detail": "The resource could not be found.\n\n No resource provider with uuid 6f545b63-1568-41fc-8dc2-7be868bf6560 found for delete ", "request_id": "req-5a75a511-a939-47f1-a05e-996f450cc53c"}]}
2026-05-11 06:49:14.693 10 INFO neutron.db.ovn_revision_numbers_db [None req-a9fbabc7-a07a-4e2b-b00d-71acb5f942e0 75f9b3cc4c8a41fcb1c7a57ea21b9e5e ed5fdc5af3ef4e31a1189475d9b036a4 - - - -] Successfully bumped revision number for resource 90d53d0c-e24d-46a8-bb9c-04727236e1cd (type: security_groups) to 1
2026-05-11 06:49:14.756 10 WARNING neutron.scheduler.dhcp_agent_scheduler [None req-3bfd6411-a40e-432f-822f-ce3ed7bdbc02 765e6212b7224ac093e18952d7cf793d 107e0224604749db9f95c5ca109c983c - - - -] No more DHCP agents
2026-05-11 06:49:14.762 10 WARNING neutron.api.rpc.agentnotifiers.dhcp_rpc_agent_api [None req-3bfd6411-a40e-432f-822f-ce3ed7bdbc02 765e6212b7224ac093e18952d7cf793d 107e0224604749db9f95c5ca109c983c - - - -] Unable to schedule network 0a10a0d7-b040-4e55-a4f4-7073dd8a0e77: no agents available; will retry on subsequent port and subnet creation events.
2026-05-11 06:49:14.779 10 INFO neutron.db.segments_db [None req-a9fbabc7-a07a-4e2b-b00d-71acb5f942e0 75f9b3cc4c8a41fcb1c7a57ea21b9e5e ed5fdc5af3ef4e31a1189475d9b036a4 - - - -] Added segment bb7fabd9-cadf-48f9-857e-653f5677772e of type geneve for network de805347-c190-41d9-826f-1cd83431bd57
2026-05-11 06:49:14.928 10 INFO neutron.db.ovn_revision_numbers_db [None req-a9fbabc7-a07a-4e2b-b00d-71acb5f942e0 75f9b3cc4c8a41fcb1c7a57ea21b9e5e ed5fdc5af3ef4e31a1189475d9b036a4 - - - -] Successfully bumped revision number for resource de805347-c190-41d9-826f-1cd83431bd57 (type: networks) to 1
2026-05-11 06:49:15.536 10 WARNING neutron.scheduler.dhcp_agent_scheduler [None req-a9fbabc7-a07a-4e2b-b00d-71acb5f942e0 75f9b3cc4c8a41fcb1c7a57ea21b9e5e ed5fdc5af3ef4e31a1189475d9b036a4 - - - -] No more DHCP agents
2026-05-11 06:49:15.540 10 WARNING neutron.api.rpc.agentnotifiers.dhcp_rpc_agent_api [None req-a9fbabc7-a07a-4e2b-b00d-71acb5f942e0 75f9b3cc4c8a41fcb1c7a57ea21b9e5e ed5fdc5af3ef4e31a1189475d9b036a4 - - - -] Unable to schedule network de805347-c190-41d9-826f-1cd83431bd57: no agents available; will retry on subsequent port and subnet creation events.
2026-05-11 06:49:15.603 10 INFO neutron.db.ovn_revision_numbers_db [None req-3bfd6411-a40e-432f-822f-ce3ed7bdbc02 765e6212b7224ac093e18952d7cf793d 107e0224604749db9f95c5ca109c983c - - - -] Successfully bumped revision number for resource 95c7c7e6-c3ce-4401-9f58-f6e22c8348f1 (type: floatingips) to 0
2026-05-11 06:49:15.625 10 INFO neutron.wsgi [None req-3bfd6411-a40e-432f-822f-ce3ed7bdbc02 765e6212b7224ac093e18952d7cf793d 107e0224604749db9f95c5ca109c983c - - - -] 10.0.0.125 "POST /v2.0/floatingips HTTP/1.1" status: 201 len: 751 time: 1.2503984
2026-05-11 06:49:15.626 10 INFO neutron.db.ovn_revision_numbers_db [None req-a9fbabc7-a07a-4e2b-b00d-71acb5f942e0 75f9b3cc4c8a41fcb1c7a57ea21b9e5e ed5fdc5af3ef4e31a1189475d9b036a4 - - - -] Successfully bumped revision number for resource 367e8484-e523-41b2-b591-b4b14c3ca1d8 (type: ports) to 1
2026-05-11 06:49:15.656 10 INFO neutron.wsgi [None req-a9fbabc7-a07a-4e2b-b00d-71acb5f942e0 75f9b3cc4c8a41fcb1c7a57ea21b9e5e ed5fdc5af3ef4e31a1189475d9b036a4 - - - -] 10.0.0.125 "POST /v2.0/networks HTTP/1.1" status: 201 len: 829 time: 1.2331059
2026-05-11 06:49:15.658 10 INFO neutron.wsgi [-] 10.0.0.191 "GET / HTTP/1.1" status: 200 len: 246 time: 0.0011590
2026-05-11 06:49:15.660 10 INFO neutron.wsgi [-] 10.0.0.191 "GET / HTTP/1.1" status: 200 len: 246 time: 0.0009201
2026-05-11 06:49:15.686 9 INFO neutron.wsgi [None req-ccb0b48c-0e2d-480d-a52f-087e56a4197a 9a836f7a2ca34cca976f0037ec06bf36 d17136c8a0a54527a3bfbd50f1e86e84 - - - -] 10.0.0.125 "POST /v2.0/subnetpools HTTP/1.1" status: 201 len: 715 time: 0.2399013
2026-05-11 06:49:15.753 9 INFO neutron.db.segments_db [None req-d7d70038-63fd-4950-be6f-26afbcbe0c40 75f9b3cc4c8a41fcb1c7a57ea21b9e5e ed5fdc5af3ef4e31a1189475d9b036a4 - - - -] Added segment 50bdf668-c5e8-426f-8912-863b17d6ce13 of type geneve for network a47e3438-5719-4788-ba87-b828e5a1ec11
2026-05-11 06:49:15.766 9 INFO neutron.wsgi [None req-52737095-784e-4c46-9cd9-322af4ca1410 9a836f7a2ca34cca976f0037ec06bf36 d17136c8a0a54527a3bfbd50f1e86e84 - - - -] 10.0.0.125 "POST /v2.0/subnetpools HTTP/1.1" status: 201 len: 715 time: 0.0741146
2026-05-11 06:49:15.864 10 INFO neutron.wsgi [None req-feb6c2fa-fe42-44af-a6a0-9ff9dc5841ca 9a836f7a2ca34cca976f0037ec06bf36 d17136c8a0a54527a3bfbd50f1e86e84 - - - -] 10.0.0.125 "POST /v2.0/subnetpools HTTP/1.1" status: 201 len: 715 time: 0.0828474
2026-05-11 06:49:15.907 9 INFO neutron.db.ovn_revision_numbers_db [None req-d7d70038-63fd-4950-be6f-26afbcbe0c40 75f9b3cc4c8a41fcb1c7a57ea21b9e5e ed5fdc5af3ef4e31a1189475d9b036a4 - - - -] Successfully bumped revision number for resource a47e3438-5719-4788-ba87-b828e5a1ec11 (type: networks) to 1
2026-05-11 06:49:15.951 10 WARNING neutron.scheduler.dhcp_agent_scheduler [None req-6ed0906d-68c6-4f41-9c0b-1686e6017a5f 765e6212b7224ac093e18952d7cf793d 107e0224604749db9f95c5ca109c983c - - - -] No more DHCP agents
2026-05-11 06:49:15.952 10 WARNING neutron.api.rpc.agentnotifiers.dhcp_rpc_agent_api [None req-6ed0906d-68c6-4f41-9c0b-1686e6017a5f 765e6212b7224ac093e18952d7cf793d 107e0224604749db9f95c5ca109c983c - - - -] Unable to schedule network 0a10a0d7-b040-4e55-a4f4-7073dd8a0e77: no agents available; will retry on subsequent port and subnet creation events.
2026-05-11 06:49:15.966 9 INFO neutron.wsgi [None req-879e209c-4015-4a23-927e-d1e501ccc55a 9a836f7a2ca34cca976f0037ec06bf36 d17136c8a0a54527a3bfbd50f1e86e84 - - - -] 10.0.0.125 "POST /v2.0/subnetpools HTTP/1.1" status: 201 len: 715 time: 0.0951662
2026-05-11 06:49:16.051 10 INFO neutron.wsgi [None req-5b2a7c5a-b4bf-4926-ad92-354515664284 9a836f7a2ca34cca976f0037ec06bf36 d17136c8a0a54527a3bfbd50f1e86e84 - - - -] 10.0.0.125 "POST /v2.0/subnetpools HTTP/1.1" status: 201 len: 715 time: 0.0780659
2026-05-11 06:49:16.095 10 INFO neutron.wsgi [None req-b26f6c77-e890-469e-8f08-35313336bff1 9a836f7a2ca34cca976f0037ec06bf36 d17136c8a0a54527a3bfbd50f1e86e84 - - - -] 10.0.0.125 "PUT /v2.0/subnetpools/a6983ec4-c8ec-4ac1-9e57-b76e87b0e328/tags HTTP/1.1" status: 200 len: 210 time: 0.0362761
2026-05-11 06:49:16.099 9 WARNING neutron.scheduler.dhcp_agent_scheduler [None req-d7d70038-63fd-4950-be6f-26afbcbe0c40 75f9b3cc4c8a41fcb1c7a57ea21b9e5e ed5fdc5af3ef4e31a1189475d9b036a4 - - - -] No more DHCP agents
2026-05-11 06:49:16.108 9 WARNING neutron.api.rpc.agentnotifiers.dhcp_rpc_agent_api [None req-d7d70038-63fd-4950-be6f-26afbcbe0c40 75f9b3cc4c8a41fcb1c7a57ea21b9e5e ed5fdc5af3ef4e31a1189475d9b036a4 - - - -] Unable to schedule network a47e3438-5719-4788-ba87-b828e5a1ec11: no agents available; will retry on subsequent port and subnet creation events.
2026-05-11 06:49:16.147 9 INFO neutron.wsgi [None req-b7f0f2d4-5795-4a12-97c0-b8955985d049 9a836f7a2ca34cca976f0037ec06bf36 d17136c8a0a54527a3bfbd50f1e86e84 - - - -] 10.0.0.125 "PUT /v2.0/subnetpools/8c40512b-2bfa-4995-8a75-1f6d854e92e8/tags HTTP/1.1" status: 200 len: 218 time: 0.0458279
2026-05-11 06:49:16.184 9 INFO neutron.db.ovn_revision_numbers_db [None req-d7d70038-63fd-4950-be6f-26afbcbe0c40 75f9b3cc4c8a41fcb1c7a57ea21b9e5e ed5fdc5af3ef4e31a1189475d9b036a4 - - - -] Successfully bumped revision number for resource 1b53b41b-fb83-4013-b8a3-fc0c46cc56e3 (type: ports) to 1
2026-05-11 06:49:16.190 10 INFO neutron.wsgi [None req-33ad0a44-6060-41ec-aae5-35ec34a3916a 9a836f7a2ca34cca976f0037ec06bf36 d17136c8a0a54527a3bfbd50f1e86e84 - - - -] 10.0.0.125 "PUT /v2.0/subnetpools/6f99b50b-ebae-4ddf-80fd-7a4260dc86fb/tags HTTP/1.1" status: 200 len: 227 time: 0.0371873
2026-05-11 06:49:16.218 9 INFO neutron.wsgi [None req-d7d70038-63fd-4950-be6f-26afbcbe0c40 75f9b3cc4c8a41fcb1c7a57ea21b9e5e ed5fdc5af3ef4e31a1189475d9b036a4 - - - -] 10.0.0.125 "POST /v2.0/networks HTTP/1.1" status: 201 len: 828 time: 0.5572624
2026-05-11 06:49:16.227 9 INFO neutron.wsgi [None req-ad2c2f1b-5a44-4618-92c2-d76e443d5695 9a836f7a2ca34cca976f0037ec06bf36 d17136c8a0a54527a3bfbd50f1e86e84 - - - -] 10.0.0.125 "PUT /v2.0/subnetpools/8f91fe9b-b521-410c-ad39-1f37807e7a02/tags HTTP/1.1" status: 200 len: 212 time: 0.0333388
2026-05-11 06:49:16.279 9 INFO neutron.wsgi [None req-b754e259-ca3e-4b6f-bfda-a5ef466c1d40 9a836f7a2ca34cca976f0037ec06bf36 d17136c8a0a54527a3bfbd50f1e86e84 - - default default] 10.0.0.125 "GET /v2.0/subnetpools?tags=red HTTP/1.1" status: 200 len: 1758 time: 0.0438764
2026-05-11 06:49:16.281 10 INFO neutron.db.ovn_revision_numbers_db [None req-6ed0906d-68c6-4f41-9c0b-1686e6017a5f 765e6212b7224ac093e18952d7cf793d 107e0224604749db9f95c5ca109c983c - - - -] Successfully bumped revision number for resource 043e834d-a226-4782-a347-2c498923b4cc (type: floatingips) to 0
2026-05-11 06:49:16.310 10 INFO neutron.wsgi [None req-6ed0906d-68c6-4f41-9c0b-1686e6017a5f 765e6212b7224ac093e18952d7cf793d 107e0224604749db9f95c5ca109c983c - - - -] 10.0.0.125 "POST /v2.0/floatingips HTTP/1.1" status: 201 len: 751 time: 0.6756170
2026-05-11 06:49:16.325 10 INFO neutron.wsgi [None req-f85c9f99-f411-436d-b147-55cb3a117820 9a836f7a2ca34cca976f0037ec06bf36 d17136c8a0a54527a3bfbd50f1e86e84 - - default default] 10.0.0.125 "GET /v2.0/subnetpools?tags=red%2Cblue HTTP/1.1" status: 200 len: 1251 time: 0.0380368
2026-05-11 06:49:16.368 10 INFO neutron.wsgi [None req-18ed278e-8629-4ffa-b366-175935b27eaa 9a836f7a2ca34cca976f0037ec06bf36 d17136c8a0a54527a3bfbd50f1e86e84 - - default default] 10.0.0.125 "GET /v2.0/subnetpools?tags-any=blue HTTP/1.1" status: 200 len: 1251 time: 0.0361996
2026-05-11 06:49:16.410 9 INFO neutron.wsgi [None req-275bed6a-28b4-4340-92a2-a7acbcbe818d 9a836f7a2ca34cca976f0037ec06bf36 d17136c8a0a54527a3bfbd50f1e86e84 - - default default] 10.0.0.125 "GET /v2.0/subnetpools?tags-any=red%2Cblue HTTP/1.1" status: 200 len: 1758 time: 0.0332417
2026-05-11 06:49:16.461 10 INFO neutron.wsgi [None req-38dd2ba7-bead-442e-97fc-365011317fd7 9a836f7a2ca34cca976f0037ec06bf36 d17136c8a0a54527a3bfbd50f1e86e84 - - default default] 10.0.0.125 "GET /v2.0/subnetpools?not-tags=red HTTP/1.1" status: 200 len: 1223 time: 0.0447788
2026-05-11 06:49:16.505 10 INFO neutron.wsgi [None req-2db70e9b-70c6-405e-b7f6-1977897bd8a8 9a836f7a2ca34cca976f0037ec06bf36 d17136c8a0a54527a3bfbd50f1e86e84 - - default default] 10.0.0.125 "GET /v2.0/subnetpools?not-tags=red%2Cblue HTTP/1.1" status: 200 len: 1730 time: 0.0380239
2026-05-11 06:49:16.539 9 WARNING neutron.scheduler.dhcp_agent_scheduler [None req-9474def0-06ae-49d5-b56c-7658280b764a 75f9b3cc4c8a41fcb1c7a57ea21b9e5e ed5fdc5af3ef4e31a1189475d9b036a4 - - - -] No more DHCP agents
2026-05-11 06:49:16.540 10 INFO neutron.wsgi [None req-0868c273-500e-4457-9e92-ec870932f716 9a836f7a2ca34cca976f0037ec06bf36 d17136c8a0a54527a3bfbd50f1e86e84 - - default default] 10.0.0.125 "GET /v2.0/subnetpools?not-tags-any=blue HTTP/1.1" status: 200 len: 1730 time: 0.0300472
2026-05-11 06:49:16.541 9 WARNING neutron.api.rpc.agentnotifiers.dhcp_rpc_agent_api [None req-9474def0-06ae-49d5-b56c-7658280b764a 75f9b3cc4c8a41fcb1c7a57ea21b9e5e ed5fdc5af3ef4e31a1189475d9b036a4 - - - -] Unable to schedule network de805347-c190-41d9-826f-1cd83431bd57: no agents available; will retry on subsequent port and subnet creation events.
2026-05-11 06:49:16.575 10 INFO neutron.wsgi [None req-fcf0bef5-d222-42e3-95d5-6a9270ef0e90 9a836f7a2ca34cca976f0037ec06bf36 d17136c8a0a54527a3bfbd50f1e86e84 - - default default] 10.0.0.125 "GET /v2.0/subnetpools?not-tags-any=red%2Cblue HTTP/1.1" status: 200 len: 1223 time: 0.0267191
2026-05-11 06:49:16.669 9 INFO neutron.wsgi [None req-e1be1093-7c02-4805-8c51-173ee7ac89b2 9a836f7a2ca34cca976f0037ec06bf36 d17136c8a0a54527a3bfbd50f1e86e84 - - - -] 10.0.0.125 "DELETE /v2.0/subnetpools/a6983ec4-c8ec-4ac1-9e57-b76e87b0e328 HTTP/1.1" status: 204 len: 168 time: 0.0857990
2026-05-11 06:49:16.701 10 WARNING neutron.scheduler.dhcp_agent_scheduler [None req-06027583-1b17-43a6-9537-a964a74d349e 765e6212b7224ac093e18952d7cf793d 107e0224604749db9f95c5ca109c983c - - - -] No more DHCP agents
2026-05-11 06:49:16.704 10 WARNING neutron.api.rpc.agentnotifiers.dhcp_rpc_agent_api [None req-06027583-1b17-43a6-9537-a964a74d349e 765e6212b7224ac093e18952d7cf793d 107e0224604749db9f95c5ca109c983c - - - -] Unable to schedule network 0a10a0d7-b040-4e55-a4f4-7073dd8a0e77: no agents available; will retry on subsequent port and subnet creation events.
2026-05-11 06:49:16.754 10 INFO neutron.wsgi [None req-f233742f-7801-44c5-aabc-59fedaf9a1b5 9a836f7a2ca34cca976f0037ec06bf36 d17136c8a0a54527a3bfbd50f1e86e84 - - - -] 10.0.0.125 "DELETE /v2.0/subnetpools/8c40512b-2bfa-4995-8a75-1f6d854e92e8 HTTP/1.1" status: 204 len: 168 time: 0.0752885
2026-05-11 06:49:16.834 9 INFO neutron.wsgi [None req-b207112c-2d85-4ba0-ae37-994edf5140b9 9a836f7a2ca34cca976f0037ec06bf36 d17136c8a0a54527a3bfbd50f1e86e84 - - - -] 10.0.0.125 "DELETE /v2.0/subnetpools/6f99b50b-ebae-4ddf-80fd-7a4260dc86fb HTTP/1.1" status: 204 len: 168 time: 0.0738888
2026-05-11 06:49:16.909 9 INFO neutron.wsgi [None req-1ca377a6-166b-4cb0-b522-3d20df1f895b 9a836f7a2ca34cca976f0037ec06bf36 d17136c8a0a54527a3bfbd50f1e86e84 - - - -] 10.0.0.125 "DELETE /v2.0/subnetpools/8f91fe9b-b521-410c-ad39-1f37807e7a02 HTTP/1.1" status: 204 len: 168 time: 0.0681975
2026-05-11 06:49:16.983 9 INFO neutron.wsgi [None req-f9db1da6-fb78-44d0-b473-6a5ac91cff93 9a836f7a2ca34cca976f0037ec06bf36 d17136c8a0a54527a3bfbd50f1e86e84 - - - -] 10.0.0.125 "DELETE /v2.0/subnetpools/f8e5ca24-3890-4483-b15c-51ea8db46969 HTTP/1.1" status: 204 len: 168 time: 0.0687780
2026-05-11 06:49:17.012 10 INFO neutron.db.ovn_revision_numbers_db [None req-06027583-1b17-43a6-9537-a964a74d349e 765e6212b7224ac093e18952d7cf793d 107e0224604749db9f95c5ca109c983c - - - -] Successfully bumped revision number for resource cf84be5c-715d-41a6-a85b-b028b6d5e762 (type: floatingips) to 0
2026-05-11 06:49:17.029 10 INFO neutron.wsgi [None req-06027583-1b17-43a6-9537-a964a74d349e 765e6212b7224ac093e18952d7cf793d 107e0224604749db9f95c5ca109c983c - - - -] 10.0.0.125 "POST /v2.0/floatingips HTTP/1.1" status: 201 len: 751 time: 0.7128131
2026-05-11 06:49:17.044 9 INFO neutron.db.ovn_revision_numbers_db [None req-9474def0-06ae-49d5-b56c-7658280b764a 75f9b3cc4c8a41fcb1c7a57ea21b9e5e ed5fdc5af3ef4e31a1189475d9b036a4 - - - -] Successfully bumped revision number for resource 367e8484-e523-41b2-b591-b4b14c3ca1d8 (type: ports) to 2
2026-05-11 06:49:17.063 9 INFO neutron.db.ovn_revision_numbers_db [None req-9474def0-06ae-49d5-b56c-7658280b764a 75f9b3cc4c8a41fcb1c7a57ea21b9e5e ed5fdc5af3ef4e31a1189475d9b036a4 - - - -] Successfully bumped revision number for resource 60f05753-22bc-458b-b26d-475d56675ea1 (type: subnets) to 0
2026-05-11 06:49:17.086 9 INFO neutron.wsgi [None req-9474def0-06ae-49d5-b56c-7658280b764a 75f9b3cc4c8a41fcb1c7a57ea21b9e5e ed5fdc5af3ef4e31a1189475d9b036a4 - - - -] 10.0.0.125 "POST /v2.0/subnets HTTP/1.1" status: 201 len: 801 time: 0.8609445
2026-05-11 06:49:17.271 9 WARNING neutron.scheduler.dhcp_agent_scheduler [None req-46864b3b-1376-4e42-ae0c-6a9024db263e 765e6212b7224ac093e18952d7cf793d 107e0224604749db9f95c5ca109c983c - - - -] No more DHCP agents
2026-05-11 06:49:17.273 9 WARNING neutron.api.rpc.agentnotifiers.dhcp_rpc_agent_api [None req-46864b3b-1376-4e42-ae0c-6a9024db263e 765e6212b7224ac093e18952d7cf793d 107e0224604749db9f95c5ca109c983c - - - -] Unable to schedule network 0a10a0d7-b040-4e55-a4f4-7073dd8a0e77: no agents available; will retry on subsequent port and subnet creation events.
2026-05-11 06:49:17.341 10 WARNING neutron.scheduler.dhcp_agent_scheduler [None req-203a299c-ea71-4dfd-bfa6-0fe9bae73365 75f9b3cc4c8a41fcb1c7a57ea21b9e5e ed5fdc5af3ef4e31a1189475d9b036a4 - - - -] No more DHCP agents
2026-05-11 06:49:17.343 10 WARNING neutron.api.rpc.agentnotifiers.dhcp_rpc_agent_api [None req-203a299c-ea71-4dfd-bfa6-0fe9bae73365 75f9b3cc4c8a41fcb1c7a57ea21b9e5e ed5fdc5af3ef4e31a1189475d9b036a4 - - - -] Unable to schedule network a47e3438-5719-4788-ba87-b828e5a1ec11: no agents available; will retry on subsequent port and subnet creation events.
2026-05-11 06:49:17.556 9 INFO neutron.db.ovn_revision_numbers_db [None req-46864b3b-1376-4e42-ae0c-6a9024db263e 765e6212b7224ac093e18952d7cf793d 107e0224604749db9f95c5ca109c983c - - - -] Successfully bumped revision number for resource 32f2d311-9ec5-4095-b516-f7c904f98bb9 (type: floatingips) to 0
2026-05-11 06:49:17.570 9 INFO neutron.wsgi [None req-46864b3b-1376-4e42-ae0c-6a9024db263e 765e6212b7224ac093e18952d7cf793d 107e0224604749db9f95c5ca109c983c - - - -] 10.0.0.125 "POST /v2.0/floatingips HTTP/1.1" status: 201 len: 751 time: 0.5361588
2026-05-11 06:49:17.833 10 INFO neutron.db.ovn_revision_numbers_db [None req-203a299c-ea71-4dfd-bfa6-0fe9bae73365 75f9b3cc4c8a41fcb1c7a57ea21b9e5e ed5fdc5af3ef4e31a1189475d9b036a4 - - - -] Successfully bumped revision number for resource 1b53b41b-fb83-4013-b8a3-fc0c46cc56e3 (type: ports) to 2
2026-05-11 06:49:17.848 10 INFO neutron.db.ovn_revision_numbers_db [None req-203a299c-ea71-4dfd-bfa6-0fe9bae73365 75f9b3cc4c8a41fcb1c7a57ea21b9e5e ed5fdc5af3ef4e31a1189475d9b036a4 - - - -] Successfully bumped revision number for resource be1affe6-1621-41c6-8dc9-1ac29c78c553 (type: subnets) to 0
2026-05-11 06:49:17.866 10 INFO neutron.wsgi [None req-203a299c-ea71-4dfd-bfa6-0fe9bae73365 75f9b3cc4c8a41fcb1c7a57ea21b9e5e ed5fdc5af3ef4e31a1189475d9b036a4 - - - -] 10.0.0.125 "POST /v2.0/subnets HTTP/1.1" status: 201 len: 801 time: 0.7721784
2026-05-11 06:49:17.881 9 WARNING neutron.scheduler.dhcp_agent_scheduler [None req-a0fc2934-6431-49ea-800b-1ea7750c0efb 765e6212b7224ac093e18952d7cf793d 107e0224604749db9f95c5ca109c983c - - - -] No more DHCP agents
2026-05-11 06:49:17.884 9 WARNING neutron.api.rpc.agentnotifiers.dhcp_rpc_agent_api [None req-a0fc2934-6431-49ea-800b-1ea7750c0efb 765e6212b7224ac093e18952d7cf793d 107e0224604749db9f95c5ca109c983c - - - -] Unable to schedule network 0a10a0d7-b040-4e55-a4f4-7073dd8a0e77: no agents available; will retry on subsequent port and subnet creation events.
2026-05-11 06:49:18.049 10 INFO neutron.db.ovn_revision_numbers_db [None req-2d820ef0-55f2-4a22-b766-2de425f1b109 75f9b3cc4c8a41fcb1c7a57ea21b9e5e ed5fdc5af3ef4e31a1189475d9b036a4 - - - -] Successfully bumped revision number for resource 04cea0b9-b77d-4691-add6-09e44e093d1d (type: routers) to 1
2026-05-11 06:49:18.064 10 INFO neutron.wsgi [None req-2d820ef0-55f2-4a22-b766-2de425f1b109 75f9b3cc4c8a41fcb1c7a57ea21b9e5e ed5fdc5af3ef4e31a1189475d9b036a4 - - - -] 10.0.0.125 "POST /v2.0/routers HTTP/1.1" status: 201 len: 686 time: 0.1926599
2026-05-11 06:49:18.198 9 INFO neutron.db.ovn_revision_numbers_db [None req-39237171-f0b3-43a4-ba0a-d58a4752206a 2956132494344d6e9c24a0d374df1bea d93b79dfa41e4723ab3bc9256dd61450 - - default default] Successfully bumped revision number for resource c6571760-52b6-4856-aaf8-b3be3e74875b (type: security_groups) to 1
2026-05-11 06:49:18.234 9 INFO neutron.wsgi [None req-39237171-f0b3-43a4-ba0a-d58a4752206a 2956132494344d6e9c24a0d374df1bea d93b79dfa41e4723ab3bc9256dd61450 - - default default] 10.0.0.125 "GET /v2.0/security-groups?tenant_id=d17136c8a0a54527a3bfbd50f1e86e84&name=default HTTP/1.1" status: 200 len: 2996 time: 0.3727877
2026-05-11 06:49:18.245 9 INFO neutron.db.ovn_revision_numbers_db [None req-a0fc2934-6431-49ea-800b-1ea7750c0efb 765e6212b7224ac093e18952d7cf793d 107e0224604749db9f95c5ca109c983c - - - -] Successfully bumped revision number for resource 31615fd2-b2b3-49f4-aec2-095faa329e4e (type: floatingips) to 0
2026-05-11 06:49:18.260 9 INFO neutron.wsgi [None req-a0fc2934-6431-49ea-800b-1ea7750c0efb 765e6212b7224ac093e18952d7cf793d 107e0224604749db9f95c5ca109c983c - - - -] 10.0.0.125 "POST /v2.0/floatingips HTTP/1.1" status: 201 len: 751 time: 0.6839068
2026-05-11 06:49:18.319 9 INFO neutron.wsgi [None req-b4471fef-310f-473e-acdd-3ce0ed4b9016 765e6212b7224ac093e18952d7cf793d 107e0224604749db9f95c5ca109c983c - - - -] 10.0.0.125 "PUT /v2.0/floatingips/95c7c7e6-c3ce-4401-9f58-f6e22c8348f1/tags HTTP/1.1" status: 200 len: 210 time: 0.0526607
2026-05-11 06:49:18.357 9 INFO neutron.wsgi [None req-42409e32-8b1e-4f45-a8a1-d2d7882f56e5 765e6212b7224ac093e18952d7cf793d 107e0224604749db9f95c5ca109c983c - - - -] 10.0.0.125 "PUT /v2.0/floatingips/043e834d-a226-4782-a347-2c498923b4cc/tags HTTP/1.1" status: 200 len: 218 time: 0.0334935
2026-05-11 06:49:18.402 9 INFO neutron.wsgi [None req-3f4a22b1-c042-484d-b0eb-4b50c8ebc17c 765e6212b7224ac093e18952d7cf793d 107e0224604749db9f95c5ca109c983c - - - -] 10.0.0.125 "PUT /v2.0/floatingips/cf84be5c-715d-41a6-a85b-b028b6d5e762/tags HTTP/1.1" status: 200 len: 227 time: 0.0380220
2026-05-11 06:49:18.439 9 INFO neutron.wsgi [None req-b157923d-e7a7-43ce-869b-388333237187 765e6212b7224ac093e18952d7cf793d 107e0224604749db9f95c5ca109c983c - - - -] 10.0.0.125 "PUT /v2.0/floatingips/32f2d311-9ec5-4095-b516-f7c904f98bb9/tags HTTP/1.1" status: 200 len: 212 time: 0.0321224
2026-05-11 06:49:18.497 10 INFO neutron.wsgi [None req-997cb5b0-370c-4648-9a6f-bf29f91dc558 765e6212b7224ac093e18952d7cf793d 107e0224604749db9f95c5ca109c983c - - default default] 10.0.0.125 "GET /v2.0/floatingips?tags=red HTTP/1.1" status: 200 len: 1866 time: 0.0517504
2026-05-11 06:49:18.893 10 INFO neutron.wsgi [None req-0733523b-0f38-48c9-93a5-c40f846b8efe 765e6212b7224ac093e18952d7cf793d 107e0224604749db9f95c5ca109c983c - - default default] 10.0.0.125 "GET /v2.0/floatingips?tags=red%2Cblue HTTP/1.1" status: 200 len: 1323 time: 0.3897324
2026-05-11 06:49:18.900 10 INFO neutron.wsgi [None req-f83b077b-daa5-43a0-86e9-754cfd13de8c 2956132494344d6e9c24a0d374df1bea d93b79dfa41e4723ab3bc9256dd61450 - - - -] 10.0.0.125 "DELETE /v2.0/security-groups/c6571760-52b6-4856-aaf8-b3be3e74875b HTTP/1.1" status: 204 len: 168 time: 0.6598384
2026-05-11 06:49:18.906 10 WARNING neutron.scheduler.dhcp_agent_scheduler [None req-ad937e63-60d8-42ca-96db-b4445b22bba0 75f9b3cc4c8a41fcb1c7a57ea21b9e5e ed5fdc5af3ef4e31a1189475d9b036a4 - - default default] No more DHCP agents
2026-05-11 06:49:18.907 10 WARNING neutron.api.rpc.agentnotifiers.dhcp_rpc_agent_api [None req-ad937e63-60d8-42ca-96db-b4445b22bba0 75f9b3cc4c8a41fcb1c7a57ea21b9e5e ed5fdc5af3ef4e31a1189475d9b036a4 - - default default] Unable to schedule network de805347-c190-41d9-826f-1cd83431bd57: no agents available; will retry on subsequent port and subnet creation events.
2026-05-11 06:49:19.055 10 INFO neutron.db.ovn_revision_numbers_db [None req-ad937e63-60d8-42ca-96db-b4445b22bba0 75f9b3cc4c8a41fcb1c7a57ea21b9e5e ed5fdc5af3ef4e31a1189475d9b036a4 - - default default] Successfully bumped revision number for resource 5911b2ca-2765-478e-92e8-d94d231ec72b (type: ports) to 1
2026-05-11 06:49:19.157 10 INFO neutron.db.ovn_revision_numbers_db [None req-e22efb4f-baa9-43e7-a7d4-8e3adea373ed 2956132494344d6e9c24a0d374df1bea d93b79dfa41e4723ab3bc9256dd61450 - - default default] Successfully bumped revision number for resource ea8247f4-cb4a-4a76-b265-47542a012447 (type: security_groups) to 1
2026-05-11 06:49:19.187 10 INFO neutron.wsgi [None req-e22efb4f-baa9-43e7-a7d4-8e3adea373ed 2956132494344d6e9c24a0d374df1bea d93b79dfa41e4723ab3bc9256dd61450 - - default default] 10.0.0.125 "GET /v2.0/security-groups?tenant_id=d3fe0fe802e9405a807a9a70eaac1acf&name=default HTTP/1.1" status: 200 len: 2996 time: 0.1717670
2026-05-11 06:49:19.324 9 INFO neutron.wsgi [None req-e95b3bc3-29e1-44ac-b7d9-4a68629112a8 765e6212b7224ac093e18952d7cf793d 107e0224604749db9f95c5ca109c983c - - default default] 10.0.0.125 "GET /v2.0/floatingips?tags-any=blue HTTP/1.1" status: 200 len: 1323 time: 0.4225729
2026-05-11 06:49:19.386 10 INFO neutron.wsgi [None req-7a8595a4-6fef-43d6-88f8-78e8000b9be4 765e6212b7224ac093e18952d7cf793d 107e0224604749db9f95c5ca109c983c - - default default] 10.0.0.125 "GET /v2.0/floatingips?tags-any=red%2Cblue HTTP/1.1" status: 200 len: 1866 time: 0.0569870
2026-05-11 06:49:19.437 9 INFO neutron.wsgi [None req-5d45a3ec-9b3d-4623-8f55-9f631e088c37 765e6212b7224ac093e18952d7cf793d 107e0224604749db9f95c5ca109c983c - - default default] 10.0.0.125 "GET /v2.0/floatingips?not-tags=red HTTP/1.1" status: 200 len: 1295 time: 0.0470939
