2026-05-11 06:49:46.277 10 INFO neutron.wsgi [None req-e2edeee6-f784-4307-a885-4ea362101375 f6e15405af004ea08cbf98552ff63c00 012d1e1f1c0c49359cd01fe68bcac15b - - default default] 10.0.0.125 "GET /v2.0/floatingips/5a172618-90c2-40cc-8c0e-ec73b94b9fcd/tags HTTP/1.1" status: 200 len: 218 time: 0.0288007
2026-05-11 06:49:46.326 9 INFO neutron.wsgi [None req-080eac7a-2e72-4106-aebb-e74889ef2c10 f6e15405af004ea08cbf98552ff63c00 012d1e1f1c0c49359cd01fe68bcac15b - - - -] 10.0.0.125 "PUT /v2.0/floatingips/5a172618-90c2-40cc-8c0e-ec73b94b9fcd/tags/green HTTP/1.1" status: 201 len: 201 time: 0.0421743
2026-05-11 06:49:46.365 9 INFO neutron.wsgi [None req-5104d033-a6bb-4153-8a49-8e91b7d93e16 f6e15405af004ea08cbf98552ff63c00 012d1e1f1c0c49359cd01fe68bcac15b - - default default] 10.0.0.125 "GET /v2.0/floatingips/5a172618-90c2-40cc-8c0e-ec73b94b9fcd/tags HTTP/1.1" status: 200 len: 227 time: 0.0336206
2026-05-11 06:49:46.406 9 INFO neutron.wsgi [None req-78509cc5-5ec8-4db0-8aaa-ed0cd9e472bf f6e15405af004ea08cbf98552ff63c00 012d1e1f1c0c49359cd01fe68bcac15b - - - -] 10.0.0.125 "PUT /v2.0/floatingips/5a172618-90c2-40cc-8c0e-ec73b94b9fcd/tags/red HTTP/1.1" status: 201 len: 201 time: 0.0351367
2026-05-11 06:49:46.438 9 INFO neutron.wsgi [None req-119050f5-7855-4cd0-9cb7-3f074a82771e f6e15405af004ea08cbf98552ff63c00 012d1e1f1c0c49359cd01fe68bcac15b - - default default] 10.0.0.125 "GET /v2.0/floatingips/5a172618-90c2-40cc-8c0e-ec73b94b9fcd/tags HTTP/1.1" status: 200 len: 227 time: 0.0269217
2026-05-11 06:49:46.512 9 INFO neutron.wsgi [None req-94187d42-fbfe-4634-8093-da950169ba50 f6e15405af004ea08cbf98552ff63c00 012d1e1f1c0c49359cd01fe68bcac15b - - - -] 10.0.0.125 "PUT /v2.0/floatingips/5a172618-90c2-40cc-8c0e-ec73b94b9fcd/tags/black.or.white HTTP/1.1" status: 201 len: 201 time: 0.0681496
2026-05-11 06:49:46.548 9 INFO neutron.wsgi [None req-552f82f3-770b-4fc4-9be7-9e9354ce87a8 f6e15405af004ea08cbf98552ff63c00 012d1e1f1c0c49359cd01fe68bcac15b - - default default] 10.0.0.125 "GET /v2.0/floatingips/5a172618-90c2-40cc-8c0e-ec73b94b9fcd/tags HTTP/1.1" status: 200 len: 245 time: 0.0308971
2026-05-11 06:49:46.592 9 INFO neutron.wsgi [None req-41629ba3-f8ba-4376-b8ce-beb22485b77e f6e15405af004ea08cbf98552ff63c00 012d1e1f1c0c49359cd01fe68bcac15b - - - -] 10.0.0.125 "PUT /v2.0/floatingips/5a172618-90c2-40cc-8c0e-ec73b94b9fcd/tags HTTP/1.1" status: 200 len: 230 time: 0.0386641
2026-05-11 06:49:46.632 9 INFO neutron.wsgi [None req-cb66e44f-1069-42e5-91b1-02da145c4c7d f6e15405af004ea08cbf98552ff63c00 012d1e1f1c0c49359cd01fe68bcac15b - - default default] 10.0.0.125 "GET /v2.0/floatingips/5a172618-90c2-40cc-8c0e-ec73b94b9fcd/tags HTTP/1.1" status: 200 len: 230 time: 0.0347559
2026-05-11 06:49:46.668 9 INFO neutron.wsgi [None req-943972f8-b649-4528-a13d-943aaae912a5 f6e15405af004ea08cbf98552ff63c00 012d1e1f1c0c49359cd01fe68bcac15b - - default default] 10.0.0.125 "GET /v2.0/floatingips/5a172618-90c2-40cc-8c0e-ec73b94b9fcd/tags/red HTTP/1.1" status: 204 len: 168 time: 0.0298734
2026-05-11 06:49:46.672 10 INFO neutron.wsgi [None req-d98ef508-ad54-4c04-a8d8-d51c5525771c 75f9b3cc4c8a41fcb1c7a57ea21b9e5e ed5fdc5af3ef4e31a1189475d9b036a4 - - - -] 10.0.0.125 "DELETE /v2.0/routers/f90e9ed4-01c4-4fe6-b511-62520dbe0b2d HTTP/1.1" status: 204 len: 168 time: 0.6754313
2026-05-11 06:49:46.701 10 INFO neutron.wsgi [None req-ca0f1e00-150c-499d-9e71-2fa380b0a9d5 75f9b3cc4c8a41fcb1c7a57ea21b9e5e ed5fdc5af3ef4e31a1189475d9b036a4 - - default default] 10.0.0.125 "GET /v2.0/ports?device_id=f90e9ed4-01c4-4fe6-b511-62520dbe0b2d HTTP/1.1" status: 200 len: 205 time: 0.0217674
2026-05-11 06:49:46.705 9 INFO neutron.api.v2.resource [None req-cf35ce89-ba26-4dfe-816d-199ed5aef053 f6e15405af004ea08cbf98552ff63c00 012d1e1f1c0c49359cd01fe68bcac15b - - default default] show failed (client error): The resource could not be found.
2026-05-11 06:49:46.706 9 INFO neutron.wsgi [None req-cf35ce89-ba26-4dfe-816d-199ed5aef053 f6e15405af004ea08cbf98552ff63c00 012d1e1f1c0c49359cd01fe68bcac15b - - default default] 10.0.0.125 "GET /v2.0/floatingips/5a172618-90c2-40cc-8c0e-ec73b94b9fcd/tags/green HTTP/1.1" status: 404 len: 299 time: 0.0318663
2026-05-11 06:49:46.732 10 INFO neutron.api.v2.resource [None req-576afbf0-7930-4e6b-bbb4-215dbada1d09 75f9b3cc4c8a41fcb1c7a57ea21b9e5e ed5fdc5af3ef4e31a1189475d9b036a4 - - - -] delete failed (client error): The resource could not be found.
2026-05-11 06:49:46.734 10 INFO neutron.wsgi [None req-576afbf0-7930-4e6b-bbb4-215dbada1d09 75f9b3cc4c8a41fcb1c7a57ea21b9e5e ed5fdc5af3ef4e31a1189475d9b036a4 - - - -] 10.0.0.125 "DELETE /v2.0/routers/f90e9ed4-01c4-4fe6-b511-62520dbe0b2d HTTP/1.1" status: 404 len: 336 time: 0.0267296
2026-05-11 06:49:46.750 9 INFO neutron.wsgi [None req-b0e86e3a-2f6e-4e30-8efe-96f182cbf8e0 f6e15405af004ea08cbf98552ff63c00 012d1e1f1c0c49359cd01fe68bcac15b - - - -] 10.0.0.125 "DELETE /v2.0/floatingips/5a172618-90c2-40cc-8c0e-ec73b94b9fcd/tags/red HTTP/1.1" status: 204 len: 168 time: 0.0393615
2026-05-11 06:49:46.760 10 INFO neutron.wsgi [None req-a8f0e53c-17d4-4764-bd6f-21caa791f993 75f9b3cc4c8a41fcb1c7a57ea21b9e5e ed5fdc5af3ef4e31a1189475d9b036a4 - - default default] 10.0.0.125 "GET /v2.0/ports?device_id=29e8a91b-52fa-4134-8124-9a1072f241ec HTTP/1.1" status: 200 len: 205 time: 0.0219860
2026-05-11 06:49:46.781 9 INFO neutron.wsgi [None req-b0b9eca7-a955-4cc1-8473-98207f2ea676 f6e15405af004ea08cbf98552ff63c00 012d1e1f1c0c49359cd01fe68bcac15b - - default default] 10.0.0.125 "GET /v2.0/floatingips/5a172618-90c2-40cc-8c0e-ec73b94b9fcd/tags HTTP/1.1" status: 200 len: 223 time: 0.0262735
2026-05-11 06:49:46.789 10 INFO neutron.api.v2.resource [None req-83368742-c81e-48e2-92dd-39b12f3243c9 75f9b3cc4c8a41fcb1c7a57ea21b9e5e ed5fdc5af3ef4e31a1189475d9b036a4 - - - -] delete failed (client error): The resource could not be found.
2026-05-11 06:49:46.790 10 INFO neutron.wsgi [None req-83368742-c81e-48e2-92dd-39b12f3243c9 75f9b3cc4c8a41fcb1c7a57ea21b9e5e ed5fdc5af3ef4e31a1189475d9b036a4 - - - -] 10.0.0.125 "DELETE /v2.0/routers/29e8a91b-52fa-4134-8124-9a1072f241ec HTTP/1.1" status: 404 len: 336 time: 0.0260105
2026-05-11 06:49:46.811 10 INFO neutron.pecan_wsgi.hooks.translation [None req-342458b2-4f02-4354-8339-311a42c0bb31 75f9b3cc4c8a41fcb1c7a57ea21b9e5e ed5fdc5af3ef4e31a1189475d9b036a4 - - - -] DELETE failed (client error): The resource could not be found.
2026-05-11 06:49:46.813 10 INFO neutron.wsgi [None req-342458b2-4f02-4354-8339-311a42c0bb31 75f9b3cc4c8a41fcb1c7a57ea21b9e5e ed5fdc5af3ef4e31a1189475d9b036a4 - - - -] 10.0.0.125 "DELETE /v2.0/subnets/38d73ec9-b893-4ae0-b723-76cac5d3028a HTTP/1.1" status: 404 len: 337 time: 0.0177503
2026-05-11 06:49:46.819 9 INFO neutron.api.v2.resource [None req-6552613d-0132-46e0-99c4-f57d46d047f8 f6e15405af004ea08cbf98552ff63c00 012d1e1f1c0c49359cd01fe68bcac15b - - - -] delete failed (client error): The resource could not be found.
2026-05-11 06:49:46.821 9 INFO neutron.wsgi [None req-6552613d-0132-46e0-99c4-f57d46d047f8 f6e15405af004ea08cbf98552ff63c00 012d1e1f1c0c49359cd01fe68bcac15b - - - -] 10.0.0.125 "DELETE /v2.0/floatingips/5a172618-90c2-40cc-8c0e-ec73b94b9fcd/tags/green HTTP/1.1" status: 404 len: 299 time: 0.0353467
2026-05-11 06:49:46.840 10 INFO neutron.wsgi [None req-e3e3563c-2a5e-4012-85b4-63d4ef2668a5 75f9b3cc4c8a41fcb1c7a57ea21b9e5e ed5fdc5af3ef4e31a1189475d9b036a4 - - default default] 10.0.0.125 "GET /v2.0/ports?device_id=cfb8b74d-1576-4004-8823-0170b696464d HTTP/1.1" status: 200 len: 205 time: 0.0234191
2026-05-11 06:49:46.868 10 INFO neutron.wsgi [None req-a86e9b4f-8e77-4173-a75e-fa43dd835c9a f6e15405af004ea08cbf98552ff63c00 012d1e1f1c0c49359cd01fe68bcac15b - - - -] 10.0.0.125 "DELETE /v2.0/floatingips/5a172618-90c2-40cc-8c0e-ec73b94b9fcd/tags HTTP/1.1" status: 204 len: 168 time: 0.0429747
2026-05-11 06:49:46.875 9 INFO neutron.api.v2.resource [None req-bd6dd59b-be93-4c4c-bf80-30f6f57fe018 75f9b3cc4c8a41fcb1c7a57ea21b9e5e ed5fdc5af3ef4e31a1189475d9b036a4 - - - -] delete failed (client error): The resource could not be found.
2026-05-11 06:49:46.876 9 INFO neutron.wsgi [None req-bd6dd59b-be93-4c4c-bf80-30f6f57fe018 75f9b3cc4c8a41fcb1c7a57ea21b9e5e ed5fdc5af3ef4e31a1189475d9b036a4 - - - -] 10.0.0.125 "DELETE /v2.0/routers/cfb8b74d-1576-4004-8823-0170b696464d HTTP/1.1" status: 404 len: 336 time: 0.0314190
2026-05-11 06:49:46.912 10 INFO neutron.wsgi [None req-21455e76-49ad-4ffa-b02a-2a5a5065f01f f6e15405af004ea08cbf98552ff63c00 012d1e1f1c0c49359cd01fe68bcac15b - - default default] 10.0.0.125 "GET /v2.0/floatingips/5a172618-90c2-40cc-8c0e-ec73b94b9fcd/tags HTTP/1.1" status: 200 len: 205 time: 0.0392091
2026-05-11 06:49:46.913 10 INFO neutron.pecan_wsgi.hooks.translation [None req-7e8922ec-a81a-4e25-879a-6b0ee2136a5e 75f9b3cc4c8a41fcb1c7a57ea21b9e5e ed5fdc5af3ef4e31a1189475d9b036a4 - - - -] DELETE failed (client error): The resource could not be found.
2026-05-11 06:49:46.914 10 INFO neutron.wsgi [None req-7e8922ec-a81a-4e25-879a-6b0ee2136a5e 75f9b3cc4c8a41fcb1c7a57ea21b9e5e ed5fdc5af3ef4e31a1189475d9b036a4 - - - -] 10.0.0.125 "DELETE /v2.0/subnets/c23c191f-8171-4baf-bb79-ca3e5a4341ac HTTP/1.1" status: 404 len: 337 time: 0.0341995
2026-05-11 06:49:46.949 9 INFO neutron.wsgi [None req-e1f63bb5-ddea-4c97-8138-f0fa5dc81ae1 75f9b3cc4c8a41fcb1c7a57ea21b9e5e ed5fdc5af3ef4e31a1189475d9b036a4 - - default default] 10.0.0.125 "GET /v2.0/ports?device_id=04cea0b9-b77d-4691-add6-09e44e093d1d HTTP/1.1" status: 200 len: 205 time: 0.0272143
2026-05-11 06:49:46.980 9 INFO neutron.api.v2.resource [None req-7043de75-4906-45e9-8d62-a2269256717f 75f9b3cc4c8a41fcb1c7a57ea21b9e5e ed5fdc5af3ef4e31a1189475d9b036a4 - - - -] delete failed (client error): The resource could not be found.
2026-05-11 06:49:46.981 9 INFO neutron.wsgi [None req-7043de75-4906-45e9-8d62-a2269256717f 75f9b3cc4c8a41fcb1c7a57ea21b9e5e ed5fdc5af3ef4e31a1189475d9b036a4 - - - -] 10.0.0.125 "DELETE /v2.0/routers/04cea0b9-b77d-4691-add6-09e44e093d1d HTTP/1.1" status: 404 len: 336 time: 0.0278354
2026-05-11 06:49:47.001 9 INFO neutron.pecan_wsgi.hooks.translation [None req-62ea0e66-48ca-4f02-b97d-92c0203d0c54 75f9b3cc4c8a41fcb1c7a57ea21b9e5e ed5fdc5af3ef4e31a1189475d9b036a4 - - - -] DELETE failed (client error): The resource could not be found.
2026-05-11 06:49:47.003 9 INFO neutron.wsgi [None req-62ea0e66-48ca-4f02-b97d-92c0203d0c54 75f9b3cc4c8a41fcb1c7a57ea21b9e5e ed5fdc5af3ef4e31a1189475d9b036a4 - - - -] 10.0.0.125 "DELETE /v2.0/subnets/be1affe6-1621-41c6-8dc9-1ac29c78c553 HTTP/1.1" status: 404 len: 337 time: 0.0172842
2026-05-11 06:49:47.023 9 INFO neutron.pecan_wsgi.hooks.translation [None req-c6e1517d-08dd-4c67-a66f-5033c503e7fa 75f9b3cc4c8a41fcb1c7a57ea21b9e5e ed5fdc5af3ef4e31a1189475d9b036a4 - - - -] DELETE failed (client error): The resource could not be found.
2026-05-11 06:49:47.025 9 INFO neutron.wsgi [None req-c6e1517d-08dd-4c67-a66f-5033c503e7fa 75f9b3cc4c8a41fcb1c7a57ea21b9e5e ed5fdc5af3ef4e31a1189475d9b036a4 - - - -] 10.0.0.125 "DELETE /v2.0/subnets/60f05753-22bc-458b-b26d-475d56675ea1 HTTP/1.1" status: 404 len: 337 time: 0.0174084
2026-05-11 06:49:47.298 10 INFO neutron.wsgi [None req-a11bc2ad-5af0-4d3e-8913-3fc87c18ad79 f6e15405af004ea08cbf98552ff63c00 012d1e1f1c0c49359cd01fe68bcac15b - - - -] 10.0.0.125 "DELETE /v2.0/floatingips/5a172618-90c2-40cc-8c0e-ec73b94b9fcd HTTP/1.1" status: 204 len: 168 time: 0.3795955
2026-05-11 06:49:47.769 10 INFO neutron.wsgi [None req-06b68daa-e463-4103-9596-695b6c5aa7b8 2956132494344d6e9c24a0d374df1bea d93b79dfa41e4723ab3bc9256dd61450 - - default default] 10.0.0.125 "GET /v2.0/security-groups?tenant_id=ed5fdc5af3ef4e31a1189475d9b036a4&name=default HTTP/1.1" status: 200 len: 2996 time: 0.2417769
2026-05-11 06:49:47.954 10 INFO neutron.wsgi [None req-96c3e523-91b6-44c3-af25-f1391da22f9b 2956132494344d6e9c24a0d374df1bea d93b79dfa41e4723ab3bc9256dd61450 - - - -] 10.0.0.125 "DELETE /v2.0/security-groups/90d53d0c-e24d-46a8-bb9c-04727236e1cd HTTP/1.1" status: 204 len: 168 time: 0.1767559
2026-05-11 06:49:48.351 10 INFO neutron.db.ovn_revision_numbers_db [None req-e1f29bda-aba0-4cd6-a0ca-80f5d0426d69 2956132494344d6e9c24a0d374df1bea d93b79dfa41e4723ab3bc9256dd61450 - - default default] Successfully bumped revision number for resource c5189865-6973-4bcf-98f2-24c82ee8bc57 (type: security_groups) to 1
2026-05-11 06:49:48.371 10 INFO neutron.wsgi [None req-e1f29bda-aba0-4cd6-a0ca-80f5d0426d69 2956132494344d6e9c24a0d374df1bea d93b79dfa41e4723ab3bc9256dd61450 - - default default] 10.0.0.125 "GET /v2.0/security-groups?tenant_id=012d1e1f1c0c49359cd01fe68bcac15b&name=default HTTP/1.1" status: 200 len: 2996 time: 0.3958158
2026-05-11 06:49:48.587 10 INFO neutron.wsgi [None req-fd8c9910-52a3-44e7-bb7a-6bae7a62f1eb 2956132494344d6e9c24a0d374df1bea d93b79dfa41e4723ab3bc9256dd61450 - - - -] 10.0.0.125 "DELETE /v2.0/security-groups/c5189865-6973-4bcf-98f2-24c82ee8bc57 HTTP/1.1" status: 204 len: 168 time: 0.2056148
2026-05-11 06:49:48.789 9 INFO neutron.db.ovn_revision_numbers_db [None req-d052947d-fa05-4133-ab1c-e67a76ddc6c6 2956132494344d6e9c24a0d374df1bea d93b79dfa41e4723ab3bc9256dd61450 - - default default] Successfully bumped revision number for resource 977012e1-a7a7-4eab-a671-d9240b2ec5f4 (type: security_groups) to 1
2026-05-11 06:49:48.816 9 INFO neutron.wsgi [None req-d052947d-fa05-4133-ab1c-e67a76ddc6c6 2956132494344d6e9c24a0d374df1bea d93b79dfa41e4723ab3bc9256dd61450 - - default default] 10.0.0.125 "GET /v2.0/security-groups?tenant_id=6663bf07d0d446e6a40b522b9fd24a4f&name=default HTTP/1.1" status: 200 len: 2996 time: 0.1243358
2026-05-11 06:49:48.979 10 INFO neutron.wsgi [None req-cfab6195-1fc7-49d4-b454-b12bc1b316f7 2956132494344d6e9c24a0d374df1bea d93b79dfa41e4723ab3bc9256dd61450 - - - -] 10.0.0.125 "DELETE /v2.0/security-groups/977012e1-a7a7-4eab-a671-d9240b2ec5f4 HTTP/1.1" status: 204 len: 168 time: 0.1570795
2026-05-11 06:49:50.158 9 INFO neutron.db.ovn_revision_numbers_db [None req-cad5fe8c-e79c-4d34-b4e8-e8faabfc09bc 3d38d7548a0044459aeeca2f2b5203e6 cfff85cda8744a6eb554028226b93152 - - - -] Successfully bumped revision number for resource 7a5a60d6-a785-424c-a5d2-a45101130d9b (type: security_groups) to 1
2026-05-11 06:49:50.238 9 INFO neutron.db.ovn_revision_numbers_db [None req-cad5fe8c-e79c-4d34-b4e8-e8faabfc09bc 3d38d7548a0044459aeeca2f2b5203e6 cfff85cda8744a6eb554028226b93152 - - - -] Successfully bumped revision number for resource 94cda5cd-dedd-4dc6-a371-15b24d9480cb (type: security_groups) to 1
2026-05-11 06:49:50.259 9 INFO neutron.wsgi [None req-cad5fe8c-e79c-4d34-b4e8-e8faabfc09bc 3d38d7548a0044459aeeca2f2b5203e6 cfff85cda8744a6eb554028226b93152 - - - -] 10.0.0.125 "POST /v2.0/security-groups HTTP/1.1" status: 201 len: 1763 time: 0.4495859
2026-05-11 06:49:50.338 9 INFO neutron.wsgi [None req-1b160d35-7866-4355-8809-3b61272e0dad 3d38d7548a0044459aeeca2f2b5203e6 cfff85cda8744a6eb554028226b93152 - - default default] 10.0.0.125 "GET /v2.0/security-groups HTTP/1.1" status: 200 len: 4545 time: 0.0684638
2026-05-11 06:49:50.442 9 INFO neutron.db.ovn_revision_numbers_db [None req-f71e9a5c-f3a8-4e74-892b-f79466debe75 3d38d7548a0044459aeeca2f2b5203e6 cfff85cda8744a6eb554028226b93152 - - - -] Successfully bumped revision number for resource 94cda5cd-dedd-4dc6-a371-15b24d9480cb (type: security_groups) to 2
2026-05-11 06:49:50.446 9 INFO neutron.wsgi [None req-f71e9a5c-f3a8-4e74-892b-f79466debe75 3d38d7548a0044459aeeca2f2b5203e6 cfff85cda8744a6eb554028226b93152 - - - -] 10.0.0.125 "PUT /v2.0/security-groups/94cda5cd-dedd-4dc6-a371-15b24d9480cb HTTP/1.1" status: 200 len: 1794 time: 0.1031728
2026-05-11 06:49:50.489 9 INFO neutron.wsgi [None req-8566fab3-8fa3-4fc1-8639-98056f6a548e 3d38d7548a0044459aeeca2f2b5203e6 cfff85cda8744a6eb554028226b93152 - - default default] 10.0.0.125 "GET /v2.0/security-groups/94cda5cd-dedd-4dc6-a371-15b24d9480cb HTTP/1.1" status: 200 len: 1794 time: 0.0345576
2026-05-11 06:49:50.590 9 INFO neutron.wsgi [None req-80a2320e-0c66-4c5f-8593-f739ef129242 3d38d7548a0044459aeeca2f2b5203e6 cfff85cda8744a6eb554028226b93152 - - - -] 10.0.0.125 "DELETE /v2.0/security-groups/94cda5cd-dedd-4dc6-a371-15b24d9480cb HTTP/1.1" status: 204 len: 168 time: 0.0950015
2026-05-11 06:49:50.640 10 INFO neutron.wsgi [None req-d997c4ef-4474-4d0a-b2b9-18f99a7cd625 3d38d7548a0044459aeeca2f2b5203e6 cfff85cda8744a6eb554028226b93152 - - default default] 10.0.0.125 "GET /v2.0/security-groups HTTP/1.1" status: 200 len: 3000 time: 0.0452728
2026-05-11 06:49:50.666 10 INFO neutron.api.v2.resource [None req-4b5cb633-e2f5-4089-b6a3-3a3bdab538fb 3d38d7548a0044459aeeca2f2b5203e6 cfff85cda8744a6eb554028226b93152 - - - -] delete failed (client error): The resource could not be found.
2026-05-11 06:49:50.668 10 INFO neutron.wsgi [None req-4b5cb633-e2f5-4089-b6a3-3a3bdab538fb 3d38d7548a0044459aeeca2f2b5203e6 cfff85cda8744a6eb554028226b93152 - - - -] 10.0.0.125 "DELETE /v2.0/security-groups/94cda5cd-dedd-4dc6-a371-15b24d9480cb HTTP/1.1" status: 404 len: 347 time: 0.0172651
2026-05-11 06:49:50.781 9 INFO neutron.db.ovn_revision_numbers_db [None req-2f520f7e-847d-46df-a746-a01253d63a34 3d38d7548a0044459aeeca2f2b5203e6 cfff85cda8744a6eb554028226b93152 - - - -] Successfully bumped revision number for resource 517e1c44-1bed-4ed4-bdd6-8bc7b06ea127 (type: security_groups) to 1
2026-05-11 06:49:50.805 9 INFO neutron.wsgi [None req-2f520f7e-847d-46df-a746-a01253d63a34 3d38d7548a0044459aeeca2f2b5203e6 cfff85cda8744a6eb554028226b93152 - - - -] 10.0.0.125 "POST /v2.0/security-groups HTTP/1.1" status: 201 len: 1763 time: 0.1257346
2026-05-11 06:49:50.949 9 INFO neutron.db.ovn_revision_numbers_db [None req-ffa1efe8-5940-4309-a809-97dc7fa06b76 3d38d7548a0044459aeeca2f2b5203e6 cfff85cda8744a6eb554028226b93152 - - - -] Successfully bumped revision number for resource a4ffe5e1-b78f-49ed-b2cc-cab4fa33d9be (type: security_group_rules) to 0
2026-05-11 06:49:51.359 9 INFO neutron.wsgi [None req-ffa1efe8-5940-4309-a809-97dc7fa06b76 3d38d7548a0044459aeeca2f2b5203e6 cfff85cda8744a6eb554028226b93152 - - - -] 10.0.0.125 "POST /v2.0/security-group-rules HTTP/1.1" status: 201 len: 768 time: 0.5470037
2026-05-11 06:49:51.399 10 INFO neutron.wsgi [None req-eed5c635-666a-4b26-93d6-6d0cdcd5ebbb 3d38d7548a0044459aeeca2f2b5203e6 cfff85cda8744a6eb554028226b93152 - - default default] 10.0.0.125 "GET /v2.0/security-group-rules/a4ffe5e1-b78f-49ed-b2cc-cab4fa33d9be HTTP/1.1" status: 200 len: 763 time: 0.0342793
2026-05-11 06:49:51.435 10 INFO neutron.wsgi [None req-386ac6d2-4567-49f3-9c44-a87e4559a4ff 3d38d7548a0044459aeeca2f2b5203e6 cfff85cda8744a6eb554028226b93152 - - default default] 10.0.0.125 "GET /v2.0/security-group-rules HTTP/1.1" status: 200 len: 4113 time: 0.0327144
2026-05-11 06:49:51.456 9 WARNING neutron.plugins.ml2.drivers.ovn.mech_driver.ovsdb.ovn_client [None req-56e01429-9035-4dbd-978f-f5772fa97956 - - - - - -] No port found with ID 9b97f20f-5348-43a8-b625-ef51a5065ddb: RuntimeError: No port found with ID 9b97f20f-5348-43a8-b625-ef51a5065ddb
2026-05-11 06:49:51.551 10 INFO neutron.wsgi [None req-c8f5d15e-2b66-4926-85d4-2b172e89057f 3d38d7548a0044459aeeca2f2b5203e6 cfff85cda8744a6eb554028226b93152 - - - -] 10.0.0.125 "DELETE /v2.0/security-group-rules/a4ffe5e1-b78f-49ed-b2cc-cab4fa33d9be HTTP/1.1" status: 204 len: 168 time: 0.1095338
2026-05-11 06:49:51.589 10 INFO neutron.wsgi [None req-eb20ccd1-41be-41a9-a263-e378bc687b76 3d38d7548a0044459aeeca2f2b5203e6 cfff85cda8744a6eb554028226b93152 - - default default] 10.0.0.125 "GET /v2.0/security-group-rules HTTP/1.1" status: 200 len: 3567 time: 0.0325966
2026-05-11 06:49:51.733 10 INFO neutron.db.ovn_revision_numbers_db [None req-6f1d68ee-d64d-4ba5-9edf-9b0df1c6e3c9 3d38d7548a0044459aeeca2f2b5203e6 cfff85cda8744a6eb554028226b93152 - - - -] Successfully bumped revision number for resource bc0272c0-3231-4758-ac49-4e2d2bf27d0c (type: security_group_rules) to 0
2026-05-11 06:49:51.761 10 INFO neutron.wsgi [None req-6f1d68ee-d64d-4ba5-9edf-9b0df1c6e3c9 3d38d7548a0044459aeeca2f2b5203e6 cfff85cda8744a6eb554028226b93152 - - - -] 10.0.0.125 "POST /v2.0/security-group-rules HTTP/1.1" status: 201 len: 768 time: 0.1676371
2026-05-11 06:49:51.783 10 INFO neutron.wsgi [None req-e33e8124-bd38-4c9e-a809-17292f13eb36 3d38d7548a0044459aeeca2f2b5203e6 cfff85cda8744a6eb554028226b93152 - - default default] 10.0.0.125 "GET /v2.0/security-group-rules/bc0272c0-3231-4758-ac49-4e2d2bf27d0c HTTP/1.1" status: 200 len: 763 time: 0.0159719
2026-05-11 06:49:51.824 10 INFO neutron.wsgi [None req-1b201274-410f-4156-8108-f5493df3f20a 3d38d7548a0044459aeeca2f2b5203e6 cfff85cda8744a6eb554028226b93152 - - default default] 10.0.0.125 "GET /v2.0/security-group-rules HTTP/1.1" status: 200 len: 4113 time: 0.0368104
2026-05-11 06:49:51.930 10 INFO neutron.wsgi [None req-78ce895c-58ec-4270-87e5-4262a92fefbb 3d38d7548a0044459aeeca2f2b5203e6 cfff85cda8744a6eb554028226b93152 - - - -] 10.0.0.125 "DELETE /v2.0/security-group-rules/bc0272c0-3231-4758-ac49-4e2d2bf27d0c HTTP/1.1" status: 204 len: 168 time: 0.1014299
2026-05-11 06:49:51.965 10 INFO neutron.wsgi [None req-55c48ea6-f8c2-4f18-b564-07c11be47982 3d38d7548a0044459aeeca2f2b5203e6 cfff85cda8744a6eb554028226b93152 - - default default] 10.0.0.125 "GET /v2.0/security-group-rules HTTP/1.1" status: 200 len: 3567 time: 0.0300636
2026-05-11 06:49:52.089 10 INFO neutron.db.ovn_revision_numbers_db [None req-327b33ff-5632-4af2-9159-f6877423e8ca 3d38d7548a0044459aeeca2f2b5203e6 cfff85cda8744a6eb554028226b93152 - - - -] Successfully bumped revision number for resource 1eb539a2-fa5a-4def-ab7e-9d2d347c976e (type: security_group_rules) to 0
2026-05-11 06:49:52.115 10 INFO neutron.wsgi [None req-327b33ff-5632-4af2-9159-f6877423e8ca 3d38d7548a0044459aeeca2f2b5203e6 cfff85cda8744a6eb554028226b93152 - - - -] 10.0.0.125 "POST /v2.0/security-group-rules HTTP/1.1" status: 201 len: 769 time: 0.1449263
2026-05-11 06:49:52.137 10 INFO neutron.wsgi [None req-5475b0ef-a478-4e9e-b328-ae8bed480eb1 3d38d7548a0044459aeeca2f2b5203e6 cfff85cda8744a6eb554028226b93152 - - default default] 10.0.0.125 "GET /v2.0/security-group-rules/1eb539a2-fa5a-4def-ab7e-9d2d347c976e HTTP/1.1" status: 200 len: 764 time: 0.0156670
2026-05-11 06:49:52.176 10 INFO neutron.wsgi [None req-5e597864-946f-4927-965f-8d7d5a466d12 3d38d7548a0044459aeeca2f2b5203e6 cfff85cda8744a6eb554028226b93152 - - default default] 10.0.0.125 "GET /v2.0/security-group-rules HTTP/1.1" status: 200 len: 4114 time: 0.0343657
2026-05-11 06:49:52.282 10 INFO neutron.wsgi [None req-7993fad3-6e22-4d4c-b7e8-dbb3dcaa3c51 3d38d7548a0044459aeeca2f2b5203e6 cfff85cda8744a6eb554028226b93152 - - - -] 10.0.0.125 "DELETE /v2.0/security-group-rules/1eb539a2-fa5a-4def-ab7e-9d2d347c976e HTTP/1.1" status: 204 len: 168 time: 0.1009188
2026-05-11 06:49:52.316 10 INFO neutron.wsgi [None req-10410993-a1d6-4a81-a983-c04cc327f245 3d38d7548a0044459aeeca2f2b5203e6 cfff85cda8744a6eb554028226b93152 - - default default] 10.0.0.125 "GET /v2.0/security-group-rules HTTP/1.1" status: 200 len: 3567 time: 0.0287669
2026-05-11 06:49:52.433 10 INFO neutron.wsgi [None req-7c8a1e09-55d4-4955-8144-ec9460cabb26 3d38d7548a0044459aeeca2f2b5203e6 cfff85cda8744a6eb554028226b93152 - - - -] 10.0.0.125 "DELETE /v2.0/security-groups/517e1c44-1bed-4ed4-bdd6-8bc7b06ea127 HTTP/1.1" status: 204 len: 168 time: 0.1106741
2026-05-11 06:49:52.471 10 INFO neutron.wsgi [None req-de0d51fc-7b74-42f2-aab3-d4069ded49c5 3d38d7548a0044459aeeca2f2b5203e6 cfff85cda8744a6eb554028226b93152 - - default default] 10.0.0.125 "GET /v2.0/security-groups HTTP/1.1" status: 200 len: 3000 time: 0.0322068
2026-05-11 06:49:52.474 9 INFO neutron.db.ovn_revision_numbers_db [None req-b764b729-e154-46af-83d5-8787c33d8e3d 316776d621984ba793dbdf61cadaabbb ca24721bdb9a4718b1b042893bf97634 - - - -] Successfully bumped revision number for resource d99c871f-31d9-4880-ae4d-ded4322d425d (type: security_groups) to 1
2026-05-11 06:49:52.510 10 INFO neutron.wsgi [None req-79c5841a-1b0a-44ed-8a01-5557bf85e146 3d38d7548a0044459aeeca2f2b5203e6 cfff85cda8744a6eb554028226b93152 - - default default] 10.0.0.125 "GET /v2.0/security-groups HTTP/1.1" status: 200 len: 3000 time: 0.0313013
2026-05-11 06:49:52.530 9 INFO neutron.db.segments_db [None req-b764b729-e154-46af-83d5-8787c33d8e3d 316776d621984ba793dbdf61cadaabbb ca24721bdb9a4718b1b042893bf97634 - - - -] Added segment a74e9f98-8284-4e3c-ac5b-1c6dd9b76165 of type geneve for network ec0a0acc-f03d-4f84-829b-4b01bb07f78c
2026-05-11 06:49:52.684 9 INFO neutron.db.ovn_revision_numbers_db [None req-b764b729-e154-46af-83d5-8787c33d8e3d 316776d621984ba793dbdf61cadaabbb ca24721bdb9a4718b1b042893bf97634 - - - -] Successfully bumped revision number for resource ec0a0acc-f03d-4f84-829b-4b01bb07f78c (type: networks) to 1
2026-05-11 06:49:52.863 9 WARNING neutron.scheduler.dhcp_agent_scheduler [None req-b764b729-e154-46af-83d5-8787c33d8e3d 316776d621984ba793dbdf61cadaabbb ca24721bdb9a4718b1b042893bf97634 - - - -] No more DHCP agents
2026-05-11 06:49:52.867 9 WARNING neutron.api.rpc.agentnotifiers.dhcp_rpc_agent_api [None req-b764b729-e154-46af-83d5-8787c33d8e3d 316776d621984ba793dbdf61cadaabbb ca24721bdb9a4718b1b042893bf97634 - - - -] Unable to schedule network ec0a0acc-f03d-4f84-829b-4b01bb07f78c: no agents available; will retry on subsequent port and subnet creation events.
2026-05-11 06:49:52.942 9 INFO neutron.db.ovn_revision_numbers_db [None req-b764b729-e154-46af-83d5-8787c33d8e3d 316776d621984ba793dbdf61cadaabbb ca24721bdb9a4718b1b042893bf97634 - - - -] Successfully bumped revision number for resource 54181d88-1bd7-4aec-b0ea-2d1042a1d7e9 (type: ports) to 1
2026-05-11 06:49:52.963 9 INFO neutron.wsgi [None req-b764b729-e154-46af-83d5-8787c33d8e3d 316776d621984ba793dbdf61cadaabbb ca24721bdb9a4718b1b042893bf97634 - - - -] 10.0.0.125 "POST /v2.0/networks HTTP/1.1" status: 201 len: 831 time: 0.7666495
2026-05-11 06:49:53.028 9 INFO neutron.wsgi [None req-1c8a7445-8e87-4855-84d7-59f0c944df8d 316776d621984ba793dbdf61cadaabbb ca24721bdb9a4718b1b042893bf97634 - - - -] 10.0.0.125 "PUT /v2.0/networks/ec0a0acc-f03d-4f84-829b-4b01bb07f78c/tags HTTP/1.1" status: 200 len: 218 time: 0.0583539
2026-05-11 06:49:53.078 10 INFO neutron.wsgi [None req-7587dc8d-489c-4087-bc68-d04dd197da4a 316776d621984ba793dbdf61cadaabbb ca24721bdb9a4718b1b042893bf97634 - - default default] 10.0.0.125 "GET /v2.0/networks/ec0a0acc-f03d-4f84-829b-4b01bb07f78c/tags HTTP/1.1" status: 200 len: 218 time: 0.0445297
2026-05-11 06:49:53.180 9 INFO neutron.wsgi [None req-8c46fbb8-c144-45df-b612-0f6ed5a39cd2 2956132494344d6e9c24a0d374df1bea d93b79dfa41e4723ab3bc9256dd61450 - - default default] 10.0.0.125 "GET /v2.0/security-groups?tenant_id=cfff85cda8744a6eb554028226b93152&name=default HTTP/1.1" status: 200 len: 3000 time: 0.1480620
2026-05-11 06:49:53.372 9 INFO neutron.wsgi [None req-dc668d66-6d76-4e30-baad-212d7458a726 2956132494344d6e9c24a0d374df1bea d93b79dfa41e4723ab3bc9256dd61450 - - - -] 10.0.0.125 "DELETE /v2.0/security-groups/7a5a60d6-a785-424c-a5d2-a45101130d9b HTTP/1.1" status: 204 len: 168 time: 0.1849301
2026-05-11 06:49:53.485 10 INFO neutron.wsgi [None req-d9ec1198-500d-4e44-a937-36d76fa1147b 316776d621984ba793dbdf61cadaabbb ca24721bdb9a4718b1b042893bf97634 - - - -] 10.0.0.125 "PUT /v2.0/networks/ec0a0acc-f03d-4f84-829b-4b01bb07f78c/tags/green HTTP/1.1" status: 201 len: 201 time: 0.4022272
2026-05-11 06:49:53.524 10 INFO neutron.wsgi [None req-338335bb-d7b0-4cf4-b885-dab2fe9dce72 316776d621984ba793dbdf61cadaabbb ca24721bdb9a4718b1b042893bf97634 - - default default] 10.0.0.125 "GET /v2.0/networks/ec0a0acc-f03d-4f84-829b-4b01bb07f78c/tags HTTP/1.1" status: 200 len: 227 time: 0.0338142
2026-05-11 06:49:53.567 10 INFO neutron.wsgi [None req-37175b55-6499-4640-bb7a-2f3fccc23b72 316776d621984ba793dbdf61cadaabbb ca24721bdb9a4718b1b042893bf97634 - - - -] 10.0.0.125 "PUT /v2.0/networks/ec0a0acc-f03d-4f84-829b-4b01bb07f78c/tags/red HTTP/1.1" status: 201 len: 201 time: 0.0367908
2026-05-11 06:49:53.606 10 INFO neutron.wsgi [None req-8e9f6add-5fa4-410a-8843-61e7e7839e95 316776d621984ba793dbdf61cadaabbb ca24721bdb9a4718b1b042893bf97634 - - default default] 10.0.0.125 "GET /v2.0/networks/ec0a0acc-f03d-4f84-829b-4b01bb07f78c/tags HTTP/1.1" status: 200 len: 227 time: 0.0323300
2026-05-11 06:49:53.657 10 INFO neutron.wsgi [None req-a921646d-7471-463b-a717-7cc898c906dc 316776d621984ba793dbdf61cadaabbb ca24721bdb9a4718b1b042893bf97634 - - - -] 10.0.0.125 "PUT /v2.0/networks/ec0a0acc-f03d-4f84-829b-4b01bb07f78c/tags/black.or.white HTTP/1.1" status: 201 len: 201 time: 0.0455327
2026-05-11 06:49:53.703 10 INFO neutron.wsgi [None req-0ddc5d40-ff60-4652-8fdc-cff38a445ab7 316776d621984ba793dbdf61cadaabbb ca24721bdb9a4718b1b042893bf97634 - - default default] 10.0.0.125 "GET /v2.0/networks/ec0a0acc-f03d-4f84-829b-4b01bb07f78c/tags HTTP/1.1" status: 200 len: 245 time: 0.0421507
2026-05-11 06:49:53.777 9 INFO neutron.wsgi [None req-d5469d10-cb03-43f8-b718-300156564f43 316776d621984ba793dbdf61cadaabbb ca24721bdb9a4718b1b042893bf97634 - - - -] 10.0.0.125 "PUT /v2.0/networks/ec0a0acc-f03d-4f84-829b-4b01bb07f78c/tags HTTP/1.1" status: 200 len: 230 time: 0.0607619
2026-05-11 06:49:53.830 9 INFO neutron.wsgi [None req-85afa925-57b4-4a83-a8f1-cfdf387262a5 316776d621984ba793dbdf61cadaabbb ca24721bdb9a4718b1b042893bf97634 - - default default] 10.0.0.125 "GET /v2.0/networks/ec0a0acc-f03d-4f84-829b-4b01bb07f78c/tags HTTP/1.1" status: 200 len: 230 time: 0.0481920
2026-05-11 06:49:53.877 9 INFO neutron.wsgi [None req-d851c45c-e7be-4746-92ed-25fa161a7b6c 316776d621984ba793dbdf61cadaabbb ca24721bdb9a4718b1b042893bf97634 - - default default] 10.0.0.125 "GET /v2.0/networks/ec0a0acc-f03d-4f84-829b-4b01bb07f78c/tags/red HTTP/1.1" status: 204 len: 168 time: 0.0416095
2026-05-11 06:49:53.929 9 INFO neutron.api.v2.resource [None req-a6bde779-04e3-4459-b164-731a127fa75a 316776d621984ba793dbdf61cadaabbb ca24721bdb9a4718b1b042893bf97634 - - default default] show failed (client error): The resource could not be found.
2026-05-11 06:49:53.930 9 INFO neutron.wsgi [None req-a6bde779-04e3-4459-b164-731a127fa75a 316776d621984ba793dbdf61cadaabbb ca24721bdb9a4718b1b042893bf97634 - - default default] 10.0.0.125 "GET /v2.0/networks/ec0a0acc-f03d-4f84-829b-4b01bb07f78c/tags/green HTTP/1.1" status: 404 len: 299 time: 0.0498576
2026-05-11 06:49:53.991 9 INFO neutron.wsgi [None req-ed235976-f4a3-4c9a-8477-7554b7b76df0 316776d621984ba793dbdf61cadaabbb ca24721bdb9a4718b1b042893bf97634 - - - -] 10.0.0.125 "DELETE /v2.0/networks/ec0a0acc-f03d-4f84-829b-4b01bb07f78c/tags/red HTTP/1.1" status: 204 len: 168 time: 0.0545712
2026-05-11 06:49:54.045 10 INFO neutron.wsgi [None req-9a0d0cca-db9d-4cb0-871d-87be8f24cd71 316776d621984ba793dbdf61cadaabbb ca24721bdb9a4718b1b042893bf97634 - - default default] 10.0.0.125 "GET /v2.0/networks/ec0a0acc-f03d-4f84-829b-4b01bb07f78c/tags HTTP/1.1" status: 200 len: 223 time: 0.0470529
2026-05-11 06:49:54.092 10 INFO neutron.api.v2.resource [None req-52adf65b-fe46-4f41-8052-55ae985e4baf 316776d621984ba793dbdf61cadaabbb ca24721bdb9a4718b1b042893bf97634 - - - -] delete failed (client error): The resource could not be found.
2026-05-11 06:49:54.093 10 INFO neutron.wsgi [None req-52adf65b-fe46-4f41-8052-55ae985e4baf 316776d621984ba793dbdf61cadaabbb ca24721bdb9a4718b1b042893bf97634 - - - -] 10.0.0.125 "DELETE /v2.0/networks/ec0a0acc-f03d-4f84-829b-4b01bb07f78c/tags/green HTTP/1.1" status: 404 len: 299 time: 0.0434585
2026-05-11 06:49:54.157 10 INFO neutron.wsgi [None req-f400e28d-db3d-4e83-8bab-78b0bcc01d0e 316776d621984ba793dbdf61cadaabbb ca24721bdb9a4718b1b042893bf97634 - - - -] 10.0.0.125 "DELETE /v2.0/networks/ec0a0acc-f03d-4f84-829b-4b01bb07f78c/tags HTTP/1.1" status: 204 len: 168 time: 0.0566485
2026-05-11 06:49:54.201 10 INFO neutron.wsgi [None req-a08e4e16-702e-4445-bc5b-8749bc9ea299 316776d621984ba793dbdf61cadaabbb ca24721bdb9a4718b1b042893bf97634 - - default default] 10.0.0.125 "GET /v2.0/networks/ec0a0acc-f03d-4f84-829b-4b01bb07f78c/tags HTTP/1.1" status: 200 len: 205 time: 0.0390899
2026-05-11 06:49:54.571 10 INFO neutron.services.segments.plugin [-] Segment a74e9f98-8284-4e3c-ac5b-1c6dd9b76165 resource provider aggregate not found
2026-05-11 06:49:54.579 10 INFO neutron.services.segments.plugin [-] Segment a74e9f98-8284-4e3c-ac5b-1c6dd9b76165 resource provider aggregate not found
2026-05-11 06:49:54.599 10 INFO neutron.services.segments.plugin [-] Segment a74e9f98-8284-4e3c-ac5b-1c6dd9b76165 resource provider not found; error: Placement Client Error (4xx): {"errors": [{"status": 404, "title": "Not Found", "detail": "The resource could not be found.\n\n No resource provider with uuid a74e9f98-8284-4e3c-ac5b-1c6dd9b76165 found for delete ", "request_id": "req-3a7a7ddb-be4c-465e-87d4-52f3b79f8bc9"}]}
2026-05-11 06:49:54.693 10 INFO neutron.services.segments.plugin [-] Segment a74e9f98-8284-4e3c-ac5b-1c6dd9b76165 resource provider not found; error: Placement Client Error (4xx): {"errors": [{"status": 404, "title": "Not Found", "detail": "The resource could not be found.\n\n No resource provider with uuid a74e9f98-8284-4e3c-ac5b-1c6dd9b76165 found for delete ", "request_id": "req-57b142f5-f1e5-4df0-9866-fe068f592895"}]}
2026-05-11 06:49:54.705 10 INFO neutron.wsgi [None req-7f64cd39-7b2d-4392-b7cf-7bde56bd457e 316776d621984ba793dbdf61cadaabbb ca24721bdb9a4718b1b042893bf97634 - - - -] 10.0.0.125 "DELETE /v2.0/networks/ec0a0acc-f03d-4f84-829b-4b01bb07f78c HTTP/1.1" status: 204 len: 168 time: 0.4883087
2026-05-11 06:49:55.539 10 INFO neutron.wsgi [None req-23ac617d-3fe0-438f-b487-b751bf4533f7 2956132494344d6e9c24a0d374df1bea d93b79dfa41e4723ab3bc9256dd61450 - - default default] 10.0.0.125 "GET /v2.0/security-groups?tenant_id=ca24721bdb9a4718b1b042893bf97634&name=default HTTP/1.1" status: 200 len: 3000 time: 0.1966710
2026-05-11 06:49:55.744 10 INFO neutron.wsgi [None req-6a602ad6-f1ef-424b-93d7-741ea7e59426 2956132494344d6e9c24a0d374df1bea d93b79dfa41e4723ab3bc9256dd61450 - - - -] 10.0.0.125 "DELETE /v2.0/security-groups/d99c871f-31d9-4880-ae4d-ded4322d425d HTTP/1.1" status: 204 len: 168 time: 0.1992619
2026-05-11 06:49:56.008 9 INFO neutron.db.ovn_revision_numbers_db [None req-a6cb653b-fa0c-470a-a99c-136e83409eb6 2956132494344d6e9c24a0d374df1bea d93b79dfa41e4723ab3bc9256dd61450 - - default default] Successfully bumped revision number for resource 3f467169-7f36-4063-b692-9b7f0bc58731 (type: security_groups) to 1
2026-05-11 06:49:56.030 9 INFO neutron.wsgi [None req-a6cb653b-fa0c-470a-a99c-136e83409eb6 2956132494344d6e9c24a0d374df1bea d93b79dfa41e4723ab3bc9256dd61450 - - default default] 10.0.0.125 "GET /v2.0/security-groups?tenant_id=d197b22c0f374b17ae84b42d1be5560f&name=default HTTP/1.1" status: 200 len: 3000 time: 0.1200500
2026-05-11 06:49:56.220 9 INFO neutron.wsgi [None req-8a97c987-20db-4513-a7af-f7fcd87b4561 2956132494344d6e9c24a0d374df1bea d93b79dfa41e4723ab3bc9256dd61450 - - - -] 10.0.0.125 "DELETE /v2.0/security-groups/3f467169-7f36-4063-b692-9b7f0bc58731 HTTP/1.1" status: 204 len: 168 time: 0.1831136
2026-05-11 06:49:58.032 9 INFO neutron.db.ovn_revision_numbers_db [None req-b7824b23-1b12-4b44-aafe-69c6a57e30d4 2956132494344d6e9c24a0d374df1bea d93b79dfa41e4723ab3bc9256dd61450 - - default default] Successfully bumped revision number for resource 7f9b131a-e2b9-4727-8d7c-943724fb6c40 (type: security_groups) to 1
2026-05-11 06:49:58.059 9 INFO neutron.wsgi [None req-b7824b23-1b12-4b44-aafe-69c6a57e30d4 2956132494344d6e9c24a0d374df1bea d93b79dfa41e4723ab3bc9256dd61450 - - default default] 10.0.0.125 "GET /v2.0/security-groups?tenant_id=1895e647ebfc40dfa3808cf023ebc7c9&name=default HTTP/1.1" status: 200 len: 3000 time: 0.3623440
2026-05-11 06:49:58.253 9 INFO neutron.wsgi [None req-4fd932f2-6c7a-4a52-9497-6c3d0691e951 2956132494344d6e9c24a0d374df1bea d93b79dfa41e4723ab3bc9256dd61450 - - - -] 10.0.0.125 "DELETE /v2.0/security-groups/7f9b131a-e2b9-4727-8d7c-943724fb6c40 HTTP/1.1" status: 204 len: 168 time: 0.1887615
2026-05-11 06:49:58.462 10 INFO neutron.db.ovn_revision_numbers_db [None req-32eefb5d-a485-4b58-bca4-13c8545b178c 2956132494344d6e9c24a0d374df1bea d93b79dfa41e4723ab3bc9256dd61450 - - default default] Successfully bumped revision number for resource f823e100-4f84-4121-9016-142e8f04dd3b (type: security_groups) to 1
2026-05-11 06:49:58.484 10 INFO neutron.wsgi [None req-32eefb5d-a485-4b58-bca4-13c8545b178c 2956132494344d6e9c24a0d374df1bea d93b79dfa41e4723ab3bc9256dd61450 - - default default] 10.0.0.125 "GET /v2.0/security-groups?tenant_id=4ee2abe7293f4bff882231b68819e446&name=default HTTP/1.1" status: 200 len: 3000 time: 0.1315758
2026-05-11 06:49:58.680 10 INFO neutron.wsgi [None req-c6dac141-7a19-4580-9a2f-595740d563fd 2956132494344d6e9c24a0d374df1bea d93b79dfa41e4723ab3bc9256dd61450 - - - -] 10.0.0.125 "DELETE /v2.0/security-groups/f823e100-4f84-4121-9016-142e8f04dd3b HTTP/1.1" status: 204 len: 168 time: 0.1898055
2026-05-11 06:50:00.660 9 INFO neutron.wsgi [-] 10.0.0.191 "GET / HTTP/1.1" status: 200 len: 246 time: 0.0030990
2026-05-11 06:50:00.664 9 INFO neutron.wsgi [-] 10.0.0.191 "GET / HTTP/1.1" status: 200 len: 246 time: 0.0019419
2026-05-11 06:50:02.509 9 INFO neutron.db.ovn_revision_numbers_db [None req-23b9053d-7a45-48bb-b579-590d59b214a3 2956132494344d6e9c24a0d374df1bea d93b79dfa41e4723ab3bc9256dd61450 - - default default] Successfully bumped revision number for resource a673e104-4183-4f10-8df1-eafd99a05a4b (type: security_groups) to 1
2026-05-11 06:50:02.533 9 INFO neutron.wsgi [None req-23b9053d-7a45-48bb-b579-590d59b214a3 2956132494344d6e9c24a0d374df1bea d93b79dfa41e4723ab3bc9256dd61450 - - default default] 10.0.0.125 "GET /v2.0/security-groups?tenant_id=aaba77d347ee4260adeff0ba2695625c&name=default HTTP/1.1" status: 200 len: 3000 time: 0.2606764
2026-05-11 06:50:02.715 10 INFO neutron.wsgi [None req-69f733bf-9f94-44c1-80f2-7f735d9e6ff2 2956132494344d6e9c24a0d374df1bea d93b79dfa41e4723ab3bc9256dd61450 - - - -] 10.0.0.125 "DELETE /v2.0/security-groups/a673e104-4183-4f10-8df1-eafd99a05a4b HTTP/1.1" status: 204 len: 168 time: 0.1740949
2026-05-11 06:50:06.021 10 INFO neutron.db.ovn_revision_numbers_db [None req-37467ad5-d607-4d94-bb02-2e88425067be 2f38d5362c8e4faba79543a621f4b96f 1360780d2c43404aa871246af8929351 - - - -] Successfully bumped revision number for resource 2dcef2bb-35fd-4ed5-aa92-9236cbaa7fa0 (type: security_groups) to 1
2026-05-11 06:50:06.074 10 INFO neutron.db.segments_db [None req-37467ad5-d607-4d94-bb02-2e88425067be 2f38d5362c8e4faba79543a621f4b96f 1360780d2c43404aa871246af8929351 - - - -] Added segment 687e689f-c135-43bc-b511-7972936945ad of type geneve for network 53b26a9e-bc33-45e2-a760-e6e7fad4c317
2026-05-11 06:50:06.223 10 INFO neutron.db.ovn_revision_numbers_db [None req-37467ad5-d607-4d94-bb02-2e88425067be 2f38d5362c8e4faba79543a621f4b96f 1360780d2c43404aa871246af8929351 - - - -] Successfully bumped revision number for resource 53b26a9e-bc33-45e2-a760-e6e7fad4c317 (type: networks) to 1
2026-05-11 06:50:06.374 10 INFO neutron.db.ovn_revision_numbers_db [None req-c91200b7-aa27-47cc-9208-f03f52b4be28 8300d6247296405d81167af078ea155d a46a46c677b24fdc813060bef363caa6 - - - -] Successfully bumped revision number for resource 4aa7aec5-1e41-413f-a50c-eb8f2a491fd0 (type: security_groups) to 1
2026-05-11 06:50:06.426 10 WARNING neutron.scheduler.dhcp_agent_scheduler [None req-37467ad5-d607-4d94-bb02-2e88425067be 2f38d5362c8e4faba79543a621f4b96f 1360780d2c43404aa871246af8929351 - - - -] No more DHCP agents
2026-05-11 06:50:06.427 10 INFO neutron.db.segments_db [None req-c91200b7-aa27-47cc-9208-f03f52b4be28 8300d6247296405d81167af078ea155d a46a46c677b24fdc813060bef363caa6 - - - -] Added segment c9aede30-0d97-413b-b038-f1a9f51fc040 of type geneve for network b8bf59a7-9795-41e3-b762-ac7aa11efd75
2026-05-11 06:50:06.433 10 WARNING neutron.api.rpc.agentnotifiers.dhcp_rpc_agent_api [None req-37467ad5-d607-4d94-bb02-2e88425067be 2f38d5362c8e4faba79543a621f4b96f 1360780d2c43404aa871246af8929351 - - - -] Unable to schedule network 53b26a9e-bc33-45e2-a760-e6e7fad4c317: no agents available; will retry on subsequent port and subnet creation events.
2026-05-11 06:50:06.527 10 INFO neutron.db.ovn_revision_numbers_db [None req-37467ad5-d607-4d94-bb02-2e88425067be 2f38d5362c8e4faba79543a621f4b96f 1360780d2c43404aa871246af8929351 - - - -] Successfully bumped revision number for resource 05123ee8-b128-43f5-9dc2-6b34ff9bdd7e (type: ports) to 1
2026-05-11 06:50:06.580 10 INFO neutron.wsgi [None req-37467ad5-d607-4d94-bb02-2e88425067be 2f38d5362c8e4faba79543a621f4b96f 1360780d2c43404aa871246af8929351 - - - -] 10.0.0.125 "POST /v2.0/networks HTTP/1.1" status: 201 len: 838 time: 0.8313971
2026-05-11 06:50:06.592 10 INFO neutron.db.ovn_revision_numbers_db [None req-c91200b7-aa27-47cc-9208-f03f52b4be28 8300d6247296405d81167af078ea155d a46a46c677b24fdc813060bef363caa6 - - - -] Successfully bumped revision number for resource b8bf59a7-9795-41e3-b762-ac7aa11efd75 (type: networks) to 1
2026-05-11 06:50:06.832 10 WARNING neutron.scheduler.dhcp_agent_scheduler [None req-c91200b7-aa27-47cc-9208-f03f52b4be28 8300d6247296405d81167af078ea155d a46a46c677b24fdc813060bef363caa6 - - - -] No more DHCP agents
2026-05-11 06:50:06.836 10 WARNING neutron.api.rpc.agentnotifiers.dhcp_rpc_agent_api [None req-c91200b7-aa27-47cc-9208-f03f52b4be28 8300d6247296405d81167af078ea155d a46a46c677b24fdc813060bef363caa6 - - - -] Unable to schedule network b8bf59a7-9795-41e3-b762-ac7aa11efd75: no agents available; will retry on subsequent port and subnet creation events.
2026-05-11 06:50:06.917 10 INFO neutron.db.ovn_revision_numbers_db [None req-c91200b7-aa27-47cc-9208-f03f52b4be28 8300d6247296405d81167af078ea155d a46a46c677b24fdc813060bef363caa6 - - - -] Successfully bumped revision number for resource 0d3bef1f-bb24-43ef-a403-b4b8e9140b5f (type: ports) to 1
2026-05-11 06:50:06.946 10 WARNING neutron.scheduler.dhcp_agent_scheduler [None req-c9719bc5-725c-4a3f-b569-dd784dad999c 2f38d5362c8e4faba79543a621f4b96f 1360780d2c43404aa871246af8929351 - - - -] No more DHCP agents
2026-05-11 06:50:06.950 10 WARNING neutron.api.rpc.agentnotifiers.dhcp_rpc_agent_api [None req-c9719bc5-725c-4a3f-b569-dd784dad999c 2f38d5362c8e4faba79543a621f4b96f 1360780d2c43404aa871246af8929351 - - - -] Unable to schedule network 53b26a9e-bc33-45e2-a760-e6e7fad4c317: no agents available; will retry on subsequent port and subnet creation events.
2026-05-11 06:50:06.954 10 INFO neutron.wsgi [None req-c91200b7-aa27-47cc-9208-f03f52b4be28 8300d6247296405d81167af078ea155d a46a46c677b24fdc813060bef363caa6 - - - -] 10.0.0.125 "POST /v2.0/networks HTTP/1.1" status: 201 len: 831 time: 0.9111040
2026-05-11 06:50:07.370 10 INFO neutron.db.ovn_revision_numbers_db [None req-c9719bc5-725c-4a3f-b569-dd784dad999c 2f38d5362c8e4faba79543a621f4b96f 1360780d2c43404aa871246af8929351 - - - -] Successfully bumped revision number for resource 05123ee8-b128-43f5-9dc2-6b34ff9bdd7e (type: ports) to 2
2026-05-11 06:50:07.383 10 INFO neutron.db.ovn_revision_numbers_db [None req-c9719bc5-725c-4a3f-b569-dd784dad999c 2f38d5362c8e4faba79543a621f4b96f 1360780d2c43404aa871246af8929351 - - - -] Successfully bumped revision number for resource c3fbf14f-89cd-421f-aabb-40cfcce6cd89 (type: subnets) to 0
2026-05-11 06:50:07.400 10 INFO neutron.wsgi [None req-c9719bc5-725c-4a3f-b569-dd784dad999c 2f38d5362c8e4faba79543a621f4b96f 1360780d2c43404aa871246af8929351 - - - -] 10.0.0.125 "POST /v2.0/subnets HTTP/1.1" status: 201 len: 832 time: 0.8135445
2026-05-11 06:50:07.441 9 WARNING neutron.scheduler.dhcp_agent_scheduler [None req-84a8fa4a-3000-4d50-b0cd-b763d0454a0f 8300d6247296405d81167af078ea155d a46a46c677b24fdc813060bef363caa6 - - - -] No more DHCP agents
2026-05-11 06:50:07.443 9 WARNING neutron.api.rpc.agentnotifiers.dhcp_rpc_agent_api [None req-84a8fa4a-3000-4d50-b0cd-b763d0454a0f 8300d6247296405d81167af078ea155d a46a46c677b24fdc813060bef363caa6 - - - -] Unable to schedule network 0a10a0d7-b040-4e55-a4f4-7073dd8a0e77: no agents available; will retry on subsequent port and subnet creation events.
2026-05-11 06:50:07.472 9 INFO neutron.wsgi [None req-fc02dbd1-3b70-4a67-819d-51c23477289d 80a98dd965884832b3aa6a2a98c57983 0fc6d5d6f8b04300b901de24250c4688 - - default default] 10.0.0.125 "GET /v2.0/subnetpools?name=shared-default-subnetpool-v6 HTTP/1.1" status: 200 len: 212 time: 0.0648010
2026-05-11 06:50:07.590 9 INFO neutron.db.ovn_revision_numbers_db [None req-84a8fa4a-3000-4d50-b0cd-b763d0454a0f 8300d6247296405d81167af078ea155d a46a46c677b24fdc813060bef363caa6 - - - -] Successfully bumped revision number for resource e2e8736d-39c3-4500-a865-f2abf59c14c8 (type: ports) to 1
2026-05-11 06:50:07.753 10 WARNING neutron.scheduler.dhcp_agent_scheduler [None req-64ef0c3b-58ef-4dff-a58c-c0fbfaa673db 2f38d5362c8e4faba79543a621f4b96f 1360780d2c43404aa871246af8929351 - - - -] No more DHCP agents
2026-05-11 06:50:07.756 10 WARNING neutron.api.rpc.agentnotifiers.dhcp_rpc_agent_api [None req-64ef0c3b-58ef-4dff-a58c-c0fbfaa673db 2f38d5362c8e4faba79543a621f4b96f 1360780d2c43404aa871246af8929351 - - - -] Unable to schedule network 53b26a9e-bc33-45e2-a760-e6e7fad4c317: no agents available; will retry on subsequent port and subnet creation events.
2026-05-11 06:50:07.776 10 INFO neutron.db.ovn_revision_numbers_db [None req-64ef0c3b-58ef-4dff-a58c-c0fbfaa673db 2f38d5362c8e4faba79543a621f4b96f 1360780d2c43404aa871246af8929351 - - - -] Successfully bumped revision number for resource ac26c2e3-c407-48ee-a48a-78f72122592d (type: subnets) to 0
2026-05-11 06:50:07.797 10 INFO neutron.wsgi [None req-64ef0c3b-58ef-4dff-a58c-c0fbfaa673db 2f38d5362c8e4faba79543a621f4b96f 1360780d2c43404aa871246af8929351 - - - -] 10.0.0.125 "POST /v2.0/subnets HTTP/1.1" status: 201 len: 907 time: 0.3168399
2026-05-11 06:50:07.894 10 INFO neutron.db.segments_db [None req-4a149b69-1233-4530-b09f-908002b98415 2f38d5362c8e4faba79543a621f4b96f 1360780d2c43404aa871246af8929351 - - - -] Added segment 6af0ff88-3e55-48c3-9512-50ee586702ad of type geneve for network e9bdc932-8bbd-44c0-9e90-8ac0dcc9344f
2026-05-11 06:50:08.085 10 INFO neutron.db.ovn_revision_numbers_db [None req-4a149b69-1233-4530-b09f-908002b98415 2f38d5362c8e4faba79543a621f4b96f 1360780d2c43404aa871246af8929351 - - - -] Successfully bumped revision number for resource e9bdc932-8bbd-44c0-9e90-8ac0dcc9344f (type: networks) to 1
2026-05-11 06:50:08.313 9 INFO neutron.plugins.ml2.drivers.ovn.mech_driver.mech_driver [None req-56e01429-9035-4dbd-978f-f5772fa97956 - - - - - -] OVN reports status up for port: e2e8736d-39c3-4500-a865-f2abf59c14c8
2026-05-11 06:50:08.329 10 WARNING neutron.scheduler.dhcp_agent_scheduler [None req-4a149b69-1233-4530-b09f-908002b98415 2f38d5362c8e4faba79543a621f4b96f 1360780d2c43404aa871246af8929351 - - - -] No more DHCP agents
2026-05-11 06:50:08.330 10 INFO neutron.plugins.ml2.drivers.ovn.mech_driver.ovsdb.ovsdb_monitor [None req-dd2c96d6-f525-4f62-8e01-03ffadd50f63 - - - - - -] Router aece697b-9a6a-40e2-b83b-6765178ee605 is bound to host instance
2026-05-11 06:50:08.337 9 INFO neutron.db.ovn_revision_numbers_db [None req-84a8fa4a-3000-4d50-b0cd-b763d0454a0f 8300d6247296405d81167af078ea155d a46a46c677b24fdc813060bef363caa6 - - - -] Successfully bumped revision number for resource e2e8736d-39c3-4500-a865-f2abf59c14c8 (type: router_ports) to 1
2026-05-11 06:50:08.339 9 INFO neutron.plugins.ml2.plugin [None req-56e01429-9035-4dbd-978f-f5772fa97956 - - - - - -] Attempt 1 to provision port e2e8736d-39c3-4500-a865-f2abf59c14c8
2026-05-11 06:50:08.342 10 WARNING neutron.api.rpc.agentnotifiers.dhcp_rpc_agent_api [None req-4a149b69-1233-4530-b09f-908002b98415 2f38d5362c8e4faba79543a621f4b96f 1360780d2c43404aa871246af8929351 - - - -] Unable to schedule network e9bdc932-8bbd-44c0-9e90-8ac0dcc9344f: no agents available; will retry on subsequent port and subnet creation events.
2026-05-11 06:50:08.800 9 INFO neutron.db.ovn_revision_numbers_db [None req-84a8fa4a-3000-4d50-b0cd-b763d0454a0f 8300d6247296405d81167af078ea155d a46a46c677b24fdc813060bef363caa6 - - - -] Successfully bumped revision number for resource aece697b-9a6a-40e2-b83b-6765178ee605 (type: routers) to 3
2026-05-11 06:50:08.815 9 INFO neutron.wsgi [None req-84a8fa4a-3000-4d50-b0cd-b763d0454a0f 8300d6247296405d81167af078ea155d a46a46c677b24fdc813060bef363caa6 - - - -] 10.0.0.125 "POST /v2.0/routers HTTP/1.1" status: 201 len: 875 time: 1.8540816
2026-05-11 06:50:08.844 10 INFO neutron.db.ovn_revision_numbers_db [None req-4a149b69-1233-4530-b09f-908002b98415 2f38d5362c8e4faba79543a621f4b96f 1360780d2c43404aa871246af8929351 - - - -] Successfully bumped revision number for resource 597c0dbe-7c9b-4e70-9b32-948bdfb81442 (type: ports) to 1
2026-05-11 06:50:08.880 10 INFO neutron.wsgi [None req-4a149b69-1233-4530-b09f-908002b98415 2f38d5362c8e4faba79543a621f4b96f 1360780d2c43404aa871246af8929351 - - - -] 10.0.0.125 "POST /v2.0/networks HTTP/1.1" status: 201 len: 836 time: 1.0762813
2026-05-11 06:50:08.926 9 INFO neutron.wsgi [None req-dd6f999c-5425-4e0f-ac04-28ee9d5bf80d 00a67a13db464928b96986e22de2e100 b1c367319ef44b16a134bb3a3e7b4940 - - default default] 10.0.0.125 "GET /v2.0/subnets?project_id=a46a46c677b24fdc813060bef363caa6&cidr=10.100.0.0%2F28 HTTP/1.1" status: 200 len: 207 time: 0.1038556
2026-05-11 06:50:09.086 10 INFO neutron.wsgi [None req-136abb3b-371d-4379-a80a-c6477aaec62a 00a67a13db464928b96986e22de2e100 b1c367319ef44b16a134bb3a3e7b4940 - - default default] 10.0.0.125 "GET /v2.0/networks?router%3Aexternal=True HTTP/1.1" status: 200 len: 947 time: 0.1529715
2026-05-11 06:50:09.124 9 INFO neutron.wsgi [None req-e5e6e070-8079-460e-aa33-ece06e737132 00a67a13db464928b96986e22de2e100 b1c367319ef44b16a134bb3a3e7b4940 - - default default] 10.0.0.125 "GET /v2.0/subnets?network_id=0a10a0d7-b040-4e55-a4f4-7073dd8a0e77&cidr=10.100.0.0%2F28 HTTP/1.1" status: 200 len: 207 time: 0.0305796
2026-05-11 06:50:09.341 10 WARNING neutron.scheduler.dhcp_agent_scheduler [None req-2cab2c58-8257-4bda-8224-9e3f09c814f7 2f38d5362c8e4faba79543a621f4b96f 1360780d2c43404aa871246af8929351 - - - -] No more DHCP agents
