2026-05-11 06:47:16.813 10 WARNING neutron.api.rpc.agentnotifiers.dhcp_rpc_agent_api [None req-e9b1f747-d6e5-48a5-b741-6bf51874e9ed a8682b0d01d94615b29e80c04dfe069c 29c788134f7d4cbd9030ba312cc9ab2f - - - -] Unable to schedule network 70e2dfb1-6e8b-4da3-9034-e49eed80033d: no agents available; will retry on subsequent port and subnet creation events.
2026-05-11 06:47:16.867 9 INFO neutron.services.segments.plugin [-] Segment d3882af6-c7e6-4292-b64f-8ab914f17aba resource provider aggregate not found
2026-05-11 06:47:16.873 9 INFO neutron.services.segments.plugin [-] Segment d3882af6-c7e6-4292-b64f-8ab914f17aba resource provider aggregate not found
2026-05-11 06:47:16.894 9 INFO neutron.services.segments.plugin [-] Segment d3882af6-c7e6-4292-b64f-8ab914f17aba resource provider not found; error: Placement Client Error (4xx): {"errors": [{"status": 404, "title": "Not Found", "detail": "The resource could not be found.\n\n No resource provider with uuid d3882af6-c7e6-4292-b64f-8ab914f17aba found for delete ", "request_id": "req-e3c515d0-95ab-43c2-bf04-550facdd504e"}]}
2026-05-11 06:47:16.909 9 INFO neutron.services.segments.plugin [-] Segment d3882af6-c7e6-4292-b64f-8ab914f17aba resource provider not found; error: Placement Client Error (4xx): {"errors": [{"status": 404, "title": "Not Found", "detail": "The resource could not be found.\n\n No resource provider with uuid d3882af6-c7e6-4292-b64f-8ab914f17aba found for delete ", "request_id": "req-ee27199a-5162-4dfc-85f6-78ca12deb189"}]}
2026-05-11 06:47:16.933 9 INFO neutron.wsgi [None req-ff35ed50-bd2c-48fe-98bd-754762b878f3 fa30c9da5ada4cd68f7e5f31796f256d 292f6e5f4e304c10bbc8caa2043c4d74 - - - -] 10.0.0.125 "DELETE /v2.0/networks/904d27bd-cd2f-49d3-882b-a16a66d5fe81 HTTP/1.1" status: 204 len: 168 time: 0.5789781 /var/lib/openstack/lib/python3.10/site-packages/pycadf/identifier.py:71: UserWarning: Invalid uuid: neutron. To ensure interoperability, identifiers should be a valid uuid. warnings.warn(('Invalid uuid: %s. To ensure interoperability, '
2026-05-11 06:47:17.021 9 INFO neutron.db.segments_db [None req-3fdf3c3d-45be-4c07-b657-0d3f2e07c011 fa30c9da5ada4cd68f7e5f31796f256d 292f6e5f4e304c10bbc8caa2043c4d74 - - - -] Added segment df1bc9ab-fb27-4fd4-80a4-5da41309f0bd of type geneve for network 2f3115ab-3c8a-4a0b-a24f-f5c46af3bd21
2026-05-11 06:47:17.142 9 INFO neutron.db.ovn_revision_numbers_db [None req-3fdf3c3d-45be-4c07-b657-0d3f2e07c011 fa30c9da5ada4cd68f7e5f31796f256d 292f6e5f4e304c10bbc8caa2043c4d74 - - - -] Successfully bumped revision number for resource 2f3115ab-3c8a-4a0b-a24f-f5c46af3bd21 (type: networks) to 1
2026-05-11 06:47:17.228 10 INFO neutron.db.ovn_revision_numbers_db [None req-e9b1f747-d6e5-48a5-b741-6bf51874e9ed a8682b0d01d94615b29e80c04dfe069c 29c788134f7d4cbd9030ba312cc9ab2f - - - -] Successfully bumped revision number for resource a4d1d352-1af8-47ad-9e13-b073c379edc8 (type: ports) to 1
2026-05-11 06:47:17.264 10 INFO neutron.wsgi [None req-e9b1f747-d6e5-48a5-b741-6bf51874e9ed a8682b0d01d94615b29e80c04dfe069c 29c788134f7d4cbd9030ba312cc9ab2f - - - -] 10.0.0.125 "POST /v2.0/ports HTTP/1.1" status: 201 len: 973 time: 0.7342155 /var/lib/openstack/lib/python3.10/site-packages/pycadf/identifier.py:71: UserWarning: Invalid uuid: neutron. To ensure interoperability, identifiers should be a valid uuid. warnings.warn(('Invalid uuid: %s. To ensure interoperability, '
2026-05-11 06:47:17.360 9 WARNING neutron.scheduler.dhcp_agent_scheduler [None req-3fdf3c3d-45be-4c07-b657-0d3f2e07c011 fa30c9da5ada4cd68f7e5f31796f256d 292f6e5f4e304c10bbc8caa2043c4d74 - - - -] No more DHCP agents
2026-05-11 06:47:17.363 9 WARNING neutron.api.rpc.agentnotifiers.dhcp_rpc_agent_api [None req-3fdf3c3d-45be-4c07-b657-0d3f2e07c011 fa30c9da5ada4cd68f7e5f31796f256d 292f6e5f4e304c10bbc8caa2043c4d74 - - - -] Unable to schedule network 2f3115ab-3c8a-4a0b-a24f-f5c46af3bd21: no agents available; will retry on subsequent port and subnet creation events.
2026-05-11 06:47:17.436 9 INFO neutron.db.ovn_revision_numbers_db [None req-3fdf3c3d-45be-4c07-b657-0d3f2e07c011 fa30c9da5ada4cd68f7e5f31796f256d 292f6e5f4e304c10bbc8caa2043c4d74 - - - -] Successfully bumped revision number for resource 6cf688d0-d732-43fb-b894-13e3ad3be62b (type: ports) to 1
2026-05-11 06:47:17.461 9 INFO neutron.wsgi [None req-3fdf3c3d-45be-4c07-b657-0d3f2e07c011 fa30c9da5ada4cd68f7e5f31796f256d 292f6e5f4e304c10bbc8caa2043c4d74 - - - -] 10.0.0.125 "POST /v2.0/networks HTTP/1.1" status: 201 len: 834 time: 0.5244288
2026-05-11 06:47:17.588 10 INFO neutron.db.ovn_revision_numbers_db [None req-0a0edcd7-d8b0-4e20-9678-dcc4c29edfaa a8682b0d01d94615b29e80c04dfe069c 29c788134f7d4cbd9030ba312cc9ab2f - - - -] Successfully bumped revision number for resource a4d1d352-1af8-47ad-9e13-b073c379edc8 (type: ports) to 2
2026-05-11 06:47:17.603 10 INFO neutron.wsgi [None req-0a0edcd7-d8b0-4e20-9678-dcc4c29edfaa a8682b0d01d94615b29e80c04dfe069c 29c788134f7d4cbd9030ba312cc9ab2f - - - -] 10.0.0.125 "PUT /v2.0/ports/a4d1d352-1af8-47ad-9e13-b073c379edc8 HTTP/1.1" status: 200 len: 946 time: 0.3293767
2026-05-11 06:47:17.847 10 INFO neutron.wsgi [None req-a662a51c-a70f-4c9f-8999-7e194bf85717 2956132494344d6e9c24a0d374df1bea d93b79dfa41e4723ab3bc9256dd61450 - - - -] 10.0.0.125 "DELETE /v2.0/routers/56fbf38b-e5bd-46c1-8472-a95703510f37 HTTP/1.1" status: 204 len: 168 time: 1.1228983 /var/lib/openstack/lib/python3.10/site-packages/pycadf/identifier.py:71: UserWarning: Invalid uuid: neutron. To ensure interoperability, identifiers should be a valid uuid. warnings.warn(('Invalid uuid: %s. To ensure interoperability, '
2026-05-11 06:47:17.974 10 INFO neutron.db.ovn_revision_numbers_db [None req-b2fb195b-3179-43b3-98b4-18f88f6d0dd0 2956132494344d6e9c24a0d374df1bea d93b79dfa41e4723ab3bc9256dd61450 - - default default] Successfully bumped revision number for resource 80105bb1-5a52-482f-87dc-ecc600de22b5 (type: security_groups) to 1
2026-05-11 06:47:18.007 10 INFO neutron.wsgi [None req-b2fb195b-3179-43b3-98b4-18f88f6d0dd0 2956132494344d6e9c24a0d374df1bea d93b79dfa41e4723ab3bc9256dd61450 - - default default] 10.0.0.125 "GET /v2.0/security-groups?tenant_id=a8cc6696df784a20a82625a8db9807d4&name=default HTTP/1.1" status: 200 len: 2996 time: 0.3421948
2026-05-11 06:47:18.101 10 INFO neutron.wsgi [None req-ee5c4687-87a0-4f44-802c-858cba2f0eee 2956132494344d6e9c24a0d374df1bea d93b79dfa41e4723ab3bc9256dd61450 - - - -] 10.0.0.125 "DELETE /v2.0/subnets/a9e80808-9891-4ca3-b306-27fa8f8d340c HTTP/1.1" status: 204 len: 168 time: 0.2481949
2026-05-11 06:47:18.236 9 WARNING neutron.scheduler.dhcp_agent_scheduler [None req-38d205ec-8ab7-496a-8de8-0a4869627885 fa30c9da5ada4cd68f7e5f31796f256d 292f6e5f4e304c10bbc8caa2043c4d74 - - - -] No more DHCP agents
2026-05-11 06:47:18.240 9 WARNING neutron.api.rpc.agentnotifiers.dhcp_rpc_agent_api [None req-38d205ec-8ab7-496a-8de8-0a4869627885 fa30c9da5ada4cd68f7e5f31796f256d 292f6e5f4e304c10bbc8caa2043c4d74 - - - -] Unable to schedule network 2f3115ab-3c8a-4a0b-a24f-f5c46af3bd21: no agents available; will retry on subsequent port and subnet creation events.
2026-05-11 06:47:18.252 10 INFO neutron.wsgi [None req-41586620-b2a1-483e-a858-93a2f3037010 2956132494344d6e9c24a0d374df1bea d93b79dfa41e4723ab3bc9256dd61450 - - - -] 10.0.0.125 "DELETE /v2.0/security-groups/80105bb1-5a52-482f-87dc-ecc600de22b5 HTTP/1.1" status: 204 len: 168 time: 0.2396839
2026-05-11 06:47:18.261 9 INFO neutron.db.ovn_revision_numbers_db [None req-38d205ec-8ab7-496a-8de8-0a4869627885 fa30c9da5ada4cd68f7e5f31796f256d 292f6e5f4e304c10bbc8caa2043c4d74 - - - -] Successfully bumped revision number for resource 0a1f8ffd-3cb5-4299-aa90-04321c5cbd3a (type: subnets) to 0
2026-05-11 06:47:18.290 9 INFO neutron.wsgi [None req-38d205ec-8ab7-496a-8de8-0a4869627885 fa30c9da5ada4cd68f7e5f31796f256d 292f6e5f4e304c10bbc8caa2043c4d74 - - - -] 10.0.0.125 "POST /v2.0/subnets HTTP/1.1" status: 201 len: 821 time: 0.8216190
2026-05-11 06:47:18.306 9 INFO neutron.wsgi [None req-cc83de15-1968-4fcc-afa5-74e507542289 a8682b0d01d94615b29e80c04dfe069c 29c788134f7d4cbd9030ba312cc9ab2f - - - -] 10.0.0.125 "DELETE /v2.0/ports/a4d1d352-1af8-47ad-9e13-b073c379edc8 HTTP/1.1" status: 204 len: 168 time: 0.6893296
2026-05-11 06:47:18.408 9 INFO neutron.wsgi [None req-8ec122d4-4bf0-4250-bd91-23836334e525 a8682b0d01d94615b29e80c04dfe069c 29c788134f7d4cbd9030ba312cc9ab2f - - default default] 10.0.0.125 "GET /v2.0/ports HTTP/1.1" status: 200 len: 1728 time: 0.0962243
2026-05-11 06:47:18.438 9 INFO neutron.pecan_wsgi.hooks.translation [None req-fab64a2b-e99a-4fac-897e-b846723d3081 a8682b0d01d94615b29e80c04dfe069c 29c788134f7d4cbd9030ba312cc9ab2f - - default default] GET failed (client error): The resource could not be found.
2026-05-11 06:47:18.440 9 INFO neutron.wsgi [None req-fab64a2b-e99a-4fac-897e-b846723d3081 a8682b0d01d94615b29e80c04dfe069c 29c788134f7d4cbd9030ba312cc9ab2f - - default default] 10.0.0.125 "GET /v2.0/ports/a4d1d352-1af8-47ad-9e13-b073c379edc8 HTTP/1.1" status: 404 len: 333 time: 0.0248847
2026-05-11 06:47:18.499 9 INFO neutron.wsgi [None req-8d8688b0-ffd3-42af-ad11-a7ea42448d4d a8682b0d01d94615b29e80c04dfe069c 29c788134f7d4cbd9030ba312cc9ab2f - - default default] 10.0.0.125 "GET /v2.0/ports HTTP/1.1" status: 200 len: 1728 time: 0.0507059
2026-05-11 06:47:18.509 10 INFO neutron.wsgi [None req-d161247a-805b-4408-b76e-3771f9d8cdd8 2956132494344d6e9c24a0d374df1bea d93b79dfa41e4723ab3bc9256dd61450 - - - -] 10.0.0.125 "DELETE /v2.0/networks/d30e4162-3b05-4961-9daa-8c1fb92e3183 HTTP/1.1" status: 204 len: 168 time: 0.4019744
2026-05-11 06:47:18.542 10 INFO neutron.services.segments.plugin [-] Segment 7848a72f-b476-4248-a492-a57b1d8c4518 resource provider aggregate not found
2026-05-11 06:47:18.543 9 INFO neutron.wsgi [None req-6879b045-27df-4bf7-ac69-1f2ce0ea410b a8682b0d01d94615b29e80c04dfe069c 29c788134f7d4cbd9030ba312cc9ab2f - - default default] 10.0.0.125 "GET /v2.0/ports/a7119da6-0386-4761-a41d-3fe24107098c HTTP/1.1" status: 200 len: 968 time: 0.0379586
2026-05-11 06:47:18.561 10 INFO neutron.services.segments.plugin [-] Segment 7848a72f-b476-4248-a492-a57b1d8c4518 resource provider not found; error: Placement Client Error (4xx): {"errors": [{"status": 404, "title": "Not Found", "detail": "The resource could not be found.\n\n No resource provider with uuid 7848a72f-b476-4248-a492-a57b1d8c4518 found for delete ", "request_id": "req-83deed04-32ce-44fc-85a6-674316d3d4d7"}]}
2026-05-11 06:47:18.577 9 INFO neutron.pecan_wsgi.hooks.translation [None req-94356950-a51d-46d6-95ad-6a905e6b3fb9 a8682b0d01d94615b29e80c04dfe069c 29c788134f7d4cbd9030ba312cc9ab2f - - - -] DELETE failed (client error): The resource could not be found.
2026-05-11 06:47:18.579 9 INFO neutron.wsgi [None req-94356950-a51d-46d6-95ad-6a905e6b3fb9 a8682b0d01d94615b29e80c04dfe069c 29c788134f7d4cbd9030ba312cc9ab2f - - - -] 10.0.0.125 "DELETE /v2.0/ports/70a749f9-bcc8-43a9-a008-0fa979fddac1 HTTP/1.1" status: 404 len: 333 time: 0.0292737
2026-05-11 06:47:18.618 10 INFO neutron.services.segments.plugin [-] Segment 7848a72f-b476-4248-a492-a57b1d8c4518 resource provider aggregate not found
2026-05-11 06:47:18.624 9 INFO neutron.pecan_wsgi.hooks.translation [None req-666cbcd3-4768-454d-9fca-61be7ee97e8b a8682b0d01d94615b29e80c04dfe069c 29c788134f7d4cbd9030ba312cc9ab2f - - - -] DELETE failed (client error): The resource could not be found.
2026-05-11 06:47:18.628 9 INFO neutron.wsgi [None req-666cbcd3-4768-454d-9fca-61be7ee97e8b a8682b0d01d94615b29e80c04dfe069c 29c788134f7d4cbd9030ba312cc9ab2f - - - -] 10.0.0.125 "DELETE /v2.0/subnets/505fa136-d82d-41d0-83b4-4eea24541805 HTTP/1.1" status: 404 len: 337 time: 0.0418530
2026-05-11 06:47:18.648 10 INFO neutron.services.segments.plugin [-] Segment 7848a72f-b476-4248-a492-a57b1d8c4518 resource provider not found; error: Placement Client Error (4xx): {"errors": [{"status": 404, "title": "Not Found", "detail": "The resource could not be found.\n\n No resource provider with uuid 7848a72f-b476-4248-a492-a57b1d8c4518 found for delete ", "request_id": "req-195a6f24-20b3-47ea-8744-697dac896abc"}]}
2026-05-11 06:47:18.664 10 INFO neutron.pecan_wsgi.hooks.translation [None req-13c59ce4-d848-4af3-b9ca-6e9020fdeccc a8682b0d01d94615b29e80c04dfe069c 29c788134f7d4cbd9030ba312cc9ab2f - - - -] DELETE failed (client error): The resource could not be found.
2026-05-11 06:47:18.668 10 INFO neutron.wsgi [None req-13c59ce4-d848-4af3-b9ca-6e9020fdeccc a8682b0d01d94615b29e80c04dfe069c 29c788134f7d4cbd9030ba312cc9ab2f - - - -] 10.0.0.125 "DELETE /v2.0/subnets/e6478bdc-8adc-4c2a-b9c1-19db2e84aafe HTTP/1.1" status: 404 len: 337 time: 0.0324459
2026-05-11 06:47:18.801 9 INFO neutron.wsgi [None req-99296df1-a6cc-4d49-9c68-0ff08d42471d 2956132494344d6e9c24a0d374df1bea d93b79dfa41e4723ab3bc9256dd61450 - - default default] 10.0.0.125 "GET /v2.0/security-groups?tenant_id=b68235b7e7d64ed6893fab3f2653802a&name=default HTTP/1.1" status: 200 len: 2996 time: 0.0554535
2026-05-11 06:47:18.802 9 WARNING neutron.scheduler.dhcp_agent_scheduler [None req-c0087a80-4e9c-498a-b4be-9a3862c10fcd fa30c9da5ada4cd68f7e5f31796f256d 292f6e5f4e304c10bbc8caa2043c4d74 - - - -] No more DHCP agents
2026-05-11 06:47:18.805 9 WARNING neutron.api.rpc.agentnotifiers.dhcp_rpc_agent_api [None req-c0087a80-4e9c-498a-b4be-9a3862c10fcd fa30c9da5ada4cd68f7e5f31796f256d 292f6e5f4e304c10bbc8caa2043c4d74 - - - -] Unable to schedule network 2f3115ab-3c8a-4a0b-a24f-f5c46af3bd21: no agents available; will retry on subsequent port and subnet creation events.
2026-05-11 06:47:18.913 9 INFO neutron.db.ovn_revision_numbers_db [None req-c0087a80-4e9c-498a-b4be-9a3862c10fcd fa30c9da5ada4cd68f7e5f31796f256d 292f6e5f4e304c10bbc8caa2043c4d74 - - - -] Successfully bumped revision number for resource a5f08ab7-bfa7-429d-b38e-7829771a890a (type: ports) to 1
2026-05-11 06:47:18.936 9 INFO neutron.wsgi [None req-c0087a80-4e9c-498a-b4be-9a3862c10fcd fa30c9da5ada4cd68f7e5f31796f256d 292f6e5f4e304c10bbc8caa2043c4d74 - - - -] 10.0.0.125 "POST /v2.0/ports HTTP/1.1" status: 201 len: 1122 time: 0.6411588
2026-05-11 06:47:18.960 10 INFO neutron.wsgi [None req-65d9acb3-4cfc-4cdc-b17c-cb4c7b34cdd9 a8682b0d01d94615b29e80c04dfe069c 29c788134f7d4cbd9030ba312cc9ab2f - - - -] 10.0.0.125 "DELETE /v2.0/ports/a7119da6-0386-4761-a41d-3fe24107098c HTTP/1.1" status: 204 len: 168 time: 0.2865441
2026-05-11 06:47:19.065 10 INFO neutron.wsgi [None req-8bb0c885-327c-4eca-878c-e8d26cb7e6f2 2956132494344d6e9c24a0d374df1bea d93b79dfa41e4723ab3bc9256dd61450 - - - -] 10.0.0.125 "DELETE /v2.0/security-groups/429332b0-08a8-42a2-9978-df89a1af58fa HTTP/1.1" status: 204 len: 168 time: 0.2580261
2026-05-11 06:47:19.278 9 INFO neutron.wsgi [None req-a759cff1-062c-4dff-86f3-d7ee4cd42edf fa30c9da5ada4cd68f7e5f31796f256d 292f6e5f4e304c10bbc8caa2043c4d74 - - - -] 10.0.0.125 "DELETE /v2.0/ports/a5f08ab7-bfa7-429d-b38e-7829771a890a HTTP/1.1" status: 204 len: 168 time: 0.3332698
2026-05-11 06:47:19.306 10 INFO neutron.pecan_wsgi.hooks.translation [None req-1ff00a01-3c15-46c1-8f9a-2959eccec353 fa30c9da5ada4cd68f7e5f31796f256d 292f6e5f4e304c10bbc8caa2043c4d74 - - default default] GET failed (client error): The resource could not be found.
2026-05-11 06:47:19.307 10 INFO neutron.wsgi [None req-1ff00a01-3c15-46c1-8f9a-2959eccec353 fa30c9da5ada4cd68f7e5f31796f256d 292f6e5f4e304c10bbc8caa2043c4d74 - - default default] 10.0.0.125 "GET /v2.0/ports/a5f08ab7-bfa7-429d-b38e-7829771a890a HTTP/1.1" status: 404 len: 333 time: 0.0243647
2026-05-11 06:47:19.521 10 INFO neutron.wsgi [None req-9c817063-e395-4b8c-add8-8d66216b2e51 a8682b0d01d94615b29e80c04dfe069c 29c788134f7d4cbd9030ba312cc9ab2f - - - -] 10.0.0.125 "DELETE /v2.0/networks/70e2dfb1-6e8b-4da3-9034-e49eed80033d HTTP/1.1" status: 204 len: 168 time: 0.5552313
2026-05-11 06:47:19.580 10 INFO neutron.wsgi [None req-19fb0901-5c40-4a20-bae5-b9483524fd18 fa30c9da5ada4cd68f7e5f31796f256d 292f6e5f4e304c10bbc8caa2043c4d74 - - - -] 10.0.0.125 "DELETE /v2.0/subnets/0a1f8ffd-3cb5-4299-aa90-04321c5cbd3a HTTP/1.1" status: 204 len: 168 time: 0.2686539
2026-05-11 06:47:19.944 9 INFO neutron.services.segments.plugin [-] Segment df1bc9ab-fb27-4fd4-80a4-5da41309f0bd resource provider aggregate not found
2026-05-11 06:47:19.949 9 INFO neutron.services.segments.plugin [-] Segment df1bc9ab-fb27-4fd4-80a4-5da41309f0bd resource provider aggregate not found
2026-05-11 06:47:19.967 9 INFO neutron.services.segments.plugin [-] Segment df1bc9ab-fb27-4fd4-80a4-5da41309f0bd resource provider not found; error: Placement Client Error (4xx): {"errors": [{"status": 404, "title": "Not Found", "detail": "The resource could not be found.\n\n No resource provider with uuid df1bc9ab-fb27-4fd4-80a4-5da41309f0bd found for delete ", "request_id": "req-aa56bf3c-af68-4a1e-86ff-174e2957e84d"}]}
2026-05-11 06:47:19.968 9 INFO neutron.services.segments.plugin [-] Segment df1bc9ab-fb27-4fd4-80a4-5da41309f0bd resource provider not found; error: Placement Client Error (4xx): {"errors": [{"status": 404, "title": "Not Found", "detail": "The resource could not be found.\n\n No resource provider with uuid df1bc9ab-fb27-4fd4-80a4-5da41309f0bd found for delete ", "request_id": "req-df612545-15f6-4410-bd7d-fb4254cab2bf"}]}
2026-05-11 06:47:20.002 9 INFO neutron.wsgi [None req-3ba37ea0-bd58-4327-b997-c09f6a16dce1 fa30c9da5ada4cd68f7e5f31796f256d 292f6e5f4e304c10bbc8caa2043c4d74 - - - -] 10.0.0.125 "DELETE /v2.0/networks/2f3115ab-3c8a-4a0b-a24f-f5c46af3bd21 HTTP/1.1" status: 204 len: 168 time: 0.4158237
2026-05-11 06:47:20.196 9 INFO neutron.wsgi [None req-ed50e88b-c277-4743-9f21-acf09ba7f90e 2956132494344d6e9c24a0d374df1bea d93b79dfa41e4723ab3bc9256dd61450 - - default default] 10.0.0.125 "GET /v2.0/security-groups?tenant_id=29c788134f7d4cbd9030ba312cc9ab2f&name=default HTTP/1.1" status: 200 len: 2996 time: 0.2242939
2026-05-11 06:47:20.345 10 WARNING neutron.scheduler.dhcp_agent_scheduler [None req-1579d7cd-9579-4a22-a20c-fbce6639cd15 fa30c9da5ada4cd68f7e5f31796f256d 292f6e5f4e304c10bbc8caa2043c4d74 - - - -] No more DHCP agents
2026-05-11 06:47:20.349 10 WARNING neutron.api.rpc.agentnotifiers.dhcp_rpc_agent_api [None req-1579d7cd-9579-4a22-a20c-fbce6639cd15 fa30c9da5ada4cd68f7e5f31796f256d 292f6e5f4e304c10bbc8caa2043c4d74 - - - -] Unable to schedule network fdc08d4c-9c6f-4f48-9e9d-c7da140f28ba: no agents available; will retry on subsequent port and subnet creation events.
2026-05-11 06:47:20.456 9 INFO neutron.wsgi [None req-5464b66b-e394-4c62-a936-88cd49be2573 2956132494344d6e9c24a0d374df1bea d93b79dfa41e4723ab3bc9256dd61450 - - - -] 10.0.0.125 "DELETE /v2.0/security-groups/c94980f2-1dd6-4549-a554-1f06fa17e350 HTTP/1.1" status: 204 len: 168 time: 0.2546721
2026-05-11 06:47:20.474 10 INFO neutron.db.ovn_revision_numbers_db [None req-1579d7cd-9579-4a22-a20c-fbce6639cd15 fa30c9da5ada4cd68f7e5f31796f256d 292f6e5f4e304c10bbc8caa2043c4d74 - - - -] Successfully bumped revision number for resource 9399586b-10b2-4158-8145-fe5f07fa4963 (type: ports) to 1
2026-05-11 06:47:20.502 10 INFO neutron.wsgi [None req-1579d7cd-9579-4a22-a20c-fbce6639cd15 fa30c9da5ada4cd68f7e5f31796f256d 292f6e5f4e304c10bbc8caa2043c4d74 - - - -] 10.0.0.125 "POST /v2.0/ports HTTP/1.1" status: 201 len: 978 time: 0.4905684 /var/lib/openstack/lib/python3.10/site-packages/pycadf/identifier.py:71: UserWarning: Invalid uuid: neutron. To ensure interoperability, identifiers should be a valid uuid. warnings.warn(('Invalid uuid: %s. To ensure interoperability, '
2026-05-11 06:47:20.593 10 INFO neutron.services.segments.plugin [-] Segment 9b47eaea-7b0e-4baa-bf60-bf32e27bb62b resource provider aggregate not found
2026-05-11 06:47:20.616 10 INFO neutron.services.segments.plugin [-] Segment 9b47eaea-7b0e-4baa-bf60-bf32e27bb62b resource provider not found; error: Placement Client Error (4xx): {"errors": [{"status": 404, "title": "Not Found", "detail": "The resource could not be found.\n\n No resource provider with uuid 9b47eaea-7b0e-4baa-bf60-bf32e27bb62b found for delete ", "request_id": "req-d4f8cf78-b39c-47cf-a1d0-eab60aae015f"}]}
2026-05-11 06:47:20.692 10 INFO neutron.services.segments.plugin [-] Segment 9b47eaea-7b0e-4baa-bf60-bf32e27bb62b resource provider aggregate not found
2026-05-11 06:47:20.718 10 INFO neutron.services.segments.plugin [-] Segment 9b47eaea-7b0e-4baa-bf60-bf32e27bb62b resource provider not found; error: Placement Client Error (4xx): {"errors": [{"status": 404, "title": "Not Found", "detail": "The resource could not be found.\n\n No resource provider with uuid 9b47eaea-7b0e-4baa-bf60-bf32e27bb62b found for delete ", "request_id": "req-929f2796-b75c-41bc-a263-573621cfae37"}]}
2026-05-11 06:47:20.755 10 INFO neutron.db.ovn_revision_numbers_db [None req-ac54a3ac-5342-4fdd-a3b0-15cbe5c6327b fa30c9da5ada4cd68f7e5f31796f256d 292f6e5f4e304c10bbc8caa2043c4d74 - - - -] Successfully bumped revision number for resource 9399586b-10b2-4158-8145-fe5f07fa4963 (type: ports) to 2
2026-05-11 06:47:20.768 10 INFO neutron.wsgi [None req-ac54a3ac-5342-4fdd-a3b0-15cbe5c6327b fa30c9da5ada4cd68f7e5f31796f256d 292f6e5f4e304c10bbc8caa2043c4d74 - - - -] 10.0.0.125 "PUT /v2.0/ports/9399586b-10b2-4158-8145-fe5f07fa4963 HTTP/1.1" status: 200 len: 946 time: 0.2590687 /var/lib/openstack/lib/python3.10/site-packages/pycadf/identifier.py:71: UserWarning: Invalid uuid: neutron. To ensure interoperability, identifiers should be a valid uuid. warnings.warn(('Invalid uuid: %s. To ensure interoperability, '
2026-05-11 06:47:21.015 10 INFO neutron.wsgi [None req-ce207731-e401-4e18-96ad-3d188a29a74a fa30c9da5ada4cd68f7e5f31796f256d 292f6e5f4e304c10bbc8caa2043c4d74 - - - -] 10.0.0.125 "DELETE /v2.0/ports/9399586b-10b2-4158-8145-fe5f07fa4963 HTTP/1.1" status: 204 len: 168 time: 0.2412660
2026-05-11 06:47:21.101 10 INFO neutron.wsgi [None req-d08f1229-14cb-490f-9dbd-e72e465814bf fa30c9da5ada4cd68f7e5f31796f256d 292f6e5f4e304c10bbc8caa2043c4d74 - - default default] 10.0.0.125 "GET /v2.0/ports HTTP/1.1" status: 200 len: 1732 time: 0.0802503
2026-05-11 06:47:21.135 9 INFO neutron.pecan_wsgi.hooks.translation [None req-93c4e9b6-9b39-4b5b-bac3-0dfa083b6b24 fa30c9da5ada4cd68f7e5f31796f256d 292f6e5f4e304c10bbc8caa2043c4d74 - - default default] GET failed (client error): The resource could not be found.
2026-05-11 06:47:21.137 9 INFO neutron.wsgi [None req-93c4e9b6-9b39-4b5b-bac3-0dfa083b6b24 fa30c9da5ada4cd68f7e5f31796f256d 292f6e5f4e304c10bbc8caa2043c4d74 - - default default] 10.0.0.125 "GET /v2.0/ports/9399586b-10b2-4158-8145-fe5f07fa4963 HTTP/1.1" status: 404 len: 333 time: 0.0287597
2026-05-11 06:47:21.181 10 INFO neutron.wsgi [None req-cfbb069e-bf51-4535-b061-b93cc51f8230 fa30c9da5ada4cd68f7e5f31796f256d 292f6e5f4e304c10bbc8caa2043c4d74 - - default default] 10.0.0.125 "GET /v2.0/ports HTTP/1.1" status: 200 len: 1732 time: 0.0388043
2026-05-11 06:47:21.234 10 INFO neutron.wsgi [None req-bdc08b25-e79d-4a89-9d05-e9c670839c73 fa30c9da5ada4cd68f7e5f31796f256d 292f6e5f4e304c10bbc8caa2043c4d74 - - default default] 10.0.0.125 "GET /v2.0/ports/3f51d5fc-eea8-4994-bb8b-de9cfe71e72d HTTP/1.1" status: 200 len: 972 time: 0.0474780
2026-05-11 06:47:21.243 10 INFO neutron.db.ovn_revision_numbers_db [None req-e3008cc7-e02c-474d-b76f-baad1d9d6246 2956132494344d6e9c24a0d374df1bea d93b79dfa41e4723ab3bc9256dd61450 - - - -] Successfully bumped revision number for resource 4f2bfde9-1132-47da-abc5-4f1d1662d297 (type: security_groups) to 1
2026-05-11 06:47:21.265 9 INFO neutron.pecan_wsgi.hooks.translation [None req-1299d815-fc69-4659-9ccc-5c6ef6c83c37 fa30c9da5ada4cd68f7e5f31796f256d 292f6e5f4e304c10bbc8caa2043c4d74 - - - -] DELETE failed (client error): The resource could not be found.
2026-05-11 06:47:21.269 9 INFO neutron.wsgi [None req-1299d815-fc69-4659-9ccc-5c6ef6c83c37 fa30c9da5ada4cd68f7e5f31796f256d 292f6e5f4e304c10bbc8caa2043c4d74 - - - -] 10.0.0.125 "DELETE /v2.0/ports/a5f08ab7-bfa7-429d-b38e-7829771a890a HTTP/1.1" status: 404 len: 333 time: 0.0265775
2026-05-11 06:47:21.292 9 INFO neutron.pecan_wsgi.hooks.translation [None req-aa48b0f6-8453-47f5-b9fc-8d2eb4c85b57 fa30c9da5ada4cd68f7e5f31796f256d 292f6e5f4e304c10bbc8caa2043c4d74 - - - -] DELETE failed (client error): The resource could not be found.
2026-05-11 06:47:21.294 9 INFO neutron.wsgi [None req-aa48b0f6-8453-47f5-b9fc-8d2eb4c85b57 fa30c9da5ada4cd68f7e5f31796f256d 292f6e5f4e304c10bbc8caa2043c4d74 - - - -] 10.0.0.125 "DELETE /v2.0/subnets/0a1f8ffd-3cb5-4299-aa90-04321c5cbd3a HTTP/1.1" status: 404 len: 337 time: 0.0200543
2026-05-11 06:47:21.296 10 INFO neutron.db.segments_db [None req-e3008cc7-e02c-474d-b76f-baad1d9d6246 2956132494344d6e9c24a0d374df1bea d93b79dfa41e4723ab3bc9256dd61450 - - - -] Added segment f7cc7feb-5b06-4a97-92ec-fbb5dbad9215 of type geneve for network 1e0e4ea9-750b-470e-bc4b-7f321f50ddb7
2026-05-11 06:47:21.314 9 INFO neutron.pecan_wsgi.hooks.translation [None req-c066e591-dcf9-4740-be42-deef155ea93f fa30c9da5ada4cd68f7e5f31796f256d 292f6e5f4e304c10bbc8caa2043c4d74 - - - -] DELETE failed (client error): The resource could not be found.
2026-05-11 06:47:21.318 9 INFO neutron.wsgi [None req-c066e591-dcf9-4740-be42-deef155ea93f fa30c9da5ada4cd68f7e5f31796f256d 292f6e5f4e304c10bbc8caa2043c4d74 - - - -] 10.0.0.125 "DELETE /v2.0/subnets/323f8ef7-618c-45ea-bf89-5adb3c80aba2 HTTP/1.1" status: 404 len: 337 time: 0.0192294
2026-05-11 06:47:21.427 10 INFO neutron.db.ovn_revision_numbers_db [None req-e3008cc7-e02c-474d-b76f-baad1d9d6246 2956132494344d6e9c24a0d374df1bea d93b79dfa41e4723ab3bc9256dd61450 - - - -] Successfully bumped revision number for resource 1e0e4ea9-750b-470e-bc4b-7f321f50ddb7 (type: networks) to 1
2026-05-11 06:47:21.574 9 INFO neutron.wsgi [None req-64408078-491f-4bcb-b6a8-9a00453376c6 fa30c9da5ada4cd68f7e5f31796f256d 292f6e5f4e304c10bbc8caa2043c4d74 - - - -] 10.0.0.125 "DELETE /v2.0/ports/3f51d5fc-eea8-4994-bb8b-de9cfe71e72d HTTP/1.1" status: 204 len: 168 time: 0.2515683
2026-05-11 06:47:21.619 10 WARNING neutron.scheduler.dhcp_agent_scheduler [None req-e3008cc7-e02c-474d-b76f-baad1d9d6246 2956132494344d6e9c24a0d374df1bea d93b79dfa41e4723ab3bc9256dd61450 - - - -] No more DHCP agents
2026-05-11 06:47:21.621 10 WARNING neutron.api.rpc.agentnotifiers.dhcp_rpc_agent_api [None req-e3008cc7-e02c-474d-b76f-baad1d9d6246 2956132494344d6e9c24a0d374df1bea d93b79dfa41e4723ab3bc9256dd61450 - - - -] Unable to schedule network 1e0e4ea9-750b-470e-bc4b-7f321f50ddb7: no agents available; will retry on subsequent port and subnet creation events.
2026-05-11 06:47:21.686 10 INFO neutron.db.ovn_revision_numbers_db [None req-e3008cc7-e02c-474d-b76f-baad1d9d6246 2956132494344d6e9c24a0d374df1bea d93b79dfa41e4723ab3bc9256dd61450 - - - -] Successfully bumped revision number for resource 34dce688-8187-4d32-bdca-4b49c52ec8f4 (type: ports) to 1
2026-05-11 06:47:21.708 10 INFO neutron.wsgi [None req-e3008cc7-e02c-474d-b76f-baad1d9d6246 2956132494344d6e9c24a0d374df1bea d93b79dfa41e4723ab3bc9256dd61450 - - - -] 10.0.0.125 "POST /v2.0/networks HTTP/1.1" status: 201 len: 944 time: 0.8516986
2026-05-11 06:47:21.879 10 WARNING neutron.scheduler.dhcp_agent_scheduler [None req-9707bdd8-2f8c-4f3d-a6f6-0c94d86b1b1b 2956132494344d6e9c24a0d374df1bea d93b79dfa41e4723ab3bc9256dd61450 - - - -] No more DHCP agents
2026-05-11 06:47:21.883 10 WARNING neutron.api.rpc.agentnotifiers.dhcp_rpc_agent_api [None req-9707bdd8-2f8c-4f3d-a6f6-0c94d86b1b1b 2956132494344d6e9c24a0d374df1bea d93b79dfa41e4723ab3bc9256dd61450 - - - -] Unable to schedule network 1e0e4ea9-750b-470e-bc4b-7f321f50ddb7: no agents available; will retry on subsequent port and subnet creation events.
2026-05-11 06:47:21.991 9 INFO neutron.wsgi [None req-5e0b539c-5976-49f1-a3a3-cdbc0b4a64c5 fa30c9da5ada4cd68f7e5f31796f256d 292f6e5f4e304c10bbc8caa2043c4d74 - - - -] 10.0.0.125 "DELETE /v2.0/networks/fdc08d4c-9c6f-4f48-9e9d-c7da140f28ba HTTP/1.1" status: 204 len: 168 time: 0.4097042
2026-05-11 06:47:21.994 9 INFO neutron.services.segments.plugin [-] Segment 803a20e6-b38a-4e6f-9275-eccc03249cfa resource provider aggregate not found
2026-05-11 06:47:21.999 9 INFO neutron.services.segments.plugin [-] Segment 803a20e6-b38a-4e6f-9275-eccc03249cfa resource provider aggregate not found
2026-05-11 06:47:22.025 9 INFO neutron.services.segments.plugin [-] Segment 803a20e6-b38a-4e6f-9275-eccc03249cfa resource provider not found; error: Placement Client Error (4xx): {"errors": [{"status": 404, "title": "Not Found", "detail": "The resource could not be found.\n\n No resource provider with uuid 803a20e6-b38a-4e6f-9275-eccc03249cfa found for delete ", "request_id": "req-47dd5b30-a9a2-4d75-b56d-07e80209c06b"}]}
2026-05-11 06:47:22.028 9 INFO neutron.services.segments.plugin [-] Segment 803a20e6-b38a-4e6f-9275-eccc03249cfa resource provider not found; error: Placement Client Error (4xx): {"errors": [{"status": 404, "title": "Not Found", "detail": "The resource could not be found.\n\n No resource provider with uuid 803a20e6-b38a-4e6f-9275-eccc03249cfa found for delete ", "request_id": "req-e201a633-6e5e-4943-a82c-0b69783a2838"}]}
2026-05-11 06:47:22.457 9 INFO neutron.wsgi [None req-7f9b45bb-b200-41f1-ac49-c46357e6bd87 7686ba09877d4bf0a454608a681ab8bb 8d110e1554964903814f4cd3ec345a4f - - - -] 10.0.0.125 "POST /v2.0/subnetpools HTTP/1.1" status: 201 len: 747 time: 0.3112173
2026-05-11 06:47:22.496 9 INFO neutron.wsgi [None req-0f598f95-79f9-4cf7-9340-2dc1f988bb6b 7686ba09877d4bf0a454608a681ab8bb 8d110e1554964903814f4cd3ec345a4f - - default default] 10.0.0.125 "GET /v2.0/subnetpools/e6f551a2-3042-4719-8011-29a31fe721fa HTTP/1.1" status: 200 len: 742 time: 0.0299942
2026-05-11 06:47:22.565 10 INFO neutron.wsgi [None req-dff6ae82-d932-4a7c-8505-c843605613cb 2956132494344d6e9c24a0d374df1bea d93b79dfa41e4723ab3bc9256dd61450 - - default default] 10.0.0.125 "GET /v2.0/security-groups?tenant_id=292f6e5f4e304c10bbc8caa2043c4d74&name=default HTTP/1.1" status: 200 len: 2996 time: 0.0767078
2026-05-11 06:47:22.576 9 INFO neutron.wsgi [None req-405ed987-0476-4f48-a9be-2a594694d680 7686ba09877d4bf0a454608a681ab8bb 8d110e1554964903814f4cd3ec345a4f - - - -] 10.0.0.125 "PUT /v2.0/subnetpools/e6f551a2-3042-4719-8011-29a31fe721fa HTTP/1.1" status: 200 len: 694 time: 0.0744853
2026-05-11 06:47:22.604 9 INFO neutron.db.ovn_revision_numbers_db [None req-3c4572ed-c4bf-4872-9135-3653698ba87f 2956132494344d6e9c24a0d374df1bea d93b79dfa41e4723ab3bc9256dd61450 - - default default] Successfully bumped revision number for resource 43e33eb7-d121-4e54-8027-3ad39807f927 (type: security_groups) to 1
2026-05-11 06:47:22.657 9 INFO neutron.wsgi [None req-3c4572ed-c4bf-4872-9135-3653698ba87f 2956132494344d6e9c24a0d374df1bea d93b79dfa41e4723ab3bc9256dd61450 - - default default] 10.0.0.125 "GET /v2.0/security-groups?tenant_id=234747ff8b9b4216adfebc463b68ecb5&name=default HTTP/1.1" status: 200 len: 2996 time: 0.2783082
2026-05-11 06:47:22.676 10 INFO neutron.db.ovn_revision_numbers_db [None req-9707bdd8-2f8c-4f3d-a6f6-0c94d86b1b1b 2956132494344d6e9c24a0d374df1bea d93b79dfa41e4723ab3bc9256dd61450 - - - -] Successfully bumped revision number for resource 34dce688-8187-4d32-bdca-4b49c52ec8f4 (type: ports) to 2
2026-05-11 06:47:22.684 9 INFO neutron.wsgi [None req-320400f5-35c8-493e-a2ee-e52ea07bceb0 7686ba09877d4bf0a454608a681ab8bb 8d110e1554964903814f4cd3ec345a4f - - - -] 10.0.0.125 "DELETE /v2.0/subnetpools/e6f551a2-3042-4719-8011-29a31fe721fa HTTP/1.1" status: 204 len: 168 time: 0.0946424
2026-05-11 06:47:22.708 10 INFO neutron.db.ovn_revision_numbers_db [None req-9707bdd8-2f8c-4f3d-a6f6-0c94d86b1b1b 2956132494344d6e9c24a0d374df1bea d93b79dfa41e4723ab3bc9256dd61450 - - - -] Successfully bumped revision number for resource dd2fc3e9-d83f-4248-86bc-b4cabe251c33 (type: subnets) to 0
2026-05-11 06:47:22.714 10 INFO neutron.api.v2.resource [None req-81425b3a-e3dd-4077-98c7-fe8ede014b19 7686ba09877d4bf0a454608a681ab8bb 8d110e1554964903814f4cd3ec345a4f - - default default] show failed (client error): The resource could not be found.
2026-05-11 06:47:22.715 10 INFO neutron.wsgi [None req-81425b3a-e3dd-4077-98c7-fe8ede014b19 7686ba09877d4bf0a454608a681ab8bb 8d110e1554964903814f4cd3ec345a4f - - default default] 10.0.0.125 "GET /v2.0/subnetpools/e6f551a2-3042-4719-8011-29a31fe721fa HTTP/1.1" status: 404 len: 346 time: 0.0238848
2026-05-11 06:47:22.732 10 INFO neutron.wsgi [None req-9707bdd8-2f8c-4f3d-a6f6-0c94d86b1b1b 2956132494344d6e9c24a0d374df1bea d93b79dfa41e4723ab3bc9256dd61450 - - - -] 10.0.0.125 "POST /v2.0/subnets HTTP/1.1" status: 201 len: 865 time: 1.0179138
2026-05-11 06:47:22.737 10 INFO neutron.api.v2.resource [None req-e8ad8422-dbfe-4834-aa34-0b011f8a0cc8 7686ba09877d4bf0a454608a681ab8bb 8d110e1554964903814f4cd3ec345a4f - - - -] delete failed (client error): The resource could not be found.
2026-05-11 06:47:22.738 10 INFO neutron.wsgi [None req-e8ad8422-dbfe-4834-aa34-0b011f8a0cc8 7686ba09877d4bf0a454608a681ab8bb 8d110e1554964903814f4cd3ec345a4f - - - -] 10.0.0.125 "DELETE /v2.0/subnetpools/e6f551a2-3042-4719-8011-29a31fe721fa HTTP/1.1" status: 404 len: 346 time: 0.0170729
2026-05-11 06:47:22.870 10 INFO neutron.wsgi [None req-fe74736f-a427-4b05-ac74-ea6f53fdc3ad 2956132494344d6e9c24a0d374df1bea d93b79dfa41e4723ab3bc9256dd61450 - - - -] 10.0.0.125 "DELETE /v2.0/security-groups/43e33eb7-d121-4e54-8027-3ad39807f927 HTTP/1.1" status: 204 len: 168 time: 0.2045722
2026-05-11 06:47:22.982 9 INFO neutron.wsgi [None req-1592da49-66a6-4783-8898-9a86651d8770 2956132494344d6e9c24a0d374df1bea d93b79dfa41e4723ab3bc9256dd61450 - - - -] 10.0.0.125 "DELETE /v2.0/security-groups/1df2f676-5f0b-4c2f-8415-ade5b971a9d9 HTTP/1.1" status: 204 len: 168 time: 0.3942215
2026-05-11 06:47:23.112 10 INFO neutron.db.ovn_revision_numbers_db [None req-bd55a7b6-9d3d-4b8d-9015-223f12f0cc4f 2956132494344d6e9c24a0d374df1bea d93b79dfa41e4723ab3bc9256dd61450 - - default default] Successfully bumped revision number for resource 1909c3db-1576-4841-9acd-1be92dd9c5ad (type: security_groups) to 1
2026-05-11 06:47:23.141 10 INFO neutron.wsgi [None req-bd55a7b6-9d3d-4b8d-9015-223f12f0cc4f 2956132494344d6e9c24a0d374df1bea d93b79dfa41e4723ab3bc9256dd61450 - - default default] 10.0.0.125 "GET /v2.0/security-groups?tenant_id=418a0cf55374427884d043b52c5cd72b&name=default HTTP/1.1" status: 200 len: 2996 time: 0.1189365
2026-05-11 06:47:23.302 9 WARNING neutron.scheduler.dhcp_agent_scheduler [None req-ca86b8a0-c1db-477c-9f55-8269e43b66ce 2956132494344d6e9c24a0d374df1bea d93b79dfa41e4723ab3bc9256dd61450 - - - -] No more DHCP agents
2026-05-11 06:47:23.304 9 WARNING neutron.api.rpc.agentnotifiers.dhcp_rpc_agent_api [None req-ca86b8a0-c1db-477c-9f55-8269e43b66ce 2956132494344d6e9c24a0d374df1bea d93b79dfa41e4723ab3bc9256dd61450 - - - -] Unable to schedule network 0a10a0d7-b040-4e55-a4f4-7073dd8a0e77: no agents available; will retry on subsequent port and subnet creation events.
2026-05-11 06:47:23.341 10 INFO neutron.wsgi [None req-84d77f64-7d29-42ab-893e-0c9519a53c0f 2956132494344d6e9c24a0d374df1bea d93b79dfa41e4723ab3bc9256dd61450 - - - -] 10.0.0.125 "DELETE /v2.0/security-groups/1909c3db-1576-4841-9acd-1be92dd9c5ad HTTP/1.1" status: 204 len: 168 time: 0.1937652
2026-05-11 06:47:23.485 9 INFO neutron.db.ovn_revision_numbers_db [None req-ca86b8a0-c1db-477c-9f55-8269e43b66ce 2956132494344d6e9c24a0d374df1bea d93b79dfa41e4723ab3bc9256dd61450 - - - -] Successfully bumped revision number for resource 402a324b-8075-4082-8491-fa8575af7abd (type: ports) to 1
2026-05-11 06:47:23.565 9 INFO neutron.db.ovn_revision_numbers_db [None req-87bbc480-82b2-4e8e-b33c-dbef8b9fe869 2956132494344d6e9c24a0d374df1bea d93b79dfa41e4723ab3bc9256dd61450 - - default default] Successfully bumped revision number for resource 6f6151a1-ac01-4561-8565-412d9ca5695f (type: security_groups) to 1
2026-05-11 06:47:23.611 9 INFO neutron.wsgi [None req-87bbc480-82b2-4e8e-b33c-dbef8b9fe869 2956132494344d6e9c24a0d374df1bea d93b79dfa41e4723ab3bc9256dd61450 - - default default] 10.0.0.125 "GET /v2.0/security-groups?tenant_id=8d110e1554964903814f4cd3ec345a4f&name=default HTTP/1.1" status: 200 len: 2996 time: 0.3929062
2026-05-11 06:47:23.785 10 INFO neutron.wsgi [None req-daac2326-e783-4f55-b95d-7b05f06ec276 2956132494344d6e9c24a0d374df1bea d93b79dfa41e4723ab3bc9256dd61450 - - - -] 10.0.0.125 "DELETE /v2.0/security-groups/6f6151a1-ac01-4561-8565-412d9ca5695f HTTP/1.1" status: 204 len: 168 time: 0.1660609
2026-05-11 06:47:24.118 10 INFO neutron.plugins.ml2.drivers.ovn.mech_driver.mech_driver [None req-7ed45dec-ef09-4a9f-955d-6f4b4fa90417 - - - - - -] OVN reports status up for port: 402a324b-8075-4082-8491-fa8575af7abd
2026-05-11 06:47:24.128 9 INFO neutron.db.ovn_revision_numbers_db [None req-ca86b8a0-c1db-477c-9f55-8269e43b66ce 2956132494344d6e9c24a0d374df1bea d93b79dfa41e4723ab3bc9256dd61450 - - - -] Successfully bumped revision number for resource 402a324b-8075-4082-8491-fa8575af7abd (type: router_ports) to 1
2026-05-11 06:47:24.129 10 INFO neutron.plugins.ml2.drivers.ovn.mech_driver.ovsdb.ovsdb_monitor [None req-dd2c96d6-f525-4f62-8e01-03ffadd50f63 - - - - - -] Router b2df416e-c165-4bbb-ae35-2b53f2010d47 is bound to host instance
2026-05-11 06:47:24.156 10 INFO neutron.plugins.ml2.plugin [None req-7ed45dec-ef09-4a9f-955d-6f4b4fa90417 - - - - - -] Attempt 1 to provision port 402a324b-8075-4082-8491-fa8575af7abd
2026-05-11 06:47:24.214 9 INFO neutron.db.ovn_revision_numbers_db [None req-ca86b8a0-c1db-477c-9f55-8269e43b66ce 2956132494344d6e9c24a0d374df1bea d93b79dfa41e4723ab3bc9256dd61450 - - - -] Successfully bumped revision number for resource b2df416e-c165-4bbb-ae35-2b53f2010d47 (type: routers) to 3
2026-05-11 06:47:24.248 9 INFO neutron.wsgi [None req-ca86b8a0-c1db-477c-9f55-8269e43b66ce 2956132494344d6e9c24a0d374df1bea d93b79dfa41e4723ab3bc9256dd61450 - - - -] 10.0.0.125 "POST /v2.0/routers HTTP/1.1" status: 201 len: 876 time: 1.5114412
2026-05-11 06:47:24.704 10 INFO neutron.db.ovn_revision_numbers_db [None req-dd2c96d6-f525-4f62-8e01-03ffadd50f63 - - - - - -] Successfully bumped revision number for resource 402a324b-8075-4082-8491-fa8575af7abd (type: ports) to 1
2026-05-11 06:47:24.959 10 INFO neutron.db.ovn_revision_numbers_db [None req-dd2c96d6-f525-4f62-8e01-03ffadd50f63 - - - - - -] Successfully bumped revision number for resource 402a324b-8075-4082-8491-fa8575af7abd (type: router_ports) to 3
2026-05-11 06:47:25.049 9 WARNING neutron.scheduler.dhcp_agent_scheduler [None req-e5420417-491b-401a-8aa2-2eb54409405d 2956132494344d6e9c24a0d374df1bea d93b79dfa41e4723ab3bc9256dd61450 - - default default] No more DHCP agents
2026-05-11 06:47:25.058 9 WARNING neutron.api.rpc.agentnotifiers.dhcp_rpc_agent_api [None req-e5420417-491b-401a-8aa2-2eb54409405d 2956132494344d6e9c24a0d374df1bea d93b79dfa41e4723ab3bc9256dd61450 - - default default] Unable to schedule network 1e0e4ea9-750b-470e-bc4b-7f321f50ddb7: no agents available; will retry on subsequent port and subnet creation events.
2026-05-11 06:47:25.084 9 INFO neutron.db.ovn_revision_numbers_db [None req-a6a87697-e1f5-46fe-8a6b-3fd7f505586c a12d2dafc6bd48b5ae89316cc3a25122 fc81d8be5d984b1da2f3c51742807fb3 - - - -] Successfully bumped revision number for resource 63d5fc56-6d3a-4f7e-9523-ec8da71d31df (type: security_groups) to 1
2026-05-11 06:47:25.109 10 INFO neutron.db.ovn_revision_numbers_db [None req-dd2c96d6-f525-4f62-8e01-03ffadd50f63 - - - - - -] Successfully bumped revision number for resource 402a324b-8075-4082-8491-fa8575af7abd (type: ports) to 2
2026-05-11 06:47:25.161 9 INFO neutron.db.segments_db [None req-a6a87697-e1f5-46fe-8a6b-3fd7f505586c a12d2dafc6bd48b5ae89316cc3a25122 fc81d8be5d984b1da2f3c51742807fb3 - - - -] Added segment 289d22c2-579f-41d1-8428-417d8aead416 of type geneve for network de96f889-6c78-4005-9a78-62d3b9a64871
2026-05-11 06:47:25.278 9 INFO neutron.db.ovn_revision_numbers_db [None req-e5420417-491b-401a-8aa2-2eb54409405d 2956132494344d6e9c24a0d374df1bea d93b79dfa41e4723ab3bc9256dd61450 - - default default] Successfully bumped revision number for resource b00f6df1-7c01-482e-927c-3b08eda4294c (type: ports) to 1
2026-05-11 06:47:25.346 10 INFO neutron.db.ovn_revision_numbers_db [None req-dd2c96d6-f525-4f62-8e01-03ffadd50f63 - - - - - -] Successfully bumped revision number for resource 402a324b-8075-4082-8491-fa8575af7abd (type: ports) to 4
2026-05-11 06:47:25.367 9 INFO neutron.db.ovn_revision_numbers_db [None req-a6a87697-e1f5-46fe-8a6b-3fd7f505586c a12d2dafc6bd48b5ae89316cc3a25122 fc81d8be5d984b1da2f3c51742807fb3 - - - -] Successfully bumped revision number for resource de96f889-6c78-4005-9a78-62d3b9a64871 (type: networks) to 1
2026-05-11 06:47:25.590 10 INFO neutron.db.ovn_revision_numbers_db [None req-dd2c96d6-f525-4f62-8e01-03ffadd50f63 - - - - - -] Successfully bumped revision number for resource 402a324b-8075-4082-8491-fa8575af7abd (type: router_ports) to 4
2026-05-11 06:47:25.600 9 WARNING neutron.scheduler.dhcp_agent_scheduler [None req-a6a87697-e1f5-46fe-8a6b-3fd7f505586c a12d2dafc6bd48b5ae89316cc3a25122 fc81d8be5d984b1da2f3c51742807fb3 - - - -] No more DHCP agents
2026-05-11 06:47:25.604 9 WARNING neutron.api.rpc.agentnotifiers.dhcp_rpc_agent_api [None req-a6a87697-e1f5-46fe-8a6b-3fd7f505586c a12d2dafc6bd48b5ae89316cc3a25122 fc81d8be5d984b1da2f3c51742807fb3 - - - -] Unable to schedule network de96f889-6c78-4005-9a78-62d3b9a64871: no agents available; will retry on subsequent port and subnet creation events.
2026-05-11 06:47:25.702 9 INFO neutron.db.ovn_revision_numbers_db [None req-a6a87697-e1f5-46fe-8a6b-3fd7f505586c a12d2dafc6bd48b5ae89316cc3a25122 fc81d8be5d984b1da2f3c51742807fb3 - - - -] Successfully bumped revision number for resource d18d7ba5-ed60-44f8-903b-903a7683e6a6 (type: ports) to 1
2026-05-11 06:47:25.738 9 INFO neutron.wsgi [None req-a6a87697-e1f5-46fe-8a6b-3fd7f505586c a12d2dafc6bd48b5ae89316cc3a25122 fc81d8be5d984b1da2f3c51742807fb3 - - - -] 10.0.0.125 "POST /v2.0/networks HTTP/1.1" status: 201 len: 832 time: 0.9453940
2026-05-11 06:47:25.862 9 INFO neutron.plugins.ml2.drivers.ovn.mech_driver.mech_driver [None req-56e01429-9035-4dbd-978f-f5772fa97956 - - - - - -] OVN reports status up for port: b00f6df1-7c01-482e-927c-3b08eda4294c
2026-05-11 06:47:25.877 9 INFO neutron.db.ovn_revision_numbers_db [None req-e5420417-491b-401a-8aa2-2eb54409405d 2956132494344d6e9c24a0d374df1bea d93b79dfa41e4723ab3bc9256dd61450 - - default default] Successfully bumped revision number for resource b00f6df1-7c01-482e-927c-3b08eda4294c (type: router_ports) to 2
2026-05-11 06:47:25.880 9 INFO neutron.plugins.ml2.plugin [None req-56e01429-9035-4dbd-978f-f5772fa97956 - - - - - -] Attempt 1 to provision port b00f6df1-7c01-482e-927c-3b08eda4294c
2026-05-11 06:47:25.884 9 INFO neutron.db.segments_db [None req-aa5e5729-796c-4cd3-84a7-40554d7fcdeb a12d2dafc6bd48b5ae89316cc3a25122 fc81d8be5d984b1da2f3c51742807fb3 - - - -] Added segment 40628293-eefb-432a-a642-1c9f2450aae0 of type geneve for network ac803cf2-3cf9-4f91-b6af-7472b13747ea
2026-05-11 06:47:26.074 9 INFO neutron.db.ovn_revision_numbers_db [None req-d6fc24c6-dacf-40cd-ab82-b4e93cc318ff 2956132494344d6e9c24a0d374df1bea d93b79dfa41e4723ab3bc9256dd61450 - - default default] Successfully bumped revision number for resource fc3e1d0c-7ea2-4537-b047-eb1963db248b (type: security_groups) to 1
2026-05-11 06:47:26.153 9 INFO neutron.wsgi [None req-d6fc24c6-dacf-40cd-ab82-b4e93cc318ff 2956132494344d6e9c24a0d374df1bea d93b79dfa41e4723ab3bc9256dd61450 - - default default] 10.0.0.125 "GET /v2.0/security-groups?tenant_id=38616a808fbe4c598c8510af2b4f5056&name=default HTTP/1.1" status: 200 len: 2996 time: 0.5501146
2026-05-11 06:47:26.173 9 INFO neutron.db.ovn_revision_numbers_db [None req-aa5e5729-796c-4cd3-84a7-40554d7fcdeb a12d2dafc6bd48b5ae89316cc3a25122 fc81d8be5d984b1da2f3c51742807fb3 - - - -] Successfully bumped revision number for resource ac803cf2-3cf9-4f91-b6af-7472b13747ea (type: networks) to 1
2026-05-11 06:47:26.247 9 INFO neutron.db.ovn_revision_numbers_db [None req-e5420417-491b-401a-8aa2-2eb54409405d 2956132494344d6e9c24a0d374df1bea d93b79dfa41e4723ab3bc9256dd61450 - - default default] Successfully bumped revision number for resource b00f6df1-7c01-482e-927c-3b08eda4294c (type: ports) to 2
2026-05-11 06:47:26.363 10 INFO neutron.db.ovn_revision_numbers_db [None req-dcee2311-85a9-47d0-8c8a-b4ea37b067a5 2956132494344d6e9c24a0d374df1bea d93b79dfa41e4723ab3bc9256dd61450 - - default default] Successfully bumped revision number for resource 21bf6652-b956-422d-b3fb-9ca663a11ced (type: security_groups) to 1
2026-05-11 06:47:26.385 10 INFO neutron.wsgi [None req-dcee2311-85a9-47d0-8c8a-b4ea37b067a5 2956132494344d6e9c24a0d374df1bea d93b79dfa41e4723ab3bc9256dd61450 - - default default] 10.0.0.125 "GET /v2.0/security-groups?tenant_id=4536a438cd7e432fba8a5c849b507bf2&name=default HTTP/1.1" status: 200 len: 2996 time: 0.3052297
2026-05-11 06:47:26.420 10 INFO neutron.wsgi [None req-bcb5f532-3200-4eea-9108-ef8ccb8b5cad 2956132494344d6e9c24a0d374df1bea d93b79dfa41e4723ab3bc9256dd61450 - - - -] 10.0.0.125 "DELETE /v2.0/security-groups/fc3e1d0c-7ea2-4537-b047-eb1963db248b HTTP/1.1" status: 204 len: 168 time: 0.2609501
2026-05-11 06:47:26.436 9 WARNING neutron.scheduler.dhcp_agent_scheduler [None req-e5420417-491b-401a-8aa2-2eb54409405d 2956132494344d6e9c24a0d374df1bea d93b79dfa41e4723ab3bc9256dd61450 - - default default] No more DHCP agents
2026-05-11 06:47:26.439 9 WARNING neutron.api.rpc.agentnotifiers.dhcp_rpc_agent_api [None req-e5420417-491b-401a-8aa2-2eb54409405d 2956132494344d6e9c24a0d374df1bea d93b79dfa41e4723ab3bc9256dd61450 - - default default] Unable to schedule network 1e0e4ea9-750b-470e-bc4b-7f321f50ddb7: no agents available; will retry on subsequent port and subnet creation events.
2026-05-11 06:47:26.474 9 INFO neutron.db.ovn_revision_numbers_db [None req-56e01429-9035-4dbd-978f-f5772fa97956 - - - - - -] Successfully bumped revision number for resource b00f6df1-7c01-482e-927c-3b08eda4294c (type: ports) to 3
2026-05-11 06:47:26.575 9 WARNING neutron.scheduler.dhcp_agent_scheduler [None req-aa5e5729-796c-4cd3-84a7-40554d7fcdeb a12d2dafc6bd48b5ae89316cc3a25122 fc81d8be5d984b1da2f3c51742807fb3 - - - -] No more DHCP agents
2026-05-11 06:47:26.580 9 WARNING neutron.api.rpc.agentnotifiers.dhcp_rpc_agent_api [None req-aa5e5729-796c-4cd3-84a7-40554d7fcdeb a12d2dafc6bd48b5ae89316cc3a25122 fc81d8be5d984b1da2f3c51742807fb3 - - - -] Unable to schedule network ac803cf2-3cf9-4f91-b6af-7472b13747ea: no agents available; will retry on subsequent port and subnet creation events.
2026-05-11 06:47:26.646 10 INFO neutron.wsgi [None req-ec781a94-3e35-4318-9cc2-ab06fdb067d7 2956132494344d6e9c24a0d374df1bea d93b79dfa41e4723ab3bc9256dd61450 - - - -] 10.0.0.125 "DELETE /v2.0/security-groups/21bf6652-b956-422d-b3fb-9ca663a11ced HTTP/1.1" status: 204 len: 168 time: 0.2485363
2026-05-11 06:47:26.705 9 INFO neutron.db.ovn_revision_numbers_db [None req-aa5e5729-796c-4cd3-84a7-40554d7fcdeb a12d2dafc6bd48b5ae89316cc3a25122 fc81d8be5d984b1da2f3c51742807fb3 - - - -] Successfully bumped revision number for resource e629b490-5caf-453a-9dd5-b2f7aee36ad1 (type: ports) to 1
2026-05-11 06:47:26.730 9 INFO neutron.db.ovn_revision_numbers_db [None req-56e01429-9035-4dbd-978f-f5772fa97956 - - - - - -] Successfully bumped revision number for resource b00f6df1-7c01-482e-927c-3b08eda4294c (type: router_ports) to 3
2026-05-11 06:47:26.755 9 INFO neutron.wsgi [None req-aa5e5729-796c-4cd3-84a7-40554d7fcdeb a12d2dafc6bd48b5ae89316cc3a25122 fc81d8be5d984b1da2f3c51742807fb3 - - - -] 10.0.0.125 "POST /v2.0/networks HTTP/1.1" status: 201 len: 833 time: 1.0115466
2026-05-11 06:47:26.992 9 INFO neutron.db.ovn_revision_numbers_db [None req-e5420417-491b-401a-8aa2-2eb54409405d 2956132494344d6e9c24a0d374df1bea d93b79dfa41e4723ab3bc9256dd61450 - - - -] Successfully bumped revision number for resource b00f6df1-7c01-482e-927c-3b08eda4294c (type: router_ports) to 3
2026-05-11 06:47:26.995 9 INFO neutron.wsgi [None req-e5420417-491b-401a-8aa2-2eb54409405d 2956132494344d6e9c24a0d374df1bea d93b79dfa41e4723ab3bc9256dd61450 - - - -] 10.0.0.125 "PUT /v2.0/routers/b2df416e-c165-4bbb-ae35-2b53f2010d47/add_router_interface HTTP/1.1" status: 200 len: 503 time: 2.7412515
2026-05-11 06:47:27.059 10 WARNING neutron.scheduler.dhcp_agent_scheduler [None req-368d23e0-d742-450c-9087-1c78f93964b4 a12d2dafc6bd48b5ae89316cc3a25122 fc81d8be5d984b1da2f3c51742807fb3 - - - -] No more DHCP agents
2026-05-11 06:47:27.061 10 WARNING neutron.api.rpc.agentnotifiers.dhcp_rpc_agent_api [None req-368d23e0-d742-450c-9087-1c78f93964b4 a12d2dafc6bd48b5ae89316cc3a25122 fc81d8be5d984b1da2f3c51742807fb3 - - - -] Unable to schedule network de96f889-6c78-4005-9a78-62d3b9a64871: no agents available; will retry on subsequent port and subnet creation events.
2026-05-11 06:47:27.082 10 INFO neutron.db.ovn_revision_numbers_db [None req-368d23e0-d742-450c-9087-1c78f93964b4 a12d2dafc6bd48b5ae89316cc3a25122 fc81d8be5d984b1da2f3c51742807fb3 - - - -] Successfully bumped revision number for resource 52f709a9-65af-4f0d-b5fa-6c7140c45034 (type: subnets) to 0
2026-05-11 06:47:27.101 10 INFO neutron.wsgi [None req-368d23e0-d742-450c-9087-1c78f93964b4 a12d2dafc6bd48b5ae89316cc3a25122 fc81d8be5d984b1da2f3c51742807fb3 - - - -] 10.0.0.125 "POST /v2.0/subnets HTTP/1.1" status: 201 len: 821 time: 0.3395636
2026-05-11 06:47:27.365 10 WARNING neutron.scheduler.dhcp_agent_scheduler [None req-85ceb3ff-82d8-450a-90bc-3d4538affb1c a12d2dafc6bd48b5ae89316cc3a25122 fc81d8be5d984b1da2f3c51742807fb3 - - - -] No more DHCP agents
2026-05-11 06:47:27.370 10 WARNING neutron.api.rpc.agentnotifiers.dhcp_rpc_agent_api [None req-85ceb3ff-82d8-450a-90bc-3d4538affb1c a12d2dafc6bd48b5ae89316cc3a25122 fc81d8be5d984b1da2f3c51742807fb3 - - - -] Unable to schedule network ac803cf2-3cf9-4f91-b6af-7472b13747ea: no agents available; will retry on subsequent port and subnet creation events.
2026-05-11 06:47:27.398 10 INFO neutron.db.ovn_revision_numbers_db [None req-85ceb3ff-82d8-450a-90bc-3d4538affb1c a12d2dafc6bd48b5ae89316cc3a25122 fc81d8be5d984b1da2f3c51742807fb3 - - - -] Successfully bumped revision number for resource 8e31fcfd-11ec-4012-8c9b-cffe5bcf283f (type: subnets) to 0
