+ COMMAND=start + start + start_ovn + exec neutron-server --config-file /etc/neutron/neutron.conf --config-file /tmp/pod-shared/ovn.ini --config-file /etc/neutron/plugins/ml2/ml2_conf.ini /var/lib/openstack/lib/python3.10/site-packages/munch/__init__.py:24: UserWarning: pkg_resources is deprecated as an API. See https://setuptools.pypa.io/en/latest/pkg_resources.html. The pkg_resources package is slated for removal as early as 2025-11-30. Refrain from using this package or pin to Setuptools<81. import pkg_resources
2026-05-11 06:11:51.640 1 INFO neutron.common.config [-] Logging enabled!
2026-05-11 06:11:51.640 1 INFO neutron.common.config [-] /var/lib/openstack/bin/neutron-server version 21.2.2.dev24
2026-05-11 06:11:51.642 1 INFO neutron.common.config [-] Logging enabled!
2026-05-11 06:11:51.642 1 INFO neutron.common.config [-] /var/lib/openstack/bin/neutron-server version 21.2.2.dev24
2026-05-11 06:11:51.873 1 INFO neutron.manager [-] Loading core plugin: ml2
2026-05-11 06:11:52.597 1 INFO neutron.plugins.ml2.managers [-] Configured type driver names: ['flat', 'vlan', 'geneve']
2026-05-11 06:11:52.600 1 INFO neutron.plugins.ml2.drivers.type_flat [-] Arbitrary flat physical_network names allowed
2026-05-11 06:11:52.603 1 INFO neutron.plugins.ml2.drivers.type_vlan [-] Network VLAN ranges: OrderedDict([('external', [(1, 4094)])])
2026-05-11 06:11:52.603 1 INFO neutron.plugins.ml2.managers [-] Loaded type driver names: ['flat', 'geneve', 'vlan']
2026-05-11 06:11:52.603 1 INFO neutron.plugins.ml2.managers [-] Registered types: dict_keys(['flat', 'geneve', 'vlan'])
2026-05-11 06:11:52.603 1 INFO neutron.plugins.ml2.managers [-] Tenant network_types: ['geneve']
2026-05-11 06:11:52.603 1 INFO neutron.plugins.ml2.managers [-] Configured extension driver names: ['dns_domain_ports', 'port_security', 'qos']
2026-05-11 06:11:52.608 1 INFO neutron.plugins.ml2.managers [-] Loaded extension driver names: ['dns_domain_ports', 'port_security', 'qos']
2026-05-11 06:11:52.608 1 INFO neutron.plugins.ml2.managers [-] Registered extension drivers: ['dns_domain_ports', 'port_security', 'qos']
2026-05-11 06:11:52.608 1 INFO neutron.plugins.ml2.managers [-] Configured mechanism driver names: ['ovn']
2026-05-11 06:11:52.959 1 INFO neutron.plugins.ml2.managers [-] Loaded mechanism driver names: ['ovn']
2026-05-11 06:11:52.959 1 INFO neutron.plugins.ml2.managers [-] Registered mechanism drivers: ['ovn']
2026-05-11 06:11:52.960 1 INFO neutron.plugins.ml2.managers [-] No mechanism drivers provide segment reachability information for agent scheduling.
2026-05-11 06:11:52.979 1 INFO neutron.plugins.ml2.managers [-] Initializing driver for type 'flat'
2026-05-11 06:11:52.980 1 INFO neutron.plugins.ml2.drivers.type_flat [-] ML2 FlatTypeDriver initialization complete
2026-05-11 06:11:52.980 1 INFO neutron.plugins.ml2.managers [-] Initializing driver for type 'geneve'
2026-05-11 06:11:52.980 1 INFO neutron.plugins.ml2.drivers.type_tunnel [-] geneve ID ranges: [(1, 65536)]
2026-05-11 06:11:55.056 1 INFO neutron.plugins.ml2.managers [None req-565cc7d9-0d41-4e2e-a6d7-2190c38cec14 - - - - - -] Initializing driver for type 'vlan'
2026-05-11 06:11:55.198 1 INFO neutron.plugins.ml2.drivers.type_vlan [None req-565cc7d9-0d41-4e2e-a6d7-2190c38cec14 - - - - - -] VlanTypeDriver initialization complete
2026-05-11 06:11:55.199 1 INFO neutron.plugins.ml2.managers [None req-565cc7d9-0d41-4e2e-a6d7-2190c38cec14 - - - - - -] Initializing extension driver 'dns_domain_ports'
2026-05-11 06:11:55.199 1 INFO neutron.plugins.ml2.extensions.dns_integration [None req-565cc7d9-0d41-4e2e-a6d7-2190c38cec14 - - - - - -] DNSDomainPortsExtensionDriver initialization complete
2026-05-11 06:11:55.199 1 INFO neutron.plugins.ml2.managers [None req-565cc7d9-0d41-4e2e-a6d7-2190c38cec14 - - - - - -] Initializing extension driver 'port_security'
2026-05-11 06:11:55.199 1 INFO neutron.plugins.ml2.extensions.port_security [None req-565cc7d9-0d41-4e2e-a6d7-2190c38cec14 - - - - - -] PortSecurityExtensionDriver initialization complete
2026-05-11 06:11:55.200 1 INFO neutron.plugins.ml2.managers [None req-565cc7d9-0d41-4e2e-a6d7-2190c38cec14 - - - - - -] Initializing extension driver 'qos'
2026-05-11 06:11:55.200 1 INFO neutron.plugins.ml2.managers [None req-565cc7d9-0d41-4e2e-a6d7-2190c38cec14 - - - - - -] Initializing mechanism driver 'ovn'
2026-05-11 06:11:55.200 1 INFO neutron.plugins.ml2.drivers.ovn.mech_driver.mech_driver [None req-565cc7d9-0d41-4e2e-a6d7-2190c38cec14 - - - - - -] Starting OVNMechanismDriver
2026-05-11 06:11:55.223 1 INFO neutron.services.logapi.drivers.ovn.driver [None req-565cc7d9-0d41-4e2e-a6d7-2190c38cec14 - - - - - -] OVN logging driver registered
2026-05-11 06:11:55.228 1 INFO neutron.quota [None req-565cc7d9-0d41-4e2e-a6d7-2190c38cec14 - - - - - -] Loaded quota_driver: .
2026-05-11 06:11:55.229 1 INFO neutron.plugins.ml2.plugin [None req-565cc7d9-0d41-4e2e-a6d7-2190c38cec14 - - - - - -] Modular L2 Plugin initialization complete
2026-05-11 06:11:55.229 1 INFO neutron.plugins.ml2.managers [None req-565cc7d9-0d41-4e2e-a6d7-2190c38cec14 - - - - - -] Got dns-integration extension from driver 'dns_domain_ports'
2026-05-11 06:11:55.229 1 INFO neutron.plugins.ml2.managers [None req-565cc7d9-0d41-4e2e-a6d7-2190c38cec14 - - - - - -] Got dns-domain-ports extension from driver 'dns_domain_ports'
2026-05-11 06:11:55.229 1 INFO neutron.plugins.ml2.managers [None req-565cc7d9-0d41-4e2e-a6d7-2190c38cec14 - - - - - -] Got port-security extension from driver 'port_security'
2026-05-11 06:11:55.229 1 INFO neutron.extensions.vlantransparent [None req-565cc7d9-0d41-4e2e-a6d7-2190c38cec14 - - - - - -] Disabled vlantransparent extension.
2026-05-11 06:11:55.229 1 INFO neutron.manager [None req-565cc7d9-0d41-4e2e-a6d7-2190c38cec14 - - - - - -] Loading Plugin: qos
2026-05-11 06:11:55.238 1 INFO neutron.manager [None req-565cc7d9-0d41-4e2e-a6d7-2190c38cec14 - - - - - -] Loading Plugin: ovn-router
2026-05-11 06:11:55.252 1 INFO neutron.services.ovn_l3.plugin [None req-565cc7d9-0d41-4e2e-a6d7-2190c38cec14 - - - - - -] Starting OVNL3RouterPlugin
2026-05-11 06:11:55.253 1 INFO neutron.manager [None req-565cc7d9-0d41-4e2e-a6d7-2190c38cec14 - - - - - -] Loading Plugin: segments
2026-05-11 06:11:55.326 1 INFO neutron.manager [None req-565cc7d9-0d41-4e2e-a6d7-2190c38cec14 - - - - - -] Loading Plugin: trunk
2026-05-11 06:11:55.332 1 INFO neutron.manager [None req-565cc7d9-0d41-4e2e-a6d7-2190c38cec14 - - - - - -] Loading Plugin: log
2026-05-11 06:11:55.334 1 INFO neutron.manager [None req-565cc7d9-0d41-4e2e-a6d7-2190c38cec14 - - - - - -] Loading Plugin: auto_allocate
2026-05-11 06:11:55.337 1 INFO neutron.manager [None req-565cc7d9-0d41-4e2e-a6d7-2190c38cec14 - - - - - -] Loading Plugin: tag
2026-05-11 06:11:55.340 1 INFO neutron.manager [None req-565cc7d9-0d41-4e2e-a6d7-2190c38cec14 - - - - - -] Loading Plugin: timestamp
2026-05-11 06:11:55.342 1 INFO neutron.manager [None req-565cc7d9-0d41-4e2e-a6d7-2190c38cec14 - - - - - -] Loading Plugin: network_ip_availability
2026-05-11 06:11:55.346 1 INFO neutron.manager [None req-565cc7d9-0d41-4e2e-a6d7-2190c38cec14 - - - - - -] Loading Plugin: flavors
2026-05-11 06:11:55.349 1 INFO neutron.manager [None req-565cc7d9-0d41-4e2e-a6d7-2190c38cec14 - - - - - -] Loading Plugin: revisions
2026-05-11 06:11:55.351 1 INFO neutron.api.extensions [None req-565cc7d9-0d41-4e2e-a6d7-2190c38cec14 - - - - - -] Initializing extension manager.
2026-05-11 06:11:55.352 1 INFO neutron.api.extensions [None req-565cc7d9-0d41-4e2e-a6d7-2190c38cec14 - - - - - -] Loaded extension: address-group
2026-05-11 06:11:55.353 1 INFO neutron.api.extensions [None req-565cc7d9-0d41-4e2e-a6d7-2190c38cec14 - - - - - -] Loaded extension: address-scope
2026-05-11 06:11:55.353 1 INFO neutron.api.extensions [None req-565cc7d9-0d41-4e2e-a6d7-2190c38cec14 - - - - - -] Extension router-admin-state-down-before-update not supported by any of loaded plugins
2026-05-11 06:11:55.354 1 INFO neutron.api.extensions [None req-565cc7d9-0d41-4e2e-a6d7-2190c38cec14 - - - - - -] Loaded extension: agent
2026-05-11 06:11:55.354 1 INFO neutron.api.extensions [None req-565cc7d9-0d41-4e2e-a6d7-2190c38cec14 - - - - - -] Extension agent-resources-synced not supported by any of loaded plugins
2026-05-11 06:11:55.355 1 INFO neutron.api.extensions [None req-565cc7d9-0d41-4e2e-a6d7-2190c38cec14 - - - - - -] Loaded extension: allowed-address-pairs
2026-05-11 06:11:55.356 1 INFO neutron.api.extensions [None req-565cc7d9-0d41-4e2e-a6d7-2190c38cec14 - - - - - -] Loaded extension: auto-allocated-topology
2026-05-11 06:11:55.356 1 INFO neutron.api.extensions [None req-565cc7d9-0d41-4e2e-a6d7-2190c38cec14 - - - - - -] Loaded extension: availability_zone
2026-05-11 06:11:55.357 1 INFO neutron.api.extensions [None req-565cc7d9-0d41-4e2e-a6d7-2190c38cec14 - - - - - -] Extension availability_zone_filter not supported by any of loaded plugins
2026-05-11 06:11:55.357 1 INFO neutron.api.extensions [None req-565cc7d9-0d41-4e2e-a6d7-2190c38cec14 - - - - - -] Extension data-plane-status not supported by any of loaded plugins
2026-05-11 06:11:55.358 1 INFO neutron.api.extensions [None req-565cc7d9-0d41-4e2e-a6d7-2190c38cec14 - - - - - -] Loaded extension: default-subnetpools
2026-05-11 06:11:55.359 1 INFO neutron.api.extensions [None req-565cc7d9-0d41-4e2e-a6d7-2190c38cec14 - - - - - -] Loaded extension: dhcp_agent_scheduler
2026-05-11 06:11:55.359 1 INFO neutron.api.extensions [None req-565cc7d9-0d41-4e2e-a6d7-2190c38cec14 - - - - - -] Loaded extension: dns-integration
2026-05-11 06:11:55.360 1 INFO neutron.api.extensions [None req-565cc7d9-0d41-4e2e-a6d7-2190c38cec14 - - - - - -] Loaded extension: dns-domain-ports
2026-05-11 06:11:55.360 1 INFO neutron.api.extensions [None req-565cc7d9-0d41-4e2e-a6d7-2190c38cec14 - - - - - -] Loaded extension: dns-integration-domain-keywords
2026-05-11 06:11:55.361 1 INFO neutron.api.extensions [None req-565cc7d9-0d41-4e2e-a6d7-2190c38cec14 - - - - - -] Extension dvr not supported by any of loaded plugins
2026-05-11 06:11:55.361 1 INFO neutron.api.extensions [None req-565cc7d9-0d41-4e2e-a6d7-2190c38cec14 - - - - - -] Extension ecmp_routes not supported by any of loaded plugins
2026-05-11 06:11:55.362 1 INFO neutron.api.extensions [None req-565cc7d9-0d41-4e2e-a6d7-2190c38cec14 - - - - - -] Extension empty-string-filtering not supported by any of loaded plugins
2026-05-11 06:11:55.362 1 INFO neutron.api.extensions [None req-565cc7d9-0d41-4e2e-a6d7-2190c38cec14 - - - - - -] Extension expose-l3-conntrack-helper not supported by any of loaded plugins
2026-05-11 06:11:55.363 1 INFO neutron.api.extensions [None req-565cc7d9-0d41-4e2e-a6d7-2190c38cec14 - - - - - -] Extension expose-port-forwarding-in-fip not supported by any of loaded plugins
2026-05-11 06:11:55.363 1 INFO neutron.api.extensions [None req-565cc7d9-0d41-4e2e-a6d7-2190c38cec14 - - - - - -] Loaded extension: external-net
2026-05-11 06:11:55.364 1 INFO neutron.api.extensions [None req-565cc7d9-0d41-4e2e-a6d7-2190c38cec14 - - - - - -] Loaded extension: extra_dhcp_opt
2026-05-11 06:11:55.364 1 INFO neutron.api.extensions [None req-565cc7d9-0d41-4e2e-a6d7-2190c38cec14 - - - - - -] Loaded extension: extraroute
2026-05-11 06:11:55.365 1 INFO neutron.api.extensions [None req-565cc7d9-0d41-4e2e-a6d7-2190c38cec14 - - - - - -] Extension extraroute-atomic not supported by any of loaded plugins
2026-05-11 06:11:55.365 1 INFO neutron.api.extensions [None req-565cc7d9-0d41-4e2e-a6d7-2190c38cec14 - - - - - -] Loaded extension: filter-validation
2026-05-11 06:11:55.365 1 INFO neutron.api.extensions [None req-565cc7d9-0d41-4e2e-a6d7-2190c38cec14 - - - - - -] Extension floating-ip-port-forwarding-description not supported by any of loaded plugins
2026-05-11 06:11:55.366 1 INFO neutron.api.extensions [None req-565cc7d9-0d41-4e2e-a6d7-2190c38cec14 - - - - - -] Loaded extension: floating-ip-port-forwarding-detail
2026-05-11 06:11:55.366 1 INFO neutron.api.extensions [None req-565cc7d9-0d41-4e2e-a6d7-2190c38cec14 - - - - - -] Extension floating-ip-port-forwarding-port-ranges not supported by any of loaded plugins
2026-05-11 06:11:55.367 1 INFO neutron.api.extensions [None req-565cc7d9-0d41-4e2e-a6d7-2190c38cec14 - - - - - -] Loaded extension: fip-port-details
2026-05-11 06:11:55.367 1 INFO neutron.api.extensions [None req-565cc7d9-0d41-4e2e-a6d7-2190c38cec14 - - - - - -] Loaded extension: flavors
2026-05-11 06:11:55.368 1 INFO neutron.api.extensions [None req-565cc7d9-0d41-4e2e-a6d7-2190c38cec14 - - - - - -] Extension floating-ip-port-forwarding not supported by any of loaded plugins
2026-05-11 06:11:55.369 1 INFO neutron.api.extensions [None req-565cc7d9-0d41-4e2e-a6d7-2190c38cec14 - - - - - -] Loaded extension: floatingip-pools
2026-05-11 06:11:55.369 1 INFO neutron.api.extensions [None req-565cc7d9-0d41-4e2e-a6d7-2190c38cec14 - - - - - -] Loaded extension: ip_allocation
2026-05-11 06:11:55.370 1 INFO neutron.api.extensions [None req-565cc7d9-0d41-4e2e-a6d7-2190c38cec14 - - - - - -] Extension ip-substring-filtering not supported by any of loaded plugins
2026-05-11 06:11:55.370 1 INFO neutron.api.extensions [None req-565cc7d9-0d41-4e2e-a6d7-2190c38cec14 - - - - - -] Loaded extension: l2_adjacency
2026-05-11 06:11:55.371 1 INFO neutron.api.extensions [None req-565cc7d9-0d41-4e2e-a6d7-2190c38cec14 - - - - - -] Loaded extension: router
2026-05-11 06:11:55.373 1 INFO neutron.api.extensions [None req-565cc7d9-0d41-4e2e-a6d7-2190c38cec14 - - - - - -] Extension l3-conntrack-helper not supported by any of loaded plugins
2026-05-11 06:11:55.373 1 INFO neutron.api.extensions [None req-565cc7d9-0d41-4e2e-a6d7-2190c38cec14 - - - - - -] Loaded extension: ext-gw-mode
2026-05-11 06:11:55.374 1 INFO neutron.api.extensions [None req-565cc7d9-0d41-4e2e-a6d7-2190c38cec14 - - - - - -] Extension l3-ha not supported by any of loaded plugins
2026-05-11 06:11:55.374 1 INFO neutron.api.extensions [None req-565cc7d9-0d41-4e2e-a6d7-2190c38cec14 - - - - - -] Extension l3-ext-ndp-proxy not supported by any of loaded plugins
2026-05-11 06:11:55.375 1 INFO neutron.api.extensions [None req-565cc7d9-0d41-4e2e-a6d7-2190c38cec14 - - - - - -] Extension l3-flavors not supported by any of loaded plugins
2026-05-11 06:11:55.375 1 INFO neutron.api.extensions [None req-565cc7d9-0d41-4e2e-a6d7-2190c38cec14 - - - - - -] Extension l3-ndp-proxy not supported by any of loaded plugins
2026-05-11 06:11:55.376 1 INFO neutron.api.extensions [None req-565cc7d9-0d41-4e2e-a6d7-2190c38cec14 - - - - - -] Extension l3-port-ip-change-not-allowed not supported by any of loaded plugins
2026-05-11 06:11:55.377 1 INFO neutron.api.extensions [None req-565cc7d9-0d41-4e2e-a6d7-2190c38cec14 - - - - - -] Extension l3_agent_scheduler not supported by any of loaded plugins
2026-05-11 06:11:55.378 1 INFO neutron.api.extensions [None req-565cc7d9-0d41-4e2e-a6d7-2190c38cec14 - - - - - -] Extension local_ip not supported by any of loaded plugins
2026-05-11 06:11:55.379 1 INFO neutron.api.extensions [None req-565cc7d9-0d41-4e2e-a6d7-2190c38cec14 - - - - - -] Loaded extension: logging
2026-05-11 06:11:55.380 1 INFO neutron.api.extensions [None req-565cc7d9-0d41-4e2e-a6d7-2190c38cec14 - - - - - -] Extension metering not supported by any of loaded plugins
2026-05-11 06:11:55.380 1 INFO neutron.api.extensions [None req-565cc7d9-0d41-4e2e-a6d7-2190c38cec14 - - - - - -] Extension metering_source_and_destination_fields not supported by any of loaded plugins
2026-05-11 06:11:55.381 1 INFO neutron.api.extensions [None req-565cc7d9-0d41-4e2e-a6d7-2190c38cec14 - - - - - -] Loaded extension: multi-provider
2026-05-11 06:11:55.381 1 INFO neutron.api.extensions [None req-565cc7d9-0d41-4e2e-a6d7-2190c38cec14 - - - - - -] Loaded extension: net-mtu
2026-05-11 06:11:55.382 1 INFO neutron.api.extensions [None req-565cc7d9-0d41-4e2e-a6d7-2190c38cec14 - - - - - -] Loaded extension: net-mtu-writable
2026-05-11 06:11:55.382 1 INFO neutron.api.extensions [None req-565cc7d9-0d41-4e2e-a6d7-2190c38cec14 - - - - - -] Loaded extension: network_availability_zone
2026-05-11 06:11:55.383 1 INFO neutron.api.extensions [None req-565cc7d9-0d41-4e2e-a6d7-2190c38cec14 - - - - - -] Loaded extension: network-ip-availability
2026-05-11 06:11:55.384 1 INFO neutron.api.extensions [None req-565cc7d9-0d41-4e2e-a6d7-2190c38cec14 - - - - - -] Extension network-segment-range not supported by any of loaded plugins
2026-05-11 06:11:55.384 1 INFO neutron.api.extensions [None req-565cc7d9-0d41-4e2e-a6d7-2190c38cec14 - - - - - -] Loaded extension: pagination
2026-05-11 06:11:55.384 1 INFO neutron.api.extensions [None req-565cc7d9-0d41-4e2e-a6d7-2190c38cec14 - - - - - -] Loaded extension: port-device-profile
2026-05-11 06:11:55.385 1 INFO neutron.api.extensions [None req-565cc7d9-0d41-4e2e-a6d7-2190c38cec14 - - - - - -] Extension port-mac-override not supported by any of loaded plugins
2026-05-11 06:11:55.385 1 INFO neutron.api.extensions [None req-565cc7d9-0d41-4e2e-a6d7-2190c38cec14 - - - - - -] Loaded extension: port-mac-address-regenerate
2026-05-11 06:11:55.386 1 INFO neutron.api.extensions [None req-565cc7d9-0d41-4e2e-a6d7-2190c38cec14 - - - - - -] Loaded extension: port-numa-affinity-policy
2026-05-11 06:11:55.386 1 INFO neutron.api.extensions [None req-565cc7d9-0d41-4e2e-a6d7-2190c38cec14 - - - - - -] Loaded extension: port-resource-request
2026-05-11 06:11:55.387 1 INFO neutron.api.extensions [None req-565cc7d9-0d41-4e2e-a6d7-2190c38cec14 - - - - - -] Loaded extension: port-resource-request-groups
2026-05-11 06:11:55.387 1 INFO neutron.api.extensions [None req-565cc7d9-0d41-4e2e-a6d7-2190c38cec14 - - - - - -] Loaded extension: binding
2026-05-11 06:11:55.388 1 INFO neutron.api.extensions [None req-565cc7d9-0d41-4e2e-a6d7-2190c38cec14 - - - - - -] Loaded extension: binding-extended
2026-05-11 06:11:55.388 1 INFO neutron.api.extensions [None req-565cc7d9-0d41-4e2e-a6d7-2190c38cec14 - - - - - -] Loaded extension: port-security
2026-05-11 06:11:55.389 1 INFO neutron.api.extensions [None req-565cc7d9-0d41-4e2e-a6d7-2190c38cec14 - - - - - -] Loaded extension: project-id
2026-05-11 06:11:55.389 1 INFO neutron.api.extensions [None req-565cc7d9-0d41-4e2e-a6d7-2190c38cec14 - - - - - -] Loaded extension: provider
2026-05-11 06:11:55.390 1 INFO neutron.api.extensions [None req-565cc7d9-0d41-4e2e-a6d7-2190c38cec14 - - - - - -] Loaded extension: qos
2026-05-11 06:11:55.391 1 INFO neutron.api.extensions [None req-565cc7d9-0d41-4e2e-a6d7-2190c38cec14 - - - - - -] Loaded extension: qos-bw-limit-direction
2026-05-11 06:11:55.392 1 INFO neutron.api.extensions [None req-565cc7d9-0d41-4e2e-a6d7-2190c38cec14 - - - - - -] Loaded extension: qos-bw-minimum-ingress
2026-05-11 06:11:55.392 1 INFO neutron.api.extensions [None req-565cc7d9-0d41-4e2e-a6d7-2190c38cec14 - - - - - -] Loaded extension: qos-default
2026-05-11 06:11:55.392 1 INFO neutron.api.extensions [None req-565cc7d9-0d41-4e2e-a6d7-2190c38cec14 - - - - - -] Loaded extension: qos-fip
2026-05-11 06:11:55.393 1 INFO neutron.api.extensions [None req-565cc7d9-0d41-4e2e-a6d7-2190c38cec14 - - - - - -] Extension qos-fip-network-policy not supported by any of loaded plugins
2026-05-11 06:11:55.393 1 INFO neutron.api.extensions [None req-565cc7d9-0d41-4e2e-a6d7-2190c38cec14 - - - - - -] Loaded extension: qos-gateway-ip
2026-05-11 06:11:55.394 1 INFO neutron.api.extensions [None req-565cc7d9-0d41-4e2e-a6d7-2190c38cec14 - - - - - -] Loaded extension: qos-port-network-policy
2026-05-11 06:11:55.394 1 INFO neutron.api.extensions [None req-565cc7d9-0d41-4e2e-a6d7-2190c38cec14 - - - - - -] Loaded extension: qos-pps-minimum
2026-05-11 06:11:55.395 1 INFO neutron.api.extensions [None req-565cc7d9-0d41-4e2e-a6d7-2190c38cec14 - - - - - -] Loaded extension: qos-pps-minimum-rule-alias
2026-05-11 06:11:55.395 1 INFO neutron.api.extensions [None req-565cc7d9-0d41-4e2e-a6d7-2190c38cec14 - - - - - -] Loaded extension: qos-pps
2026-05-11 06:11:55.396 1 INFO neutron.api.extensions [None req-565cc7d9-0d41-4e2e-a6d7-2190c38cec14 - - - - - -] Loaded extension: qos-rule-type-details
2026-05-11 06:11:55.396 1 INFO neutron.api.extensions [None req-565cc7d9-0d41-4e2e-a6d7-2190c38cec14 - - - - - -] Loaded extension: qos-rule-type-filter
2026-05-11 06:11:55.397 1 INFO neutron.api.extensions [None req-565cc7d9-0d41-4e2e-a6d7-2190c38cec14 - - - - - -] Loaded extension: qos-rules-alias
2026-05-11 06:11:55.397 1 INFO neutron.api.extensions [None req-565cc7d9-0d41-4e2e-a6d7-2190c38cec14 - - - - - -] Loaded extension: quota-check-limit
2026-05-11 06:11:55.399 1 INFO neutron.api.extensions [None req-565cc7d9-0d41-4e2e-a6d7-2190c38cec14 - - - - - -] Loaded extension: quotas
2026-05-11 06:11:55.399 1 INFO neutron.api.extensions [None req-565cc7d9-0d41-4e2e-a6d7-2190c38cec14 - - - - - -] Loaded extension: quota_details
2026-05-11 06:11:55.400 1 INFO neutron.api.extensions [None req-565cc7d9-0d41-4e2e-a6d7-2190c38cec14 - - - - - -] Loaded extension: rbac-policies
2026-05-11 06:11:55.401 1 INFO neutron.api.extensions [None req-565cc7d9-0d41-4e2e-a6d7-2190c38cec14 - - - - - -] Extension rbac-address-group not supported by any of loaded plugins
2026-05-11 06:11:55.401 1 INFO neutron.api.extensions [None req-565cc7d9-0d41-4e2e-a6d7-2190c38cec14 - - - - - -] Loaded extension: rbac-address-scope
2026-05-11 06:11:55.402 1 INFO neutron.api.extensions [None req-565cc7d9-0d41-4e2e-a6d7-2190c38cec14 - - - - - -] Loaded extension: rbac-security-groups
2026-05-11 06:11:55.402 1 INFO neutron.api.extensions [None req-565cc7d9-0d41-4e2e-a6d7-2190c38cec14 - - - - - -] Extension rbac-subnetpool not supported by any of loaded plugins
2026-05-11 06:11:55.403 1 INFO neutron.api.extensions [None req-565cc7d9-0d41-4e2e-a6d7-2190c38cec14 - - - - - -] Loaded extension: revision-if-match
2026-05-11 06:11:55.403 1 INFO neutron.api.extensions [None req-565cc7d9-0d41-4e2e-a6d7-2190c38cec14 - - - - - -] Loaded extension: standard-attr-revisions
2026-05-11 06:11:55.404 1 INFO neutron.api.extensions [None req-565cc7d9-0d41-4e2e-a6d7-2190c38cec14 - - - - - -] Loaded extension: router_availability_zone
2026-05-11 06:11:55.404 1 INFO neutron.api.extensions [None req-565cc7d9-0d41-4e2e-a6d7-2190c38cec14 - - - - - -] Extension router-service-type not supported by any of loaded plugins
2026-05-11 06:11:55.405 1 INFO neutron.api.extensions [None req-565cc7d9-0d41-4e2e-a6d7-2190c38cec14 - - - - - -] Loaded extension: security-groups-normalized-cidr
2026-05-11 06:11:55.405 1 INFO neutron.api.extensions [None req-565cc7d9-0d41-4e2e-a6d7-2190c38cec14 - - - - - -] Extension port-security-groups-filtering not supported by any of loaded plugins
2026-05-11 06:11:55.406 1 INFO neutron.api.extensions [None req-565cc7d9-0d41-4e2e-a6d7-2190c38cec14 - - - - - -] Loaded extension: security-groups-remote-address-group
2026-05-11 06:11:55.406 1 INFO neutron.api.extensions [None req-565cc7d9-0d41-4e2e-a6d7-2190c38cec14 - - - - - -] Loaded extension: security-groups-shared-filtering
2026-05-11 06:11:55.412 1 INFO neutron.api.extensions [None req-565cc7d9-0d41-4e2e-a6d7-2190c38cec14 - - - - - -] Loaded extension: security-group
2026-05-11 06:11:55.413 1 INFO neutron.api.extensions [None req-565cc7d9-0d41-4e2e-a6d7-2190c38cec14 - - - - - -] Loaded extension: segment
2026-05-11 06:11:55.413 1 INFO neutron.api.extensions [None req-565cc7d9-0d41-4e2e-a6d7-2190c38cec14 - - - - - -] Loaded extension: segments-peer-subnet-host-routes
2026-05-11 06:11:55.414 1 INFO neutron.api.extensions [None req-565cc7d9-0d41-4e2e-a6d7-2190c38cec14 - - - - - -] Loaded extension: service-type
2026-05-11 06:11:55.414 1 INFO neutron.api.extensions [None req-565cc7d9-0d41-4e2e-a6d7-2190c38cec14 - - - - - -] Loaded extension: sorting
2026-05-11 06:11:55.415 1 INFO neutron.api.extensions [None req-565cc7d9-0d41-4e2e-a6d7-2190c38cec14 - - - - - -] Loaded extension: standard-attr-segment
2026-05-11 06:11:55.415 1 INFO neutron.api.extensions [None req-565cc7d9-0d41-4e2e-a6d7-2190c38cec14 - - - - - -] Loaded extension: standard-attr-description
2026-05-11 06:11:55.416 1 INFO neutron.api.extensions [None req-565cc7d9-0d41-4e2e-a6d7-2190c38cec14 - - - - - -] Loaded extension: stateful-security-group
2026-05-11 06:11:55.416 1 WARNING neutron.api.extensions [None req-565cc7d9-0d41-4e2e-a6d7-2190c38cec14 - - - - - -] Did not find expected name "Stdattrs_common" in /var/lib/openstack/lib/python3.10/site-packages/neutron/extensions/stdattrs_common.py
2026-05-11 06:11:55.417 1 INFO neutron.api.extensions [None req-565cc7d9-0d41-4e2e-a6d7-2190c38cec14 - - - - - -] Loaded extension: subnet-dns-publish-fixed-ip
2026-05-11 06:11:55.417 1 INFO neutron.api.extensions [None req-565cc7d9-0d41-4e2e-a6d7-2190c38cec14 - - - - - -] Extension subnet_onboard not supported by any of loaded plugins
2026-05-11 06:11:55.417 1 INFO neutron.api.extensions [None req-565cc7d9-0d41-4e2e-a6d7-2190c38cec14 - - - - - -] Loaded extension: subnet-segmentid-writable
2026-05-11 06:11:55.418 1 INFO neutron.api.extensions [None req-565cc7d9-0d41-4e2e-a6d7-2190c38cec14 - - - - - -] Loaded extension: subnet-service-types
2026-05-11 06:11:55.418 1 INFO neutron.api.extensions [None req-565cc7d9-0d41-4e2e-a6d7-2190c38cec14 - - - - - -] Loaded extension: subnet_allocation
2026-05-11 06:11:55.419 1 INFO neutron.api.extensions [None req-565cc7d9-0d41-4e2e-a6d7-2190c38cec14 - - - - - -] Loaded extension: subnetpool-prefix-ops
2026-05-11 06:11:55.419 1 INFO neutron.api.extensions [None req-565cc7d9-0d41-4e2e-a6d7-2190c38cec14 - - - - - -] Extension tag-ports-during-bulk-creation not supported by any of loaded plugins
2026-05-11 06:11:55.421 1 INFO neutron.api.extensions [None req-565cc7d9-0d41-4e2e-a6d7-2190c38cec14 - - - - - -] Loaded extension: standard-attr-tag
2026-05-11 06:11:55.422 1 INFO neutron.api.extensions [None req-565cc7d9-0d41-4e2e-a6d7-2190c38cec14 - - - - - -] Loaded extension: standard-attr-timestamp
2026-05-11 06:11:55.422 1 INFO neutron.api.extensions [None req-565cc7d9-0d41-4e2e-a6d7-2190c38cec14 - - - - - -] Loaded extension: trunk
2026-05-11 06:11:55.423 1 INFO neutron.api.extensions [None req-565cc7d9-0d41-4e2e-a6d7-2190c38cec14 - - - - - -] Loaded extension: trunk-details
2026-05-11 06:11:55.423 1 INFO neutron.api.extensions [None req-565cc7d9-0d41-4e2e-a6d7-2190c38cec14 - - - - - -] Extension uplink-status-propagation not supported by any of loaded plugins
2026-05-11 06:11:55.424 1 INFO neutron.api.extensions [None req-565cc7d9-0d41-4e2e-a6d7-2190c38cec14 - - - - - -] Extension vlan-transparent not supported by any of loaded plugins
2026-05-11 06:11:55.425 1 INFO neutron.quota.resource_registry [None req-565cc7d9-0d41-4e2e-a6d7-2190c38cec14 - - - - - -] Creating instance of TrackedResource for resource:network
2026-05-11 06:11:55.425 1 INFO neutron.quota.resource_registry [None req-565cc7d9-0d41-4e2e-a6d7-2190c38cec14 - - - - - -] Creating instance of TrackedResource for resource:subnet
2026-05-11 06:11:55.426 1 INFO neutron.quota.resource_registry [None req-565cc7d9-0d41-4e2e-a6d7-2190c38cec14 - - - - - -] Creating instance of TrackedResource for resource:subnetpool
2026-05-11 06:11:55.426 1 INFO neutron.quota.resource_registry [None req-565cc7d9-0d41-4e2e-a6d7-2190c38cec14 - - - - - -] Creating instance of TrackedResource for resource:port
2026-05-11 06:11:55.427 1 INFO neutron.quota.resource_registry [None req-565cc7d9-0d41-4e2e-a6d7-2190c38cec14 - - - - - -] Creating instance of TrackedResource for resource:router
2026-05-11 06:11:55.427 1 INFO neutron.quota.resource_registry [None req-565cc7d9-0d41-4e2e-a6d7-2190c38cec14 - - - - - -] Creating instance of TrackedResource for resource:floatingip
2026-05-11 06:11:55.428 1 INFO neutron.quota.resource_registry [None req-565cc7d9-0d41-4e2e-a6d7-2190c38cec14 - - - - - -] Creating instance of CountableResource for resource:rbac_policy
2026-05-11 06:11:55.429 1 INFO neutron.quota.resource_registry [None req-565cc7d9-0d41-4e2e-a6d7-2190c38cec14 - - - - - -] Creating instance of TrackedResource for resource:security_group
2026-05-11 06:11:55.429 1 INFO neutron.quota.resource_registry [None req-565cc7d9-0d41-4e2e-a6d7-2190c38cec14 - - - - - -] Creating instance of TrackedResource for resource:security_group_rule
2026-05-11 06:11:55.429 1 INFO neutron.quota.resource_registry [None req-565cc7d9-0d41-4e2e-a6d7-2190c38cec14 - - - - - -] Creating instance of TrackedResource for resource:subnetpool
2026-05-11 06:11:55.429 1 WARNING neutron.quota.resource_registry [None req-565cc7d9-0d41-4e2e-a6d7-2190c38cec14 - - - - - -] subnetpool is already registered
2026-05-11 06:11:55.429 1 INFO neutron.quota.resource_registry [None req-565cc7d9-0d41-4e2e-a6d7-2190c38cec14 - - - - - -] Creating instance of CountableResource for resource:trunk
2026-05-11 06:11:55.432 1 INFO neutron.quota.resource_registry [None req-565cc7d9-0d41-4e2e-a6d7-2190c38cec14 - - - - - -] Creating instance of TrackedResource for resource:router
2026-05-11 06:11:55.432 1 WARNING neutron.quota.resource_registry [None req-565cc7d9-0d41-4e2e-a6d7-2190c38cec14 - - - - - -] router is already registered
2026-05-11 06:11:55.432 1 INFO neutron.quota.resource_registry [None req-565cc7d9-0d41-4e2e-a6d7-2190c38cec14 - - - - - -] Creating instance of TrackedResource for resource:floatingip
2026-05-11 06:11:55.432 1 WARNING neutron.quota.resource_registry [None req-565cc7d9-0d41-4e2e-a6d7-2190c38cec14 - - - - - -] floatingip is already registered
2026-05-11 06:11:55.433 1 INFO neutron.quota.resource_registry [None req-565cc7d9-0d41-4e2e-a6d7-2190c38cec14 - - - - - -] Creating instance of CountableResource for resource:rbac_policy
2026-05-11 06:11:55.433 1 WARNING neutron.quota.resource_registry [None req-565cc7d9-0d41-4e2e-a6d7-2190c38cec14 - - - - - -] rbac_policy is already registered
2026-05-11 06:11:55.434 1 INFO neutron.quota.resource_registry [None req-565cc7d9-0d41-4e2e-a6d7-2190c38cec14 - - - - - -] Creating instance of TrackedResource for resource:security_group
2026-05-11 06:11:55.434 1 WARNING neutron.quota.resource_registry [None req-565cc7d9-0d41-4e2e-a6d7-2190c38cec14 - - - - - -] security_group is already registered
2026-05-11 06:11:55.434 1 INFO neutron.quota.resource_registry [None req-565cc7d9-0d41-4e2e-a6d7-2190c38cec14 - - - - - -] Creating instance of TrackedResource for resource:security_group_rule
2026-05-11 06:11:55.434 1 WARNING neutron.quota.resource_registry [None req-565cc7d9-0d41-4e2e-a6d7-2190c38cec14 - - - - - -] security_group_rule is already registered
2026-05-11 06:11:55.434 1 INFO neutron.quota.resource_registry [None req-565cc7d9-0d41-4e2e-a6d7-2190c38cec14 - - - - - -] Creating instance of TrackedResource for resource:subnetpool
2026-05-11 06:11:55.434 1 WARNING neutron.quota.resource_registry [None req-565cc7d9-0d41-4e2e-a6d7-2190c38cec14 - - - - - -] subnetpool is already registered
2026-05-11 06:11:55.435 1 INFO neutron.quota.resource_registry [None req-565cc7d9-0d41-4e2e-a6d7-2190c38cec14 - - - - - -] Creating instance of CountableResource for resource:trunk
2026-05-11 06:11:55.435 1 WARNING neutron.quota.resource_registry [None req-565cc7d9-0d41-4e2e-a6d7-2190c38cec14 - - - - - -] trunk is already registered
2026-05-11 06:11:55.461 1 WARNING keystonemiddleware._common.config [None req-565cc7d9-0d41-4e2e-a6d7-2190c38cec14 - - - - - -] The option "audit_map_file" is not known to keystonemiddleware
2026-05-11 06:11:55.468 1 WARNING oslo_config.cfg [None req-565cc7d9-0d41-4e2e-a6d7-2190c38cec14 - - - - - -] Deprecated: Option "auth_uri" from group "keystone_authtoken" is deprecated. Use option "www_authenticate_uri" from group "keystone_authtoken".
2026-05-11 06:11:55.471 1 INFO oslo_service.service [None req-565cc7d9-0d41-4e2e-a6d7-2190c38cec14 - - - - - -] Starting 2 workers
2026-05-11 06:11:55.478 1 INFO neutron.service [None req-565cc7d9-0d41-4e2e-a6d7-2190c38cec14 - - - - - -] Neutron service started, listening on 0.0.0.0:9696
2026-05-11 06:11:55.499 1 INFO oslo_service.service [None req-565cc7d9-0d41-4e2e-a6d7-2190c38cec14 - - - - - -] Starting 2 workers
2026-05-11 06:11:55.501 10 INFO neutron.db.ovn_hash_ring_db [None req-bb209ddd-ce02-47a5-8e1b-996fea38c30e - - - - - -] Nodes from host "neutron-server-7958656fbc-bn8kl" and group "mechanism_driver" removed from the Hash Ring
2026-05-11 06:11:55.505 1 INFO oslo_service.service [None req-565cc7d9-0d41-4e2e-a6d7-2190c38cec14 - - - - - -] Starting 1 workers
2026-05-11 06:11:55.508 1 INFO oslo_service.service [None req-565cc7d9-0d41-4e2e-a6d7-2190c38cec14 - - - - - -] Starting 1 workers
2026-05-11 06:11:55.510 1 INFO oslo_service.service [None req-565cc7d9-0d41-4e2e-a6d7-2190c38cec14 - - - - - -] Starting 1 workers
2026-05-11 06:11:55.511 12 INFO neutron.plugins.ml2.drivers.ovn.mech_driver.ovsdb.impl_idl_ovn [-] Getting OvsdbNbOvnIdl for RpcWorker with retry
2026-05-11 06:11:55.513 13 INFO neutron.plugins.ml2.drivers.ovn.mech_driver.ovsdb.impl_idl_ovn [-] Getting OvsdbNbOvnIdl for RpcWorker with retry
2026-05-11 06:11:55.513 10 INFO neutron.db.ovn_hash_ring_db [None req-bb209ddd-ce02-47a5-8e1b-996fea38c30e - - - - - -] Node 4b4d3a63-a590-4ad7-99b7-21b1c72904b1 from host "neutron-server-7958656fbc-bn8kl" and group "mechanism_driver" added to the Hash Ring
2026-05-11 06:11:55.515 10 INFO neutron.plugins.ml2.drivers.ovn.mech_driver.mech_driver [None req-bb209ddd-ce02-47a5-8e1b-996fea38c30e - - - - - -] Hash Ring probing thread has started
2026-05-11 06:11:55.517 10 INFO neutron.plugins.ml2.drivers.ovn.mech_driver.ovsdb.impl_idl_ovn [None req-bb209ddd-ce02-47a5-8e1b-996fea38c30e - - - - - -] Getting OvsdbNbOvnIdl for WorkerService with retry
2026-05-11 06:11:55.518 15 INFO neutron.plugins.ml2.drivers.ovn.mech_driver.ovsdb.impl_idl_ovn [-] Getting OvsdbNbOvnIdl for MaintenanceWorker with retry
2026-05-11 06:11:55.522 1 WARNING oslo_config.cfg [-] Deprecated: Option "auth_uri" from group "keystone_authtoken" is deprecated for removal (The auth_uri option is deprecated in favor of www_authenticate_uri and will be removed in the S release.). Its value may be silently ignored in the future.
2026-05-11 06:11:55.541 9 INFO neutron.db.ovn_hash_ring_db [None req-2d053361-41ad-4182-89a8-93ad0ced3d3a - - - - - -] Node 38137e05-1885-49f1-bee3-ce6908e8ad21 from host "neutron-server-7958656fbc-bn8kl" and group "mechanism_driver" added to the Hash Ring
2026-05-11 06:11:55.542 9 INFO neutron.plugins.ml2.drivers.ovn.mech_driver.ovsdb.impl_idl_ovn [None req-2d053361-41ad-4182-89a8-93ad0ced3d3a - - - - - -] Getting OvsdbNbOvnIdl for WorkerService with retry
2026-05-11 06:11:55.550 10 INFO ovsdbapp.backend.ovs_idl.vlog [None req-bb209ddd-ce02-47a5-8e1b-996fea38c30e - - - - - -] tcp:10.102.193.11:6641: connecting...
2026-05-11 06:11:55.550 13 INFO ovsdbapp.backend.ovs_idl.vlog [None req-d7674083-4dc5-49ce-abcb-d1702c22ccb0 - - - - - -] tcp:10.102.193.11:6641: connecting...
2026-05-11 06:11:55.550 10 INFO ovsdbapp.backend.ovs_idl.vlog [None req-bb209ddd-ce02-47a5-8e1b-996fea38c30e - - - - - -] tcp:10.102.193.11:6641: connected
2026-05-11 06:11:55.550 13 INFO ovsdbapp.backend.ovs_idl.vlog [None req-d7674083-4dc5-49ce-abcb-d1702c22ccb0 - - - - - -] tcp:10.102.193.11:6641: connected
2026-05-11 06:11:55.551 12 INFO ovsdbapp.backend.ovs_idl.vlog [None req-13063010-2643-43e7-b959-919ee25c26e9 - - - - - -] tcp:10.102.193.11:6641: connecting...
2026-05-11 06:11:55.551 12 INFO ovsdbapp.backend.ovs_idl.vlog [None req-13063010-2643-43e7-b959-919ee25c26e9 - - - - - -] tcp:10.102.193.11:6641: connected
2026-05-11 06:11:55.562 15 INFO ovsdbapp.backend.ovs_idl.vlog [-] tcp:10.102.193.11:6641: connecting...
2026-05-11 06:11:55.563 15 INFO ovsdbapp.backend.ovs_idl.vlog [-] tcp:10.102.193.11:6641: connected
2026-05-11 06:11:55.576 9 INFO ovsdbapp.backend.ovs_idl.vlog [None req-2d053361-41ad-4182-89a8-93ad0ced3d3a - - - - - -] tcp:10.102.193.11:6641: connecting...
2026-05-11 06:11:55.577 9 INFO ovsdbapp.backend.ovs_idl.vlog [None req-2d053361-41ad-4182-89a8-93ad0ced3d3a - - - - - -] tcp:10.102.193.11:6641: connected
2026-05-11 06:11:55.594 15 INFO neutron.plugins.ml2.drivers.ovn.mech_driver.ovsdb.impl_idl_ovn [-] Getting OvsdbSbOvnIdl for MaintenanceWorker with retry
2026-05-11 06:11:55.600 15 INFO ovsdbapp.backend.ovs_idl.vlog [-] tcp:10.102.126.88:6642: connecting...
2026-05-11 06:11:55.600 15 INFO ovsdbapp.backend.ovs_idl.vlog [-] tcp:10.102.126.88:6642: connected
2026-05-11 06:11:55.603 10 INFO neutron.plugins.ml2.drivers.ovn.mech_driver.ovsdb.impl_idl_ovn [None req-bb209ddd-ce02-47a5-8e1b-996fea38c30e - - - - - -] Getting OvsdbSbOvnIdl for WorkerService with retry
2026-05-11 06:11:55.609 13 INFO neutron.plugins.ml2.drivers.ovn.mech_driver.ovsdb.impl_idl_ovn [None req-d7674083-4dc5-49ce-abcb-d1702c22ccb0 - - - - - -] Getting OvsdbSbOvnIdl for RpcWorker with retry
2026-05-11 06:11:55.611 10 INFO ovsdbapp.backend.ovs_idl.vlog [None req-bb209ddd-ce02-47a5-8e1b-996fea38c30e - - - - - -] tcp:10.102.126.88:6642: connecting...
2026-05-11 06:11:55.611 10 INFO ovsdbapp.backend.ovs_idl.vlog [None req-bb209ddd-ce02-47a5-8e1b-996fea38c30e - - - - - -] tcp:10.102.126.88:6642: connected
2026-05-11 06:11:55.614 12 INFO neutron.plugins.ml2.drivers.ovn.mech_driver.ovsdb.impl_idl_ovn [None req-13063010-2643-43e7-b959-919ee25c26e9 - - - - - -] Getting OvsdbSbOvnIdl for RpcWorker with retry
2026-05-11 06:11:55.616 13 INFO ovsdbapp.backend.ovs_idl.vlog [None req-d7674083-4dc5-49ce-abcb-d1702c22ccb0 - - - - - -] tcp:10.102.126.88:6642: connecting...
2026-05-11 06:11:55.616 13 INFO ovsdbapp.backend.ovs_idl.vlog [None req-d7674083-4dc5-49ce-abcb-d1702c22ccb0 - - - - - -] tcp:10.102.126.88:6642: connected
2026-05-11 06:11:55.620 12 INFO ovsdbapp.backend.ovs_idl.vlog [None req-13063010-2643-43e7-b959-919ee25c26e9 - - - - - -] tcp:10.102.126.88:6642: connecting...
2026-05-11 06:11:55.620 12 INFO ovsdbapp.backend.ovs_idl.vlog [None req-13063010-2643-43e7-b959-919ee25c26e9 - - - - - -] tcp:10.102.126.88:6642: connected
2026-05-11 06:11:55.628 9 INFO neutron.plugins.ml2.drivers.ovn.mech_driver.ovsdb.impl_idl_ovn [None req-2d053361-41ad-4182-89a8-93ad0ced3d3a - - - - - -] Getting OvsdbSbOvnIdl for WorkerService with retry
2026-05-11 06:11:55.636 9 INFO ovsdbapp.backend.ovs_idl.vlog [None req-2d053361-41ad-4182-89a8-93ad0ced3d3a - - - - - -] tcp:10.102.126.88:6642: connecting...
2026-05-11 06:11:55.636 9 INFO ovsdbapp.backend.ovs_idl.vlog [None req-2d053361-41ad-4182-89a8-93ad0ced3d3a - - - - - -] tcp:10.102.126.88:6642: connected
2026-05-11 06:11:55.637 15 INFO neutron.plugins.ml2.drivers.ovn.mech_driver.ovsdb.extensions.qos [-] Starting OVNClientQosExtension
2026-05-11 06:11:55.637 15 INFO neutron.plugins.ml2.drivers.ovn.mech_driver.ovsdb.extensions.placement [-] Starting OVNClientPlacementExtension
2026-05-11 06:11:55.637 15 INFO neutron.plugins.ml2.drivers.ovn.mech_driver.ovsdb.extensions.qos [-] Starting OVNClientQosExtension
2026-05-11 06:11:55.644 15 INFO neutron.plugins.ml2.drivers.ovn.mech_driver.mech_driver [-] Maintenance task thread has started
2026-05-11 06:11:55.662 10 INFO neutron.wsgi [-] (10) wsgi starting up on http://0.0.0.0:9696
2026-05-11 06:11:55.674 10 INFO neutron.wsgi [-] 10.0.0.191 "GET / HTTP/1.1" status: 200 len: 246 time: 0.0038199
2026-05-11 06:11:55.680 9 INFO neutron.wsgi [-] (9) wsgi starting up on http://0.0.0.0:9696
2026-05-11 06:11:55.798 15 INFO neutron.db.ovn_hash_ring_db [None req-4a33e223-7a12-4d41-be88-65a0b066c845 - - - - - -] Cleaned up Hash Ring nodes older than 5 days
2026-05-11 06:11:55.831 15 INFO neutron.plugins.ml2.drivers.ovn.mech_driver.ovsdb.extensions.qos [None req-4a33e223-7a12-4d41-be88-65a0b066c845 - - - - - -] Starting OVNClientQosExtension /var/lib/openstack/lib/python3.10/site-packages/memcache.py:1303: SyntaxWarning: "is" with a literal. Did you mean "=="? if key is '': /var/lib/openstack/lib/python3.10/site-packages/memcache.py:1304: SyntaxWarning: "is" with a literal. Did you mean "=="? if key_extra_len is 0: /var/lib/openstack/lib/python3.10/site-packages/pycadf/identifier.py:71: UserWarning: Invalid uuid: unknown. To ensure interoperability, identifiers should be a valid uuid. warnings.warn(('Invalid uuid: %s. To ensure interoperability, '
2026-05-11 06:11:58.729 10 WARNING oslo_policy.policy [None req-852f0569-c191-438f-a33e-13181a2b50c3 2956132494344d6e9c24a0d374df1bea d93b79dfa41e4723ab3bc9256dd61450 - - default default] Policies ['delete_port', 'update_port:allowed_address_pairs', 'update_port:allowed_address_pairs:ip_address', 'update_port:allowed_address_pairs:mac_address', 'update_port:fixed_ips', 'update_port:mac_address'] reference a rule that is not defined.
2026-05-11 06:11:58.965 10 INFO neutron.wsgi [None req-852f0569-c191-438f-a33e-13181a2b50c3 2956132494344d6e9c24a0d374df1bea d93b79dfa41e4723ab3bc9256dd61450 - - default default] 199.204.45.25,10.0.0.191 "GET /v2.0/networks HTTP/1.1" status: 200 len: 189 time: 0.7365201
2026-05-11 06:11:59.129 10 INFO neutron.plugins.ml2.drivers.ovn.mech_driver.ovsdb.extensions.qos [None req-f8b98567-3b42-419f-a0c1-d82902598961 2956132494344d6e9c24a0d374df1bea d93b79dfa41e4723ab3bc9256dd61450 - - - -] Starting OVNClientQosExtension
2026-05-11 06:11:59.129 10 INFO neutron.plugins.ml2.drivers.ovn.mech_driver.ovsdb.extensions.placement [None req-f8b98567-3b42-419f-a0c1-d82902598961 2956132494344d6e9c24a0d374df1bea d93b79dfa41e4723ab3bc9256dd61450 - - - -] Starting OVNClientPlacementExtension
2026-05-11 06:11:59.161 10 INFO neutron.db.ovn_revision_numbers_db [None req-f8b98567-3b42-419f-a0c1-d82902598961 2956132494344d6e9c24a0d374df1bea d93b79dfa41e4723ab3bc9256dd61450 - - - -] Successfully bumped revision number for resource 6c3c8fa8-17e4-4632-88ce-ef95d6b4a6ce (type: security_groups) to 1
2026-05-11 06:11:59.175 10 WARNING neutron.services.revisions.revision_plugin [None req-f8b98567-3b42-419f-a0c1-d82902598961 2956132494344d6e9c24a0d374df1bea d93b79dfa41e4723ab3bc9256dd61450 - - - -] Could not find related network for resource to bump revision.
2026-05-11 06:11:59.232 10 INFO neutron.db.segments_db [None req-f8b98567-3b42-419f-a0c1-d82902598961 2956132494344d6e9c24a0d374df1bea d93b79dfa41e4723ab3bc9256dd61450 - - - -] Added segment 96b89e94-4487-4fcd-acac-36bb0a26bd2f of type flat for network 0a10a0d7-b040-4e55-a4f4-7073dd8a0e77
2026-05-11 06:11:59.440 10 INFO neutron.db.ovn_revision_numbers_db [None req-f8b98567-3b42-419f-a0c1-d82902598961 2956132494344d6e9c24a0d374df1bea d93b79dfa41e4723ab3bc9256dd61450 - - - -] Successfully bumped revision number for resource 0a10a0d7-b040-4e55-a4f4-7073dd8a0e77 (type: networks) to 1
2026-05-11 06:11:59.704 10 WARNING neutron.scheduler.dhcp_agent_scheduler [None req-f8b98567-3b42-419f-a0c1-d82902598961 2956132494344d6e9c24a0d374df1bea d93b79dfa41e4723ab3bc9256dd61450 - - - -] No more DHCP agents
2026-05-11 06:11:59.706 10 WARNING neutron.api.rpc.agentnotifiers.dhcp_rpc_agent_api [None req-f8b98567-3b42-419f-a0c1-d82902598961 2956132494344d6e9c24a0d374df1bea d93b79dfa41e4723ab3bc9256dd61450 - - - -] Unable to schedule network 0a10a0d7-b040-4e55-a4f4-7073dd8a0e77: no agents available; will retry on subsequent port and subnet creation events.
2026-05-11 06:11:59.791 10 INFO neutron.db.ovn_revision_numbers_db [None req-f8b98567-3b42-419f-a0c1-d82902598961 2956132494344d6e9c24a0d374df1bea d93b79dfa41e4723ab3bc9256dd61450 - - - -] Successfully bumped revision number for resource 1f99c98c-ed82-4c93-9af9-a7b7df39aeac (type: ports) to 1
2026-05-11 06:11:59.813 10 INFO neutron.wsgi [None req-f8b98567-3b42-419f-a0c1-d82902598961 2956132494344d6e9c24a0d374df1bea d93b79dfa41e4723ab3bc9256dd61450 - - - -] 199.204.45.25,10.0.0.191 "POST /v2.0/networks HTTP/1.1" status: 201 len: 886 time: 0.8445892
2026-05-11 06:12:00.659 10 INFO neutron.wsgi [-] 10.0.0.191 "GET / HTTP/1.1" status: 200 len: 246 time: 0.0027585
2026-05-11 06:12:00.825 10 INFO neutron.wsgi [None req-c619c6c3-5f28-46a0-971b-b3d02da2ad03 2956132494344d6e9c24a0d374df1bea d93b79dfa41e4723ab3bc9256dd61450 - - default default] 199.204.45.25,10.0.0.191 "GET /v2.0/subnets HTTP/1.1" status: 200 len: 188 time: 0.0567567
2026-05-11 06:12:00.882 10 INFO neutron.wsgi [None req-cf9a67f8-c940-4570-ac58-f3c9b4c7f463 2956132494344d6e9c24a0d374df1bea d93b79dfa41e4723ab3bc9256dd61450 - - default default] 199.204.45.25,10.0.0.191 "GET /v2.0/networks HTTP/1.1" status: 200 len: 890 time: 0.0523078
2026-05-11 06:12:01.183 10 WARNING neutron.scheduler.dhcp_agent_scheduler [None req-a14d263c-782d-4a86-998d-fde41f2ef35c 2956132494344d6e9c24a0d374df1bea d93b79dfa41e4723ab3bc9256dd61450 - - - -] No more DHCP agents
2026-05-11 06:12:01.184 10 WARNING neutron.api.rpc.agentnotifiers.dhcp_rpc_agent_api [None req-a14d263c-782d-4a86-998d-fde41f2ef35c 2956132494344d6e9c24a0d374df1bea d93b79dfa41e4723ab3bc9256dd61450 - - - -] Unable to schedule network 0a10a0d7-b040-4e55-a4f4-7073dd8a0e77: no agents available; will retry on subsequent port and subnet creation events.
2026-05-11 06:12:01.768 10 INFO neutron.db.ovn_revision_numbers_db [None req-a14d263c-782d-4a86-998d-fde41f2ef35c 2956132494344d6e9c24a0d374df1bea d93b79dfa41e4723ab3bc9256dd61450 - - - -] Successfully bumped revision number for resource 1f99c98c-ed82-4c93-9af9-a7b7df39aeac (type: ports) to 2
2026-05-11 06:12:01.781 10 INFO neutron.db.ovn_revision_numbers_db [None req-a14d263c-782d-4a86-998d-fde41f2ef35c 2956132494344d6e9c24a0d374df1bea d93b79dfa41e4723ab3bc9256dd61450 - - - -] Successfully bumped revision number for resource 0144a5b2-5c68-4ab6-9d69-19a8b8c5cfa4 (type: subnets) to 0
2026-05-11 06:12:01.795 10 INFO neutron.wsgi [None req-a14d263c-782d-4a86-998d-fde41f2ef35c 2956132494344d6e9c24a0d374df1bea d93b79dfa41e4723ab3bc9256dd61450 - - - -] 199.204.45.25,10.0.0.191 "POST /v2.0/subnets HTTP/1.1" status: 201 len: 821 time: 0.9074571
2026-05-11 06:12:06.100 15 INFO neutron.plugins.ml2.drivers.ovn.mech_driver.ovsdb.extensions.qos [None req-859ed772-8e24-41a7-9d4c-78473624d3fd - - - - - -] Starting OVNClientQosExtension
2026-05-11 06:12:06.120 15 INFO neutron.plugins.ml2.drivers.ovn.mech_driver.ovsdb.extensions.qos [None req-859ed772-8e24-41a7-9d4c-78473624d3fd - - - - - -] Starting OVNClientQosExtension
2026-05-11 06:12:15.660 10 INFO neutron.wsgi [-] 10.0.0.191 "GET / HTTP/1.1" status: 200 len: 246 time: 0.0023153
2026-05-11 06:12:30.659 10 INFO neutron.wsgi [-] 10.0.0.191 "GET / HTTP/1.1" status: 200 len: 246 time: 0.0022559
2026-05-11 06:12:45.660 9 INFO neutron.wsgi [-] 10.0.0.191 "GET / HTTP/1.1" status: 200 len: 246 time: 0.0036299
2026-05-11 06:13:00.660 10 INFO neutron.wsgi [-] 10.0.0.191 "GET / HTTP/1.1" status: 200 len: 246 time: 0.0033033
2026-05-11 06:13:00.664 10 INFO neutron.wsgi [-] 10.0.0.191 "GET / HTTP/1.1" status: 200 len: 246 time: 0.0022120
2026-05-11 06:13:15.660 9 INFO neutron.wsgi [-] 10.0.0.191 "GET / HTTP/1.1" status: 200 len: 246 time: 0.0030894
2026-05-11 06:13:15.661 10 INFO neutron.wsgi [-] 10.0.0.191 "GET / HTTP/1.1" status: 200 len: 246 time: 0.0036402
2026-05-11 06:13:30.658 10 INFO neutron.wsgi [-] 10.0.0.191 "GET / HTTP/1.1" status: 200 len: 246 time: 0.0017748
2026-05-11 06:13:30.658 9 INFO neutron.wsgi [-] 10.0.0.191 "GET / HTTP/1.1" status: 200 len: 246 time: 0.0018423
2026-05-11 06:13:45.659 9 INFO neutron.wsgi [-] 10.0.0.191 "GET / HTTP/1.1" status: 200 len: 246 time: 0.0026596
2026-05-11 06:13:45.660 10 INFO neutron.wsgi [-] 10.0.0.191 "GET / HTTP/1.1" status: 200 len: 246 time: 0.0029101
2026-05-11 06:14:00.659 9 INFO neutron.wsgi [-] 10.0.0.191 "GET / HTTP/1.1" status: 200 len: 246 time: 0.0027361
2026-05-11 06:14:00.661 9 INFO neutron.wsgi [-] 10.0.0.191 "GET / HTTP/1.1" status: 200 len: 246 time: 0.0014696
2026-05-11 06:14:15.660 10 INFO neutron.wsgi [-] 10.0.0.191 "GET / HTTP/1.1" status: 200 len: 246 time: 0.0026693
2026-05-11 06:14:15.665 10 INFO neutron.wsgi [-] 10.0.0.191 "GET / HTTP/1.1" status: 200 len: 246 time: 0.0011535
2026-05-11 06:14:30.659 10 INFO neutron.wsgi [-] 10.0.0.191 "GET / HTTP/1.1" status: 200 len: 246 time: 0.0016842
2026-05-11 06:14:30.659 9 INFO neutron.wsgi [-] 10.0.0.191 "GET / HTTP/1.1" status: 200 len: 246 time: 0.0024958
2026-05-11 06:14:45.657 10 INFO neutron.wsgi [-] 10.0.0.191 "GET / HTTP/1.1" status: 200 len: 246 time: 0.0013220
2026-05-11 06:14:45.658 10 INFO neutron.wsgi [-] 10.0.0.191 "GET / HTTP/1.1" status: 200 len: 246 time: 0.0008695
2026-05-11 06:15:00.660 10 INFO neutron.wsgi [-] 10.0.0.191 "GET / HTTP/1.1" status: 200 len: 246 time: 0.0022798
2026-05-11 06:15:00.662 10 INFO neutron.wsgi [-] 10.0.0.191 "GET / HTTP/1.1" status: 200 len: 246 time: 0.0017810
2026-05-11 06:15:15.660 10 INFO neutron.wsgi [-] 10.0.0.191 "GET / HTTP/1.1" status: 200 len: 246 time: 0.0036695
2026-05-11 06:15:15.661 9 INFO neutron.wsgi [-] 10.0.0.191 "GET / HTTP/1.1" status: 200 len: 246 time: 0.0033762
2026-05-11 06:15:30.658 10 INFO neutron.wsgi [-] 10.0.0.191 "GET / HTTP/1.1" status: 200 len: 246 time: 0.0013204
2026-05-11 06:15:30.660 9 INFO neutron.wsgi [-] 10.0.0.191 "GET / HTTP/1.1" status: 200 len: 246 time: 0.0029557
2026-05-11 06:15:45.658 10 INFO neutron.wsgi [-] 10.0.0.191 "GET / HTTP/1.1" status: 200 len: 246 time: 0.0015891
2026-05-11 06:15:45.660 9 INFO neutron.wsgi [-] 10.0.0.191 "GET / HTTP/1.1" status: 200 len: 246 time: 0.0027699
2026-05-11 06:16:00.660 10 INFO neutron.wsgi [-] 10.0.0.191 "GET / HTTP/1.1" status: 200 len: 246 time: 0.0032351
2026-05-11 06:16:00.662 9 INFO neutron.wsgi [-] 10.0.0.191 "GET / HTTP/1.1" status: 200 len: 246 time: 0.0052958
2026-05-11 06:16:15.659 9 INFO neutron.wsgi [-] 10.0.0.191 "GET / HTTP/1.1" status: 200 len: 246 time: 0.0014458
2026-05-11 06:16:15.660 10 INFO neutron.wsgi [-] 10.0.0.191 "GET / HTTP/1.1" status: 200 len: 246 time: 0.0024529
2026-05-11 06:16:30.659 9 INFO neutron.wsgi [-] 10.0.0.191 "GET / HTTP/1.1" status: 200 len: 246 time: 0.0022752
2026-05-11 06:16:30.659 10 INFO neutron.wsgi [-] 10.0.0.191 "GET / HTTP/1.1" status: 200 len: 246 time: 0.0024643
2026-05-11 06:16:45.659 10 INFO neutron.wsgi [-] 10.0.0.191 "GET / HTTP/1.1" status: 200 len: 246 time: 0.0020897
2026-05-11 06:16:45.659 9 INFO neutron.wsgi [-] 10.0.0.191 "GET / HTTP/1.1" status: 200 len: 246 time: 0.0027354
