2026-05-11 06:52:45.522 10 INFO neutron.wsgi [None req-374a1152-de38-40f1-9a6a-02f05bd565ed 2956132494344d6e9c24a0d374df1bea d93b79dfa41e4723ab3bc9256dd61450 - - default default] 10.0.0.1 "GET /v2.0/extensions/security-group HTTP/1.1" status: 200 len: 369 time: 0.0715613
2026-05-11 06:52:45.535 10 INFO neutron.wsgi [None req-672893e8-de91-45e7-bf7d-2afd2d75462f 2956132494344d6e9c24a0d374df1bea d93b79dfa41e4723ab3bc9256dd61450 - - default default] 10.0.0.1 "GET /v2.0/extensions/dns-integration HTTP/1.1" status: 200 len: 371 time: 0.0043497
2026-05-11 06:52:45.546 10 INFO neutron.wsgi [None req-fd4f8f8a-90e4-4d3f-b1ff-0a330dd2e9f4 2956132494344d6e9c24a0d374df1bea d93b79dfa41e4723ab3bc9256dd61450 - - default default] 10.0.0.1 "GET /v2.0/extensions/qos HTTP/1.1" status: 200 len: 365 time: 0.0064399
2026-05-11 06:52:45.571 10 INFO neutron.wsgi [None req-194d31d3-a1cf-40c9-9b5d-82603dc09aa1 2956132494344d6e9c24a0d374df1bea d93b79dfa41e4723ab3bc9256dd61450 - - default default] 10.0.0.1 "GET /v2.0/extensions/allowed-address-pairs HTTP/1.1" status: 200 len: 383 time: 0.0095932
2026-05-11 06:52:45.660 10 INFO neutron.wsgi [-] 10.0.0.191 "GET / HTTP/1.1" status: 200 len: 246 time: 0.0033016
2026-05-11 06:52:45.661 9 INFO neutron.wsgi [-] 10.0.0.191 "GET / HTTP/1.1" status: 200 len: 246 time: 0.0044847
2026-05-11 06:52:46.051 10 INFO neutron.wsgi [-] 10.0.0.1 "GET / HTTP/1.1" status: 200 len: 284 time: 0.0027611
2026-05-11 06:52:46.096 10 INFO neutron.wsgi [None req-c6a4e63f-62c0-432d-9d63-bda9f4c526ea 2f38d5362c8e4faba79543a621f4b96f 1360780d2c43404aa871246af8929351 - - default default] 10.0.0.1 "GET /v2.0/subnets/604c2950-5977-46a5-9c8d-649c12ca22c5 HTTP/1.1" status: 200 len: 831 time: 0.0396836
2026-05-11 06:52:46.499 9 INFO neutron.wsgi [None req-f6591a6b-9e40-4bdc-9fe5-2b02f88fedb3 2956132494344d6e9c24a0d374df1bea d93b79dfa41e4723ab3bc9256dd61450 - - default default] 199.204.45.25 "GET /v2.0/extensions/security-group HTTP/1.1" status: 200 len: 369 time: 0.0084667
2026-05-11 06:52:46.510 9 INFO neutron.wsgi [None req-1d606cbe-09af-4604-83a8-9c2e5aa92626 2956132494344d6e9c24a0d374df1bea d93b79dfa41e4723ab3bc9256dd61450 - - default default] 199.204.45.25 "GET /v2.0/extensions/dns-integration HTTP/1.1" status: 200 len: 371 time: 0.0047729
2026-05-11 06:52:46.521 9 INFO neutron.wsgi [None req-b438b96c-e289-4572-9b03-c7c028137e95 2956132494344d6e9c24a0d374df1bea d93b79dfa41e4723ab3bc9256dd61450 - - default default] 199.204.45.25 "GET /v2.0/extensions/qos HTTP/1.1" status: 200 len: 365 time: 0.0062416
2026-05-11 06:52:46.530 9 INFO neutron.wsgi [None req-ad22d0b6-6eee-4fe8-afd7-da41e8ac8a15 2956132494344d6e9c24a0d374df1bea d93b79dfa41e4723ab3bc9256dd61450 - - default default] 199.204.45.25 "GET /v2.0/extensions/allowed-address-pairs HTTP/1.1" status: 200 len: 383 time: 0.0042670
2026-05-11 06:52:46.570 9 INFO neutron.wsgi [None req-d0d30cf9-cd60-4af5-8479-55e6b5ae42cd 2956132494344d6e9c24a0d374df1bea d93b79dfa41e4723ab3bc9256dd61450 - - default default] 199.204.45.25 "GET /v2.0/subnets/9678cb58-3dab-446e-815c-7c55c31240db HTTP/1.1" status: 200 len: 848 time: 0.0334318
2026-05-11 06:52:46.606 9 INFO neutron.wsgi [None req-a2b2d9a4-4906-4314-9043-0e9dfd262ef1 2956132494344d6e9c24a0d374df1bea d93b79dfa41e4723ab3bc9256dd61450 - - default default] 199.204.45.25 "GET /v2.0/subnets/604c2950-5977-46a5-9c8d-649c12ca22c5 HTTP/1.1" status: 200 len: 849 time: 0.0302939
2026-05-11 06:52:46.649 9 INFO neutron.wsgi [None req-5faa8396-5c72-45b6-9818-4e7d1acac382 2956132494344d6e9c24a0d374df1bea d93b79dfa41e4723ab3bc9256dd61450 - - default default] 199.204.45.25 "GET /v2.0/ports?device_id=a713ca31-599f-4d02-b99c-2b081fc8966e HTTP/1.1" status: 200 len: 3777 time: 0.0384929
2026-05-11 06:52:46.798 9 INFO neutron.wsgi [None req-627a3bd3-af9d-46c2-b713-70866f4c079c 2956132494344d6e9c24a0d374df1bea d93b79dfa41e4723ab3bc9256dd61450 - - default default] 199.204.45.25 "GET /v2.0/extensions/security-group HTTP/1.1" status: 200 len: 369 time: 0.0070944
2026-05-11 06:52:46.812 9 INFO neutron.wsgi [None req-e451d7fd-b9c1-4f48-a6b6-de6f59d28b65 2956132494344d6e9c24a0d374df1bea d93b79dfa41e4723ab3bc9256dd61450 - - default default] 199.204.45.25 "GET /v2.0/extensions/dns-integration HTTP/1.1" status: 200 len: 371 time: 0.0087194
2026-05-11 06:52:46.821 9 INFO neutron.wsgi [None req-1931238f-85f3-441c-b95a-de1f221e631e 2956132494344d6e9c24a0d374df1bea d93b79dfa41e4723ab3bc9256dd61450 - - default default] 199.204.45.25 "GET /v2.0/extensions/qos HTTP/1.1" status: 200 len: 365 time: 0.0044580
2026-05-11 06:52:46.833 9 INFO neutron.wsgi [None req-e9094519-491c-4a2b-a2ec-15efcbae403e 2956132494344d6e9c24a0d374df1bea d93b79dfa41e4723ab3bc9256dd61450 - - default default] 199.204.45.25 "GET /v2.0/extensions/allowed-address-pairs HTTP/1.1" status: 200 len: 383 time: 0.0060174
2026-05-11 06:52:47.050 10 INFO neutron.wsgi [req-7e82c10e-0b24-478d-ac03-92e3c41679ca req-989889f5-e3dc-48be-801c-539f9b5ba205 d74a34133731452aae68b146cd679704 5b6e34121d144498874972f3fefe2dfb - - 77b9647b55af417094b7e5991cc094b9 77b9647b55af417094b7e5991cc094b9] 199.204.45.25 "GET /v2.0/networks/04ffc72c-7cf5-4275-991c-9b23a29ea0ea?fields=segments HTTP/1.1" status: 200 len: 212 time: 0.1024079
2026-05-11 06:52:47.111 10 INFO neutron.wsgi [req-7e82c10e-0b24-478d-ac03-92e3c41679ca req-046c87ea-6dcc-44e1-b87d-f64ec4e0119e d74a34133731452aae68b146cd679704 5b6e34121d144498874972f3fefe2dfb - - 77b9647b55af417094b7e5991cc094b9 77b9647b55af417094b7e5991cc094b9] 199.204.45.25 "GET /v2.0/networks/04ffc72c-7cf5-4275-991c-9b23a29ea0ea?fields=provider%3Aphysical_network&fields=provider%3Anetwork_type HTTP/1.1" status: 200 len: 277 time: 0.0556440
2026-05-11 06:52:47.190 10 INFO neutron.wsgi [req-7e82c10e-0b24-478d-ac03-92e3c41679ca req-fbfb7813-51c4-40d0-b351-48b96f96ab96 2956132494344d6e9c24a0d374df1bea d93b79dfa41e4723ab3bc9256dd61450 - - default default] 199.204.45.25 "GET /v2.0/networks?id=04ffc72c-7cf5-4275-991c-9b23a29ea0ea HTTP/1.1" status: 200 len: 1002 time: 0.0647378
2026-05-11 06:52:47.501 10 WARNING neutron.scheduler.dhcp_agent_scheduler [None req-e5abfb20-482d-45f4-b0a9-4a2ef33bb938 2956132494344d6e9c24a0d374df1bea d93b79dfa41e4723ab3bc9256dd61450 - - - -] No more DHCP agents
2026-05-11 06:52:47.503 10 WARNING neutron.api.rpc.agentnotifiers.dhcp_rpc_agent_api [None req-e5abfb20-482d-45f4-b0a9-4a2ef33bb938 2956132494344d6e9c24a0d374df1bea d93b79dfa41e4723ab3bc9256dd61450 - - - -] Unable to schedule network 04ffc72c-7cf5-4275-991c-9b23a29ea0ea: no agents available; will retry on subsequent port and subnet creation events.
2026-05-11 06:52:47.689 10 INFO neutron.db.ovn_revision_numbers_db [None req-e5abfb20-482d-45f4-b0a9-4a2ef33bb938 2956132494344d6e9c24a0d374df1bea d93b79dfa41e4723ab3bc9256dd61450 - - - -] Successfully bumped revision number for resource c753c0c2-7c90-4340-8c5b-e2dfad38f174 (type: ports) to 1
2026-05-11 06:52:47.711 10 INFO neutron.wsgi [None req-e5abfb20-482d-45f4-b0a9-4a2ef33bb938 2956132494344d6e9c24a0d374df1bea d93b79dfa41e4723ab3bc9256dd61450 - - - -] 199.204.45.25 "POST /v2.0/ports HTTP/1.1" status: 201 len: 1508 time: 0.5132177 /var/lib/openstack/lib/python3.10/site-packages/pycadf/identifier.py:71: UserWarning: Invalid uuid: neutron. To ensure interoperability, identifiers should be a valid uuid. warnings.warn(('Invalid uuid: %s. To ensure interoperability, '
2026-05-11 06:52:48.137 10 INFO neutron.db.ovn_revision_numbers_db [None req-553d7f43-2eef-462e-960a-25e86fbf4164 d74a34133731452aae68b146cd679704 5b6e34121d144498874972f3fefe2dfb - - - -] Successfully bumped revision number for resource c753c0c2-7c90-4340-8c5b-e2dfad38f174 (type: ports) to 2
2026-05-11 06:52:48.331 10 INFO neutron.db.ovn_revision_numbers_db [None req-553d7f43-2eef-462e-960a-25e86fbf4164 d74a34133731452aae68b146cd679704 5b6e34121d144498874972f3fefe2dfb - - - -] Successfully bumped revision number for resource c753c0c2-7c90-4340-8c5b-e2dfad38f174 (type: ports) to 2
2026-05-11 06:52:48.363 10 INFO neutron.wsgi [None req-553d7f43-2eef-462e-960a-25e86fbf4164 d74a34133731452aae68b146cd679704 5b6e34121d144498874972f3fefe2dfb - - - -] 199.204.45.25 "PUT /v2.0/ports/c753c0c2-7c90-4340-8c5b-e2dfad38f174 HTTP/1.1" status: 200 len: 1557 time: 0.6445384 /var/lib/openstack/lib/python3.10/site-packages/pycadf/identifier.py:71: UserWarning: Invalid uuid: neutron. To ensure interoperability, identifiers should be a valid uuid. warnings.warn(('Invalid uuid: %s. To ensure interoperability, '
2026-05-11 06:52:48.446 10 INFO neutron.notifiers.nova [-] Nova event matching ['req-1a424ce3-7eab-4bf7-ab68-5339985b7f70'] response: {'name': 'network-changed', 'server_uuid': 'a713ca31-599f-4d02-b99c-2b081fc8966e', 'tag': 'c753c0c2-7c90-4340-8c5b-e2dfad38f174', 'status': 'completed', 'code': 200}
2026-05-11 06:52:48.460 10 INFO neutron.wsgi [req-7e82c10e-0b24-478d-ac03-92e3c41679ca req-ea3d2d72-5647-428b-af5b-d8445ad0d265 d74a34133731452aae68b146cd679704 5b6e34121d144498874972f3fefe2dfb - - 77b9647b55af417094b7e5991cc094b9 77b9647b55af417094b7e5991cc094b9] 199.204.45.25 "GET /v2.0/ports?tenant_id=d93b79dfa41e4723ab3bc9256dd61450&device_id=a713ca31-599f-4d02-b99c-2b081fc8966e HTTP/1.1" status: 200 len: 5154 time: 0.0479500
2026-05-11 06:52:48.496 10 INFO neutron.wsgi [req-7e82c10e-0b24-478d-ac03-92e3c41679ca req-0df81b01-5cae-492e-ab66-2c1942d3d7a5 d74a34133731452aae68b146cd679704 5b6e34121d144498874972f3fefe2dfb - - 77b9647b55af417094b7e5991cc094b9 77b9647b55af417094b7e5991cc094b9] 199.204.45.25 "GET /v2.0/floatingips?fixed_ip_address=172.24.2.130&port_id=e7c7fa72-8b6c-4401-92de-44871629e870 HTTP/1.1" status: 200 len: 217 time: 0.0281742
2026-05-11 06:52:48.559 10 INFO neutron.wsgi [req-7e82c10e-0b24-478d-ac03-92e3c41679ca req-93f9565f-e56b-4fa2-9aa6-e48172a7de10 d74a34133731452aae68b146cd679704 5b6e34121d144498874972f3fefe2dfb - - 77b9647b55af417094b7e5991cc094b9 77b9647b55af417094b7e5991cc094b9] 199.204.45.25 "GET /v2.0/subnets?id=0a05dbd6-2543-4e58-8f7a-f1bd0c0b95ca HTTP/1.1" status: 200 len: 829 time: 0.0551462
2026-05-11 06:52:48.591 10 INFO neutron.wsgi [req-7e82c10e-0b24-478d-ac03-92e3c41679ca req-0828c770-d35b-427f-b70f-ae5ba2ceaea2 d74a34133731452aae68b146cd679704 5b6e34121d144498874972f3fefe2dfb - - 77b9647b55af417094b7e5991cc094b9 77b9647b55af417094b7e5991cc094b9] 199.204.45.25 "GET /v2.0/ports?network_id=f0d26f69-acc4-40ee-b565-8859c5b3c7c7&device_owner=network%3Adhcp HTTP/1.1" status: 200 len: 210 time: 0.0255461
2026-05-11 06:52:48.665 10 INFO neutron.wsgi [req-7e82c10e-0b24-478d-ac03-92e3c41679ca req-813c46ac-3fdd-4116-b984-a870fb903677 d74a34133731452aae68b146cd679704 5b6e34121d144498874972f3fefe2dfb - - 77b9647b55af417094b7e5991cc094b9 77b9647b55af417094b7e5991cc094b9] 199.204.45.25 "GET /v2.0/networks/f0d26f69-acc4-40ee-b565-8859c5b3c7c7?fields=segments HTTP/1.1" status: 200 len: 212 time: 0.0653324
2026-05-11 06:52:48.735 10 INFO neutron.wsgi [req-7e82c10e-0b24-478d-ac03-92e3c41679ca req-42e6ca02-3f8c-41c6-8fc9-c328144e2cd2 d74a34133731452aae68b146cd679704 5b6e34121d144498874972f3fefe2dfb - - 77b9647b55af417094b7e5991cc094b9 77b9647b55af417094b7e5991cc094b9] 199.204.45.25 "GET /v2.0/networks/f0d26f69-acc4-40ee-b565-8859c5b3c7c7?fields=provider%3Aphysical_network&fields=provider%3Anetwork_type HTTP/1.1" status: 200 len: 277 time: 0.0645053
2026-05-11 06:52:48.769 10 INFO neutron.wsgi [req-7e82c10e-0b24-478d-ac03-92e3c41679ca req-d7c378b3-ffa9-44c9-81b7-539aee6050d2 d74a34133731452aae68b146cd679704 5b6e34121d144498874972f3fefe2dfb - - 77b9647b55af417094b7e5991cc094b9 77b9647b55af417094b7e5991cc094b9] 199.204.45.25 "GET /v2.0/floatingips?fixed_ip_address=10.1.1.63&port_id=d1eeb289-5fd0-4382-8198-63e9ad91e219 HTTP/1.1" status: 200 len: 217 time: 0.0282876
2026-05-11 06:52:48.811 10 INFO neutron.wsgi [req-7e82c10e-0b24-478d-ac03-92e3c41679ca req-5976fa73-64dd-4f5e-a8ea-da62da0183a9 d74a34133731452aae68b146cd679704 5b6e34121d144498874972f3fefe2dfb - - 77b9647b55af417094b7e5991cc094b9 77b9647b55af417094b7e5991cc094b9] 199.204.45.25 "GET /v2.0/subnets?id=c3fbf14f-89cd-421f-aabb-40cfcce6cd89 HTTP/1.1" status: 200 len: 853 time: 0.0372169
2026-05-11 06:52:48.842 10 INFO neutron.wsgi [req-7e82c10e-0b24-478d-ac03-92e3c41679ca req-d95d5eb7-0f3a-4ba8-b5ce-89ac64bca4b2 d74a34133731452aae68b146cd679704 5b6e34121d144498874972f3fefe2dfb - - 77b9647b55af417094b7e5991cc094b9 77b9647b55af417094b7e5991cc094b9] 199.204.45.25 "GET /v2.0/ports?network_id=53b26a9e-bc33-45e2-a760-e6e7fad4c317&device_owner=network%3Adhcp HTTP/1.1" status: 200 len: 210 time: 0.0249457
2026-05-11 06:52:48.926 10 INFO neutron.wsgi [req-7e82c10e-0b24-478d-ac03-92e3c41679ca req-a2b00ed8-7136-40e9-bc7a-7d0a395761e5 d74a34133731452aae68b146cd679704 5b6e34121d144498874972f3fefe2dfb - - 77b9647b55af417094b7e5991cc094b9 77b9647b55af417094b7e5991cc094b9] 199.204.45.25 "GET /v2.0/networks/53b26a9e-bc33-45e2-a760-e6e7fad4c317?fields=segments HTTP/1.1" status: 200 len: 212 time: 0.0769379
2026-05-11 06:52:48.996 10 INFO neutron.wsgi [req-7e82c10e-0b24-478d-ac03-92e3c41679ca req-7f0ec6ec-8ce5-4980-813e-6fddfa26b556 d74a34133731452aae68b146cd679704 5b6e34121d144498874972f3fefe2dfb - - 77b9647b55af417094b7e5991cc094b9 77b9647b55af417094b7e5991cc094b9] 199.204.45.25 "GET /v2.0/networks/53b26a9e-bc33-45e2-a760-e6e7fad4c317?fields=provider%3Aphysical_network&fields=provider%3Anetwork_type HTTP/1.1" status: 200 len: 277 time: 0.0623171
2026-05-11 06:52:49.038 10 INFO neutron.wsgi [req-7e82c10e-0b24-478d-ac03-92e3c41679ca req-011fb7b0-47a2-4c1b-90f6-b4186d8402a7 d74a34133731452aae68b146cd679704 5b6e34121d144498874972f3fefe2dfb - - 77b9647b55af417094b7e5991cc094b9 77b9647b55af417094b7e5991cc094b9] 199.204.45.25 "GET /v2.0/floatingips?fixed_ip_address=10.2.1.196&port_id=8ce1cd0a-4328-403a-99cb-8c4e62e50a2c HTTP/1.1" status: 200 len: 217 time: 0.0323994
2026-05-11 06:52:49.079 10 INFO neutron.wsgi [req-7e82c10e-0b24-478d-ac03-92e3c41679ca req-fee3adbc-f0eb-41e6-9683-b77718dd9c11 d74a34133731452aae68b146cd679704 5b6e34121d144498874972f3fefe2dfb - - 77b9647b55af417094b7e5991cc094b9 77b9647b55af417094b7e5991cc094b9] 199.204.45.25 "GET /v2.0/subnets?id=9678cb58-3dab-446e-815c-7c55c31240db HTTP/1.1" status: 200 len: 851 time: 0.0342410
2026-05-11 06:52:49.114 10 INFO neutron.wsgi [req-7e82c10e-0b24-478d-ac03-92e3c41679ca req-bc70bd4f-0bc5-4539-82f0-0586fb5892d0 d74a34133731452aae68b146cd679704 5b6e34121d144498874972f3fefe2dfb - - 77b9647b55af417094b7e5991cc094b9 77b9647b55af417094b7e5991cc094b9] 199.204.45.25 "GET /v2.0/ports?network_id=e9bdc932-8bbd-44c0-9e90-8ac0dcc9344f&device_owner=network%3Adhcp HTTP/1.1" status: 200 len: 210 time: 0.0249481
2026-05-11 06:52:49.192 10 INFO neutron.wsgi [req-7e82c10e-0b24-478d-ac03-92e3c41679ca req-aef11b2f-0eb6-4dd5-9437-27f04c59fe40 d74a34133731452aae68b146cd679704 5b6e34121d144498874972f3fefe2dfb - - 77b9647b55af417094b7e5991cc094b9 77b9647b55af417094b7e5991cc094b9] 199.204.45.25 "GET /v2.0/networks/e9bdc932-8bbd-44c0-9e90-8ac0dcc9344f?fields=segments HTTP/1.1" status: 200 len: 212 time: 0.0707645
2026-05-11 06:52:49.276 10 INFO neutron.wsgi [req-7e82c10e-0b24-478d-ac03-92e3c41679ca req-f8a17296-fd4c-48ec-821a-387d9bde593c d74a34133731452aae68b146cd679704 5b6e34121d144498874972f3fefe2dfb - - 77b9647b55af417094b7e5991cc094b9 77b9647b55af417094b7e5991cc094b9] 199.204.45.25 "GET /v2.0/networks/e9bdc932-8bbd-44c0-9e90-8ac0dcc9344f?fields=provider%3Aphysical_network&fields=provider%3Anetwork_type HTTP/1.1" status: 200 len: 277 time: 0.0778999
2026-05-11 06:52:49.312 10 INFO neutron.wsgi [req-7e82c10e-0b24-478d-ac03-92e3c41679ca req-e2f2f9a5-d49a-4564-832a-c13f243e7aa6 d74a34133731452aae68b146cd679704 5b6e34121d144498874972f3fefe2dfb - - 77b9647b55af417094b7e5991cc094b9 77b9647b55af417094b7e5991cc094b9] 199.204.45.25 "GET /v2.0/floatingips?fixed_ip_address=10.2.2.135&port_id=c753c0c2-7c90-4340-8c5b-e2dfad38f174 HTTP/1.1" status: 200 len: 217 time: 0.0319161
2026-05-11 06:52:49.345 10 INFO neutron.wsgi [req-7e82c10e-0b24-478d-ac03-92e3c41679ca req-7c00fddc-1679-4a41-b994-0f939667563e d74a34133731452aae68b146cd679704 5b6e34121d144498874972f3fefe2dfb - - 77b9647b55af417094b7e5991cc094b9 77b9647b55af417094b7e5991cc094b9] 199.204.45.25 "GET /v2.0/floatingips?fixed_ip_address=fd77%3A1457%3A4cf0%3A26a8%3A%3A61&port_id=c753c0c2-7c90-4340-8c5b-e2dfad38f174 HTTP/1.1" status: 200 len: 217 time: 0.0271618
2026-05-11 06:52:49.385 10 INFO neutron.wsgi [req-7e82c10e-0b24-478d-ac03-92e3c41679ca req-ce43a4b8-96ad-49dd-9379-cfac77faca3f d74a34133731452aae68b146cd679704 5b6e34121d144498874972f3fefe2dfb - - 77b9647b55af417094b7e5991cc094b9 77b9647b55af417094b7e5991cc094b9] 199.204.45.25 "GET /v2.0/subnets?id=604c2950-5977-46a5-9c8d-649c12ca22c5&id=70ac7847-c9b4-4cfe-8760-d9e349334c5d HTTP/1.1" status: 200 len: 1567 time: 0.0345771
2026-05-11 06:52:49.415 10 INFO neutron.wsgi [req-7e82c10e-0b24-478d-ac03-92e3c41679ca req-9f2ad1a6-2215-4997-ba75-30243d3e4da7 d74a34133731452aae68b146cd679704 5b6e34121d144498874972f3fefe2dfb - - 77b9647b55af417094b7e5991cc094b9 77b9647b55af417094b7e5991cc094b9] 199.204.45.25 "GET /v2.0/ports?network_id=04ffc72c-7cf5-4275-991c-9b23a29ea0ea&device_owner=network%3Adhcp HTTP/1.1" status: 200 len: 210 time: 0.0249219
2026-05-11 06:52:49.469 10 INFO neutron.wsgi [req-7e82c10e-0b24-478d-ac03-92e3c41679ca req-f8d151f5-7164-4dc0-8b70-f27d1738d20c d74a34133731452aae68b146cd679704 5b6e34121d144498874972f3fefe2dfb - - 77b9647b55af417094b7e5991cc094b9 77b9647b55af417094b7e5991cc094b9] 199.204.45.25 "GET /v2.0/ports?network_id=04ffc72c-7cf5-4275-991c-9b23a29ea0ea&device_owner=network%3Adhcp HTTP/1.1" status: 200 len: 210 time: 0.0481026
2026-05-11 06:52:49.551 10 INFO neutron.wsgi [req-7e82c10e-0b24-478d-ac03-92e3c41679ca req-52949e14-dbcf-421f-90c4-43ffa70db60c d74a34133731452aae68b146cd679704 5b6e34121d144498874972f3fefe2dfb - - 77b9647b55af417094b7e5991cc094b9 77b9647b55af417094b7e5991cc094b9] 199.204.45.25 "GET /v2.0/networks/04ffc72c-7cf5-4275-991c-9b23a29ea0ea?fields=segments HTTP/1.1" status: 200 len: 212 time: 0.0752125
2026-05-11 06:52:49.627 10 INFO neutron.wsgi [req-7e82c10e-0b24-478d-ac03-92e3c41679ca req-323f40c0-7111-4410-99b3-5407e7eaac24 d74a34133731452aae68b146cd679704 5b6e34121d144498874972f3fefe2dfb - - 77b9647b55af417094b7e5991cc094b9 77b9647b55af417094b7e5991cc094b9] 199.204.45.25 "GET /v2.0/networks/04ffc72c-7cf5-4275-991c-9b23a29ea0ea?fields=provider%3Aphysical_network&fields=provider%3Anetwork_type HTTP/1.1" status: 200 len: 277 time: 0.0685723
2026-05-11 06:52:49.719 10 INFO neutron.wsgi [req-e6272c01-850f-4700-83f6-5f331f37a397 req-2ccfa229-fb00-436e-abb8-87ebe959538a d74a34133731452aae68b146cd679704 5b6e34121d144498874972f3fefe2dfb - - 77b9647b55af417094b7e5991cc094b9 77b9647b55af417094b7e5991cc094b9] 199.204.45.25 "GET /v2.0/ports?tenant_id=d93b79dfa41e4723ab3bc9256dd61450&device_id=a713ca31-599f-4d02-b99c-2b081fc8966e HTTP/1.1" status: 200 len: 5154 time: 0.0462260
2026-05-11 06:52:49.722 10 INFO neutron.plugins.ml2.drivers.ovn.mech_driver.mech_driver [None req-7ed45dec-ef09-4a9f-955d-6f4b4fa90417 - - - - - -] OVN reports status up for port: c753c0c2-7c90-4340-8c5b-e2dfad38f174
2026-05-11 06:52:49.754 10 INFO neutron.plugins.ml2.plugin [None req-7ed45dec-ef09-4a9f-955d-6f4b4fa90417 - - - - - -] Attempt 1 to provision port c753c0c2-7c90-4340-8c5b-e2dfad38f174
2026-05-11 06:52:49.808 10 INFO neutron.wsgi [req-e6272c01-850f-4700-83f6-5f331f37a397 req-f736ee03-d533-41e2-9e6b-c8b95ff3f039 d74a34133731452aae68b146cd679704 5b6e34121d144498874972f3fefe2dfb - - 77b9647b55af417094b7e5991cc094b9 77b9647b55af417094b7e5991cc094b9] 199.204.45.25 "GET /v2.0/networks?id=04ffc72c-7cf5-4275-991c-9b23a29ea0ea HTTP/1.1" status: 200 len: 1002 time: 0.0816827
2026-05-11 06:52:49.929 9 INFO neutron.wsgi [req-7e82c10e-0b24-478d-ac03-92e3c41679ca req-a03b890f-9af2-4305-a84c-99191bf802c7 2956132494344d6e9c24a0d374df1bea d93b79dfa41e4723ab3bc9256dd61450 - - default default] 10.0.0.127 "GET /v2.0/ports/c753c0c2-7c90-4340-8c5b-e2dfad38f174 HTTP/1.1" status: 200 len: 1585 time: 0.0388551
2026-05-11 06:52:49.972 9 INFO neutron.wsgi [None req-287906ba-bc17-4d7d-8b61-219527992a40 2956132494344d6e9c24a0d374df1bea d93b79dfa41e4723ab3bc9256dd61450 - - default default] 199.204.45.25 "GET /v2.0/ports/c753c0c2-7c90-4340-8c5b-e2dfad38f174 HTTP/1.1" status: 200 len: 1585 time: 0.0310137
2026-05-11 06:52:50.019 9 INFO neutron.wsgi [None req-15c106a6-fc75-4db6-bee1-8fe56b2dabc3 2956132494344d6e9c24a0d374df1bea d93b79dfa41e4723ab3bc9256dd61450 - - default default] 199.204.45.25 "GET /v2.0/ports/c753c0c2-7c90-4340-8c5b-e2dfad38f174 HTTP/1.1" status: 200 len: 1585 time: 0.0400200
2026-05-11 06:52:50.146 10 INFO neutron.wsgi [req-e6272c01-850f-4700-83f6-5f331f37a397 req-73f96238-6290-4718-a2d1-b27a07ac26d0 d74a34133731452aae68b146cd679704 5b6e34121d144498874972f3fefe2dfb - - 77b9647b55af417094b7e5991cc094b9 77b9647b55af417094b7e5991cc094b9] 199.204.45.25 "GET /v2.0/floatingips?fixed_ip_address=10.2.2.135&port_id=c753c0c2-7c90-4340-8c5b-e2dfad38f174 HTTP/1.1" status: 200 len: 217 time: 0.3269153
2026-05-11 06:52:50.181 10 INFO neutron.wsgi [req-e6272c01-850f-4700-83f6-5f331f37a397 req-e71e2632-7ba5-4f9c-bcf3-5b6f001aec58 d74a34133731452aae68b146cd679704 5b6e34121d144498874972f3fefe2dfb - - 77b9647b55af417094b7e5991cc094b9 77b9647b55af417094b7e5991cc094b9] 199.204.45.25 "GET /v2.0/floatingips?fixed_ip_address=fd77%3A1457%3A4cf0%3A26a8%3A%3A61&port_id=c753c0c2-7c90-4340-8c5b-e2dfad38f174 HTTP/1.1" status: 200 len: 217 time: 0.0271337
2026-05-11 06:52:50.240 10 INFO neutron.wsgi [req-e6272c01-850f-4700-83f6-5f331f37a397 req-2cd345ed-b25a-4ec4-a9ad-ea868f26ce80 d74a34133731452aae68b146cd679704 5b6e34121d144498874972f3fefe2dfb - - 77b9647b55af417094b7e5991cc094b9 77b9647b55af417094b7e5991cc094b9] 199.204.45.25 "GET /v2.0/subnets?id=604c2950-5977-46a5-9c8d-649c12ca22c5&id=70ac7847-c9b4-4cfe-8760-d9e349334c5d HTTP/1.1" status: 200 len: 1567 time: 0.0520566
2026-05-11 06:52:50.281 10 INFO neutron.wsgi [req-e6272c01-850f-4700-83f6-5f331f37a397 req-56762cb7-b0d0-435e-b7b1-c50192a3980b d74a34133731452aae68b146cd679704 5b6e34121d144498874972f3fefe2dfb - - 77b9647b55af417094b7e5991cc094b9 77b9647b55af417094b7e5991cc094b9] 199.204.45.25 "GET /v2.0/ports?network_id=04ffc72c-7cf5-4275-991c-9b23a29ea0ea&device_owner=network%3Adhcp HTTP/1.1" status: 200 len: 210 time: 0.0324855
2026-05-11 06:52:50.325 10 INFO neutron.wsgi [req-e6272c01-850f-4700-83f6-5f331f37a397 req-d3bf634d-88e3-482a-82af-fa66e35b7326 d74a34133731452aae68b146cd679704 5b6e34121d144498874972f3fefe2dfb - - 77b9647b55af417094b7e5991cc094b9 77b9647b55af417094b7e5991cc094b9] 199.204.45.25 "GET /v2.0/ports?network_id=04ffc72c-7cf5-4275-991c-9b23a29ea0ea&device_owner=network%3Adhcp HTTP/1.1" status: 200 len: 210 time: 0.0345173
2026-05-11 06:52:50.423 10 INFO neutron.wsgi [req-e6272c01-850f-4700-83f6-5f331f37a397 req-530017e0-aab0-4a7a-a30e-c07765d8c2c8 d74a34133731452aae68b146cd679704 5b6e34121d144498874972f3fefe2dfb - - 77b9647b55af417094b7e5991cc094b9 77b9647b55af417094b7e5991cc094b9] 199.204.45.25 "GET /v2.0/networks/04ffc72c-7cf5-4275-991c-9b23a29ea0ea?fields=segments HTTP/1.1" status: 200 len: 212 time: 0.0826659
2026-05-11 06:52:50.453 9 INFO neutron.db.ovn_revision_numbers_db [None req-6220474e-f77a-4fb1-a458-14a671f5aa97 2956132494344d6e9c24a0d374df1bea d93b79dfa41e4723ab3bc9256dd61450 - - - -] Successfully bumped revision number for resource c753c0c2-7c90-4340-8c5b-e2dfad38f174 (type: ports) to 5
2026-05-11 06:52:50.460 10 INFO neutron.db.ovn_revision_numbers_db [None req-7ed45dec-ef09-4a9f-955d-6f4b4fa90417 - - - - - -] Successfully bumped revision number for resource c753c0c2-7c90-4340-8c5b-e2dfad38f174 (type: ports) to 4
2026-05-11 06:52:50.470 9 INFO neutron.wsgi [None req-6220474e-f77a-4fb1-a458-14a671f5aa97 2956132494344d6e9c24a0d374df1bea d93b79dfa41e4723ab3bc9256dd61450 - - - -] 199.204.45.25 "PUT /v2.0/ports/c753c0c2-7c90-4340-8c5b-e2dfad38f174 HTTP/1.1" status: 200 len: 1328 time: 0.4471483 /var/lib/openstack/lib/python3.10/site-packages/pycadf/identifier.py:71: UserWarning: Invalid uuid: neutron. To ensure interoperability, identifiers should be a valid uuid. warnings.warn(('Invalid uuid: %s. To ensure interoperability, '
2026-05-11 06:52:50.483 10 INFO neutron.notifiers.nova [-] Nova event matching ['req-0d0d5037-47b2-45c1-a251-8061793ff757'] response: {'server_uuid': 'a713ca31-599f-4d02-b99c-2b081fc8966e', 'name': 'network-vif-plugged', 'status': 'completed', 'tag': 'c753c0c2-7c90-4340-8c5b-e2dfad38f174', 'code': 200}
2026-05-11 06:52:50.513 9 INFO neutron.notifiers.nova [-] Nova event matching ['req-669d583d-92ad-48ce-b324-e68038ccd8ad'] response: {'name': 'network-changed', 'server_uuid': 'a713ca31-599f-4d02-b99c-2b081fc8966e', 'tag': 'c753c0c2-7c90-4340-8c5b-e2dfad38f174', 'status': 'completed', 'code': 200}
2026-05-11 06:52:50.525 10 INFO neutron.wsgi [req-e6272c01-850f-4700-83f6-5f331f37a397 req-7a783642-1f1f-46df-80c7-b7ea8d36eb5d d74a34133731452aae68b146cd679704 5b6e34121d144498874972f3fefe2dfb - - 77b9647b55af417094b7e5991cc094b9 77b9647b55af417094b7e5991cc094b9] 199.204.45.25 "GET /v2.0/networks/04ffc72c-7cf5-4275-991c-9b23a29ea0ea?fields=provider%3Aphysical_network&fields=provider%3Anetwork_type HTTP/1.1" status: 200 len: 277 time: 0.0978639 /var/lib/openstack/lib/python3.10/site-packages/pycadf/identifier.py:71: UserWarning: Invalid uuid: neutron. To ensure interoperability, identifiers should be a valid uuid. warnings.warn(('Invalid uuid: %s. To ensure interoperability, '
2026-05-11 06:52:50.585 9 INFO neutron.wsgi [None req-8ce850eb-5b7c-4344-b309-f589826040ca 2956132494344d6e9c24a0d374df1bea d93b79dfa41e4723ab3bc9256dd61450 - - default default] 199.204.45.25 "GET /v2.0/networks/04ffc72c-7cf5-4275-991c-9b23a29ea0ea HTTP/1.1" status: 200 len: 999 time: 0.1078279
2026-05-11 06:52:50.609 10 INFO neutron.wsgi [req-2b52decc-98b6-4454-aaa5-d449defccb58 req-da745d66-b04e-400e-aeb2-54d649dea441 d74a34133731452aae68b146cd679704 5b6e34121d144498874972f3fefe2dfb - - 77b9647b55af417094b7e5991cc094b9 77b9647b55af417094b7e5991cc094b9] 199.204.45.25 "GET /v2.0/ports?tenant_id=d93b79dfa41e4723ab3bc9256dd61450&device_id=a713ca31-599f-4d02-b99c-2b081fc8966e HTTP/1.1" status: 200 len: 4927 time: 0.0436308
2026-05-11 06:52:50.637 9 INFO neutron.wsgi [None req-a33c294e-7e80-4e73-9420-831c7ec43ff3 2956132494344d6e9c24a0d374df1bea d93b79dfa41e4723ab3bc9256dd61450 - - default default] 199.204.45.25 "GET /v2.0/subnets/604c2950-5977-46a5-9c8d-649c12ca22c5 HTTP/1.1" status: 200 len: 849 time: 0.0439157
2026-05-11 06:52:50.690 10 INFO neutron.wsgi [req-2b52decc-98b6-4454-aaa5-d449defccb58 req-25dc53d6-dcf4-4cc2-9e26-7025570d4e06 d74a34133731452aae68b146cd679704 5b6e34121d144498874972f3fefe2dfb - - 77b9647b55af417094b7e5991cc094b9 77b9647b55af417094b7e5991cc094b9] 199.204.45.25 "GET /v2.0/networks?id=04ffc72c-7cf5-4275-991c-9b23a29ea0ea HTTP/1.1" status: 200 len: 1002 time: 0.0751045
2026-05-11 06:52:50.714 9 INFO neutron.wsgi [None req-194a5d96-1cb3-40ea-bd7e-b2ecfcecf6f0 2956132494344d6e9c24a0d374df1bea d93b79dfa41e4723ab3bc9256dd61450 - - default default] 199.204.45.25 "GET /v2.0/extensions/security-group HTTP/1.1" status: 200 len: 369 time: 0.0080240
2026-05-11 06:52:50.728 9 INFO neutron.wsgi [None req-39721b73-a7c5-42e5-b135-104b829e0f2e 2956132494344d6e9c24a0d374df1bea d93b79dfa41e4723ab3bc9256dd61450 - - default default] 199.204.45.25 "GET /v2.0/extensions/dns-integration HTTP/1.1" status: 200 len: 371 time: 0.0095601
2026-05-11 06:52:50.729 10 INFO neutron.wsgi [req-2b52decc-98b6-4454-aaa5-d449defccb58 req-14af825b-1697-40ed-a958-db2b552517fd d74a34133731452aae68b146cd679704 5b6e34121d144498874972f3fefe2dfb - - 77b9647b55af417094b7e5991cc094b9 77b9647b55af417094b7e5991cc094b9] 199.204.45.25 "GET /v2.0/floatingips?fixed_ip_address=10.2.2.135&port_id=c753c0c2-7c90-4340-8c5b-e2dfad38f174 HTTP/1.1" status: 200 len: 217 time: 0.0297687
2026-05-11 06:52:50.739 9 INFO neutron.wsgi [None req-6d43afdc-41c5-4c58-8033-88177ac61730 2956132494344d6e9c24a0d374df1bea d93b79dfa41e4723ab3bc9256dd61450 - - default default] 199.204.45.25 "GET /v2.0/extensions/qos HTTP/1.1" status: 200 len: 365 time: 0.0055366
2026-05-11 06:52:50.753 9 INFO neutron.wsgi [None req-082430df-072b-4d34-8f62-e833e100991b 2956132494344d6e9c24a0d374df1bea d93b79dfa41e4723ab3bc9256dd61450 - - default default] 199.204.45.25 "GET /v2.0/extensions/allowed-address-pairs HTTP/1.1" status: 200 len: 383 time: 0.0077448
2026-05-11 06:52:50.780 10 INFO neutron.wsgi [req-2b52decc-98b6-4454-aaa5-d449defccb58 req-54e93244-c718-4f79-9871-824708c9f015 d74a34133731452aae68b146cd679704 5b6e34121d144498874972f3fefe2dfb - - 77b9647b55af417094b7e5991cc094b9 77b9647b55af417094b7e5991cc094b9] 199.204.45.25 "GET /v2.0/subnets?id=604c2950-5977-46a5-9c8d-649c12ca22c5 HTTP/1.1" status: 200 len: 852 time: 0.0474277
2026-05-11 06:52:50.799 9 INFO neutron.wsgi [None req-f5730ba0-e891-4c25-bea5-34f7ce963156 2956132494344d6e9c24a0d374df1bea d93b79dfa41e4723ab3bc9256dd61450 - - default default] 199.204.45.25 "GET /v2.0/subnets/c3fbf14f-89cd-421f-aabb-40cfcce6cd89 HTTP/1.1" status: 200 len: 850 time: 0.0406077
2026-05-11 06:52:50.810 10 INFO neutron.wsgi [req-2b52decc-98b6-4454-aaa5-d449defccb58 req-bfc3d982-1beb-4702-8c85-f4c8c5e03335 d74a34133731452aae68b146cd679704 5b6e34121d144498874972f3fefe2dfb - - 77b9647b55af417094b7e5991cc094b9 77b9647b55af417094b7e5991cc094b9] 199.204.45.25 "GET /v2.0/ports?network_id=04ffc72c-7cf5-4275-991c-9b23a29ea0ea&device_owner=network%3Adhcp HTTP/1.1" status: 200 len: 210 time: 0.0257463
2026-05-11 06:52:50.837 9 INFO neutron.wsgi [None req-9ef79019-c9c2-4e0b-bf14-8019898181b6 2956132494344d6e9c24a0d374df1bea d93b79dfa41e4723ab3bc9256dd61450 - - default default] 199.204.45.25 "GET /v2.0/ports/679c06f0-0d29-4488-b8b5-305557cf724a HTTP/1.1" status: 200 len: 1336 time: 0.0302417
2026-05-11 06:52:50.880 10 INFO neutron.wsgi [req-2b52decc-98b6-4454-aaa5-d449defccb58 req-bce3611c-593e-4f07-bd3c-8f8a53b303ea d74a34133731452aae68b146cd679704 5b6e34121d144498874972f3fefe2dfb - - 77b9647b55af417094b7e5991cc094b9 77b9647b55af417094b7e5991cc094b9] 199.204.45.25 "GET /v2.0/networks/04ffc72c-7cf5-4275-991c-9b23a29ea0ea?fields=segments HTTP/1.1" status: 200 len: 212 time: 0.0626199
2026-05-11 06:52:50.883 9 INFO neutron.wsgi [None req-7905bcd4-fff8-4fcb-8303-5b06d9e43ebb 2956132494344d6e9c24a0d374df1bea d93b79dfa41e4723ab3bc9256dd61450 - - default default] 199.204.45.25 "GET /v2.0/ports/d1eeb289-5fd0-4382-8198-63e9ad91e219 HTTP/1.1" status: 200 len: 1466 time: 0.0398707
2026-05-11 06:52:50.929 9 INFO neutron.wsgi [None req-bb5168bf-c3f2-4700-a879-e24745712cdf 2956132494344d6e9c24a0d374df1bea d93b79dfa41e4723ab3bc9256dd61450 - - default default] 199.204.45.25 "GET /v2.0/subnets/c3fbf14f-89cd-421f-aabb-40cfcce6cd89 HTTP/1.1" status: 200 len: 850 time: 0.0386391
2026-05-11 06:52:50.950 10 INFO neutron.wsgi [req-2b52decc-98b6-4454-aaa5-d449defccb58 req-7fcf7004-6154-4872-9f86-5745e508aa02 d74a34133731452aae68b146cd679704 5b6e34121d144498874972f3fefe2dfb - - 77b9647b55af417094b7e5991cc094b9 77b9647b55af417094b7e5991cc094b9] 199.204.45.25 "GET /v2.0/networks/04ffc72c-7cf5-4275-991c-9b23a29ea0ea?fields=provider%3Aphysical_network&fields=provider%3Anetwork_type HTTP/1.1" status: 200 len: 277 time: 0.0622416
2026-05-11 06:52:51.018 9 INFO neutron.wsgi [None req-ab8fa43c-c072-45cd-82bb-eab7628d13ab 2956132494344d6e9c24a0d374df1bea d93b79dfa41e4723ab3bc9256dd61450 - - default default] 199.204.45.25 "GET /v2.0/networks/53b26a9e-bc33-45e2-a760-e6e7fad4c317 HTTP/1.1" status: 200 len: 1001 time: 0.0837970
2026-05-11 06:52:51.054 9 INFO neutron.wsgi [None req-2b379e05-9cb4-423b-bd4e-dab8fc00d79b 2956132494344d6e9c24a0d374df1bea d93b79dfa41e4723ab3bc9256dd61450 - - default default] 199.204.45.25 "GET /v2.0/ports/679c06f0-0d29-4488-b8b5-305557cf724a HTTP/1.1" status: 200 len: 1336 time: 0.0286150
2026-05-11 06:52:51.086 9 INFO neutron.wsgi [None req-898db98c-c52d-4d06-9140-ee73f26c284d 2956132494344d6e9c24a0d374df1bea d93b79dfa41e4723ab3bc9256dd61450 - - default default] 199.204.45.25 "GET /v2.0/subnets/c3fbf14f-89cd-421f-aabb-40cfcce6cd89 HTTP/1.1" status: 200 len: 850 time: 0.0266423
2026-05-11 06:52:52.526 10 INFO neutron.notifiers.nova [-] Nova event matching ['req-cbe81a7e-3777-4a6f-8873-d90646006c29'] response: {'server_uuid': 'a713ca31-599f-4d02-b99c-2b081fc8966e', 'name': 'network-vif-plugged', 'status': 'completed', 'tag': 'c753c0c2-7c90-4340-8c5b-e2dfad38f174', 'code': 200}
2026-05-11 06:53:00.659 9 INFO neutron.wsgi [-] 10.0.0.191 "GET / HTTP/1.1" status: 200 len: 246 time: 0.0021188
2026-05-11 06:53:00.659 10 INFO neutron.wsgi [-] 10.0.0.191 "GET / HTTP/1.1" status: 200 len: 246 time: 0.0026531
2026-05-11 06:53:00.971 9 INFO neutron.wsgi [None req-19ae880e-9b39-4f9b-ab31-836b71b38447 2956132494344d6e9c24a0d374df1bea d93b79dfa41e4723ab3bc9256dd61450 - - default default] 199.204.45.25 "GET /v2.0/extensions/security-group HTTP/1.1" status: 200 len: 369 time: 0.0086420
2026-05-11 06:53:00.980 9 INFO neutron.wsgi [None req-41146b6e-1121-41d9-a408-38c608624e90 2956132494344d6e9c24a0d374df1bea d93b79dfa41e4723ab3bc9256dd61450 - - default default] 199.204.45.25 "GET /v2.0/extensions/dns-integration HTTP/1.1" status: 200 len: 371 time: 0.0049956
2026-05-11 06:53:00.990 9 INFO neutron.wsgi [None req-7cd2abf2-e5d5-4e68-90c2-75ec21425d9b 2956132494344d6e9c24a0d374df1bea d93b79dfa41e4723ab3bc9256dd61450 - - default default] 199.204.45.25 "GET /v2.0/extensions/qos HTTP/1.1" status: 200 len: 365 time: 0.0058465
2026-05-11 06:53:01.001 9 INFO neutron.wsgi [None req-2f185fae-db4f-46b2-b90d-57d8965321db 2956132494344d6e9c24a0d374df1bea d93b79dfa41e4723ab3bc9256dd61450 - - default default] 199.204.45.25 "GET /v2.0/extensions/allowed-address-pairs HTTP/1.1" status: 200 len: 383 time: 0.0047975
2026-05-11 06:53:01.051 9 INFO neutron.wsgi [None req-2eb936c7-e9fa-4c44-b0d1-c450e8729bfe 2956132494344d6e9c24a0d374df1bea d93b79dfa41e4723ab3bc9256dd61450 - - default default] 199.204.45.25 "GET /v2.0/subnets/9678cb58-3dab-446e-815c-7c55c31240db HTTP/1.1" status: 200 len: 848 time: 0.0442595
2026-05-11 06:53:01.095 9 INFO neutron.wsgi [None req-307c6dd4-5d11-4a71-8923-a1e20ae12a69 2956132494344d6e9c24a0d374df1bea d93b79dfa41e4723ab3bc9256dd61450 - - default default] 199.204.45.25 "GET /v2.0/ports?device_id=a713ca31-599f-4d02-b99c-2b081fc8966e HTTP/1.1" status: 200 len: 4927 time: 0.0368996
2026-05-11 06:53:01.212 9 INFO neutron.wsgi [None req-aed47cb0-3a37-4a30-81b4-c0dd62079898 2956132494344d6e9c24a0d374df1bea d93b79dfa41e4723ab3bc9256dd61450 - - default default] 199.204.45.25 "GET /v2.0/extensions/security-group HTTP/1.1" status: 200 len: 369 time: 0.0080576
2026-05-11 06:53:01.220 9 INFO neutron.wsgi [None req-86cbf8fd-bc85-4874-b9bb-17b3cdda0d22 2956132494344d6e9c24a0d374df1bea d93b79dfa41e4723ab3bc9256dd61450 - - default default] 199.204.45.25 "GET /v2.0/extensions/dns-integration HTTP/1.1" status: 200 len: 371 time: 0.0036139
2026-05-11 06:53:01.229 9 INFO neutron.wsgi [None req-4347419c-77b6-4c9d-b4c6-8a560289c043 2956132494344d6e9c24a0d374df1bea d93b79dfa41e4723ab3bc9256dd61450 - - default default] 199.204.45.25 "GET /v2.0/extensions/qos HTTP/1.1" status: 200 len: 365 time: 0.0050745
2026-05-11 06:53:01.240 9 INFO neutron.wsgi [None req-bcb5c948-f4e1-4aa7-bf05-3f2524fd1e06 2956132494344d6e9c24a0d374df1bea d93b79dfa41e4723ab3bc9256dd61450 - - default default] 199.204.45.25 "GET /v2.0/extensions/allowed-address-pairs HTTP/1.1" status: 200 len: 383 time: 0.0056865
2026-05-11 06:53:01.275 9 INFO neutron.wsgi [None req-d76c6ca8-2771-499c-a6ea-72cbd6da750a 2956132494344d6e9c24a0d374df1bea d93b79dfa41e4723ab3bc9256dd61450 - - default default] 199.204.45.25 "GET /v2.0/ports/c753c0c2-7c90-4340-8c5b-e2dfad38f174 HTTP/1.1" status: 200 len: 1358 time: 0.0291152
2026-05-11 06:53:01.692 9 INFO neutron.db.ovn_revision_numbers_db [None req-badb011e-cfa2-45ac-aa65-41241954393a 2956132494344d6e9c24a0d374df1bea d93b79dfa41e4723ab3bc9256dd61450 - - - -] Successfully bumped revision number for resource c753c0c2-7c90-4340-8c5b-e2dfad38f174 (type: ports) to 6
2026-05-11 06:53:01.701 9 INFO neutron.wsgi [None req-badb011e-cfa2-45ac-aa65-41241954393a 2956132494344d6e9c24a0d374df1bea d93b79dfa41e4723ab3bc9256dd61450 - - - -] 199.204.45.25 "PUT /v2.0/ports/c753c0c2-7c90-4340-8c5b-e2dfad38f174 HTTP/1.1" status: 200 len: 1154 time: 0.4184198 /var/lib/openstack/lib/python3.10/site-packages/pycadf/identifier.py:71: UserWarning: Invalid uuid: neutron. To ensure interoperability, identifiers should be a valid uuid. warnings.warn(('Invalid uuid: %s. To ensure interoperability, '
2026-05-11 06:53:01.750 9 INFO neutron.notifiers.nova [-] Nova event matching ['req-6e5e1068-71b4-4761-9559-aa75b85c1bcf'] response: {'name': 'network-changed', 'server_uuid': 'a713ca31-599f-4d02-b99c-2b081fc8966e', 'tag': 'c753c0c2-7c90-4340-8c5b-e2dfad38f174', 'status': 'completed', 'code': 200}
2026-05-11 06:53:01.769 9 INFO neutron.wsgi [None req-6053dd6a-2049-452e-8203-fd1e7da614f5 2956132494344d6e9c24a0d374df1bea d93b79dfa41e4723ab3bc9256dd61450 - - default default] 199.204.45.25 "GET /v2.0/networks/04ffc72c-7cf5-4275-991c-9b23a29ea0ea HTTP/1.1" status: 200 len: 999 time: 0.0603549
2026-05-11 06:53:01.817 9 INFO neutron.wsgi [None req-a33caf94-7f25-48b1-8df5-db9a9e7cdac0 2956132494344d6e9c24a0d374df1bea d93b79dfa41e4723ab3bc9256dd61450 - - default default] 199.204.45.25 "GET /v2.0/ports?device_id=a713ca31-599f-4d02-b99c-2b081fc8966e HTTP/1.1" status: 200 len: 4752 time: 0.0392694
2026-05-11 06:53:01.818 10 INFO neutron.wsgi [req-f7a5e04c-276a-48d9-a5bc-10a51fced698 req-ab1b7a60-751a-4484-a734-0b4d16233b3a d74a34133731452aae68b146cd679704 5b6e34121d144498874972f3fefe2dfb - - 77b9647b55af417094b7e5991cc094b9 77b9647b55af417094b7e5991cc094b9] 199.204.45.25 "GET /v2.0/ports?tenant_id=d93b79dfa41e4723ab3bc9256dd61450&device_id=a713ca31-599f-4d02-b99c-2b081fc8966e HTTP/1.1" status: 200 len: 4752 time: 0.0480671
2026-05-11 06:53:01.887 10 INFO neutron.wsgi [req-f7a5e04c-276a-48d9-a5bc-10a51fced698 req-1a1e092f-796a-468d-827f-1d342ea1c5cf d74a34133731452aae68b146cd679704 5b6e34121d144498874972f3fefe2dfb - - 77b9647b55af417094b7e5991cc094b9 77b9647b55af417094b7e5991cc094b9] 199.204.45.25 "GET /v2.0/networks?id=04ffc72c-7cf5-4275-991c-9b23a29ea0ea HTTP/1.1" status: 200 len: 1002 time: 0.0628254
2026-05-11 06:53:01.936 9 INFO neutron.wsgi [None req-6905f04c-194d-42ab-aa63-567e47b862df 2956132494344d6e9c24a0d374df1bea d93b79dfa41e4723ab3bc9256dd61450 - - default default] 199.204.45.25 "GET /v2.0/ports?device_id=a713ca31-599f-4d02-b99c-2b081fc8966e HTTP/1.1" status: 200 len: 4752 time: 0.0383515
2026-05-11 06:53:01.976 10 INFO neutron.wsgi [req-f7a5e04c-276a-48d9-a5bc-10a51fced698 req-28b89ded-92bf-4f9a-8129-39da90c96620 d74a34133731452aae68b146cd679704 5b6e34121d144498874972f3fefe2dfb - - 77b9647b55af417094b7e5991cc094b9 77b9647b55af417094b7e5991cc094b9] 199.204.45.25 "GET /v2.0/networks/04ffc72c-7cf5-4275-991c-9b23a29ea0ea?fields=segments HTTP/1.1" status: 200 len: 212 time: 0.0766032
2026-05-11 06:53:02.053 10 INFO neutron.wsgi [req-f7a5e04c-276a-48d9-a5bc-10a51fced698 req-c1c7ec09-34e3-4ea3-8559-293ba76fe5af d74a34133731452aae68b146cd679704 5b6e34121d144498874972f3fefe2dfb - - 77b9647b55af417094b7e5991cc094b9 77b9647b55af417094b7e5991cc094b9] 199.204.45.25 "GET /v2.0/networks/04ffc72c-7cf5-4275-991c-9b23a29ea0ea?fields=provider%3Aphysical_network&fields=provider%3Anetwork_type HTTP/1.1" status: 200 len: 277 time: 0.0673668
2026-05-11 06:53:02.194 10 INFO neutron.plugins.ml2.drivers.ovn.mech_driver.mech_driver [None req-7ed45dec-ef09-4a9f-955d-6f4b4fa90417 - - - - - -] OVN reports status down for port: c753c0c2-7c90-4340-8c5b-e2dfad38f174
2026-05-11 06:53:02.248 10 INFO neutron.wsgi [req-75d3472d-9f91-4fad-be63-427ba6aead8b req-5910897f-e116-4c8a-8880-dd337640338a d74a34133731452aae68b146cd679704 5b6e34121d144498874972f3fefe2dfb - - 77b9647b55af417094b7e5991cc094b9 77b9647b55af417094b7e5991cc094b9] 199.204.45.25 "GET /v2.0/ports/c753c0c2-7c90-4340-8c5b-e2dfad38f174 HTTP/1.1" status: 200 len: 1182 time: 0.0301857
2026-05-11 06:53:02.343 10 INFO neutron.notifiers.nova [-] Nova event matching ['req-c79b64cf-5346-46f3-8254-352a77da1855'] response: {'server_uuid': 'a713ca31-599f-4d02-b99c-2b081fc8966e', 'name': 'network-vif-unplugged', 'status': 'completed', 'tag': 'c753c0c2-7c90-4340-8c5b-e2dfad38f174', 'code': 200}
2026-05-11 06:53:02.508 10 INFO neutron.db.ovn_revision_numbers_db [None req-7ed45dec-ef09-4a9f-955d-6f4b4fa90417 - - - - - -] Successfully bumped revision number for resource c753c0c2-7c90-4340-8c5b-e2dfad38f174 (type: ports) to 7
2026-05-11 06:53:02.556 10 INFO neutron.wsgi [None req-0f002ed1-3bf4-4dcb-8cfe-eb7561a26438 2956132494344d6e9c24a0d374df1bea d93b79dfa41e4723ab3bc9256dd61450 - - - -] 199.204.45.25 "DELETE /v2.0/ports/c753c0c2-7c90-4340-8c5b-e2dfad38f174 HTTP/1.1" status: 204 len: 173 time: 0.2928729
2026-05-11 06:53:02.657 10 INFO neutron.wsgi [req-75d3472d-9f91-4fad-be63-427ba6aead8b req-60f5f11a-09bf-47e6-b880-4ab7e629250d d74a34133731452aae68b146cd679704 5b6e34121d144498874972f3fefe2dfb - - 77b9647b55af417094b7e5991cc094b9 77b9647b55af417094b7e5991cc094b9] 199.204.45.25 "GET /v2.0/ports?tenant_id=d93b79dfa41e4723ab3bc9256dd61450&device_id=a713ca31-599f-4d02-b99c-2b081fc8966e HTTP/1.1" status: 200 len: 3777 time: 0.0463145
2026-05-11 06:53:02.756 10 INFO neutron.wsgi [req-75d3472d-9f91-4fad-be63-427ba6aead8b req-48cd9858-7629-495e-b8cd-912bc6eb0837 d74a34133731452aae68b146cd679704 5b6e34121d144498874972f3fefe2dfb - - 77b9647b55af417094b7e5991cc094b9 77b9647b55af417094b7e5991cc094b9] 199.204.45.25 "GET /v2.0/networks?id=f0d26f69-acc4-40ee-b565-8859c5b3c7c7&id=53b26a9e-bc33-45e2-a760-e6e7fad4c317&id=e9bdc932-8bbd-44c0-9e90-8ac0dcc9344f&id=04ffc72c-7cf5-4275-991c-9b23a29ea0ea HTTP/1.1" status: 200 len: 3307 time: 0.0883873
2026-05-11 06:53:02.794 10 INFO neutron.wsgi [req-75d3472d-9f91-4fad-be63-427ba6aead8b req-d1e0956f-9c7e-4313-a48b-c444c22284dd d74a34133731452aae68b146cd679704 5b6e34121d144498874972f3fefe2dfb - - 77b9647b55af417094b7e5991cc094b9 77b9647b55af417094b7e5991cc094b9] 199.204.45.25 "GET /v2.0/floatingips?fixed_ip_address=172.24.2.130&port_id=e7c7fa72-8b6c-4401-92de-44871629e870 HTTP/1.1" status: 200 len: 217 time: 0.0309904
2026-05-11 06:53:02.836 10 INFO neutron.wsgi [req-75d3472d-9f91-4fad-be63-427ba6aead8b req-43f38d93-700a-4fa6-8a12-0c04318b005b d74a34133731452aae68b146cd679704 5b6e34121d144498874972f3fefe2dfb - - 77b9647b55af417094b7e5991cc094b9 77b9647b55af417094b7e5991cc094b9] 199.204.45.25 "GET /v2.0/subnets?id=0a05dbd6-2543-4e58-8f7a-f1bd0c0b95ca HTTP/1.1" status: 200 len: 829 time: 0.0346308
2026-05-11 06:53:02.864 10 INFO neutron.wsgi [req-75d3472d-9f91-4fad-be63-427ba6aead8b req-099a1740-53cc-4002-9b7d-666c4990623a d74a34133731452aae68b146cd679704 5b6e34121d144498874972f3fefe2dfb - - 77b9647b55af417094b7e5991cc094b9 77b9647b55af417094b7e5991cc094b9] 199.204.45.25 "GET /v2.0/ports?network_id=f0d26f69-acc4-40ee-b565-8859c5b3c7c7&device_owner=network%3Adhcp HTTP/1.1" status: 200 len: 210 time: 0.0233450
2026-05-11 06:53:02.933 10 INFO neutron.wsgi [req-75d3472d-9f91-4fad-be63-427ba6aead8b req-67f1ffa3-cd16-4410-afb4-11749d67fde2 d74a34133731452aae68b146cd679704 5b6e34121d144498874972f3fefe2dfb - - 77b9647b55af417094b7e5991cc094b9 77b9647b55af417094b7e5991cc094b9] 199.204.45.25 "GET /v2.0/networks/f0d26f69-acc4-40ee-b565-8859c5b3c7c7?fields=segments HTTP/1.1" status: 200 len: 212 time: 0.0614467
2026-05-11 06:53:02.978 9 INFO neutron.wsgi [None req-03c86d2e-a7c2-4ff4-9939-f165c20f45ba 2956132494344d6e9c24a0d374df1bea d93b79dfa41e4723ab3bc9256dd61450 - - default default] 199.204.45.25 "GET /v2.0/ports?device_id=a713ca31-599f-4d02-b99c-2b081fc8966e HTTP/1.1" status: 200 len: 3777 time: 0.0348468
2026-05-11 06:53:03.001 10 INFO neutron.wsgi [req-75d3472d-9f91-4fad-be63-427ba6aead8b req-b5d7f76e-e928-4a58-8ffa-b1fcf00534c5 d74a34133731452aae68b146cd679704 5b6e34121d144498874972f3fefe2dfb - - 77b9647b55af417094b7e5991cc094b9 77b9647b55af417094b7e5991cc094b9] 199.204.45.25 "GET /v2.0/networks/f0d26f69-acc4-40ee-b565-8859c5b3c7c7?fields=provider%3Aphysical_network&fields=provider%3Anetwork_type HTTP/1.1" status: 200 len: 277 time: 0.0617416
2026-05-11 06:53:03.002 9 INFO neutron.pecan_wsgi.hooks.translation [None req-74081ab6-cde5-4911-bc1c-4f1b11f9f0a0 2956132494344d6e9c24a0d374df1bea d93b79dfa41e4723ab3bc9256dd61450 - - - -] DELETE failed (client error): The resource could not be found.
2026-05-11 06:53:03.005 9 INFO neutron.wsgi [None req-74081ab6-cde5-4911-bc1c-4f1b11f9f0a0 2956132494344d6e9c24a0d374df1bea d93b79dfa41e4723ab3bc9256dd61450 - - - -] 199.204.45.25 "DELETE /v2.0/ports/c753c0c2-7c90-4340-8c5b-e2dfad38f174 HTTP/1.1" status: 404 len: 338 time: 0.0185769
2026-05-11 06:53:03.037 10 INFO neutron.wsgi [req-75d3472d-9f91-4fad-be63-427ba6aead8b req-50d12cb0-906c-49e7-9e7e-999958c23a60 d74a34133731452aae68b146cd679704 5b6e34121d144498874972f3fefe2dfb - - 77b9647b55af417094b7e5991cc094b9 77b9647b55af417094b7e5991cc094b9] 199.204.45.25 "GET /v2.0/floatingips?fixed_ip_address=10.1.1.63&port_id=d1eeb289-5fd0-4382-8198-63e9ad91e219 HTTP/1.1" status: 200 len: 217 time: 0.0278654
2026-05-11 06:53:03.079 10 INFO neutron.wsgi [req-75d3472d-9f91-4fad-be63-427ba6aead8b req-50a8f5d7-7a06-4904-95c8-3e99206416f6 d74a34133731452aae68b146cd679704 5b6e34121d144498874972f3fefe2dfb - - 77b9647b55af417094b7e5991cc094b9 77b9647b55af417094b7e5991cc094b9] 199.204.45.25 "GET /v2.0/subnets?id=c3fbf14f-89cd-421f-aabb-40cfcce6cd89 HTTP/1.1" status: 200 len: 853 time: 0.0355012
2026-05-11 06:53:03.089 9 INFO neutron.wsgi [None req-25f74416-0421-427f-b221-8996482a0c6a 2956132494344d6e9c24a0d374df1bea d93b79dfa41e4723ab3bc9256dd61450 - - default default] 199.204.45.25 "GET /v2.0/extensions/security-group HTTP/1.1" status: 200 len: 369 time: 0.0084925
2026-05-11 06:53:03.100 9 INFO neutron.wsgi [None req-d3f4e1bb-7409-416a-8c91-b8332f070dca 2956132494344d6e9c24a0d374df1bea d93b79dfa41e4723ab3bc9256dd61450 - - default default] 199.204.45.25 "GET /v2.0/extensions/dns-integration HTTP/1.1" status: 200 len: 371 time: 0.0055561
2026-05-11 06:53:03.106 10 INFO neutron.wsgi [req-75d3472d-9f91-4fad-be63-427ba6aead8b req-7a8d7e0d-6e69-4020-8752-5835b8b9b65e d74a34133731452aae68b146cd679704 5b6e34121d144498874972f3fefe2dfb - - 77b9647b55af417094b7e5991cc094b9 77b9647b55af417094b7e5991cc094b9] 199.204.45.25 "GET /v2.0/ports?network_id=53b26a9e-bc33-45e2-a760-e6e7fad4c317&device_owner=network%3Adhcp HTTP/1.1" status: 200 len: 210 time: 0.0209110
2026-05-11 06:53:03.110 9 INFO neutron.wsgi [None req-05e8a385-600c-4777-85a5-6a5c9f95acc1 2956132494344d6e9c24a0d374df1bea d93b79dfa41e4723ab3bc9256dd61450 - - default default] 199.204.45.25 "GET /v2.0/extensions/qos HTTP/1.1" status: 200 len: 365 time: 0.0053747
2026-05-11 06:53:03.121 9 INFO neutron.wsgi [None req-e30d78ad-91c5-4519-931e-ff719031699d 2956132494344d6e9c24a0d374df1bea d93b79dfa41e4723ab3bc9256dd61450 - - default default] 199.204.45.25 "GET /v2.0/extensions/allowed-address-pairs HTTP/1.1" status: 200 len: 383 time: 0.0040526
2026-05-11 06:53:03.161 9 INFO neutron.wsgi [None req-640a10dc-2b01-4522-858e-cc8715b51b74 2956132494344d6e9c24a0d374df1bea d93b79dfa41e4723ab3bc9256dd61450 - - default default] 199.204.45.25 "GET /v2.0/subnets/c3fbf14f-89cd-421f-aabb-40cfcce6cd89 HTTP/1.1" status: 200 len: 850 time: 0.0329928
2026-05-11 06:53:03.169 10 INFO neutron.wsgi [req-75d3472d-9f91-4fad-be63-427ba6aead8b req-a05a31dc-e4b1-43ab-b722-ca1da85f9d69 d74a34133731452aae68b146cd679704 5b6e34121d144498874972f3fefe2dfb - - 77b9647b55af417094b7e5991cc094b9 77b9647b55af417094b7e5991cc094b9] 199.204.45.25 "GET /v2.0/networks/53b26a9e-bc33-45e2-a760-e6e7fad4c317?fields=segments HTTP/1.1" status: 200 len: 212 time: 0.0565104
2026-05-11 06:53:03.209 9 INFO neutron.wsgi [None req-50faa868-c0f9-4a2e-ad8d-152fa4a45115 2956132494344d6e9c24a0d374df1bea d93b79dfa41e4723ab3bc9256dd61450 - - default default] 199.204.45.25 "GET /v2.0/ports/679c06f0-0d29-4488-b8b5-305557cf724a HTTP/1.1" status: 200 len: 1336 time: 0.0405567
2026-05-11 06:53:03.236 10 INFO neutron.wsgi [req-75d3472d-9f91-4fad-be63-427ba6aead8b req-10642d6a-8964-4ee3-a6b8-daeb0ae454fe d74a34133731452aae68b146cd679704 5b6e34121d144498874972f3fefe2dfb - - 77b9647b55af417094b7e5991cc094b9 77b9647b55af417094b7e5991cc094b9] 199.204.45.25 "GET /v2.0/networks/53b26a9e-bc33-45e2-a760-e6e7fad4c317?fields=provider%3Aphysical_network&fields=provider%3Anetwork_type HTTP/1.1" status: 200 len: 277 time: 0.0599017
2026-05-11 06:53:03.251 9 INFO neutron.wsgi [None req-f6d6b1e8-e590-4faf-b265-ae989afc29cb 2956132494344d6e9c24a0d374df1bea d93b79dfa41e4723ab3bc9256dd61450 - - default default] 199.204.45.25 "GET /v2.0/ports/d1eeb289-5fd0-4382-8198-63e9ad91e219 HTTP/1.1" status: 200 len: 1466 time: 0.0346818
2026-05-11 06:53:03.273 10 INFO neutron.wsgi [req-75d3472d-9f91-4fad-be63-427ba6aead8b req-eb06f037-ea22-486d-b2b4-fa839cfd6ffe d74a34133731452aae68b146cd679704 5b6e34121d144498874972f3fefe2dfb - - 77b9647b55af417094b7e5991cc094b9 77b9647b55af417094b7e5991cc094b9] 199.204.45.25 "GET /v2.0/floatingips?fixed_ip_address=10.2.1.196&port_id=8ce1cd0a-4328-403a-99cb-8c4e62e50a2c HTTP/1.1" status: 200 len: 217 time: 0.0267067
2026-05-11 06:53:03.295 9 INFO neutron.wsgi [None req-7c97b9b5-e2da-4ca7-b580-8b5954a94511 2956132494344d6e9c24a0d374df1bea d93b79dfa41e4723ab3bc9256dd61450 - - default default] 199.204.45.25 "GET /v2.0/subnets/c3fbf14f-89cd-421f-aabb-40cfcce6cd89 HTTP/1.1" status: 200 len: 850 time: 0.0374646
2026-05-11 06:53:03.312 10 INFO neutron.wsgi [req-75d3472d-9f91-4fad-be63-427ba6aead8b req-18cc7da7-f46f-4a7b-a69f-8bc21166b24b d74a34133731452aae68b146cd679704 5b6e34121d144498874972f3fefe2dfb - - 77b9647b55af417094b7e5991cc094b9 77b9647b55af417094b7e5991cc094b9] 199.204.45.25 "GET /v2.0/subnets?id=9678cb58-3dab-446e-815c-7c55c31240db HTTP/1.1" status: 200 len: 851 time: 0.0323250
