2026-05-11 06:47:27.419 10 INFO neutron.wsgi [None req-85ceb3ff-82d8-450a-90bc-3d4538affb1c a12d2dafc6bd48b5ae89316cc3a25122 fc81d8be5d984b1da2f3c51742807fb3 - - - -] 10.0.0.125 "POST /v2.0/subnets HTTP/1.1" status: 201 len: 830 time: 0.3115630
2026-05-11 06:47:27.762 9 INFO neutron.db.ovn_revision_numbers_db [None req-69eb4033-ce31-4288-be00-fffd989cd64a baf7db2a451b49129adcc1a8040d2600 a2f30fc13b96430aa02850f33cd41857 - - - -] Successfully bumped revision number for resource 7d1b1320-9516-4a82-9798-e7570c4caf2b (type: security_groups) to 1
2026-05-11 06:47:27.788 9 INFO neutron.wsgi [None req-69eb4033-ce31-4288-be00-fffd989cd64a baf7db2a451b49129adcc1a8040d2600 a2f30fc13b96430aa02850f33cd41857 - - - -] 10.0.0.125 "POST /v2.0/security-groups HTTP/1.1" status: 201 len: 1795 time: 0.1155441
2026-05-11 06:47:27.925 9 INFO neutron.db.ovn_revision_numbers_db [None req-531d7c74-d662-4c3d-a338-66b9af5a66f2 baf7db2a451b49129adcc1a8040d2600 a2f30fc13b96430aa02850f33cd41857 - - - -] Successfully bumped revision number for resource b1c9ad5e-3636-49ac-acb4-d431077f3fd5 (type: security_group_rules) to 0
2026-05-11 06:47:27.947 10 INFO neutron.db.ovn_revision_numbers_db [None req-8d0c7ed8-3e1e-4590-b83a-e360555f354a a12d2dafc6bd48b5ae89316cc3a25122 fc81d8be5d984b1da2f3c51742807fb3 - - - -] Successfully bumped revision number for resource 52cd673b-f042-4449-8b00-55ae75141c3c (type: routers) to 1
2026-05-11 06:47:27.953 9 INFO neutron.wsgi [None req-531d7c74-d662-4c3d-a338-66b9af5a66f2 baf7db2a451b49129adcc1a8040d2600 a2f30fc13b96430aa02850f33cd41857 - - - -] 10.0.0.125 "POST /v2.0/security-group-rules HTTP/1.1" status: 201 len: 764 time: 0.1586089
2026-05-11 06:47:27.962 10 INFO neutron.wsgi [None req-8d0c7ed8-3e1e-4590-b83a-e360555f354a a12d2dafc6bd48b5ae89316cc3a25122 fc81d8be5d984b1da2f3c51742807fb3 - - - -] 10.0.0.125 "POST /v2.0/routers HTTP/1.1" status: 201 len: 691 time: 0.5379629
2026-05-11 06:47:28.099 9 INFO neutron.db.ovn_revision_numbers_db [None req-0e613c04-aa35-4eb1-b318-6a965317a173 baf7db2a451b49129adcc1a8040d2600 a2f30fc13b96430aa02850f33cd41857 - - - -] Successfully bumped revision number for resource a932f992-ea79-4663-9fd1-d98c34d78a21 (type: security_group_rules) to 0
2026-05-11 06:47:28.128 9 INFO neutron.wsgi [None req-0e613c04-aa35-4eb1-b318-6a965317a173 baf7db2a451b49129adcc1a8040d2600 a2f30fc13b96430aa02850f33cd41857 - - - -] 10.0.0.125 "POST /v2.0/security-group-rules HTTP/1.1" status: 201 len: 769 time: 0.1677549
2026-05-11 06:47:28.376 9 INFO neutron.wsgi [None req-d2ba015b-6c19-4d88-85ad-90e9ee3ddf5b 5af58cfbb5014636bf844cca0902a074 bf83ace1f52048558c9236e890848c5b - - default default] 10.0.0.125 "GET /v2.0/extensions HTTP/1.1" status: 200 len: 16520 time: 0.1692302
2026-05-11 06:47:28.386 9 INFO neutron.wsgi [None req-f3ddded9-6a4d-409a-9aab-26c9ab15e216 5af58cfbb5014636bf844cca0902a074 bf83ace1f52048558c9236e890848c5b - - default default] 10.0.0.125 "GET /v2.0/extensions/address-group HTTP/1.1" status: 200 len: 353 time: 0.0039084
2026-05-11 06:47:28.398 9 INFO neutron.wsgi [None req-479827ec-facb-49e6-af6a-b3a923efc3c3 5af58cfbb5014636bf844cca0902a074 bf83ace1f52048558c9236e890848c5b - - default default] 10.0.0.125 "GET /v2.0/extensions/address-scope HTTP/1.1" status: 200 len: 357 time: 0.0054276
2026-05-11 06:47:28.401 10 WARNING neutron.scheduler.dhcp_agent_scheduler [None req-8fcb521c-ff71-49d0-a724-09bbf499da7b a12d2dafc6bd48b5ae89316cc3a25122 fc81d8be5d984b1da2f3c51742807fb3 - - default default] No more DHCP agents
2026-05-11 06:47:28.408 10 INFO neutron.wsgi [None req-1723512a-ec4b-4ab2-8a7b-60d700500f18 5af58cfbb5014636bf844cca0902a074 bf83ace1f52048558c9236e890848c5b - - default default] 10.0.0.125 "GET /v2.0/extensions/agent HTTP/1.1" status: 200 len: 347 time: 0.0052893
2026-05-11 06:47:28.410 10 WARNING neutron.api.rpc.agentnotifiers.dhcp_rpc_agent_api [None req-8fcb521c-ff71-49d0-a724-09bbf499da7b a12d2dafc6bd48b5ae89316cc3a25122 fc81d8be5d984b1da2f3c51742807fb3 - - default default] Unable to schedule network de96f889-6c78-4005-9a78-62d3b9a64871: no agents available; will retry on subsequent port and subnet creation events.
2026-05-11 06:47:28.417 10 INFO neutron.wsgi [None req-cc7ed456-c6c1-4faf-bd66-b533fa14adc9 5af58cfbb5014636bf844cca0902a074 bf83ace1f52048558c9236e890848c5b - - default default] 10.0.0.125 "GET /v2.0/extensions/allowed-address-pairs HTTP/1.1" status: 200 len: 378 time: 0.0034480
2026-05-11 06:47:28.429 9 INFO neutron.wsgi [None req-df2d2765-7fb9-44fd-969c-327307ac3c91 5af58cfbb5014636bf844cca0902a074 bf83ace1f52048558c9236e890848c5b - - default default] 10.0.0.125 "GET /v2.0/extensions/auto-allocated-topology HTTP/1.1" status: 200 len: 394 time: 0.0071435
2026-05-11 06:47:28.439 9 INFO neutron.wsgi [None req-f2b9cdb9-2aab-42f6-a4a5-ba523cc40c21 5af58cfbb5014636bf844cca0902a074 bf83ace1f52048558c9236e890848c5b - - default default] 10.0.0.125 "GET /v2.0/extensions/availability_zone HTTP/1.1" status: 200 len: 372 time: 0.0045197
2026-05-11 06:47:28.446 9 WARNING neutron.scheduler.dhcp_agent_scheduler [None req-5028f7bd-90e6-4a1a-9a92-9c36df565347 baf7db2a451b49129adcc1a8040d2600 a2f30fc13b96430aa02850f33cd41857 - - - -] No more DHCP agents
2026-05-11 06:47:28.449 9 INFO neutron.wsgi [None req-493726d1-7cda-41a5-85c1-359b60161d2c 5af58cfbb5014636bf844cca0902a074 bf83ace1f52048558c9236e890848c5b - - default default] 10.0.0.125 "GET /v2.0/extensions/default-subnetpools HTTP/1.1" status: 200 len: 405 time: 0.0043890
2026-05-11 06:47:28.451 9 WARNING neutron.api.rpc.agentnotifiers.dhcp_rpc_agent_api [None req-5028f7bd-90e6-4a1a-9a92-9c36df565347 baf7db2a451b49129adcc1a8040d2600 a2f30fc13b96430aa02850f33cd41857 - - - -] Unable to schedule network 0a10a0d7-b040-4e55-a4f4-7073dd8a0e77: no agents available; will retry on subsequent port and subnet creation events.
2026-05-11 06:47:28.457 9 INFO neutron.wsgi [None req-d27cf440-99c5-45e5-bb84-3b697b7e12a0 5af58cfbb5014636bf844cca0902a074 bf83ace1f52048558c9236e890848c5b - - default default] 10.0.0.125 "GET /v2.0/extensions/dhcp_agent_scheduler HTTP/1.1" status: 200 len: 381 time: 0.0036497
2026-05-11 06:47:28.469 9 INFO neutron.wsgi [None req-22d243a8-245e-4eff-b970-53f767c61a10 5af58cfbb5014636bf844cca0902a074 bf83ace1f52048558c9236e890848c5b - - default default] 10.0.0.125 "GET /v2.0/extensions/dns-integration HTTP/1.1" status: 200 len: 366 time: 0.0042448
2026-05-11 06:47:28.477 9 INFO neutron.wsgi [None req-ef4e93c6-98a3-47d2-8eb1-1c4438c0bf3c 5af58cfbb5014636bf844cca0902a074 bf83ace1f52048558c9236e890848c5b - - default default] 10.0.0.125 "GET /v2.0/extensions/dns-domain-ports HTTP/1.1" status: 200 len: 399 time: 0.0037346
2026-05-11 06:47:28.494 10 INFO neutron.wsgi [None req-28d7ecd6-8760-46c9-8666-b883d2f72a47 5af58cfbb5014636bf844cca0902a074 bf83ace1f52048558c9236e890848c5b - - default default] 10.0.0.125 "GET /v2.0/extensions/dns-integration-domain-keywords HTTP/1.1" status: 200 len: 477 time: 0.0125422
2026-05-11 06:47:28.506 10 INFO neutron.wsgi [None req-6f87e0e5-6e5d-4f07-8e27-3e68e563b401 5af58cfbb5014636bf844cca0902a074 bf83ace1f52048558c9236e890848c5b - - default default] 10.0.0.125 "GET /v2.0/extensions/external-net HTTP/1.1" status: 200 len: 394 time: 0.0053980
2026-05-11 06:47:28.517 10 INFO neutron.wsgi [None req-708c8661-b19c-4421-bb68-36e79165e03a 5af58cfbb5014636bf844cca0902a074 bf83ace1f52048558c9236e890848c5b - - default default] 10.0.0.125 "GET /v2.0/extensions/extra_dhcp_opt HTTP/1.1" status: 200 len: 498 time: 0.0049322
2026-05-11 06:47:28.528 10 INFO neutron.wsgi [None req-49937f8b-4837-45ee-9416-5ea932b52d81 5af58cfbb5014636bf844cca0902a074 bf83ace1f52048558c9236e890848c5b - - default default] 10.0.0.125 "GET /v2.0/extensions/extraroute HTTP/1.1" status: 200 len: 375 time: 0.0058727
2026-05-11 06:47:28.529 10 INFO neutron.db.ovn_revision_numbers_db [None req-8fcb521c-ff71-49d0-a724-09bbf499da7b a12d2dafc6bd48b5ae89316cc3a25122 fc81d8be5d984b1da2f3c51742807fb3 - - default default] Successfully bumped revision number for resource 542f33c3-7b2d-428d-b74e-e302b6c55eab (type: ports) to 1
2026-05-11 06:47:28.540 10 INFO neutron.wsgi [None req-8a512a7b-ab47-468c-891c-ae2bc0a631f5 5af58cfbb5014636bf844cca0902a074 bf83ace1f52048558c9236e890848c5b - - default default] 10.0.0.125 "GET /v2.0/extensions/filter-validation HTTP/1.1" status: 200 len: 392 time: 0.0050046
2026-05-11 06:47:28.553 9 INFO neutron.wsgi [None req-1298b646-799f-48bd-a49d-bccb7477e1b6 5af58cfbb5014636bf844cca0902a074 bf83ace1f52048558c9236e890848c5b - - default default] 10.0.0.125 "GET /v2.0/extensions/floating-ip-port-forwarding-detail HTTP/1.1" status: 200 len: 465 time: 0.0081856
2026-05-11 06:47:28.570 9 INFO neutron.wsgi [None req-7c35b44a-7ceb-407a-8176-1bdb3af7e144 5af58cfbb5014636bf844cca0902a074 bf83ace1f52048558c9236e890848c5b - - default default] 10.0.0.125 "GET /v2.0/extensions/fip-port-details HTTP/1.1" status: 200 len: 406 time: 0.0123005
2026-05-11 06:47:28.579 9 INFO neutron.wsgi [None req-c75056ec-c256-41ac-8838-2454acb68998 5af58cfbb5014636bf844cca0902a074 bf83ace1f52048558c9236e890848c5b - - default default] 10.0.0.125 "GET /v2.0/extensions/flavors HTTP/1.1" status: 200 len: 387 time: 0.0038517
2026-05-11 06:47:28.589 10 INFO neutron.wsgi [None req-48fc23b4-a684-471d-b648-ebb9f1a94047 5af58cfbb5014636bf844cca0902a074 bf83ace1f52048558c9236e890848c5b - - default default] 10.0.0.125 "GET /v2.0/extensions/floatingip-pools HTTP/1.1" status: 200 len: 382 time: 0.0063033
2026-05-11 06:47:28.600 10 INFO neutron.wsgi [None req-363d219d-624e-4836-8e47-30339c4fa128 5af58cfbb5014636bf844cca0902a074 bf83ace1f52048558c9236e890848c5b - - default default] 10.0.0.125 "GET /v2.0/extensions/ip_allocation HTTP/1.1" status: 200 len: 356 time: 0.0064306
2026-05-11 06:47:28.614 10 INFO neutron.wsgi [None req-6c6fbc75-b027-40d6-b3a6-0c9058492c36 5af58cfbb5014636bf844cca0902a074 bf83ace1f52048558c9236e890848c5b - - default default] 10.0.0.125 "GET /v2.0/extensions/l2_adjacency HTTP/1.1" status: 200 len: 372 time: 0.0071294
2026-05-11 06:47:28.642 10 INFO neutron.wsgi [None req-b82f4725-fa21-4bbe-8009-5cb083bdf327 5af58cfbb5014636bf844cca0902a074 bf83ace1f52048558c9236e890848c5b - - default default] 10.0.0.125 "GET /v2.0/extensions/router HTTP/1.1" status: 200 len: 450 time: 0.0243967
2026-05-11 06:47:28.653 9 INFO neutron.wsgi [None req-8e57b182-4a64-4ecd-bbfb-d39713715cfd 5af58cfbb5014636bf844cca0902a074 bf83ace1f52048558c9236e890848c5b - - default default] 10.0.0.125 "GET /v2.0/extensions/ext-gw-mode HTTP/1.1" status: 200 len: 462 time: 0.0054653
2026-05-11 06:47:28.664 9 INFO neutron.wsgi [None req-d4cd31b7-7649-4c88-88ac-2964fcada854 5af58cfbb5014636bf844cca0902a074 bf83ace1f52048558c9236e890848c5b - - default default] 10.0.0.125 "GET /v2.0/extensions/logging HTTP/1.1" status: 200 len: 407 time: 0.0033116
2026-05-11 06:47:28.673 9 INFO neutron.wsgi [None req-84b23311-38fc-4f95-930c-7c6f3af61178 5af58cfbb5014636bf844cca0902a074 bf83ace1f52048558c9236e890848c5b - - default default] 10.0.0.125 "GET /v2.0/extensions/multi-provider HTTP/1.1" status: 200 len: 406 time: 0.0040452
2026-05-11 06:47:28.683 10 INFO neutron.wsgi [None req-f43b1cd1-1a5b-4d4b-9d95-944d1ae55a2f 5af58cfbb5014636bf844cca0902a074 bf83ace1f52048558c9236e890848c5b - - default default] 10.0.0.125 "GET /v2.0/extensions/net-mtu HTTP/1.1" status: 200 len: 370 time: 0.0054209
2026-05-11 06:47:28.691 10 INFO neutron.wsgi [None req-715f0ff9-f754-4e30-abc5-8fa62f1817b8 5af58cfbb5014636bf844cca0902a074 bf83ace1f52048558c9236e890848c5b - - default default] 10.0.0.125 "GET /v2.0/extensions/net-mtu-writable HTTP/1.1" status: 200 len: 401 time: 0.0032289
2026-05-11 06:47:28.698 10 INFO neutron.wsgi [None req-2bc9da87-a93f-4ce6-ad57-b9d10b68cfa4 5af58cfbb5014636bf844cca0902a074 bf83ace1f52048558c9236e890848c5b - - default default] 10.0.0.125 "GET /v2.0/extensions/network_availability_zone HTTP/1.1" status: 200 len: 394 time: 0.0030785
2026-05-11 06:47:28.714 10 INFO neutron.wsgi [None req-160d5b6f-c01d-4cad-85eb-01e287925778 5af58cfbb5014636bf844cca0902a074 bf83ace1f52048558c9236e890848c5b - - default default] 10.0.0.125 "GET /v2.0/extensions/network-ip-availability HTTP/1.1" status: 200 len: 410 time: 0.0125933
2026-05-11 06:47:28.723 10 INFO neutron.wsgi [None req-bb28357f-5955-453d-b024-6a57224a6ea7 5af58cfbb5014636bf844cca0902a074 bf83ace1f52048558c9236e890848c5b - - default default] 10.0.0.125 "GET /v2.0/extensions/pagination HTTP/1.1" status: 200 len: 386 time: 0.0044248
2026-05-11 06:47:28.733 10 INFO neutron.wsgi [None req-9f9cfe09-06a0-431c-86c1-5065eb50994a 5af58cfbb5014636bf844cca0902a074 bf83ace1f52048558c9236e890848c5b - - default default] 10.0.0.125 "GET /v2.0/extensions/port-device-profile HTTP/1.1" status: 200 len: 383 time: 0.0067742
2026-05-11 06:47:28.748 9 INFO neutron.wsgi [None req-edf5b7c0-5547-408b-8bd4-91d9bb87dee0 5af58cfbb5014636bf844cca0902a074 bf83ace1f52048558c9236e890848c5b - - default default] 10.0.0.125 "GET /v2.0/extensions/port-mac-address-regenerate HTTP/1.1" status: 200 len: 403 time: 0.0069013
2026-05-11 06:47:28.757 10 INFO neutron.wsgi [None req-3ef4fe56-9f76-4f7d-a230-d1ef49f1d47e 5af58cfbb5014636bf844cca0902a074 bf83ace1f52048558c9236e890848c5b - - default default] 10.0.0.125 "GET /v2.0/extensions/port-numa-affinity-policy HTTP/1.1" status: 200 len: 392 time: 0.0049756
2026-05-11 06:47:28.778 10 INFO neutron.wsgi [None req-32f24055-e3ed-4b72-9158-b4f92d4e46ec 5af58cfbb5014636bf844cca0902a074 bf83ace1f52048558c9236e890848c5b - - default default] 10.0.0.125 "GET /v2.0/extensions/port-resource-request HTTP/1.1" status: 200 len: 379 time: 0.0171902
2026-05-11 06:47:28.786 10 INFO neutron.wsgi [None req-8e12f5ae-c471-4261-9aa7-4f42534a0fab 5af58cfbb5014636bf844cca0902a074 bf83ace1f52048558c9236e890848c5b - - default default] 10.0.0.125 "GET /v2.0/extensions/port-resource-request-groups HTTP/1.1" status: 200 len: 465 time: 0.0043797
2026-05-11 06:47:28.795 10 INFO neutron.wsgi [None req-62217e06-e8ea-4308-9bf9-656ea9fb92fe 5af58cfbb5014636bf844cca0902a074 bf83ace1f52048558c9236e890848c5b - - default default] 10.0.0.125 "GET /v2.0/extensions/binding HTTP/1.1" status: 200 len: 387 time: 0.0047557
2026-05-11 06:47:28.804 9 INFO neutron.wsgi [None req-d53e81ed-2f73-44a8-a079-07f643dc2cc9 5af58cfbb5014636bf844cca0902a074 bf83ace1f52048558c9236e890848c5b - - default default] 10.0.0.125 "GET /v2.0/extensions/binding-extended HTTP/1.1" status: 200 len: 406 time: 0.0040731
2026-05-11 06:47:28.813 10 INFO neutron.wsgi [None req-35ebcbbb-85a2-4c25-8e9f-3c51c68cce43 5af58cfbb5014636bf844cca0902a074 bf83ace1f52048558c9236e890848c5b - - default default] 10.0.0.125 "GET /v2.0/extensions/port-security HTTP/1.1" status: 200 len: 354 time: 0.0051117
2026-05-11 06:47:28.823 9 INFO neutron.wsgi [None req-94b43e2b-4e86-4b2c-8b9d-320163d71051 5af58cfbb5014636bf844cca0902a074 bf83ace1f52048558c9236e890848c5b - - default default] 10.0.0.125 "GET /v2.0/extensions/project-id HTTP/1.1" status: 200 len: 398 time: 0.0062695
2026-05-11 06:47:28.831 9 INFO neutron.wsgi [None req-67b09eeb-4e2b-4a5d-98f9-acf62b7d6f0a 5af58cfbb5014636bf844cca0902a074 bf83ace1f52048558c9236e890848c5b - - default default] 10.0.0.125 "GET /v2.0/extensions/provider HTTP/1.1" status: 200 len: 385 time: 0.0037484
2026-05-11 06:47:28.840 9 INFO neutron.wsgi [None req-e12ed808-8661-4009-bea3-3405c4a2be97 5af58cfbb5014636bf844cca0902a074 bf83ace1f52048558c9236e890848c5b - - default default] 10.0.0.125 "GET /v2.0/extensions/qos HTTP/1.1" status: 200 len: 360 time: 0.0031321
2026-05-11 06:47:28.855 9 INFO neutron.wsgi [None req-f43249c7-8166-4d45-9b2f-992cf349af5b 5af58cfbb5014636bf844cca0902a074 bf83ace1f52048558c9236e890848c5b - - default default] 10.0.0.125 "GET /v2.0/extensions/qos-bw-limit-direction HTTP/1.1" status: 200 len: 452 time: 0.0097418
2026-05-11 06:47:28.867 10 INFO neutron.wsgi [None req-c1fb00c3-e218-4d1b-aa1a-d75e629a96cc 5af58cfbb5014636bf844cca0902a074 bf83ace1f52048558c9236e890848c5b - - default default] 10.0.0.125 "GET /v2.0/extensions/qos-bw-minimum-ingress HTTP/1.1" status: 200 len: 445 time: 0.0055542
2026-05-11 06:47:28.881 9 INFO neutron.wsgi [None req-da00aa7e-05f1-4484-8ecf-b198f9297a6c 5af58cfbb5014636bf844cca0902a074 bf83ace1f52048558c9236e890848c5b - - default default] 10.0.0.125 "GET /v2.0/extensions/qos-default HTTP/1.1" status: 200 len: 377 time: 0.0081885
2026-05-11 06:47:28.882 9 INFO neutron.db.ovn_revision_numbers_db [None req-5028f7bd-90e6-4a1a-9a92-9c36df565347 baf7db2a451b49129adcc1a8040d2600 a2f30fc13b96430aa02850f33cd41857 - - - -] Successfully bumped revision number for resource c4533414-1f78-4d15-8dba-f86a62e61ec3 (type: floatingips) to 0
2026-05-11 06:47:28.898 10 INFO neutron.wsgi [None req-15b6bbe5-e75e-42d5-8b6f-4457c2b78556 5af58cfbb5014636bf844cca0902a074 bf83ace1f52048558c9236e890848c5b - - default default] 10.0.0.125 "GET /v2.0/extensions/qos-fip HTTP/1.1" status: 200 len: 372 time: 0.0090845
2026-05-11 06:47:28.905 9 INFO neutron.wsgi [None req-5028f7bd-90e6-4a1a-9a92-9c36df565347 baf7db2a451b49129adcc1a8040d2600 a2f30fc13b96430aa02850f33cd41857 - - - -] 10.0.0.125 "POST /v2.0/floatingips HTTP/1.1" status: 201 len: 751 time: 0.7708652
2026-05-11 06:47:28.911 10 INFO neutron.wsgi [None req-495aedc2-a448-43a3-aa1d-d8fd9dfa041d 5af58cfbb5014636bf844cca0902a074 bf83ace1f52048558c9236e890848c5b - - default default] 10.0.0.125 "GET /v2.0/extensions/qos-gateway-ip HTTP/1.1" status: 200 len: 391 time: 0.0086737
2026-05-11 06:47:28.926 9 INFO neutron.wsgi [None req-dd430b72-117b-4df6-8a9d-52a6bc1e794b 5af58cfbb5014636bf844cca0902a074 bf83ace1f52048558c9236e890848c5b - - default default] 10.0.0.125 "GET /v2.0/extensions/qos-port-network-policy HTTP/1.1" status: 200 len: 403 time: 0.0083802
2026-05-11 06:47:28.939 9 INFO neutron.wsgi [None req-48bb01ea-dda8-4501-a6a7-07cd4e75711a 5af58cfbb5014636bf844cca0902a074 bf83ace1f52048558c9236e890848c5b - - default default] 10.0.0.125 "GET /v2.0/extensions/qos-pps-minimum HTTP/1.1" status: 200 len: 397 time: 0.0049443
2026-05-11 06:47:28.952 9 INFO neutron.wsgi [None req-80dc1f69-51cc-4cdc-b93d-80bc40c0c47e 5af58cfbb5014636bf844cca0902a074 bf83ace1f52048558c9236e890848c5b - - default default] 10.0.0.125 "GET /v2.0/extensions/qos-pps-minimum-rule-alias HTTP/1.1" status: 200 len: 471 time: 0.0065255
2026-05-11 06:47:28.966 9 INFO neutron.wsgi [None req-74034757-901d-4684-8a28-57064ef11185 5af58cfbb5014636bf844cca0902a074 bf83ace1f52048558c9236e890848c5b - - default default] 10.0.0.125 "GET /v2.0/extensions/qos-pps HTTP/1.1" status: 200 len: 389 time: 0.0079176
2026-05-11 06:47:28.973 9 INFO neutron.wsgi [None req-178b6bde-627e-4417-b656-aaf1193333a7 5af58cfbb5014636bf844cca0902a074 bf83ace1f52048558c9236e890848c5b - - default default] 10.0.0.125 "GET /v2.0/extensions/qos-rule-type-details HTTP/1.1" status: 200 len: 423 time: 0.0036111
2026-05-11 06:47:28.982 9 INFO neutron.wsgi [None req-8be4c7ac-6c19-4fc3-a42e-774d7c9cb7ee 5af58cfbb5014636bf844cca0902a074 bf83ace1f52048558c9236e890848c5b - - default default] 10.0.0.125 "GET /v2.0/extensions/qos-rule-type-filter HTTP/1.1" status: 200 len: 567 time: 0.0044122
2026-05-11 06:47:28.989 9 INFO neutron.wsgi [None req-5dde3ddd-ea7f-4e39-988b-ce2c8f00411b 5af58cfbb5014636bf844cca0902a074 bf83ace1f52048558c9236e890848c5b - - default default] 10.0.0.125 "GET /v2.0/extensions/qos-rules-alias HTTP/1.1" status: 200 len: 448 time: 0.0040557
2026-05-11 06:47:28.999 9 INFO neutron.wsgi [None req-feaac02b-f475-4380-aab1-04fed52cf29d 5af58cfbb5014636bf844cca0902a074 bf83ace1f52048558c9236e890848c5b - - default default] 10.0.0.125 "GET /v2.0/extensions/quota-check-limit HTTP/1.1" status: 200 len: 420 time: 0.0066881
2026-05-11 06:47:29.008 9 INFO neutron.wsgi [None req-9cd3b924-c080-4f24-9c9f-32b9d1601732 5af58cfbb5014636bf844cca0902a074 bf83ace1f52048558c9236e890848c5b - - default default] 10.0.0.125 "GET /v2.0/extensions/quotas HTTP/1.1" status: 200 len: 386 time: 0.0050991
2026-05-11 06:47:29.020 9 INFO neutron.wsgi [None req-8deaa964-fb89-4aed-b7dd-ca2b4bd9bfcc 5af58cfbb5014636bf844cca0902a074 bf83ace1f52048558c9236e890848c5b - - default default] 10.0.0.125 "GET /v2.0/extensions/quota_details HTTP/1.1" status: 200 len: 407 time: 0.0084791
2026-05-11 06:47:29.033 10 INFO neutron.wsgi [None req-6620d09f-75ca-4d57-8bb6-9017ec44bb45 5af58cfbb5014636bf844cca0902a074 bf83ace1f52048558c9236e890848c5b - - default default] 10.0.0.125 "GET /v2.0/extensions/rbac-policies HTTP/1.1" status: 200 len: 417 time: 0.0081837
2026-05-11 06:47:29.046 9 INFO neutron.wsgi [None req-a77ac0c5-3dbe-4c81-acd1-90af7cb789a9 5af58cfbb5014636bf844cca0902a074 bf83ace1f52048558c9236e890848c5b - - default default] 10.0.0.125 "GET /v2.0/extensions/rbac-address-scope HTTP/1.1" status: 200 len: 384 time: 0.0080950
2026-05-11 06:47:29.056 9 INFO neutron.wsgi [None req-acb154d6-a099-4d81-9ce5-25a9a65e158f 5af58cfbb5014636bf844cca0902a074 bf83ace1f52048558c9236e890848c5b - - default default] 10.0.0.125 "GET /v2.0/extensions/rbac-security-groups HTTP/1.1" status: 200 len: 404 time: 0.0040960
2026-05-11 06:47:29.056 10 INFO neutron.plugins.ml2.drivers.ovn.mech_driver.mech_driver [None req-7ed45dec-ef09-4a9f-955d-6f4b4fa90417 - - - - - -] OVN reports status up for port: 542f33c3-7b2d-428d-b74e-e302b6c55eab
2026-05-11 06:47:29.063 9 INFO neutron.wsgi [None req-18bf0841-6333-4fde-9db9-ec148fd372de 5af58cfbb5014636bf844cca0902a074 bf83ace1f52048558c9236e890848c5b - - default default] 10.0.0.125 "GET /v2.0/extensions/revision-if-match HTTP/1.1" status: 200 len: 441 time: 0.0029366
2026-05-11 06:47:29.065 10 INFO neutron.db.ovn_revision_numbers_db [None req-8fcb521c-ff71-49d0-a724-09bbf499da7b a12d2dafc6bd48b5ae89316cc3a25122 fc81d8be5d984b1da2f3c51742807fb3 - - default default] Successfully bumped revision number for resource 542f33c3-7b2d-428d-b74e-e302b6c55eab (type: router_ports) to 2
2026-05-11 06:47:29.074 9 INFO neutron.wsgi [None req-bde1800e-6292-4fd0-a17f-8a2c41d37123 5af58cfbb5014636bf844cca0902a074 bf83ace1f52048558c9236e890848c5b - - default default] 10.0.0.125 "GET /v2.0/extensions/standard-attr-revisions HTTP/1.1" status: 200 len: 423 time: 0.0064433
2026-05-11 06:47:29.081 9 INFO neutron.wsgi [None req-2a4aefdf-423c-4c95-b4ef-b2c3f9ed455e 5af58cfbb5014636bf844cca0902a074 bf83ace1f52048558c9236e890848c5b - - default default] 10.0.0.125 "GET /v2.0/extensions/router_availability_zone HTTP/1.1" status: 200 len: 391 time: 0.0040381
2026-05-11 06:47:29.085 10 INFO neutron.plugins.ml2.plugin [None req-7ed45dec-ef09-4a9f-955d-6f4b4fa90417 - - - - - -] Attempt 1 to provision port 542f33c3-7b2d-428d-b74e-e302b6c55eab
2026-05-11 06:47:29.090 9 INFO neutron.wsgi [None req-c6f53a1d-78b9-47b2-83bc-f8a4ef3e541c 5af58cfbb5014636bf844cca0902a074 bf83ace1f52048558c9236e890848c5b - - default default] 10.0.0.125 "GET /v2.0/extensions/security-groups-normalized-cidr HTTP/1.1" status: 200 len: 445 time: 0.0055044
2026-05-11 06:47:29.097 9 INFO neutron.wsgi [None req-b7453295-c0fa-47db-9dad-e4b6c73d048b 5af58cfbb5014636bf844cca0902a074 bf83ace1f52048558c9236e890848c5b - - default default] 10.0.0.125 "GET /v2.0/extensions/security-groups-remote-address-group HTTP/1.1" status: 200 len: 448 time: 0.0032039
2026-05-11 06:47:29.106 9 INFO neutron.wsgi [None req-f5a0a84c-85d4-461a-918a-ecf191f95030 5af58cfbb5014636bf844cca0902a074 bf83ace1f52048558c9236e890848c5b - - default default] 10.0.0.125 "GET /v2.0/extensions/security-groups-shared-filtering HTTP/1.1" status: 200 len: 435 time: 0.0048013
2026-05-11 06:47:29.113 9 INFO neutron.wsgi [None req-cffe8406-999f-454f-a8a6-bdda2b1743c9 5af58cfbb5014636bf844cca0902a074 bf83ace1f52048558c9236e890848c5b - - default default] 10.0.0.125 "GET /v2.0/extensions/security-group HTTP/1.1" status: 200 len: 364 time: 0.0043662
2026-05-11 06:47:29.122 9 INFO neutron.wsgi [None req-83789766-0d0d-4bd0-8e0d-eae608578e4a 5af58cfbb5014636bf844cca0902a074 bf83ace1f52048558c9236e890848c5b - - default default] 10.0.0.125 "GET /v2.0/extensions/segment HTTP/1.1" status: 200 len: 339 time: 0.0047448
2026-05-11 06:47:29.130 9 INFO neutron.wsgi [None req-873d2670-15eb-4028-beee-237481883e16 5af58cfbb5014636bf844cca0902a074 bf83ace1f52048558c9236e890848c5b - - default default] 10.0.0.125 "GET /v2.0/extensions/segments-peer-subnet-host-routes HTTP/1.1" status: 200 len: 427 time: 0.0053239
2026-05-11 06:47:29.140 9 INFO neutron.wsgi [None req-d92a7a3c-bb16-4211-aa15-1da12b1beab3 5af58cfbb5014636bf844cca0902a074 bf83ace1f52048558c9236e890848c5b - - default default] 10.0.0.125 "GET /v2.0/extensions/service-type HTTP/1.1" status: 200 len: 415 time: 0.0056822
2026-05-11 06:47:29.149 9 INFO neutron.wsgi [None req-cd8e17b6-2617-4795-ac0a-04f3ed8f3a8d 5af58cfbb5014636bf844cca0902a074 bf83ace1f52048558c9236e890848c5b - - default default] 10.0.0.125 "GET /v2.0/extensions/sorting HTTP/1.1" status: 200 len: 377 time: 0.0051162
2026-05-11 06:47:29.170 9 INFO neutron.wsgi [None req-ab722878-1ee6-4d14-a97a-bed29f8fdb79 5af58cfbb5014636bf844cca0902a074 bf83ace1f52048558c9236e890848c5b - - default default] 10.0.0.125 "GET /v2.0/extensions/standard-attr-segment HTTP/1.1" status: 200 len: 406 time: 0.0083640
2026-05-11 06:47:29.182 10 INFO neutron.wsgi [None req-f4fe2769-7d05-4ca0-bb43-22aa14be37e4 5af58cfbb5014636bf844cca0902a074 bf83ace1f52048558c9236e890848c5b - - default default] 10.0.0.125 "GET /v2.0/extensions/standard-attr-description HTTP/1.1" status: 200 len: 408 time: 0.0056708
2026-05-11 06:47:29.184 10 INFO neutron.db.ovn_revision_numbers_db [None req-8fcb521c-ff71-49d0-a724-09bbf499da7b a12d2dafc6bd48b5ae89316cc3a25122 fc81d8be5d984b1da2f3c51742807fb3 - - default default] Successfully bumped revision number for resource 542f33c3-7b2d-428d-b74e-e302b6c55eab (type: ports) to 2
2026-05-11 06:47:29.193 9 INFO neutron.wsgi [None req-e092a369-2e35-4b9c-a515-fac418e84100 5af58cfbb5014636bf844cca0902a074 bf83ace1f52048558c9236e890848c5b - - default default] 10.0.0.125 "GET /v2.0/extensions/stateful-security-group HTTP/1.1" status: 200 len: 402 time: 0.0056779
2026-05-11 06:47:29.202 9 INFO neutron.wsgi [None req-59919a7b-0d45-413b-99d0-10344ae9dbce 5af58cfbb5014636bf844cca0902a074 bf83ace1f52048558c9236e890848c5b - - default default] 10.0.0.125 "GET /v2.0/extensions/subnet-dns-publish-fixed-ip HTTP/1.1" status: 200 len: 421 time: 0.0042007
2026-05-11 06:47:29.211 9 INFO neutron.wsgi [None req-4f395ead-1666-402c-a646-5a05152a34f3 5af58cfbb5014636bf844cca0902a074 bf83ace1f52048558c9236e890848c5b - - default default] 10.0.0.125 "GET /v2.0/extensions/subnet-segmentid-writable HTTP/1.1" status: 200 len: 421 time: 0.0046115
2026-05-11 06:47:29.220 9 INFO neutron.wsgi [None req-cc57813c-4f01-4c9e-93c5-2fadba6b0549 5af58cfbb5014636bf844cca0902a074 bf83ace1f52048558c9236e890848c5b - - default default] 10.0.0.125 "GET /v2.0/extensions/subnet-service-types HTTP/1.1" status: 200 len: 400 time: 0.0054114
2026-05-11 06:47:29.243 9 INFO neutron.wsgi [None req-fa280339-75ae-4b9d-a064-ca5fede0670d 5af58cfbb5014636bf844cca0902a074 bf83ace1f52048558c9236e890848c5b - - default default] 10.0.0.125 "GET /v2.0/extensions/subnet_allocation HTTP/1.1" status: 200 len: 388 time: 0.0096202
2026-05-11 06:47:29.252 9 INFO neutron.wsgi [None req-8f0159a2-fab4-47b3-87b1-ddf316ff8232 5af58cfbb5014636bf844cca0902a074 bf83ace1f52048558c9236e890848c5b - - default default] 10.0.0.125 "GET /v2.0/extensions/subnetpool-prefix-ops HTTP/1.1" status: 200 len: 418 time: 0.0040677
2026-05-11 06:47:29.259 9 INFO neutron.wsgi [None req-30afb13c-e3b9-4986-a2e5-020ad2f75ce4 5af58cfbb5014636bf844cca0902a074 bf83ace1f52048558c9236e890848c5b - - default default] 10.0.0.125 "GET /v2.0/extensions/standard-attr-tag HTTP/1.1" status: 200 len: 537 time: 0.0041401
2026-05-11 06:47:29.267 9 INFO neutron.wsgi [None req-60cc6514-1861-43c5-9dd3-1939ffa14775 5af58cfbb5014636bf844cca0902a074 bf83ace1f52048558c9236e890848c5b - - default default] 10.0.0.125 "GET /v2.0/extensions/standard-attr-timestamp HTTP/1.1" status: 200 len: 449 time: 0.0046964
2026-05-11 06:47:29.275 9 INFO neutron.wsgi [None req-9d70a076-ef61-4d0e-9540-c5274b8b3ebb 5af58cfbb5014636bf844cca0902a074 bf83ace1f52048558c9236e890848c5b - - default default] 10.0.0.125 "GET /v2.0/extensions/trunk HTTP/1.1" status: 200 len: 358 time: 0.0043240
2026-05-11 06:47:29.283 9 INFO neutron.wsgi [None req-9c4988b2-4b1a-4d16-ae6f-ce72c915539a 5af58cfbb5014636bf844cca0902a074 bf83ace1f52048558c9236e890848c5b - - default default] 10.0.0.125 "GET /v2.0/extensions/trunk-details HTTP/1.1" status: 200 len: 362 time: 0.0046756
2026-05-11 06:47:29.303 10 WARNING neutron.scheduler.dhcp_agent_scheduler [None req-8fcb521c-ff71-49d0-a724-09bbf499da7b a12d2dafc6bd48b5ae89316cc3a25122 fc81d8be5d984b1da2f3c51742807fb3 - - default default] No more DHCP agents
2026-05-11 06:47:29.305 10 WARNING neutron.api.rpc.agentnotifiers.dhcp_rpc_agent_api [None req-8fcb521c-ff71-49d0-a724-09bbf499da7b a12d2dafc6bd48b5ae89316cc3a25122 fc81d8be5d984b1da2f3c51742807fb3 - - default default] Unable to schedule network de96f889-6c78-4005-9a78-62d3b9a64871: no agents available; will retry on subsequent port and subnet creation events.
2026-05-11 06:47:29.480 9 INFO neutron.wsgi [req-e9096169-7d78-4f1b-9c2f-72c5772db274 req-b160dd40-eded-43d5-9131-92daa011b77b baf7db2a451b49129adcc1a8040d2600 a2f30fc13b96430aa02850f33cd41857 - - default default] 10.0.0.127 "GET /v2.0/security-groups?name=tempest-securitygroup--764024992&fields=id&tenant_id=a2f30fc13b96430aa02850f33cd41857 HTTP/1.1" status: 200 len: 267 time: 0.0495119
2026-05-11 06:47:29.498 10 INFO neutron.db.ovn_revision_numbers_db [None req-7ed45dec-ef09-4a9f-955d-6f4b4fa90417 - - - - - -] Successfully bumped revision number for resource 542f33c3-7b2d-428d-b74e-e302b6c55eab (type: ports) to 3
2026-05-11 06:47:29.559 10 INFO neutron.db.ovn_revision_numbers_db [None req-8fcb521c-ff71-49d0-a724-09bbf499da7b a12d2dafc6bd48b5ae89316cc3a25122 fc81d8be5d984b1da2f3c51742807fb3 - - - -] Successfully bumped revision number for resource 542f33c3-7b2d-428d-b74e-e302b6c55eab (type: router_ports) to 3
2026-05-11 06:47:29.561 10 INFO neutron.wsgi [None req-8fcb521c-ff71-49d0-a724-09bbf499da7b a12d2dafc6bd48b5ae89316cc3a25122 fc81d8be5d984b1da2f3c51742807fb3 - - - -] 10.0.0.125 "PUT /v2.0/routers/52cd673b-f042-4449-8b00-55ae75141c3c/add_router_interface HTTP/1.1" status: 200 len: 503 time: 1.5936818
2026-05-11 06:47:29.594 9 INFO neutron.wsgi [req-e9096169-7d78-4f1b-9c2f-72c5772db274 req-554870f2-c28e-40a2-a6c0-cb98a95c160b baf7db2a451b49129adcc1a8040d2600 a2f30fc13b96430aa02850f33cd41857 - - default default] 10.0.0.127 "GET /v2.0/networks?id=1e0e4ea9-750b-470e-bc4b-7f321f50ddb7 HTTP/1.1" status: 200 len: 874 time: 0.1043904
2026-05-11 06:47:29.615 10 INFO neutron.wsgi [None req-e4adf9e1-17a3-4d8f-a92c-27776bbc93d0 a12d2dafc6bd48b5ae89316cc3a25122 fc81d8be5d984b1da2f3c51742807fb3 - - default default] 10.0.0.125 "GET /v2.0/ports/542f33c3-7b2d-428d-b74e-e302b6c55eab HTTP/1.1" status: 200 len: 1141 time: 0.0446525
2026-05-11 06:47:29.620 9 INFO neutron.wsgi [req-e9096169-7d78-4f1b-9c2f-72c5772db274 req-11eab12f-7beb-4ffe-a395-d834614087f0 baf7db2a451b49129adcc1a8040d2600 a2f30fc13b96430aa02850f33cd41857 - - default default] 10.0.0.127 "GET /v2.0/quotas/a2f30fc13b96430aa02850f33cd41857 HTTP/1.1" status: 200 len: 386 time: 0.0160356
2026-05-11 06:47:30.107 9 INFO neutron.wsgi [req-e9096169-7d78-4f1b-9c2f-72c5772db274 req-19a21dfa-0fe7-4ced-a603-a84b76eb45dd baf7db2a451b49129adcc1a8040d2600 a2f30fc13b96430aa02850f33cd41857 - - default default] 10.0.0.127 "GET /v2.0/ports?tenant_id=a2f30fc13b96430aa02850f33cd41857&fields=id HTTP/1.1" status: 200 len: 302 time: 0.4818754
2026-05-11 06:47:30.201 9 INFO neutron.wsgi [req-e9096169-7d78-4f1b-9c2f-72c5772db274 req-fea04248-15a5-40e7-91b9-ce2a0a4f24db d74a34133731452aae68b146cd679704 5b6e34121d144498874972f3fefe2dfb - - 77b9647b55af417094b7e5991cc094b9 77b9647b55af417094b7e5991cc094b9] 10.0.0.127 "GET /v2.0/networks/1e0e4ea9-750b-470e-bc4b-7f321f50ddb7?fields=segments HTTP/1.1" status: 200 len: 212 time: 0.0730288
2026-05-11 06:47:30.268 9 INFO neutron.wsgi [req-e9096169-7d78-4f1b-9c2f-72c5772db274 req-7896f823-5039-4faa-92a1-3f1b5607aa90 d74a34133731452aae68b146cd679704 5b6e34121d144498874972f3fefe2dfb - - 77b9647b55af417094b7e5991cc094b9 77b9647b55af417094b7e5991cc094b9] 10.0.0.127 "GET /v2.0/networks/1e0e4ea9-750b-470e-bc4b-7f321f50ddb7?fields=provider%3Aphysical_network&fields=provider%3Anetwork_type HTTP/1.1" status: 200 len: 277 time: 0.0598335
2026-05-11 06:47:30.331 10 INFO neutron.db.ovn_revision_numbers_db [None req-90892d5e-6429-4ace-8a49-80838ecb95bd 2956132494344d6e9c24a0d374df1bea d93b79dfa41e4723ab3bc9256dd61450 - - default default] Successfully bumped revision number for resource c547c79a-4299-4f14-aa1c-68259ad260d7 (type: security_groups) to 1
2026-05-11 06:47:30.374 10 INFO neutron.wsgi [None req-90892d5e-6429-4ace-8a49-80838ecb95bd 2956132494344d6e9c24a0d374df1bea d93b79dfa41e4723ab3bc9256dd61450 - - default default] 10.0.0.125 "GET /v2.0/security-groups?tenant_id=bf83ace1f52048558c9236e890848c5b&name=default HTTP/1.1" status: 200 len: 2996 time: 0.5383077
2026-05-11 06:47:30.451 9 INFO neutron.wsgi [req-50781178-2a7c-48d0-b76a-a2e21e39d2bb req-e1cbd444-ac08-484d-979f-058247bef9b2 baf7db2a451b49129adcc1a8040d2600 a2f30fc13b96430aa02850f33cd41857 - - default default] 10.0.0.127 "GET /v2.0/ports?device_id=9f8e214b-0e57-4b2a-b8ad-602f9ce99b9a HTTP/1.1" status: 200 len: 210 time: 0.0417125
2026-05-11 06:47:30.484 10 WARNING neutron.scheduler.dhcp_agent_scheduler [None req-bf2199fb-1c55-4666-95ef-43f5260df572 a12d2dafc6bd48b5ae89316cc3a25122 fc81d8be5d984b1da2f3c51742807fb3 - - default default] No more DHCP agents
2026-05-11 06:47:30.486 10 WARNING neutron.api.rpc.agentnotifiers.dhcp_rpc_agent_api [None req-bf2199fb-1c55-4666-95ef-43f5260df572 a12d2dafc6bd48b5ae89316cc3a25122 fc81d8be5d984b1da2f3c51742807fb3 - - default default] Unable to schedule network ac803cf2-3cf9-4f91-b6af-7472b13747ea: no agents available; will retry on subsequent port and subnet creation events.
2026-05-11 06:47:30.601 10 INFO neutron.db.ovn_revision_numbers_db [None req-bf2199fb-1c55-4666-95ef-43f5260df572 a12d2dafc6bd48b5ae89316cc3a25122 fc81d8be5d984b1da2f3c51742807fb3 - - default default] Successfully bumped revision number for resource 09eecc32-c1ad-4d51-8e2d-307fe9f3e87c (type: ports) to 1
2026-05-11 06:47:30.658 9 INFO neutron.wsgi [-] 10.0.0.191 "GET / HTTP/1.1" status: 200 len: 246 time: 0.0017610
2026-05-11 06:47:30.660 9 INFO neutron.wsgi [-] 10.0.0.191 "GET / HTTP/1.1" status: 200 len: 246 time: 0.0009201
2026-05-11 06:47:30.669 9 INFO neutron.wsgi [None req-66087216-cbd1-4617-8651-08e0afc7cfe4 2956132494344d6e9c24a0d374df1bea d93b79dfa41e4723ab3bc9256dd61450 - - - -] 10.0.0.125 "DELETE /v2.0/security-groups/c547c79a-4299-4f14-aa1c-68259ad260d7 HTTP/1.1" status: 204 len: 168 time: 0.2892399
2026-05-11 06:47:31.129 10 INFO neutron.db.ovn_revision_numbers_db [None req-bf2199fb-1c55-4666-95ef-43f5260df572 a12d2dafc6bd48b5ae89316cc3a25122 fc81d8be5d984b1da2f3c51742807fb3 - - default default] Successfully bumped revision number for resource 09eecc32-c1ad-4d51-8e2d-307fe9f3e87c (type: router_ports) to 2
2026-05-11 06:47:31.220 10 INFO neutron.wsgi [req-e9096169-7d78-4f1b-9c2f-72c5772db274 req-85f9c1a8-8044-46b0-a345-64a642b902ee baf7db2a451b49129adcc1a8040d2600 a2f30fc13b96430aa02850f33cd41857 - - default default] 199.204.45.25 "GET /v2.0/networks?id=1e0e4ea9-750b-470e-bc4b-7f321f50ddb7 HTTP/1.1" status: 200 len: 874 time: 0.1018121
2026-05-11 06:47:31.269 10 INFO neutron.db.ovn_revision_numbers_db [None req-bf2199fb-1c55-4666-95ef-43f5260df572 a12d2dafc6bd48b5ae89316cc3a25122 fc81d8be5d984b1da2f3c51742807fb3 - - default default] Successfully bumped revision number for resource 09eecc32-c1ad-4d51-8e2d-307fe9f3e87c (type: ports) to 2
2026-05-11 06:47:31.274 10 INFO neutron.wsgi [req-e9096169-7d78-4f1b-9c2f-72c5772db274 req-3b696b61-e3ff-4d5d-aae5-5da376da1e01 baf7db2a451b49129adcc1a8040d2600 a2f30fc13b96430aa02850f33cd41857 - - default default] 199.204.45.25 "GET /v2.0/security-groups?fields=id&fields=name&tenant_id=a2f30fc13b96430aa02850f33cd41857 HTTP/1.1" status: 200 len: 379 time: 0.0477538
2026-05-11 06:47:31.373 10 WARNING neutron.scheduler.dhcp_agent_scheduler [None req-bf2199fb-1c55-4666-95ef-43f5260df572 a12d2dafc6bd48b5ae89316cc3a25122 fc81d8be5d984b1da2f3c51742807fb3 - - default default] No more DHCP agents
2026-05-11 06:47:31.375 10 WARNING neutron.api.rpc.agentnotifiers.dhcp_rpc_agent_api [None req-bf2199fb-1c55-4666-95ef-43f5260df572 a12d2dafc6bd48b5ae89316cc3a25122 fc81d8be5d984b1da2f3c51742807fb3 - - default default] Unable to schedule network ac803cf2-3cf9-4f91-b6af-7472b13747ea: no agents available; will retry on subsequent port and subnet creation events.
2026-05-11 06:47:31.566 9 INFO neutron.wsgi [req-bc9e1ca0-6089-41d0-8167-bc9356410905 req-1fa4c423-0147-447a-8b88-65ee070767d7 baf7db2a451b49129adcc1a8040d2600 a2f30fc13b96430aa02850f33cd41857 - - default default] 10.0.0.127 "GET /v2.0/ports?device_id=9f8e214b-0e57-4b2a-b8ad-602f9ce99b9a HTTP/1.1" status: 200 len: 210 time: 0.0339091
2026-05-11 06:47:31.597 9 WARNING neutron.plugins.ml2.drivers.ovn.mech_driver.ovsdb.ovn_client [None req-56e01429-9035-4dbd-978f-f5772fa97956 - - - - - -] No hosting information found for port b00f6df1-7c01-482e-927c-3b08eda4294c: RuntimeError: No hosting information found for port b00f6df1-7c01-482e-927c-3b08eda4294c
2026-05-11 06:47:31.598 9 INFO neutron.plugins.ml2.drivers.ovn.mech_driver.mech_driver [None req-56e01429-9035-4dbd-978f-f5772fa97956 - - - - - -] OVN reports status up for port: 09eecc32-c1ad-4d51-8e2d-307fe9f3e87c
2026-05-11 06:47:31.606 9 INFO neutron.plugins.ml2.plugin [None req-56e01429-9035-4dbd-978f-f5772fa97956 - - - - - -] Attempt 1 to provision port 09eecc32-c1ad-4d51-8e2d-307fe9f3e87c
2026-05-11 06:47:31.672 10 INFO neutron.db.ovn_revision_numbers_db [None req-bf2199fb-1c55-4666-95ef-43f5260df572 a12d2dafc6bd48b5ae89316cc3a25122 fc81d8be5d984b1da2f3c51742807fb3 - - - -] Successfully bumped revision number for resource 09eecc32-c1ad-4d51-8e2d-307fe9f3e87c (type: router_ports) to 2
2026-05-11 06:47:31.674 10 INFO neutron.wsgi [None req-bf2199fb-1c55-4666-95ef-43f5260df572 a12d2dafc6bd48b5ae89316cc3a25122 fc81d8be5d984b1da2f3c51742807fb3 - - - -] 10.0.0.125 "PUT /v2.0/routers/52cd673b-f042-4449-8b00-55ae75141c3c/add_router_interface HTTP/1.1" status: 200 len: 503 time: 2.0544922
2026-05-11 06:47:31.734 10 INFO neutron.wsgi [None req-5680473e-d565-43af-ac19-063ffa3b613c a12d2dafc6bd48b5ae89316cc3a25122 fc81d8be5d984b1da2f3c51742807fb3 - - default default] 10.0.0.125 "GET /v2.0/ports/09eecc32-c1ad-4d51-8e2d-307fe9f3e87c HTTP/1.1" status: 200 len: 1147 time: 0.0465384
2026-05-11 06:47:31.787 10 INFO neutron.wsgi [None req-ccf767e3-7696-4971-adf1-78b3dab6895c a12d2dafc6bd48b5ae89316cc3a25122 fc81d8be5d984b1da2f3c51742807fb3 - - default default] 10.0.0.125 "GET /v2.0/ports/09eecc32-c1ad-4d51-8e2d-307fe9f3e87c HTTP/1.1" status: 200 len: 1149 time: 0.0438724
2026-05-11 06:47:31.827 10 WARNING neutron.scheduler.dhcp_agent_scheduler [None req-04187f90-838b-4ee0-b566-1f13e66459f2 baf7db2a451b49129adcc1a8040d2600 a2f30fc13b96430aa02850f33cd41857 - - - -] No more DHCP agents
2026-05-11 06:47:31.832 10 WARNING neutron.api.rpc.agentnotifiers.dhcp_rpc_agent_api [None req-04187f90-838b-4ee0-b566-1f13e66459f2 baf7db2a451b49129adcc1a8040d2600 a2f30fc13b96430aa02850f33cd41857 - - - -] Unable to schedule network 1e0e4ea9-750b-470e-bc4b-7f321f50ddb7: no agents available; will retry on subsequent port and subnet creation events.
2026-05-11 06:47:31.955 9 INFO neutron.db.ovn_revision_numbers_db [None req-56e01429-9035-4dbd-978f-f5772fa97956 - - - - - -] Successfully bumped revision number for resource 09eecc32-c1ad-4d51-8e2d-307fe9f3e87c (type: ports) to 3
2026-05-11 06:47:32.013 10 INFO neutron.db.ovn_revision_numbers_db [None req-04187f90-838b-4ee0-b566-1f13e66459f2 baf7db2a451b49129adcc1a8040d2600 a2f30fc13b96430aa02850f33cd41857 - - - -] Successfully bumped revision number for resource 1573cddb-b628-4851-a4af-17d80f8c8bf2 (type: ports) to 1
2026-05-11 06:47:32.044 10 INFO neutron.wsgi [None req-04187f90-838b-4ee0-b566-1f13e66459f2 baf7db2a451b49129adcc1a8040d2600 a2f30fc13b96430aa02850f33cd41857 - - - -] 199.204.45.25 "POST /v2.0/ports HTTP/1.1" status: 201 len: 1162 time: 0.7516649 /var/lib/openstack/lib/python3.10/site-packages/pycadf/identifier.py:71: UserWarning: Invalid uuid: neutron. To ensure interoperability, identifiers should be a valid uuid. warnings.warn(('Invalid uuid: %s. To ensure interoperability, '
2026-05-11 06:47:32.115 9 INFO neutron.db.ovn_revision_numbers_db [None req-56e01429-9035-4dbd-978f-f5772fa97956 - - - - - -] Successfully bumped revision number for resource 09eecc32-c1ad-4d51-8e2d-307fe9f3e87c (type: router_ports) to 3
2026-05-11 06:47:32.432 10 INFO neutron.wsgi [-] 10.0.0.125 "GET / HTTP/1.1" status: 200 len: 279 time: 0.0019855
2026-05-11 06:47:32.442 10 INFO neutron.db.ovn_revision_numbers_db [None req-5a51e487-24a0-48d4-bc16-bca04fb8a329 d74a34133731452aae68b146cd679704 5b6e34121d144498874972f3fefe2dfb - - - -] Successfully bumped revision number for resource 1573cddb-b628-4851-a4af-17d80f8c8bf2 (type: ports) to 2
2026-05-11 06:47:32.544 9 INFO neutron.wsgi [None req-690ccece-7269-45fa-b64a-c470dd51fe55 a12d2dafc6bd48b5ae89316cc3a25122 fc81d8be5d984b1da2f3c51742807fb3 - - - -] 10.0.0.125 "PUT /v2.0/routers/52cd673b-f042-4449-8b00-55ae75141c3c/remove_router_interface HTTP/1.1" status: 200 len: 503 time: 0.7526438 /var/lib/openstack/lib/python3.10/site-packages/pycadf/identifier.py:71: UserWarning: Invalid uuid: neutron. To ensure interoperability, identifiers should be a valid uuid. warnings.warn(('Invalid uuid: %s. To ensure interoperability, ' /var/lib/openstack/lib/python3.10/site-packages/pycadf/identifier.py:71: UserWarning: Invalid uuid: neutron. To ensure interoperability, identifiers should be a valid uuid. warnings.warn(('Invalid uuid: %s. To ensure interoperability, '
2026-05-11 06:47:32.643 10 INFO neutron.wsgi [None req-828aa691-5716-497c-a8d3-dec4f8719016 f014d95cf8704c5c84e3145c86c216bf ecd2670b236b46178c753fad5abc8071 - - default default] 10.0.0.125 "GET /v2.0/ HTTP/1.1" status: 200 len: 826 time: 0.2049100
2026-05-11 06:47:32.656 9 INFO neutron.wsgi [None req-e30aebb4-f466-45e2-bfc3-42d86584ff34 a12d2dafc6bd48b5ae89316cc3a25122 fc81d8be5d984b1da2f3c51742807fb3 - - default default] 10.0.0.125 "GET /v2.0/ports/542f33c3-7b2d-428d-b74e-e302b6c55eab HTTP/1.1" status: 200 len: 1141 time: 0.1033931
2026-05-11 06:47:32.665 10 INFO neutron.db.ovn_revision_numbers_db [None req-5a51e487-24a0-48d4-bc16-bca04fb8a329 d74a34133731452aae68b146cd679704 5b6e34121d144498874972f3fefe2dfb - - - -] Successfully bumped revision number for resource 1573cddb-b628-4851-a4af-17d80f8c8bf2 (type: ports) to 2
2026-05-11 06:47:32.676 9 INFO neutron.wsgi [req-ec1b62a3-6088-44b3-beb7-0bc20368aa00 req-9d84864e-524c-4e8e-8c49-d95b2675e2e9 baf7db2a451b49129adcc1a8040d2600 a2f30fc13b96430aa02850f33cd41857 - - default default] 10.0.0.127 "GET /v2.0/ports?device_id=9f8e214b-0e57-4b2a-b8ad-602f9ce99b9a HTTP/1.1" status: 200 len: 1172 time: 0.0385032
2026-05-11 06:47:32.717 9 INFO neutron.wsgi [req-ec1b62a3-6088-44b3-beb7-0bc20368aa00 req-7d80e7b7-d305-4055-9877-257ad4368d86 baf7db2a451b49129adcc1a8040d2600 a2f30fc13b96430aa02850f33cd41857 - - default default] 10.0.0.127 "GET /v2.0/security-groups?id=7d1b1320-9516-4a82-9798-e7570c4caf2b&fields=id&fields=name HTTP/1.1" status: 200 len: 312 time: 0.0340226
2026-05-11 06:47:32.719 10 INFO neutron.wsgi [None req-5a51e487-24a0-48d4-bc16-bca04fb8a329 d74a34133731452aae68b146cd679704 5b6e34121d144498874972f3fefe2dfb - - - -] 199.204.45.25 "PUT /v2.0/ports/1573cddb-b628-4851-a4af-17d80f8c8bf2 HTTP/1.1" status: 200 len: 1332 time: 0.6675932
2026-05-11 06:47:32.758 10 INFO neutron.notifiers.nova [-] Nova event matching ['req-891fcc62-23fe-4fa5-bb97-2570cfd148c4'] response: {'name': 'network-changed', 'server_uuid': '9f8e214b-0e57-4b2a-b8ad-602f9ce99b9a', 'tag': '1573cddb-b628-4851-a4af-17d80f8c8bf2', 'status': 'completed', 'code': 200}
2026-05-11 06:47:32.811 10 INFO neutron.wsgi [req-e9096169-7d78-4f1b-9c2f-72c5772db274 req-fb0b3f0a-dc95-499b-ac3a-916df7ae6502 d74a34133731452aae68b146cd679704 5b6e34121d144498874972f3fefe2dfb - - 77b9647b55af417094b7e5991cc094b9 77b9647b55af417094b7e5991cc094b9] 199.204.45.25 "GET /v2.0/ports?tenant_id=a2f30fc13b96430aa02850f33cd41857&device_id=9f8e214b-0e57-4b2a-b8ad-602f9ce99b9a HTTP/1.1" status: 200 len: 1363 time: 0.0544095
2026-05-11 06:47:32.849 10 INFO neutron.wsgi [req-e9096169-7d78-4f1b-9c2f-72c5772db274 req-e06b8b6b-bd79-44ee-9895-f7f79c2992dd d74a34133731452aae68b146cd679704 5b6e34121d144498874972f3fefe2dfb - - 77b9647b55af417094b7e5991cc094b9 77b9647b55af417094b7e5991cc094b9] 199.204.45.25 "GET /v2.0/floatingips?fixed_ip_address=10.100.0.13&port_id=1573cddb-b628-4851-a4af-17d80f8c8bf2 HTTP/1.1" status: 200 len: 217 time: 0.0337412
2026-05-11 06:47:32.907 10 INFO neutron.wsgi [req-e9096169-7d78-4f1b-9c2f-72c5772db274 req-179ee787-f75e-4d13-abd9-0d86ded31b79 d74a34133731452aae68b146cd679704 5b6e34121d144498874972f3fefe2dfb - - 77b9647b55af417094b7e5991cc094b9 77b9647b55af417094b7e5991cc094b9] 199.204.45.25 "GET /v2.0/subnets?id=dd2fc3e9-d83f-4248-86bc-b4cabe251c33 HTTP/1.1" status: 200 len: 868 time: 0.0526867
2026-05-11 06:47:32.937 10 INFO neutron.wsgi [req-e9096169-7d78-4f1b-9c2f-72c5772db274 req-ebdfc7a1-3f78-48c8-9ad6-4c36e5926ca6 d74a34133731452aae68b146cd679704 5b6e34121d144498874972f3fefe2dfb - - 77b9647b55af417094b7e5991cc094b9 77b9647b55af417094b7e5991cc094b9] 199.204.45.25 "GET /v2.0/ports?network_id=1e0e4ea9-750b-470e-bc4b-7f321f50ddb7&device_owner=network%3Adhcp HTTP/1.1" status: 200 len: 210 time: 0.0270076
2026-05-11 06:47:33.017 10 INFO neutron.wsgi [req-e9096169-7d78-4f1b-9c2f-72c5772db274 req-edd222fa-40db-402b-a323-a618e6576a4b d74a34133731452aae68b146cd679704 5b6e34121d144498874972f3fefe2dfb - - 77b9647b55af417094b7e5991cc094b9 77b9647b55af417094b7e5991cc094b9] 199.204.45.25 "GET /v2.0/networks/1e0e4ea9-750b-470e-bc4b-7f321f50ddb7?fields=segments HTTP/1.1" status: 200 len: 212 time: 0.0732644
2026-05-11 06:47:33.108 10 INFO neutron.wsgi [req-e9096169-7d78-4f1b-9c2f-72c5772db274 req-076f50d7-307b-4bfe-92c3-2ede87ece666 d74a34133731452aae68b146cd679704 5b6e34121d144498874972f3fefe2dfb - - 77b9647b55af417094b7e5991cc094b9 77b9647b55af417094b7e5991cc094b9] 199.204.45.25 "GET /v2.0/networks/1e0e4ea9-750b-470e-bc4b-7f321f50ddb7?fields=provider%3Aphysical_network&fields=provider%3Anetwork_type HTTP/1.1" status: 200 len: 277 time: 0.0811236
2026-05-11 06:47:33.209 10 INFO neutron.wsgi [req-51e04aa8-cb6e-4067-9db1-066e3ce9f68b req-04215c98-6c62-4b75-b0a9-1dc4b5e5b56e d74a34133731452aae68b146cd679704 5b6e34121d144498874972f3fefe2dfb - - 77b9647b55af417094b7e5991cc094b9 77b9647b55af417094b7e5991cc094b9] 199.204.45.25 "GET /v2.0/ports?tenant_id=a2f30fc13b96430aa02850f33cd41857&device_id=9f8e214b-0e57-4b2a-b8ad-602f9ce99b9a HTTP/1.1" status: 200 len: 1363 time: 0.0463016
2026-05-11 06:47:33.475 9 INFO neutron.db.ovn_revision_numbers_db [None req-aaad2c3a-f400-4901-94cc-3182612c2ae3 2956132494344d6e9c24a0d374df1bea d93b79dfa41e4723ab3bc9256dd61450 - - default default] Successfully bumped revision number for resource 7fb1975b-4d5d-4239-bd72-5bb6253481ff (type: security_groups) to 1
2026-05-11 06:47:33.518 9 INFO neutron.wsgi [None req-aaad2c3a-f400-4901-94cc-3182612c2ae3 2956132494344d6e9c24a0d374df1bea d93b79dfa41e4723ab3bc9256dd61450 - - default default] 10.0.0.125 "GET /v2.0/security-groups?tenant_id=ecd2670b236b46178c753fad5abc8071&name=default HTTP/1.1" status: 200 len: 2996 time: 0.3389537
2026-05-11 06:47:33.685 10 INFO neutron.wsgi [req-51e04aa8-cb6e-4067-9db1-066e3ce9f68b req-fcecbc23-a081-43de-a813-5d4cc11ea86b d74a34133731452aae68b146cd679704 5b6e34121d144498874972f3fefe2dfb - - 77b9647b55af417094b7e5991cc094b9 77b9647b55af417094b7e5991cc094b9] 199.204.45.25 "GET /v2.0/networks?id=1e0e4ea9-750b-470e-bc4b-7f321f50ddb7 HTTP/1.1" status: 200 len: 972 time: 0.4701800
2026-05-11 06:47:33.728 10 INFO neutron.wsgi [req-51e04aa8-cb6e-4067-9db1-066e3ce9f68b req-c34ea74b-1816-48c7-9fec-36bf569003ac d74a34133731452aae68b146cd679704 5b6e34121d144498874972f3fefe2dfb - - 77b9647b55af417094b7e5991cc094b9 77b9647b55af417094b7e5991cc094b9] 199.204.45.25 "GET /v2.0/floatingips?fixed_ip_address=10.100.0.13&port_id=1573cddb-b628-4851-a4af-17d80f8c8bf2 HTTP/1.1" status: 200 len: 217 time: 0.0382934
2026-05-11 06:47:33.771 9 INFO neutron.wsgi [None req-9315f161-8994-4210-af58-29dc24cf0746 2956132494344d6e9c24a0d374df1bea d93b79dfa41e4723ab3bc9256dd61450 - - - -] 10.0.0.125 "DELETE /v2.0/security-groups/7fb1975b-4d5d-4239-bd72-5bb6253481ff HTTP/1.1" status: 204 len: 168 time: 0.2440548
2026-05-11 06:47:33.778 10 INFO neutron.wsgi [req-51e04aa8-cb6e-4067-9db1-066e3ce9f68b req-f30a17be-85a6-4094-a09c-cf7a6f7d3f6b d74a34133731452aae68b146cd679704 5b6e34121d144498874972f3fefe2dfb - - 77b9647b55af417094b7e5991cc094b9 77b9647b55af417094b7e5991cc094b9] 199.204.45.25 "GET /v2.0/subnets?id=dd2fc3e9-d83f-4248-86bc-b4cabe251c33 HTTP/1.1" status: 200 len: 868 time: 0.0456254
2026-05-11 06:47:33.811 10 INFO neutron.wsgi [req-51e04aa8-cb6e-4067-9db1-066e3ce9f68b req-ecee4eb8-5467-44f5-b991-46e1e0ad1e92 d74a34133731452aae68b146cd679704 5b6e34121d144498874972f3fefe2dfb - - 77b9647b55af417094b7e5991cc094b9 77b9647b55af417094b7e5991cc094b9] 199.204.45.25 "GET /v2.0/ports?network_id=1e0e4ea9-750b-470e-bc4b-7f321f50ddb7&device_owner=network%3Adhcp HTTP/1.1" status: 200 len: 210 time: 0.0295930
2026-05-11 06:47:33.838 9 INFO neutron.wsgi [req-c74405dd-98e3-43d2-aed8-3cf34516d6eb req-85ff1c8e-cc50-4b4d-9a1d-fb12e5018b6f baf7db2a451b49129adcc1a8040d2600 a2f30fc13b96430aa02850f33cd41857 - - default default] 10.0.0.127 "GET /v2.0/ports?device_id=9f8e214b-0e57-4b2a-b8ad-602f9ce99b9a HTTP/1.1" status: 200 len: 1172 time: 0.0417030
