2026-05-11 06:46:24.895 9 INFO neutron.wsgi [req-abf7aa20-709d-413d-993d-fcf147892e6e req-be41369f-b353-4c3e-aa29-337deab28771 2cb0abd25f384338947a92c3eda0afcb b7d3181c35f542d3b20969ac6569810a - - default default] 10.0.0.127 "GET /v2.0/security-groups?id=cf8a540f-6d9b-4596-9649-8621bc310525&fields=id&fields=name HTTP/1.1" status: 200 len: 312 time: 0.0542650
2026-05-11 06:46:24.950 10 INFO neutron.wsgi [None req-1654188c-63f7-4512-bcda-e18d1c823098 2956132494344d6e9c24a0d374df1bea d93b79dfa41e4723ab3bc9256dd61450 - - - -] 10.0.0.125 "DELETE /v2.0/security-groups/b87be651-6467-43c5-b5c7-e642414d7c1f HTTP/1.1" status: 204 len: 168 time: 0.1996443
2026-05-11 06:46:25.020 9 INFO neutron.db.ovn_revision_numbers_db [None req-0d9027ca-3bf2-4988-9c1e-4b816dc2124d dd129221138043968f3a6ade0619b1e0 1a4fcdd2e5ba4c84a1fa03ff0937e4f1 - - - -] Successfully bumped revision number for resource ed29a334-af10-4f66-b9c7-41685db5df45 (type: floatingips) to 0
2026-05-11 06:46:25.035 9 INFO neutron.wsgi [req-77516821-bbf5-4762-ab52-e262e94f2cff req-c955ae69-6ca1-489d-ae7d-010d4782cca5 2cb0abd25f384338947a92c3eda0afcb b7d3181c35f542d3b20969ac6569810a - - default default] 199.204.45.25 "GET /v2.0/ports?device_id=16283737-1bdc-4afd-ba64-313b62f1665c HTTP/1.1" status: 200 len: 1174 time: 0.0420535
2026-05-11 06:46:25.037 9 INFO neutron.wsgi [None req-0d9027ca-3bf2-4988-9c1e-4b816dc2124d dd129221138043968f3a6ade0619b1e0 1a4fcdd2e5ba4c84a1fa03ff0937e4f1 - - - -] 10.0.0.125 "POST /v2.0/floatingips HTTP/1.1" status: 201 len: 751 time: 1.2284455
2026-05-11 06:46:25.508 9 INFO neutron.db.l3_db [None req-32b2fccd-c0c9-40ff-84a9-e6c845523a9f 2cb0abd25f384338947a92c3eda0afcb b7d3181c35f542d3b20969ac6569810a - - - -] Floating IP 156da75d-861d-4311-ba31-3553a3038f40 disassociated. External IP: 10.96.250.202, port: da7669fe-b01b-4770-b00d-8923794f8149.
2026-05-11 06:46:25.764 9 INFO neutron.wsgi [None req-32b2fccd-c0c9-40ff-84a9-e6c845523a9f 2cb0abd25f384338947a92c3eda0afcb b7d3181c35f542d3b20969ac6569810a - - - -] 199.204.45.25 "DELETE /v2.0/ports/da7669fe-b01b-4770-b00d-8923794f8149 HTTP/1.1" status: 204 len: 173 time: 0.7238331
2026-05-11 06:46:25.804 9 INFO neutron.notifiers.nova [-] Nova event matching ['req-15dd81b5-c6e1-4cd9-81b5-617678d6300e'] response: {'server_uuid': '16283737-1bdc-4afd-ba64-313b62f1665c', 'name': 'network-vif-deleted', 'tag': 'da7669fe-b01b-4770-b00d-8923794f8149', 'status': 'completed', 'code': 200}
2026-05-11 06:46:25.980 10 INFO neutron.notifiers.nova [-] Nova event matching ['req-89175dd0-b86a-4276-9ca0-cca5e7b517a6'] response: {'name': 'network-changed', 'server_uuid': '16283737-1bdc-4afd-ba64-313b62f1665c', 'tag': 'da7669fe-b01b-4770-b00d-8923794f8149', 'status': 'completed', 'code': 200} /var/lib/openstack/lib/python3.10/site-packages/pycadf/identifier.py:71: UserWarning: Invalid uuid: neutron. To ensure interoperability, identifiers should be a valid uuid. warnings.warn(('Invalid uuid: %s. To ensure interoperability, '
2026-05-11 06:46:26.018 9 INFO neutron.wsgi [req-e388a0e9-5c58-411a-be05-7b38f1caba41 req-e791e2a4-4f9b-4c66-9bb6-2664d5f3535b 2cb0abd25f384338947a92c3eda0afcb b7d3181c35f542d3b20969ac6569810a - - default default] 10.0.0.127 "GET /v2.0/ports?device_id=16283737-1bdc-4afd-ba64-313b62f1665c HTTP/1.1" status: 200 len: 210 time: 0.0419948
2026-05-11 06:46:26.034 9 INFO neutron.wsgi [req-b0bdb334-cc5a-45e6-90b9-04caaaaa289d req-ba822974-d894-41e0-9cf6-071d868cf579 d74a34133731452aae68b146cd679704 5b6e34121d144498874972f3fefe2dfb - - 77b9647b55af417094b7e5991cc094b9 77b9647b55af417094b7e5991cc094b9] 199.204.45.25 "GET /v2.0/ports?tenant_id=b7d3181c35f542d3b20969ac6569810a&device_id=16283737-1bdc-4afd-ba64-313b62f1665c HTTP/1.1" status: 200 len: 210 time: 0.0264277
2026-05-11 06:46:26.139 9 INFO neutron.wsgi [req-b0bdb334-cc5a-45e6-90b9-04caaaaa289d req-13e60235-e5b2-4600-a07c-8ee90d09f500 d74a34133731452aae68b146cd679704 5b6e34121d144498874972f3fefe2dfb - - 77b9647b55af417094b7e5991cc094b9 77b9647b55af417094b7e5991cc094b9] 199.204.45.25 "GET /v2.0/networks?tenant_id=b7d3181c35f542d3b20969ac6569810a&shared=False HTTP/1.1" status: 200 len: 968 time: 0.0972486
2026-05-11 06:46:26.488 9 INFO neutron.wsgi [req-b0bdb334-cc5a-45e6-90b9-04caaaaa289d req-6c4856ac-2186-4a0c-bb6f-5334275330cf d74a34133731452aae68b146cd679704 5b6e34121d144498874972f3fefe2dfb - - 77b9647b55af417094b7e5991cc094b9 77b9647b55af417094b7e5991cc094b9] 199.204.45.25 "GET /v2.0/networks?shared=True HTTP/1.1" status: 200 len: 952 time: 0.3416512
2026-05-11 06:46:27.266 10 INFO neutron.wsgi [None req-c8915522-43c0-41dc-b57f-b2657b36acde 2cb0abd25f384338947a92c3eda0afcb b7d3181c35f542d3b20969ac6569810a - - - -] 10.0.0.125 "DELETE /v2.0/security-groups/cf8a540f-6d9b-4596-9649-8621bc310525 HTTP/1.1" status: 204 len: 168 time: 0.1395795
2026-05-11 06:46:27.284 10 INFO neutron.api.v2.resource [None req-18e13dc2-edbd-452c-a763-fc196f16ef3f 2cb0abd25f384338947a92c3eda0afcb b7d3181c35f542d3b20969ac6569810a - - default default] show failed (client error): The resource could not be found.
2026-05-11 06:46:27.286 10 INFO neutron.wsgi [None req-18e13dc2-edbd-452c-a763-fc196f16ef3f 2cb0abd25f384338947a92c3eda0afcb b7d3181c35f542d3b20969ac6569810a - - default default] 10.0.0.125 "GET /v2.0/security-groups/cf8a540f-6d9b-4596-9649-8621bc310525 HTTP/1.1" status: 404 len: 347 time: 0.0142691
2026-05-11 06:46:27.535 10 WARNING neutron.plugins.ml2.drivers.ovn.mech_driver.ovsdb.ovn_client [None req-7ed45dec-ef09-4a9f-955d-6f4b4fa90417 - - - - - -] No hosting information found for port 824e91b4-f836-4069-a1ee-f9698572307c: RuntimeError: No hosting information found for port 824e91b4-f836-4069-a1ee-f9698572307c
2026-05-11 06:46:27.568 10 INFO neutron.plugins.ml2.drivers.ovn.mech_driver.mech_driver [None req-7ed45dec-ef09-4a9f-955d-6f4b4fa90417 - - - - - -] OVN reports status down for port: da7669fe-b01b-4770-b00d-8923794f8149
2026-05-11 06:46:27.677 9 INFO neutron.wsgi [None req-f7558bc2-c7ec-4486-8bdd-ae2dbd0ecae5 2cb0abd25f384338947a92c3eda0afcb b7d3181c35f542d3b20969ac6569810a - - - -] 10.0.0.125 "DELETE /v2.0/floatingips/156da75d-861d-4311-ba31-3553a3038f40 HTTP/1.1" status: 204 len: 168 time: 0.3785245
2026-05-11 06:46:28.825 9 INFO neutron.wsgi [None req-e22c0c71-7997-4b26-8947-8f0bfe90b78a 2956132494344d6e9c24a0d374df1bea d93b79dfa41e4723ab3bc9256dd61450 - - - -] 10.0.0.125 "PUT /v2.0/routers/6c58e273-81d3-446c-9ba1-a435871b083f/remove_router_interface HTTP/1.1" status: 200 len: 503 time: 1.1419313 /var/lib/openstack/lib/python3.10/site-packages/pycadf/identifier.py:71: UserWarning: Invalid uuid: neutron. To ensure interoperability, identifiers should be a valid uuid. warnings.warn(('Invalid uuid: %s. To ensure interoperability, '
2026-05-11 06:46:29.585 9 INFO neutron.wsgi [None req-323faa37-e791-4a2a-a8f2-1c9a472fe6bd 2956132494344d6e9c24a0d374df1bea d93b79dfa41e4723ab3bc9256dd61450 - - - -] 10.0.0.125 "DELETE /v2.0/routers/6c58e273-81d3-446c-9ba1-a435871b083f HTTP/1.1" status: 204 len: 168 time: 0.7553170
2026-05-11 06:46:29.788 9 INFO neutron.wsgi [None req-1754ea14-bd3a-4a61-b6ee-13c6bfb051a1 2956132494344d6e9c24a0d374df1bea d93b79dfa41e4723ab3bc9256dd61450 - - - -] 10.0.0.125 "DELETE /v2.0/subnets/069bae9c-d9cf-4f59-8c7d-7763b4173593 HTTP/1.1" status: 204 len: 168 time: 0.1966853 /var/lib/openstack/lib/python3.10/site-packages/pycadf/identifier.py:71: UserWarning: Invalid uuid: neutron. To ensure interoperability, identifiers should be a valid uuid. warnings.warn(('Invalid uuid: %s. To ensure interoperability, '
2026-05-11 06:46:29.980 9 INFO neutron.wsgi [req-74fe7f7d-421e-4d96-808c-13d927284c43 req-c32b5e17-cbf3-41c4-af0a-d81b85d2d55c dd129221138043968f3a6ade0619b1e0 1a4fcdd2e5ba4c84a1fa03ff0937e4f1 - - default default] 10.0.0.127 "GET /v2.0/security-groups?name=tempest-securitygroup--1361289053&fields=id&tenant_id=1a4fcdd2e5ba4c84a1fa03ff0937e4f1 HTTP/1.1" status: 200 len: 267 time: 0.0366483
2026-05-11 06:46:30.062 9 INFO neutron.wsgi [req-74fe7f7d-421e-4d96-808c-13d927284c43 req-52df0080-cbcf-472d-8001-68e3cd40647f dd129221138043968f3a6ade0619b1e0 1a4fcdd2e5ba4c84a1fa03ff0937e4f1 - - default default] 10.0.0.127 "GET /v2.0/networks?id=faa2b2a6-d818-45a5-afef-33d8ddb244c4 HTTP/1.1" status: 200 len: 879 time: 0.0771375
2026-05-11 06:46:30.077 9 INFO neutron.wsgi [req-74fe7f7d-421e-4d96-808c-13d927284c43 req-466a5459-322d-41d6-bb99-cd5da4a61e22 dd129221138043968f3a6ade0619b1e0 1a4fcdd2e5ba4c84a1fa03ff0937e4f1 - - default default] 10.0.0.127 "GET /v2.0/quotas/1a4fcdd2e5ba4c84a1fa03ff0937e4f1 HTTP/1.1" status: 200 len: 386 time: 0.0084174
2026-05-11 06:46:30.155 10 INFO neutron.services.segments.plugin [-] Segment 72a7202e-0722-4077-85d0-a1329d30fd68 resource provider aggregate not found
2026-05-11 06:46:30.161 10 INFO neutron.services.segments.plugin [-] Segment 72a7202e-0722-4077-85d0-a1329d30fd68 resource provider aggregate not found
2026-05-11 06:46:30.165 9 INFO neutron.wsgi [req-74fe7f7d-421e-4d96-808c-13d927284c43 req-262d0331-4d40-46d5-aef7-0b54346c8225 dd129221138043968f3a6ade0619b1e0 1a4fcdd2e5ba4c84a1fa03ff0937e4f1 - - default default] 10.0.0.127 "GET /v2.0/ports?tenant_id=1a4fcdd2e5ba4c84a1fa03ff0937e4f1&fields=id HTTP/1.1" status: 200 len: 302 time: 0.0829451
2026-05-11 06:46:30.180 10 INFO neutron.services.segments.plugin [-] Segment 72a7202e-0722-4077-85d0-a1329d30fd68 resource provider not found; error: Placement Client Error (4xx): {"errors": [{"status": 404, "title": "Not Found", "detail": "The resource could not be found.\n\n No resource provider with uuid 72a7202e-0722-4077-85d0-a1329d30fd68 found for delete ", "request_id": "req-ad1f5d55-8c0d-4239-a2a0-e97d7035bcf2"}]}
2026-05-11 06:46:30.201 10 INFO neutron.services.segments.plugin [-] Segment 72a7202e-0722-4077-85d0-a1329d30fd68 resource provider not found; error: Placement Client Error (4xx): {"errors": [{"status": 404, "title": "Not Found", "detail": "The resource could not be found.\n\n No resource provider with uuid 72a7202e-0722-4077-85d0-a1329d30fd68 found for delete ", "request_id": "req-938ba3d7-9978-4d29-8afc-00672e73dd1e"}]}
2026-05-11 06:46:30.210 10 INFO neutron.wsgi [None req-3db257d9-ff76-41fb-80fa-d6e4a4204da2 2956132494344d6e9c24a0d374df1bea d93b79dfa41e4723ab3bc9256dd61450 - - - -] 10.0.0.125 "DELETE /v2.0/networks/fa24f787-ea5f-4370-8d54-10302a56c6fa HTTP/1.1" status: 204 len: 168 time: 0.4154525
2026-05-11 06:46:30.475 10 INFO neutron.wsgi [None req-6513b4fc-8da0-4ab5-bae0-d9cc9dcaf55e 2956132494344d6e9c24a0d374df1bea d93b79dfa41e4723ab3bc9256dd61450 - - default default] 10.0.0.125 "GET /v2.0/security-groups?tenant_id=b7d3181c35f542d3b20969ac6569810a&name=default HTTP/1.1" status: 200 len: 2992 time: 0.0386965
2026-05-11 06:46:30.658 10 INFO neutron.wsgi [-] 10.0.0.191 "GET / HTTP/1.1" status: 200 len: 246 time: 0.0016708
2026-05-11 06:46:30.660 10 INFO neutron.wsgi [-] 10.0.0.191 "GET / HTTP/1.1" status: 200 len: 246 time: 0.0009611
2026-05-11 06:46:30.723 10 INFO neutron.wsgi [None req-f96d0a44-f12e-4f50-b214-3b145bf479ed 2956132494344d6e9c24a0d374df1bea d93b79dfa41e4723ab3bc9256dd61450 - - - -] 10.0.0.125 "DELETE /v2.0/security-groups/b268e905-01aa-4a18-ad92-182dd1db6b1d HTTP/1.1" status: 204 len: 168 time: 0.2424107
2026-05-11 06:46:30.803 9 INFO neutron.wsgi [req-74fe7f7d-421e-4d96-808c-13d927284c43 req-da936be7-5846-40ec-bb11-a74fbdddfae7 d74a34133731452aae68b146cd679704 5b6e34121d144498874972f3fefe2dfb - - 77b9647b55af417094b7e5991cc094b9 77b9647b55af417094b7e5991cc094b9] 10.0.0.127 "GET /v2.0/extensions HTTP/1.1" status: 200 len: 16525 time: 0.2346668
2026-05-11 06:46:30.876 9 INFO neutron.wsgi [req-74fe7f7d-421e-4d96-808c-13d927284c43 req-2294ee07-0c2e-4bb1-b0c8-4fcf081dbf12 d74a34133731452aae68b146cd679704 5b6e34121d144498874972f3fefe2dfb - - 77b9647b55af417094b7e5991cc094b9 77b9647b55af417094b7e5991cc094b9] 10.0.0.127 "GET /v2.0/networks/faa2b2a6-d818-45a5-afef-33d8ddb244c4?fields=segments HTTP/1.1" status: 200 len: 212 time: 0.0660810
2026-05-11 06:46:31.191 9 INFO neutron.wsgi [req-74fe7f7d-421e-4d96-808c-13d927284c43 req-567e78b7-44d3-4507-9006-d2d57385f2ec d74a34133731452aae68b146cd679704 5b6e34121d144498874972f3fefe2dfb - - 77b9647b55af417094b7e5991cc094b9 77b9647b55af417094b7e5991cc094b9] 10.0.0.127 "GET /v2.0/networks/faa2b2a6-d818-45a5-afef-33d8ddb244c4?fields=provider%3Aphysical_network&fields=provider%3Anetwork_type HTTP/1.1" status: 200 len: 277 time: 0.3090868
2026-05-11 06:46:31.203 10 INFO neutron.db.ovn_revision_numbers_db [None req-5184dc1a-631e-4980-8a49-2ae201d0f202 2956132494344d6e9c24a0d374df1bea d93b79dfa41e4723ab3bc9256dd61450 - - default default] Successfully bumped revision number for resource 4b23f5cb-862c-418d-a81b-52579d3cd9b8 (type: security_groups) to 1
2026-05-11 06:46:31.235 10 INFO neutron.wsgi [None req-5184dc1a-631e-4980-8a49-2ae201d0f202 2956132494344d6e9c24a0d374df1bea d93b79dfa41e4723ab3bc9256dd61450 - - default default] 10.0.0.125 "GET /v2.0/security-groups?tenant_id=97a2c87b04c345a69347fd1f2b63a5b8&name=default HTTP/1.1" status: 200 len: 2996 time: 0.2292788
2026-05-11 06:46:31.417 10 INFO neutron.wsgi [None req-2032779f-faa3-45e1-8229-46f4479fcb35 2956132494344d6e9c24a0d374df1bea d93b79dfa41e4723ab3bc9256dd61450 - - - -] 10.0.0.125 "DELETE /v2.0/security-groups/4b23f5cb-862c-418d-a81b-52579d3cd9b8 HTTP/1.1" status: 204 len: 168 time: 0.1760616
2026-05-11 06:46:31.531 9 INFO neutron.wsgi [req-66fadd1f-c639-428a-b26f-2ef863b3711c req-b82bac8b-3ed3-4952-be5b-a91233de10f9 dd129221138043968f3a6ade0619b1e0 1a4fcdd2e5ba4c84a1fa03ff0937e4f1 - - default default] 10.0.0.127 "GET /v2.0/ports?device_id=3b470a8d-9587-4236-b1e8-314cf5ae8a4a HTTP/1.1" status: 200 len: 210 time: 0.0225949
2026-05-11 06:46:31.614 10 INFO neutron.db.ovn_revision_numbers_db [None req-290aa4bc-40de-4d3f-b326-15725fad06cf 2956132494344d6e9c24a0d374df1bea d93b79dfa41e4723ab3bc9256dd61450 - - default default] Successfully bumped revision number for resource b73bf1bd-d71e-4825-8ef4-1a5d7ef6a0c9 (type: security_groups) to 1
2026-05-11 06:46:31.642 10 INFO neutron.wsgi [None req-290aa4bc-40de-4d3f-b326-15725fad06cf 2956132494344d6e9c24a0d374df1bea d93b79dfa41e4723ab3bc9256dd61450 - - default default] 10.0.0.125 "GET /v2.0/security-groups?tenant_id=78fc8721a653478390c516115ae6d903&name=default HTTP/1.1" status: 200 len: 2996 time: 0.1207759
2026-05-11 06:46:31.836 10 INFO neutron.wsgi [None req-6489c811-c8b7-4bff-af9f-a1f6fd91da6a 2956132494344d6e9c24a0d374df1bea d93b79dfa41e4723ab3bc9256dd61450 - - - -] 10.0.0.125 "DELETE /v2.0/security-groups/b73bf1bd-d71e-4825-8ef4-1a5d7ef6a0c9 HTTP/1.1" status: 204 len: 168 time: 0.1895196
2026-05-11 06:46:32.477 9 INFO neutron.wsgi [req-74fe7f7d-421e-4d96-808c-13d927284c43 req-fd31a0e8-280b-450f-93f4-d19c0e316c6b dd129221138043968f3a6ade0619b1e0 1a4fcdd2e5ba4c84a1fa03ff0937e4f1 - - default default] 199.204.45.25 "GET /v2.0/networks?id=faa2b2a6-d818-45a5-afef-33d8ddb244c4 HTTP/1.1" status: 200 len: 879 time: 0.0832944
2026-05-11 06:46:32.521 9 INFO neutron.wsgi [req-74fe7f7d-421e-4d96-808c-13d927284c43 req-2a3e9361-1399-48d2-baba-e4df28d25051 dd129221138043968f3a6ade0619b1e0 1a4fcdd2e5ba4c84a1fa03ff0937e4f1 - - default default] 199.204.45.25 "GET /v2.0/security-groups?fields=id&fields=name&tenant_id=1a4fcdd2e5ba4c84a1fa03ff0937e4f1 HTTP/1.1" status: 200 len: 380 time: 0.0387027
2026-05-11 06:46:32.656 9 INFO neutron.wsgi [req-e727c5d5-2532-49e1-82eb-2ef6fb80221d req-f0e77471-44c9-4a10-8edc-22e6af4fcdea dd129221138043968f3a6ade0619b1e0 1a4fcdd2e5ba4c84a1fa03ff0937e4f1 - - default default] 10.0.0.127 "GET /v2.0/ports?device_id=3b470a8d-9587-4236-b1e8-314cf5ae8a4a HTTP/1.1" status: 200 len: 210 time: 0.0301967
2026-05-11 06:46:32.954 9 WARNING neutron.scheduler.dhcp_agent_scheduler [None req-ed573fb5-11ad-4429-9116-6d5a53e6340b dd129221138043968f3a6ade0619b1e0 1a4fcdd2e5ba4c84a1fa03ff0937e4f1 - - - -] No more DHCP agents
2026-05-11 06:46:32.956 9 WARNING neutron.api.rpc.agentnotifiers.dhcp_rpc_agent_api [None req-ed573fb5-11ad-4429-9116-6d5a53e6340b dd129221138043968f3a6ade0619b1e0 1a4fcdd2e5ba4c84a1fa03ff0937e4f1 - - - -] Unable to schedule network faa2b2a6-d818-45a5-afef-33d8ddb244c4: no agents available; will retry on subsequent port and subnet creation events.
2026-05-11 06:46:33.073 9 INFO neutron.db.ovn_revision_numbers_db [None req-ed573fb5-11ad-4429-9116-6d5a53e6340b dd129221138043968f3a6ade0619b1e0 1a4fcdd2e5ba4c84a1fa03ff0937e4f1 - - - -] Successfully bumped revision number for resource a2763695-6167-467b-bfbb-a7a4e0e83fb6 (type: ports) to 1
2026-05-11 06:46:33.104 9 INFO neutron.wsgi [None req-ed573fb5-11ad-4429-9116-6d5a53e6340b dd129221138043968f3a6ade0619b1e0 1a4fcdd2e5ba4c84a1fa03ff0937e4f1 - - - -] 199.204.45.25 "POST /v2.0/ports HTTP/1.1" status: 201 len: 1162 time: 0.5499525 /var/lib/openstack/lib/python3.10/site-packages/pycadf/identifier.py:71: UserWarning: Invalid uuid: neutron. To ensure interoperability, identifiers should be a valid uuid. warnings.warn(('Invalid uuid: %s. To ensure interoperability, '
2026-05-11 06:46:33.548 9 INFO neutron.db.ovn_revision_numbers_db [None req-47bd6a17-3c70-49e9-8806-3f386c5b6100 d74a34133731452aae68b146cd679704 5b6e34121d144498874972f3fefe2dfb - - - -] Successfully bumped revision number for resource a2763695-6167-467b-bfbb-a7a4e0e83fb6 (type: ports) to 2 /var/lib/openstack/lib/python3.10/site-packages/pycadf/identifier.py:71: UserWarning: Invalid uuid: neutron. To ensure interoperability, identifiers should be a valid uuid. warnings.warn(('Invalid uuid: %s. To ensure interoperability, '
2026-05-11 06:46:33.768 9 INFO neutron.wsgi [req-d289b028-c11f-436a-adf5-3c2a0bdf8bb2 req-8219346e-ee6d-4db3-bb33-cd8e002a1005 dd129221138043968f3a6ade0619b1e0 1a4fcdd2e5ba4c84a1fa03ff0937e4f1 - - default default] 10.0.0.127 "GET /v2.0/ports?device_id=3b470a8d-9587-4236-b1e8-314cf5ae8a4a HTTP/1.1" status: 200 len: 1172 time: 0.0449226
2026-05-11 06:46:33.804 9 INFO neutron.db.ovn_revision_numbers_db [None req-47bd6a17-3c70-49e9-8806-3f386c5b6100 d74a34133731452aae68b146cd679704 5b6e34121d144498874972f3fefe2dfb - - - -] Successfully bumped revision number for resource a2763695-6167-467b-bfbb-a7a4e0e83fb6 (type: ports) to 2
2026-05-11 06:46:33.810 9 INFO neutron.wsgi [req-d289b028-c11f-436a-adf5-3c2a0bdf8bb2 req-0587f232-352c-45d2-b888-9056a00d1f73 dd129221138043968f3a6ade0619b1e0 1a4fcdd2e5ba4c84a1fa03ff0937e4f1 - - default default] 10.0.0.127 "GET /v2.0/security-groups?id=f5e351ed-b50c-4ef1-bcee-77e1d0c18ae9&fields=id&fields=name HTTP/1.1" status: 200 len: 313 time: 0.0335736
2026-05-11 06:46:33.831 9 INFO neutron.wsgi [None req-47bd6a17-3c70-49e9-8806-3f386c5b6100 d74a34133731452aae68b146cd679704 5b6e34121d144498874972f3fefe2dfb - - - -] 199.204.45.25 "PUT /v2.0/ports/a2763695-6167-467b-bfbb-a7a4e0e83fb6 HTTP/1.1" status: 200 len: 1332 time: 0.7210317
2026-05-11 06:46:33.885 9 INFO neutron.notifiers.nova [-] Nova event matching ['req-b17cb287-aa5c-4d4c-97ac-41e001a8f86b'] response: {'name': 'network-changed', 'server_uuid': '3b470a8d-9587-4236-b1e8-314cf5ae8a4a', 'tag': 'a2763695-6167-467b-bfbb-a7a4e0e83fb6', 'status': 'completed', 'code': 200}
2026-05-11 06:46:33.906 9 INFO neutron.wsgi [req-74fe7f7d-421e-4d96-808c-13d927284c43 req-159abfe6-5b5e-4524-aa40-ef371d209196 d74a34133731452aae68b146cd679704 5b6e34121d144498874972f3fefe2dfb - - 77b9647b55af417094b7e5991cc094b9 77b9647b55af417094b7e5991cc094b9] 199.204.45.25 "GET /v2.0/ports?tenant_id=1a4fcdd2e5ba4c84a1fa03ff0937e4f1&device_id=3b470a8d-9587-4236-b1e8-314cf5ae8a4a HTTP/1.1" status: 200 len: 1363 time: 0.0347142
2026-05-11 06:46:33.937 9 INFO neutron.wsgi [req-74fe7f7d-421e-4d96-808c-13d927284c43 req-f61d751f-e3d0-4f99-ac9e-8520162593fe d74a34133731452aae68b146cd679704 5b6e34121d144498874972f3fefe2dfb - - 77b9647b55af417094b7e5991cc094b9 77b9647b55af417094b7e5991cc094b9] 199.204.45.25 "GET /v2.0/floatingips?fixed_ip_address=10.100.0.10&port_id=a2763695-6167-467b-bfbb-a7a4e0e83fb6 HTTP/1.1" status: 200 len: 217 time: 0.0255525
2026-05-11 06:46:33.971 9 INFO neutron.wsgi [req-74fe7f7d-421e-4d96-808c-13d927284c43 req-d79b4378-78eb-4aa9-8c52-1bbd03474ee8 d74a34133731452aae68b146cd679704 5b6e34121d144498874972f3fefe2dfb - - 77b9647b55af417094b7e5991cc094b9 77b9647b55af417094b7e5991cc094b9] 199.204.45.25 "GET /v2.0/subnets?id=57a07132-2cf9-4295-996a-66d650e7fe5f HTTP/1.1" status: 200 len: 873 time: 0.0290272
2026-05-11 06:46:34.013 9 INFO neutron.wsgi [req-74fe7f7d-421e-4d96-808c-13d927284c43 req-e7179ad2-f48b-4d96-aa3c-1ec5a917b4d8 d74a34133731452aae68b146cd679704 5b6e34121d144498874972f3fefe2dfb - - 77b9647b55af417094b7e5991cc094b9 77b9647b55af417094b7e5991cc094b9] 199.204.45.25 "GET /v2.0/ports?network_id=faa2b2a6-d818-45a5-afef-33d8ddb244c4&device_owner=network%3Adhcp HTTP/1.1" status: 200 len: 210 time: 0.0367424
2026-05-11 06:46:34.044 9 INFO neutron.wsgi [req-eee39e49-591c-4636-bf8a-582d2600e15b req-2c48b123-6edf-49e7-b68c-49dea9514430 d74a34133731452aae68b146cd679704 5b6e34121d144498874972f3fefe2dfb - - 77b9647b55af417094b7e5991cc094b9 77b9647b55af417094b7e5991cc094b9] 10.0.0.24 "GET /v2.0/ports?device_id=1026c0df-e2a0-4644-97be-d27c8320d433 HTTP/1.1" status: 200 len: 1361 time: 0.4973609
2026-05-11 06:46:34.095 9 INFO neutron.wsgi [req-eee39e49-591c-4636-bf8a-582d2600e15b req-f197b31b-7169-44f1-a585-1c34db95a445 d74a34133731452aae68b146cd679704 5b6e34121d144498874972f3fefe2dfb - - 77b9647b55af417094b7e5991cc094b9 77b9647b55af417094b7e5991cc094b9] 10.0.0.24 "GET /v2.0/security-groups?id=959a8dc0-9465-409c-a17c-435f669d0a49&fields=id&fields=name HTTP/1.1" status: 200 len: 312 time: 0.0433187
2026-05-11 06:46:34.099 9 INFO neutron.wsgi [req-74fe7f7d-421e-4d96-808c-13d927284c43 req-daa0949a-f55e-4fbb-87c3-ce04ea3bd0cc d74a34133731452aae68b146cd679704 5b6e34121d144498874972f3fefe2dfb - - 77b9647b55af417094b7e5991cc094b9 77b9647b55af417094b7e5991cc094b9] 199.204.45.25 "GET /v2.0/networks/faa2b2a6-d818-45a5-afef-33d8ddb244c4?fields=segments HTTP/1.1" status: 200 len: 212 time: 0.0760396
2026-05-11 06:46:34.179 9 INFO neutron.wsgi [req-74fe7f7d-421e-4d96-808c-13d927284c43 req-a0179139-b981-4e7c-a1dd-09c52485ab92 d74a34133731452aae68b146cd679704 5b6e34121d144498874972f3fefe2dfb - - 77b9647b55af417094b7e5991cc094b9 77b9647b55af417094b7e5991cc094b9] 199.204.45.25 "GET /v2.0/networks/faa2b2a6-d818-45a5-afef-33d8ddb244c4?fields=provider%3Aphysical_network&fields=provider%3Anetwork_type HTTP/1.1" status: 200 len: 277 time: 0.0616119
2026-05-11 06:46:34.270 9 INFO neutron.wsgi [req-ed63346e-bd1c-4500-93cb-78e216ced301 req-7883fddf-6cd0-4aff-acf7-d8c6b5eecb91 d74a34133731452aae68b146cd679704 5b6e34121d144498874972f3fefe2dfb - - 77b9647b55af417094b7e5991cc094b9 77b9647b55af417094b7e5991cc094b9] 199.204.45.25 "GET /v2.0/ports?tenant_id=1a4fcdd2e5ba4c84a1fa03ff0937e4f1&device_id=3b470a8d-9587-4236-b1e8-314cf5ae8a4a HTTP/1.1" status: 200 len: 1363 time: 0.0308495
2026-05-11 06:46:34.329 9 INFO neutron.wsgi [req-ed63346e-bd1c-4500-93cb-78e216ced301 req-66b47151-6205-4853-9786-31dd0052d341 d74a34133731452aae68b146cd679704 5b6e34121d144498874972f3fefe2dfb - - 77b9647b55af417094b7e5991cc094b9 77b9647b55af417094b7e5991cc094b9] 199.204.45.25 "GET /v2.0/networks?id=faa2b2a6-d818-45a5-afef-33d8ddb244c4 HTTP/1.1" status: 200 len: 978 time: 0.0499594
2026-05-11 06:46:34.368 9 INFO neutron.wsgi [req-ed63346e-bd1c-4500-93cb-78e216ced301 req-43cc0df3-907d-4f66-b64a-10d79162f0a6 d74a34133731452aae68b146cd679704 5b6e34121d144498874972f3fefe2dfb - - 77b9647b55af417094b7e5991cc094b9 77b9647b55af417094b7e5991cc094b9] 199.204.45.25 "GET /v2.0/floatingips?fixed_ip_address=10.100.0.10&port_id=a2763695-6167-467b-bfbb-a7a4e0e83fb6 HTTP/1.1" status: 200 len: 217 time: 0.0326953
2026-05-11 06:46:34.420 9 INFO neutron.wsgi [req-ed63346e-bd1c-4500-93cb-78e216ced301 req-7b8c6ed3-da32-481b-b0c9-459c039691b2 d74a34133731452aae68b146cd679704 5b6e34121d144498874972f3fefe2dfb - - 77b9647b55af417094b7e5991cc094b9 77b9647b55af417094b7e5991cc094b9] 199.204.45.25 "GET /v2.0/subnets?id=57a07132-2cf9-4295-996a-66d650e7fe5f HTTP/1.1" status: 200 len: 873 time: 0.0434852
2026-05-11 06:46:34.475 9 INFO neutron.wsgi [req-ed63346e-bd1c-4500-93cb-78e216ced301 req-ec1aac30-2554-4f8d-9e00-34901ef0fde8 d74a34133731452aae68b146cd679704 5b6e34121d144498874972f3fefe2dfb - - 77b9647b55af417094b7e5991cc094b9 77b9647b55af417094b7e5991cc094b9] 199.204.45.25 "GET /v2.0/ports?network_id=faa2b2a6-d818-45a5-afef-33d8ddb244c4&device_owner=network%3Adhcp HTTP/1.1" status: 200 len: 210 time: 0.0440152
2026-05-11 06:46:34.565 9 INFO neutron.wsgi [req-ed63346e-bd1c-4500-93cb-78e216ced301 req-c984e7ce-758f-411f-8a66-b6fd9c82615d d74a34133731452aae68b146cd679704 5b6e34121d144498874972f3fefe2dfb - - 77b9647b55af417094b7e5991cc094b9 77b9647b55af417094b7e5991cc094b9] 199.204.45.25 "GET /v2.0/networks/faa2b2a6-d818-45a5-afef-33d8ddb244c4?fields=segments HTTP/1.1" status: 200 len: 212 time: 0.0802622
2026-05-11 06:46:34.636 9 INFO neutron.wsgi [req-ed63346e-bd1c-4500-93cb-78e216ced301 req-c3c04367-9bea-4f9d-9079-135ae90c940c d74a34133731452aae68b146cd679704 5b6e34121d144498874972f3fefe2dfb - - 77b9647b55af417094b7e5991cc094b9 77b9647b55af417094b7e5991cc094b9] 199.204.45.25 "GET /v2.0/networks/faa2b2a6-d818-45a5-afef-33d8ddb244c4?fields=provider%3Aphysical_network&fields=provider%3Anetwork_type HTTP/1.1" status: 200 len: 277 time: 0.0650656
2026-05-11 06:46:34.958 9 INFO neutron.wsgi [req-9aa131ac-6e2c-42f6-81a6-4a1ade172f6f req-9460c75f-6c5e-4cac-a567-7fe8e5d20d5d dd129221138043968f3a6ade0619b1e0 1a4fcdd2e5ba4c84a1fa03ff0937e4f1 - - default default] 10.0.0.127 "GET /v2.0/ports?device_id=3b470a8d-9587-4236-b1e8-314cf5ae8a4a HTTP/1.1" status: 200 len: 1172 time: 0.0399842
2026-05-11 06:46:34.999 9 INFO neutron.wsgi [req-9aa131ac-6e2c-42f6-81a6-4a1ade172f6f req-a6f0d400-1d22-45ad-98b7-06e73fdab449 dd129221138043968f3a6ade0619b1e0 1a4fcdd2e5ba4c84a1fa03ff0937e4f1 - - default default] 10.0.0.127 "GET /v2.0/security-groups?id=f5e351ed-b50c-4ef1-bcee-77e1d0c18ae9&fields=id&fields=name HTTP/1.1" status: 200 len: 313 time: 0.0333259
2026-05-11 06:46:35.662 10 INFO neutron.plugins.ml2.drivers.ovn.mech_driver.mech_driver [None req-7ed45dec-ef09-4a9f-955d-6f4b4fa90417 - - - - - -] OVN reports status up for port: a2763695-6167-467b-bfbb-a7a4e0e83fb6
2026-05-11 06:46:35.680 10 INFO neutron.plugins.ml2.plugin [None req-7ed45dec-ef09-4a9f-955d-6f4b4fa90417 - - - - - -] Attempt 1 to provision port a2763695-6167-467b-bfbb-a7a4e0e83fb6
2026-05-11 06:46:35.871 10 INFO neutron.notifiers.nova [-] Nova event matching ['req-3772cd19-99fb-4a18-8be7-9f3ffa107fb9'] response: {'server_uuid': '3b470a8d-9587-4236-b1e8-314cf5ae8a4a', 'name': 'network-vif-plugged', 'status': 'completed', 'tag': 'a2763695-6167-467b-bfbb-a7a4e0e83fb6', 'code': 200}
2026-05-11 06:46:36.030 10 INFO neutron.db.ovn_revision_numbers_db [None req-7ed45dec-ef09-4a9f-955d-6f4b4fa90417 - - - - - -] Successfully bumped revision number for resource a2763695-6167-467b-bfbb-a7a4e0e83fb6 (type: ports) to 4
2026-05-11 06:46:36.161 9 INFO neutron.wsgi [req-2e15c982-f900-44c0-a8f7-99c97362c449 req-af41bdda-c565-4b1d-86a4-332d1765d27a dd129221138043968f3a6ade0619b1e0 1a4fcdd2e5ba4c84a1fa03ff0937e4f1 - - default default] 10.0.0.127 "GET /v2.0/ports?device_id=3b470a8d-9587-4236-b1e8-314cf5ae8a4a HTTP/1.1" status: 200 len: 1174 time: 0.0939794
2026-05-11 06:46:36.211 9 INFO neutron.wsgi [req-2e15c982-f900-44c0-a8f7-99c97362c449 req-e1534bbb-046b-4a52-8a1d-2f6eb1d3e938 dd129221138043968f3a6ade0619b1e0 1a4fcdd2e5ba4c84a1fa03ff0937e4f1 - - default default] 10.0.0.127 "GET /v2.0/security-groups?id=f5e351ed-b50c-4ef1-bcee-77e1d0c18ae9&fields=id&fields=name HTTP/1.1" status: 200 len: 313 time: 0.0435841 /var/lib/openstack/lib/python3.10/site-packages/pycadf/identifier.py:71: UserWarning: Invalid uuid: neutron. To ensure interoperability, identifiers should be a valid uuid. warnings.warn(('Invalid uuid: %s. To ensure interoperability, '
2026-05-11 06:46:36.990 10 INFO neutron.db.ovn_revision_numbers_db [None req-3bb97c4f-d264-47e7-8d5b-9d88914f9fa3 2956132494344d6e9c24a0d374df1bea d93b79dfa41e4723ab3bc9256dd61450 - - default default] Successfully bumped revision number for resource ded18372-61c1-48cf-ba81-1c20b5dd4020 (type: security_groups) to 1
2026-05-11 06:46:37.001 9 INFO neutron.db.ovn_revision_numbers_db [None req-2965f360-b9ff-48d1-8868-7ad7edeb9730 2956132494344d6e9c24a0d374df1bea d93b79dfa41e4723ab3bc9256dd61450 - - default default] Successfully bumped revision number for resource 694c0126-0c00-48ff-872a-a06cdc55ac80 (type: security_groups) to 1
2026-05-11 06:46:37.015 10 INFO neutron.wsgi [None req-3bb97c4f-d264-47e7-8d5b-9d88914f9fa3 2956132494344d6e9c24a0d374df1bea d93b79dfa41e4723ab3bc9256dd61450 - - default default] 10.0.0.125 "GET /v2.0/security-groups?tenant_id=0d61443da7f94c818155b2de69da4f41&name=default HTTP/1.1" status: 200 len: 2996 time: 0.2060556
2026-05-11 06:46:37.033 9 INFO neutron.wsgi [None req-2965f360-b9ff-48d1-8868-7ad7edeb9730 2956132494344d6e9c24a0d374df1bea d93b79dfa41e4723ab3bc9256dd61450 - - default default] 10.0.0.125 "GET /v2.0/security-groups?tenant_id=e80a8c891c584947bb124d130877a8d1&name=default HTTP/1.1" status: 200 len: 2996 time: 0.2794645
2026-05-11 06:46:37.258 10 INFO neutron.wsgi [None req-253d54f7-e2c0-43ef-8ea7-365609b57e5e 2956132494344d6e9c24a0d374df1bea d93b79dfa41e4723ab3bc9256dd61450 - - - -] 10.0.0.125 "DELETE /v2.0/security-groups/ded18372-61c1-48cf-ba81-1c20b5dd4020 HTTP/1.1" status: 204 len: 168 time: 0.2368138
2026-05-11 06:46:37.284 10 INFO neutron.wsgi [None req-8a3b5641-bdf4-45cb-b338-40a15d81375f 2956132494344d6e9c24a0d374df1bea d93b79dfa41e4723ab3bc9256dd61450 - - - -] 10.0.0.125 "DELETE /v2.0/security-groups/694c0126-0c00-48ff-872a-a06cdc55ac80 HTTP/1.1" status: 204 len: 168 time: 0.2399862
2026-05-11 06:46:37.348 9 INFO neutron.wsgi [None req-cf4f951b-9e5e-4cd5-9162-57255c6fff15 2956132494344d6e9c24a0d374df1bea d93b79dfa41e4723ab3bc9256dd61450 - - default default] 10.0.0.98 "GET /v2.0/security-groups HTTP/1.1" status: 200 len: 33401 time: 0.2220414
2026-05-11 06:46:37.353 9 INFO neutron.wsgi [req-5466a62e-2a03-4408-81aa-0e3e79410728 req-b83c8b08-4159-45be-a5cd-f9cb61ef8ac7 dd129221138043968f3a6ade0619b1e0 1a4fcdd2e5ba4c84a1fa03ff0937e4f1 - - default default] 10.0.0.127 "GET /v2.0/ports?device_id=3b470a8d-9587-4236-b1e8-314cf5ae8a4a HTTP/1.1" status: 200 len: 1174 time: 0.0637977
2026-05-11 06:46:37.447 9 INFO neutron.wsgi [req-5466a62e-2a03-4408-81aa-0e3e79410728 req-01d7e489-d4ef-417a-8fc8-31d6431a0713 dd129221138043968f3a6ade0619b1e0 1a4fcdd2e5ba4c84a1fa03ff0937e4f1 - - default default] 10.0.0.127 "GET /v2.0/security-groups?id=f5e351ed-b50c-4ef1-bcee-77e1d0c18ae9&fields=id&fields=name HTTP/1.1" status: 200 len: 313 time: 0.0879557
2026-05-11 06:46:37.516 9 INFO neutron.wsgi [None req-6284afc6-6d15-4283-994f-134209bc1e6f 2956132494344d6e9c24a0d374df1bea d93b79dfa41e4723ab3bc9256dd61450 - - default default] 10.0.0.98 "GET /v2.0/routers HTTP/1.1" status: 200 len: 1549 time: 0.1546168
2026-05-11 06:46:37.520 10 INFO neutron.db.ovn_revision_numbers_db [None req-f82bf999-01c2-4e66-a75c-156aa08152e8 2956132494344d6e9c24a0d374df1bea d93b79dfa41e4723ab3bc9256dd61450 - - default default] Successfully bumped revision number for resource e48e93bf-0b64-46d8-8376-830975b45b57 (type: security_groups) to 1
2026-05-11 06:46:37.549 10 INFO neutron.wsgi [None req-f82bf999-01c2-4e66-a75c-156aa08152e8 2956132494344d6e9c24a0d374df1bea d93b79dfa41e4723ab3bc9256dd61450 - - default default] 10.0.0.125 "GET /v2.0/security-groups?tenant_id=36c5497c3f8d47459fee6af6388c6e53&name=default HTTP/1.1" status: 200 len: 2996 time: 0.1347041
2026-05-11 06:46:37.816 10 INFO neutron.wsgi [None req-8d98286e-89e1-456d-843e-765b8a36a06d 2956132494344d6e9c24a0d374df1bea d93b79dfa41e4723ab3bc9256dd61450 - - - -] 10.0.0.125 "DELETE /v2.0/security-groups/e48e93bf-0b64-46d8-8376-830975b45b57 HTTP/1.1" status: 204 len: 168 time: 0.2579877
2026-05-11 06:46:37.896 9 INFO neutron.wsgi [req-4d17f0e0-bf59-487d-9175-5351b88cfdef req-13b6010d-bec6-4498-bd30-a37b5c28ed1f dd129221138043968f3a6ade0619b1e0 1a4fcdd2e5ba4c84a1fa03ff0937e4f1 - - default default] 10.0.0.127 "GET /v2.0/ports?device_id=3b470a8d-9587-4236-b1e8-314cf5ae8a4a HTTP/1.1" status: 200 len: 1174 time: 0.3821290
2026-05-11 06:46:37.919 9 INFO neutron.wsgi [None req-07c39076-383a-4e97-800a-901a375bf0de 2956132494344d6e9c24a0d374df1bea d93b79dfa41e4723ab3bc9256dd61450 - - default default] 10.0.0.98 "GET /v2.0/agents?binary=ovn-controller HTTP/1.1" status: 200 len: 591 time: 0.4009566
2026-05-11 06:46:37.921 10 INFO neutron.notifiers.nova [-] Nova event matching ['req-7bc1728b-9552-4400-a2f7-a6eeaf93a740'] response: {'server_uuid': '3b470a8d-9587-4236-b1e8-314cf5ae8a4a', 'name': 'network-vif-plugged', 'status': 'completed', 'tag': 'a2763695-6167-467b-bfbb-a7a4e0e83fb6', 'code': 200}
2026-05-11 06:46:37.968 9 INFO neutron.wsgi [None req-76a4fa69-3980-42bf-a18e-2e8fc089f8b1 2956132494344d6e9c24a0d374df1bea d93b79dfa41e4723ab3bc9256dd61450 - - default default] 10.0.0.98 "GET /v2.0/ports HTTP/1.1" status: 200 len: 15902 time: 0.0463147
2026-05-11 06:46:37.968 9 INFO neutron.db.ovn_revision_numbers_db [None req-10299f59-603b-44ee-8459-c4df01bff31d 2956132494344d6e9c24a0d374df1bea d93b79dfa41e4723ab3bc9256dd61450 - - default default] Successfully bumped revision number for resource 86859fef-aee4-48db-b8c1-b1cda45acafc (type: security_groups) to 1
2026-05-11 06:46:37.992 9 INFO neutron.wsgi [None req-cab445b7-4182-4962-8c8e-e798d6b6377a 2956132494344d6e9c24a0d374df1bea d93b79dfa41e4723ab3bc9256dd61450 - - default default] 10.0.0.98 "GET /v2.0/network-ip-availabilities HTTP/1.1" status: 200 len: 2260 time: 0.0131338
2026-05-11 06:46:37.995 9 INFO neutron.wsgi [None req-10299f59-603b-44ee-8459-c4df01bff31d 2956132494344d6e9c24a0d374df1bea d93b79dfa41e4723ab3bc9256dd61450 - - default default] 10.0.0.125 "GET /v2.0/security-groups?tenant_id=8defb78c147d4d9eb5ade4f05ded2e89&name=default HTTP/1.1" status: 200 len: 2996 time: 0.5385523
2026-05-11 06:46:38.066 9 INFO neutron.wsgi [None req-77990207-7c85-417b-936c-3db5fc23a5f8 2956132494344d6e9c24a0d374df1bea d93b79dfa41e4723ab3bc9256dd61450 - - default default] 10.0.0.98 "GET /v2.0/floatingips HTTP/1.1" status: 200 len: 1574 time: 0.0706363
2026-05-11 06:46:38.135 9 INFO neutron.wsgi [None req-3bd03dc4-24a3-41f9-9a21-582c6c622d61 2956132494344d6e9c24a0d374df1bea d93b79dfa41e4723ab3bc9256dd61450 - - default default] 10.0.0.98 "GET /v2.0/networks HTTP/1.1" status: 200 len: 3884 time: 0.0677247
2026-05-11 06:46:38.173 9 INFO neutron.wsgi [None req-8da5ecc1-f010-4a10-b866-9ae0c0149454 2956132494344d6e9c24a0d374df1bea d93b79dfa41e4723ab3bc9256dd61450 - - default default] 10.0.0.98 "GET /v2.0/subnets HTTP/1.1" status: 200 len: 2763 time: 0.0332153
2026-05-11 06:46:38.208 9 INFO neutron.wsgi [None req-340775bf-502e-4e01-87f2-fb01e9223263 2956132494344d6e9c24a0d374df1bea d93b79dfa41e4723ab3bc9256dd61450 - - default default] 10.0.0.98 "GET /v2.0/subnets HTTP/1.1" status: 200 len: 2763 time: 0.0334876
2026-05-11 06:46:38.220 9 INFO neutron.wsgi [None req-672dc68c-d2da-4250-83e8-f92453282dd1 2956132494344d6e9c24a0d374df1bea d93b79dfa41e4723ab3bc9256dd61450 - - default default] 10.0.0.98 "GET /v2.0/subnetpools HTTP/1.1" status: 200 len: 193 time: 0.0107076
2026-05-11 06:46:38.230 9 INFO neutron.wsgi [None req-c5a6e77a-66bf-4415-b5f0-b59bc3c9588b 2956132494344d6e9c24a0d374df1bea d93b79dfa41e4723ab3bc9256dd61450 - - default default] 10.0.0.98 "GET /v2.0/agents HTTP/1.1" status: 200 len: 997 time: 0.0099230
2026-05-11 06:46:38.484 10 INFO neutron.db.l3_db [None req-bace7bd8-e9e5-460a-85e4-b0feaa334295 dd129221138043968f3a6ade0619b1e0 1a4fcdd2e5ba4c84a1fa03ff0937e4f1 - - - -] Floating IP ed29a334-af10-4f66-b9c7-41685db5df45 associated. External IP: 10.96.250.203, port: a2763695-6167-467b-bfbb-a7a4e0e83fb6.
2026-05-11 06:46:38.603 10 INFO neutron.wsgi [None req-7b38bb81-1eae-4743-879a-95b4d02c39a5 2956132494344d6e9c24a0d374df1bea d93b79dfa41e4723ab3bc9256dd61450 - - - -] 10.0.0.125 "DELETE /v2.0/security-groups/86859fef-aee4-48db-b8c1-b1cda45acafc HTTP/1.1" status: 204 len: 168 time: 0.5931678
2026-05-11 06:46:38.652 10 INFO neutron.db.ovn_revision_numbers_db [None req-bace7bd8-e9e5-460a-85e4-b0feaa334295 dd129221138043968f3a6ade0619b1e0 1a4fcdd2e5ba4c84a1fa03ff0937e4f1 - - - -] Successfully bumped revision number for resource ed29a334-af10-4f66-b9c7-41685db5df45 (type: floatingips) to 1
2026-05-11 06:46:38.736 10 INFO neutron.db.ovn_revision_numbers_db [None req-bace7bd8-e9e5-460a-85e4-b0feaa334295 dd129221138043968f3a6ade0619b1e0 1a4fcdd2e5ba4c84a1fa03ff0937e4f1 - - - -] Successfully bumped revision number for resource ed29a334-af10-4f66-b9c7-41685db5df45 (type: floatingips) to 2
2026-05-11 06:46:38.760 10 INFO neutron.wsgi [None req-bace7bd8-e9e5-460a-85e4-b0feaa334295 dd129221138043968f3a6ade0619b1e0 1a4fcdd2e5ba4c84a1fa03ff0937e4f1 - - - -] 10.0.0.125 "PUT /v2.0/floatingips/ed29a334-af10-4f66-b9c7-41685db5df45 HTTP/1.1" status: 200 len: 1050 time: 0.8428621 /var/lib/openstack/lib/python3.10/site-packages/pycadf/identifier.py:71: UserWarning: Invalid uuid: neutron. To ensure interoperability, identifiers should be a valid uuid. warnings.warn(('Invalid uuid: %s. To ensure interoperability, '
2026-05-11 06:46:38.874 9 INFO neutron.wsgi [req-0bcab46f-d6fc-48d4-a121-b4b431ed252e req-b20e2ded-6e6f-4097-a24b-b1798c080f80 dd129221138043968f3a6ade0619b1e0 1a4fcdd2e5ba4c84a1fa03ff0937e4f1 - - default default] 10.0.0.127 "GET /v2.0/ports?device_id=3b470a8d-9587-4236-b1e8-314cf5ae8a4a HTTP/1.1" status: 200 len: 1174 time: 0.0507455
2026-05-11 06:46:38.919 9 INFO neutron.wsgi [req-0bcab46f-d6fc-48d4-a121-b4b431ed252e req-91bf0c23-b43c-40fd-8290-f5d52378fa84 dd129221138043968f3a6ade0619b1e0 1a4fcdd2e5ba4c84a1fa03ff0937e4f1 - - default default] 10.0.0.127 "GET /v2.0/security-groups?id=f5e351ed-b50c-4ef1-bcee-77e1d0c18ae9&fields=id&fields=name HTTP/1.1" status: 200 len: 313 time: 0.0365589
2026-05-11 06:46:39.254 10 INFO neutron.plugins.ml2.drivers.ovn.mech_driver.mech_driver [None req-7ed45dec-ef09-4a9f-955d-6f4b4fa90417 - - - - - -] OVN reports status down for port: a2763695-6167-467b-bfbb-a7a4e0e83fb6
2026-05-11 06:46:39.259 9 INFO neutron.wsgi [req-ff137f1f-590f-4780-a9e4-86a06437f557 req-1c0d787d-3944-4ad3-963c-653337e068c5 dd129221138043968f3a6ade0619b1e0 1a4fcdd2e5ba4c84a1fa03ff0937e4f1 - - default default] 10.0.0.127 "GET /v2.0/ports?device_id=3b470a8d-9587-4236-b1e8-314cf5ae8a4a HTTP/1.1" status: 200 len: 1174 time: 0.0563941
2026-05-11 06:46:39.313 9 INFO neutron.wsgi [req-ff137f1f-590f-4780-a9e4-86a06437f557 req-55f8c544-4ced-4799-9348-6c9de215dba7 dd129221138043968f3a6ade0619b1e0 1a4fcdd2e5ba4c84a1fa03ff0937e4f1 - - default default] 10.0.0.127 "GET /v2.0/security-groups?id=f5e351ed-b50c-4ef1-bcee-77e1d0c18ae9&fields=id&fields=name HTTP/1.1" status: 200 len: 313 time: 0.0461926
2026-05-11 06:46:39.316 9 INFO neutron.wsgi [req-7606e30a-eed6-4310-9fc4-b88a887a9eb8 req-125fbfa8-a735-4a83-b48f-3dd908a9a98f 47820bde4c0b4c8da1acd1fb79ecf7f1 59a9ac7eba2a4d848676405dcae76d9c - - default default] 10.0.0.127 "GET /v2.0/ports?device_id=1026c0df-e2a0-4644-97be-d27c8320d433 HTTP/1.1" status: 200 len: 1170 time: 0.1460838
2026-05-11 06:46:39.426 9 INFO neutron.wsgi [req-6211a7e9-3c02-418e-bdd4-041f4adce867 req-f790fa34-c21c-4d22-954a-8d563b9bfe22 47820bde4c0b4c8da1acd1fb79ecf7f1 59a9ac7eba2a4d848676405dcae76d9c - - default default] 10.0.0.127 "GET /v2.0/ports/296bfd0d-7cdb-4efc-aab5-1cd0cdd5d3cf HTTP/1.1" status: 200 len: 1167 time: 0.0449109
2026-05-11 06:46:39.550 10 INFO neutron.db.ovn_revision_numbers_db [None req-7ed45dec-ef09-4a9f-955d-6f4b4fa90417 - - - - - -] Successfully bumped revision number for resource a2763695-6167-467b-bfbb-a7a4e0e83fb6 (type: ports) to 5
2026-05-11 06:46:39.575 9 INFO neutron.wsgi [req-bcbc3b7d-f186-436e-940c-f5b3ab667681 req-20997d95-0671-47c9-b2a9-7212e483a819 dd129221138043968f3a6ade0619b1e0 1a4fcdd2e5ba4c84a1fa03ff0937e4f1 - - default default] 199.204.45.25 "GET /v2.0/ports?device_id=3b470a8d-9587-4236-b1e8-314cf5ae8a4a HTTP/1.1" status: 200 len: 1172 time: 0.0574615
2026-05-11 06:46:39.673 10 INFO neutron.wsgi [req-c5097bc9-678f-4a92-94b0-e5578fbfa5dd req-02e5dc53-7958-4ca3-a9e3-8473ce24b110 47820bde4c0b4c8da1acd1fb79ecf7f1 59a9ac7eba2a4d848676405dcae76d9c - - default default] 199.204.45.25 "GET /v2.0/subnets?network_id=3eb129ca-312e-4daf-9338-9253a51f7337 HTTP/1.1" status: 200 len: 859 time: 0.0808711 /var/lib/openstack/lib/python3.10/site-packages/pycadf/identifier.py:71: UserWarning: Invalid uuid: neutron. To ensure interoperability, identifiers should be a valid uuid. warnings.warn(('Invalid uuid: %s. To ensure interoperability, '
2026-05-11 06:46:39.793 10 INFO neutron.wsgi [req-c5097bc9-678f-4a92-94b0-e5578fbfa5dd req-13166ead-e870-470e-b7ea-31924e388ed9 47820bde4c0b4c8da1acd1fb79ecf7f1 59a9ac7eba2a4d848676405dcae76d9c - - default default] 199.204.45.25 "GET /v2.0/ports?device_id=1026c0df-e2a0-4644-97be-d27c8320d433&device_owner=compute%3Anova&network_id=3eb129ca-312e-4daf-9338-9253a51f7337 HTTP/1.1" status: 200 len: 1170 time: 0.1146910
2026-05-11 06:46:39.945 9 INFO neutron.db.l3_db [None req-6e5c5daa-582f-4e14-b496-56df8d292499 dd129221138043968f3a6ade0619b1e0 1a4fcdd2e5ba4c84a1fa03ff0937e4f1 - - - -] Floating IP ed29a334-af10-4f66-b9c7-41685db5df45 disassociated. External IP: 10.96.250.203, port: a2763695-6167-467b-bfbb-a7a4e0e83fb6.
2026-05-11 06:46:39.958 10 INFO neutron.notifiers.nova [-] Nova event matching ['req-88aba923-8b23-41a7-8176-707aea17ebe6'] response: {'name': 'network-changed', 'server_uuid': '3b470a8d-9587-4236-b1e8-314cf5ae8a4a', 'tag': 'a2763695-6167-467b-bfbb-a7a4e0e83fb6', 'status': 'completed', 'code': 200}
2026-05-11 06:46:39.958 10 INFO neutron.notifiers.nova [-] Nova event matching ['req-88aba923-8b23-41a7-8176-707aea17ebe6'] response: {'server_uuid': '3b470a8d-9587-4236-b1e8-314cf5ae8a4a', 'name': 'network-vif-unplugged', 'status': 'completed', 'tag': 'a2763695-6167-467b-bfbb-a7a4e0e83fb6', 'code': 200}
2026-05-11 06:46:39.958 10 INFO neutron.notifiers.nova [-] Nova event matching ['req-88aba923-8b23-41a7-8176-707aea17ebe6'] response: {'server_uuid': '3b470a8d-9587-4236-b1e8-314cf5ae8a4a', 'name': 'network-vif-plugged', 'status': 'completed', 'tag': 'a2763695-6167-467b-bfbb-a7a4e0e83fb6', 'code': 200}
2026-05-11 06:46:40.076 10 INFO neutron.wsgi [req-413d8482-0c2c-4488-a6e6-25afc6c5dada req-3d63faad-64dc-4699-a367-c87b28042cca d74a34133731452aae68b146cd679704 5b6e34121d144498874972f3fefe2dfb - - 77b9647b55af417094b7e5991cc094b9 77b9647b55af417094b7e5991cc094b9] 199.204.45.25 "GET /v2.0/ports?tenant_id=1a4fcdd2e5ba4c84a1fa03ff0937e4f1&device_id=3b470a8d-9587-4236-b1e8-314cf5ae8a4a HTTP/1.1" status: 200 len: 1363 time: 0.0841773
2026-05-11 06:46:40.138 9 INFO neutron.db.ovn_revision_numbers_db [None req-100996c9-0ba3-44e1-86ab-ee8588a29384 d6df120d1442410e876b5c893b56c258 dbcb9227ab014655b7e3b9d1d5f5d2fb - - - -] Successfully bumped revision number for resource 372050a2-0493-4840-b4d6-d29e5959fd94 (type: security_groups) to 1
2026-05-11 06:46:40.164 10 INFO neutron.wsgi [req-413d8482-0c2c-4488-a6e6-25afc6c5dada req-54dab0b8-1727-48bf-9200-95d15a329fce d74a34133731452aae68b146cd679704 5b6e34121d144498874972f3fefe2dfb - - 77b9647b55af417094b7e5991cc094b9 77b9647b55af417094b7e5991cc094b9] 199.204.45.25 "GET /v2.0/networks?id=faa2b2a6-d818-45a5-afef-33d8ddb244c4 HTTP/1.1" status: 200 len: 978 time: 0.0687740
2026-05-11 06:46:40.210 10 INFO neutron.wsgi [req-413d8482-0c2c-4488-a6e6-25afc6c5dada req-a171dbaa-9c40-47d6-8dc4-66702484640a d74a34133731452aae68b146cd679704 5b6e34121d144498874972f3fefe2dfb - - 77b9647b55af417094b7e5991cc094b9 77b9647b55af417094b7e5991cc094b9] 199.204.45.25 "GET /v2.0/floatingips?fixed_ip_address=10.100.0.10&port_id=a2763695-6167-467b-bfbb-a7a4e0e83fb6 HTTP/1.1" status: 200 len: 217 time: 0.0303407
2026-05-11 06:46:40.213 9 INFO neutron.wsgi [None req-6e5c5daa-582f-4e14-b496-56df8d292499 dd129221138043968f3a6ade0619b1e0 1a4fcdd2e5ba4c84a1fa03ff0937e4f1 - - - -] 199.204.45.25 "DELETE /v2.0/ports/a2763695-6167-467b-bfbb-a7a4e0e83fb6 HTTP/1.1" status: 204 len: 173 time: 0.6237240
2026-05-11 06:46:40.230 9 INFO neutron.db.segments_db [None req-100996c9-0ba3-44e1-86ab-ee8588a29384 d6df120d1442410e876b5c893b56c258 dbcb9227ab014655b7e3b9d1d5f5d2fb - - - -] Added segment b805335f-fc42-4631-9e6b-64e7a245e4b7 of type geneve for network 7045d2b8-0610-489c-a1d0-624f29646a58
2026-05-11 06:46:40.258 10 INFO neutron.wsgi [req-413d8482-0c2c-4488-a6e6-25afc6c5dada req-bdea1096-28e8-4484-bd1d-4de694733f68 d74a34133731452aae68b146cd679704 5b6e34121d144498874972f3fefe2dfb - - 77b9647b55af417094b7e5991cc094b9 77b9647b55af417094b7e5991cc094b9] 199.204.45.25 "GET /v2.0/subnets?id=57a07132-2cf9-4295-996a-66d650e7fe5f HTTP/1.1" status: 200 len: 873 time: 0.0403411
2026-05-11 06:46:40.258 9 INFO neutron.notifiers.nova [-] Nova event matching ['req-5c2a7fc5-c3a6-4ed4-a971-b58ddfeb7b55'] response: {'server_uuid': '3b470a8d-9587-4236-b1e8-314cf5ae8a4a', 'name': 'network-vif-deleted', 'tag': 'a2763695-6167-467b-bfbb-a7a4e0e83fb6', 'status': 'completed', 'code': 200}
2026-05-11 06:46:40.305 10 INFO neutron.wsgi [req-413d8482-0c2c-4488-a6e6-25afc6c5dada req-39d6eb63-d8ab-48a2-94b5-7c52e8e8d025 d74a34133731452aae68b146cd679704 5b6e34121d144498874972f3fefe2dfb - - 77b9647b55af417094b7e5991cc094b9 77b9647b55af417094b7e5991cc094b9] 199.204.45.25 "GET /v2.0/ports?network_id=faa2b2a6-d818-45a5-afef-33d8ddb244c4&device_owner=network%3Adhcp HTTP/1.1" status: 200 len: 210 time: 0.0378253 /var/lib/openstack/lib/python3.10/site-packages/pycadf/identifier.py:71: UserWarning: Invalid uuid: neutron. To ensure interoperability, identifiers should be a valid uuid. warnings.warn(('Invalid uuid: %s. To ensure interoperability, '
2026-05-11 06:46:40.398 9 INFO neutron.db.segments_db [None req-100996c9-0ba3-44e1-86ab-ee8588a29384 d6df120d1442410e876b5c893b56c258 dbcb9227ab014655b7e3b9d1d5f5d2fb - - - -] Added segment 57c185c9-6614-4a81-a397-2d6ddf67e3a4 of type geneve for network eef162c4-77cb-485d-84ac-1ff72bf9db7f
2026-05-11 06:46:40.408 10 INFO neutron.wsgi [req-413d8482-0c2c-4488-a6e6-25afc6c5dada req-37f5dec3-83e1-45dc-bfeb-d689c76f929a d74a34133731452aae68b146cd679704 5b6e34121d144498874972f3fefe2dfb - - 77b9647b55af417094b7e5991cc094b9 77b9647b55af417094b7e5991cc094b9] 199.204.45.25 "GET /v2.0/networks/faa2b2a6-d818-45a5-afef-33d8ddb244c4?fields=segments HTTP/1.1" status: 200 len: 212 time: 0.0875068
2026-05-11 06:46:40.418 9 INFO neutron.wsgi [req-765ca2db-17f6-4984-9ff6-1274bdbd4e9e req-787c68dd-7b0b-4052-adc7-600707b7574d dd129221138043968f3a6ade0619b1e0 1a4fcdd2e5ba4c84a1fa03ff0937e4f1 - - default default] 10.0.0.127 "GET /v2.0/ports?device_id=3b470a8d-9587-4236-b1e8-314cf5ae8a4a HTTP/1.1" status: 200 len: 210 time: 0.0353010 /var/lib/openstack/lib/python3.10/site-packages/pycadf/identifier.py:71: UserWarning: Invalid uuid: neutron. To ensure interoperability, identifiers should be a valid uuid. warnings.warn(('Invalid uuid: %s. To ensure interoperability, '
2026-05-11 06:46:40.461 10 INFO neutron.db.ovn_revision_numbers_db [None req-dca67435-2bff-4cc6-b2b8-84ca29953171 47820bde4c0b4c8da1acd1fb79ecf7f1 59a9ac7eba2a4d848676405dcae76d9c - - - -] Successfully bumped revision number for resource 296bfd0d-7cdb-4efc-aab5-1cd0cdd5d3cf (type: ports) to 5
2026-05-11 06:46:40.472 10 INFO neutron.wsgi [req-413d8482-0c2c-4488-a6e6-25afc6c5dada req-c8482b36-a6de-435a-a652-e00eb6932525 d74a34133731452aae68b146cd679704 5b6e34121d144498874972f3fefe2dfb - - 77b9647b55af417094b7e5991cc094b9 77b9647b55af417094b7e5991cc094b9] 199.204.45.25 "GET /v2.0/networks/faa2b2a6-d818-45a5-afef-33d8ddb244c4?fields=provider%3Aphysical_network&fields=provider%3Anetwork_type HTTP/1.1" status: 200 len: 277 time: 0.0595026
2026-05-11 06:46:40.478 10 INFO neutron.wsgi [None req-dca67435-2bff-4cc6-b2b8-84ca29953171 47820bde4c0b4c8da1acd1fb79ecf7f1 59a9ac7eba2a4d848676405dcae76d9c - - - -] 199.204.45.25 "PUT /v2.0/ports/296bfd0d-7cdb-4efc-aab5-1cd0cdd5d3cf HTTP/1.1" status: 200 len: 1345 time: 0.6790047
2026-05-11 06:46:40.551 9 INFO neutron.db.ovn_revision_numbers_db [None req-100996c9-0ba3-44e1-86ab-ee8588a29384 d6df120d1442410e876b5c893b56c258 dbcb9227ab014655b7e3b9d1d5f5d2fb - - - -] Successfully bumped revision number for resource 7045d2b8-0610-489c-a1d0-624f29646a58 (type: networks) to 1
2026-05-11 06:46:40.574 10 INFO neutron.wsgi [req-c5097bc9-678f-4a92-94b0-e5578fbfa5dd req-8cd8f2cf-e631-4b59-8dde-50858086c9eb d74a34133731452aae68b146cd679704 5b6e34121d144498874972f3fefe2dfb - - 77b9647b55af417094b7e5991cc094b9 77b9647b55af417094b7e5991cc094b9] 199.204.45.25 "GET /v2.0/ports?tenant_id=59a9ac7eba2a4d848676405dcae76d9c&device_id=1026c0df-e2a0-4644-97be-d27c8320d433 HTTP/1.1" status: 200 len: 1538 time: 0.0310187
2026-05-11 06:46:40.654 10 INFO neutron.wsgi [req-c5097bc9-678f-4a92-94b0-e5578fbfa5dd req-324b8c41-3159-452e-a484-19dea8806943 d74a34133731452aae68b146cd679704 5b6e34121d144498874972f3fefe2dfb - - 77b9647b55af417094b7e5991cc094b9 77b9647b55af417094b7e5991cc094b9] 199.204.45.25 "GET /v2.0/networks?id=3eb129ca-312e-4daf-9338-9253a51f7337 HTTP/1.1" status: 200 len: 982 time: 0.0659814
2026-05-11 06:46:40.749 10 INFO neutron.wsgi [req-c5097bc9-678f-4a92-94b0-e5578fbfa5dd req-1adf0827-a5af-48dc-aa76-648f9635a68c d74a34133731452aae68b146cd679704 5b6e34121d144498874972f3fefe2dfb - - 77b9647b55af417094b7e5991cc094b9 77b9647b55af417094b7e5991cc094b9] 199.204.45.25 "GET /v2.0/floatingips?fixed_ip_address=10.100.0.4&port_id=296bfd0d-7cdb-4efc-aab5-1cd0cdd5d3cf HTTP/1.1" status: 200 len: 1059 time: 0.0874372
2026-05-11 06:46:40.785 10 INFO neutron.wsgi [req-c5097bc9-678f-4a92-94b0-e5578fbfa5dd req-8dc4baea-86c3-4652-9998-b15fee73a67f d74a34133731452aae68b146cd679704 5b6e34121d144498874972f3fefe2dfb - - 77b9647b55af417094b7e5991cc094b9 77b9647b55af417094b7e5991cc094b9] 199.204.45.25 "GET /v2.0/floatingips?fixed_ip_address=10.100.0.9&port_id=296bfd0d-7cdb-4efc-aab5-1cd0cdd5d3cf HTTP/1.1" status: 200 len: 217 time: 0.0304053
