2026-05-11 06:48:18.995 10 INFO neutron.wsgi [req-fe066231-97db-4c7d-bb29-8a61be43d87b req-012f2dde-2ec4-423a-ad28-44c8e4d4bfaf d74a34133731452aae68b146cd679704 5b6e34121d144498874972f3fefe2dfb - - 77b9647b55af417094b7e5991cc094b9 77b9647b55af417094b7e5991cc094b9] 199.204.45.25 "GET /v2.0/subnets?id=5564093f-364d-4873-b24c-dce708886b30 HTTP/1.1" status: 200 len: 866 time: 0.0537200
2026-05-11 06:48:19.027 10 INFO neutron.wsgi [req-fe066231-97db-4c7d-bb29-8a61be43d87b req-4d41cee9-336f-4106-9480-6ff2cfd56429 d74a34133731452aae68b146cd679704 5b6e34121d144498874972f3fefe2dfb - - 77b9647b55af417094b7e5991cc094b9 77b9647b55af417094b7e5991cc094b9] 199.204.45.25 "GET /v2.0/ports?network_id=9743a5fa-2c88-4fd1-aa28-76963a48aa8c&device_owner=network%3Adhcp HTTP/1.1" status: 200 len: 210 time: 0.0192344
2026-05-11 06:48:19.068 9 WARNING neutron.plugins.ml2.drivers.ovn.mech_driver.ovsdb.ovn_client [None req-56e01429-9035-4dbd-978f-f5772fa97956 - - - - - -] No hosting information found for port e9d4bdff-90cb-4518-b33f-eb8d2658921d: RuntimeError: No hosting information found for port e9d4bdff-90cb-4518-b33f-eb8d2658921d
2026-05-11 06:48:19.120 9 INFO neutron.plugins.ml2.drivers.ovn.mech_driver.mech_driver [None req-56e01429-9035-4dbd-978f-f5772fa97956 - - - - - -] OVN reports status up for port: 70171660-8815-4f8a-807c-a560ab785ca0
2026-05-11 06:48:19.128 10 INFO neutron.wsgi [req-fe066231-97db-4c7d-bb29-8a61be43d87b req-7508a209-094c-426b-86f7-f6c5ec9ac062 d74a34133731452aae68b146cd679704 5b6e34121d144498874972f3fefe2dfb - - 77b9647b55af417094b7e5991cc094b9 77b9647b55af417094b7e5991cc094b9] 199.204.45.25 "GET /v2.0/networks/9743a5fa-2c88-4fd1-aa28-76963a48aa8c?fields=segments HTTP/1.1" status: 200 len: 212 time: 0.0895553
2026-05-11 06:48:19.149 9 INFO neutron.plugins.ml2.plugin [None req-56e01429-9035-4dbd-978f-f5772fa97956 - - - - - -] Attempt 1 to provision port 70171660-8815-4f8a-807c-a560ab785ca0
2026-05-11 06:48:19.219 10 INFO neutron.wsgi [None req-6dc1b855-972d-4d8d-be58-b75f57316834 2956132494344d6e9c24a0d374df1bea d93b79dfa41e4723ab3bc9256dd61450 - - - -] 10.0.0.125 "DELETE /v2.0/subnets/dd2fc3e9-d83f-4248-86bc-b4cabe251c33 HTTP/1.1" status: 204 len: 168 time: 0.3288500
2026-05-11 06:48:19.220 9 INFO neutron.wsgi [None req-0b29f455-d4a2-4af5-8b0d-fceb856ea8b2 6ba5f1e83d3d4c02b65c3c81f3eeddf4 2418fcdade034b7d89461f4dc907d9d9 - - - -] 10.0.0.125 "DELETE /v2.0/subnets/833b51cc-5639-48e0-9866-f515b4c7d95a HTTP/1.1" status: 204 len: 168 time: 0.3506863 /var/lib/openstack/lib/python3.10/site-packages/pycadf/identifier.py:71: UserWarning: Invalid uuid: neutron. To ensure interoperability, identifiers should be a valid uuid. warnings.warn(('Invalid uuid: %s. To ensure interoperability, '
2026-05-11 06:48:19.367 9 INFO neutron.notifiers.nova [-] Nova event matching ['req-4e7d10ed-3aba-436d-a3c7-0c7ac284048c'] response: {'server_uuid': '923ee538-dc0f-48fe-995e-6f30ea143ce5', 'name': 'network-vif-plugged', 'status': 'completed', 'tag': '70171660-8815-4f8a-807c-a560ab785ca0', 'code': 200}
2026-05-11 06:48:19.418 9 INFO neutron.wsgi [req-f091c1b2-4d38-4bf1-bf99-a5680b1c15fb req-363c38ac-fa6d-4b72-9676-8a83bd1e7ccc efd29cdf12c540e8a1d54305e45a8f75 a4aa6c72dd2f43159bacdd7053e25369 - - default default] 10.0.0.127 "GET /v2.0/ports?device_id=e996799c-64c5-4775-8c1f-ea418c031051 HTTP/1.1" status: 200 len: 1172 time: 0.0495379
2026-05-11 06:48:19.498 9 INFO neutron.wsgi [req-f091c1b2-4d38-4bf1-bf99-a5680b1c15fb req-3230b81c-95a4-4fdc-a4d8-23cc6b532209 efd29cdf12c540e8a1d54305e45a8f75 a4aa6c72dd2f43159bacdd7053e25369 - - default default] 10.0.0.127 "GET /v2.0/security-groups?id=9617fb48-0003-4ba5-9388-3e9b1d17f7e2&fields=id&fields=name HTTP/1.1" status: 200 len: 286 time: 0.0600364
2026-05-11 06:48:19.519 10 INFO neutron.wsgi [req-fe066231-97db-4c7d-bb29-8a61be43d87b req-6d058882-131d-4cfe-bdf9-3d544bd9cb71 d74a34133731452aae68b146cd679704 5b6e34121d144498874972f3fefe2dfb - - 77b9647b55af417094b7e5991cc094b9 77b9647b55af417094b7e5991cc094b9] 199.204.45.25 "GET /v2.0/networks/9743a5fa-2c88-4fd1-aa28-76963a48aa8c?fields=provider%3Aphysical_network&fields=provider%3Anetwork_type HTTP/1.1" status: 200 len: 277 time: 0.1292756
2026-05-11 06:48:19.586 9 INFO neutron.wsgi [req-d0da442f-0cdf-4ee9-97db-ac96c1ec85e9 req-9629d2e2-5693-44d8-a242-3a74e3175c25 3ce8a4afc77d4d91948d6c0e2538b0d7 67c881f28d5b40228d786f48198c77ca - - default default] 10.0.0.127 "GET /v2.0/ports?device_id=923ee538-dc0f-48fe-995e-6f30ea143ce5 HTTP/1.1" status: 200 len: 1214 time: 0.0610652
2026-05-11 06:48:19.629 10 INFO neutron.wsgi [req-eef2690c-df61-47ef-b0f1-bcbb60e9625a req-aeec2a64-22d6-4a81-855f-1f9e5a4cfefe d74a34133731452aae68b146cd679704 5b6e34121d144498874972f3fefe2dfb - - 77b9647b55af417094b7e5991cc094b9 77b9647b55af417094b7e5991cc094b9] 199.204.45.25 "GET /v2.0/ports?tenant_id=a4aa6c72dd2f43159bacdd7053e25369&device_id=e996799c-64c5-4775-8c1f-ea418c031051 HTTP/1.1" status: 200 len: 1363 time: 0.0398915
2026-05-11 06:48:19.662 9 INFO neutron.db.ovn_revision_numbers_db [None req-56e01429-9035-4dbd-978f-f5772fa97956 - - - - - -] Successfully bumped revision number for resource 70171660-8815-4f8a-807c-a560ab785ca0 (type: ports) to 4
2026-05-11 06:48:19.688 9 INFO neutron.wsgi [req-d0da442f-0cdf-4ee9-97db-ac96c1ec85e9 req-47214f06-954a-409c-9b4b-a7fd136b4d25 3ce8a4afc77d4d91948d6c0e2538b0d7 67c881f28d5b40228d786f48198c77ca - - default default] 10.0.0.127 "GET /v2.0/security-groups?id=34fb19a2-6403-4a4c-8520-fec49a2ad030&id=b52cee65-fb70-4e57-a10a-3f91a1039a95&fields=id&fields=name HTTP/1.1" status: 200 len: 405 time: 0.0873644
2026-05-11 06:48:19.767 10 INFO neutron.wsgi [req-eef2690c-df61-47ef-b0f1-bcbb60e9625a req-4a8bf4ea-69f2-45d1-b294-0a54f730b5c6 d74a34133731452aae68b146cd679704 5b6e34121d144498874972f3fefe2dfb - - 77b9647b55af417094b7e5991cc094b9 77b9647b55af417094b7e5991cc094b9] 199.204.45.25 "GET /v2.0/networks?id=9743a5fa-2c88-4fd1-aa28-76963a48aa8c HTTP/1.1" status: 200 len: 971 time: 0.1243293
2026-05-11 06:48:19.771 9 INFO neutron.plugins.ml2.drivers.ovn.mech_driver.mech_driver [None req-56e01429-9035-4dbd-978f-f5772fa97956 - - - - - -] OVN reports status up for port: 65d1806b-b52d-4bc6-b7ed-7f9cd1408cce
2026-05-11 06:48:19.800 9 INFO neutron.plugins.ml2.plugin [None req-56e01429-9035-4dbd-978f-f5772fa97956 - - - - - -] Attempt 1 to provision port 65d1806b-b52d-4bc6-b7ed-7f9cd1408cce
2026-05-11 06:48:19.812 10 INFO neutron.wsgi [req-eef2690c-df61-47ef-b0f1-bcbb60e9625a req-9f87dfc5-72cf-4ccf-9657-64c65a471fd8 d74a34133731452aae68b146cd679704 5b6e34121d144498874972f3fefe2dfb - - 77b9647b55af417094b7e5991cc094b9 77b9647b55af417094b7e5991cc094b9] 199.204.45.25 "GET /v2.0/floatingips?fixed_ip_address=10.100.0.14&port_id=65d1806b-b52d-4bc6-b7ed-7f9cd1408cce HTTP/1.1" status: 200 len: 217 time: 0.0333853
2026-05-11 06:48:19.850 10 INFO neutron.services.segments.plugin [-] Segment 290e208b-8452-425c-9840-2994ca2dba7b resource provider aggregate not found
2026-05-11 06:48:19.861 10 INFO neutron.services.segments.plugin [-] Segment 290e208b-8452-425c-9840-2994ca2dba7b resource provider aggregate not found
2026-05-11 06:48:19.868 9 INFO neutron.services.segments.plugin [-] Segment f7cc7feb-5b06-4a97-92ec-fbb5dbad9215 resource provider aggregate not found
2026-05-11 06:48:19.886 9 INFO neutron.services.segments.plugin [-] Segment f7cc7feb-5b06-4a97-92ec-fbb5dbad9215 resource provider aggregate not found
2026-05-11 06:48:19.894 10 INFO neutron.services.segments.plugin [-] Segment 290e208b-8452-425c-9840-2994ca2dba7b resource provider not found; error: Placement Client Error (4xx): {"errors": [{"status": 404, "title": "Not Found", "detail": "The resource could not be found.\n\n No resource provider with uuid 290e208b-8452-425c-9840-2994ca2dba7b found for delete ", "request_id": "req-1b9b1914-a5e5-441b-8717-e8fad43ab424"}]}
2026-05-11 06:48:19.894 9 INFO neutron.services.segments.plugin [-] Segment f7cc7feb-5b06-4a97-92ec-fbb5dbad9215 resource provider not found; error: Placement Client Error (4xx): {"errors": [{"status": 404, "title": "Not Found", "detail": "The resource could not be found.\n\n No resource provider with uuid f7cc7feb-5b06-4a97-92ec-fbb5dbad9215 found for delete ", "request_id": "req-d5c49c78-b6b3-4acf-b623-735a219e5e95"}]}
2026-05-11 06:48:19.897 10 INFO neutron.services.segments.plugin [-] Segment 290e208b-8452-425c-9840-2994ca2dba7b resource provider not found; error: Placement Client Error (4xx): {"errors": [{"status": 404, "title": "Not Found", "detail": "The resource could not be found.\n\n No resource provider with uuid 290e208b-8452-425c-9840-2994ca2dba7b found for delete ", "request_id": "req-7848abb1-b07e-4c4a-a8b7-cb3cde6994d6"}]}
2026-05-11 06:48:19.907 9 INFO neutron.services.segments.plugin [-] Segment f7cc7feb-5b06-4a97-92ec-fbb5dbad9215 resource provider not found; error: Placement Client Error (4xx): {"errors": [{"status": 404, "title": "Not Found", "detail": "The resource could not be found.\n\n No resource provider with uuid f7cc7feb-5b06-4a97-92ec-fbb5dbad9215 found for delete ", "request_id": "req-0d93fb66-c58e-4a09-954f-cd9e312a5dc2"}]}
2026-05-11 06:48:19.916 10 INFO neutron.wsgi [req-eef2690c-df61-47ef-b0f1-bcbb60e9625a req-bac50a5d-e485-45bc-8d6a-e33a77323b3c d74a34133731452aae68b146cd679704 5b6e34121d144498874972f3fefe2dfb - - 77b9647b55af417094b7e5991cc094b9 77b9647b55af417094b7e5991cc094b9] 199.204.45.25 "GET /v2.0/subnets?id=5564093f-364d-4873-b24c-dce708886b30 HTTP/1.1" status: 200 len: 866 time: 0.0904005
2026-05-11 06:48:19.932 10 INFO neutron.wsgi [None req-f6edc150-8415-466f-899c-221f359b8b26 6ba5f1e83d3d4c02b65c3c81f3eeddf4 2418fcdade034b7d89461f4dc907d9d9 - - - -] 10.0.0.125 "DELETE /v2.0/networks/016ecb2f-7043-44b6-bebe-fb3f8c57c585 HTTP/1.1" status: 204 len: 168 time: 0.7065694 /var/lib/openstack/lib/python3.10/site-packages/pycadf/identifier.py:71: UserWarning: Invalid uuid: neutron. To ensure interoperability, identifiers should be a valid uuid. warnings.warn(('Invalid uuid: %s. To ensure interoperability, '
2026-05-11 06:48:19.955 9 INFO neutron.wsgi [None req-eb00e689-b129-44e3-86f5-0e46b11428b9 2956132494344d6e9c24a0d374df1bea d93b79dfa41e4723ab3bc9256dd61450 - - - -] 10.0.0.125 "DELETE /v2.0/networks/1e0e4ea9-750b-470e-bc4b-7f321f50ddb7 HTTP/1.1" status: 204 len: 168 time: 0.7273300
2026-05-11 06:48:19.964 10 INFO neutron.wsgi [req-eef2690c-df61-47ef-b0f1-bcbb60e9625a req-cd98e3d9-f1f9-4e1e-a532-21647ddd21ed d74a34133731452aae68b146cd679704 5b6e34121d144498874972f3fefe2dfb - - 77b9647b55af417094b7e5991cc094b9 77b9647b55af417094b7e5991cc094b9] 199.204.45.25 "GET /v2.0/ports?network_id=9743a5fa-2c88-4fd1-aa28-76963a48aa8c&device_owner=network%3Adhcp HTTP/1.1" status: 200 len: 210 time: 0.0415566
2026-05-11 06:48:20.041 10 INFO neutron.wsgi [req-eef2690c-df61-47ef-b0f1-bcbb60e9625a req-5245c818-d8f0-4eb7-9ab3-f3ffa34f9875 d74a34133731452aae68b146cd679704 5b6e34121d144498874972f3fefe2dfb - - 77b9647b55af417094b7e5991cc094b9 77b9647b55af417094b7e5991cc094b9] 199.204.45.25 "GET /v2.0/networks/9743a5fa-2c88-4fd1-aa28-76963a48aa8c?fields=segments HTTP/1.1" status: 200 len: 212 time: 0.0679107
2026-05-11 06:48:20.115 10 INFO neutron.wsgi [req-eef2690c-df61-47ef-b0f1-bcbb60e9625a req-dbd26efa-d8ec-442c-95a9-d6207b13deea d74a34133731452aae68b146cd679704 5b6e34121d144498874972f3fefe2dfb - - 77b9647b55af417094b7e5991cc094b9 77b9647b55af417094b7e5991cc094b9] 199.204.45.25 "GET /v2.0/networks/9743a5fa-2c88-4fd1-aa28-76963a48aa8c?fields=provider%3Aphysical_network&fields=provider%3Anetwork_type HTTP/1.1" status: 200 len: 277 time: 0.0678217
2026-05-11 06:48:20.203 9 INFO neutron.db.ovn_revision_numbers_db [None req-56e01429-9035-4dbd-978f-f5772fa97956 - - - - - -] Successfully bumped revision number for resource 65d1806b-b52d-4bc6-b7ed-7f9cd1408cce (type: ports) to 4
2026-05-11 06:48:20.258 10 INFO neutron.wsgi [None req-4d95cfe1-2de4-431d-b7a8-5b523fde4be0 2956132494344d6e9c24a0d374df1bea d93b79dfa41e4723ab3bc9256dd61450 - - default default] 10.0.0.125 "GET /v2.0/security-groups?tenant_id=a2f30fc13b96430aa02850f33cd41857&name=default HTTP/1.1" status: 200 len: 2996 time: 0.0341380
2026-05-11 06:48:20.471 10 INFO neutron.wsgi [None req-c6cfe1d3-e565-4b4a-b029-720742e286d3 2956132494344d6e9c24a0d374df1bea d93b79dfa41e4723ab3bc9256dd61450 - - - -] 10.0.0.125 "DELETE /v2.0/security-groups/4f2bfde9-1132-47da-abc5-4f1d1662d297 HTTP/1.1" status: 204 len: 168 time: 0.2085955
2026-05-11 06:48:20.481 9 INFO neutron.wsgi [None req-132509be-65c6-4087-b8c6-35a72ce80023 6ba5f1e83d3d4c02b65c3c81f3eeddf4 2418fcdade034b7d89461f4dc907d9d9 - - - -] 10.0.0.125 "DELETE /v2.0/networks/59edfd5e-742c-41d7-9be0-a8910efeb453 HTTP/1.1" status: 204 len: 168 time: 0.5414891 /var/lib/openstack/lib/python3.10/site-packages/pycadf/identifier.py:71: UserWarning: Invalid uuid: neutron. To ensure interoperability, identifiers should be a valid uuid. warnings.warn(('Invalid uuid: %s. To ensure interoperability, '
2026-05-11 06:48:20.683 9 INFO neutron.wsgi [req-05b0d3ff-18f4-493a-a120-267a18751e79 req-c7f92a9e-7d16-4ade-abf3-2c9206041949 efd29cdf12c540e8a1d54305e45a8f75 a4aa6c72dd2f43159bacdd7053e25369 - - default default] 10.0.0.127 "GET /v2.0/ports?device_id=e996799c-64c5-4775-8c1f-ea418c031051 HTTP/1.1" status: 200 len: 1174 time: 0.1049452
2026-05-11 06:48:20.733 9 INFO neutron.wsgi [req-05b0d3ff-18f4-493a-a120-267a18751e79 req-cfac36ea-ea3c-4f34-9b18-d3fcace2903f efd29cdf12c540e8a1d54305e45a8f75 a4aa6c72dd2f43159bacdd7053e25369 - - default default] 10.0.0.127 "GET /v2.0/security-groups?id=9617fb48-0003-4ba5-9388-3e9b1d17f7e2&fields=id&fields=name HTTP/1.1" status: 200 len: 286 time: 0.0410573
2026-05-11 06:48:20.837 9 INFO neutron.wsgi [req-aa33789f-b9b2-472e-9b20-6d6704c9c113 req-08f5254d-0732-49ba-9cd8-b8665c134b4d 3ce8a4afc77d4d91948d6c0e2538b0d7 67c881f28d5b40228d786f48198c77ca - - default default] 10.0.0.127 "GET /v2.0/ports?device_id=923ee538-dc0f-48fe-995e-6f30ea143ce5 HTTP/1.1" status: 200 len: 1214 time: 0.0356655
2026-05-11 06:48:20.884 9 INFO neutron.wsgi [req-aa33789f-b9b2-472e-9b20-6d6704c9c113 req-ec7d4e99-f986-457f-8d8d-139cb827f6cc 3ce8a4afc77d4d91948d6c0e2538b0d7 67c881f28d5b40228d786f48198c77ca - - default default] 10.0.0.127 "GET /v2.0/security-groups?id=34fb19a2-6403-4a4c-8520-fec49a2ad030&id=b52cee65-fb70-4e57-a10a-3f91a1039a95&fields=id&fields=name HTTP/1.1" status: 200 len: 405 time: 0.0386820
2026-05-11 06:48:21.004 9 INFO neutron.wsgi [req-bbcb700c-3728-4713-917c-2cb8ad239ec7 req-162b1286-a769-40f1-a0cc-202cb7cfffa3 3ce8a4afc77d4d91948d6c0e2538b0d7 67c881f28d5b40228d786f48198c77ca - - default default] 10.0.0.127 "GET /v2.0/ports?device_id=923ee538-dc0f-48fe-995e-6f30ea143ce5 HTTP/1.1" status: 200 len: 1214 time: 0.0444980
2026-05-11 06:48:21.226 10 INFO neutron.wsgi [None req-7c4f7721-8395-4b7d-a51a-8960e5e5175b 6ba5f1e83d3d4c02b65c3c81f3eeddf4 2418fcdade034b7d89461f4dc907d9d9 - - - -] 10.0.0.125 "DELETE /v2.0/networks/3d68cc82-e0ba-44ed-8657-6e0364d7a41d HTTP/1.1" status: 204 len: 168 time: 0.7388775
2026-05-11 06:48:21.417 9 INFO neutron.notifiers.nova [-] Nova event matching ['req-6cf3e6f1-42b4-41c4-afa1-3087328ea468'] response: {'server_uuid': '923ee538-dc0f-48fe-995e-6f30ea143ce5', 'name': 'network-vif-plugged', 'status': 'completed', 'tag': '70171660-8815-4f8a-807c-a560ab785ca0', 'code': 200}
2026-05-11 06:48:21.418 9 INFO neutron.notifiers.nova [-] Nova event matching ['req-6cf3e6f1-42b4-41c4-afa1-3087328ea468'] response: {'server_uuid': 'e996799c-64c5-4775-8c1f-ea418c031051', 'name': 'network-vif-plugged', 'status': 'completed', 'tag': '65d1806b-b52d-4bc6-b7ed-7f9cd1408cce', 'code': 200}
2026-05-11 06:48:21.418 9 INFO neutron.notifiers.nova [-] Nova event matching ['req-6cf3e6f1-42b4-41c4-afa1-3087328ea468'] response: {'server_uuid': 'e996799c-64c5-4775-8c1f-ea418c031051', 'name': 'network-vif-plugged', 'status': 'completed', 'tag': '65d1806b-b52d-4bc6-b7ed-7f9cd1408cce', 'code': 200}
2026-05-11 06:48:21.634 10 INFO neutron.wsgi [None req-b490a3b6-279b-49a3-89d9-0ad51c6f06ab 6ba5f1e83d3d4c02b65c3c81f3eeddf4 2418fcdade034b7d89461f4dc907d9d9 - - - -] 10.0.0.125 "DELETE /v2.0/networks/a1ccc149-1686-461c-b68b-e48e0ce4cdcf HTTP/1.1" status: 204 len: 168 time: 0.4019554
2026-05-11 06:48:21.639 9 INFO neutron.db.l3_db [None req-c15d46b9-c99d-46db-a4d2-c2aa44854239 3ce8a4afc77d4d91948d6c0e2538b0d7 67c881f28d5b40228d786f48198c77ca - - - -] Floating IP 71008eb9-a89c-405f-b85b-0a4e6ebf2935 associated. External IP: 10.96.250.213, port: 70171660-8815-4f8a-807c-a560ab785ca0.
2026-05-11 06:48:21.840 9 INFO neutron.wsgi [req-c9af4659-e999-4fa6-8e8c-f414c239c6d9 req-fbde6aef-c6c9-43e4-8837-708e16edf6a9 efd29cdf12c540e8a1d54305e45a8f75 a4aa6c72dd2f43159bacdd7053e25369 - - default default] 10.0.0.127 "GET /v2.0/ports?device_id=e996799c-64c5-4775-8c1f-ea418c031051 HTTP/1.1" status: 200 len: 1174 time: 0.0378075
2026-05-11 06:48:21.886 9 INFO neutron.wsgi [req-c9af4659-e999-4fa6-8e8c-f414c239c6d9 req-2137181b-288d-49fb-b82d-305d6e1b50a1 efd29cdf12c540e8a1d54305e45a8f75 a4aa6c72dd2f43159bacdd7053e25369 - - default default] 10.0.0.127 "GET /v2.0/security-groups?id=9617fb48-0003-4ba5-9388-3e9b1d17f7e2&fields=id&fields=name HTTP/1.1" status: 200 len: 286 time: 0.0397162
2026-05-11 06:48:21.892 9 INFO neutron.db.ovn_revision_numbers_db [None req-c15d46b9-c99d-46db-a4d2-c2aa44854239 3ce8a4afc77d4d91948d6c0e2538b0d7 67c881f28d5b40228d786f48198c77ca - - - -] Successfully bumped revision number for resource 71008eb9-a89c-405f-b85b-0a4e6ebf2935 (type: floatingips) to 1
2026-05-11 06:48:21.922 9 INFO neutron.services.segments.plugin [-] Segment 42d265da-4629-4b05-ab49-1c7a77db14e1 resource provider aggregate not found
2026-05-11 06:48:21.941 10 INFO neutron.services.segments.plugin [-] Segment 322c1422-f31e-430a-85cc-d55d96a2c1e9 resource provider aggregate not found
2026-05-11 06:48:21.951 10 INFO neutron.services.segments.plugin [-] Segment 322c1422-f31e-430a-85cc-d55d96a2c1e9 resource provider aggregate not found
2026-05-11 06:48:21.957 9 INFO neutron.services.segments.plugin [-] Segment 42d265da-4629-4b05-ab49-1c7a77db14e1 resource provider not found; error: Placement Client Error (4xx): {"errors": [{"status": 404, "title": "Not Found", "detail": "The resource could not be found.\n\n No resource provider with uuid 42d265da-4629-4b05-ab49-1c7a77db14e1 found for delete ", "request_id": "req-5c9fcaee-bd88-4eb0-b21f-a73861d0b2b1"}]}
2026-05-11 06:48:21.958 9 INFO neutron.services.segments.plugin [-] Segment 42d265da-4629-4b05-ab49-1c7a77db14e1 resource provider aggregate not found
2026-05-11 06:48:21.978 10 INFO neutron.services.segments.plugin [-] Segment 322c1422-f31e-430a-85cc-d55d96a2c1e9 resource provider not found; error: Placement Client Error (4xx): {"errors": [{"status": 404, "title": "Not Found", "detail": "The resource could not be found.\n\n No resource provider with uuid 322c1422-f31e-430a-85cc-d55d96a2c1e9 found for delete ", "request_id": "req-8a3c2dc9-3a5a-4ef9-bd54-386830478969"}]}
2026-05-11 06:48:21.983 10 INFO neutron.services.segments.plugin [-] Segment 322c1422-f31e-430a-85cc-d55d96a2c1e9 resource provider not found; error: Placement Client Error (4xx): {"errors": [{"status": 404, "title": "Not Found", "detail": "The resource could not be found.\n\n No resource provider with uuid 322c1422-f31e-430a-85cc-d55d96a2c1e9 found for delete ", "request_id": "req-2fa86c0f-293e-4240-9b6b-64a8b2017a1c"}]}
2026-05-11 06:48:21.988 9 INFO neutron.services.segments.plugin [-] Segment 42d265da-4629-4b05-ab49-1c7a77db14e1 resource provider not found; error: Placement Client Error (4xx): {"errors": [{"status": 404, "title": "Not Found", "detail": "The resource could not be found.\n\n No resource provider with uuid 42d265da-4629-4b05-ab49-1c7a77db14e1 found for delete ", "request_id": "req-1c265be9-ed33-4d42-a447-a922a8e91976"}]}
2026-05-11 06:48:22.006 10 INFO neutron.services.segments.plugin [-] Segment cbee3d30-d20e-4293-bc61-3d827267f38b resource provider aggregate not found
2026-05-11 06:48:22.008 9 INFO neutron.db.ovn_revision_numbers_db [None req-c15d46b9-c99d-46db-a4d2-c2aa44854239 3ce8a4afc77d4d91948d6c0e2538b0d7 67c881f28d5b40228d786f48198c77ca - - - -] Successfully bumped revision number for resource 71008eb9-a89c-405f-b85b-0a4e6ebf2935 (type: floatingips) to 2
2026-05-11 06:48:22.014 10 INFO neutron.services.segments.plugin [-] Segment cbee3d30-d20e-4293-bc61-3d827267f38b resource provider aggregate not found
2026-05-11 06:48:22.025 10 INFO neutron.services.segments.plugin [-] Segment cbee3d30-d20e-4293-bc61-3d827267f38b resource provider not found; error: Placement Client Error (4xx): {"errors": [{"status": 404, "title": "Not Found", "detail": "The resource could not be found.\n\n No resource provider with uuid cbee3d30-d20e-4293-bc61-3d827267f38b found for delete ", "request_id": "req-4730a1c9-7972-4d99-986e-c14d354d6b56"}]}
2026-05-11 06:48:22.035 9 INFO neutron.wsgi [None req-c15d46b9-c99d-46db-a4d2-c2aa44854239 3ce8a4afc77d4d91948d6c0e2538b0d7 67c881f28d5b40228d786f48198c77ca - - - -] 10.0.0.125 "PUT /v2.0/floatingips/71008eb9-a89c-405f-b85b-0a4e6ebf2935 HTTP/1.1" status: 200 len: 1050 time: 1.0164223
2026-05-11 06:48:22.039 10 INFO neutron.services.segments.plugin [-] Segment cbee3d30-d20e-4293-bc61-3d827267f38b resource provider not found; error: Placement Client Error (4xx): {"errors": [{"status": 404, "title": "Not Found", "detail": "The resource could not be found.\n\n No resource provider with uuid cbee3d30-d20e-4293-bc61-3d827267f38b found for delete ", "request_id": "req-6956eebe-924b-4904-9951-e2465c536d3c"}]}
2026-05-11 06:48:22.188 10 INFO neutron.wsgi [None req-88503502-442e-4f39-8990-b24670a5b610 6ba5f1e83d3d4c02b65c3c81f3eeddf4 2418fcdade034b7d89461f4dc907d9d9 - - - -] 10.0.0.125 "DELETE /v2.0/networks/fb2dbfd6-90df-4aef-a590-4f6a25a20d0e HTTP/1.1" status: 204 len: 168 time: 0.5457973
2026-05-11 06:48:22.477 9 INFO neutron.plugins.ml2.drivers.ovn.mech_driver.mech_driver [None req-56e01429-9035-4dbd-978f-f5772fa97956 - - - - - -] OVN reports status down for port: 65d1806b-b52d-4bc6-b7ed-7f9cd1408cce
2026-05-11 06:48:22.494 9 INFO neutron.wsgi [req-a7087082-f7b1-40f0-93cf-3bbee17eb28f req-da9ab41e-fdb9-41eb-a125-5cc6c329b954 efd29cdf12c540e8a1d54305e45a8f75 a4aa6c72dd2f43159bacdd7053e25369 - - default default] 10.0.0.127 "GET /v2.0/ports?device_id=e996799c-64c5-4775-8c1f-ea418c031051 HTTP/1.1" status: 200 len: 1174 time: 0.0560501
2026-05-11 06:48:22.552 9 INFO neutron.wsgi [req-a7087082-f7b1-40f0-93cf-3bbee17eb28f req-45d19e46-c101-43ff-a29c-e2c515f9b2ab efd29cdf12c540e8a1d54305e45a8f75 a4aa6c72dd2f43159bacdd7053e25369 - - default default] 10.0.0.127 "GET /v2.0/security-groups?id=9617fb48-0003-4ba5-9388-3e9b1d17f7e2&fields=id&fields=name HTTP/1.1" status: 200 len: 286 time: 0.0515246 /var/lib/openstack/lib/python3.10/site-packages/pycadf/identifier.py:71: UserWarning: Invalid uuid: neutron. To ensure interoperability, identifiers should be a valid uuid. warnings.warn(('Invalid uuid: %s. To ensure interoperability, '
2026-05-11 06:48:22.789 9 INFO neutron.db.ovn_revision_numbers_db [None req-56e01429-9035-4dbd-978f-f5772fa97956 - - - - - -] Successfully bumped revision number for resource 65d1806b-b52d-4bc6-b7ed-7f9cd1408cce (type: ports) to 5
2026-05-11 06:48:22.880 10 INFO neutron.wsgi [req-cb9e00d7-5ed5-41a9-8449-e509e65b1ff8 req-0ec76ce9-294c-4638-bd7b-877b52ce6bf7 d74a34133731452aae68b146cd679704 5b6e34121d144498874972f3fefe2dfb - - 77b9647b55af417094b7e5991cc094b9 77b9647b55af417094b7e5991cc094b9] 199.204.45.25 "GET /v2.0/ports?device_id=923ee538-dc0f-48fe-995e-6f30ea143ce5&fields=binding%3Ahost_id&fields=binding%3Avif_type HTTP/1.1" status: 200 len: 265 time: 0.0562513
2026-05-11 06:48:22.890 10 INFO neutron.wsgi [req-b8fc3aef-e193-42ed-8345-786c008a633c req-0142504e-3a66-436a-8396-c02fafe6e781 efd29cdf12c540e8a1d54305e45a8f75 a4aa6c72dd2f43159bacdd7053e25369 - - default default] 199.204.45.25 "GET /v2.0/ports?device_id=e996799c-64c5-4775-8c1f-ea418c031051 HTTP/1.1" status: 200 len: 1172 time: 0.1225810
2026-05-11 06:48:22.988 10 INFO neutron.wsgi [req-cb9e00d7-5ed5-41a9-8449-e509e65b1ff8 req-a27cb3ed-12d5-4de9-9bf9-b4bfabb9fbba d74a34133731452aae68b146cd679704 5b6e34121d144498874972f3fefe2dfb - - 77b9647b55af417094b7e5991cc094b9 77b9647b55af417094b7e5991cc094b9] 199.204.45.25 "GET /v2.0/ports?tenant_id=67c881f28d5b40228d786f48198c77ca&device_id=923ee538-dc0f-48fe-995e-6f30ea143ce5 HTTP/1.1" status: 200 len: 1404 time: 0.0566916
2026-05-11 06:48:23.115 10 INFO neutron.wsgi [req-cb9e00d7-5ed5-41a9-8449-e509e65b1ff8 req-e9dffad5-2e1d-4bfc-96b7-31ed42bccb5b d74a34133731452aae68b146cd679704 5b6e34121d144498874972f3fefe2dfb - - 77b9647b55af417094b7e5991cc094b9 77b9647b55af417094b7e5991cc094b9] 199.204.45.25 "GET /v2.0/networks?id=2c6eb3f6-a4a6-4033-817e-2d915f070a55 HTTP/1.1" status: 200 len: 971 time: 0.1009703
2026-05-11 06:48:23.222 10 INFO neutron.wsgi [req-cb9e00d7-5ed5-41a9-8449-e509e65b1ff8 req-86e15761-4d82-4098-8a19-eb4c46f98825 d74a34133731452aae68b146cd679704 5b6e34121d144498874972f3fefe2dfb - - 77b9647b55af417094b7e5991cc094b9 77b9647b55af417094b7e5991cc094b9] 199.204.45.25 "GET /v2.0/floatingips?fixed_ip_address=10.100.0.10&port_id=70171660-8815-4f8a-807c-a560ab785ca0 HTTP/1.1" status: 200 len: 1060 time: 0.1006300
2026-05-11 06:48:23.267 10 INFO neutron.wsgi [req-cb9e00d7-5ed5-41a9-8449-e509e65b1ff8 req-350b89e0-2268-4356-9cc5-c943e926903c d74a34133731452aae68b146cd679704 5b6e34121d144498874972f3fefe2dfb - - 77b9647b55af417094b7e5991cc094b9 77b9647b55af417094b7e5991cc094b9] 199.204.45.25 "GET /v2.0/subnets?id=34cca07e-83de-4139-8910-5b835403fce3 HTTP/1.1" status: 200 len: 866 time: 0.0382085
2026-05-11 06:48:23.307 10 INFO neutron.wsgi [req-cb9e00d7-5ed5-41a9-8449-e509e65b1ff8 req-25aac334-4ece-4c39-a9fe-ae9fba61daaf d74a34133731452aae68b146cd679704 5b6e34121d144498874972f3fefe2dfb - - 77b9647b55af417094b7e5991cc094b9 77b9647b55af417094b7e5991cc094b9] 199.204.45.25 "GET /v2.0/ports?network_id=2c6eb3f6-a4a6-4033-817e-2d915f070a55&device_owner=network%3Adhcp HTTP/1.1" status: 200 len: 210 time: 0.0332825
2026-05-11 06:48:23.379 10 INFO neutron.wsgi [None req-9ab3f595-6c0b-48be-9c36-131270f6c1a5 efd29cdf12c540e8a1d54305e45a8f75 a4aa6c72dd2f43159bacdd7053e25369 - - - -] 199.204.45.25 "DELETE /v2.0/ports/65d1806b-b52d-4bc6-b7ed-7f9cd1408cce HTTP/1.1" status: 204 len: 173 time: 0.4833069
2026-05-11 06:48:23.400 10 INFO neutron.wsgi [req-cb9e00d7-5ed5-41a9-8449-e509e65b1ff8 req-a2abbda4-17cf-4c13-82f9-75b1f9393792 d74a34133731452aae68b146cd679704 5b6e34121d144498874972f3fefe2dfb - - 77b9647b55af417094b7e5991cc094b9 77b9647b55af417094b7e5991cc094b9] 199.204.45.25 "GET /v2.0/networks/2c6eb3f6-a4a6-4033-817e-2d915f070a55?fields=segments HTTP/1.1" status: 200 len: 212 time: 0.0854912
2026-05-11 06:48:23.424 10 INFO neutron.notifiers.nova [-] Nova event matching ['req-408b49d6-a367-4337-be52-e92226838ae0'] response: {'server_uuid': 'e996799c-64c5-4775-8c1f-ea418c031051', 'name': 'network-vif-deleted', 'tag': '65d1806b-b52d-4bc6-b7ed-7f9cd1408cce', 'status': 'completed', 'code': 200}
2026-05-11 06:48:23.481 10 INFO neutron.wsgi [req-cb9e00d7-5ed5-41a9-8449-e509e65b1ff8 req-cbd9b9ed-39b8-43fd-9ed3-3502cda9a142 d74a34133731452aae68b146cd679704 5b6e34121d144498874972f3fefe2dfb - - 77b9647b55af417094b7e5991cc094b9 77b9647b55af417094b7e5991cc094b9] 199.204.45.25 "GET /v2.0/networks/2c6eb3f6-a4a6-4033-817e-2d915f070a55?fields=provider%3Aphysical_network&fields=provider%3Anetwork_type HTTP/1.1" status: 200 len: 277 time: 0.0688136
2026-05-11 06:48:23.486 9 INFO neutron.notifiers.nova [-] Nova event matching ['req-5e1baad7-f127-4603-b32f-4e4f5f59b678'] response: {'name': 'network-changed', 'server_uuid': '923ee538-dc0f-48fe-995e-6f30ea143ce5', 'tag': '70171660-8815-4f8a-807c-a560ab785ca0', 'status': 'completed', 'code': 200}
2026-05-11 06:48:23.486 9 INFO neutron.notifiers.nova [-] Nova event matching ['req-5e1baad7-f127-4603-b32f-4e4f5f59b678'] response: {'server_uuid': 'e996799c-64c5-4775-8c1f-ea418c031051', 'name': 'network-vif-unplugged', 'status': 'completed', 'tag': '65d1806b-b52d-4bc6-b7ed-7f9cd1408cce', 'code': 200}
2026-05-11 06:48:23.487 9 INFO neutron.notifiers.nova [-] Nova event matching ['req-5e1baad7-f127-4603-b32f-4e4f5f59b678'] response: {'server_uuid': 'e996799c-64c5-4775-8c1f-ea418c031051', 'name': 'network-vif-plugged', 'status': 'completed', 'tag': '65d1806b-b52d-4bc6-b7ed-7f9cd1408cce', 'code': 200} /var/lib/openstack/lib/python3.10/site-packages/pycadf/identifier.py:71: UserWarning: Invalid uuid: neutron. To ensure interoperability, identifiers should be a valid uuid. warnings.warn(('Invalid uuid: %s. To ensure interoperability, '
2026-05-11 06:48:23.571 10 INFO neutron.wsgi [req-1532b50b-0def-4d7e-b0b9-297d8dcfac19 req-54898747-88b9-494d-89b1-638d616f08ad d74a34133731452aae68b146cd679704 5b6e34121d144498874972f3fefe2dfb - - 77b9647b55af417094b7e5991cc094b9 77b9647b55af417094b7e5991cc094b9] 199.204.45.25 "GET /v2.0/ports?tenant_id=67c881f28d5b40228d786f48198c77ca&device_id=923ee538-dc0f-48fe-995e-6f30ea143ce5 HTTP/1.1" status: 200 len: 1404 time: 0.0484481
2026-05-11 06:48:23.654 10 INFO neutron.wsgi [req-1532b50b-0def-4d7e-b0b9-297d8dcfac19 req-7ffa6268-4b40-4899-a2d0-041137a00993 d74a34133731452aae68b146cd679704 5b6e34121d144498874972f3fefe2dfb - - 77b9647b55af417094b7e5991cc094b9 77b9647b55af417094b7e5991cc094b9] 199.204.45.25 "GET /v2.0/networks?id=2c6eb3f6-a4a6-4033-817e-2d915f070a55 HTTP/1.1" status: 200 len: 971 time: 0.0782561
2026-05-11 06:48:23.678 9 INFO neutron.wsgi [req-207115fd-b4a5-4fa7-9494-d55e7d6a8690 req-dba383df-598c-473b-a84f-22bcd948307f efd29cdf12c540e8a1d54305e45a8f75 a4aa6c72dd2f43159bacdd7053e25369 - - default default] 10.0.0.127 "GET /v2.0/ports?device_id=e996799c-64c5-4775-8c1f-ea418c031051 HTTP/1.1" status: 200 len: 210 time: 0.0301051
2026-05-11 06:48:23.682 9 INFO neutron.db.ovn_revision_numbers_db [None req-07716f52-cb86-456d-b122-6973c9f8fe57 2956132494344d6e9c24a0d374df1bea d93b79dfa41e4723ab3bc9256dd61450 - - default default] Successfully bumped revision number for resource fdf6d018-ed52-4409-8b36-e5defdcd924a (type: security_groups) to 1
2026-05-11 06:48:23.710 9 INFO neutron.wsgi [None req-07716f52-cb86-456d-b122-6973c9f8fe57 2956132494344d6e9c24a0d374df1bea d93b79dfa41e4723ab3bc9256dd61450 - - default default] 10.0.0.125 "GET /v2.0/security-groups?tenant_id=47f5efdacdd3446a83ecdcac01b67e2e&name=default HTTP/1.1" status: 200 len: 2996 time: 0.4197848
2026-05-11 06:48:23.717 10 INFO neutron.wsgi [req-1532b50b-0def-4d7e-b0b9-297d8dcfac19 req-974daf03-19f0-4aad-8a1f-c928a04e7d3e d74a34133731452aae68b146cd679704 5b6e34121d144498874972f3fefe2dfb - - 77b9647b55af417094b7e5991cc094b9 77b9647b55af417094b7e5991cc094b9] 199.204.45.25 "GET /v2.0/floatingips?fixed_ip_address=10.100.0.10&port_id=70171660-8815-4f8a-807c-a560ab785ca0 HTTP/1.1" status: 200 len: 1060 time: 0.0574260
2026-05-11 06:48:23.758 10 INFO neutron.wsgi [req-1532b50b-0def-4d7e-b0b9-297d8dcfac19 req-a2ad4680-bd1d-4abe-ab18-20887d58d02a d74a34133731452aae68b146cd679704 5b6e34121d144498874972f3fefe2dfb - - 77b9647b55af417094b7e5991cc094b9 77b9647b55af417094b7e5991cc094b9] 199.204.45.25 "GET /v2.0/subnets?id=34cca07e-83de-4139-8910-5b835403fce3 HTTP/1.1" status: 200 len: 866 time: 0.0360110
2026-05-11 06:48:23.791 10 INFO neutron.wsgi [req-1532b50b-0def-4d7e-b0b9-297d8dcfac19 req-811f61e9-a286-42b5-8d70-2b2cbb07fd60 d74a34133731452aae68b146cd679704 5b6e34121d144498874972f3fefe2dfb - - 77b9647b55af417094b7e5991cc094b9 77b9647b55af417094b7e5991cc094b9] 199.204.45.25 "GET /v2.0/ports?network_id=2c6eb3f6-a4a6-4033-817e-2d915f070a55&device_owner=network%3Adhcp HTTP/1.1" status: 200 len: 210 time: 0.0251923
2026-05-11 06:48:23.862 10 INFO neutron.wsgi [req-1532b50b-0def-4d7e-b0b9-297d8dcfac19 req-ff22b6bc-8118-4120-9122-8c40a800a6ad d74a34133731452aae68b146cd679704 5b6e34121d144498874972f3fefe2dfb - - 77b9647b55af417094b7e5991cc094b9 77b9647b55af417094b7e5991cc094b9] 199.204.45.25 "GET /v2.0/networks/2c6eb3f6-a4a6-4033-817e-2d915f070a55?fields=segments HTTP/1.1" status: 200 len: 212 time: 0.0621455
2026-05-11 06:48:23.885 9 INFO neutron.wsgi [None req-24bafa56-afc6-4408-b9f4-51925a4785a0 2956132494344d6e9c24a0d374df1bea d93b79dfa41e4723ab3bc9256dd61450 - - - -] 10.0.0.125 "DELETE /v2.0/security-groups/fdf6d018-ed52-4409-8b36-e5defdcd924a HTTP/1.1" status: 204 len: 168 time: 0.1683748
2026-05-11 06:48:23.919 10 INFO neutron.wsgi [req-1532b50b-0def-4d7e-b0b9-297d8dcfac19 req-bacaea9c-3e88-4782-a503-2f902380d560 d74a34133731452aae68b146cd679704 5b6e34121d144498874972f3fefe2dfb - - 77b9647b55af417094b7e5991cc094b9 77b9647b55af417094b7e5991cc094b9] 199.204.45.25 "GET /v2.0/networks/2c6eb3f6-a4a6-4033-817e-2d915f070a55?fields=provider%3Aphysical_network&fields=provider%3Anetwork_type HTTP/1.1" status: 200 len: 277 time: 0.0493076
2026-05-11 06:48:24.049 10 INFO neutron.services.segments.plugin [-] Segment f0004f33-4fe1-4c85-81f4-5e13d294e934 resource provider aggregate not found
2026-05-11 06:48:24.059 10 INFO neutron.services.segments.plugin [-] Segment f0004f33-4fe1-4c85-81f4-5e13d294e934 resource provider aggregate not found
2026-05-11 06:48:24.064 10 INFO neutron.services.segments.plugin [-] Segment f0004f33-4fe1-4c85-81f4-5e13d294e934 resource provider not found; error: Placement Client Error (4xx): {"errors": [{"status": 404, "title": "Not Found", "detail": "The resource could not be found.\n\n No resource provider with uuid f0004f33-4fe1-4c85-81f4-5e13d294e934 found for delete ", "request_id": "req-b643b032-2607-42bf-82cf-2caa74763216"}]}
2026-05-11 06:48:24.073 10 INFO neutron.services.segments.plugin [-] Segment f0004f33-4fe1-4c85-81f4-5e13d294e934 resource provider not found; error: Placement Client Error (4xx): {"errors": [{"status": 404, "title": "Not Found", "detail": "The resource could not be found.\n\n No resource provider with uuid f0004f33-4fe1-4c85-81f4-5e13d294e934 found for delete ", "request_id": "req-782528de-05d8-41c7-b915-2fba0897c95e"}]}
2026-05-11 06:48:24.168 9 INFO neutron.db.ovn_revision_numbers_db [None req-1b72b8d2-da0c-4ad0-a1c3-a858a97b4ddc 2956132494344d6e9c24a0d374df1bea d93b79dfa41e4723ab3bc9256dd61450 - - default default] Successfully bumped revision number for resource c72292c8-9856-4711-b90d-02e79829b790 (type: security_groups) to 1
2026-05-11 06:48:24.191 9 INFO neutron.wsgi [None req-1b72b8d2-da0c-4ad0-a1c3-a858a97b4ddc 2956132494344d6e9c24a0d374df1bea d93b79dfa41e4723ab3bc9256dd61450 - - default default] 10.0.0.125 "GET /v2.0/security-groups?tenant_id=d3448d3426b44f3c97798a7afdd93ec6&name=default HTTP/1.1" status: 200 len: 2996 time: 0.1283841
2026-05-11 06:48:24.402 9 INFO neutron.wsgi [None req-81cde6da-109e-4c62-912d-9ed4e5bf4608 2956132494344d6e9c24a0d374df1bea d93b79dfa41e4723ab3bc9256dd61450 - - - -] 10.0.0.125 "DELETE /v2.0/security-groups/c72292c8-9856-4711-b90d-02e79829b790 HTTP/1.1" status: 204 len: 168 time: 0.2068355
2026-05-11 06:48:24.642 10 INFO neutron.wsgi [None req-da3cff70-e391-4539-a525-3bf725cbe470 2956132494344d6e9c24a0d374df1bea d93b79dfa41e4723ab3bc9256dd61450 - - default default] 10.0.0.125 "GET /v2.0/security-groups?tenant_id=2418fcdade034b7d89461f4dc907d9d9&name=default HTTP/1.1" status: 200 len: 2996 time: 0.0338590
2026-05-11 06:48:24.841 10 INFO neutron.wsgi [None req-e5a71f5f-8726-44ec-91b1-89d6c6201db7 2956132494344d6e9c24a0d374df1bea d93b79dfa41e4723ab3bc9256dd61450 - - - -] 10.0.0.125 "DELETE /v2.0/security-groups/dc2da2e6-a0a3-4e93-bdd9-2612b20998b6 HTTP/1.1" status: 204 len: 168 time: 0.1918950
2026-05-11 06:48:25.534 10 INFO neutron.db.ovn_revision_numbers_db [None req-13310651-bc19-43c8-9202-cd243620291f 2956132494344d6e9c24a0d374df1bea d93b79dfa41e4723ab3bc9256dd61450 - - default default] Successfully bumped revision number for resource e666d53e-fe9e-4d49-91c9-d0e48006204e (type: security_groups) to 1
2026-05-11 06:48:25.573 10 INFO neutron.wsgi [None req-13310651-bc19-43c8-9202-cd243620291f 2956132494344d6e9c24a0d374df1bea d93b79dfa41e4723ab3bc9256dd61450 - - default default] 10.0.0.125 "GET /v2.0/security-groups?tenant_id=d27b7f3c31504a538745bb506628545b&name=default HTTP/1.1" status: 200 len: 2996 time: 0.3220840
2026-05-11 06:48:25.776 10 INFO neutron.wsgi [None req-abedeaa6-c798-40fd-96d5-6f1444ddfb07 2956132494344d6e9c24a0d374df1bea d93b79dfa41e4723ab3bc9256dd61450 - - - -] 10.0.0.125 "DELETE /v2.0/security-groups/e666d53e-fe9e-4d49-91c9-d0e48006204e HTTP/1.1" status: 204 len: 168 time: 0.1963167
2026-05-11 06:48:25.976 10 INFO neutron.db.ovn_revision_numbers_db [None req-b8c0b545-2a7b-4403-8061-29e6a26c6c5a 2956132494344d6e9c24a0d374df1bea d93b79dfa41e4723ab3bc9256dd61450 - - default default] Successfully bumped revision number for resource f963b12d-c7b7-46c6-aa4c-8465999cc641 (type: security_groups) to 1
2026-05-11 06:48:25.997 10 INFO neutron.wsgi [None req-b8c0b545-2a7b-4403-8061-29e6a26c6c5a 2956132494344d6e9c24a0d374df1bea d93b79dfa41e4723ab3bc9256dd61450 - - default default] 10.0.0.125 "GET /v2.0/security-groups?tenant_id=234d54af09e14660856ec12ec7efcf48&name=default HTTP/1.1" status: 200 len: 2996 time: 0.1134148
2026-05-11 06:48:26.162 10 INFO neutron.wsgi [None req-d2731171-d105-4c35-99a7-cf8db2496bbe 2956132494344d6e9c24a0d374df1bea d93b79dfa41e4723ab3bc9256dd61450 - - - -] 10.0.0.125 "DELETE /v2.0/security-groups/f963b12d-c7b7-46c6-aa4c-8465999cc641 HTTP/1.1" status: 204 len: 168 time: 0.1592491
2026-05-11 06:48:27.389 9 INFO neutron.wsgi [None req-90ba9ad7-a7e6-4ec6-a33f-1e99400ef00a 2956132494344d6e9c24a0d374df1bea d93b79dfa41e4723ab3bc9256dd61450 - - - -] 10.0.0.125 "PUT /v2.0/routers/34f0ca38-af01-4f1f-92cd-27727fd82a9b/remove_router_interface HTTP/1.1" status: 200 len: 503 time: 1.4607105
2026-05-11 06:48:27.969 10 INFO neutron.wsgi [None req-d0a8fa30-9377-4d42-8b95-aae5cbbe9945 2956132494344d6e9c24a0d374df1bea d93b79dfa41e4723ab3bc9256dd61450 - - - -] 10.0.0.125 "DELETE /v2.0/routers/34f0ca38-af01-4f1f-92cd-27727fd82a9b HTTP/1.1" status: 204 len: 168 time: 0.5727561
2026-05-11 06:48:28.183 10 INFO neutron.wsgi [None req-eeb5a885-bee7-4b05-8161-622ed623e88f 2956132494344d6e9c24a0d374df1bea d93b79dfa41e4723ab3bc9256dd61450 - - - -] 10.0.0.125 "DELETE /v2.0/subnets/5564093f-364d-4873-b24c-dce708886b30 HTTP/1.1" status: 204 len: 168 time: 0.2048771
2026-05-11 06:48:28.818 10 INFO neutron.services.segments.plugin [-] Segment 45bababf-dd8c-43f3-aa5e-28492821141d resource provider aggregate not found
2026-05-11 06:48:28.823 10 INFO neutron.services.segments.plugin [-] Segment 45bababf-dd8c-43f3-aa5e-28492821141d resource provider aggregate not found
2026-05-11 06:48:28.836 10 INFO neutron.services.segments.plugin [-] Segment 45bababf-dd8c-43f3-aa5e-28492821141d resource provider not found; error: Placement Client Error (4xx): {"errors": [{"status": 404, "title": "Not Found", "detail": "The resource could not be found.\n\n No resource provider with uuid 45bababf-dd8c-43f3-aa5e-28492821141d found for delete ", "request_id": "req-d6e08646-84a4-412e-a83d-b4d7a503a1ed"}]}
2026-05-11 06:48:28.843 10 INFO neutron.services.segments.plugin [-] Segment 45bababf-dd8c-43f3-aa5e-28492821141d resource provider not found; error: Placement Client Error (4xx): {"errors": [{"status": 404, "title": "Not Found", "detail": "The resource could not be found.\n\n No resource provider with uuid 45bababf-dd8c-43f3-aa5e-28492821141d found for delete ", "request_id": "req-55ca295a-15ee-4ff3-bd0f-f0b8bae774ef"}]}
2026-05-11 06:48:28.861 10 INFO neutron.wsgi [None req-3260a36d-af6a-4501-921a-4f95b32d2cd6 2956132494344d6e9c24a0d374df1bea d93b79dfa41e4723ab3bc9256dd61450 - - - -] 10.0.0.125 "DELETE /v2.0/networks/9743a5fa-2c88-4fd1-aa28-76963a48aa8c HTTP/1.1" status: 204 len: 168 time: 0.6710260
2026-05-11 06:48:29.053 10 INFO neutron.wsgi [None req-64770432-77b6-4dbd-9d22-157177451d56 2956132494344d6e9c24a0d374df1bea d93b79dfa41e4723ab3bc9256dd61450 - - default default] 10.0.0.125 "GET /v2.0/security-groups?tenant_id=a4aa6c72dd2f43159bacdd7053e25369&name=default HTTP/1.1" status: 200 len: 2996 time: 0.0269384 /var/lib/openstack/lib/python3.10/site-packages/pycadf/identifier.py:71: UserWarning: Invalid uuid: neutron. To ensure interoperability, identifiers should be a valid uuid. warnings.warn(('Invalid uuid: %s. To ensure interoperability, '
2026-05-11 06:48:29.262 10 INFO neutron.wsgi [None req-19f107e5-2899-4ba5-bf62-3230c14ad11e 2956132494344d6e9c24a0d374df1bea d93b79dfa41e4723ab3bc9256dd61450 - - - -] 10.0.0.125 "DELETE /v2.0/security-groups/9617fb48-0003-4ba5-9388-3e9b1d17f7e2 HTTP/1.1" status: 204 len: 168 time: 0.2038152
2026-05-11 06:48:29.417 9 INFO neutron.db.ovn_revision_numbers_db [None req-2786e9f4-f50a-4458-ba61-9a45bd6a6f58 2293a064ada24d5f8f635e8f80e73a1b a66514014e1b4cde8559fc42046bc6ec - - - -] Successfully bumped revision number for resource 61d8acf0-bb4a-4ef8-a34d-ae66affc7d1f (type: security_groups) to 1
2026-05-11 06:48:29.490 9 INFO neutron.db.segments_db [None req-2786e9f4-f50a-4458-ba61-9a45bd6a6f58 2293a064ada24d5f8f635e8f80e73a1b a66514014e1b4cde8559fc42046bc6ec - - - -] Added segment d350acdd-9e00-4a20-95a5-3159d59b201a of type geneve for network 1db715df-ddf3-4462-89c5-0feff142850b
2026-05-11 06:48:29.643 9 INFO neutron.db.ovn_revision_numbers_db [None req-2786e9f4-f50a-4458-ba61-9a45bd6a6f58 2293a064ada24d5f8f635e8f80e73a1b a66514014e1b4cde8559fc42046bc6ec - - - -] Successfully bumped revision number for resource 1db715df-ddf3-4462-89c5-0feff142850b (type: networks) to 1
2026-05-11 06:48:29.811 9 WARNING neutron.scheduler.dhcp_agent_scheduler [None req-2786e9f4-f50a-4458-ba61-9a45bd6a6f58 2293a064ada24d5f8f635e8f80e73a1b a66514014e1b4cde8559fc42046bc6ec - - - -] No more DHCP agents
2026-05-11 06:48:29.812 9 WARNING neutron.api.rpc.agentnotifiers.dhcp_rpc_agent_api [None req-2786e9f4-f50a-4458-ba61-9a45bd6a6f58 2293a064ada24d5f8f635e8f80e73a1b a66514014e1b4cde8559fc42046bc6ec - - - -] Unable to schedule network 1db715df-ddf3-4462-89c5-0feff142850b: no agents available; will retry on subsequent port and subnet creation events.
2026-05-11 06:48:29.882 9 INFO neutron.db.ovn_revision_numbers_db [None req-2786e9f4-f50a-4458-ba61-9a45bd6a6f58 2293a064ada24d5f8f635e8f80e73a1b a66514014e1b4cde8559fc42046bc6ec - - - -] Successfully bumped revision number for resource 04f222f2-05fa-43ae-9be1-8c51921872d8 (type: ports) to 1
2026-05-11 06:48:29.906 9 INFO neutron.wsgi [None req-2786e9f4-f50a-4458-ba61-9a45bd6a6f58 2293a064ada24d5f8f635e8f80e73a1b a66514014e1b4cde8559fc42046bc6ec - - - -] 10.0.0.125 "POST /v2.0/networks HTTP/1.1" status: 201 len: 831 time: 0.9380269
2026-05-11 06:48:30.229 9 WARNING neutron.scheduler.dhcp_agent_scheduler [None req-ff8988fe-1517-4f7f-bd5f-55eb3f541c26 2293a064ada24d5f8f635e8f80e73a1b a66514014e1b4cde8559fc42046bc6ec - - - -] No more DHCP agents
2026-05-11 06:48:30.231 9 WARNING neutron.api.rpc.agentnotifiers.dhcp_rpc_agent_api [None req-ff8988fe-1517-4f7f-bd5f-55eb3f541c26 2293a064ada24d5f8f635e8f80e73a1b a66514014e1b4cde8559fc42046bc6ec - - - -] Unable to schedule network 1db715df-ddf3-4462-89c5-0feff142850b: no agents available; will retry on subsequent port and subnet creation events.
2026-05-11 06:48:30.320 9 INFO neutron.db.ovn_revision_numbers_db [None req-ff8988fe-1517-4f7f-bd5f-55eb3f541c26 2293a064ada24d5f8f635e8f80e73a1b a66514014e1b4cde8559fc42046bc6ec - - - -] Successfully bumped revision number for resource 58a1789a-ee55-4542-9505-153faa28fda5 (type: ports) to 1
2026-05-11 06:48:30.353 9 INFO neutron.wsgi [None req-ff8988fe-1517-4f7f-bd5f-55eb3f541c26 2293a064ada24d5f8f635e8f80e73a1b a66514014e1b4cde8559fc42046bc6ec - - - -] 10.0.0.125 "POST /v2.0/ports HTTP/1.1" status: 201 len: 942 time: 0.4420102 /var/lib/openstack/lib/python3.10/site-packages/pycadf/identifier.py:71: UserWarning: Invalid uuid: neutron. To ensure interoperability, identifiers should be a valid uuid. warnings.warn(('Invalid uuid: %s. To ensure interoperability, '
2026-05-11 06:48:30.659 9 INFO neutron.wsgi [-] 10.0.0.191 "GET / HTTP/1.1" status: 200 len: 246 time: 0.0019147
2026-05-11 06:48:30.662 9 INFO neutron.wsgi [-] 10.0.0.191 "GET / HTTP/1.1" status: 200 len: 246 time: 0.0016758
2026-05-11 06:48:30.672 9 INFO neutron.wsgi [None req-dee60132-a75b-48be-a653-4e0b24c0bb15 2293a064ada24d5f8f635e8f80e73a1b a66514014e1b4cde8559fc42046bc6ec - - - -] 10.0.0.125 "POST /v2.0/trunks HTTP/1.1" status: 201 len: 608 time: 0.3123825
2026-05-11 06:48:30.780 10 INFO neutron.db.segments_db [None req-47b5cd2a-e530-4f4e-ad37-9331aa4bed91 2293a064ada24d5f8f635e8f80e73a1b a66514014e1b4cde8559fc42046bc6ec - - - -] Added segment f5c69e95-cc3e-4a50-ae1f-c6e9c8da3b1a of type geneve for network c6df47a2-1abb-4a59-8e4a-b31a52caf347
2026-05-11 06:48:30.918 10 INFO neutron.db.ovn_revision_numbers_db [None req-47b5cd2a-e530-4f4e-ad37-9331aa4bed91 2293a064ada24d5f8f635e8f80e73a1b a66514014e1b4cde8559fc42046bc6ec - - - -] Successfully bumped revision number for resource c6df47a2-1abb-4a59-8e4a-b31a52caf347 (type: networks) to 1
2026-05-11 06:48:31.096 10 WARNING neutron.scheduler.dhcp_agent_scheduler [None req-47b5cd2a-e530-4f4e-ad37-9331aa4bed91 2293a064ada24d5f8f635e8f80e73a1b a66514014e1b4cde8559fc42046bc6ec - - - -] No more DHCP agents
2026-05-11 06:48:31.098 10 WARNING neutron.api.rpc.agentnotifiers.dhcp_rpc_agent_api [None req-47b5cd2a-e530-4f4e-ad37-9331aa4bed91 2293a064ada24d5f8f635e8f80e73a1b a66514014e1b4cde8559fc42046bc6ec - - - -] Unable to schedule network c6df47a2-1abb-4a59-8e4a-b31a52caf347: no agents available; will retry on subsequent port and subnet creation events.
2026-05-11 06:48:31.164 10 INFO neutron.db.ovn_revision_numbers_db [None req-47b5cd2a-e530-4f4e-ad37-9331aa4bed91 2293a064ada24d5f8f635e8f80e73a1b a66514014e1b4cde8559fc42046bc6ec - - - -] Successfully bumped revision number for resource 28bac7e4-698c-4dda-92be-7db6dd075265 (type: ports) to 1
2026-05-11 06:48:31.196 10 INFO neutron.wsgi [None req-47b5cd2a-e530-4f4e-ad37-9331aa4bed91 2293a064ada24d5f8f635e8f80e73a1b a66514014e1b4cde8559fc42046bc6ec - - - -] 10.0.0.125 "POST /v2.0/networks HTTP/1.1" status: 201 len: 830 time: 0.5161207
2026-05-11 06:48:31.433 10 WARNING neutron.scheduler.dhcp_agent_scheduler [None req-2dab9b7a-567d-4c55-b76d-7cce4658de5b 2293a064ada24d5f8f635e8f80e73a1b a66514014e1b4cde8559fc42046bc6ec - - - -] No more DHCP agents
2026-05-11 06:48:31.435 10 WARNING neutron.api.rpc.agentnotifiers.dhcp_rpc_agent_api [None req-2dab9b7a-567d-4c55-b76d-7cce4658de5b 2293a064ada24d5f8f635e8f80e73a1b a66514014e1b4cde8559fc42046bc6ec - - - -] Unable to schedule network c6df47a2-1abb-4a59-8e4a-b31a52caf347: no agents available; will retry on subsequent port and subnet creation events.
2026-05-11 06:48:31.528 9 INFO neutron.db.ovn_revision_numbers_db [None req-9736f7d7-cabf-4067-a763-6022cb89fc37 2956132494344d6e9c24a0d374df1bea d93b79dfa41e4723ab3bc9256dd61450 - - default default] Successfully bumped revision number for resource 4ccc4a20-7a94-4bac-8c39-702f7e22fb4b (type: security_groups) to 1
2026-05-11 06:48:31.530 10 INFO neutron.db.ovn_revision_numbers_db [None req-2dab9b7a-567d-4c55-b76d-7cce4658de5b 2293a064ada24d5f8f635e8f80e73a1b a66514014e1b4cde8559fc42046bc6ec - - - -] Successfully bumped revision number for resource 23d1ff41-c970-4077-88d6-4a3ece156859 (type: ports) to 1
2026-05-11 06:48:31.571 9 INFO neutron.wsgi [None req-9736f7d7-cabf-4067-a763-6022cb89fc37 2956132494344d6e9c24a0d374df1bea d93b79dfa41e4723ab3bc9256dd61450 - - default default] 10.0.0.125 "GET /v2.0/security-groups?tenant_id=4885eba2d1ea4b82af0d1776e853f8c7&name=default HTTP/1.1" status: 200 len: 2996 time: 0.3850462
2026-05-11 06:48:31.589 10 INFO neutron.wsgi [None req-2dab9b7a-567d-4c55-b76d-7cce4658de5b 2293a064ada24d5f8f635e8f80e73a1b a66514014e1b4cde8559fc42046bc6ec - - - -] 10.0.0.125 "POST /v2.0/ports HTTP/1.1" status: 201 len: 942 time: 0.3865867 /var/lib/openstack/lib/python3.10/site-packages/pycadf/identifier.py:71: UserWarning: Invalid uuid: neutron. To ensure interoperability, identifiers should be a valid uuid. warnings.warn(('Invalid uuid: %s. To ensure interoperability, '
2026-05-11 06:48:31.778 9 INFO neutron.wsgi [None req-dc4e1ba5-5345-49a7-9936-4bde52c74968 2956132494344d6e9c24a0d374df1bea d93b79dfa41e4723ab3bc9256dd61450 - - - -] 10.0.0.125 "DELETE /v2.0/security-groups/4ccc4a20-7a94-4bac-8c39-702f7e22fb4b HTTP/1.1" status: 204 len: 168 time: 0.1990387
2026-05-11 06:48:31.884 10 INFO neutron.wsgi [None req-de267b42-a6c0-4559-a679-0e2c6caebbf0 2293a064ada24d5f8f635e8f80e73a1b a66514014e1b4cde8559fc42046bc6ec - - - -] 10.0.0.125 "POST /v2.0/trunks HTTP/1.1" status: 201 len: 608 time: 0.2892637
2026-05-11 06:48:31.995 9 INFO neutron.db.segments_db [None req-8f19a5e3-82c4-4acb-a985-f0ba4e153b35 2293a064ada24d5f8f635e8f80e73a1b a66514014e1b4cde8559fc42046bc6ec - - - -] Added segment 675bbabc-d4af-44f2-8c3d-600d47f38938 of type geneve for network 2b0fc6ac-1202-4919-9a3e-d01bed7f3c4b
2026-05-11 06:48:32.007 10 INFO neutron.db.ovn_revision_numbers_db [None req-b97f8ee0-18d6-47f4-8200-1ea92a13d584 2956132494344d6e9c24a0d374df1bea d93b79dfa41e4723ab3bc9256dd61450 - - default default] Successfully bumped revision number for resource e4e6cd88-2f08-4262-9e57-1ebbb5aeb3b1 (type: security_groups) to 1
2026-05-11 06:48:32.034 10 INFO neutron.wsgi [None req-b97f8ee0-18d6-47f4-8200-1ea92a13d584 2956132494344d6e9c24a0d374df1bea d93b79dfa41e4723ab3bc9256dd61450 - - default default] 10.0.0.125 "GET /v2.0/security-groups?tenant_id=6ff010c6f7864d7a9274b3de8859ee3d&name=default HTTP/1.1" status: 200 len: 2996 time: 0.1427383
2026-05-11 06:48:32.148 9 INFO neutron.db.ovn_revision_numbers_db [None req-8f19a5e3-82c4-4acb-a985-f0ba4e153b35 2293a064ada24d5f8f635e8f80e73a1b a66514014e1b4cde8559fc42046bc6ec - - - -] Successfully bumped revision number for resource 2b0fc6ac-1202-4919-9a3e-d01bed7f3c4b (type: networks) to 1
2026-05-11 06:48:32.239 10 INFO neutron.wsgi [None req-7972d16a-90aa-4cc5-ac73-a96c90aa34c7 2956132494344d6e9c24a0d374df1bea d93b79dfa41e4723ab3bc9256dd61450 - - - -] 10.0.0.125 "DELETE /v2.0/security-groups/e4e6cd88-2f08-4262-9e57-1ebbb5aeb3b1 HTTP/1.1" status: 204 len: 168 time: 0.1987863
