Feb 17 02:21:38.550824 np0000155888 systemd[1]: Starting devstack@n-api.service - Devstack devstack@n-api.service...
Feb 17 02:21:38.558867 np0000155888 devstack@n-api.service[99992]: [uWSGI] getting INI configuration from /etc/nova/nova-api-uwsgi.ini
Feb 17 02:21:38.559461 np0000155888 devstack@n-api.service[99992]: open("./http_plugin.so"): No such file or directory [core/utils.c line 3709]
Feb 17 02:21:38.559461 np0000155888 devstack@n-api.service[99992]: !!! UNABLE to load uWSGI plugin: ./http_plugin.so: cannot open shared object file: No such file or directory !!!
Feb 17 02:21:38.559461 np0000155888 devstack@n-api.service[99992]: open("./python3_plugin.so"): No such file or directory [core/utils.c line 3709]
Feb 17 02:21:38.559461 np0000155888 devstack@n-api.service[99992]: !!! UNABLE to load uWSGI plugin: ./python3_plugin.so: cannot open shared object file: No such file or directory !!!
Feb 17 02:21:38.559461 np0000155888 devstack@n-api.service[99992]: *** Starting uWSGI 2.0.31 (64bit) on [Tue Feb 17 02:21:38 2026] ***
Feb 17 02:21:38.559461 np0000155888 devstack@n-api.service[99992]: compiled with version: 13.3.0 on 17 February 2026 02:12:27
Feb 17 02:21:38.559461 np0000155888 devstack@n-api.service[99992]: os: Linux-6.8.0-100-generic #100-Ubuntu SMP PREEMPT_DYNAMIC Tue Jan 13 16:40:06 UTC 2026
Feb 17 02:21:38.559461 np0000155888 devstack@n-api.service[99992]: nodename: np0000155888
Feb 17 02:21:38.559461 np0000155888 devstack@n-api.service[99992]: machine: x86_64
Feb 17 02:21:38.559461 np0000155888 devstack@n-api.service[99992]: clock source: unix
Feb 17 02:21:38.559461 np0000155888 devstack@n-api.service[99992]: pcre jit disabled
Feb 17 02:21:38.559461 np0000155888 devstack@n-api.service[99992]: detected number of CPU cores: 16
Feb 17 02:21:38.559461 np0000155888 devstack@n-api.service[99992]: current working directory: /
Feb 17 02:21:38.559461 np0000155888 devstack@n-api.service[99992]: detected binary path: /opt/stack/data/venv/bin/uwsgi
Feb 17 02:21:38.559461 np0000155888 devstack@n-api.service[99992]: your processes number limit is 256923
Feb 17 02:21:38.559461 np0000155888 devstack@n-api.service[99992]: your memory page size is 4096 bytes
Feb 17 02:21:38.559461 np0000155888 devstack@n-api.service[99992]: detected max file descriptor number: 2048
Feb 17 02:21:38.559461 np0000155888 devstack@n-api.service[99992]: lock engine: pthread robust mutexes
Feb 17 02:21:38.559461 np0000155888 devstack@n-api.service[99992]: thunder lock: enabled
Feb 17 02:21:38.560480 np0000155888 devstack@n-api.service[99992]: uwsgi socket 0 bound to UNIX address /var/run/uwsgi/nova-api.socket fd 4
Feb 17 02:21:38.560480 np0000155888 devstack@n-api.service[99992]: Python version: 3.12.3 (main, Jan 22 2026, 20:57:42) [GCC 13.3.0]
Feb 17 02:21:38.560480 np0000155888 devstack@n-api.service[99992]: PEP 405 virtualenv detected: /opt/stack/data/venv
Feb 17 02:21:38.560480 np0000155888 devstack@n-api.service[99992]: Set PythonHome to /opt/stack/data/venv
Feb 17 02:21:38.596190 np0000155888 devstack@n-api.service[99992]: Python main interpreter initialized at 0x795513aa3668
Feb 17 02:21:38.596190 np0000155888 devstack@n-api.service[99992]: python threads support enabled
Feb 17 02:21:38.596190 np0000155888 devstack@n-api.service[99992]: your server socket listen backlog is limited to 100 connections
Feb 17 02:21:38.596190 np0000155888 devstack@n-api.service[99992]: your mercy for graceful operations on workers is 80 seconds
Feb 17 02:21:38.596678 np0000155888 devstack@n-api.service[99992]: mapped 671795 bytes (656 KB) for 4 cores
Feb 17 02:21:38.596812 np0000155888 devstack@n-api.service[99992]: *** Operational MODE: preforking ***
Feb 17 02:21:38.597019 np0000155888 devstack@n-api.service[99992]: *** uWSGI is running in multiple interpreter mode ***
Feb 17 02:21:38.597019 np0000155888 devstack@n-api.service[99992]: spawned uWSGI master process (pid: 99992)
Feb 17 02:21:38.597204 np0000155888 systemd[1]: Started devstack@n-api.service - Devstack devstack@n-api.service.
Feb 17 02:21:38.597630 np0000155888 devstack@n-api.service[99992]: spawned uWSGI worker 1 (pid: 99993, cores: 1)
Feb 17 02:21:38.598081 np0000155888 devstack@n-api.service[99992]: spawned uWSGI worker 2 (pid: 99994, cores: 1)
Feb 17 02:21:38.598526 np0000155888 devstack@n-api.service[99992]: spawned uWSGI worker 3 (pid: 99995, cores: 1)
Feb 17 02:21:38.598942 np0000155888 devstack@n-api.service[99992]: spawned uWSGI worker 4 (pid: 99996, cores: 1)
Feb 17 02:21:38.599045 np0000155888 devstack@n-api.service[99992]: running "unix_signal:15 gracefully_kill_them_all" (master-start)...
Feb 17 02:21:38.962085 np0000155888 devstack@n-api.service[99993]: Service is starting with native threading. This is currently experimental. Do not use it in production without first testing it in pre-production.
Feb 17 02:21:38.964947 np0000155888 devstack@n-api.service[99995]: Service is starting with native threading. This is currently experimental. Do not use it in production without first testing it in pre-production.
Feb 17 02:21:38.968066 np0000155888 devstack@n-api.service[99996]: Service is starting with native threading. This is currently experimental. Do not use it in production without first testing it in pre-production.
Feb 17 02:21:38.995965 np0000155888 devstack@n-api.service[99994]: Service is starting with native threading. This is currently experimental. Do not use it in production without first testing it in pre-production.
Feb 17 02:21:41.014724 np0000155888 devstack@n-api.service[99995]: INFO dbcounter [None req-a8bf05d3-9d16-4c17-92d4-befd0eca899c None None] Registered counter for database nova_api
Feb 17 02:21:41.026834 np0000155888 devstack@n-api.service[99995]: DEBUG oslo_db.sqlalchemy.engines [None req-a8bf05d3-9d16-4c17-92d4-befd0eca899c None None] MySQL server mode set to STRICT_TRANS_TABLES,STRICT_ALL_TABLES,NO_ZERO_IN_DATE,NO_ZERO_DATE,ERROR_FOR_DIVISION_BY_ZERO,TRADITIONAL,NO_ENGINE_SUBSTITUTION {{(pid=99995) _check_effective_sql_mode /opt/stack/data/venv/lib/python3.12/site-packages/oslo_db/sqlalchemy/engines.py:325}}
Feb 17 02:21:41.062295 np0000155888 devstack@n-api.service[99995]: DEBUG dbcounter [-] [99995] Writer thread running {{(pid=99995) stat_writer /opt/stack/data/venv/lib/python3.12/site-packages/dbcounter.py:102}}
Feb 17 02:21:41.064747 np0000155888 devstack@n-api.service[99995]: DEBUG nova.context [None req-a8bf05d3-9d16-4c17-92d4-befd0eca899c None None] Found 2 cells: 00000000-0000-0000-0000-000000000000(cell0),c3af11de-4cc6-410b-9b53-e158b460f6c4(cell1) {{(pid=99995) load_cells /opt/stack/nova/nova/context.py:509}}
Feb 17 02:21:41.064957 np0000155888 devstack@n-api.service[99995]: INFO nova.utils [None req-a8bf05d3-9d16-4c17-92d4-befd0eca899c None None] The cell worker thread pool MainProcess.cell_worker is initialized
Feb 17 02:21:41.066776 np0000155888 devstack@n-api.service[99995]: DEBUG oslo_concurrency.lockutils [None req-a8bf05d3-9d16-4c17-92d4-befd0eca899c None None] Acquiring lock "00000000-0000-0000-0000-000000000000" by "nova.context.set_target_cell..get_or_set_cached_cell_and_set_connections" {{(pid=99995) inner /opt/stack/data/venv/lib/python3.12/site-packages/oslo_concurrency/lockutils.py:506}}
Feb 17 02:21:41.066916 np0000155888 devstack@n-api.service[99995]: DEBUG oslo_concurrency.lockutils [None req-a8bf05d3-9d16-4c17-92d4-befd0eca899c None None] Lock "00000000-0000-0000-0000-000000000000" acquired by "nova.context.set_target_cell..get_or_set_cached_cell_and_set_connections" :: waited 0.000s {{(pid=99995) inner /opt/stack/data/venv/lib/python3.12/site-packages/oslo_concurrency/lockutils.py:519}}
Feb 17 02:21:41.067420 np0000155888 devstack@n-api.service[99995]: DEBUG oslo_concurrency.lockutils [None req-a8bf05d3-9d16-4c17-92d4-befd0eca899c None None] Lock "00000000-0000-0000-0000-000000000000" "released" by "nova.context.set_target_cell..get_or_set_cached_cell_and_set_connections" :: held 0.000s {{(pid=99995) inner /opt/stack/data/venv/lib/python3.12/site-packages/oslo_concurrency/lockutils.py:538}}
Feb 17 02:21:41.068440 np0000155888 devstack@n-api.service[99995]: DEBUG oslo_concurrency.lockutils [None req-a8bf05d3-9d16-4c17-92d4-befd0eca899c None None] Acquiring lock "c3af11de-4cc6-410b-9b53-e158b460f6c4" by "nova.context.set_target_cell..get_or_set_cached_cell_and_set_connections" {{(pid=99995) inner /opt/stack/data/venv/lib/python3.12/site-packages/oslo_concurrency/lockutils.py:506}}
Feb 17 02:21:41.068615 np0000155888 devstack@n-api.service[99995]: DEBUG oslo_concurrency.lockutils [None req-a8bf05d3-9d16-4c17-92d4-befd0eca899c None None] Lock "c3af11de-4cc6-410b-9b53-e158b460f6c4" acquired by "nova.context.set_target_cell..get_or_set_cached_cell_and_set_connections" :: waited 0.000s {{(pid=99995) inner /opt/stack/data/venv/lib/python3.12/site-packages/oslo_concurrency/lockutils.py:519}}
Feb 17 02:21:41.069760 np0000155888 devstack@n-api.service[99995]: DEBUG oslo_concurrency.lockutils [None req-a8bf05d3-9d16-4c17-92d4-befd0eca899c None None] Lock "c3af11de-4cc6-410b-9b53-e158b460f6c4" "released" by "nova.context.set_target_cell..get_or_set_cached_cell_and_set_connections" :: held 0.001s {{(pid=99995) inner /opt/stack/data/venv/lib/python3.12/site-packages/oslo_concurrency/lockutils.py:538}}
Feb 17 02:21:41.070771 np0000155888 devstack@n-api.service[99993]: INFO dbcounter [None req-7bec2f06-3fae-45a9-9142-43255857c0ee None None] Registered counter for database nova_api
Feb 17 02:21:41.073092 np0000155888 devstack@n-api.service[99995]: INFO dbcounter [None req-a8bf05d3-9d16-4c17-92d4-befd0eca899c None None] Registered counter for database nova_cell0
Feb 17 02:21:41.080107 np0000155888 devstack@n-api.service[99995]: INFO dbcounter [None req-a8bf05d3-9d16-4c17-92d4-befd0eca899c None None] Registered counter for database nova_cell1
Feb 17 02:21:41.085563 np0000155888 devstack@n-api.service[99993]: DEBUG oslo_db.sqlalchemy.engines [None req-7bec2f06-3fae-45a9-9142-43255857c0ee None None] MySQL server mode set to STRICT_TRANS_TABLES,STRICT_ALL_TABLES,NO_ZERO_IN_DATE,NO_ZERO_DATE,ERROR_FOR_DIVISION_BY_ZERO,TRADITIONAL,NO_ENGINE_SUBSTITUTION {{(pid=99993) _check_effective_sql_mode /opt/stack/data/venv/lib/python3.12/site-packages/oslo_db/sqlalchemy/engines.py:325}}
Feb 17 02:21:41.087693 np0000155888 devstack@n-api.service[99995]: DEBUG oslo_db.sqlalchemy.engines [None req-a8bf05d3-9d16-4c17-92d4-befd0eca899c None None] MySQL server mode set to STRICT_TRANS_TABLES,STRICT_ALL_TABLES,NO_ZERO_IN_DATE,NO_ZERO_DATE,ERROR_FOR_DIVISION_BY_ZERO,TRADITIONAL,NO_ENGINE_SUBSTITUTION {{(pid=99995) _check_effective_sql_mode /opt/stack/data/venv/lib/python3.12/site-packages/oslo_db/sqlalchemy/engines.py:325}}
Feb 17 02:21:41.090942 np0000155888 devstack@n-api.service[99994]: INFO dbcounter [None req-2281a436-ee7a-4705-aa7e-020b31fd807d None None] Registered counter for database nova_api
Feb 17 02:21:41.091575 np0000155888 devstack@n-api.service[99995]: DEBUG oslo_db.sqlalchemy.engines [None req-a8bf05d3-9d16-4c17-92d4-befd0eca899c None None] MySQL server mode set to STRICT_TRANS_TABLES,STRICT_ALL_TABLES,NO_ZERO_IN_DATE,NO_ZERO_DATE,ERROR_FOR_DIVISION_BY_ZERO,TRADITIONAL,NO_ENGINE_SUBSTITUTION {{(pid=99995) _check_effective_sql_mode /opt/stack/data/venv/lib/python3.12/site-packages/oslo_db/sqlalchemy/engines.py:325}}
Feb 17 02:21:41.106390 np0000155888 devstack@n-api.service[99994]: DEBUG oslo_db.sqlalchemy.engines [None req-2281a436-ee7a-4705-aa7e-020b31fd807d None None] MySQL server mode set to STRICT_TRANS_TABLES,STRICT_ALL_TABLES,NO_ZERO_IN_DATE,NO_ZERO_DATE,ERROR_FOR_DIVISION_BY_ZERO,TRADITIONAL,NO_ENGINE_SUBSTITUTION {{(pid=99994) _check_effective_sql_mode /opt/stack/data/venv/lib/python3.12/site-packages/oslo_db/sqlalchemy/engines.py:325}}
Feb 17 02:21:41.115828 np0000155888 devstack@n-api.service[99993]: DEBUG dbcounter [-] [99993] Writer thread running {{(pid=99993) stat_writer /opt/stack/data/venv/lib/python3.12/site-packages/dbcounter.py:102}}
Feb 17 02:21:41.118238 np0000155888 devstack@n-api.service[99993]: DEBUG nova.context [None req-7bec2f06-3fae-45a9-9142-43255857c0ee None None] Found 2 cells: 00000000-0000-0000-0000-000000000000(cell0),c3af11de-4cc6-410b-9b53-e158b460f6c4(cell1) {{(pid=99993) load_cells /opt/stack/nova/nova/context.py:509}}
Feb 17 02:21:41.118464 np0000155888 devstack@n-api.service[99993]: INFO nova.utils [None req-7bec2f06-3fae-45a9-9142-43255857c0ee None None] The cell worker thread pool MainProcess.cell_worker is initialized
Feb 17 02:21:41.120208 np0000155888 devstack@n-api.service[99993]: DEBUG oslo_concurrency.lockutils [None req-7bec2f06-3fae-45a9-9142-43255857c0ee None None] Acquiring lock "00000000-0000-0000-0000-000000000000" by "nova.context.set_target_cell..get_or_set_cached_cell_and_set_connections" {{(pid=99993) inner /opt/stack/data/venv/lib/python3.12/site-packages/oslo_concurrency/lockutils.py:506}}
Feb 17 02:21:41.120406 np0000155888 devstack@n-api.service[99993]: DEBUG oslo_concurrency.lockutils [None req-7bec2f06-3fae-45a9-9142-43255857c0ee None None] Lock "00000000-0000-0000-0000-000000000000" acquired by "nova.context.set_target_cell..get_or_set_cached_cell_and_set_connections" :: waited 0.000s {{(pid=99993) inner /opt/stack/data/venv/lib/python3.12/site-packages/oslo_concurrency/lockutils.py:519}}
Feb 17 02:21:41.120757 np0000155888 devstack@n-api.service[99993]: DEBUG oslo_concurrency.lockutils [None req-7bec2f06-3fae-45a9-9142-43255857c0ee None None] Lock "00000000-0000-0000-0000-000000000000" "released" by "nova.context.set_target_cell..get_or_set_cached_cell_and_set_connections" :: held 0.000s {{(pid=99993) inner /opt/stack/data/venv/lib/python3.12/site-packages/oslo_concurrency/lockutils.py:538}}
Feb 17 02:21:41.121521 np0000155888 devstack@n-api.service[99993]: DEBUG oslo_concurrency.lockutils [None req-7bec2f06-3fae-45a9-9142-43255857c0ee None None] Acquiring lock "c3af11de-4cc6-410b-9b53-e158b460f6c4" by "nova.context.set_target_cell..get_or_set_cached_cell_and_set_connections" {{(pid=99993) inner /opt/stack/data/venv/lib/python3.12/site-packages/oslo_concurrency/lockutils.py:506}}
Feb 17 02:21:41.121654 np0000155888 devstack@n-api.service[99993]: DEBUG oslo_concurrency.lockutils [None req-7bec2f06-3fae-45a9-9142-43255857c0ee None None] Lock "c3af11de-4cc6-410b-9b53-e158b460f6c4" acquired by "nova.context.set_target_cell..get_or_set_cached_cell_and_set_connections" :: waited 0.000s {{(pid=99993) inner /opt/stack/data/venv/lib/python3.12/site-packages/oslo_concurrency/lockutils.py:519}}
Feb 17 02:21:41.122538 np0000155888 devstack@n-api.service[99993]: DEBUG oslo_concurrency.lockutils [None req-7bec2f06-3fae-45a9-9142-43255857c0ee None None] Lock "c3af11de-4cc6-410b-9b53-e158b460f6c4" "released" by "nova.context.set_target_cell..get_or_set_cached_cell_and_set_connections" :: held 0.001s {{(pid=99993) inner /opt/stack/data/venv/lib/python3.12/site-packages/oslo_concurrency/lockutils.py:538}}
Feb 17 02:21:41.125583 np0000155888 devstack@n-api.service[99993]: INFO dbcounter [None req-7bec2f06-3fae-45a9-9142-43255857c0ee None None] Registered counter for database nova_cell0
Feb 17 02:21:41.130871 np0000155888 devstack@n-api.service[99993]: INFO dbcounter [None req-7bec2f06-3fae-45a9-9142-43255857c0ee None None] Registered counter for database nova_cell1
Feb 17 02:21:41.139787 np0000155888 devstack@n-api.service[99993]: DEBUG oslo_db.sqlalchemy.engines [None req-7bec2f06-3fae-45a9-9142-43255857c0ee None None] MySQL server mode set to STRICT_TRANS_TABLES,STRICT_ALL_TABLES,NO_ZERO_IN_DATE,NO_ZERO_DATE,ERROR_FOR_DIVISION_BY_ZERO,TRADITIONAL,NO_ENGINE_SUBSTITUTION {{(pid=99993) _check_effective_sql_mode /opt/stack/data/venv/lib/python3.12/site-packages/oslo_db/sqlalchemy/engines.py:325}}
Feb 17 02:21:41.141686 np0000155888 devstack@n-api.service[99994]: DEBUG dbcounter [-] [99994] Writer thread running {{(pid=99994) stat_writer /opt/stack/data/venv/lib/python3.12/site-packages/dbcounter.py:102}}
Feb 17 02:21:41.144321 np0000155888 devstack@n-api.service[99994]: DEBUG nova.context [None req-2281a436-ee7a-4705-aa7e-020b31fd807d None None] Found 2 cells: 00000000-0000-0000-0000-000000000000(cell0),c3af11de-4cc6-410b-9b53-e158b460f6c4(cell1) {{(pid=99994) load_cells /opt/stack/nova/nova/context.py:509}}
Feb 17 02:21:41.144612 np0000155888 devstack@n-api.service[99994]: INFO nova.utils [None req-2281a436-ee7a-4705-aa7e-020b31fd807d None None] The cell worker thread pool MainProcess.cell_worker is initialized
Feb 17 02:21:41.146436 np0000155888 devstack@n-api.service[99994]: DEBUG oslo_concurrency.lockutils [None req-2281a436-ee7a-4705-aa7e-020b31fd807d None None] Acquiring lock "00000000-0000-0000-0000-000000000000" by "nova.context.set_target_cell..get_or_set_cached_cell_and_set_connections" {{(pid=99994) inner /opt/stack/data/venv/lib/python3.12/site-packages/oslo_concurrency/lockutils.py:506}}
Feb 17 02:21:41.146656 np0000155888 devstack@n-api.service[99994]: DEBUG oslo_concurrency.lockutils [None req-2281a436-ee7a-4705-aa7e-020b31fd807d None None] Lock "00000000-0000-0000-0000-000000000000" acquired by "nova.context.set_target_cell..get_or_set_cached_cell_and_set_connections" :: waited 0.000s {{(pid=99994) inner /opt/stack/data/venv/lib/python3.12/site-packages/oslo_concurrency/lockutils.py:519}}
Feb 17 02:21:41.146988 np0000155888 devstack@n-api.service[99994]: DEBUG oslo_concurrency.lockutils [None req-2281a436-ee7a-4705-aa7e-020b31fd807d None None] Lock "00000000-0000-0000-0000-000000000000" "released" by "nova.context.set_target_cell..get_or_set_cached_cell_and_set_connections" :: held 0.000s {{(pid=99994) inner /opt/stack/data/venv/lib/python3.12/site-packages/oslo_concurrency/lockutils.py:538}}
Feb 17 02:21:41.147898 np0000155888 devstack@n-api.service[99994]: DEBUG oslo_concurrency.lockutils [None req-2281a436-ee7a-4705-aa7e-020b31fd807d None None] Acquiring lock "c3af11de-4cc6-410b-9b53-e158b460f6c4" by "nova.context.set_target_cell..get_or_set_cached_cell_and_set_connections" {{(pid=99994) inner /opt/stack/data/venv/lib/python3.12/site-packages/oslo_concurrency/lockutils.py:506}}
Feb 17 02:21:41.148093 np0000155888 devstack@n-api.service[99994]: DEBUG oslo_concurrency.lockutils [None req-2281a436-ee7a-4705-aa7e-020b31fd807d None None] Lock "c3af11de-4cc6-410b-9b53-e158b460f6c4" acquired by "nova.context.set_target_cell..get_or_set_cached_cell_and_set_connections" :: waited 0.000s {{(pid=99994) inner /opt/stack/data/venv/lib/python3.12/site-packages/oslo_concurrency/lockutils.py:519}}
Feb 17 02:21:41.149218 np0000155888 devstack@n-api.service[99994]: DEBUG oslo_concurrency.lockutils [None req-2281a436-ee7a-4705-aa7e-020b31fd807d None None] Lock "c3af11de-4cc6-410b-9b53-e158b460f6c4" "released" by "nova.context.set_target_cell..get_or_set_cached_cell_and_set_connections" :: held 0.001s {{(pid=99994) inner /opt/stack/data/venv/lib/python3.12/site-packages/oslo_concurrency/lockutils.py:538}}
Feb 17 02:21:41.151702 np0000155888 devstack@n-api.service[99994]: INFO dbcounter [None req-2281a436-ee7a-4705-aa7e-020b31fd807d None None] Registered counter for database nova_cell0
Feb 17 02:21:41.151841 np0000155888 devstack@n-api.service[99993]: DEBUG oslo_db.sqlalchemy.engines [None req-7bec2f06-3fae-45a9-9142-43255857c0ee None None] MySQL server mode set to STRICT_TRANS_TABLES,STRICT_ALL_TABLES,NO_ZERO_IN_DATE,NO_ZERO_DATE,ERROR_FOR_DIVISION_BY_ZERO,TRADITIONAL,NO_ENGINE_SUBSTITUTION {{(pid=99993) _check_effective_sql_mode /opt/stack/data/venv/lib/python3.12/site-packages/oslo_db/sqlalchemy/engines.py:325}}
Feb 17 02:21:41.154786 np0000155888 devstack@n-api.service[99994]: INFO dbcounter [None req-2281a436-ee7a-4705-aa7e-020b31fd807d None None] Registered counter for database nova_cell1
Feb 17 02:21:41.164505 np0000155888 devstack@n-api.service[99994]: DEBUG oslo_db.sqlalchemy.engines [None req-2281a436-ee7a-4705-aa7e-020b31fd807d None None] MySQL server mode set to STRICT_TRANS_TABLES,STRICT_ALL_TABLES,NO_ZERO_IN_DATE,NO_ZERO_DATE,ERROR_FOR_DIVISION_BY_ZERO,TRADITIONAL,NO_ENGINE_SUBSTITUTION {{(pid=99994) _check_effective_sql_mode /opt/stack/data/venv/lib/python3.12/site-packages/oslo_db/sqlalchemy/engines.py:325}}
Feb 17 02:21:41.175686 np0000155888 devstack@n-api.service[99994]: DEBUG oslo_db.sqlalchemy.engines [None req-2281a436-ee7a-4705-aa7e-020b31fd807d None None] MySQL server mode set to STRICT_TRANS_TABLES,STRICT_ALL_TABLES,NO_ZERO_IN_DATE,NO_ZERO_DATE,ERROR_FOR_DIVISION_BY_ZERO,TRADITIONAL,NO_ENGINE_SUBSTITUTION {{(pid=99994) _check_effective_sql_mode /opt/stack/data/venv/lib/python3.12/site-packages/oslo_db/sqlalchemy/engines.py:325}}
Feb 17 02:21:41.197187 np0000155888 devstack@n-api.service[99995]: DEBUG dbcounter [-] [99995] Writer thread running {{(pid=99995) stat_writer /opt/stack/data/venv/lib/python3.12/site-packages/dbcounter.py:102}}
Feb 17 02:21:41.197948 np0000155888 devstack@n-api.service[99995]: DEBUG dbcounter [-] [99995] Writer thread running {{(pid=99995) stat_writer /opt/stack/data/venv/lib/python3.12/site-packages/dbcounter.py:102}}
Feb 17 02:21:41.204711 np0000155888 devstack@n-api.service[99995]: INFO dbcounter [None req-a8bf05d3-9d16-4c17-92d4-befd0eca899c None None] Registered counter for database nova_cell0
Feb 17 02:21:41.219913 np0000155888 devstack@n-api.service[99995]: DEBUG oslo_db.sqlalchemy.engines [None req-a8bf05d3-9d16-4c17-92d4-befd0eca899c None None] MySQL server mode set to STRICT_TRANS_TABLES,STRICT_ALL_TABLES,NO_ZERO_IN_DATE,NO_ZERO_DATE,ERROR_FOR_DIVISION_BY_ZERO,TRADITIONAL,NO_ENGINE_SUBSTITUTION {{(pid=99995) _check_effective_sql_mode /opt/stack/data/venv/lib/python3.12/site-packages/oslo_db/sqlalchemy/engines.py:325}}
Feb 17 02:21:41.228109 np0000155888 devstack@n-api.service[99995]: DEBUG dbcounter [-] [99995] Writer thread running {{(pid=99995) stat_writer /opt/stack/data/venv/lib/python3.12/site-packages/dbcounter.py:102}}
Feb 17 02:21:41.242173 np0000155888 devstack@n-api.service[99993]: DEBUG dbcounter [-] [99993] Writer thread running {{(pid=99993) stat_writer /opt/stack/data/venv/lib/python3.12/site-packages/dbcounter.py:102}}
Feb 17 02:21:41.250521 np0000155888 devstack@n-api.service[99993]: DEBUG dbcounter [-] [99993] Writer thread running {{(pid=99993) stat_writer /opt/stack/data/venv/lib/python3.12/site-packages/dbcounter.py:102}}
Feb 17 02:21:41.254859 np0000155888 devstack@n-api.service[99993]: INFO dbcounter [None req-7bec2f06-3fae-45a9-9142-43255857c0ee None None] Registered counter for database nova_cell0
Feb 17 02:21:41.257516 np0000155888 devstack@n-api.service[99994]: DEBUG dbcounter [-] [99994] Writer thread running {{(pid=99994) stat_writer /opt/stack/data/venv/lib/python3.12/site-packages/dbcounter.py:102}}
Feb 17 02:21:41.264438 np0000155888 devstack@n-api.service[99994]: DEBUG dbcounter [-] [99994] Writer thread running {{(pid=99994) stat_writer /opt/stack/data/venv/lib/python3.12/site-packages/dbcounter.py:102}}
Feb 17 02:21:41.267725 np0000155888 devstack@n-api.service[99993]: DEBUG oslo_db.sqlalchemy.engines [None req-7bec2f06-3fae-45a9-9142-43255857c0ee None None] MySQL server mode set to STRICT_TRANS_TABLES,STRICT_ALL_TABLES,NO_ZERO_IN_DATE,NO_ZERO_DATE,ERROR_FOR_DIVISION_BY_ZERO,TRADITIONAL,NO_ENGINE_SUBSTITUTION {{(pid=99993) _check_effective_sql_mode /opt/stack/data/venv/lib/python3.12/site-packages/oslo_db/sqlalchemy/engines.py:325}}
Feb 17 02:21:41.280629 np0000155888 devstack@n-api.service[99993]: DEBUG dbcounter [-] [99993] Writer thread running {{(pid=99993) stat_writer /opt/stack/data/venv/lib/python3.12/site-packages/dbcounter.py:102}}
Feb 17 02:21:41.328283 np0000155888 devstack@n-api.service[99996]: INFO dbcounter [None req-12dbc2d8-c87a-4769-9ece-7c1b99ce0fc5 None None] Registered counter for database nova_api
Feb 17 02:21:41.336055 np0000155888 devstack@n-api.service[99994]: INFO dbcounter [None req-2281a436-ee7a-4705-aa7e-020b31fd807d None None] Registered counter for database nova_cell0
Feb 17 02:21:41.344700 np0000155888 devstack@n-api.service[99996]: DEBUG oslo_db.sqlalchemy.engines [None req-12dbc2d8-c87a-4769-9ece-7c1b99ce0fc5 None None] MySQL server mode set to STRICT_TRANS_TABLES,STRICT_ALL_TABLES,NO_ZERO_IN_DATE,NO_ZERO_DATE,ERROR_FOR_DIVISION_BY_ZERO,TRADITIONAL,NO_ENGINE_SUBSTITUTION {{(pid=99996) _check_effective_sql_mode /opt/stack/data/venv/lib/python3.12/site-packages/oslo_db/sqlalchemy/engines.py:325}}
Feb 17 02:21:41.349447 np0000155888 devstack@n-api.service[99994]: DEBUG oslo_db.sqlalchemy.engines [None req-2281a436-ee7a-4705-aa7e-020b31fd807d None None] MySQL server mode set to STRICT_TRANS_TABLES,STRICT_ALL_TABLES,NO_ZERO_IN_DATE,NO_ZERO_DATE,ERROR_FOR_DIVISION_BY_ZERO,TRADITIONAL,NO_ENGINE_SUBSTITUTION {{(pid=99994) _check_effective_sql_mode /opt/stack/data/venv/lib/python3.12/site-packages/oslo_db/sqlalchemy/engines.py:325}}
Feb 17 02:21:41.361028 np0000155888 devstack@n-api.service[99994]: DEBUG dbcounter [-] [99994] Writer thread running {{(pid=99994) stat_writer /opt/stack/data/venv/lib/python3.12/site-packages/dbcounter.py:102}}
Feb 17 02:21:41.384401 np0000155888 devstack@n-api.service[99996]: DEBUG dbcounter [-] [99996] Writer thread running {{(pid=99996) stat_writer /opt/stack/data/venv/lib/python3.12/site-packages/dbcounter.py:102}}
Feb 17 02:21:41.387685 np0000155888 devstack@n-api.service[99996]: DEBUG nova.context [None req-12dbc2d8-c87a-4769-9ece-7c1b99ce0fc5 None None] Found 2 cells: 00000000-0000-0000-0000-000000000000(cell0),c3af11de-4cc6-410b-9b53-e158b460f6c4(cell1) {{(pid=99996) load_cells /opt/stack/nova/nova/context.py:509}}
Feb 17 02:21:41.387918 np0000155888 devstack@n-api.service[99996]: INFO nova.utils [None req-12dbc2d8-c87a-4769-9ece-7c1b99ce0fc5 None None] The cell worker thread pool MainProcess.cell_worker is initialized
Feb 17 02:21:41.389960 np0000155888 devstack@n-api.service[99996]: DEBUG oslo_concurrency.lockutils [None req-12dbc2d8-c87a-4769-9ece-7c1b99ce0fc5 None None] Acquiring lock "00000000-0000-0000-0000-000000000000" by "nova.context.set_target_cell..get_or_set_cached_cell_and_set_connections" {{(pid=99996) inner /opt/stack/data/venv/lib/python3.12/site-packages/oslo_concurrency/lockutils.py:506}}
Feb 17 02:21:41.390141 np0000155888 devstack@n-api.service[99996]: DEBUG oslo_concurrency.lockutils [None req-12dbc2d8-c87a-4769-9ece-7c1b99ce0fc5 None None] Lock "00000000-0000-0000-0000-000000000000" acquired by "nova.context.set_target_cell..get_or_set_cached_cell_and_set_connections" :: waited 0.000s {{(pid=99996) inner /opt/stack/data/venv/lib/python3.12/site-packages/oslo_concurrency/lockutils.py:519}}
Feb 17 02:21:41.390560 np0000155888 devstack@n-api.service[99996]: DEBUG oslo_concurrency.lockutils [None req-12dbc2d8-c87a-4769-9ece-7c1b99ce0fc5 None None] Lock "00000000-0000-0000-0000-000000000000" "released" by "nova.context.set_target_cell..get_or_set_cached_cell_and_set_connections" :: held 0.000s {{(pid=99996) inner /opt/stack/data/venv/lib/python3.12/site-packages/oslo_concurrency/lockutils.py:538}}
Feb 17 02:21:41.391336 np0000155888 devstack@n-api.service[99996]: DEBUG oslo_concurrency.lockutils [None req-12dbc2d8-c87a-4769-9ece-7c1b99ce0fc5 None None] Acquiring lock "c3af11de-4cc6-410b-9b53-e158b460f6c4" by "nova.context.set_target_cell..get_or_set_cached_cell_and_set_connections" {{(pid=99996) inner /opt/stack/data/venv/lib/python3.12/site-packages/oslo_concurrency/lockutils.py:506}}
Feb 17 02:21:41.391512 np0000155888 devstack@n-api.service[99996]: DEBUG oslo_concurrency.lockutils [None req-12dbc2d8-c87a-4769-9ece-7c1b99ce0fc5 None None] Lock "c3af11de-4cc6-410b-9b53-e158b460f6c4" acquired by "nova.context.set_target_cell..get_or_set_cached_cell_and_set_connections" :: waited 0.000s {{(pid=99996) inner /opt/stack/data/venv/lib/python3.12/site-packages/oslo_concurrency/lockutils.py:519}}
Feb 17 02:21:41.392654 np0000155888 devstack@n-api.service[99996]: DEBUG oslo_concurrency.lockutils [None req-12dbc2d8-c87a-4769-9ece-7c1b99ce0fc5 None None] Lock "c3af11de-4cc6-410b-9b53-e158b460f6c4" "released" by "nova.context.set_target_cell..get_or_set_cached_cell_and_set_connections" :: held 0.001s {{(pid=99996) inner /opt/stack/data/venv/lib/python3.12/site-packages/oslo_concurrency/lockutils.py:538}}
Feb 17 02:21:41.396282 np0000155888 devstack@n-api.service[99996]: INFO dbcounter [None req-12dbc2d8-c87a-4769-9ece-7c1b99ce0fc5 None None] Registered counter for database nova_cell0
Feb 17 02:21:41.402603 np0000155888 devstack@n-api.service[99996]: INFO dbcounter [None req-12dbc2d8-c87a-4769-9ece-7c1b99ce0fc5 None None] Registered counter for database nova_cell1
Feb 17 02:21:41.412760 np0000155888 devstack@n-api.service[99996]: DEBUG oslo_db.sqlalchemy.engines [None req-12dbc2d8-c87a-4769-9ece-7c1b99ce0fc5 None None] MySQL server mode set to STRICT_TRANS_TABLES,STRICT_ALL_TABLES,NO_ZERO_IN_DATE,NO_ZERO_DATE,ERROR_FOR_DIVISION_BY_ZERO,TRADITIONAL,NO_ENGINE_SUBSTITUTION {{(pid=99996) _check_effective_sql_mode /opt/stack/data/venv/lib/python3.12/site-packages/oslo_db/sqlalchemy/engines.py:325}}
Feb 17 02:21:41.421511 np0000155888 devstack@n-api.service[99996]: DEBUG oslo_db.sqlalchemy.engines [None req-12dbc2d8-c87a-4769-9ece-7c1b99ce0fc5 None None] MySQL server mode set to STRICT_TRANS_TABLES,STRICT_ALL_TABLES,NO_ZERO_IN_DATE,NO_ZERO_DATE,ERROR_FOR_DIVISION_BY_ZERO,TRADITIONAL,NO_ENGINE_SUBSTITUTION {{(pid=99996) _check_effective_sql_mode /opt/stack/data/venv/lib/python3.12/site-packages/oslo_db/sqlalchemy/engines.py:325}}
Feb 17 02:21:41.513061 np0000155888 devstack@n-api.service[99996]: DEBUG dbcounter [-] [99996] Writer thread running {{(pid=99996) stat_writer /opt/stack/data/venv/lib/python3.12/site-packages/dbcounter.py:102}}
Feb 17 02:21:41.517196 np0000155888 devstack@n-api.service[99996]: DEBUG dbcounter [-] [99996] Writer thread running {{(pid=99996) stat_writer /opt/stack/data/venv/lib/python3.12/site-packages/dbcounter.py:102}}
Feb 17 02:21:41.523289 np0000155888 devstack@n-api.service[99996]: INFO dbcounter [None req-12dbc2d8-c87a-4769-9ece-7c1b99ce0fc5 None None] Registered counter for database nova_cell0
Feb 17 02:21:41.533726 np0000155888 devstack@n-api.service[99996]: DEBUG oslo_db.sqlalchemy.engines [None req-12dbc2d8-c87a-4769-9ece-7c1b99ce0fc5 None None] MySQL server mode set to STRICT_TRANS_TABLES,STRICT_ALL_TABLES,NO_ZERO_IN_DATE,NO_ZERO_DATE,ERROR_FOR_DIVISION_BY_ZERO,TRADITIONAL,NO_ENGINE_SUBSTITUTION {{(pid=99996) _check_effective_sql_mode /opt/stack/data/venv/lib/python3.12/site-packages/oslo_db/sqlalchemy/engines.py:325}}
Feb 17 02:21:41.545190 np0000155888 devstack@n-api.service[99996]: DEBUG dbcounter [-] [99996] Writer thread running {{(pid=99996) stat_writer /opt/stack/data/venv/lib/python3.12/site-packages/dbcounter.py:102}}
Feb 17 02:21:41.698465 np0000155888 devstack@n-api.service[99993]: DEBUG oslo_concurrency.processutils [None req-7bec2f06-3fae-45a9-9142-43255857c0ee None None] Running cmd (subprocess): grep -F node.session.scan /sbin/iscsiadm {{(pid=99993) execute /opt/stack/data/venv/lib/python3.12/site-packages/oslo_concurrency/processutils.py:368}}
Feb 17 02:21:41.699548 np0000155888 devstack@n-api.service[99995]: DEBUG oslo_concurrency.processutils [None req-a8bf05d3-9d16-4c17-92d4-befd0eca899c None None] Running cmd (subprocess): grep -F node.session.scan /sbin/iscsiadm {{(pid=99995) execute /opt/stack/data/venv/lib/python3.12/site-packages/oslo_concurrency/processutils.py:368}}
Feb 17 02:21:41.717149 np0000155888 devstack@n-api.service[99994]: DEBUG oslo_concurrency.processutils [None req-2281a436-ee7a-4705-aa7e-020b31fd807d None None] Running cmd (subprocess): grep -F node.session.scan /sbin/iscsiadm {{(pid=99994) execute /opt/stack/data/venv/lib/python3.12/site-packages/oslo_concurrency/processutils.py:368}}
Feb 17 02:21:41.717538 np0000155888 devstack@n-api.service[99995]: DEBUG oslo_concurrency.processutils [None req-a8bf05d3-9d16-4c17-92d4-befd0eca899c None None] CMD "grep -F node.session.scan /sbin/iscsiadm" returned: 0 in 0.018s {{(pid=99995) execute /opt/stack/data/venv/lib/python3.12/site-packages/oslo_concurrency/processutils.py:396}}
Feb 17 02:21:41.717655 np0000155888 devstack@n-api.service[99993]: DEBUG oslo_concurrency.processutils [None req-7bec2f06-3fae-45a9-9142-43255857c0ee None None] CMD "grep -F node.session.scan /sbin/iscsiadm" returned: 0 in 0.019s {{(pid=99993) execute /opt/stack/data/venv/lib/python3.12/site-packages/oslo_concurrency/processutils.py:396}}
Feb 17 02:21:41.733242 np0000155888 devstack@n-api.service[99994]: DEBUG oslo_concurrency.processutils [None req-2281a436-ee7a-4705-aa7e-020b31fd807d None None] CMD "grep -F node.session.scan /sbin/iscsiadm" returned: 0 in 0.016s {{(pid=99994) execute /opt/stack/data/venv/lib/python3.12/site-packages/oslo_concurrency/processutils.py:396}}
Feb 17 02:21:41.912761 np0000155888 devstack@n-api.service[99996]: DEBUG oslo_concurrency.processutils [None req-12dbc2d8-c87a-4769-9ece-7c1b99ce0fc5 None None] Running cmd (subprocess): grep -F node.session.scan /sbin/iscsiadm {{(pid=99996) execute /opt/stack/data/venv/lib/python3.12/site-packages/oslo_concurrency/processutils.py:368}}
Feb 17 02:21:41.936652 np0000155888 devstack@n-api.service[99996]: DEBUG oslo_concurrency.processutils [None req-12dbc2d8-c87a-4769-9ece-7c1b99ce0fc5 None None] CMD "grep -F node.session.scan /sbin/iscsiadm" returned: 0 in 0.024s {{(pid=99996) execute /opt/stack/data/venv/lib/python3.12/site-packages/oslo_concurrency/processutils.py:396}}
Feb 17 02:21:42.090225 np0000155888 devstack@n-api.service[99995]: WARNING keystonemiddleware.auth_token [None req-a8bf05d3-9d16-4c17-92d4-befd0eca899c None None] AuthToken middleware is set with keystone_authtoken.service_token_roles_required set to False. This is backwards compatible but deprecated behaviour. Please set this to True.
Feb 17 02:21:42.090915 np0000155888 devstack@n-api.service[99994]: WARNING keystonemiddleware.auth_token [None req-2281a436-ee7a-4705-aa7e-020b31fd807d None None] AuthToken middleware is set with keystone_authtoken.service_token_roles_required set to False. This is backwards compatible but deprecated behaviour. Please set this to True.
Feb 17 02:21:42.091561 np0000155888 devstack@n-api.service[99993]: WARNING keystonemiddleware.auth_token [None req-7bec2f06-3fae-45a9-9142-43255857c0ee None None] AuthToken middleware is set with keystone_authtoken.service_token_roles_required set to False. This is backwards compatible but deprecated behaviour. Please set this to True.
Feb 17 02:21:42.094190 np0000155888 devstack@n-api.service[99995]: WARNING keystonemiddleware.auth_token [None req-a8bf05d3-9d16-4c17-92d4-befd0eca899c None None] Configuring www_authenticate_uri to point to the public identity endpoint is required; clients may not be able to authenticate against an admin endpoint
Feb 17 02:21:42.094525 np0000155888 devstack@n-api.service[99994]: WARNING keystonemiddleware.auth_token [None req-2281a436-ee7a-4705-aa7e-020b31fd807d None None] Configuring www_authenticate_uri to point to the public identity endpoint is required; clients may not be able to authenticate against an admin endpoint
Feb 17 02:21:42.095741 np0000155888 devstack@n-api.service[99993]: WARNING keystonemiddleware.auth_token [None req-7bec2f06-3fae-45a9-9142-43255857c0ee None None] Configuring www_authenticate_uri to point to the public identity endpoint is required; clients may not be able to authenticate against an admin endpoint
Feb 17 02:21:42.280060 np0000155888 devstack@n-api.service[99994]: WARNING keystonemiddleware.auth_token [None req-2281a436-ee7a-4705-aa7e-020b31fd807d None None] AuthToken middleware is set with keystone_authtoken.service_token_roles_required set to False. This is backwards compatible but deprecated behaviour. Please set this to True.
Feb 17 02:21:42.282956 np0000155888 devstack@n-api.service[99994]: WARNING keystonemiddleware.auth_token [None req-2281a436-ee7a-4705-aa7e-020b31fd807d None None] Configuring www_authenticate_uri to point to the public identity endpoint is required; clients may not be able to authenticate against an admin endpoint
Feb 17 02:21:42.285430 np0000155888 devstack@n-api.service[99994]: DEBUG nova.api.openstack.wsgi_app [None req-2281a436-ee7a-4705-aa7e-020b31fd807d None None] ******************************************************************************** {{(pid=99994) log_opt_values /opt/stack/data/venv/lib/python3.12/site-packages/oslo_config/cfg.py:2804}}
Feb 17 02:21:42.285562 np0000155888 devstack@n-api.service[99994]: DEBUG nova.api.openstack.wsgi_app [None req-2281a436-ee7a-4705-aa7e-020b31fd807d None None] Configuration options gathered from: {{(pid=99994) log_opt_values /opt/stack/data/venv/lib/python3.12/site-packages/oslo_config/cfg.py:2805}}
Feb 17 02:21:42.285838 np0000155888 devstack@n-api.service[99994]: DEBUG nova.api.openstack.wsgi_app [None req-2281a436-ee7a-4705-aa7e-020b31fd807d None None] command line args: [] {{(pid=99994) log_opt_values /opt/stack/data/venv/lib/python3.12/site-packages/oslo_config/cfg.py:2806}}
Feb 17 02:21:42.285947 np0000155888 devstack@n-api.service[99994]: DEBUG nova.api.openstack.wsgi_app [None req-2281a436-ee7a-4705-aa7e-020b31fd807d None None] config files: ['/etc/nova/api-paste.ini', '/etc/nova/nova.conf'] {{(pid=99994) log_opt_values /opt/stack/data/venv/lib/python3.12/site-packages/oslo_config/cfg.py:2807}}
Feb 17 02:21:42.286045 np0000155888 devstack@n-api.service[99994]: DEBUG nova.api.openstack.wsgi_app [None req-2281a436-ee7a-4705-aa7e-020b31fd807d None None] ================================================================================ {{(pid=99994) log_opt_values /opt/stack/data/venv/lib/python3.12/site-packages/oslo_config/cfg.py:2809}}
Feb 17 02:21:42.286258 np0000155888 devstack@n-api.service[99994]: DEBUG nova.api.openstack.wsgi_app [None req-2281a436-ee7a-4705-aa7e-020b31fd807d None None] allow_resize_to_same_host = True {{(pid=99994) log_opt_values /opt/stack/data/venv/lib/python3.12/site-packages/oslo_config/cfg.py:2817}}
Feb 17 02:21:42.286450 np0000155888 devstack@n-api.service[99994]: DEBUG nova.api.openstack.wsgi_app [None req-2281a436-ee7a-4705-aa7e-020b31fd807d None None] arq_binding_timeout = 300 {{(pid=99994) log_opt_values /opt/stack/data/venv/lib/python3.12/site-packages/oslo_config/cfg.py:2817}}
Feb 17 02:21:42.286613 np0000155888 devstack@n-api.service[99994]: DEBUG nova.api.openstack.wsgi_app [None req-2281a436-ee7a-4705-aa7e-020b31fd807d None None] block_device_allocate_retries = 60 {{(pid=99994) log_opt_values /opt/stack/data/venv/lib/python3.12/site-packages/oslo_config/cfg.py:2817}}
Feb 17 02:21:42.286613 np0000155888 devstack@n-api.service[99994]: DEBUG nova.api.openstack.wsgi_app [None req-2281a436-ee7a-4705-aa7e-020b31fd807d None None] block_device_allocate_retries_interval = 3 {{(pid=99994) log_opt_values /opt/stack/data/venv/lib/python3.12/site-packages/oslo_config/cfg.py:2817}}
Feb 17 02:21:42.286876 np0000155888 devstack@n-api.service[99994]: DEBUG nova.api.openstack.wsgi_app [None req-2281a436-ee7a-4705-aa7e-020b31fd807d None None] cell_worker_thread_pool_size = 5 {{(pid=99994) log_opt_values /opt/stack/data/venv/lib/python3.12/site-packages/oslo_config/cfg.py:2817}}
Feb 17 02:21:42.286876 np0000155888 devstack@n-api.service[99994]: DEBUG nova.api.openstack.wsgi_app [None req-2281a436-ee7a-4705-aa7e-020b31fd807d None None] cert = self.pem {{(pid=99994) log_opt_values /opt/stack/data/venv/lib/python3.12/site-packages/oslo_config/cfg.py:2817}}
Feb 17 02:21:42.287082 np0000155888 devstack@n-api.service[99994]: DEBUG nova.api.openstack.wsgi_app [None req-2281a436-ee7a-4705-aa7e-020b31fd807d None None] compute_driver = libvirt.LibvirtDriver {{(pid=99994) log_opt_values /opt/stack/data/venv/lib/python3.12/site-packages/oslo_config/cfg.py:2817}}
Feb 17 02:21:42.287220 np0000155888 devstack@n-api.service[99994]: DEBUG nova.api.openstack.wsgi_app [None req-2281a436-ee7a-4705-aa7e-020b31fd807d None None] compute_monitors = [] {{(pid=99994) log_opt_values /opt/stack/data/venv/lib/python3.12/site-packages/oslo_config/cfg.py:2817}}
Feb 17 02:21:42.287338 np0000155888 devstack@n-api.service[99993]: WARNING keystonemiddleware.auth_token [None req-7bec2f06-3fae-45a9-9142-43255857c0ee None None] AuthToken middleware is set with keystone_authtoken.service_token_roles_required set to False. This is backwards compatible but deprecated behaviour. Please set this to True.
Feb 17 02:21:42.287517 np0000155888 devstack@n-api.service[99994]: DEBUG nova.api.openstack.wsgi_app [None req-2281a436-ee7a-4705-aa7e-020b31fd807d None None] config_dir = [] {{(pid=99994) log_opt_values /opt/stack/data/venv/lib/python3.12/site-packages/oslo_config/cfg.py:2817}}
Feb 17 02:21:42.287517 np0000155888 devstack@n-api.service[99994]: DEBUG nova.api.openstack.wsgi_app [None req-2281a436-ee7a-4705-aa7e-020b31fd807d None None] config_drive_format = iso9660 {{(pid=99994) log_opt_values /opt/stack/data/venv/lib/python3.12/site-packages/oslo_config/cfg.py:2817}}
Feb 17 02:21:42.287517 np0000155888 devstack@n-api.service[99994]: DEBUG nova.api.openstack.wsgi_app [None req-2281a436-ee7a-4705-aa7e-020b31fd807d None None] config_file = ['/etc/nova/api-paste.ini', '/etc/nova/nova.conf'] {{(pid=99994) log_opt_values /opt/stack/data/venv/lib/python3.12/site-packages/oslo_config/cfg.py:2817}}
Feb 17 02:21:42.287842 np0000155888 devstack@n-api.service[99994]: DEBUG nova.api.openstack.wsgi_app [None req-2281a436-ee7a-4705-aa7e-020b31fd807d None None] config_source = [] {{(pid=99994) log_opt_values /opt/stack/data/venv/lib/python3.12/site-packages/oslo_config/cfg.py:2817}}
Feb 17 02:21:42.287842 np0000155888 devstack@n-api.service[99994]: DEBUG nova.api.openstack.wsgi_app [None req-2281a436-ee7a-4705-aa7e-020b31fd807d None None] console_host = np0000155888 {{(pid=99994) log_opt_values /opt/stack/data/venv/lib/python3.12/site-packages/oslo_config/cfg.py:2817}}
Feb 17 02:21:42.287842 np0000155888 devstack@n-api.service[99994]: DEBUG nova.api.openstack.wsgi_app [None req-2281a436-ee7a-4705-aa7e-020b31fd807d None None] control_exchange = nova {{(pid=99994) log_opt_values /opt/stack/data/venv/lib/python3.12/site-packages/oslo_config/cfg.py:2817}}
Feb 17 02:21:42.288103 np0000155888 devstack@n-api.service[99994]: DEBUG nova.api.openstack.wsgi_app [None req-2281a436-ee7a-4705-aa7e-020b31fd807d None None] cpu_allocation_ratio = None {{(pid=99994) log_opt_values /opt/stack/data/venv/lib/python3.12/site-packages/oslo_config/cfg.py:2817}}
Feb 17 02:21:42.288103 np0000155888 devstack@n-api.service[99994]: DEBUG nova.api.openstack.wsgi_app [None req-2281a436-ee7a-4705-aa7e-020b31fd807d None None] daemon = False {{(pid=99994) log_opt_values /opt/stack/data/venv/lib/python3.12/site-packages/oslo_config/cfg.py:2817}}
Feb 17 02:21:42.288225 np0000155888 devstack@n-api.service[99994]: DEBUG nova.api.openstack.wsgi_app [None req-2281a436-ee7a-4705-aa7e-020b31fd807d None None] debug = True {{(pid=99994) log_opt_values /opt/stack/data/venv/lib/python3.12/site-packages/oslo_config/cfg.py:2817}}
Feb 17 02:21:42.288438 np0000155888 devstack@n-api.service[99994]: DEBUG nova.api.openstack.wsgi_app [None req-2281a436-ee7a-4705-aa7e-020b31fd807d None None] default_access_ip_network_name = None {{(pid=99994) log_opt_values /opt/stack/data/venv/lib/python3.12/site-packages/oslo_config/cfg.py:2817}}
Feb 17 02:21:42.288561 np0000155888 devstack@n-api.service[99994]: DEBUG nova.api.openstack.wsgi_app [None req-2281a436-ee7a-4705-aa7e-020b31fd807d None None] default_availability_zone = nova {{(pid=99994) log_opt_values /opt/stack/data/venv/lib/python3.12/site-packages/oslo_config/cfg.py:2817}}
Feb 17 02:21:42.288684 np0000155888 devstack@n-api.service[99994]: DEBUG nova.api.openstack.wsgi_app [None req-2281a436-ee7a-4705-aa7e-020b31fd807d None None] default_ephemeral_format = ext4 {{(pid=99994) log_opt_values /opt/stack/data/venv/lib/python3.12/site-packages/oslo_config/cfg.py:2817}}
Feb 17 02:21:42.288810 np0000155888 devstack@n-api.service[99994]: DEBUG nova.api.openstack.wsgi_app [None req-2281a436-ee7a-4705-aa7e-020b31fd807d None None] default_green_pool_size = 1000 {{(pid=99994) log_opt_values /opt/stack/data/venv/lib/python3.12/site-packages/oslo_config/cfg.py:2817}}
Feb 17 02:21:42.288922 np0000155888 devstack@n-api.service[99994]: DEBUG nova.api.openstack.wsgi_app [None req-2281a436-ee7a-4705-aa7e-020b31fd807d None None] default_log_levels = ['amqp=WARN', 'boto=WARN', 'sqlalchemy=WARN', 'suds=INFO', 'oslo.messaging=INFO', 'oslo_messaging=INFO', 'iso8601=WARN', 'requests.packages.urllib3.connectionpool=WARN', 'urllib3.connectionpool=WARN', 'websocket=WARN', 'requests.packages.urllib3.util.retry=WARN', 'urllib3.util.retry=WARN', 'keystonemiddleware=WARN', 'routes.middleware=WARN', 'stevedore=WARN', 'taskflow=WARN', 'keystoneauth=WARN', 'oslo.cache=INFO', 'oslo_policy=INFO', 'dogpile.core.dogpile=INFO', 'glanceclient=WARN', 'oslo.privsep.daemon=INFO'] {{(pid=99994) log_opt_values /opt/stack/data/venv/lib/python3.12/site-packages/oslo_config/cfg.py:2817}}
Feb 17 02:21:42.289058 np0000155888 devstack@n-api.service[99994]: DEBUG nova.api.openstack.wsgi_app [None req-2281a436-ee7a-4705-aa7e-020b31fd807d None None] default_schedule_zone = None {{(pid=99994) log_opt_values /opt/stack/data/venv/lib/python3.12/site-packages/oslo_config/cfg.py:2817}}
Feb 17 02:21:42.289276 np0000155888 devstack@n-api.service[99994]: DEBUG nova.api.openstack.wsgi_app [None req-2281a436-ee7a-4705-aa7e-020b31fd807d None None] default_thread_pool_size = 10 {{(pid=99994) log_opt_values /opt/stack/data/venv/lib/python3.12/site-packages/oslo_config/cfg.py:2817}}
Feb 17 02:21:42.289438 np0000155888 devstack@n-api.service[99994]: DEBUG nova.api.openstack.wsgi_app [None req-2281a436-ee7a-4705-aa7e-020b31fd807d None None] disk_allocation_ratio = None {{(pid=99994) log_opt_values /opt/stack/data/venv/lib/python3.12/site-packages/oslo_config/cfg.py:2817}}
Feb 17 02:21:42.289549 np0000155888 devstack@n-api.service[99994]: DEBUG nova.api.openstack.wsgi_app [None req-2281a436-ee7a-4705-aa7e-020b31fd807d None None] enable_new_services = True {{(pid=99994) log_opt_values /opt/stack/data/venv/lib/python3.12/site-packages/oslo_config/cfg.py:2817}}
Feb 17 02:21:42.289688 np0000155888 devstack@n-api.service[99994]: DEBUG nova.api.openstack.wsgi_app [None req-2281a436-ee7a-4705-aa7e-020b31fd807d None None] flat_injected = False {{(pid=99994) log_opt_values /opt/stack/data/venv/lib/python3.12/site-packages/oslo_config/cfg.py:2817}}
Feb 17 02:21:42.289797 np0000155888 devstack@n-api.service[99994]: DEBUG nova.api.openstack.wsgi_app [None req-2281a436-ee7a-4705-aa7e-020b31fd807d None None] force_config_drive = False {{(pid=99994) log_opt_values /opt/stack/data/venv/lib/python3.12/site-packages/oslo_config/cfg.py:2817}}
Feb 17 02:21:42.289928 np0000155888 devstack@n-api.service[99994]: DEBUG nova.api.openstack.wsgi_app [None req-2281a436-ee7a-4705-aa7e-020b31fd807d None None] force_raw_images = True {{(pid=99994) log_opt_values /opt/stack/data/venv/lib/python3.12/site-packages/oslo_config/cfg.py:2817}}
Feb 17 02:21:42.290007 np0000155888 devstack@n-api.service[99994]: DEBUG nova.api.openstack.wsgi_app [None req-2281a436-ee7a-4705-aa7e-020b31fd807d None None] graceful_shutdown_timeout = 5 {{(pid=99994) log_opt_values /opt/stack/data/venv/lib/python3.12/site-packages/oslo_config/cfg.py:2817}}
Feb 17 02:21:42.290086 np0000155888 devstack@n-api.service[99994]: DEBUG nova.api.openstack.wsgi_app [None req-2281a436-ee7a-4705-aa7e-020b31fd807d None None] heal_instance_info_cache_interval = -1 {{(pid=99994) log_opt_values /opt/stack/data/venv/lib/python3.12/site-packages/oslo_config/cfg.py:2817}}
Feb 17 02:21:42.290254 np0000155888 devstack@n-api.service[99994]: DEBUG nova.api.openstack.wsgi_app [None req-2281a436-ee7a-4705-aa7e-020b31fd807d None None] host = np0000155888 {{(pid=99994) log_opt_values /opt/stack/data/venv/lib/python3.12/site-packages/oslo_config/cfg.py:2817}}
Feb 17 02:21:42.290303 np0000155888 devstack@n-api.service[99993]: WARNING keystonemiddleware.auth_token [None req-7bec2f06-3fae-45a9-9142-43255857c0ee None None] Configuring www_authenticate_uri to point to the public identity endpoint is required; clients may not be able to authenticate against an admin endpoint
Feb 17 02:21:42.290412 np0000155888 devstack@n-api.service[99994]: DEBUG nova.api.openstack.wsgi_app [None req-2281a436-ee7a-4705-aa7e-020b31fd807d None None] initial_cpu_allocation_ratio = 4.0 {{(pid=99994) log_opt_values /opt/stack/data/venv/lib/python3.12/site-packages/oslo_config/cfg.py:2817}}
Feb 17 02:21:42.290528 np0000155888 devstack@n-api.service[99994]: DEBUG nova.api.openstack.wsgi_app [None req-2281a436-ee7a-4705-aa7e-020b31fd807d None None] initial_disk_allocation_ratio = 1.0 {{(pid=99994) log_opt_values /opt/stack/data/venv/lib/python3.12/site-packages/oslo_config/cfg.py:2817}}
Feb 17 02:21:42.290654 np0000155888 devstack@n-api.service[99994]: DEBUG nova.api.openstack.wsgi_app [None req-2281a436-ee7a-4705-aa7e-020b31fd807d None None] initial_ram_allocation_ratio = 1.0 {{(pid=99994) log_opt_values /opt/stack/data/venv/lib/python3.12/site-packages/oslo_config/cfg.py:2817}}
Feb 17 02:21:42.290830 np0000155888 devstack@n-api.service[99994]: DEBUG nova.api.openstack.wsgi_app [None req-2281a436-ee7a-4705-aa7e-020b31fd807d None None] injected_network_template = /opt/stack/nova/nova/virt/interfaces.template {{(pid=99994) log_opt_values /opt/stack/data/venv/lib/python3.12/site-packages/oslo_config/cfg.py:2817}}
Feb 17 02:21:42.290945 np0000155888 devstack@n-api.service[99994]: DEBUG nova.api.openstack.wsgi_app [None req-2281a436-ee7a-4705-aa7e-020b31fd807d None None] instance_build_timeout = 0 {{(pid=99994) log_opt_values /opt/stack/data/venv/lib/python3.12/site-packages/oslo_config/cfg.py:2817}}
Feb 17 02:21:42.291067 np0000155888 devstack@n-api.service[99994]: DEBUG nova.api.openstack.wsgi_app [None req-2281a436-ee7a-4705-aa7e-020b31fd807d None None] instance_delete_interval = 300 {{(pid=99994) log_opt_values /opt/stack/data/venv/lib/python3.12/site-packages/oslo_config/cfg.py:2817}}
