+ COMMAND=start + start + for KEYSTONE_WSGI_SCRIPT in keystone-wsgi-public ++ type -p keystone-wsgi-public + cp -a /var/lib/openstack/bin/keystone-wsgi-public /var/www/cgi-bin/keystone/ + '[' -f /etc/apache2/envvars ']' + source /etc/apache2/envvars ++ unset HOME ++ '[' '' '!=' '' ']' ++ SUFFIX= ++ export APACHE_RUN_USER=www-data ++ APACHE_RUN_USER=www-data ++ export APACHE_RUN_GROUP=www-data ++ APACHE_RUN_GROUP=www-data ++ export APACHE_PID_FILE=/var/run/apache2/apache2.pid ++ APACHE_PID_FILE=/var/run/apache2/apache2.pid ++ export APACHE_RUN_DIR=/var/run/apache2 ++ APACHE_RUN_DIR=/var/run/apache2 ++ export APACHE_LOCK_DIR=/var/lock/apache2 ++ APACHE_LOCK_DIR=/var/lock/apache2 ++ export APACHE_LOG_DIR=/var/log/apache2 ++ APACHE_LOG_DIR=/var/log/apache2 ++ export LANG=C ++ LANG=C ++ export LANG + '[' -f /var/run/apache2/apache2.pid ']' + exec apache2 -DFOREGROUND AH00558: apache2: Could not reliably determine the server's fully qualified domain name, using 10.0.0.85. Set the 'ServerName' directive globally to suppress this message AH00558: apache2: Could not reliably determine the server's fully qualified domain name, using 10.0.0.85. Set the 'ServerName' directive globally to suppress this message
[Thu May 07 09:27:11.926966 2026] [mpm_event:notice] [pid 1:tid 140463838394240] AH00489: Apache/2.4.58 (Ubuntu) mod_wsgi/5.0.0 Python/3.12 configured -- resuming normal operations
[Thu May 07 09:27:11.927162 2026] [core:notice] [pid 1:tid 140463838394240] AH00094: Command line: 'apache2 -D FOREGROUND'
[Thu May 07 09:28:09.423245 2026] [wsgi:error] [pid 10:tid 140463201621696] /var/lib/openstack/lib/python3.12/site-packages/oslo_utils/importutils.py:77: EventletDeprecationWarning:
[Thu May 07 09:28:09.423285 2026] [wsgi:error] [pid 10:tid 140463201621696] Eventlet is deprecated. It is currently being maintained in bugfix mode, and
[Thu May 07 09:28:09.423287 2026] [wsgi:error] [pid 10:tid 140463201621696] we strongly recommend against using it for new projects.
[Thu May 07 09:28:09.423288 2026] [wsgi:error] [pid 10:tid 140463201621696]
[Thu May 07 09:28:09.423289 2026] [wsgi:error] [pid 10:tid 140463201621696] If you are already using Eventlet, we recommend migrating to a different
[Thu May 07 09:28:09.423290 2026] [wsgi:error] [pid 10:tid 140463201621696] framework. For more detail see
[Thu May 07 09:28:09.423291 2026] [wsgi:error] [pid 10:tid 140463201621696] https://eventlet.readthedocs.io/en/latest/asyncio/migration.html
[Thu May 07 09:28:09.423293 2026] [wsgi:error] [pid 10:tid 140463201621696]
[Thu May 07 09:28:09.423294 2026] [wsgi:error] [pid 10:tid 140463201621696] __import__(import_str)
[Thu May 07 09:28:09.449183 2026] [wsgi:error] [pid 11:tid 140463201621696] /var/lib/openstack/lib/python3.12/site-packages/oslo_utils/importutils.py:77: EventletDeprecationWarning:
[Thu May 07 09:28:09.449225 2026] [wsgi:error] [pid 11:tid 140463201621696] Eventlet is deprecated. It is currently being maintained in bugfix mode, and
[Thu May 07 09:28:09.449227 2026] [wsgi:error] [pid 11:tid 140463201621696] we strongly recommend against using it for new projects.
[Thu May 07 09:28:09.449229 2026] [wsgi:error] [pid 11:tid 140463201621696]
[Thu May 07 09:28:09.449230 2026] [wsgi:error] [pid 11:tid 140463201621696] If you are already using Eventlet, we recommend migrating to a different
[Thu May 07 09:28:09.449231 2026] [wsgi:error] [pid 11:tid 140463201621696] framework. For more detail see
[Thu May 07 09:28:09.449232 2026] [wsgi:error] [pid 11:tid 140463201621696] https://eventlet.readthedocs.io/en/latest/asyncio/migration.html
[Thu May 07 09:28:09.449233 2026] [wsgi:error] [pid 11:tid 140463201621696]
[Thu May 07 09:28:09.449234 2026] [wsgi:error] [pid 11:tid 140463201621696] __import__(import_str) 10.0.0.136 - - [07/May/2026:09:28:08 +0000] "GET /v3/ HTTP/1.1" 200 249 10.0.0.136 - - [07/May/2026:09:28:08 +0000] "GET /v3/ HTTP/1.1" 200 249
[Thu May 07 09:28:14.811172 2026] [wsgi:error] [pid 9:tid 140463201621696] /var/lib/openstack/lib/python3.12/site-packages/oslo_utils/importutils.py:77: EventletDeprecationWarning:
[Thu May 07 09:28:14.811215 2026] [wsgi:error] [pid 9:tid 140463201621696] Eventlet is deprecated. It is currently being maintained in bugfix mode, and
[Thu May 07 09:28:14.811218 2026] [wsgi:error] [pid 9:tid 140463201621696] we strongly recommend against using it for new projects.
[Thu May 07 09:28:14.811220 2026] [wsgi:error] [pid 9:tid 140463201621696]
[Thu May 07 09:28:14.811222 2026] [wsgi:error] [pid 9:tid 140463201621696] If you are already using Eventlet, we recommend migrating to a different
[Thu May 07 09:28:14.811223 2026] [wsgi:error] [pid 9:tid 140463201621696] framework. For more detail see
[Thu May 07 09:28:14.811225 2026] [wsgi:error] [pid 9:tid 140463201621696] https://eventlet.readthedocs.io/en/latest/asyncio/migration.html
[Thu May 07 09:28:14.811226 2026] [wsgi:error] [pid 9:tid 140463201621696]
[Thu May 07 09:28:14.811228 2026] [wsgi:error] [pid 9:tid 140463201621696] __import__(import_str) 10.0.0.136 - - [07/May/2026:09:28:13 +0000] "GET /v3/ HTTP/1.1" 200 249
[Thu May 07 09:28:22.450468 2026] [wsgi:error] [pid 12:tid 140463201621696] /var/lib/openstack/lib/python3.12/site-packages/oslo_utils/importutils.py:77: EventletDeprecationWarning:
[Thu May 07 09:28:22.450501 2026] [wsgi:error] [pid 12:tid 140463201621696] Eventlet is deprecated. It is currently being maintained in bugfix mode, and
[Thu May 07 09:28:22.450503 2026] [wsgi:error] [pid 12:tid 140463201621696] we strongly recommend against using it for new projects.
[Thu May 07 09:28:22.450505 2026] [wsgi:error] [pid 12:tid 140463201621696]
[Thu May 07 09:28:22.450506 2026] [wsgi:error] [pid 12:tid 140463201621696] If you are already using Eventlet, we recommend migrating to a different
[Thu May 07 09:28:22.450507 2026] [wsgi:error] [pid 12:tid 140463201621696] framework. For more detail see
[Thu May 07 09:28:22.450508 2026] [wsgi:error] [pid 12:tid 140463201621696] https://eventlet.readthedocs.io/en/latest/asyncio/migration.html
[Thu May 07 09:28:22.450509 2026] [wsgi:error] [pid 12:tid 140463201621696]
[Thu May 07 09:28:22.450510 2026] [wsgi:error] [pid 12:tid 140463201621696] __import__(import_str) 10.0.0.75 - - [07/May/2026:09:28:21 +0000] "GET / HTTP/1.1" 300 295
[Thu May 07 09:28:26.989294 2026] [wsgi:error] [pid 10:tid 140463201621696] [remote 10.0.0.75:58978] 2026-05-07 09:28:26.985 10 WARNING keystone.identity.core [None req-090011e7-4932-480a-b727-eccba4bb7635 - - - - - -] Invalid domain name (atmosphere) found in config file name: keystone.exception.DomainNotFound: Could not find domain: atmosphere.
[Thu May 07 09:28:27.038856 2026] [wsgi:error] [pid 10:tid 140463201621696] [remote 10.0.0.75:58978] 2026-05-07 09:28:27.038 10 WARNING keystone.common.password_hashing [None req-090011e7-4932-480a-b727-eccba4bb7635 - - - - - -] Truncating password to algorithm specific maximum length 72 characters.
[Thu May 07 09:28:27.322606 2026] [wsgi:error] [pid 10:tid 140463201621696] [remote 10.0.0.75:58978] 2026-05-07 09:28:27.322 10 WARNING keystone.common.fernet_utils [None req-090011e7-4932-480a-b727-eccba4bb7635 - - - - - -] key_repository is world readable: /etc/keystone/fernet-keys/ 10.0.0.75 - - [07/May/2026:09:28:26 +0000] "POST /v3/auth/tokens HTTP/1.1" 201 1360
[Thu May 07 09:28:27.665474 2026] [wsgi:error] [pid 11:tid 140463201621696] [remote 10.0.0.75:58978] 2026-05-07 09:28:27.662 11 WARNING keystone.identity.core [None req-6c79e918-f0f2-4489-bfa1-02071a0266d8 - - - - - -] Invalid domain name (atmosphere) found in config file name: keystone.exception.DomainNotFound: Could not find domain: atmosphere. 10.0.0.75 - - [07/May/2026:09:28:27 +0000] "POST /v3/domains HTTP/1.1" 201 261 10.0.0.1 - - [07/May/2026:09:28:39 +0000] "GET / HTTP/1.1" 300 295
[Thu May 07 09:28:40.251799 2026] [wsgi:error] [pid 12:tid 140463201621696] [remote 10.0.0.1:37080] 2026-05-07 09:28:40.251 12 WARNING keystone.common.password_hashing [None req-d9ae3cc6-008b-4daf-b5e1-1b412b5a7280 - - - - - -] Truncating password to algorithm specific maximum length 72 characters.
[Thu May 07 09:28:40.523948 2026] [wsgi:error] [pid 12:tid 140463201621696] [remote 10.0.0.1:37080] 2026-05-07 09:28:40.523 12 WARNING keystone.common.fernet_utils [None req-d9ae3cc6-008b-4daf-b5e1-1b412b5a7280 - - - - - -] key_repository is world readable: /etc/keystone/fernet-keys/ 10.0.0.1 - - [07/May/2026:09:28:39 +0000] "POST /v3/auth/tokens HTTP/1.1" 201 1360 10.0.0.1 - - [07/May/2026:09:28:40 +0000] "GET /v3/roles/admin HTTP/1.1" 404 83
[Thu May 07 09:28:40.741592 2026] [wsgi:error] [pid 11:tid 140463201621696] [remote 10.0.0.1:37080] 2026-05-07 09:28:40.741 11 WARNING keystone.common.rbac_enforcer.enforcer [None req-8fda8ff3-821b-41d0-917a-2030e0190383 1a0468e476bd4833bcb2bb124c493ef5 5fcfaba81cdf46878c80e07a028b8ce5 - - default default] Deprecated policy rules found. Use oslopolicy-policy-generator and oslopolicy-policy-upgrade to detect and resolve deprecated policies in your configuration. 10.0.0.1 - - [07/May/2026:09:28:40 +0000] "GET /v3/roles?name=admin HTTP/1.1" 200 389
[Thu May 07 09:28:41.100677 2026] [wsgi:error] [pid 9:tid 140463201621696] [remote 10.0.0.1:37080] 2026-05-07 09:28:41.100 9 WARNING keystone.common.rbac_enforcer.enforcer [None req-8a1c4a83-f316-4b33-9b36-3f6e68f4dd38 1a0468e476bd4833bcb2bb124c493ef5 5fcfaba81cdf46878c80e07a028b8ce5 - - default default] Deprecated policy rules found. Use oslopolicy-policy-generator and oslopolicy-policy-upgrade to detect and resolve deprecated policies in your configuration. 10.0.0.1 - - [07/May/2026:09:28:40 +0000] "GET /v3/users/admin-RegionOne HTTP/1.1" 404 93
[Thu May 07 09:28:41.245681 2026] [wsgi:error] [pid 12:tid 140463201621696] [remote 10.0.0.1:37080] 2026-05-07 09:28:41.245 12 WARNING keystone.common.rbac_enforcer.enforcer [None req-7c82b9bc-5097-4b28-b625-ac6cb4e45893 1a0468e476bd4833bcb2bb124c493ef5 5fcfaba81cdf46878c80e07a028b8ce5 - - default default] Deprecated policy rules found. Use oslopolicy-policy-generator and oslopolicy-policy-upgrade to detect and resolve deprecated policies in your configuration. 10.0.0.1 - - [07/May/2026:09:28:41 +0000] "GET /v3/users?name=admin-RegionOne HTTP/1.1" 200 422
[Thu May 07 09:28:41.415257 2026] [wsgi:error] [pid 10:tid 140463201621696] [remote 10.0.0.1:37080] 2026-05-07 09:28:41.415 10 WARNING keystone.common.rbac_enforcer.enforcer [None req-82608323-ff67-42ea-b0cd-9903334ab0c8 1a0468e476bd4833bcb2bb124c493ef5 5fcfaba81cdf46878c80e07a028b8ce5 - - default default] Deprecated policy rules found. Use oslopolicy-policy-generator and oslopolicy-policy-upgrade to detect and resolve deprecated policies in your configuration. 10.0.0.1 - - [07/May/2026:09:28:41 +0000] "GET /v3/domains/default HTTP/1.1" 200 224 10.0.0.1 - - [07/May/2026:09:28:41 +0000] "PUT /v3/domains/default/users/1a0468e476bd4833bcb2bb124c493ef5/roles/a7928863f31741379a2edd2618d7e834 HTTP/1.1" 204 - 10.0.0.136 - - [07/May/2026:09:28:51 +0000] "GET / HTTP/1.1" 300 281 10.0.0.136 - - [07/May/2026:09:28:52 +0000] "GET /v3 HTTP/1.1" 200 266
[Thu May 07 09:28:52.812518 2026] [wsgi:error] [pid 10:tid 140463201621696] [remote 10.0.0.136:40208] 2026-05-07 09:28:52.812 10 WARNING keystone.common.password_hashing [None req-ede52948-7e8d-419e-af72-a7f1b10977f7 - - - - - -] Truncating password to algorithm specific maximum length 72 characters.
[Thu May 07 09:28:53.082264 2026] [wsgi:error] [pid 10:tid 140463201621696] [remote 10.0.0.136:40208] 2026-05-07 09:28:53.082 10 WARNING keystone.common.fernet_utils [None req-ede52948-7e8d-419e-af72-a7f1b10977f7 - - - - - -] key_repository is world readable: /etc/keystone/fernet-keys/ 10.0.0.136 - - [07/May/2026:09:28:52 +0000] "POST /v3/auth/tokens HTTP/1.1" 201 1360 10.0.0.136 - - [07/May/2026:09:28:53 +0000] "GET / HTTP/1.1" 300 281 10.0.0.136 - - [07/May/2026:09:28:53 +0000] "GET /v3/domains/atmosphere HTTP/1.1" 404 90 10.0.0.136 - - [07/May/2026:09:28:53 +0000] "GET /v3/domains?name=atmosphere HTTP/1.1" 200 370 10.0.0.136 - - [07/May/2026:09:28:53 +0000] "GET /v3/domains/993cda0138034f0690663ebbe9cfa0be HTTP/1.1" 200 247 10.0.0.136 - - [07/May/2026:09:28:54 +0000] "GET /v3 HTTP/1.1" 200 266
[Thu May 07 09:28:54.191533 2026] [wsgi:error] [pid 9:tid 140463201621696] [remote 10.0.0.136:40196] 2026-05-07 09:28:54.191 9 WARNING keystone.common.password_hashing [None req-fb1ee4a6-b9f9-43e7-a299-49d0b8683c2e - - - - - -] Truncating password to algorithm specific maximum length 72 characters.
[Thu May 07 09:28:54.471160 2026] [wsgi:error] [pid 9:tid 140463201621696] [remote 10.0.0.136:40196] 2026-05-07 09:28:54.470 9 WARNING keystone.common.fernet_utils [None req-fb1ee4a6-b9f9-43e7-a299-49d0b8683c2e - - - - - -] key_repository is world readable: /etc/keystone/fernet-keys/ 10.0.0.136 - - [07/May/2026:09:28:54 +0000] "POST /v3/auth/tokens HTTP/1.1" 201 1360 10.0.0.136 - - [07/May/2026:09:28:54 +0000] "GET / HTTP/1.1" 300 281 10.0.0.136 - - [07/May/2026:09:28:54 +0000] "GET /v3/OS-FEDERATION/identity_providers/atmosphere HTTP/1.1" 404 101 10.0.0.136 - - [07/May/2026:09:28:54 +0000] "GET /v3/OS-FEDERATION/identity_providers HTTP/1.1" 200 156 10.0.0.136 - - [07/May/2026:09:28:54 +0000] "PUT /v3/OS-FEDERATION/identity_providers/atmosphere HTTP/1.1" 201 342 10.0.0.136 - - [07/May/2026:09:28:55 +0000] "GET /v3 HTTP/1.1" 200 266
[Thu May 07 09:28:55.287408 2026] [wsgi:error] [pid 10:tid 140463201621696] [remote 10.0.0.136:40196] 2026-05-07 09:28:55.287 10 WARNING keystone.common.password_hashing [None req-f89f858c-4d17-4abb-a936-96caf8a27332 - - - - - -] Truncating password to algorithm specific maximum length 72 characters.
[Thu May 07 09:28:55.559269 2026] [wsgi:error] [pid 10:tid 140463201621696] [remote 10.0.0.136:40196] 2026-05-07 09:28:55.559 10 WARNING keystone.common.fernet_utils [None req-f89f858c-4d17-4abb-a936-96caf8a27332 - - - - - -] key_repository is world readable: /etc/keystone/fernet-keys/ 10.0.0.136 - - [07/May/2026:09:28:55 +0000] "POST /v3/auth/tokens HTTP/1.1" 201 1360 10.0.0.136 - - [07/May/2026:09:28:55 +0000] "GET / HTTP/1.1" 300 281 10.0.0.136 - - [07/May/2026:09:28:55 +0000] "GET /v3/OS-FEDERATION/mappings/atmosphere-openid HTTP/1.1" 404 98 10.0.0.136 - - [07/May/2026:09:28:55 +0000] "GET /v3/OS-FEDERATION/mappings HTTP/1.1" 200 136 10.0.0.136 - - [07/May/2026:09:28:55 +0000] "PUT /v3/OS-FEDERATION/mappings/atmosphere-openid HTTP/1.1" 201 357 10.0.0.136 - - [07/May/2026:09:28:56 +0000] "GET /v3 HTTP/1.1" 200 266
[Thu May 07 09:28:56.375671 2026] [wsgi:error] [pid 9:tid 140463201621696] [remote 10.0.0.136:40208] 2026-05-07 09:28:56.375 9 WARNING keystone.common.password_hashing [None req-9ef803ec-7382-4310-be6b-05b024038c2f - - - - - -] Truncating password to algorithm specific maximum length 72 characters.
[Thu May 07 09:28:56.652178 2026] [wsgi:error] [pid 9:tid 140463201621696] [remote 10.0.0.136:40208] 2026-05-07 09:28:56.652 9 WARNING keystone.common.fernet_utils [None req-9ef803ec-7382-4310-be6b-05b024038c2f - - - - - -] key_repository is world readable: /etc/keystone/fernet-keys/ 10.0.0.136 - - [07/May/2026:09:28:56 +0000] "POST /v3/auth/tokens HTTP/1.1" 201 1360 10.0.0.136 - - [07/May/2026:09:28:56 +0000] "GET / HTTP/1.1" 300 281 10.0.0.136 - - [07/May/2026:09:28:56 +0000] "GET /v3/OS-FEDERATION/identity_providers/atmosphere/protocols/openid?idp_id=atmosphere HTTP/1.1" 404 131 10.0.0.136 - - [07/May/2026:09:28:56 +0000] "GET /v3/OS-FEDERATION/identity_providers/atmosphere/protocols HTTP/1.1" 200 168 10.0.0.136 - - [07/May/2026:09:28:56 +0000] "PUT /v3/OS-FEDERATION/identity_providers/atmosphere/protocols/openid HTTP/1.1" 201 224 10.0.0.136 - - [07/May/2026:09:29:08 +0000] "GET /v3/ HTTP/1.1" 200 249 10.0.0.136 - - [07/May/2026:09:29:08 +0000] "GET /v3/ HTTP/1.1" 200 249 10.0.0.136 - - [07/May/2026:09:30:08 +0000] "GET /v3/ HTTP/1.1" 200 249 10.0.0.136 - - [07/May/2026:09:30:08 +0000] "GET /v3/ HTTP/1.1" 200 249 10.0.0.27 - - [07/May/2026:09:30:32 +0000] "GET / HTTP/1.1" 300 295
[Thu May 07 09:30:32.856626 2026] [wsgi:error] [pid 10:tid 140463201621696] [remote 10.0.0.27:54210] 2026-05-07 09:30:32.856 10 WARNING keystone.common.password_hashing [None req-617949c8-058d-46f4-8344-e0f34f687c1c - - - - - -] Truncating password to algorithm specific maximum length 72 characters.
[Thu May 07 09:30:33.128803 2026] [wsgi:error] [pid 10:tid 140463201621696] [remote 10.0.0.27:54210] 2026-05-07 09:30:33.128 10 WARNING keystone.common.fernet_utils [None req-617949c8-058d-46f4-8344-e0f34f687c1c - - - - - -] key_repository is world readable: /etc/keystone/fernet-keys/ 10.0.0.27 - - [07/May/2026:09:30:32 +0000] "POST /v3/auth/tokens HTTP/1.1" 201 1360 10.0.0.27 - - [07/May/2026:09:30:33 +0000] "GET /v3/services HTTP/1.1" 200 355 10.0.0.27 - - [07/May/2026:09:30:36 +0000] "GET / HTTP/1.1" 300 295
[Thu May 07 09:30:36.581132 2026] [wsgi:error] [pid 12:tid 140463201621696] [remote 10.0.0.27:54222] 2026-05-07 09:30:36.580 12 WARNING keystone.common.password_hashing [None req-a18323f3-5fa3-45b7-9255-6cf7d320f338 - - - - - -] Truncating password to algorithm specific maximum length 72 characters.
[Thu May 07 09:30:36.852112 2026] [wsgi:error] [pid 12:tid 140463201621696] [remote 10.0.0.27:54222] 2026-05-07 09:30:36.851 12 WARNING keystone.common.fernet_utils [None req-a18323f3-5fa3-45b7-9255-6cf7d320f338 - - - - - -] key_repository is world readable: /etc/keystone/fernet-keys/ 10.0.0.27 - - [07/May/2026:09:30:36 +0000] "POST /v3/auth/tokens HTTP/1.1" 201 1360 10.0.0.27 - - [07/May/2026:09:30:36 +0000] "GET /v3/services HTTP/1.1" 200 355 10.0.0.27 - - [07/May/2026:09:30:40 +0000] "GET / HTTP/1.1" 300 295
[Thu May 07 09:30:40.331547 2026] [wsgi:error] [pid 11:tid 140463201621696] [remote 10.0.0.27:41626] 2026-05-07 09:30:40.331 11 WARNING keystone.common.password_hashing [None req-7e277abe-06cb-40f4-ad07-65dadb887cb7 - - - - - -] Truncating password to algorithm specific maximum length 72 characters.
[Thu May 07 09:30:40.603789 2026] [wsgi:error] [pid 11:tid 140463201621696] [remote 10.0.0.27:41626] 2026-05-07 09:30:40.603 11 WARNING keystone.common.fernet_utils [None req-7e277abe-06cb-40f4-ad07-65dadb887cb7 - - - - - -] key_repository is world readable: /etc/keystone/fernet-keys/ 10.0.0.27 - - [07/May/2026:09:30:40 +0000] "POST /v3/auth/tokens HTTP/1.1" 201 1360 10.0.0.27 - - [07/May/2026:09:30:40 +0000] "GET /v3/services HTTP/1.1" 200 355 10.0.0.27 - - [07/May/2026:09:30:43 +0000] "GET / HTTP/1.1" 300 295
[Thu May 07 09:30:44.019738 2026] [wsgi:error] [pid 9:tid 140463201621696] [remote 10.0.0.27:41636] 2026-05-07 09:30:44.019 9 WARNING keystone.common.password_hashing [None req-30d735e2-e088-4f33-beea-75403d79c979 - - - - - -] Truncating password to algorithm specific maximum length 72 characters.
[Thu May 07 09:30:44.302168 2026] [wsgi:error] [pid 9:tid 140463201621696] [remote 10.0.0.27:41636] 2026-05-07 09:30:44.301 9 WARNING keystone.common.fernet_utils [None req-30d735e2-e088-4f33-beea-75403d79c979 - - - - - -] key_repository is world readable: /etc/keystone/fernet-keys/ 10.0.0.27 - - [07/May/2026:09:30:44 +0000] "POST /v3/auth/tokens HTTP/1.1" 201 1360 10.0.0.27 - - [07/May/2026:09:30:44 +0000] "POST /v3/services HTTP/1.1" 201 296 10.0.0.220 - - [07/May/2026:09:30:56 +0000] "GET / HTTP/1.1" 300 295
[Thu May 07 09:30:56.064075 2026] [wsgi:error] [pid 10:tid 140463201621696] [remote 10.0.0.220:37776] 2026-05-07 09:30:56.063 10 WARNING keystone.common.password_hashing [None req-4423742d-4ff6-41fc-97cf-26c3b04974ce - - - - - -] Truncating password to algorithm specific maximum length 72 characters. 10.0.0.220 - - [07/May/2026:09:30:56 +0000] "GET / HTTP/1.1" 300 295 10.0.0.220 - - [07/May/2026:09:30:56 +0000] "GET / HTTP/1.1" 300 295
[Thu May 07 09:30:56.290211 2026] [wsgi:error] [pid 9:tid 140463201621696] [remote 10.0.0.220:37792] 2026-05-07 09:30:56.289 9 WARNING keystone.common.password_hashing [None req-5abebcb4-6a1e-41a8-a280-85874f1433b2 - - - - - -] Truncating password to algorithm specific maximum length 72 characters.
[Thu May 07 09:30:56.295858 2026] [wsgi:error] [pid 12:tid 140463201621696] [remote 10.0.0.220:37786] 2026-05-07 09:30:56.295 12 WARNING keystone.common.password_hashing [None req-f468530e-9a88-405d-88e4-e8ef59239763 - - - - - -] Truncating password to algorithm specific maximum length 72 characters.
[Thu May 07 09:30:56.336082 2026] [wsgi:error] [pid 10:tid 140463201621696] [remote 10.0.0.220:37776] 2026-05-07 09:30:56.335 10 WARNING keystone.common.fernet_utils [None req-4423742d-4ff6-41fc-97cf-26c3b04974ce - - - - - -] key_repository is world readable: /etc/keystone/fernet-keys/ 10.0.0.220 - - [07/May/2026:09:30:56 +0000] "POST /v3/auth/tokens HTTP/1.1" 201 1464 10.0.0.220 - - [07/May/2026:09:30:56 +0000] "GET /v3/services HTTP/1.1" 200 639
[Thu May 07 09:30:56.568901 2026] [wsgi:error] [pid 9:tid 140463201621696] [remote 10.0.0.220:37792] 2026-05-07 09:30:56.568 9 WARNING keystone.common.fernet_utils [None req-5abebcb4-6a1e-41a8-a280-85874f1433b2 - - - - - -] key_repository is world readable: /etc/keystone/fernet-keys/
[Thu May 07 09:30:56.570595 2026] [wsgi:error] [pid 12:tid 140463201621696] [remote 10.0.0.220:37786] 2026-05-07 09:30:56.570 12 WARNING keystone.common.fernet_utils [None req-f468530e-9a88-405d-88e4-e8ef59239763 - - - - - -] key_repository is world readable: /etc/keystone/fernet-keys/ 10.0.0.220 - - [07/May/2026:09:30:56 +0000] "POST /v3/auth/tokens HTTP/1.1" 201 1464 10.0.0.220 - - [07/May/2026:09:30:56 +0000] "POST /v3/auth/tokens HTTP/1.1" 201 1464 10.0.0.220 - - [07/May/2026:09:30:56 +0000] "GET /v3/services HTTP/1.1" 200 639 10.0.0.220 - - [07/May/2026:09:30:56 +0000] "GET /v3/services HTTP/1.1" 200 639 10.0.0.220 - - [07/May/2026:09:30:57 +0000] "GET / HTTP/1.1" 300 295
[Thu May 07 09:30:57.775576 2026] [wsgi:error] [pid 12:tid 140463201621696] [remote 10.0.0.220:37794] 2026-05-07 09:30:57.775 12 WARNING keystone.common.password_hashing [None req-7903721b-5d35-4925-9504-cfdea16616ed - - - - - -] Truncating password to algorithm specific maximum length 72 characters. 10.0.0.220 - - [07/May/2026:09:30:58 +0000] "GET / HTTP/1.1" 300 295
[Thu May 07 09:30:58.029288 2026] [wsgi:error] [pid 11:tid 140463201621696] [remote 10.0.0.220:37808] 2026-05-07 09:30:58.029 11 WARNING keystone.common.password_hashing [None req-58bef79f-012e-4372-a392-7f0223234b91 - - - - - -] Truncating password to algorithm specific maximum length 72 characters. 10.0.0.220 - - [07/May/2026:09:30:58 +0000] "GET / HTTP/1.1" 300 295
[Thu May 07 09:30:58.051194 2026] [wsgi:error] [pid 10:tid 140463201621696] [remote 10.0.0.220:37824] 2026-05-07 09:30:58.051 10 WARNING keystone.common.password_hashing [None req-c2204307-d786-45f6-93ac-f8427dc12c6b - - - - - -] Truncating password to algorithm specific maximum length 72 characters.
[Thu May 07 09:30:58.057802 2026] [wsgi:error] [pid 12:tid 140463201621696] [remote 10.0.0.220:37794] 2026-05-07 09:30:58.057 12 WARNING keystone.common.fernet_utils [None req-7903721b-5d35-4925-9504-cfdea16616ed - - - - - -] key_repository is world readable: /etc/keystone/fernet-keys/ 10.0.0.220 - - [07/May/2026:09:30:57 +0000] "POST /v3/auth/tokens HTTP/1.1" 201 1464 10.0.0.220 - - [07/May/2026:09:30:58 +0000] "GET /v3/endpoints HTTP/1.1" 200 1227 10.0.0.220 - - [07/May/2026:09:30:58 +0000] "GET /v3/services/bbb015833b774a17b17b136db8133a0d HTTP/1.1" 200 233 10.0.0.220 - - [07/May/2026:09:30:58 +0000] "GET /v3/services/bbb015833b774a17b17b136db8133a0d HTTP/1.1" 200 233 10.0.0.220 - - [07/May/2026:09:30:58 +0000] "GET /v3/services/bbb015833b774a17b17b136db8133a0d HTTP/1.1" 200 233
[Thu May 07 09:30:58.328971 2026] [wsgi:error] [pid 11:tid 140463201621696] [remote 10.0.0.220:37808] 2026-05-07 09:30:58.328 11 WARNING keystone.common.fernet_utils [None req-58bef79f-012e-4372-a392-7f0223234b91 - - - - - -] key_repository is world readable: /etc/keystone/fernet-keys/ 10.0.0.220 - - [07/May/2026:09:30:58 +0000] "POST /v3/auth/tokens HTTP/1.1" 201 1464
[Thu May 07 09:30:58.337574 2026] [wsgi:error] [pid 10:tid 140463201621696] [remote 10.0.0.220:37824] 2026-05-07 09:30:58.337 10 WARNING keystone.common.fernet_utils [None req-c2204307-d786-45f6-93ac-f8427dc12c6b - - - - - -] key_repository is world readable: /etc/keystone/fernet-keys/ 10.0.0.220 - - [07/May/2026:09:30:58 +0000] "POST /v3/auth/tokens HTTP/1.1" 201 1464 10.0.0.220 - - [07/May/2026:09:30:58 +0000] "GET /v3/endpoints HTTP/1.1" 200 1227 10.0.0.220 - - [07/May/2026:09:30:58 +0000] "GET /v3/endpoints HTTP/1.1" 200 1227 10.0.0.220 - - [07/May/2026:09:30:58 +0000] "GET /v3/services/bbb015833b774a17b17b136db8133a0d HTTP/1.1" 200 233 10.0.0.220 - - [07/May/2026:09:30:58 +0000] "GET /v3/services/bbb015833b774a17b17b136db8133a0d HTTP/1.1" 200 233 10.0.0.220 - - [07/May/2026:09:30:58 +0000] "GET /v3/services/bbb015833b774a17b17b136db8133a0d HTTP/1.1" 200 233 10.0.0.220 - - [07/May/2026:09:30:58 +0000] "GET /v3/services/bbb015833b774a17b17b136db8133a0d HTTP/1.1" 200 233 10.0.0.220 - - [07/May/2026:09:30:58 +0000] "GET /v3/services/bbb015833b774a17b17b136db8133a0d HTTP/1.1" 200 233 10.0.0.220 - - [07/May/2026:09:30:58 +0000] "GET /v3/services/bbb015833b774a17b17b136db8133a0d HTTP/1.1" 200 233 10.0.0.220 - - [07/May/2026:09:30:59 +0000] "GET / HTTP/1.1" 300 295
[Thu May 07 09:30:59.604374 2026] [wsgi:error] [pid 12:tid 140463201621696] [remote 10.0.0.220:34000] 2026-05-07 09:30:59.604 12 WARNING keystone.common.password_hashing [None req-998d6609-449d-49c1-9a6c-eb27c3610c0d - - - - - -] Truncating password to algorithm specific maximum length 72 characters. 10.0.0.220 - - [07/May/2026:09:30:59 +0000] "GET / HTTP/1.1" 300 295
[Thu May 07 09:30:59.755380 2026] [wsgi:error] [pid 10:tid 140463201621696] [remote 10.0.0.220:34008] 2026-05-07 09:30:59.755 10 WARNING keystone.common.password_hashing [None req-b33f252a-2907-4e1c-811a-0c2b665a455c - - - - - -] Truncating password to algorithm specific maximum length 72 characters.
[Thu May 07 09:30:59.874746 2026] [wsgi:error] [pid 12:tid 140463201621696] [remote 10.0.0.220:34000] 2026-05-07 09:30:59.874 12 WARNING keystone.common.fernet_utils [None req-998d6609-449d-49c1-9a6c-eb27c3610c0d - - - - - -] key_repository is world readable: /etc/keystone/fernet-keys/ 10.0.0.220 - - [07/May/2026:09:30:59 +0000] "POST /v3/auth/tokens HTTP/1.1" 201 1464 10.0.0.220 - - [07/May/2026:09:30:59 +0000] "GET / HTTP/1.1" 300 295
[Thu May 07 09:30:59.905949 2026] [wsgi:error] [pid 11:tid 140463201621696] [remote 10.0.0.220:34014] 2026-05-07 09:30:59.905 11 WARNING keystone.common.password_hashing [None req-cf45cf20-d5b4-4a72-9d98-2dbe4e237753 - - - - - -] Truncating password to algorithm specific maximum length 72 characters. 10.0.0.220 - - [07/May/2026:09:30:59 +0000] "GET /v3/services/b906f08abebd4720930849739a4c9394 HTTP/1.1" 200 296 10.0.0.220 - - [07/May/2026:09:31:00 +0000] "GET /v3/regions/RegionOne HTTP/1.1" 200 173
[Thu May 07 09:31:00.042546 2026] [wsgi:error] [pid 10:tid 140463201621696] [remote 10.0.0.220:34008] 2026-05-07 09:31:00.042 10 WARNING keystone.common.fernet_utils [None req-b33f252a-2907-4e1c-811a-0c2b665a455c - - - - - -] key_repository is world readable: /etc/keystone/fernet-keys/ 10.0.0.220 - - [07/May/2026:09:30:59 +0000] "POST /v3/auth/tokens HTTP/1.1" 201 1464 10.0.0.220 - - [07/May/2026:09:31:00 +0000] "GET /v3/services/b906f08abebd4720930849739a4c9394 HTTP/1.1" 200 296 10.0.0.220 - - [07/May/2026:09:31:00 +0000] "GET /v3/regions/RegionOne HTTP/1.1" 200 173
[Thu May 07 09:31:00.178455 2026] [wsgi:error] [pid 11:tid 140463201621696] [remote 10.0.0.220:34014] 2026-05-07 09:31:00.178 11 WARNING keystone.common.fernet_utils [None req-cf45cf20-d5b4-4a72-9d98-2dbe4e237753 - - - - - -] key_repository is world readable: /etc/keystone/fernet-keys/ 10.0.0.220 - - [07/May/2026:09:31:00 +0000] "POST /v3/endpoints HTTP/1.1" 201 380 10.0.0.220 - - [07/May/2026:09:30:59 +0000] "POST /v3/auth/tokens HTTP/1.1" 201 1641 10.0.0.220 - - [07/May/2026:09:31:00 +0000] "GET /v3/services/b906f08abebd4720930849739a4c9394 HTTP/1.1" 200 296 10.0.0.220 - - [07/May/2026:09:31:00 +0000] "GET /v3/regions/RegionOne HTTP/1.1" 200 173 10.0.0.220 - - [07/May/2026:09:31:00 +0000] "POST /v3/endpoints HTTP/1.1" 201 383 10.0.0.220 - - [07/May/2026:09:31:00 +0000] "POST /v3/endpoints HTTP/1.1" 201 370 10.0.0.220 - - [07/May/2026:09:31:01 +0000] "GET / HTTP/1.1" 300 295
[Thu May 07 09:31:01.495614 2026] [wsgi:error] [pid 12:tid 140463201621696] [remote 10.0.0.220:34020] 2026-05-07 09:31:01.495 12 WARNING keystone.common.password_hashing [None req-4163e80a-1df6-435b-b464-70c01343604c - - - - - -] Truncating password to algorithm specific maximum length 72 characters. 10.0.0.220 - - [07/May/2026:09:31:01 +0000] "GET / HTTP/1.1" 300 295
[Thu May 07 09:31:01.644290 2026] [wsgi:error] [pid 11:tid 140463201621696] [remote 10.0.0.220:34022] 2026-05-07 09:31:01.644 11 WARNING keystone.common.password_hashing [None req-c3c4d184-965c-4b34-b6ae-b1c35945852a - - - - - -] Truncating password to algorithm specific maximum length 72 characters. 10.0.0.220 - - [07/May/2026:09:31:01 +0000] "GET / HTTP/1.1" 300 295
[Thu May 07 09:31:01.681229 2026] [wsgi:error] [pid 9:tid 140463201621696] [remote 10.0.0.220:34032] 2026-05-07 09:31:01.680 9 WARNING keystone.common.password_hashing [None req-20ef0bda-17dc-4c4f-9a0b-619347a9e9ee - - - - - -] Truncating password to algorithm specific maximum length 72 characters.
[Thu May 07 09:31:01.775148 2026] [wsgi:error] [pid 12:tid 140463201621696] [remote 10.0.0.220:34020] 2026-05-07 09:31:01.775 12 WARNING keystone.common.fernet_utils [None req-4163e80a-1df6-435b-b464-70c01343604c - - - - - -] key_repository is world readable: /etc/keystone/fernet-keys/ 10.0.0.220 - - [07/May/2026:09:31:01 +0000] "POST /v3/auth/tokens HTTP/1.1" 201 1992 10.0.0.220 - - [07/May/2026:09:31:01 +0000] "GET /v3/endpoints/7ca8c32d83a74b6ebc00d26ed728df66 HTTP/1.1" 200 380
[Thu May 07 09:31:01.921835 2026] [wsgi:error] [pid 11:tid 140463201621696] [remote 10.0.0.220:34022] 2026-05-07 09:31:01.921 11 WARNING keystone.common.fernet_utils [None req-c3c4d184-965c-4b34-b6ae-b1c35945852a - - - - - -] key_repository is world readable: /etc/keystone/fernet-keys/ 10.0.0.220 - - [07/May/2026:09:31:01 +0000] "POST /v3/auth/tokens HTTP/1.1" 201 1992 10.0.0.220 - - [07/May/2026:09:31:01 +0000] "GET /v3/services/b906f08abebd4720930849739a4c9394 HTTP/1.1" 200 296
[Thu May 07 09:31:01.954949 2026] [wsgi:error] [pid 9:tid 140463201621696] [remote 10.0.0.220:34032] 2026-05-07 09:31:01.954 9 WARNING keystone.common.fernet_utils [None req-20ef0bda-17dc-4c4f-9a0b-619347a9e9ee - - - - - -] key_repository is world readable: /etc/keystone/fernet-keys/ 10.0.0.220 - - [07/May/2026:09:31:01 +0000] "POST /v3/auth/tokens HTTP/1.1" 201 1992 10.0.0.220 - - [07/May/2026:09:31:02 +0000] "GET /v3/endpoints/c91c9f606d2c4f7ea3c8ed1ec40544c4 HTTP/1.1" 200 370 10.0.0.220 - - [07/May/2026:09:31:02 +0000] "GET /v3/services/b906f08abebd4720930849739a4c9394 HTTP/1.1" 200 296 10.0.0.220 - - [07/May/2026:09:31:02 +0000] "GET /v3/endpoints/3af17512a1e94c55a7a07c99f8eda188 HTTP/1.1" 200 383 10.0.0.220 - - [07/May/2026:09:31:02 +0000] "GET /v3/services/b906f08abebd4720930849739a4c9394 HTTP/1.1" 200 296 10.0.0.136 - - [07/May/2026:09:31:08 +0000] "GET /v3/ HTTP/1.1" 200 249 10.0.0.136 - - [07/May/2026:09:31:08 +0000] "GET /v3/ HTTP/1.1" 200 249 10.0.0.116 - - [07/May/2026:09:31:13 +0000] "GET / HTTP/1.1" 300 295
[Thu May 07 09:31:13.297448 2026] [wsgi:error] [pid 9:tid 140463201621696] [remote 10.0.0.116:40126] 2026-05-07 09:31:13.297 9 WARNING keystone.common.password_hashing [None req-2115d0a2-17e3-4a9f-add3-5d4aa14c0e41 - - - - - -] Truncating password to algorithm specific maximum length 72 characters.
[Thu May 07 09:31:13.570996 2026] [wsgi:error] [pid 9:tid 140463201621696] [remote 10.0.0.116:40126] 2026-05-07 09:31:13.570 9 WARNING keystone.common.fernet_utils [None req-2115d0a2-17e3-4a9f-add3-5d4aa14c0e41 - - - - - -] key_repository is world readable: /etc/keystone/fernet-keys/ 10.0.0.116 - - [07/May/2026:09:31:13 +0000] "POST /v3/auth/tokens HTTP/1.1" 201 1992 10.0.0.116 - - [07/May/2026:09:31:13 +0000] "POST /v3/domains HTTP/1.1" 201 284 10.0.0.116 - - [07/May/2026:09:31:15 +0000] "GET / HTTP/1.1" 300 295
[Thu May 07 09:31:15.164117 2026] [wsgi:error] [pid 12:tid 140463201621696] [remote 10.0.0.116:40130] 2026-05-07 09:31:15.163 12 WARNING keystone.common.password_hashing [None req-d3de97c0-ba68-4eb4-a424-bbeef0ddfba3 - - - - - -] Truncating password to algorithm specific maximum length 72 characters.
[Thu May 07 09:31:15.463629 2026] [wsgi:error] [pid 12:tid 140463201621696] [remote 10.0.0.116:40130] 2026-05-07 09:31:15.463 12 WARNING keystone.common.fernet_utils [None req-d3de97c0-ba68-4eb4-a424-bbeef0ddfba3 - - - - - -] key_repository is world readable: /etc/keystone/fernet-keys/ 10.0.0.116 - - [07/May/2026:09:31:15 +0000] "POST /v3/auth/tokens HTTP/1.1" 201 1992
[Thu May 07 09:31:15.644262 2026] [wsgi:error] [pid 9:tid 140463201621696] [remote 10.0.0.116:40130] 2026-05-07 09:31:15.629 9 ERROR keystone.server.flask.application [None req-1198ce0e-c541-41d9-b7a9-3a637eade2f8 1a0468e476bd4833bcb2bb124c493ef5 5fcfaba81cdf46878c80e07a028b8ce5 - - default default] Conflict occurred attempting to store project - it is not permitted to have two projects acting as domains with the same name: service.: keystone.exception.Conflict: Conflict occurred attempting to store project - it is not permitted to have two projects acting as domains with the same name: service.
[Thu May 07 09:31:15.644288 2026] [wsgi:error] [pid 9:tid 140463201621696] [remote 10.0.0.116:40130] 2026-05-07 09:31:15.629 9 ERROR keystone.server.flask.application
Traceback (most recent call last):
[Thu May 07 09:31:15.644290 2026] [wsgi:error] [pid 9:tid 140463201621696] [remote 10.0.0.116:40130] 2026-05-07 09:31:15.629 9 ERROR keystone.server.flask.application
File "/var/lib/openstack/lib/python3.12/site-packages/sqlalchemy/engine/base.py", line 1967, in _exec_single_context
[Thu May 07 09:31:15.644291 2026] [wsgi:error] [pid 9:tid 140463201621696] [remote 10.0.0.116:40130] 2026-05-07 09:31:15.629 9 ERROR keystone.server.flask.application self.dialect.do_execute(
[Thu May 07 09:31:15.644293 2026] [wsgi:error] [pid 9:tid 140463201621696] [remote 10.0.0.116:40130] 2026-05-07 09:31:15.629 9 ERROR keystone.server.flask.application
File "/var/lib/openstack/lib/python3.12/site-packages/sqlalchemy/engine/default.py", line 952, in do_execute
[Thu May 07 09:31:15.644295 2026] [wsgi:error] [pid 9:tid 140463201621696] [remote 10.0.0.116:40130] 2026-05-07 09:31:15.629 9 ERROR keystone.server.flask.application cursor.execute(statement, parameters)
[Thu May 07 09:31:15.644296 2026] [wsgi:error] [pid 9:tid 140463201621696] [remote 10.0.0.116:40130] 2026-05-07 09:31:15.629 9 ERROR keystone.server.flask.application
File "/var/lib/openstack/lib/python3.12/site-packages/pymysql/cursors.py", line 153, in execute
[Thu May 07 09:31:15.644298 2026] [wsgi:error] [pid 9:tid 140463201621696] [remote 10.0.0.116:40130] 2026-05-07 09:31:15.629 9 ERROR keystone.server.flask.application result = self._query(query)
[Thu May 07 09:31:15.644299 2026] [wsgi:error] [pid 9:tid 140463201621696] [remote 10.0.0.116:40130] 2026-05-07 09:31:15.629 9 ERROR keystone.server.flask.application ^^^^^^^^^^^^^^^^^^
[Thu May 07 09:31:15.644300 2026] [wsgi:error] [pid 9:tid 140463201621696] [remote 10.0.0.116:40130] 2026-05-07 09:31:15.629 9 ERROR keystone.server.flask.application
File "/var/lib/openstack/lib/python3.12/site-packages/pymysql/cursors.py", line 322, in _query
[Thu May 07 09:31:15.644302 2026] [wsgi:error] [pid 9:tid 140463201621696] [remote 10.0.0.116:40130] 2026-05-07 09:31:15.629 9 ERROR keystone.server.flask.application conn.query(q)
[Thu May 07 09:31:15.644303 2026] [wsgi:error] [pid 9:tid 140463201621696] [remote 10.0.0.116:40130] 2026-05-07 09:31:15.629 9 ERROR keystone.server.flask.application
File "/var/lib/openstack/lib/python3.12/site-packages/pymysql/connections.py", line 575, in query
[Thu May 07 09:31:15.644305 2026] [wsgi:error] [pid 9:tid 140463201621696] [remote 10.0.0.116:40130] 2026-05-07 09:31:15.629 9 ERROR keystone.server.flask.application self._affected_rows = self._read_query_result(unbuffered=unbuffered)
[Thu May 07 09:31:15.644307 2026] [wsgi:error] [pid 9:tid 140463201621696] [remote 10.0.0.116:40130] 2026-05-07 09:31:15.629 9 ERROR keystone.server.flask.application ^^^^^^^^^^^^^^^^^^^^^^^^^^^^^^^^^^^^^^^^^^^^^^
[Thu May 07 09:31:15.644308 2026] [wsgi:error] [pid 9:tid 140463201621696] [remote 10.0.0.116:40130] 2026-05-07 09:31:15.629 9 ERROR keystone.server.flask.application
File "/var/lib/openstack/lib/python3.12/site-packages/pymysql/connections.py", line 826, in _read_query_result
[Thu May 07 09:31:15.644310 2026] [wsgi:error] [pid 9:tid 140463201621696] [remote 10.0.0.116:40130] 2026-05-07 09:31:15.629 9 ERROR keystone.server.flask.application result.read()
[Thu May 07 09:31:15.644312 2026] [wsgi:error] [pid 9:tid 140463201621696] [remote 10.0.0.116:40130] 2026-05-07 09:31:15.629 9 ERROR keystone.server.flask.application
File "/var/lib/openstack/lib/python3.12/site-packages/pymysql/connections.py", line 1203, in read
[Thu May 07 09:31:15.644314 2026] [wsgi:error] [pid 9:tid 140463201621696] [remote 10.0.0.116:40130] 2026-05-07 09:31:15.629 9 ERROR keystone.server.flask.application first_packet = self.connection._read_packet()
[Thu May 07 09:31:15.644315 2026] [wsgi:error] [pid 9:tid 140463201621696] [remote 10.0.0.116:40130] 2026-05-07 09:31:15.629 9 ERROR keystone.server.flask.application ^^^^^^^^^^^^^^^^^^^^^^^^^^^^^^
[Thu May 07 09:31:15.644316 2026] [wsgi:error] [pid 9:tid 140463201621696] [remote 10.0.0.116:40130] 2026-05-07 09:31:15.629 9 ERROR keystone.server.flask.application
File "/var/lib/openstack/lib/python3.12/site-packages/pymysql/connections.py", line 782, in _read_packet
[Thu May 07 09:31:15.644318 2026] [wsgi:error] [pid 9:tid 140463201621696] [remote 10.0.0.116:40130] 2026-05-07 09:31:15.629 9 ERROR keystone.server.flask.application packet.raise_for_error()
[Thu May 07 09:31:15.644319 2026] [wsgi:error] [pid 9:tid 140463201621696] [remote 10.0.0.116:40130] 2026-05-07 09:31:15.629 9 ERROR keystone.server.flask.application
File "/var/lib/openstack/lib/python3.12/site-packages/pymysql/protocol.py", line 219, in raise_for_error
[Thu May 07 09:31:15.644321 2026] [wsgi:error] [pid 9:tid 140463201621696] [remote 10.0.0.116:40130] 2026-05-07 09:31:15.629 9 ERROR keystone.server.flask.application err.raise_mysql_exception(self._data)
[Thu May 07 09:31:15.644322 2026] [wsgi:error] [pid 9:tid 140463201621696] [remote 10.0.0.116:40130] 2026-05-07 09:31:15.629 9 ERROR keystone.server.flask.application
File "/var/lib/openstack/lib/python3.12/site-packages/pymysql/err.py", line 150, in raise_mysql_exception
[Thu May 07 09:31:15.644323 2026] [wsgi:error] [pid 9:tid 140463201621696] [remote 10.0.0.116:40130] 2026-05-07 09:31:15.629 9 ERROR keystone.server.flask.application raise errorclass(errno, errval)
[Thu May 07 09:31:15.644325 2026] [wsgi:error] [pid 9:tid 140463201621696] [remote 10.0.0.116:40130] 2026-05-07 09:31:15.629 9 ERROR keystone.server.flask.application pymysql.err.IntegrityError: (1062, "Duplicate entry '<>-service' for key 'project.ixu_project_name_domain_id'")
[Thu May 07 09:31:15.644326 2026] [wsgi:error] [pid 9:tid 140463201621696] [remote 10.0.0.116:40130] 2026-05-07 09:31:15.629 9 ERROR keystone.server.flask.application
[Thu May 07 09:31:15.644328 2026] [wsgi:error] [pid 9:tid 140463201621696] [remote 10.0.0.116:40130] 2026-05-07 09:31:15.629 9 ERROR keystone.server.flask.application The above exception was the direct cause of the following exception:
[Thu May 07 09:31:15.644329 2026] [wsgi:error] [pid 9:tid 140463201621696] [remote 10.0.0.116:40130] 2026-05-07 09:31:15.629 9 ERROR keystone.server.flask.application
[Thu May 07 09:31:15.644330 2026] [wsgi:error] [pid 9:tid 140463201621696] [remote 10.0.0.116:40130] 2026-05-07 09:31:15.629 9 ERROR keystone.server.flask.application
Traceback (most recent call last):
[Thu May 07 09:31:15.644332 2026] [wsgi:error] [pid 9:tid 140463201621696] [remote 10.0.0.116:40130] 2026-05-07 09:31:15.629 9 ERROR keystone.server.flask.application
File "/var/lib/openstack/lib/python3.12/site-packages/keystone/common/sql/core.py", line 575, in wrapper
[Thu May 07 09:31:15.644333 2026] [wsgi:error] [pid 9:tid 140463201621696] [remote 10.0.0.116:40130] 2026-05-07 09:31:15.629 9 ERROR keystone.server.flask.application return method(*args, **kwargs)
[Thu May 07 09:31:15.644335 2026] [wsgi:error] [pid 9:tid 140463201621696] [remote 10.0.0.116:40130] 2026-05-07 09:31:15.629 9 ERROR keystone.server.flask.application ^^^^^^^^^^^^^^^^^^^^^^^
[Thu May 07 09:31:15.644336 2026] [wsgi:error] [pid 9:tid 140463201621696] [remote 10.0.0.116:40130] 2026-05-07 09:31:15.629 9 ERROR keystone.server.flask.application
File "/var/lib/openstack/lib/python3.12/site-packages/keystone/resource/backends/sql.py", line 278, in create_project
[Thu May 07 09:31:15.644339 2026] [wsgi:error] [pid 9:tid 140463201621696] [remote 10.0.0.116:40130] 2026-05-07 09:31:15.629 9 ERROR keystone.server.flask.application with sql.session_for_write() as session:
[Thu May 07 09:31:15.644340 2026] [wsgi:error] [pid 9:tid 140463201621696] [remote 10.0.0.116:40130] 2026-05-07 09:31:15.629 9 ERROR keystone.server.flask.application
File "/usr/lib/python3.12/contextlib.py", line 144, in __exit__
[Thu May 07 09:31:15.644341 2026] [wsgi:error] [pid 9:tid 140463201621696] [remote 10.0.0.116:40130] 2026-05-07 09:31:15.629 9 ERROR keystone.server.flask.application next(self.gen)
[Thu May 07 09:31:15.644343 2026] [wsgi:error] [pid 9:tid 140463201621696] [remote 10.0.0.116:40130] 2026-05-07 09:31:15.629 9 ERROR keystone.server.flask.application
File "/var/lib/openstack/lib/python3.12/site-packages/oslo_db/sqlalchemy/enginefacade.py", line 1175, in _transaction_scope
[Thu May 07 09:31:15.644344 2026] [wsgi:error] [pid 9:tid 140463201621696] [remote 10.0.0.116:40130] 2026-05-07 09:31:15.629 9 ERROR keystone.server.flask.application with current._produce_block(
[Thu May 07 09:31:15.644345 2026] [wsgi:error] [pid 9:tid 140463201621696] [remote 10.0.0.116:40130] 2026-05-07 09:31:15.629 9 ERROR keystone.server.flask.application
File "/usr/lib/python3.12/contextlib.py", line 144, in __exit__
[Thu May 07 09:31:15.644347 2026] [wsgi:error] [pid 9:tid 140463201621696] [remote 10.0.0.116:40130] 2026-05-07 09:31:15.629 9 ERROR keystone.server.flask.application next(self.gen)
[Thu May 07 09:31:15.644348 2026] [wsgi:error] [pid 9:tid 140463201621696] [remote 10.0.0.116:40130] 2026-05-07 09:31:15.629 9 ERROR keystone.server.flask.application
File "/var/lib/openstack/lib/python3.12/site-packages/oslo_db/sqlalchemy/enginefacade.py", line 837, in _session
[Thu May 07 09:31:15.644350 2026] [wsgi:error] [pid 9:tid 140463201621696] [remote 10.0.0.116:40130] 2026-05-07 09:31:15.629 9 ERROR keystone.server.flask.application with excutils.save_and_reraise_exception():
[Thu May 07 09:31:15.644351 2026] [wsgi:error] [pid 9:tid 140463201621696] [remote 10.0.0.116:40130] 2026-05-07 09:31:15.629 9 ERROR keystone.server.flask.application
File "/var/lib/openstack/lib/python3.12/site-packages/oslo_utils/excutils.py", line 271, in __exit__
[Thu May 07 09:31:15.644352 2026] [wsgi:error] [pid 9:tid 140463201621696] [remote 10.0.0.116:40130] 2026-05-07 09:31:15.629 9 ERROR keystone.server.flask.application self.force_reraise()
[Thu May 07 09:31:15.644354 2026] [wsgi:error] [pid 9:tid 140463201621696] [remote 10.0.0.116:40130] 2026-05-07 09:31:15.629 9 ERROR keystone.server.flask.application
File "/var/lib/openstack/lib/python3.12/site-packages/oslo_utils/excutils.py", line 233, in force_reraise
[Thu May 07 09:31:15.644355 2026] [wsgi:error] [pid 9:tid 140463201621696] [remote 10.0.0.116:40130] 2026-05-07 09:31:15.629 9 ERROR keystone.server.flask.application raise self.value
[Thu May 07 09:31:15.644356 2026] [wsgi:error] [pid 9:tid 140463201621696] [remote 10.0.0.116:40130] 2026-05-07 09:31:15.629 9 ERROR keystone.server.flask.application
File "/var/lib/openstack/lib/python3.12/site-packages/oslo_db/sqlalchemy/enginefacade.py", line 835, in _session
[Thu May 07 09:31:15.644359 2026] [wsgi:error] [pid 9:tid 140463201621696] [remote 10.0.0.116:40130] 2026-05-07 09:31:15.629 9 ERROR keystone.server.flask.application self._end_session_transaction(self.session)
[Thu May 07 09:31:15.644361 2026] [wsgi:error] [pid 9:tid 140463201621696] [remote 10.0.0.116:40130] 2026-05-07 09:31:15.629 9 ERROR keystone.server.flask.application
File "/var/lib/openstack/lib/python3.12/site-packages/oslo_db/sqlalchemy/enginefacade.py", line 748, in _end_session_transaction
[Thu May 07 09:31:15.644362 2026] [wsgi:error] [pid 9:tid 140463201621696] [remote 10.0.0.116:40130] 2026-05-07 09:31:15.629 9 ERROR keystone.server.flask.application session.commit()
[Thu May 07 09:31:15.644364 2026] [wsgi:error] [pid 9:tid 140463201621696] [remote 10.0.0.116:40130] 2026-05-07 09:31:15.629 9 ERROR keystone.server.flask.application
File "/var/lib/openstack/lib/python3.12/site-packages/sqlalchemy/orm/session.py", line 2030, in commit
[Thu May 07 09:31:15.644366 2026] [wsgi:error] [pid 9:tid 140463201621696] [remote 10.0.0.116:40130] 2026-05-07 09:31:15.629 9 ERROR keystone.server.flask.application trans.commit(_to_root=True)
[Thu May 07 09:31:15.644367 2026] [wsgi:error] [pid 9:tid 140463201621696] [remote 10.0.0.116:40130] 2026-05-07 09:31:15.629 9 ERROR keystone.server.flask.application File "", line 2, in commit
[Thu May 07 09:31:15.644368 2026] [wsgi:error] [pid 9:tid 140463201621696] [remote 10.0.0.116:40130] 2026-05-07 09:31:15.629 9 ERROR keystone.server.flask.application
File "/var/lib/openstack/lib/python3.12/site-packages/sqlalchemy/orm/state_changes.py", line 137, in _go
[Thu May 07 09:31:15.644370 2026] [wsgi:error] [pid 9:tid 140463201621696] [remote 10.0.0.116:40130] 2026-05-07 09:31:15.629 9 ERROR keystone.server.flask.application ret_value = fn(self, *arg, **kw)
[Thu May 07 09:31:15.644371 2026] [wsgi:error] [pid 9:tid 140463201621696] [remote 10.0.0.116:40130] 2026-05-07 09:31:15.629 9 ERROR keystone.server.flask.application ^^^^^^^^^^^^^^^^^^^^
[Thu May 07 09:31:15.644372 2026] [wsgi:error] [pid 9:tid 140463201621696] [remote 10.0.0.116:40130] 2026-05-07 09:31:15.629 9 ERROR keystone.server.flask.application
File "/var/lib/openstack/lib/python3.12/site-packages/sqlalchemy/orm/session.py", line 1311, in commit
[Thu May 07 09:31:15.644374 2026] [wsgi:error] [pid 9:tid 140463201621696] [remote 10.0.0.116:40130] 2026-05-07 09:31:15.629 9 ERROR keystone.server.flask.application self._prepare_impl()
[Thu May 07 09:31:15.644375 2026] [wsgi:error] [pid 9:tid 140463201621696] [remote 10.0.0.116:40130] 2026-05-07 09:31:15.629 9 ERROR keystone.server.flask.application File "", line 2, in _prepare_impl
[Thu May 07 09:31:15.644376 2026] [wsgi:error] [pid 9:tid 140463201621696] [remote 10.0.0.116:40130] 2026-05-07 09:31:15.629 9 ERROR keystone.server.flask.application
File "/var/lib/openstack/lib/python3.12/site-packages/sqlalchemy/orm/state_changes.py", line 137, in _go
[Thu May 07 09:31:15.644378 2026] [wsgi:error] [pid 9:tid 140463201621696] [remote 10.0.0.116:40130] 2026-05-07 09:31:15.629 9 ERROR keystone.server.flask.application ret_value = fn(self, *arg, **kw)
[Thu May 07 09:31:15.644379 2026] [wsgi:error] [pid 9:tid 140463201621696] [remote 10.0.0.116:40130] 2026-05-07 09:31:15.629 9 ERROR keystone.server.flask.application ^^^^^^^^^^^^^^^^^^^^
[Thu May 07 09:31:15.644392 2026] [wsgi:error] [pid 9:tid 140463201621696] [remote 10.0.0.116:40130] 2026-05-07 09:31:15.629 9 ERROR keystone.server.flask.application
File "/var/lib/openstack/lib/python3.12/site-packages/sqlalchemy/orm/session.py", line 1286, in _prepare_impl
[Thu May 07 09:31:15.644393 2026] [wsgi:error] [pid 9:tid 140463201621696] [remote 10.0.0.116:40130] 2026-05-07 09:31:15.629 9 ERROR keystone.server.flask.application self.session.flush()
[Thu May 07 09:31:15.644395 2026] [wsgi:error] [pid 9:tid 140463201621696] [remote 10.0.0.116:40130] 2026-05-07 09:31:15.629 9 ERROR keystone.server.flask.application
File "/var/lib/openstack/lib/python3.12/site-packages/sqlalchemy/orm/session.py", line 4331, in flush
[Thu May 07 09:31:15.644396 2026] [wsgi:error] [pid 9:tid 140463201621696] [remote 10.0.0.116:40130] 2026-05-07 09:31:15.629 9 ERROR keystone.server.flask.application self._flush(objects)
[Thu May 07 09:31:15.644398 2026] [wsgi:error] [pid 9:tid 140463201621696] [remote 10.0.0.116:40130] 2026-05-07 09:31:15.629 9 ERROR keystone.server.flask.application
File "/var/lib/openstack/lib/python3.12/site-packages/sqlalchemy/orm/session.py", line 4466, in _flush
[Thu May 07 09:31:15.644399 2026] [wsgi:error] [pid 9:tid 140463201621696] [remote 10.0.0.116:40130] 2026-05-07 09:31:15.629 9 ERROR keystone.server.flask.application with util.safe_reraise():
[Thu May 07 09:31:15.644401 2026] [wsgi:error] [pid 9:tid 140463201621696] [remote 10.0.0.116:40130] 2026-05-07 09:31:15.629 9 ERROR keystone.server.flask.application
File "/var/lib/openstack/lib/python3.12/site-packages/sqlalchemy/util/langhelpers.py", line 121, in __exit__
[Thu May 07 09:31:15.644402 2026] [wsgi:error] [pid 9:tid 140463201621696] [remote 10.0.0.116:40130] 2026-05-07 09:31:15.629 9 ERROR keystone.server.flask.application raise exc_value.with_traceback(exc_tb)
[Thu May 07 09:31:15.644404 2026] [wsgi:error] [pid 9:tid 140463201621696] [remote 10.0.0.116:40130] 2026-05-07 09:31:15.629 9 ERROR keystone.server.flask.application
File "/var/lib/openstack/lib/python3.12/site-packages/sqlalchemy/orm/session.py", line 4427, in _flush
[Thu May 07 09:31:15.644405 2026] [wsgi:error] [pid 9:tid 140463201621696] [remote 10.0.0.116:40130] 2026-05-07 09:31:15.629 9 ERROR keystone.server.flask.application flush_context.execute()
[Thu May 07 09:31:15.644407 2026] [wsgi:error] [pid 9:tid 140463201621696] [remote 10.0.0.116:40130] 2026-05-07 09:31:15.629 9 ERROR keystone.server.flask.application
