2026-02-24 21:04:39.630 6 INFO placement.requestlog [None req-c206fcd6-6cb4-4539-94a7-441a8de978f5 08944b216a4647a0ba403127219083b3 dcbaf7e023994a8a85a65e80cc057df2 - - d570d950ad484c8db0de85121ae37314 d570d950ad484c8db0de85121ae37314] 10.0.0.96 "DELETE /resource_providers/bb025f4d-0f44-475e-b3c8-c3e41b7f98e5" status: 404 len: 246 microversion: 1.1 [pid: 6|app: 0|req: 323/648] 10.0.0.96 () {34 vars in 815 bytes} [Tue Feb 24 21:04:39 2026] DELETE /resource_providers/bb025f4d-0f44-475e-b3c8-c3e41b7f98e5 => generated 246 bytes in 8 msecs (HTTP/1.1 404) 6 headers in 231 bytes (1 switches on core 0)
2026-02-24 21:04:39.632 7 INFO placement.requestlog [None req-63be9314-c041-43ca-942a-9bca4425c161 - - - - - -] 10.0.0.198 "GET /" status: 200 len: 136 microversion: 1.0
2026-02-24 21:04:39.632 6 INFO placement.requestlog [None req-6f66ce09-72c3-486f-a716-b4db597e9da2 - - - - - -] 10.0.0.198 "GET /" status: 200 len: 136 microversion: 1.0
2026-02-24 21:04:39.657 7 INFO placement.requestlog [None req-0f7a2016-195a-4cac-a623-b39a0531607e 08944b216a4647a0ba403127219083b3 dcbaf7e023994a8a85a65e80cc057df2 - - d570d950ad484c8db0de85121ae37314 d570d950ad484c8db0de85121ae37314] 10.0.0.96 "GET /resource_providers/bb025f4d-0f44-475e-b3c8-c3e41b7f98e5/aggregates" status: 404 len: 235 microversion: 1.1 [pid: 7|app: 0|req: 327/651] 10.0.0.96 () {32 vars in 815 bytes} [Tue Feb 24 21:04:39 2026] GET /resource_providers/bb025f4d-0f44-475e-b3c8-c3e41b7f98e5/aggregates => generated 235 bytes in 7 msecs (HTTP/1.1 404) 5 headers in 202 bytes (1 switches on core 0)
2026-02-24 21:04:39.676 6 INFO placement.requestlog [None req-f3ea2b37-c40e-4ac9-a339-e0cbb22d7b49 08944b216a4647a0ba403127219083b3 dcbaf7e023994a8a85a65e80cc057df2 - - d570d950ad484c8db0de85121ae37314 d570d950ad484c8db0de85121ae37314] 10.0.0.96 "DELETE /resource_providers/bb025f4d-0f44-475e-b3c8-c3e41b7f98e5" status: 404 len: 246 microversion: 1.1 [pid: 6|app: 0|req: 325/652] 10.0.0.96 () {34 vars in 815 bytes} [Tue Feb 24 21:04:39 2026] DELETE /resource_providers/bb025f4d-0f44-475e-b3c8-c3e41b7f98e5 => generated 246 bytes in 10 msecs (HTTP/1.1 404) 6 headers in 231 bytes (1 switches on core 0)
2026-02-24 21:04:40.387 7 INFO placement.requestlog [None req-9b129cbf-1273-465a-b873-69721a60a0dd fdc3df595cc64884b1370627fd491f38 f8a4850302334f5c900945210af6a080 - - default default] 10.0.0.175 "GET /resource_providers" status: 200 len: 405 microversion: 1.0 [pid: 7|app: 0|req: 328/653] 10.0.0.175 () {28 vars in 593 bytes} [Tue Feb 24 21:04:40 2026] GET /resource_providers => generated 405 bytes in 291 msecs (HTTP/1.1 200) 6 headers in 224 bytes (1 switches on core 0)
2026-02-24 21:04:40.413 6 INFO placement.requestlog [None req-5c70caf1-a554-4562-a137-4c19cd023dd1 fdc3df595cc64884b1370627fd491f38 f8a4850302334f5c900945210af6a080 - - default default] 10.0.0.175 "GET /resource_providers/c752a071-261f-4aed-b19f-9f01bb0ee99a/inventories" status: 200 len: 400 microversion: 1.0 [pid: 6|app: 0|req: 326/654] 10.0.0.175 () {28 vars in 691 bytes} [Tue Feb 24 21:04:40 2026] GET /resource_providers/c752a071-261f-4aed-b19f-9f01bb0ee99a/inventories => generated 400 bytes in 22 msecs (HTTP/1.1 200) 6 headers in 224 bytes (1 switches on core 0)
2026-02-24 21:04:40.445 7 INFO placement.requestlog [None req-aa6bee01-83e0-4328-a1c4-4bb002cba2cd fdc3df595cc64884b1370627fd491f38 f8a4850302334f5c900945210af6a080 - - default default] 10.0.0.175 "GET /resource_providers/c752a071-261f-4aed-b19f-9f01bb0ee99a/usages" status: 200 len: 91 microversion: 1.0 [pid: 7|app: 0|req: 329/655] 10.0.0.175 () {28 vars in 681 bytes} [Tue Feb 24 21:04:40 2026] GET /resource_providers/c752a071-261f-4aed-b19f-9f01bb0ee99a/usages => generated 91 bytes in 26 msecs (HTTP/1.1 200) 6 headers in 223 bytes (1 switches on core 0)
2026-02-24 21:04:41.639 6 INFO placement.requestlog [None req-d86b1700-fba0-4e9d-91db-1415b44523ea 08944b216a4647a0ba403127219083b3 dcbaf7e023994a8a85a65e80cc057df2 - - d570d950ad484c8db0de85121ae37314 d570d950ad484c8db0de85121ae37314] 10.0.0.96 "GET /resource_providers/c886b865-725a-4154-b9c6-d2c56293db3e/aggregates" status: 404 len: 235 microversion: 1.1 [pid: 6|app: 0|req: 327/656] 10.0.0.96 () {32 vars in 815 bytes} [Tue Feb 24 21:04:41 2026] GET /resource_providers/c886b865-725a-4154-b9c6-d2c56293db3e/aggregates => generated 235 bytes in 10 msecs (HTTP/1.1 404) 5 headers in 202 bytes (1 switches on core 0)
2026-02-24 21:04:41.647 7 INFO placement.requestlog [None req-fc0d79c9-ad1f-4f5b-bbb8-b5b068b45a7b 08944b216a4647a0ba403127219083b3 dcbaf7e023994a8a85a65e80cc057df2 - - d570d950ad484c8db0de85121ae37314 d570d950ad484c8db0de85121ae37314] 10.0.0.96 "GET /resource_providers/c886b865-725a-4154-b9c6-d2c56293db3e/aggregates" status: 404 len: 235 microversion: 1.1 [pid: 7|app: 0|req: 330/657] 10.0.0.96 () {32 vars in 815 bytes} [Tue Feb 24 21:04:41 2026] GET /resource_providers/c886b865-725a-4154-b9c6-d2c56293db3e/aggregates => generated 235 bytes in 11 msecs (HTTP/1.1 404) 5 headers in 202 bytes (1 switches on core 0)
2026-02-24 21:04:41.655 6 INFO placement.requestlog [None req-770844f6-b058-43af-96cb-bd0ad46bb2ae 08944b216a4647a0ba403127219083b3 dcbaf7e023994a8a85a65e80cc057df2 - - d570d950ad484c8db0de85121ae37314 d570d950ad484c8db0de85121ae37314] 10.0.0.96 "DELETE /resource_providers/c886b865-725a-4154-b9c6-d2c56293db3e" status: 404 len: 246 microversion: 1.1 [pid: 6|app: 0|req: 328/658] 10.0.0.96 () {34 vars in 815 bytes} [Tue Feb 24 21:04:41 2026] DELETE /resource_providers/c886b865-725a-4154-b9c6-d2c56293db3e => generated 246 bytes in 10 msecs (HTTP/1.1 404) 6 headers in 231 bytes (1 switches on core 0)
2026-02-24 21:04:41.667 7 INFO placement.requestlog [None req-b7ee0bb5-7acf-4097-b976-425a806deb9f 08944b216a4647a0ba403127219083b3 dcbaf7e023994a8a85a65e80cc057df2 - - d570d950ad484c8db0de85121ae37314 d570d950ad484c8db0de85121ae37314] 10.0.0.96 "DELETE /resource_providers/c886b865-725a-4154-b9c6-d2c56293db3e" status: 404 len: 246 microversion: 1.1 [pid: 7|app: 0|req: 331/659] 10.0.0.96 () {34 vars in 815 bytes} [Tue Feb 24 21:04:41 2026] DELETE /resource_providers/c886b865-725a-4154-b9c6-d2c56293db3e => generated 246 bytes in 12 msecs (HTTP/1.1 404) 6 headers in 231 bytes (1 switches on core 0)
2026-02-24 21:04:41.673 6 INFO placement.requestlog [None req-a0877d34-bcbf-4e1e-bf55-48b76993c67b 08944b216a4647a0ba403127219083b3 dcbaf7e023994a8a85a65e80cc057df2 - - d570d950ad484c8db0de85121ae37314 d570d950ad484c8db0de85121ae37314] 10.0.0.96 "GET /resource_providers/efdef4e2-f71b-410c-87d7-9e1fba4694aa/aggregates" status: 404 len: 235 microversion: 1.1 [pid: 6|app: 0|req: 329/660] 10.0.0.96 () {32 vars in 815 bytes} [Tue Feb 24 21:04:41 2026] GET /resource_providers/efdef4e2-f71b-410c-87d7-9e1fba4694aa/aggregates => generated 235 bytes in 13 msecs (HTTP/1.1 404) 5 headers in 202 bytes (1 switches on core 0)
2026-02-24 21:04:41.703 7 INFO placement.requestlog [None req-a91e5dba-b23e-4f60-9800-e4392bec5dd5 08944b216a4647a0ba403127219083b3 dcbaf7e023994a8a85a65e80cc057df2 - - d570d950ad484c8db0de85121ae37314 d570d950ad484c8db0de85121ae37314] 10.0.0.96 "GET /resource_providers/efdef4e2-f71b-410c-87d7-9e1fba4694aa/aggregates" status: 404 len: 235 microversion: 1.1 [pid: 7|app: 0|req: 332/661] 10.0.0.96 () {32 vars in 815 bytes} [Tue Feb 24 21:04:41 2026] GET /resource_providers/efdef4e2-f71b-410c-87d7-9e1fba4694aa/aggregates => generated 235 bytes in 30 msecs (HTTP/1.1 404) 5 headers in 202 bytes (1 switches on core 0)
2026-02-24 21:04:41.706 6 INFO placement.requestlog [None req-ad6b7a37-64d3-44e0-9e82-52017e462479 08944b216a4647a0ba403127219083b3 dcbaf7e023994a8a85a65e80cc057df2 - - d570d950ad484c8db0de85121ae37314 d570d950ad484c8db0de85121ae37314] 10.0.0.96 "DELETE /resource_providers/efdef4e2-f71b-410c-87d7-9e1fba4694aa" status: 404 len: 246 microversion: 1.1 [pid: 6|app: 0|req: 330/662] 10.0.0.96 () {34 vars in 815 bytes} [Tue Feb 24 21:04:41 2026] DELETE /resource_providers/efdef4e2-f71b-410c-87d7-9e1fba4694aa => generated 246 bytes in 13 msecs (HTTP/1.1 404) 6 headers in 231 bytes (1 switches on core 0)
2026-02-24 21:04:41.721 7 INFO placement.requestlog [None req-a954719b-01c6-4282-bca5-a763bcfd85b6 08944b216a4647a0ba403127219083b3 dcbaf7e023994a8a85a65e80cc057df2 - - d570d950ad484c8db0de85121ae37314 d570d950ad484c8db0de85121ae37314] 10.0.0.96 "DELETE /resource_providers/efdef4e2-f71b-410c-87d7-9e1fba4694aa" status: 404 len: 246 microversion: 1.1 [pid: 7|app: 0|req: 333/663] 10.0.0.96 () {34 vars in 815 bytes} [Tue Feb 24 21:04:41 2026] DELETE /resource_providers/efdef4e2-f71b-410c-87d7-9e1fba4694aa => generated 246 bytes in 11 msecs (HTTP/1.1 404) 6 headers in 231 bytes (1 switches on core 0)
2026-02-24 21:04:42.879 7 INFO placement.requestlog [None req-23b2dc7e-f696-4758-a719-b9477246f727 08944b216a4647a0ba403127219083b3 dcbaf7e023994a8a85a65e80cc057df2 - - d570d950ad484c8db0de85121ae37314 d570d950ad484c8db0de85121ae37314] 10.0.0.96 "GET /resource_providers/2f7e9f5f-c248-482d-bb5e-9cebf4ac53cc/aggregates" status: 404 len: 235 microversion: 1.1 [pid: 7|app: 0|req: 334/664] 10.0.0.96 () {32 vars in 815 bytes} [Tue Feb 24 21:04:42 2026] GET /resource_providers/2f7e9f5f-c248-482d-bb5e-9cebf4ac53cc/aggregates => generated 235 bytes in 10 msecs (HTTP/1.1 404) 5 headers in 202 bytes (1 switches on core 0)
2026-02-24 21:04:42.882 6 INFO placement.requestlog [None req-8e796b60-4600-40d1-9c0b-315c6b3f5524 08944b216a4647a0ba403127219083b3 dcbaf7e023994a8a85a65e80cc057df2 - - d570d950ad484c8db0de85121ae37314 d570d950ad484c8db0de85121ae37314] 10.0.0.96 "GET /resource_providers/2f7e9f5f-c248-482d-bb5e-9cebf4ac53cc/aggregates" status: 404 len: 235 microversion: 1.1 [pid: 6|app: 0|req: 331/665] 10.0.0.96 () {32 vars in 815 bytes} [Tue Feb 24 21:04:42 2026] GET /resource_providers/2f7e9f5f-c248-482d-bb5e-9cebf4ac53cc/aggregates => generated 235 bytes in 13 msecs (HTTP/1.1 404) 5 headers in 202 bytes (1 switches on core 0)
2026-02-24 21:04:42.901 7 INFO placement.requestlog [None req-0ee32803-0f13-4de4-b991-4f370b3f4dde 08944b216a4647a0ba403127219083b3 dcbaf7e023994a8a85a65e80cc057df2 - - d570d950ad484c8db0de85121ae37314 d570d950ad484c8db0de85121ae37314] 10.0.0.96 "DELETE /resource_providers/2f7e9f5f-c248-482d-bb5e-9cebf4ac53cc" status: 404 len: 246 microversion: 1.1 [pid: 7|app: 0|req: 335/666] 10.0.0.96 () {34 vars in 815 bytes} [Tue Feb 24 21:04:42 2026] DELETE /resource_providers/2f7e9f5f-c248-482d-bb5e-9cebf4ac53cc => generated 246 bytes in 6 msecs (HTTP/1.1 404) 6 headers in 231 bytes (1 switches on core 0)
2026-02-24 21:04:42.906 6 INFO placement.requestlog [None req-883da559-b52e-4904-966f-7b53fd91e0f7 08944b216a4647a0ba403127219083b3 dcbaf7e023994a8a85a65e80cc057df2 - - d570d950ad484c8db0de85121ae37314 d570d950ad484c8db0de85121ae37314] 10.0.0.96 "DELETE /resource_providers/2f7e9f5f-c248-482d-bb5e-9cebf4ac53cc" status: 404 len: 246 microversion: 1.1 [pid: 6|app: 0|req: 332/667] 10.0.0.96 () {34 vars in 815 bytes} [Tue Feb 24 21:04:42 2026] DELETE /resource_providers/2f7e9f5f-c248-482d-bb5e-9cebf4ac53cc => generated 246 bytes in 10 msecs (HTTP/1.1 404) 6 headers in 231 bytes (1 switches on core 0)
2026-02-24 21:04:44.927 7 INFO placement.requestlog [None req-1a860505-307c-480f-bbfc-2f2e41aee2a2 08944b216a4647a0ba403127219083b3 dcbaf7e023994a8a85a65e80cc057df2 - - d570d950ad484c8db0de85121ae37314 d570d950ad484c8db0de85121ae37314] 10.0.0.96 "GET /resource_providers/19b3407c-a173-4278-91c0-2f44b9f1829a/aggregates" status: 404 len: 235 microversion: 1.1 [pid: 7|app: 0|req: 336/668] 10.0.0.96 () {32 vars in 815 bytes} [Tue Feb 24 21:04:44 2026] GET /resource_providers/19b3407c-a173-4278-91c0-2f44b9f1829a/aggregates => generated 235 bytes in 12 msecs (HTTP/1.1 404) 5 headers in 202 bytes (1 switches on core 0)
2026-02-24 21:04:44.928 6 INFO placement.requestlog [None req-6270d611-d1e8-4c52-b44b-aed984927ea6 08944b216a4647a0ba403127219083b3 dcbaf7e023994a8a85a65e80cc057df2 - - d570d950ad484c8db0de85121ae37314 d570d950ad484c8db0de85121ae37314] 10.0.0.96 "GET /resource_providers/19b3407c-a173-4278-91c0-2f44b9f1829a/aggregates" status: 404 len: 235 microversion: 1.1 [pid: 6|app: 0|req: 333/669] 10.0.0.96 () {32 vars in 815 bytes} [Tue Feb 24 21:04:44 2026] GET /resource_providers/19b3407c-a173-4278-91c0-2f44b9f1829a/aggregates => generated 235 bytes in 10 msecs (HTTP/1.1 404) 5 headers in 202 bytes (1 switches on core 0)
2026-02-24 21:04:44.948 7 INFO placement.requestlog [None req-af34729d-a74b-4789-a647-35c7302993cd 08944b216a4647a0ba403127219083b3 dcbaf7e023994a8a85a65e80cc057df2 - - d570d950ad484c8db0de85121ae37314 d570d950ad484c8db0de85121ae37314] 10.0.0.96 "DELETE /resource_providers/19b3407c-a173-4278-91c0-2f44b9f1829a" status: 404 len: 246 microversion: 1.1 [pid: 7|app: 0|req: 337/670] 10.0.0.96 () {34 vars in 815 bytes} [Tue Feb 24 21:04:44 2026] DELETE /resource_providers/19b3407c-a173-4278-91c0-2f44b9f1829a => generated 246 bytes in 9 msecs (HTTP/1.1 404) 6 headers in 231 bytes (1 switches on core 0)
2026-02-24 21:04:44.950 6 INFO placement.requestlog [None req-3911a8c1-8ba7-467a-89f8-29aae3b62e81 08944b216a4647a0ba403127219083b3 dcbaf7e023994a8a85a65e80cc057df2 - - d570d950ad484c8db0de85121ae37314 d570d950ad484c8db0de85121ae37314] 10.0.0.96 "DELETE /resource_providers/19b3407c-a173-4278-91c0-2f44b9f1829a" status: 404 len: 246 microversion: 1.1 [pid: 6|app: 0|req: 334/671] 10.0.0.96 () {34 vars in 815 bytes} [Tue Feb 24 21:04:44 2026] DELETE /resource_providers/19b3407c-a173-4278-91c0-2f44b9f1829a => generated 246 bytes in 10 msecs (HTTP/1.1 404) 6 headers in 231 bytes (1 switches on core 0)
2026-02-24 21:04:47.956 7 INFO placement.requestlog [req-9a87db62-635e-47f5-97ef-d777135ec054 req-fe8eb2ee-46e3-4e2d-a712-6acc8f173c9b 76754c573c894822971b7671c3f4ff80 dcbaf7e023994a8a85a65e80cc057df2 - - d570d950ad484c8db0de85121ae37314 d570d950ad484c8db0de85121ae37314] 10.0.0.227 "GET /allocation_candidates?limit=1000&resources=DISK_GB%3A1%2CMEMORY_MB%3A512%2CVCPU%3A1&root_required=%21COMPUTE_STATUS_DISABLED" status: 200 len: 2445 microversion: 1.36 [pid: 7|app: 0|req: 338/672] 10.0.0.227 () {34 vars in 1012 bytes} [Tue Feb 24 21:04:47 2026] GET /allocation_candidates?limit=1000&resources=DISK_GB%3A1%2CMEMORY_MB%3A512%2CVCPU%3A1&root_required=%21COMPUTE_STATUS_DISABLED => generated 2445 bytes in 54 msecs (HTTP/1.1 200) 8 headers in 297 bytes (1 switches on core 0)
2026-02-24 21:04:47.989 6 INFO placement.requestlog [req-9a87db62-635e-47f5-97ef-d777135ec054 req-61fc3535-90ad-46f8-a82d-3ff2a67da292 76754c573c894822971b7671c3f4ff80 dcbaf7e023994a8a85a65e80cc057df2 - - d570d950ad484c8db0de85121ae37314 d570d950ad484c8db0de85121ae37314] 10.0.0.227 "GET /allocations/b058d9b9-595c-4afd-a9a9-6865fddba95c" status: 200 len: 19 microversion: 1.28 [pid: 6|app: 0|req: 335/673] 10.0.0.227 () {34 vars in 861 bytes} [Tue Feb 24 21:04:47 2026] GET /allocations/b058d9b9-595c-4afd-a9a9-6865fddba95c => generated 19 bytes in 15 msecs (HTTP/1.1 200) 8 headers in 295 bytes (1 switches on core 0)
2026-02-24 21:04:48.057 7 INFO placement.requestlog [req-9a87db62-635e-47f5-97ef-d777135ec054 req-827c6899-cdc1-417a-baff-91039af456bc 76754c573c894822971b7671c3f4ff80 dcbaf7e023994a8a85a65e80cc057df2 - - d570d950ad484c8db0de85121ae37314 d570d950ad484c8db0de85121ae37314] 10.0.0.227 "PUT /allocations/b058d9b9-595c-4afd-a9a9-6865fddba95c" status: 204 len: 0 microversion: 1.36 [pid: 7|app: 0|req: 339/674] 10.0.0.227 () {38 vars in 914 bytes} [Tue Feb 24 21:04:47 2026] PUT /allocations/b058d9b9-595c-4afd-a9a9-6865fddba95c => generated 0 bytes in 59 msecs (HTTP/1.1 204) 5 headers in 199 bytes (1 switches on core 0)
2026-02-24 21:04:49.537 6 INFO placement.requestlog [req-9a87db62-635e-47f5-97ef-d777135ec054 req-4f01a7cf-dd66-423e-ae28-e51c0675985f 76754c573c894822971b7671c3f4ff80 dcbaf7e023994a8a85a65e80cc057df2 - - d570d950ad484c8db0de85121ae37314 d570d950ad484c8db0de85121ae37314] 162.253.55.207 "GET /allocations/b058d9b9-595c-4afd-a9a9-6865fddba95c" status: 200 len: 257 microversion: 1.28 [pid: 6|app: 0|req: 336/675] 162.253.55.207 () {34 vars in 863 bytes} [Tue Feb 24 21:04:49 2026] GET /allocations/b058d9b9-595c-4afd-a9a9-6865fddba95c => generated 257 bytes in 13 msecs (HTTP/1.1 200) 8 headers in 296 bytes (1 switches on core 0)
2026-02-24 21:04:49.636 7 INFO placement.requestlog [None req-e91b2665-fa15-4f10-9559-3cce94f24687 - - - - - -] 10.0.0.198 "GET /" status: 200 len: 136 microversion: 1.0
2026-02-24 21:04:49.636 6 INFO placement.requestlog [None req-6309520d-456b-4df7-bc52-bb00fe463d1c - - - - - -] 10.0.0.198 "GET /" status: 200 len: 136 microversion: 1.0
2026-02-24 21:04:50.591 7 INFO placement.requestlog [req-9a87db62-635e-47f5-97ef-d777135ec054 req-a64a4a90-a18b-460c-8c96-97c447c43fe3 76754c573c894822971b7671c3f4ff80 dcbaf7e023994a8a85a65e80cc057df2 - - d570d950ad484c8db0de85121ae37314 d570d950ad484c8db0de85121ae37314] 162.253.55.207 "GET /resource_providers/c752a071-261f-4aed-b19f-9f01bb0ee99a/allocations" status: 200 len: 352 microversion: 1.0 [pid: 7|app: 0|req: 341/678] 162.253.55.207 () {32 vars in 857 bytes} [Tue Feb 24 21:04:50 2026] GET /resource_providers/c752a071-261f-4aed-b19f-9f01bb0ee99a/allocations => generated 352 bytes in 35 msecs (HTTP/1.1 200) 6 headers in 224 bytes (1 switches on core 0)
2026-02-24 21:04:50.617 6 INFO placement.requestlog [req-9a87db62-635e-47f5-97ef-d777135ec054 req-a30ee3fb-69e8-4d47-9124-505061dfed1c 76754c573c894822971b7671c3f4ff80 dcbaf7e023994a8a85a65e80cc057df2 - - d570d950ad484c8db0de85121ae37314 d570d950ad484c8db0de85121ae37314] 162.253.55.207 "GET /allocations/8d1dd7e2-1083-47bd-b9c4-38170ea7913b" status: 200 len: 257 microversion: 1.28 [pid: 6|app: 0|req: 338/679] 162.253.55.207 () {34 vars in 863 bytes} [Tue Feb 24 21:04:50 2026] GET /allocations/8d1dd7e2-1083-47bd-b9c4-38170ea7913b => generated 257 bytes in 18 msecs (HTTP/1.1 200) 8 headers in 296 bytes (1 switches on core 0)
2026-02-24 21:04:50.633 7 INFO placement.requestlog [req-9a87db62-635e-47f5-97ef-d777135ec054 req-0b3616c5-a9f6-49a8-b0e3-355be9cb9cca 76754c573c894822971b7671c3f4ff80 dcbaf7e023994a8a85a65e80cc057df2 - - d570d950ad484c8db0de85121ae37314 d570d950ad484c8db0de85121ae37314] 162.253.55.207 "GET /allocations/b058d9b9-595c-4afd-a9a9-6865fddba95c" status: 200 len: 257 microversion: 1.28 [pid: 7|app: 0|req: 342/680] 162.253.55.207 () {34 vars in 863 bytes} [Tue Feb 24 21:04:50 2026] GET /allocations/b058d9b9-595c-4afd-a9a9-6865fddba95c => generated 257 bytes in 10 msecs (HTTP/1.1 200) 8 headers in 296 bytes (1 switches on core 0)
2026-02-24 21:04:50.655 6 INFO placement.requestlog [req-9a87db62-635e-47f5-97ef-d777135ec054 req-632f5fe7-a7f8-4f8a-b545-5fb4936059e8 76754c573c894822971b7671c3f4ff80 dcbaf7e023994a8a85a65e80cc057df2 - - d570d950ad484c8db0de85121ae37314 d570d950ad484c8db0de85121ae37314] 162.253.55.207 "GET /allocations/ec0d5a57-4c07-4de7-8d72-55b459c608d3" status: 200 len: 257 microversion: 1.28 [pid: 6|app: 0|req: 339/681] 162.253.55.207 () {34 vars in 863 bytes} [Tue Feb 24 21:04:50 2026] GET /allocations/ec0d5a57-4c07-4de7-8d72-55b459c608d3 => generated 257 bytes in 18 msecs (HTTP/1.1 200) 8 headers in 296 bytes (1 switches on core 0)
2026-02-24 21:04:53.103 7 INFO placement.requestlog [None req-f8998fca-afd5-44aa-abf0-1a23c0c39af8 08944b216a4647a0ba403127219083b3 dcbaf7e023994a8a85a65e80cc057df2 - - d570d950ad484c8db0de85121ae37314 d570d950ad484c8db0de85121ae37314] 10.0.0.96 "GET /resource_providers/150faf42-9721-4b34-8471-8b09ae063a48/aggregates" status: 404 len: 235 microversion: 1.1 [pid: 7|app: 0|req: 343/682] 10.0.0.96 () {32 vars in 815 bytes} [Tue Feb 24 21:04:53 2026] GET /resource_providers/150faf42-9721-4b34-8471-8b09ae063a48/aggregates => generated 235 bytes in 9 msecs (HTTP/1.1 404) 5 headers in 202 bytes (1 switches on core 0)
2026-02-24 21:04:53.105 6 INFO placement.requestlog [None req-a713d1ed-771a-4051-bed0-f54d74a9a421 08944b216a4647a0ba403127219083b3 dcbaf7e023994a8a85a65e80cc057df2 - - d570d950ad484c8db0de85121ae37314 d570d950ad484c8db0de85121ae37314] 10.0.0.96 "GET /resource_providers/150faf42-9721-4b34-8471-8b09ae063a48/aggregates" status: 404 len: 235 microversion: 1.1 [pid: 6|app: 0|req: 340/683] 10.0.0.96 () {32 vars in 815 bytes} [Tue Feb 24 21:04:53 2026] GET /resource_providers/150faf42-9721-4b34-8471-8b09ae063a48/aggregates => generated 235 bytes in 8 msecs (HTTP/1.1 404) 5 headers in 202 bytes (1 switches on core 0)
2026-02-24 21:04:53.121 6 INFO placement.requestlog [None req-c115428c-714e-4120-acef-721c84c57be4 08944b216a4647a0ba403127219083b3 dcbaf7e023994a8a85a65e80cc057df2 - - d570d950ad484c8db0de85121ae37314 d570d950ad484c8db0de85121ae37314] 10.0.0.96 "DELETE /resource_providers/150faf42-9721-4b34-8471-8b09ae063a48" status: 404 len: 246 microversion: 1.1 [pid: 6|app: 0|req: 341/684] 10.0.0.96 () {34 vars in 815 bytes} [Tue Feb 24 21:04:53 2026] DELETE /resource_providers/150faf42-9721-4b34-8471-8b09ae063a48 => generated 246 bytes in 7 msecs (HTTP/1.1 404) 6 headers in 231 bytes (1 switches on core 0)
2026-02-24 21:04:53.124 7 INFO placement.requestlog [None req-97f59b86-474f-49dd-ae96-0d4b5ab70e2e 08944b216a4647a0ba403127219083b3 dcbaf7e023994a8a85a65e80cc057df2 - - d570d950ad484c8db0de85121ae37314 d570d950ad484c8db0de85121ae37314] 10.0.0.96 "DELETE /resource_providers/150faf42-9721-4b34-8471-8b09ae063a48" status: 404 len: 246 microversion: 1.1 [pid: 7|app: 0|req: 344/685] 10.0.0.96 () {34 vars in 815 bytes} [Tue Feb 24 21:04:53 2026] DELETE /resource_providers/150faf42-9721-4b34-8471-8b09ae063a48 => generated 246 bytes in 9 msecs (HTTP/1.1 404) 6 headers in 231 bytes (1 switches on core 0)
2026-02-24 21:04:53.717 7 INFO placement.requestlog [None req-69a72031-0c11-4b0a-9c37-da661ba4d96f 08944b216a4647a0ba403127219083b3 dcbaf7e023994a8a85a65e80cc057df2 - - d570d950ad484c8db0de85121ae37314 d570d950ad484c8db0de85121ae37314] 10.0.0.96 "GET /resource_providers/fc6f6e15-cf06-4bea-b9c1-79fdcb0db750/aggregates" status: 404 len: 235 microversion: 1.1 [pid: 7|app: 0|req: 345/686] 10.0.0.96 () {32 vars in 815 bytes} [Tue Feb 24 21:04:53 2026] GET /resource_providers/fc6f6e15-cf06-4bea-b9c1-79fdcb0db750/aggregates => generated 235 bytes in 6 msecs (HTTP/1.1 404) 5 headers in 202 bytes (1 switches on core 0)
2026-02-24 21:04:53.720 6 INFO placement.requestlog [None req-f362de4b-62b5-4808-b39b-9d6b7edee3e3 08944b216a4647a0ba403127219083b3 dcbaf7e023994a8a85a65e80cc057df2 - - d570d950ad484c8db0de85121ae37314 d570d950ad484c8db0de85121ae37314] 10.0.0.96 "GET /resource_providers/fc6f6e15-cf06-4bea-b9c1-79fdcb0db750/aggregates" status: 404 len: 235 microversion: 1.1 [pid: 6|app: 0|req: 342/687] 10.0.0.96 () {32 vars in 815 bytes} [Tue Feb 24 21:04:53 2026] GET /resource_providers/fc6f6e15-cf06-4bea-b9c1-79fdcb0db750/aggregates => generated 235 bytes in 9 msecs (HTTP/1.1 404) 5 headers in 202 bytes (1 switches on core 0)
2026-02-24 21:04:53.737 7 INFO placement.requestlog [None req-c314cca2-cddf-42b1-ad87-0a968f7edf95 08944b216a4647a0ba403127219083b3 dcbaf7e023994a8a85a65e80cc057df2 - - d570d950ad484c8db0de85121ae37314 d570d950ad484c8db0de85121ae37314] 10.0.0.96 "DELETE /resource_providers/fc6f6e15-cf06-4bea-b9c1-79fdcb0db750" status: 404 len: 246 microversion: 1.1 [pid: 7|app: 0|req: 346/688] 10.0.0.96 () {34 vars in 815 bytes} [Tue Feb 24 21:04:53 2026] DELETE /resource_providers/fc6f6e15-cf06-4bea-b9c1-79fdcb0db750 => generated 246 bytes in 9 msecs (HTTP/1.1 404) 6 headers in 231 bytes (1 switches on core 0)
2026-02-24 21:04:53.745 6 INFO placement.requestlog [None req-868f22e2-d353-4fd2-96f9-29b4250a2027 08944b216a4647a0ba403127219083b3 dcbaf7e023994a8a85a65e80cc057df2 - - d570d950ad484c8db0de85121ae37314 d570d950ad484c8db0de85121ae37314] 10.0.0.96 "DELETE /resource_providers/fc6f6e15-cf06-4bea-b9c1-79fdcb0db750" status: 404 len: 246 microversion: 1.1 [pid: 6|app: 0|req: 343/689] 10.0.0.96 () {34 vars in 815 bytes} [Tue Feb 24 21:04:53 2026] DELETE /resource_providers/fc6f6e15-cf06-4bea-b9c1-79fdcb0db750 => generated 246 bytes in 11 msecs (HTTP/1.1 404) 6 headers in 231 bytes (1 switches on core 0)
2026-02-24 21:04:55.254 7 INFO placement.requestlog [req-186eee99-6ae4-48f5-a2b2-e75be74f0acb req-41712c74-c2ed-438e-a6fc-d4d274bfb339 76754c573c894822971b7671c3f4ff80 dcbaf7e023994a8a85a65e80cc057df2 - - d570d950ad484c8db0de85121ae37314 d570d950ad484c8db0de85121ae37314] 162.253.55.207 "GET /resource_providers/c752a071-261f-4aed-b19f-9f01bb0ee99a/allocations" status: 200 len: 352 microversion: 1.0 [pid: 7|app: 0|req: 347/690] 162.253.55.207 () {32 vars in 857 bytes} [Tue Feb 24 21:04:55 2026] GET /resource_providers/c752a071-261f-4aed-b19f-9f01bb0ee99a/allocations => generated 352 bytes in 14 msecs (HTTP/1.1 200) 6 headers in 224 bytes (1 switches on core 0)
2026-02-24 21:04:55.281 6 INFO placement.requestlog [req-186eee99-6ae4-48f5-a2b2-e75be74f0acb req-a3bdc158-e2fd-4027-a624-28c9d81ee470 76754c573c894822971b7671c3f4ff80 dcbaf7e023994a8a85a65e80cc057df2 - - d570d950ad484c8db0de85121ae37314 d570d950ad484c8db0de85121ae37314] 162.253.55.207 "GET /allocations/8d1dd7e2-1083-47bd-b9c4-38170ea7913b" status: 200 len: 257 microversion: 1.28 [pid: 6|app: 0|req: 344/691] 162.253.55.207 () {34 vars in 863 bytes} [Tue Feb 24 21:04:55 2026] GET /allocations/8d1dd7e2-1083-47bd-b9c4-38170ea7913b => generated 257 bytes in 20 msecs (HTTP/1.1 200) 8 headers in 296 bytes (1 switches on core 0)
2026-02-24 21:04:55.298 7 INFO placement.requestlog [req-186eee99-6ae4-48f5-a2b2-e75be74f0acb req-0b46bc02-98d8-442f-a00e-a35d83a35dd9 76754c573c894822971b7671c3f4ff80 dcbaf7e023994a8a85a65e80cc057df2 - - d570d950ad484c8db0de85121ae37314 d570d950ad484c8db0de85121ae37314] 162.253.55.207 "GET /allocations/b058d9b9-595c-4afd-a9a9-6865fddba95c" status: 200 len: 257 microversion: 1.28 [pid: 7|app: 0|req: 348/692] 162.253.55.207 () {34 vars in 863 bytes} [Tue Feb 24 21:04:55 2026] GET /allocations/b058d9b9-595c-4afd-a9a9-6865fddba95c => generated 257 bytes in 11 msecs (HTTP/1.1 200) 8 headers in 296 bytes (1 switches on core 0)
2026-02-24 21:04:55.313 6 INFO placement.requestlog [req-186eee99-6ae4-48f5-a2b2-e75be74f0acb req-199cd26e-fe41-4a53-8bc4-f305ee1db90c 76754c573c894822971b7671c3f4ff80 dcbaf7e023994a8a85a65e80cc057df2 - - d570d950ad484c8db0de85121ae37314 d570d950ad484c8db0de85121ae37314] 162.253.55.207 "GET /allocations/ec0d5a57-4c07-4de7-8d72-55b459c608d3" status: 200 len: 257 microversion: 1.28 [pid: 6|app: 0|req: 345/693] 162.253.55.207 () {34 vars in 863 bytes} [Tue Feb 24 21:04:55 2026] GET /allocations/ec0d5a57-4c07-4de7-8d72-55b459c608d3 => generated 257 bytes in 11 msecs (HTTP/1.1 200) 8 headers in 296 bytes (1 switches on core 0)
2026-02-24 21:04:55.756 7 INFO placement.requestlog [None req-363c2c4f-1d1b-4ad6-99f4-fe29511bb060 08944b216a4647a0ba403127219083b3 dcbaf7e023994a8a85a65e80cc057df2 - - d570d950ad484c8db0de85121ae37314 d570d950ad484c8db0de85121ae37314] 10.0.0.96 "GET /resource_providers/8cd001c0-c80d-4b74-a051-43c50f4f8d09/aggregates" status: 404 len: 235 microversion: 1.1 [pid: 7|app: 0|req: 349/694] 10.0.0.96 () {32 vars in 815 bytes} [Tue Feb 24 21:04:55 2026] GET /resource_providers/8cd001c0-c80d-4b74-a051-43c50f4f8d09/aggregates => generated 235 bytes in 14 msecs (HTTP/1.1 404) 5 headers in 202 bytes (1 switches on core 0)
2026-02-24 21:04:55.770 7 INFO placement.requestlog [None req-2a9776ac-2a13-44b8-aeea-8706222378fc 08944b216a4647a0ba403127219083b3 dcbaf7e023994a8a85a65e80cc057df2 - - d570d950ad484c8db0de85121ae37314 d570d950ad484c8db0de85121ae37314] 10.0.0.96 "DELETE /resource_providers/8cd001c0-c80d-4b74-a051-43c50f4f8d09" status: 404 len: 246 microversion: 1.1 [pid: 7|app: 0|req: 350/695] 10.0.0.96 () {34 vars in 815 bytes} [Tue Feb 24 21:04:55 2026] DELETE /resource_providers/8cd001c0-c80d-4b74-a051-43c50f4f8d09 => generated 246 bytes in 9 msecs (HTTP/1.1 404) 6 headers in 231 bytes (1 switches on core 0)
2026-02-24 21:04:55.773 6 INFO placement.requestlog [None req-b6af347e-d6ad-48bc-9f3d-c2d70ac549e7 08944b216a4647a0ba403127219083b3 dcbaf7e023994a8a85a65e80cc057df2 - - d570d950ad484c8db0de85121ae37314 d570d950ad484c8db0de85121ae37314] 10.0.0.96 "GET /resource_providers/8cd001c0-c80d-4b74-a051-43c50f4f8d09/aggregates" status: 404 len: 235 microversion: 1.1 [pid: 6|app: 0|req: 346/696] 10.0.0.96 () {32 vars in 815 bytes} [Tue Feb 24 21:04:55 2026] GET /resource_providers/8cd001c0-c80d-4b74-a051-43c50f4f8d09/aggregates => generated 235 bytes in 19 msecs (HTTP/1.1 404) 5 headers in 202 bytes (1 switches on core 0)
2026-02-24 21:04:55.790 7 INFO placement.requestlog [None req-5ac59816-8d6f-4b6a-a5b6-77838adcc168 08944b216a4647a0ba403127219083b3 dcbaf7e023994a8a85a65e80cc057df2 - - d570d950ad484c8db0de85121ae37314 d570d950ad484c8db0de85121ae37314] 10.0.0.96 "DELETE /resource_providers/8cd001c0-c80d-4b74-a051-43c50f4f8d09" status: 404 len: 246 microversion: 1.1 [pid: 7|app: 0|req: 351/697] 10.0.0.96 () {34 vars in 815 bytes} [Tue Feb 24 21:04:55 2026] DELETE /resource_providers/8cd001c0-c80d-4b74-a051-43c50f4f8d09 => generated 246 bytes in 9 msecs (HTTP/1.1 404) 6 headers in 231 bytes (1 switches on core 0)
2026-02-24 21:04:56.358 6 INFO placement.requestlog [req-186eee99-6ae4-48f5-a2b2-e75be74f0acb req-30f62fe8-0fb8-4a5d-9ca2-35e344dc7389 76754c573c894822971b7671c3f4ff80 dcbaf7e023994a8a85a65e80cc057df2 - - d570d950ad484c8db0de85121ae37314 d570d950ad484c8db0de85121ae37314] 162.253.55.207 "DELETE /allocations/8d1dd7e2-1083-47bd-b9c4-38170ea7913b" status: 204 len: 0 microversion: 1.0 [pid: 6|app: 0|req: 347/698] 162.253.55.207 () {34 vars in 841 bytes} [Tue Feb 24 21:04:56 2026] DELETE /allocations/8d1dd7e2-1083-47bd-b9c4-38170ea7913b => generated 0 bytes in 27 msecs (HTTP/1.1 204) 5 headers in 198 bytes (1 switches on core 0)
2026-02-24 21:04:58.156 7 INFO placement.requestlog [None req-0178f288-50d2-45c4-ac31-0499bb4839f1 08944b216a4647a0ba403127219083b3 dcbaf7e023994a8a85a65e80cc057df2 - - d570d950ad484c8db0de85121ae37314 d570d950ad484c8db0de85121ae37314] 10.0.0.96 "GET /resource_providers/cec4289e-b9b9-4ce2-a9b4-ead2397e7127/aggregates" status: 404 len: 235 microversion: 1.1 [pid: 7|app: 0|req: 352/699] 10.0.0.96 () {32 vars in 815 bytes} [Tue Feb 24 21:04:58 2026] GET /resource_providers/cec4289e-b9b9-4ce2-a9b4-ead2397e7127/aggregates => generated 235 bytes in 10 msecs (HTTP/1.1 404) 5 headers in 202 bytes (1 switches on core 0)
2026-02-24 21:04:58.158 6 INFO placement.requestlog [None req-dd89b321-406b-4a20-a176-4a825370124c 08944b216a4647a0ba403127219083b3 dcbaf7e023994a8a85a65e80cc057df2 - - d570d950ad484c8db0de85121ae37314 d570d950ad484c8db0de85121ae37314] 10.0.0.96 "GET /resource_providers/cec4289e-b9b9-4ce2-a9b4-ead2397e7127/aggregates" status: 404 len: 235 microversion: 1.1 [pid: 6|app: 0|req: 348/700] 10.0.0.96 () {32 vars in 815 bytes} [Tue Feb 24 21:04:58 2026] GET /resource_providers/cec4289e-b9b9-4ce2-a9b4-ead2397e7127/aggregates => generated 235 bytes in 7 msecs (HTTP/1.1 404) 5 headers in 202 bytes (1 switches on core 0)
2026-02-24 21:04:58.177 7 INFO placement.requestlog [None req-ff997361-334e-448e-a871-e1af9c85c050 08944b216a4647a0ba403127219083b3 dcbaf7e023994a8a85a65e80cc057df2 - - d570d950ad484c8db0de85121ae37314 d570d950ad484c8db0de85121ae37314] 10.0.0.96 "DELETE /resource_providers/cec4289e-b9b9-4ce2-a9b4-ead2397e7127" status: 404 len: 246 microversion: 1.1 [pid: 7|app: 0|req: 353/701] 10.0.0.96 () {34 vars in 815 bytes} [Tue Feb 24 21:04:58 2026] DELETE /resource_providers/cec4289e-b9b9-4ce2-a9b4-ead2397e7127 => generated 246 bytes in 7 msecs (HTTP/1.1 404) 6 headers in 231 bytes (1 switches on core 0)
2026-02-24 21:04:58.179 6 INFO placement.requestlog [None req-72a87c9e-86d7-4922-baa7-22d70c9ed203 08944b216a4647a0ba403127219083b3 dcbaf7e023994a8a85a65e80cc057df2 - - d570d950ad484c8db0de85121ae37314 d570d950ad484c8db0de85121ae37314] 10.0.0.96 "DELETE /resource_providers/cec4289e-b9b9-4ce2-a9b4-ead2397e7127" status: 404 len: 246 microversion: 1.1 [pid: 6|app: 0|req: 349/702] 10.0.0.96 () {34 vars in 815 bytes} [Tue Feb 24 21:04:58 2026] DELETE /resource_providers/cec4289e-b9b9-4ce2-a9b4-ead2397e7127 => generated 246 bytes in 8 msecs (HTTP/1.1 404) 6 headers in 231 bytes (1 switches on core 0)
2026-02-24 21:04:59.632 7 INFO placement.requestlog [None req-152949df-4427-4811-8cdf-26f7fee9bfe2 - - - - - -] 10.0.0.198 "GET /" status: 200 len: 136 microversion: 1.0
2026-02-24 21:04:59.633 6 INFO placement.requestlog [None req-f8a531a1-5c8a-4eb1-9018-8b20e4abb125 - - - - - -] 10.0.0.198 "GET /" status: 200 len: 136 microversion: 1.0
2026-02-24 21:04:59.882 6 INFO placement.requestlog [None req-92362866-138f-4c80-86ca-209055241f69 08944b216a4647a0ba403127219083b3 dcbaf7e023994a8a85a65e80cc057df2 - - d570d950ad484c8db0de85121ae37314 d570d950ad484c8db0de85121ae37314] 10.0.0.96 "GET /resource_providers/e1eeafc9-43fc-44b4-8e0f-e22e872f0967/aggregates" status: 404 len: 235 microversion: 1.1 [pid: 6|app: 0|req: 351/705] 10.0.0.96 () {32 vars in 815 bytes} [Tue Feb 24 21:04:59 2026] GET /resource_providers/e1eeafc9-43fc-44b4-8e0f-e22e872f0967/aggregates => generated 235 bytes in 12 msecs (HTTP/1.1 404) 5 headers in 202 bytes (1 switches on core 0)
2026-02-24 21:04:59.892 7 INFO placement.requestlog [None req-66674d59-68ea-40a6-b437-9e965801eaf4 08944b216a4647a0ba403127219083b3 dcbaf7e023994a8a85a65e80cc057df2 - - d570d950ad484c8db0de85121ae37314 d570d950ad484c8db0de85121ae37314] 10.0.0.96 "GET /resource_providers/e1eeafc9-43fc-44b4-8e0f-e22e872f0967/aggregates" status: 404 len: 235 microversion: 1.1 [pid: 7|app: 0|req: 355/706] 10.0.0.96 () {32 vars in 815 bytes} [Tue Feb 24 21:04:59 2026] GET /resource_providers/e1eeafc9-43fc-44b4-8e0f-e22e872f0967/aggregates => generated 235 bytes in 22 msecs (HTTP/1.1 404) 5 headers in 202 bytes (1 switches on core 0)
2026-02-24 21:04:59.909 6 INFO placement.requestlog [None req-16e3d495-352e-48b1-b8ee-c6f3cf1bbea4 08944b216a4647a0ba403127219083b3 dcbaf7e023994a8a85a65e80cc057df2 - - d570d950ad484c8db0de85121ae37314 d570d950ad484c8db0de85121ae37314] 10.0.0.96 "DELETE /resource_providers/e1eeafc9-43fc-44b4-8e0f-e22e872f0967" status: 404 len: 246 microversion: 1.1 [pid: 6|app: 0|req: 352/707] 10.0.0.96 () {34 vars in 815 bytes} [Tue Feb 24 21:04:59 2026] DELETE /resource_providers/e1eeafc9-43fc-44b4-8e0f-e22e872f0967 => generated 246 bytes in 16 msecs (HTTP/1.1 404) 6 headers in 231 bytes (1 switches on core 0)
2026-02-24 21:04:59.917 7 INFO placement.requestlog [None req-4c6e9d18-15c2-4702-aa1b-03d7c9af81e2 08944b216a4647a0ba403127219083b3 dcbaf7e023994a8a85a65e80cc057df2 - - d570d950ad484c8db0de85121ae37314 d570d950ad484c8db0de85121ae37314] 10.0.0.96 "DELETE /resource_providers/e1eeafc9-43fc-44b4-8e0f-e22e872f0967" status: 404 len: 246 microversion: 1.1 [pid: 7|app: 0|req: 356/708] 10.0.0.96 () {34 vars in 815 bytes} [Tue Feb 24 21:04:59 2026] DELETE /resource_providers/e1eeafc9-43fc-44b4-8e0f-e22e872f0967 => generated 246 bytes in 17 msecs (HTTP/1.1 404) 6 headers in 231 bytes (1 switches on core 0)
2026-02-24 21:05:00.203 6 INFO placement.requestlog [None req-7690df8b-5e0e-491e-9212-42b057cdd0e3 08944b216a4647a0ba403127219083b3 dcbaf7e023994a8a85a65e80cc057df2 - - d570d950ad484c8db0de85121ae37314 d570d950ad484c8db0de85121ae37314] 10.0.0.96 "GET /resource_providers/da7956fe-9d3e-4571-beee-c6a56615d09a/aggregates" status: 404 len: 235 microversion: 1.1 [pid: 6|app: 0|req: 353/709] 10.0.0.96 () {32 vars in 815 bytes} [Tue Feb 24 21:05:00 2026] GET /resource_providers/da7956fe-9d3e-4571-beee-c6a56615d09a/aggregates => generated 235 bytes in 8 msecs (HTTP/1.1 404) 5 headers in 202 bytes (1 switches on core 0)
2026-02-24 21:05:00.205 7 INFO placement.requestlog [None req-efd2eaa1-805e-48af-8867-0fffe80d7eb9 08944b216a4647a0ba403127219083b3 dcbaf7e023994a8a85a65e80cc057df2 - - d570d950ad484c8db0de85121ae37314 d570d950ad484c8db0de85121ae37314] 10.0.0.96 "GET /resource_providers/da7956fe-9d3e-4571-beee-c6a56615d09a/aggregates" status: 404 len: 235 microversion: 1.1 [pid: 7|app: 0|req: 357/710] 10.0.0.96 () {32 vars in 815 bytes} [Tue Feb 24 21:05:00 2026] GET /resource_providers/da7956fe-9d3e-4571-beee-c6a56615d09a/aggregates => generated 235 bytes in 10 msecs (HTTP/1.1 404) 5 headers in 202 bytes (1 switches on core 0)
2026-02-24 21:05:00.229 6 INFO placement.requestlog [None req-f1bf70bc-45ad-435f-be25-7bfef97e8fee 08944b216a4647a0ba403127219083b3 dcbaf7e023994a8a85a65e80cc057df2 - - d570d950ad484c8db0de85121ae37314 d570d950ad484c8db0de85121ae37314] 10.0.0.96 "DELETE /resource_providers/da7956fe-9d3e-4571-beee-c6a56615d09a" status: 404 len: 246 microversion: 1.1 [pid: 6|app: 0|req: 354/711] 10.0.0.96 () {34 vars in 815 bytes} [Tue Feb 24 21:05:00 2026] DELETE /resource_providers/da7956fe-9d3e-4571-beee-c6a56615d09a => generated 246 bytes in 5 msecs (HTTP/1.1 404) 6 headers in 231 bytes (1 switches on core 0)
2026-02-24 21:05:00.239 7 INFO placement.requestlog [None req-b8e8438c-eff3-44a5-aa9a-0a1fca707809 08944b216a4647a0ba403127219083b3 dcbaf7e023994a8a85a65e80cc057df2 - - d570d950ad484c8db0de85121ae37314 d570d950ad484c8db0de85121ae37314] 10.0.0.96 "DELETE /resource_providers/da7956fe-9d3e-4571-beee-c6a56615d09a" status: 404 len: 246 microversion: 1.1 [pid: 7|app: 0|req: 358/712] 10.0.0.96 () {34 vars in 815 bytes} [Tue Feb 24 21:05:00 2026] DELETE /resource_providers/da7956fe-9d3e-4571-beee-c6a56615d09a => generated 246 bytes in 14 msecs (HTTP/1.1 404) 6 headers in 231 bytes (1 switches on core 0)
2026-02-24 21:05:01.941 6 INFO placement.requestlog [None req-28f11aab-7181-4f68-b764-0d7d76b6b509 08944b216a4647a0ba403127219083b3 dcbaf7e023994a8a85a65e80cc057df2 - - d570d950ad484c8db0de85121ae37314 d570d950ad484c8db0de85121ae37314] 10.0.0.96 "GET /resource_providers/3e10e384-074c-4705-b283-5ac9cbc63069/aggregates" status: 404 len: 235 microversion: 1.1 [pid: 6|app: 0|req: 355/713] 10.0.0.96 () {32 vars in 815 bytes} [Tue Feb 24 21:05:01 2026] GET /resource_providers/3e10e384-074c-4705-b283-5ac9cbc63069/aggregates => generated 235 bytes in 23 msecs (HTTP/1.1 404) 5 headers in 202 bytes (1 switches on core 0)
2026-02-24 21:05:01.943 7 INFO placement.requestlog [None req-e4491699-dbf2-4112-a6f3-067ba725d66c 08944b216a4647a0ba403127219083b3 dcbaf7e023994a8a85a65e80cc057df2 - - d570d950ad484c8db0de85121ae37314 d570d950ad484c8db0de85121ae37314] 10.0.0.96 "GET /resource_providers/3e10e384-074c-4705-b283-5ac9cbc63069/aggregates" status: 404 len: 235 microversion: 1.1 [pid: 7|app: 0|req: 359/714] 10.0.0.96 () {32 vars in 815 bytes} [Tue Feb 24 21:05:01 2026] GET /resource_providers/3e10e384-074c-4705-b283-5ac9cbc63069/aggregates => generated 235 bytes in 19 msecs (HTTP/1.1 404) 5 headers in 202 bytes (1 switches on core 0)
2026-02-24 21:05:01.957 6 INFO placement.requestlog [None req-4265e607-5173-4cd3-b61d-4c55ef9f3a94 08944b216a4647a0ba403127219083b3 dcbaf7e023994a8a85a65e80cc057df2 - - d570d950ad484c8db0de85121ae37314 d570d950ad484c8db0de85121ae37314] 10.0.0.96 "DELETE /resource_providers/3e10e384-074c-4705-b283-5ac9cbc63069" status: 404 len: 246 microversion: 1.1 [pid: 6|app: 0|req: 356/715] 10.0.0.96 () {34 vars in 815 bytes} [Tue Feb 24 21:05:01 2026] DELETE /resource_providers/3e10e384-074c-4705-b283-5ac9cbc63069 => generated 246 bytes in 7 msecs (HTTP/1.1 404) 6 headers in 231 bytes (1 switches on core 0)
2026-02-24 21:05:01.968 7 INFO placement.requestlog [None req-fe97e65f-fa53-4919-b8f1-ba3ba49f5abf 08944b216a4647a0ba403127219083b3 dcbaf7e023994a8a85a65e80cc057df2 - - d570d950ad484c8db0de85121ae37314 d570d950ad484c8db0de85121ae37314] 10.0.0.96 "DELETE /resource_providers/3e10e384-074c-4705-b283-5ac9cbc63069" status: 404 len: 246 microversion: 1.1 [pid: 7|app: 0|req: 360/716] 10.0.0.96 () {34 vars in 815 bytes} [Tue Feb 24 21:05:01 2026] DELETE /resource_providers/3e10e384-074c-4705-b283-5ac9cbc63069 => generated 246 bytes in 9 msecs (HTTP/1.1 404) 6 headers in 231 bytes (1 switches on core 0)
2026-02-24 21:05:03.987 6 INFO placement.requestlog [None req-e7a8d3ad-df19-46d5-a6bf-6f00ab7178a9 08944b216a4647a0ba403127219083b3 dcbaf7e023994a8a85a65e80cc057df2 - - d570d950ad484c8db0de85121ae37314 d570d950ad484c8db0de85121ae37314] 10.0.0.96 "GET /resource_providers/c4f0c140-0ab0-46aa-b506-d22393323a4a/aggregates" status: 404 len: 235 microversion: 1.1 [pid: 6|app: 0|req: 357/717] 10.0.0.96 () {32 vars in 815 bytes} [Tue Feb 24 21:05:03 2026] GET /resource_providers/c4f0c140-0ab0-46aa-b506-d22393323a4a/aggregates => generated 235 bytes in 11 msecs (HTTP/1.1 404) 5 headers in 202 bytes (1 switches on core 0)
2026-02-24 21:05:03.991 7 INFO placement.requestlog [None req-284265f3-0b84-4987-9eb9-948e4fd840b1 08944b216a4647a0ba403127219083b3 dcbaf7e023994a8a85a65e80cc057df2 - - d570d950ad484c8db0de85121ae37314 d570d950ad484c8db0de85121ae37314] 10.0.0.96 "GET /resource_providers/c4f0c140-0ab0-46aa-b506-d22393323a4a/aggregates" status: 404 len: 235 microversion: 1.1 [pid: 7|app: 0|req: 361/718] 10.0.0.96 () {32 vars in 815 bytes} [Tue Feb 24 21:05:03 2026] GET /resource_providers/c4f0c140-0ab0-46aa-b506-d22393323a4a/aggregates => generated 235 bytes in 14 msecs (HTTP/1.1 404) 5 headers in 202 bytes (1 switches on core 0)
2026-02-24 21:05:04.011 7 INFO placement.requestlog [None req-ca83e8c0-2673-4cf5-b3cb-f27b59a64f31 08944b216a4647a0ba403127219083b3 dcbaf7e023994a8a85a65e80cc057df2 - - d570d950ad484c8db0de85121ae37314 d570d950ad484c8db0de85121ae37314] 10.0.0.96 "DELETE /resource_providers/c4f0c140-0ab0-46aa-b506-d22393323a4a" status: 404 len: 246 microversion: 1.1 [pid: 7|app: 0|req: 362/719] 10.0.0.96 () {34 vars in 815 bytes} [Tue Feb 24 21:05:04 2026] DELETE /resource_providers/c4f0c140-0ab0-46aa-b506-d22393323a4a => generated 246 bytes in 8 msecs (HTTP/1.1 404) 6 headers in 231 bytes (1 switches on core 0)
2026-02-24 21:05:04.014 6 INFO placement.requestlog [None req-f3f1b6e6-6e35-46c7-9b9c-fe7493122113 08944b216a4647a0ba403127219083b3 dcbaf7e023994a8a85a65e80cc057df2 - - d570d950ad484c8db0de85121ae37314 d570d950ad484c8db0de85121ae37314] 10.0.0.96 "DELETE /resource_providers/c4f0c140-0ab0-46aa-b506-d22393323a4a" status: 404 len: 246 microversion: 1.1 [pid: 6|app: 0|req: 358/720] 10.0.0.96 () {34 vars in 815 bytes} [Tue Feb 24 21:05:04 2026] DELETE /resource_providers/c4f0c140-0ab0-46aa-b506-d22393323a4a => generated 246 bytes in 12 msecs (HTTP/1.1 404) 6 headers in 231 bytes (1 switches on core 0)
2026-02-24 21:05:04.031 7 INFO placement.requestlog [None req-4981a204-023d-4285-a0d4-2364bdbe2c67 08944b216a4647a0ba403127219083b3 dcbaf7e023994a8a85a65e80cc057df2 - - d570d950ad484c8db0de85121ae37314 d570d950ad484c8db0de85121ae37314] 10.0.0.96 "GET /resource_providers/4610ce30-dbc2-4f6c-8ad8-591fbb3ab6d3/aggregates" status: 404 len: 235 microversion: 1.1 [pid: 7|app: 0|req: 363/721] 10.0.0.96 () {32 vars in 815 bytes} [Tue Feb 24 21:05:04 2026] GET /resource_providers/4610ce30-dbc2-4f6c-8ad8-591fbb3ab6d3/aggregates => generated 235 bytes in 10 msecs (HTTP/1.1 404) 5 headers in 202 bytes (1 switches on core 0)
2026-02-24 21:05:04.047 6 INFO placement.requestlog [None req-c8c153a6-68d5-46f4-ae46-6102082036e3 08944b216a4647a0ba403127219083b3 dcbaf7e023994a8a85a65e80cc057df2 - - d570d950ad484c8db0de85121ae37314 d570d950ad484c8db0de85121ae37314] 10.0.0.96 "GET /resource_providers/4610ce30-dbc2-4f6c-8ad8-591fbb3ab6d3/aggregates" status: 404 len: 235 microversion: 1.1 [pid: 6|app: 0|req: 359/722] 10.0.0.96 () {32 vars in 815 bytes} [Tue Feb 24 21:05:04 2026] GET /resource_providers/4610ce30-dbc2-4f6c-8ad8-591fbb3ab6d3/aggregates => generated 235 bytes in 9 msecs (HTTP/1.1 404) 5 headers in 202 bytes (1 switches on core 0)
2026-02-24 21:05:04.050 7 INFO placement.requestlog [None req-bed9aa41-4d0f-4ac1-960a-0307342cbaaa 08944b216a4647a0ba403127219083b3 dcbaf7e023994a8a85a65e80cc057df2 - - d570d950ad484c8db0de85121ae37314 d570d950ad484c8db0de85121ae37314] 10.0.0.96 "DELETE /resource_providers/4610ce30-dbc2-4f6c-8ad8-591fbb3ab6d3" status: 404 len: 246 microversion: 1.1 [pid: 7|app: 0|req: 364/723] 10.0.0.96 () {34 vars in 815 bytes} [Tue Feb 24 21:05:04 2026] DELETE /resource_providers/4610ce30-dbc2-4f6c-8ad8-591fbb3ab6d3 => generated 246 bytes in 10 msecs (HTTP/1.1 404) 6 headers in 231 bytes (1 switches on core 0)
2026-02-24 21:05:04.074 6 INFO placement.requestlog [None req-24104d62-5b1b-4021-a5ff-8edf49507299 08944b216a4647a0ba403127219083b3 dcbaf7e023994a8a85a65e80cc057df2 - - d570d950ad484c8db0de85121ae37314 d570d950ad484c8db0de85121ae37314] 10.0.0.96 "DELETE /resource_providers/4610ce30-dbc2-4f6c-8ad8-591fbb3ab6d3" status: 404 len: 246 microversion: 1.1 [pid: 6|app: 0|req: 360/724] 10.0.0.96 () {34 vars in 815 bytes} [Tue Feb 24 21:05:04 2026] DELETE /resource_providers/4610ce30-dbc2-4f6c-8ad8-591fbb3ab6d3 => generated 246 bytes in 9 msecs (HTTP/1.1 404) 6 headers in 231 bytes (1 switches on core 0)
2026-02-24 21:05:08.214 7 INFO placement.requestlog [req-885b7024-39bf-4390-aeec-ccb2117c0c83 req-f343b257-10e8-4b9f-985f-cb7b896c6d11 76754c573c894822971b7671c3f4ff80 dcbaf7e023994a8a85a65e80cc057df2 - - d570d950ad484c8db0de85121ae37314 d570d950ad484c8db0de85121ae37314] 162.253.55.207 "GET /resource_providers/c752a071-261f-4aed-b19f-9f01bb0ee99a/allocations" status: 200 len: 252 microversion: 1.0 [pid: 7|app: 0|req: 365/725] 162.253.55.207 () {32 vars in 857 bytes} [Tue Feb 24 21:05:08 2026] GET /resource_providers/c752a071-261f-4aed-b19f-9f01bb0ee99a/allocations => generated 252 bytes in 36 msecs (HTTP/1.1 200) 6 headers in 224 bytes (1 switches on core 0)
2026-02-24 21:05:08.239 6 INFO placement.requestlog [req-885b7024-39bf-4390-aeec-ccb2117c0c83 req-df2380f5-7855-444b-a827-ffe5f3ec58a4 76754c573c894822971b7671c3f4ff80 dcbaf7e023994a8a85a65e80cc057df2 - - d570d950ad484c8db0de85121ae37314 d570d950ad484c8db0de85121ae37314] 162.253.55.207 "GET /allocations/b058d9b9-595c-4afd-a9a9-6865fddba95c" status: 200 len: 257 microversion: 1.28 [pid: 6|app: 0|req: 361/726] 162.253.55.207 () {34 vars in 863 bytes} [Tue Feb 24 21:05:08 2026] GET /allocations/b058d9b9-595c-4afd-a9a9-6865fddba95c => generated 257 bytes in 17 msecs (HTTP/1.1 200) 8 headers in 296 bytes (1 switches on core 0)
2026-02-24 21:05:08.263 7 INFO placement.requestlog [req-885b7024-39bf-4390-aeec-ccb2117c0c83 req-2bc7ee35-3c27-4fe2-8cf7-ac8cf126265f 76754c573c894822971b7671c3f4ff80 dcbaf7e023994a8a85a65e80cc057df2 - - d570d950ad484c8db0de85121ae37314 d570d950ad484c8db0de85121ae37314] 162.253.55.207 "GET /allocations/ec0d5a57-4c07-4de7-8d72-55b459c608d3" status: 200 len: 257 microversion: 1.28 [pid: 7|app: 0|req: 366/727] 162.253.55.207 () {34 vars in 863 bytes} [Tue Feb 24 21:05:08 2026] GET /allocations/ec0d5a57-4c07-4de7-8d72-55b459c608d3 => generated 257 bytes in 19 msecs (HTTP/1.1 200) 8 headers in 296 bytes (1 switches on core 0)
2026-02-24 21:05:08.365 6 INFO placement.requestlog [None req-58eb9889-c547-4b27-bf0a-6bacf56a796b 08944b216a4647a0ba403127219083b3 dcbaf7e023994a8a85a65e80cc057df2 - - d570d950ad484c8db0de85121ae37314 d570d950ad484c8db0de85121ae37314] 10.0.0.96 "GET /resource_providers/02330b99-6453-44af-953c-fa2a28c1f6ad/aggregates" status: 404 len: 235 microversion: 1.1 [pid: 6|app: 0|req: 362/728] 10.0.0.96 () {32 vars in 815 bytes} [Tue Feb 24 21:05:08 2026] GET /resource_providers/02330b99-6453-44af-953c-fa2a28c1f6ad/aggregates => generated 235 bytes in 9 msecs (HTTP/1.1 404) 5 headers in 202 bytes (1 switches on core 0)
2026-02-24 21:05:08.371 7 INFO placement.requestlog [None req-cd8f487f-b039-4bf8-b975-f2adb40c8a9c 08944b216a4647a0ba403127219083b3 dcbaf7e023994a8a85a65e80cc057df2 - - d570d950ad484c8db0de85121ae37314 d570d950ad484c8db0de85121ae37314] 10.0.0.96 "GET /resource_providers/02330b99-6453-44af-953c-fa2a28c1f6ad/aggregates" status: 404 len: 235 microversion: 1.1 [pid: 7|app: 0|req: 367/729] 10.0.0.96 () {32 vars in 815 bytes} [Tue Feb 24 21:05:08 2026] GET /resource_providers/02330b99-6453-44af-953c-fa2a28c1f6ad/aggregates => generated 235 bytes in 9 msecs (HTTP/1.1 404) 5 headers in 202 bytes (1 switches on core 0)
2026-02-24 21:05:08.393 6 INFO placement.requestlog [None req-d3b68439-bd6a-47d2-a397-95d1a50dec58 08944b216a4647a0ba403127219083b3 dcbaf7e023994a8a85a65e80cc057df2 - - d570d950ad484c8db0de85121ae37314 d570d950ad484c8db0de85121ae37314] 10.0.0.96 "DELETE /resource_providers/02330b99-6453-44af-953c-fa2a28c1f6ad" status: 404 len: 246 microversion: 1.1 [pid: 6|app: 0|req: 363/730] 10.0.0.96 () {34 vars in 815 bytes} [Tue Feb 24 21:05:08 2026] DELETE /resource_providers/02330b99-6453-44af-953c-fa2a28c1f6ad => generated 246 bytes in 13 msecs (HTTP/1.1 404) 6 headers in 231 bytes (1 switches on core 0)
2026-02-24 21:05:08.396 7 INFO placement.requestlog [None req-9b10787c-ba1c-4e31-9e4e-f7ff357d14bb 08944b216a4647a0ba403127219083b3 dcbaf7e023994a8a85a65e80cc057df2 - - d570d950ad484c8db0de85121ae37314 d570d950ad484c8db0de85121ae37314] 10.0.0.96 "DELETE /resource_providers/02330b99-6453-44af-953c-fa2a28c1f6ad" status: 404 len: 246 microversion: 1.1 [pid: 7|app: 0|req: 368/731] 10.0.0.96 () {34 vars in 815 bytes} [Tue Feb 24 21:05:08 2026] DELETE /resource_providers/02330b99-6453-44af-953c-fa2a28c1f6ad => generated 246 bytes in 14 msecs (HTTP/1.1 404) 6 headers in 231 bytes (1 switches on core 0)
2026-02-24 21:05:09.314 6 INFO placement.requestlog [req-885b7024-39bf-4390-aeec-ccb2117c0c83 req-39d7283a-8073-4e02-a475-eb22ab52263f 76754c573c894822971b7671c3f4ff80 dcbaf7e023994a8a85a65e80cc057df2 - - d570d950ad484c8db0de85121ae37314 d570d950ad484c8db0de85121ae37314] 162.253.55.207 "DELETE /allocations/b058d9b9-595c-4afd-a9a9-6865fddba95c" status: 204 len: 0 microversion: 1.0 [pid: 6|app: 0|req: 364/732] 162.253.55.207 () {34 vars in 841 bytes} [Tue Feb 24 21:05:09 2026] DELETE /allocations/b058d9b9-595c-4afd-a9a9-6865fddba95c => generated 0 bytes in 22 msecs (HTTP/1.1 204) 5 headers in 198 bytes (1 switches on core 0)
2026-02-24 21:05:09.633 7 INFO placement.requestlog [None req-d7133db9-6043-4132-a5bd-f861b66b25db - - - - - -] 10.0.0.198 "GET /" status: 200 len: 136 microversion: 1.0
2026-02-24 21:05:09.634 6 INFO placement.requestlog [None req-d84cd6e1-7719-4b32-968e-58d708281eb3 - - - - - -] 10.0.0.198 "GET /" status: 200 len: 136 microversion: 1.0
