+ COMMAND=start + start + for KEYSTONE_WSGI_SCRIPT in keystone-wsgi-public ++ type -p keystone-wsgi-public + cp -a /var/lib/openstack/bin/keystone-wsgi-public /var/www/cgi-bin/keystone/ + '[' -f /etc/apache2/envvars ']' + source /etc/apache2/envvars ++ unset HOME ++ '[' '' '!=' '' ']' ++ SUFFIX= ++ export APACHE_RUN_USER=www-data ++ APACHE_RUN_USER=www-data ++ export APACHE_RUN_GROUP=www-data ++ APACHE_RUN_GROUP=www-data ++ export APACHE_PID_FILE=/var/run/apache2/apache2.pid ++ APACHE_PID_FILE=/var/run/apache2/apache2.pid ++ export APACHE_RUN_DIR=/var/run/apache2 ++ APACHE_RUN_DIR=/var/run/apache2 ++ export APACHE_LOCK_DIR=/var/lock/apache2 ++ APACHE_LOCK_DIR=/var/lock/apache2 ++ export APACHE_LOG_DIR=/var/log/apache2 ++ APACHE_LOG_DIR=/var/log/apache2 ++ export LANG=C ++ LANG=C ++ export LANG + '[' -f /var/run/apache2/apache2.pid ']' + exec apache2 -DFOREGROUND AH00558: apache2: Could not reliably determine the server's fully qualified domain name, using 10.0.0.68. Set the 'ServerName' directive globally to suppress this message AH00558: apache2: Could not reliably determine the server's fully qualified domain name, using 10.0.0.68. Set the 'ServerName' directive globally to suppress this message
[Sat May 09 17:04:52.955762 2026] [mpm_event:notice] [pid 1:tid 140714611435392] AH00489: Apache/2.4.58 (Ubuntu) mod_wsgi/5.0.0 Python/3.12 configured -- resuming normal operations
[Sat May 09 17:04:52.955931 2026] [core:notice] [pid 1:tid 140714611435392] AH00094: Command line: 'apache2 -D FOREGROUND'
[Sat May 09 17:05:51.735328 2026] [wsgi:error] [pid 10:tid 140713974662848] /var/lib/openstack/lib/python3.12/site-packages/oslo_utils/importutils.py:77: EventletDeprecationWarning:
[Sat May 09 17:05:51.735378 2026] [wsgi:error] [pid 10:tid 140713974662848] Eventlet is deprecated. It is currently being maintained in bugfix mode, and
[Sat May 09 17:05:51.735380 2026] [wsgi:error] [pid 10:tid 140713974662848] we strongly recommend against using it for new projects.
[Sat May 09 17:05:51.735381 2026] [wsgi:error] [pid 10:tid 140713974662848]
[Sat May 09 17:05:51.735382 2026] [wsgi:error] [pid 10:tid 140713974662848] If you are already using Eventlet, we recommend migrating to a different
[Sat May 09 17:05:51.735383 2026] [wsgi:error] [pid 10:tid 140713974662848] framework. For more detail see
[Sat May 09 17:05:51.735385 2026] [wsgi:error] [pid 10:tid 140713974662848] https://eventlet.readthedocs.io/en/latest/asyncio/migration.html
[Sat May 09 17:05:51.735386 2026] [wsgi:error] [pid 10:tid 140713974662848]
[Sat May 09 17:05:51.735387 2026] [wsgi:error] [pid 10:tid 140713974662848] __import__(import_str)
[Sat May 09 17:05:51.747422 2026] [wsgi:error] [pid 12:tid 140713974662848] /var/lib/openstack/lib/python3.12/site-packages/oslo_utils/importutils.py:77: EventletDeprecationWarning:
[Sat May 09 17:05:51.747490 2026] [wsgi:error] [pid 12:tid 140713974662848] Eventlet is deprecated. It is currently being maintained in bugfix mode, and
[Sat May 09 17:05:51.747492 2026] [wsgi:error] [pid 12:tid 140713974662848] we strongly recommend against using it for new projects.
[Sat May 09 17:05:51.747493 2026] [wsgi:error] [pid 12:tid 140713974662848]
[Sat May 09 17:05:51.747495 2026] [wsgi:error] [pid 12:tid 140713974662848] If you are already using Eventlet, we recommend migrating to a different
[Sat May 09 17:05:51.747496 2026] [wsgi:error] [pid 12:tid 140713974662848] framework. For more detail see
[Sat May 09 17:05:51.747497 2026] [wsgi:error] [pid 12:tid 140713974662848] https://eventlet.readthedocs.io/en/latest/asyncio/migration.html
[Sat May 09 17:05:51.747498 2026] [wsgi:error] [pid 12:tid 140713974662848]
[Sat May 09 17:05:51.747499 2026] [wsgi:error] [pid 12:tid 140713974662848] __import__(import_str) 10.0.0.240 - - [09/May/2026:17:05:50 +0000] "GET /v3/ HTTP/1.1" 200 249 10.0.0.240 - - [09/May/2026:17:05:50 +0000] "GET /v3/ HTTP/1.1" 200 249
[Sat May 09 17:06:04.708404 2026] [wsgi:error] [pid 11:tid 140713974662848] /var/lib/openstack/lib/python3.12/site-packages/oslo_utils/importutils.py:77: EventletDeprecationWarning:
[Sat May 09 17:06:04.708449 2026] [wsgi:error] [pid 11:tid 140713974662848] Eventlet is deprecated. It is currently being maintained in bugfix mode, and
[Sat May 09 17:06:04.708451 2026] [wsgi:error] [pid 11:tid 140713974662848] we strongly recommend against using it for new projects.
[Sat May 09 17:06:04.708452 2026] [wsgi:error] [pid 11:tid 140713974662848]
[Sat May 09 17:06:04.708454 2026] [wsgi:error] [pid 11:tid 140713974662848] If you are already using Eventlet, we recommend migrating to a different
[Sat May 09 17:06:04.708455 2026] [wsgi:error] [pid 11:tid 140713974662848] framework. For more detail see
[Sat May 09 17:06:04.708456 2026] [wsgi:error] [pid 11:tid 140713974662848] https://eventlet.readthedocs.io/en/latest/asyncio/migration.html
[Sat May 09 17:06:04.708457 2026] [wsgi:error] [pid 11:tid 140713974662848]
[Sat May 09 17:06:04.708458 2026] [wsgi:error] [pid 11:tid 140713974662848] __import__(import_str) 10.0.0.84 - - [09/May/2026:17:06:03 +0000] "GET / HTTP/1.1" 300 295
[Sat May 09 17:06:09.990959 2026] [wsgi:error] [pid 9:tid 140713974662848] /var/lib/openstack/lib/python3.12/site-packages/oslo_utils/importutils.py:77: EventletDeprecationWarning:
[Sat May 09 17:06:09.991095 2026] [wsgi:error] [pid 9:tid 140713974662848] Eventlet is deprecated. It is currently being maintained in bugfix mode, and
[Sat May 09 17:06:09.991108 2026] [wsgi:error] [pid 9:tid 140713974662848] we strongly recommend against using it for new projects.
[Sat May 09 17:06:09.991120 2026] [wsgi:error] [pid 9:tid 140713974662848]
[Sat May 09 17:06:09.991129 2026] [wsgi:error] [pid 9:tid 140713974662848] If you are already using Eventlet, we recommend migrating to a different
[Sat May 09 17:06:09.991140 2026] [wsgi:error] [pid 9:tid 140713974662848] framework. For more detail see
[Sat May 09 17:06:09.991149 2026] [wsgi:error] [pid 9:tid 140713974662848] https://eventlet.readthedocs.io/en/latest/asyncio/migration.html
[Sat May 09 17:06:09.991160 2026] [wsgi:error] [pid 9:tid 140713974662848]
[Sat May 09 17:06:09.991172 2026] [wsgi:error] [pid 9:tid 140713974662848] __import__(import_str)
[Sat May 09 17:06:14.692361 2026] [wsgi:error] [pid 9:tid 140713974662848] [remote 10.0.0.84:60414] 2026-05-09 17:06:14.688 9 WARNING keystone.identity.core [None req-7bbd8c4a-cb6e-4f05-b4da-964605419f97 - - - - - -] Invalid domain name (atmosphere) found in config file name: keystone.exception.DomainNotFound: Could not find domain: atmosphere.
[Sat May 09 17:06:14.755693 2026] [wsgi:error] [pid 9:tid 140713974662848] [remote 10.0.0.84:60414] 2026-05-09 17:06:14.755 9 WARNING keystone.common.password_hashing [None req-7bbd8c4a-cb6e-4f05-b4da-964605419f97 - - - - - -] Truncating password to algorithm specific maximum length 72 characters.
[Sat May 09 17:06:15.043467 2026] [wsgi:error] [pid 9:tid 140713974662848] [remote 10.0.0.84:60414] 2026-05-09 17:06:15.043 9 WARNING keystone.common.fernet_utils [None req-7bbd8c4a-cb6e-4f05-b4da-964605419f97 - - - - - -] key_repository is world readable: /etc/keystone/fernet-keys/ 10.0.0.84 - - [09/May/2026:17:06:09 +0000] "POST /v3/auth/tokens HTTP/1.1" 201 1360
[Sat May 09 17:06:15.374795 2026] [wsgi:error] [pid 10:tid 140713974662848] [remote 10.0.0.84:60414] 2026-05-09 17:06:15.372 10 WARNING keystone.identity.core [None req-f2d86000-870f-41c4-a6e9-caf61dc28019 - - - - - -] Invalid domain name (atmosphere) found in config file name: keystone.exception.DomainNotFound: Could not find domain: atmosphere. 10.0.0.84 - - [09/May/2026:17:06:15 +0000] "POST /v3/domains HTTP/1.1" 201 261 10.0.0.148 - - [09/May/2026:17:06:27 +0000] "GET / HTTP/1.1" 300 295
[Sat May 09 17:06:27.421494 2026] [wsgi:error] [pid 11:tid 140713974662848] [remote 10.0.0.148:36902] 2026-05-09 17:06:27.420 11 WARNING keystone.common.password_hashing [None req-c1b7e104-0312-42ed-a1df-21ffe25d46bc - - - - - -] Truncating password to algorithm specific maximum length 72 characters.
[Sat May 09 17:06:27.693656 2026] [wsgi:error] [pid 11:tid 140713974662848] [remote 10.0.0.148:36902] 2026-05-09 17:06:27.693 11 WARNING keystone.common.fernet_utils [None req-c1b7e104-0312-42ed-a1df-21ffe25d46bc - - - - - -] key_repository is world readable: /etc/keystone/fernet-keys/ 10.0.0.148 - - [09/May/2026:17:06:27 +0000] "POST /v3/auth/tokens HTTP/1.1" 201 1360 10.0.0.148 - - [09/May/2026:17:06:27 +0000] "GET /v3/roles/admin HTTP/1.1" 404 83
[Sat May 09 17:06:27.929165 2026] [wsgi:error] [pid 10:tid 140713974662848] [remote 10.0.0.148:36902] 2026-05-09 17:06:27.928 10 WARNING keystone.common.rbac_enforcer.enforcer [None req-b6845a62-55f6-435a-bd6d-2f361469dfec 9f7c7c62471241dc81c73e8476f9f557 633cf0a29a0e4cd5b83b113b02332c7c - - default default] Deprecated policy rules found. Use oslopolicy-policy-generator and oslopolicy-policy-upgrade to detect and resolve deprecated policies in your configuration. 10.0.0.148 - - [09/May/2026:17:06:27 +0000] "GET /v3/roles?name=admin HTTP/1.1" 200 389
[Sat May 09 17:06:28.299454 2026] [wsgi:error] [pid 12:tid 140713974662848] [remote 10.0.0.148:36902] 2026-05-09 17:06:28.299 12 WARNING keystone.common.rbac_enforcer.enforcer [None req-4f7e509f-9306-4f26-829f-1233a89cf6b5 9f7c7c62471241dc81c73e8476f9f557 633cf0a29a0e4cd5b83b113b02332c7c - - default default] Deprecated policy rules found. Use oslopolicy-policy-generator and oslopolicy-policy-upgrade to detect and resolve deprecated policies in your configuration. 10.0.0.148 - - [09/May/2026:17:06:27 +0000] "GET /v3/users/admin-RegionOne HTTP/1.1" 404 93
[Sat May 09 17:06:28.556543 2026] [wsgi:error] [pid 11:tid 140713974662848] [remote 10.0.0.148:36902] 2026-05-09 17:06:28.556 11 WARNING keystone.common.rbac_enforcer.enforcer [None req-a6b69850-53f0-4b44-91b3-95f81a3741e6 9f7c7c62471241dc81c73e8476f9f557 633cf0a29a0e4cd5b83b113b02332c7c - - default default] Deprecated policy rules found. Use oslopolicy-policy-generator and oslopolicy-policy-upgrade to detect and resolve deprecated policies in your configuration. 10.0.0.148 - - [09/May/2026:17:06:28 +0000] "GET /v3/users?name=admin-RegionOne HTTP/1.1" 200 422
[Sat May 09 17:06:28.788683 2026] [wsgi:error] [pid 9:tid 140713974662848] [remote 10.0.0.148:36902] 2026-05-09 17:06:28.788 9 WARNING keystone.common.rbac_enforcer.enforcer [None req-3a33ac9c-8a00-4b93-98c6-31313a8bfa36 9f7c7c62471241dc81c73e8476f9f557 633cf0a29a0e4cd5b83b113b02332c7c - - default default] Deprecated policy rules found. Use oslopolicy-policy-generator and oslopolicy-policy-upgrade to detect and resolve deprecated policies in your configuration. 10.0.0.148 - - [09/May/2026:17:06:28 +0000] "GET /v3/domains/default HTTP/1.1" 200 224 10.0.0.148 - - [09/May/2026:17:06:28 +0000] "PUT /v3/domains/default/users/9f7c7c62471241dc81c73e8476f9f557/roles/e80c101d85854eb6a2b21515c98c9c0e HTTP/1.1" 204 - 10.0.0.240 - - [09/May/2026:17:06:39 +0000] "GET / HTTP/1.1" 300 281 10.0.0.240 - - [09/May/2026:17:06:41 +0000] "GET /v3 HTTP/1.1" 200 266
[Sat May 09 17:06:41.079101 2026] [wsgi:error] [pid 9:tid 140713974662848] [remote 10.0.0.240:51870] 2026-05-09 17:06:41.078 9 WARNING keystone.common.password_hashing [None req-0840b124-eec6-4dce-b9ac-9bfd81ce83ed - - - - - -] Truncating password to algorithm specific maximum length 72 characters.
[Sat May 09 17:06:41.349527 2026] [wsgi:error] [pid 9:tid 140713974662848] [remote 10.0.0.240:51870] 2026-05-09 17:06:41.349 9 WARNING keystone.common.fernet_utils [None req-0840b124-eec6-4dce-b9ac-9bfd81ce83ed - - - - - -] key_repository is world readable: /etc/keystone/fernet-keys/ 10.0.0.240 - - [09/May/2026:17:06:41 +0000] "POST /v3/auth/tokens HTTP/1.1" 201 1360 10.0.0.240 - - [09/May/2026:17:06:41 +0000] "GET / HTTP/1.1" 300 281 10.0.0.240 - - [09/May/2026:17:06:41 +0000] "GET /v3/domains/atmosphere HTTP/1.1" 404 90 10.0.0.240 - - [09/May/2026:17:06:41 +0000] "GET /v3/domains?name=atmosphere HTTP/1.1" 200 370 10.0.0.240 - - [09/May/2026:17:06:41 +0000] "GET /v3/domains/a50f6546a8414c41bd58720c7442f197 HTTP/1.1" 200 247 10.0.0.240 - - [09/May/2026:17:06:42 +0000] "GET /v3 HTTP/1.1" 200 266
[Sat May 09 17:06:42.583556 2026] [wsgi:error] [pid 12:tid 140713974662848] [remote 10.0.0.240:51884] 2026-05-09 17:06:42.583 12 WARNING keystone.common.password_hashing [None req-7025dfa6-b874-4082-a384-e51c56ec10ca - - - - - -] Truncating password to algorithm specific maximum length 72 characters.
[Sat May 09 17:06:42.856994 2026] [wsgi:error] [pid 12:tid 140713974662848] [remote 10.0.0.240:51884] 2026-05-09 17:06:42.856 12 WARNING keystone.common.fernet_utils [None req-7025dfa6-b874-4082-a384-e51c56ec10ca - - - - - -] key_repository is world readable: /etc/keystone/fernet-keys/ 10.0.0.240 - - [09/May/2026:17:06:42 +0000] "POST /v3/auth/tokens HTTP/1.1" 201 1360 10.0.0.240 - - [09/May/2026:17:06:42 +0000] "GET / HTTP/1.1" 300 281 10.0.0.240 - - [09/May/2026:17:06:42 +0000] "GET /v3/OS-FEDERATION/identity_providers/atmosphere HTTP/1.1" 404 101 10.0.0.240 - - [09/May/2026:17:06:42 +0000] "GET /v3/OS-FEDERATION/identity_providers HTTP/1.1" 200 156 10.0.0.240 - - [09/May/2026:17:06:42 +0000] "PUT /v3/OS-FEDERATION/identity_providers/atmosphere HTTP/1.1" 201 342 10.0.0.240 - - [09/May/2026:17:06:43 +0000] "GET /v3 HTTP/1.1" 200 266
[Sat May 09 17:06:43.756658 2026] [wsgi:error] [pid 9:tid 140713974662848] [remote 10.0.0.240:51884] 2026-05-09 17:06:43.756 9 WARNING keystone.common.password_hashing [None req-c6c1fe27-d801-46d3-a427-ccfbdb58f7bc - - - - - -] Truncating password to algorithm specific maximum length 72 characters.
[Sat May 09 17:06:44.041157 2026] [wsgi:error] [pid 9:tid 140713974662848] [remote 10.0.0.240:51884] 2026-05-09 17:06:44.040 9 WARNING keystone.common.fernet_utils [None req-c6c1fe27-d801-46d3-a427-ccfbdb58f7bc - - - - - -] key_repository is world readable: /etc/keystone/fernet-keys/ 10.0.0.240 - - [09/May/2026:17:06:43 +0000] "POST /v3/auth/tokens HTTP/1.1" 201 1360 10.0.0.240 - - [09/May/2026:17:06:44 +0000] "GET / HTTP/1.1" 300 281 10.0.0.240 - - [09/May/2026:17:06:44 +0000] "GET /v3/OS-FEDERATION/mappings/atmosphere-openid HTTP/1.1" 404 98 10.0.0.240 - - [09/May/2026:17:06:44 +0000] "GET /v3/OS-FEDERATION/mappings HTTP/1.1" 200 136 10.0.0.240 - - [09/May/2026:17:06:44 +0000] "PUT /v3/OS-FEDERATION/mappings/atmosphere-openid HTTP/1.1" 201 357 10.0.0.240 - - [09/May/2026:17:06:44 +0000] "GET /v3 HTTP/1.1" 200 266
[Sat May 09 17:06:44.975216 2026] [wsgi:error] [pid 12:tid 140713974662848] [remote 10.0.0.240:51884] 2026-05-09 17:06:44.975 12 WARNING keystone.common.password_hashing [None req-794e0a5a-ff89-41b8-bb5f-36a793825740 - - - - - -] Truncating password to algorithm specific maximum length 72 characters.
[Sat May 09 17:06:45.247760 2026] [wsgi:error] [pid 12:tid 140713974662848] [remote 10.0.0.240:51884] 2026-05-09 17:06:45.247 12 WARNING keystone.common.fernet_utils [None req-794e0a5a-ff89-41b8-bb5f-36a793825740 - - - - - -] key_repository is world readable: /etc/keystone/fernet-keys/ 10.0.0.240 - - [09/May/2026:17:06:44 +0000] "POST /v3/auth/tokens HTTP/1.1" 201 1360 10.0.0.240 - - [09/May/2026:17:06:45 +0000] "GET / HTTP/1.1" 300 281 10.0.0.240 - - [09/May/2026:17:06:45 +0000] "GET /v3/OS-FEDERATION/identity_providers/atmosphere/protocols/openid?idp_id=atmosphere HTTP/1.1" 404 131 10.0.0.240 - - [09/May/2026:17:06:45 +0000] "GET /v3/OS-FEDERATION/identity_providers/atmosphere/protocols HTTP/1.1" 200 168 10.0.0.240 - - [09/May/2026:17:06:45 +0000] "PUT /v3/OS-FEDERATION/identity_providers/atmosphere/protocols/openid HTTP/1.1" 201 224 10.0.0.240 - - [09/May/2026:17:06:50 +0000] "GET /v3/ HTTP/1.1" 200 249 10.0.0.240 - - [09/May/2026:17:06:50 +0000] "GET /v3/ HTTP/1.1" 200 249 10.0.0.240 - - [09/May/2026:17:07:50 +0000] "GET /v3/ HTTP/1.1" 200 249 10.0.0.240 - - [09/May/2026:17:07:50 +0000] "GET /v3/ HTTP/1.1" 200 249 10.0.0.241 - - [09/May/2026:17:08:08 +0000] "GET / HTTP/1.1" 300 295
[Sat May 09 17:08:08.979212 2026] [wsgi:error] [pid 9:tid 140713974662848] [remote 10.0.0.241:58476] 2026-05-09 17:08:08.978 9 WARNING keystone.common.password_hashing [None req-7c696506-be66-410f-8570-f0829e3d68d1 - - - - - -] Truncating password to algorithm specific maximum length 72 characters.
[Sat May 09 17:08:09.261807 2026] [wsgi:error] [pid 9:tid 140713974662848] [remote 10.0.0.241:58476] 2026-05-09 17:08:09.261 9 WARNING keystone.common.fernet_utils [None req-7c696506-be66-410f-8570-f0829e3d68d1 - - - - - -] key_repository is world readable: /etc/keystone/fernet-keys/ 10.0.0.241 - - [09/May/2026:17:08:08 +0000] "POST /v3/auth/tokens HTTP/1.1" 201 1360 10.0.0.241 - - [09/May/2026:17:08:09 +0000] "GET /v3/services HTTP/1.1" 200 355 10.0.0.241 - - [09/May/2026:17:08:12 +0000] "GET / HTTP/1.1" 300 295
[Sat May 09 17:08:12.774209 2026] [wsgi:error] [pid 11:tid 140713974662848] [remote 10.0.0.241:58484] 2026-05-09 17:08:12.773 11 WARNING keystone.common.password_hashing [None req-d4205e9c-4dab-40a8-98cf-7406862af7e3 - - - - - -] Truncating password to algorithm specific maximum length 72 characters.
[Sat May 09 17:08:13.055008 2026] [wsgi:error] [pid 11:tid 140713974662848] [remote 10.0.0.241:58484] 2026-05-09 17:08:13.054 11 WARNING keystone.common.fernet_utils [None req-d4205e9c-4dab-40a8-98cf-7406862af7e3 - - - - - -] key_repository is world readable: /etc/keystone/fernet-keys/ 10.0.0.241 - - [09/May/2026:17:08:12 +0000] "POST /v3/auth/tokens HTTP/1.1" 201 1360 10.0.0.241 - - [09/May/2026:17:08:13 +0000] "GET /v3/services HTTP/1.1" 200 355 10.0.0.241 - - [09/May/2026:17:08:16 +0000] "GET / HTTP/1.1" 300 295
[Sat May 09 17:08:16.752845 2026] [wsgi:error] [pid 12:tid 140713974662848] [remote 10.0.0.241:53090] 2026-05-09 17:08:16.752 12 WARNING keystone.common.password_hashing [None req-2ead34db-05f6-41c8-b680-5d1f6c1c8a74 - - - - - -] Truncating password to algorithm specific maximum length 72 characters.
[Sat May 09 17:08:17.033864 2026] [wsgi:error] [pid 12:tid 140713974662848] [remote 10.0.0.241:53090] 2026-05-09 17:08:17.033 12 WARNING keystone.common.fernet_utils [None req-2ead34db-05f6-41c8-b680-5d1f6c1c8a74 - - - - - -] key_repository is world readable: /etc/keystone/fernet-keys/ 10.0.0.241 - - [09/May/2026:17:08:16 +0000] "POST /v3/auth/tokens HTTP/1.1" 201 1360 10.0.0.241 - - [09/May/2026:17:08:17 +0000] "GET /v3/services HTTP/1.1" 200 355 10.0.0.241 - - [09/May/2026:17:08:20 +0000] "GET / HTTP/1.1" 300 295
[Sat May 09 17:08:20.913147 2026] [wsgi:error] [pid 10:tid 140713974662848] [remote 10.0.0.241:53106] 2026-05-09 17:08:20.912 10 WARNING keystone.common.password_hashing [None req-f621ff88-e050-440e-ab13-6f53fb3fbdd8 - - - - - -] Truncating password to algorithm specific maximum length 72 characters.
[Sat May 09 17:08:21.192805 2026] [wsgi:error] [pid 10:tid 140713974662848] [remote 10.0.0.241:53106] 2026-05-09 17:08:21.192 10 WARNING keystone.common.fernet_utils [None req-f621ff88-e050-440e-ab13-6f53fb3fbdd8 - - - - - -] key_repository is world readable: /etc/keystone/fernet-keys/ 10.0.0.241 - - [09/May/2026:17:08:20 +0000] "POST /v3/auth/tokens HTTP/1.1" 201 1360 10.0.0.241 - - [09/May/2026:17:08:21 +0000] "POST /v3/services HTTP/1.1" 201 296 10.0.0.88 - - [09/May/2026:17:08:32 +0000] "GET / HTTP/1.1" 300 295
[Sat May 09 17:08:32.255632 2026] [wsgi:error] [pid 9:tid 140713974662848] [remote 10.0.0.88:53640] 2026-05-09 17:08:32.255 9 WARNING keystone.common.password_hashing [None req-6245327f-e1a6-418d-be72-94da79ec53a1 - - - - - -] Truncating password to algorithm specific maximum length 72 characters. 10.0.0.88 - - [09/May/2026:17:08:32 +0000] "GET / HTTP/1.1" 300 295
[Sat May 09 17:08:32.387507 2026] [wsgi:error] [pid 12:tid 140713974662848] [remote 10.0.0.88:53642] 2026-05-09 17:08:32.387 12 WARNING keystone.common.password_hashing [None req-64aab37b-c2be-4e69-8c9d-c2da09a42a44 - - - - - -] Truncating password to algorithm specific maximum length 72 characters. 10.0.0.88 - - [09/May/2026:17:08:32 +0000] "GET / HTTP/1.1" 300 295
[Sat May 09 17:08:32.461424 2026] [wsgi:error] [pid 10:tid 140713974662848] [remote 10.0.0.88:53652] 2026-05-09 17:08:32.461 10 WARNING keystone.common.password_hashing [None req-918b4575-4c47-4250-8f6d-87f1b8c6a769 - - - - - -] Truncating password to algorithm specific maximum length 72 characters.
[Sat May 09 17:08:32.525998 2026] [wsgi:error] [pid 9:tid 140713974662848] [remote 10.0.0.88:53640] 2026-05-09 17:08:32.525 9 WARNING keystone.common.fernet_utils [None req-6245327f-e1a6-418d-be72-94da79ec53a1 - - - - - -] key_repository is world readable: /etc/keystone/fernet-keys/ 10.0.0.88 - - [09/May/2026:17:08:32 +0000] "POST /v3/auth/tokens HTTP/1.1" 201 1464
[Sat May 09 17:08:32.658306 2026] [wsgi:error] [pid 12:tid 140713974662848] [remote 10.0.0.88:53642] 2026-05-09 17:08:32.658 12 WARNING keystone.common.fernet_utils [None req-64aab37b-c2be-4e69-8c9d-c2da09a42a44 - - - - - -] key_repository is world readable: /etc/keystone/fernet-keys/ 10.0.0.88 - - [09/May/2026:17:08:32 +0000] "POST /v3/auth/tokens HTTP/1.1" 201 1464 10.0.0.88 - - [09/May/2026:17:08:32 +0000] "GET /v3/services HTTP/1.1" 200 639
[Sat May 09 17:08:32.733610 2026] [wsgi:error] [pid 10:tid 140713974662848] [remote 10.0.0.88:53652] 2026-05-09 17:08:32.733 10 WARNING keystone.common.fernet_utils [None req-918b4575-4c47-4250-8f6d-87f1b8c6a769 - - - - - -] key_repository is world readable: /etc/keystone/fernet-keys/ 10.0.0.88 - - [09/May/2026:17:08:32 +0000] "POST /v3/auth/tokens HTTP/1.1" 201 1464 10.0.0.88 - - [09/May/2026:17:08:32 +0000] "GET /v3/services HTTP/1.1" 200 639 10.0.0.88 - - [09/May/2026:17:08:32 +0000] "GET /v3/services HTTP/1.1" 200 639 10.0.0.88 - - [09/May/2026:17:08:34 +0000] "GET / HTTP/1.1" 300 295
[Sat May 09 17:08:34.097514 2026] [wsgi:error] [pid 10:tid 140713974662848] [remote 10.0.0.88:36828] 2026-05-09 17:08:34.097 10 WARNING keystone.common.password_hashing [None req-09d2bd44-eedd-49b0-953f-c6bf125993b1 - - - - - -] Truncating password to algorithm specific maximum length 72 characters. 10.0.0.88 - - [09/May/2026:17:08:34 +0000] "GET / HTTP/1.1" 300 295
[Sat May 09 17:08:34.327430 2026] [wsgi:error] [pid 12:tid 140713974662848] [remote 10.0.0.88:36844] 2026-05-09 17:08:34.327 12 WARNING keystone.common.password_hashing [None req-3164045b-435e-42ad-a3c2-7472f0adf03a - - - - - -] Truncating password to algorithm specific maximum length 72 characters.
[Sat May 09 17:08:34.376092 2026] [wsgi:error] [pid 10:tid 140713974662848] [remote 10.0.0.88:36828] 2026-05-09 17:08:34.375 10 WARNING keystone.common.fernet_utils [None req-09d2bd44-eedd-49b0-953f-c6bf125993b1 - - - - - -] key_repository is world readable: /etc/keystone/fernet-keys/ 10.0.0.88 - - [09/May/2026:17:08:34 +0000] "POST /v3/auth/tokens HTTP/1.1" 201 1464 10.0.0.88 - - [09/May/2026:17:08:34 +0000] "GET / HTTP/1.1" 300 295
[Sat May 09 17:08:34.454297 2026] [wsgi:error] [pid 9:tid 140713974662848] [remote 10.0.0.88:36854] 2026-05-09 17:08:34.454 9 WARNING keystone.common.password_hashing [None req-95898d12-4f05-409a-a208-595978b5aeea - - - - - -] Truncating password to algorithm specific maximum length 72 characters. 10.0.0.88 - - [09/May/2026:17:08:34 +0000] "GET /v3/endpoints HTTP/1.1" 200 1227 10.0.0.88 - - [09/May/2026:17:08:34 +0000] "GET /v3/services/305dca54f8494e9da0295cc312042b16 HTTP/1.1" 200 233 10.0.0.88 - - [09/May/2026:17:08:34 +0000] "GET /v3/services/305dca54f8494e9da0295cc312042b16 HTTP/1.1" 200 233 10.0.0.88 - - [09/May/2026:17:08:34 +0000] "GET /v3/services/305dca54f8494e9da0295cc312042b16 HTTP/1.1" 200 233
[Sat May 09 17:08:34.606340 2026] [wsgi:error] [pid 12:tid 140713974662848] [remote 10.0.0.88:36844] 2026-05-09 17:08:34.606 12 WARNING keystone.common.fernet_utils [None req-3164045b-435e-42ad-a3c2-7472f0adf03a - - - - - -] key_repository is world readable: /etc/keystone/fernet-keys/ 10.0.0.88 - - [09/May/2026:17:08:34 +0000] "POST /v3/auth/tokens HTTP/1.1" 201 1464 10.0.0.88 - - [09/May/2026:17:08:34 +0000] "GET /v3/endpoints HTTP/1.1" 200 1227
[Sat May 09 17:08:34.739165 2026] [wsgi:error] [pid 9:tid 140713974662848] [remote 10.0.0.88:36854] 2026-05-09 17:08:34.738 9 WARNING keystone.common.fernet_utils [None req-95898d12-4f05-409a-a208-595978b5aeea - - - - - -] key_repository is world readable: /etc/keystone/fernet-keys/ 10.0.0.88 - - [09/May/2026:17:08:34 +0000] "POST /v3/auth/tokens HTTP/1.1" 201 1464 10.0.0.88 - - [09/May/2026:17:08:34 +0000] "GET /v3/services/305dca54f8494e9da0295cc312042b16 HTTP/1.1" 200 233 10.0.0.88 - - [09/May/2026:17:08:34 +0000] "GET /v3/services/305dca54f8494e9da0295cc312042b16 HTTP/1.1" 200 233 10.0.0.88 - - [09/May/2026:17:08:34 +0000] "GET /v3/services/305dca54f8494e9da0295cc312042b16 HTTP/1.1" 200 233 10.0.0.88 - - [09/May/2026:17:08:34 +0000] "GET /v3/endpoints HTTP/1.1" 200 1227 10.0.0.88 - - [09/May/2026:17:08:34 +0000] "GET /v3/services/305dca54f8494e9da0295cc312042b16 HTTP/1.1" 200 233 10.0.0.88 - - [09/May/2026:17:08:34 +0000] "GET /v3/services/305dca54f8494e9da0295cc312042b16 HTTP/1.1" 200 233 10.0.0.88 - - [09/May/2026:17:08:34 +0000] "GET /v3/services/305dca54f8494e9da0295cc312042b16 HTTP/1.1" 200 233 10.0.0.88 - - [09/May/2026:17:08:35 +0000] "GET / HTTP/1.1" 300 295
[Sat May 09 17:08:35.919549 2026] [wsgi:error] [pid 11:tid 140713974662848] [remote 10.0.0.88:36870] 2026-05-09 17:08:35.919 11 WARNING keystone.common.password_hashing [None req-bcdd4b3e-2b31-413c-a181-3fea4e8a04dc - - - - - -] Truncating password to algorithm specific maximum length 72 characters.
[Sat May 09 17:08:36.208466 2026] [wsgi:error] [pid 11:tid 140713974662848] [remote 10.0.0.88:36870] 2026-05-09 17:08:36.208 11 WARNING keystone.common.fernet_utils [None req-bcdd4b3e-2b31-413c-a181-3fea4e8a04dc - - - - - -] key_repository is world readable: /etc/keystone/fernet-keys/ 10.0.0.88 - - [09/May/2026:17:08:35 +0000] "POST /v3/auth/tokens HTTP/1.1" 201 1464 10.0.0.88 - - [09/May/2026:17:08:36 +0000] "GET /v3/services/e91ab1dc18234bb0b0bc3af49be299d1 HTTP/1.1" 200 296 10.0.0.88 - - [09/May/2026:17:08:36 +0000] "GET /v3/regions/RegionOne HTTP/1.1" 200 173 10.0.0.88 - - [09/May/2026:17:08:36 +0000] "GET / HTTP/1.1" 300 295
[Sat May 09 17:08:36.385691 2026] [wsgi:error] [pid 12:tid 140713974662848] [remote 10.0.0.88:36874] 2026-05-09 17:08:36.385 12 WARNING keystone.common.password_hashing [None req-7552ed9b-cc88-4e1a-9e82-94f3869c02c1 - - - - - -] Truncating password to algorithm specific maximum length 72 characters. 10.0.0.88 - - [09/May/2026:17:08:36 +0000] "GET / HTTP/1.1" 300 295
[Sat May 09 17:08:36.530608 2026] [wsgi:error] [pid 11:tid 140713974662848] [remote 10.0.0.88:36878] 2026-05-09 17:08:36.530 11 WARNING keystone.common.password_hashing [None req-1b72ed67-aa1c-4e24-a6dc-95e31f4b4d7d - - - - - -] Truncating password to algorithm specific maximum length 72 characters. 10.0.0.88 - - [09/May/2026:17:08:36 +0000] "POST /v3/endpoints HTTP/1.1" 201 380
[Sat May 09 17:08:36.656995 2026] [wsgi:error] [pid 12:tid 140713974662848] [remote 10.0.0.88:36874] 2026-05-09 17:08:36.656 12 WARNING keystone.common.fernet_utils [None req-7552ed9b-cc88-4e1a-9e82-94f3869c02c1 - - - - - -] key_repository is world readable: /etc/keystone/fernet-keys/ 10.0.0.88 - - [09/May/2026:17:08:36 +0000] "POST /v3/auth/tokens HTTP/1.1" 201 1641 10.0.0.88 - - [09/May/2026:17:08:36 +0000] "GET /v3/services/e91ab1dc18234bb0b0bc3af49be299d1 HTTP/1.1" 200 296
[Sat May 09 17:08:36.805667 2026] [wsgi:error] [pid 11:tid 140713974662848] [remote 10.0.0.88:36878] 2026-05-09 17:08:36.805 11 WARNING keystone.common.fernet_utils [None req-1b72ed67-aa1c-4e24-a6dc-95e31f4b4d7d - - - - - -] key_repository is world readable: /etc/keystone/fernet-keys/ 10.0.0.88 - - [09/May/2026:17:08:36 +0000] "POST /v3/auth/tokens HTTP/1.1" 201 1641 10.0.0.88 - - [09/May/2026:17:08:36 +0000] "GET /v3/regions/RegionOne HTTP/1.1" 200 173 10.0.0.88 - - [09/May/2026:17:08:36 +0000] "POST /v3/endpoints HTTP/1.1" 201 383 10.0.0.88 - - [09/May/2026:17:08:36 +0000] "GET /v3/services/e91ab1dc18234bb0b0bc3af49be299d1 HTTP/1.1" 200 296 10.0.0.88 - - [09/May/2026:17:08:36 +0000] "GET /v3/regions/RegionOne HTTP/1.1" 200 173 10.0.0.88 - - [09/May/2026:17:08:36 +0000] "POST /v3/endpoints HTTP/1.1" 201 370 10.0.0.88 - - [09/May/2026:17:08:37 +0000] "GET / HTTP/1.1" 300 295
[Sat May 09 17:08:37.949001 2026] [wsgi:error] [pid 10:tid 140713974662848] [remote 10.0.0.88:36890] 2026-05-09 17:08:37.948 10 WARNING keystone.common.password_hashing [None req-c607d030-6a13-45c1-8c32-a18f0ab44f08 - - - - - -] Truncating password to algorithm specific maximum length 72 characters.
[Sat May 09 17:08:38.245839 2026] [wsgi:error] [pid 10:tid 140713974662848] [remote 10.0.0.88:36890] 2026-05-09 17:08:38.245 10 WARNING keystone.common.fernet_utils [None req-c607d030-6a13-45c1-8c32-a18f0ab44f08 - - - - - -] key_repository is world readable: /etc/keystone/fernet-keys/ 10.0.0.88 - - [09/May/2026:17:08:37 +0000] "POST /v3/auth/tokens HTTP/1.1" 201 1992 10.0.0.88 - - [09/May/2026:17:08:38 +0000] "GET / HTTP/1.1" 300 295
[Sat May 09 17:08:38.285420 2026] [wsgi:error] [pid 9:tid 140713974662848] [remote 10.0.0.88:36902] 2026-05-09 17:08:38.285 9 WARNING keystone.common.password_hashing [None req-9b5d0aa9-1081-4c8b-99ca-4f54c9f8bc64 - - - - - -] Truncating password to algorithm specific maximum length 72 characters. 10.0.0.88 - - [09/May/2026:17:08:38 +0000] "GET /v3/endpoints/a886624df13b4ed8aafda2dfb084a833 HTTP/1.1" 200 380 10.0.0.88 - - [09/May/2026:17:08:38 +0000] "GET /v3/services/e91ab1dc18234bb0b0bc3af49be299d1 HTTP/1.1" 200 296 10.0.0.88 - - [09/May/2026:17:08:38 +0000] "GET / HTTP/1.1" 300 295
[Sat May 09 17:08:38.450868 2026] [wsgi:error] [pid 12:tid 140713974662848] [remote 10.0.0.88:36914] 2026-05-09 17:08:38.450 12 WARNING keystone.common.password_hashing [None req-e213493c-788d-470b-a50a-56e2e1c716e7 - - - - - -] Truncating password to algorithm specific maximum length 72 characters.
[Sat May 09 17:08:38.558704 2026] [wsgi:error] [pid 9:tid 140713974662848] [remote 10.0.0.88:36902] 2026-05-09 17:08:38.558 9 WARNING keystone.common.fernet_utils [None req-9b5d0aa9-1081-4c8b-99ca-4f54c9f8bc64 - - - - - -] key_repository is world readable: /etc/keystone/fernet-keys/ 10.0.0.88 - - [09/May/2026:17:08:38 +0000] "POST /v3/auth/tokens HTTP/1.1" 201 1992 10.0.0.88 - - [09/May/2026:17:08:38 +0000] "GET /v3/endpoints/c5bf1287fa184bcfb39a28c76dff0322 HTTP/1.1" 200 383 10.0.0.88 - - [09/May/2026:17:08:38 +0000] "GET /v3/services/e91ab1dc18234bb0b0bc3af49be299d1 HTTP/1.1" 200 296
[Sat May 09 17:08:38.721343 2026] [wsgi:error] [pid 12:tid 140713974662848] [remote 10.0.0.88:36914] 2026-05-09 17:08:38.721 12 WARNING keystone.common.fernet_utils [None req-e213493c-788d-470b-a50a-56e2e1c716e7 - - - - - -] key_repository is world readable: /etc/keystone/fernet-keys/ 10.0.0.88 - - [09/May/2026:17:08:38 +0000] "POST /v3/auth/tokens HTTP/1.1" 201 1992 10.0.0.88 - - [09/May/2026:17:08:38 +0000] "GET /v3/endpoints/f9ef7de0d2174132ab631c0b0e4eb49a HTTP/1.1" 200 370 10.0.0.88 - - [09/May/2026:17:08:38 +0000] "GET /v3/services/e91ab1dc18234bb0b0bc3af49be299d1 HTTP/1.1" 200 296 10.0.0.44 - - [09/May/2026:17:08:50 +0000] "GET / HTTP/1.1" 300 295
[Sat May 09 17:08:50.530727 2026] [wsgi:error] [pid 12:tid 140713974662848] [remote 10.0.0.44:50872] 2026-05-09 17:08:50.530 12 WARNING keystone.common.password_hashing [None req-f06f90ea-f33b-4e36-b80f-89a915a83c02 - - - - - -] Truncating password to algorithm specific maximum length 72 characters.
[Sat May 09 17:08:50.804777 2026] [wsgi:error] [pid 12:tid 140713974662848] [remote 10.0.0.44:50872] 2026-05-09 17:08:50.804 12 WARNING keystone.common.fernet_utils [None req-f06f90ea-f33b-4e36-b80f-89a915a83c02 - - - - - -] key_repository is world readable: /etc/keystone/fernet-keys/ 10.0.0.44 - - [09/May/2026:17:08:50 +0000] "POST /v3/auth/tokens HTTP/1.1" 201 1992 10.0.0.240 - - [09/May/2026:17:08:50 +0000] "GET /v3/ HTTP/1.1" 200 249 10.0.0.240 - - [09/May/2026:17:08:50 +0000] "GET /v3/ HTTP/1.1" 200 249 10.0.0.44 - - [09/May/2026:17:08:50 +0000] "POST /v3/domains HTTP/1.1" 201 284 10.0.0.44 - - [09/May/2026:17:08:52 +0000] "GET / HTTP/1.1" 300 295
[Sat May 09 17:08:52.766058 2026] [wsgi:error] [pid 9:tid 140713974662848] [remote 10.0.0.44:50882] 2026-05-09 17:08:52.765 9 WARNING keystone.common.password_hashing [None req-68cbfa7a-21b6-40d6-b0fc-01dd361ed1ed - - - - - -] Truncating password to algorithm specific maximum length 72 characters.
[Sat May 09 17:08:53.063156 2026] [wsgi:error] [pid 9:tid 140713974662848] [remote 10.0.0.44:50882] 2026-05-09 17:08:53.062 9 WARNING keystone.common.fernet_utils [None req-68cbfa7a-21b6-40d6-b0fc-01dd361ed1ed - - - - - -] key_repository is world readable: /etc/keystone/fernet-keys/ 10.0.0.44 - - [09/May/2026:17:08:52 +0000] "POST /v3/auth/tokens HTTP/1.1" 201 1992
[Sat May 09 17:08:53.250698 2026] [wsgi:error] [pid 10:tid 140713974662848] [remote 10.0.0.44:50882] 2026-05-09 17:08:53.233 10 ERROR keystone.server.flask.application [None req-06e6e45f-444a-4481-8cce-5bb7765c12bd 9f7c7c62471241dc81c73e8476f9f557 633cf0a29a0e4cd5b83b113b02332c7c - - default default] Conflict occurred attempting to store project - it is not permitted to have two projects acting as domains with the same name: service.: keystone.exception.Conflict: Conflict occurred attempting to store project - it is not permitted to have two projects acting as domains with the same name: service.
[Sat May 09 17:08:53.250728 2026] [wsgi:error] [pid 10:tid 140713974662848] [remote 10.0.0.44:50882] 2026-05-09 17:08:53.233 10 ERROR keystone.server.flask.application
Traceback (most recent call last):
[Sat May 09 17:08:53.250730 2026] [wsgi:error] [pid 10:tid 140713974662848] [remote 10.0.0.44:50882] 2026-05-09 17:08:53.233 10 ERROR keystone.server.flask.application
File "/var/lib/openstack/lib/python3.12/site-packages/sqlalchemy/engine/base.py", line 1967, in _exec_single_context
[Sat May 09 17:08:53.250732 2026] [wsgi:error] [pid 10:tid 140713974662848] [remote 10.0.0.44:50882] 2026-05-09 17:08:53.233 10 ERROR keystone.server.flask.application self.dialect.do_execute(
[Sat May 09 17:08:53.250733 2026] [wsgi:error] [pid 10:tid 140713974662848] [remote 10.0.0.44:50882] 2026-05-09 17:08:53.233 10 ERROR keystone.server.flask.application
File "/var/lib/openstack/lib/python3.12/site-packages/sqlalchemy/engine/default.py", line 952, in do_execute
[Sat May 09 17:08:53.250735 2026] [wsgi:error] [pid 10:tid 140713974662848] [remote 10.0.0.44:50882] 2026-05-09 17:08:53.233 10 ERROR keystone.server.flask.application cursor.execute(statement, parameters)
[Sat May 09 17:08:53.250737 2026] [wsgi:error] [pid 10:tid 140713974662848] [remote 10.0.0.44:50882] 2026-05-09 17:08:53.233 10 ERROR keystone.server.flask.application
File "/var/lib/openstack/lib/python3.12/site-packages/pymysql/cursors.py", line 157, in execute
[Sat May 09 17:08:53.250738 2026] [wsgi:error] [pid 10:tid 140713974662848] [remote 10.0.0.44:50882] 2026-05-09 17:08:53.233 10 ERROR keystone.server.flask.application result = self._query(query)
[Sat May 09 17:08:53.250739 2026] [wsgi:error] [pid 10:tid 140713974662848] [remote 10.0.0.44:50882] 2026-05-09 17:08:53.233 10 ERROR keystone.server.flask.application ^^^^^^^^^^^^^^^^^^
[Sat May 09 17:08:53.250741 2026] [wsgi:error] [pid 10:tid 140713974662848] [remote 10.0.0.44:50882] 2026-05-09 17:08:53.233 10 ERROR keystone.server.flask.application
File "/var/lib/openstack/lib/python3.12/site-packages/pymysql/cursors.py", line 328, in _query
[Sat May 09 17:08:53.250742 2026] [wsgi:error] [pid 10:tid 140713974662848] [remote 10.0.0.44:50882] 2026-05-09 17:08:53.233 10 ERROR keystone.server.flask.application conn.query(q)
[Sat May 09 17:08:53.250743 2026] [wsgi:error] [pid 10:tid 140713974662848] [remote 10.0.0.44:50882] 2026-05-09 17:08:53.233 10 ERROR keystone.server.flask.application
File "/var/lib/openstack/lib/python3.12/site-packages/pymysql/connections.py", line 575, in query
[Sat May 09 17:08:53.250745 2026] [wsgi:error] [pid 10:tid 140713974662848] [remote 10.0.0.44:50882] 2026-05-09 17:08:53.233 10 ERROR keystone.server.flask.application self._affected_rows = self._read_query_result(unbuffered=unbuffered)
[Sat May 09 17:08:53.250746 2026] [wsgi:error] [pid 10:tid 140713974662848] [remote 10.0.0.44:50882] 2026-05-09 17:08:53.233 10 ERROR keystone.server.flask.application ^^^^^^^^^^^^^^^^^^^^^^^^^^^^^^^^^^^^^^^^^^^^^^
[Sat May 09 17:08:53.250748 2026] [wsgi:error] [pid 10:tid 140713974662848] [remote 10.0.0.44:50882] 2026-05-09 17:08:53.233 10 ERROR keystone.server.flask.application
File "/var/lib/openstack/lib/python3.12/site-packages/pymysql/connections.py", line 826, in _read_query_result
[Sat May 09 17:08:53.250749 2026] [wsgi:error] [pid 10:tid 140713974662848] [remote 10.0.0.44:50882] 2026-05-09 17:08:53.233 10 ERROR keystone.server.flask.application result.read()
[Sat May 09 17:08:53.250754 2026] [wsgi:error] [pid 10:tid 140713974662848] [remote 10.0.0.44:50882] 2026-05-09 17:08:53.233 10 ERROR keystone.server.flask.application
File "/var/lib/openstack/lib/python3.12/site-packages/pymysql/connections.py", line 1203, in read
[Sat May 09 17:08:53.250755 2026] [wsgi:error] [pid 10:tid 140713974662848] [remote 10.0.0.44:50882] 2026-05-09 17:08:53.233 10 ERROR keystone.server.flask.application first_packet = self.connection._read_packet()
[Sat May 09 17:08:53.250757 2026] [wsgi:error] [pid 10:tid 140713974662848] [remote 10.0.0.44:50882] 2026-05-09 17:08:53.233 10 ERROR keystone.server.flask.application ^^^^^^^^^^^^^^^^^^^^^^^^^^^^^^
[Sat May 09 17:08:53.250758 2026] [wsgi:error] [pid 10:tid 140713974662848] [remote 10.0.0.44:50882] 2026-05-09 17:08:53.233 10 ERROR keystone.server.flask.application
File "/var/lib/openstack/lib/python3.12/site-packages/pymysql/connections.py", line 782, in _read_packet
[Sat May 09 17:08:53.250760 2026] [wsgi:error] [pid 10:tid 140713974662848] [remote 10.0.0.44:50882] 2026-05-09 17:08:53.233 10 ERROR keystone.server.flask.application packet.raise_for_error()
[Sat May 09 17:08:53.250761 2026] [wsgi:error] [pid 10:tid 140713974662848] [remote 10.0.0.44:50882] 2026-05-09 17:08:53.233 10 ERROR keystone.server.flask.application
File "/var/lib/openstack/lib/python3.12/site-packages/pymysql/protocol.py", line 219, in raise_for_error
[Sat May 09 17:08:53.250762 2026] [wsgi:error] [pid 10:tid 140713974662848] [remote 10.0.0.44:50882] 2026-05-09 17:08:53.233 10 ERROR keystone.server.flask.application err.raise_mysql_exception(self._data)
[Sat May 09 17:08:53.250764 2026] [wsgi:error] [pid 10:tid 140713974662848] [remote 10.0.0.44:50882] 2026-05-09 17:08:53.233 10 ERROR keystone.server.flask.application
File "/var/lib/openstack/lib/python3.12/site-packages/pymysql/err.py", line 150, in raise_mysql_exception
[Sat May 09 17:08:53.250765 2026] [wsgi:error] [pid 10:tid 140713974662848] [remote 10.0.0.44:50882] 2026-05-09 17:08:53.233 10 ERROR keystone.server.flask.application raise errorclass(errno, errval)
[Sat May 09 17:08:53.250767 2026] [wsgi:error] [pid 10:tid 140713974662848] [remote 10.0.0.44:50882] 2026-05-09 17:08:53.233 10 ERROR keystone.server.flask.application pymysql.err.IntegrityError: (1062, "Duplicate entry '<>-service' for key 'project.ixu_project_name_domain_id'")
[Sat May 09 17:08:53.250768 2026] [wsgi:error] [pid 10:tid 140713974662848] [remote 10.0.0.44:50882] 2026-05-09 17:08:53.233 10 ERROR keystone.server.flask.application
[Sat May 09 17:08:53.250769 2026] [wsgi:error] [pid 10:tid 140713974662848] [remote 10.0.0.44:50882] 2026-05-09 17:08:53.233 10 ERROR keystone.server.flask.application The above exception was the direct cause of the following exception:
[Sat May 09 17:08:53.250771 2026] [wsgi:error] [pid 10:tid 140713974662848] [remote 10.0.0.44:50882] 2026-05-09 17:08:53.233 10 ERROR keystone.server.flask.application
[Sat May 09 17:08:53.250772 2026] [wsgi:error] [pid 10:tid 140713974662848] [remote 10.0.0.44:50882] 2026-05-09 17:08:53.233 10 ERROR keystone.server.flask.application
Traceback (most recent call last):
[Sat May 09 17:08:53.250773 2026] [wsgi:error] [pid 10:tid 140713974662848] [remote 10.0.0.44:50882] 2026-05-09 17:08:53.233 10 ERROR keystone.server.flask.application
File "/var/lib/openstack/lib/python3.12/site-packages/keystone/common/sql/core.py", line 575, in wrapper
[Sat May 09 17:08:53.250775 2026] [wsgi:error] [pid 10:tid 140713974662848] [remote 10.0.0.44:50882] 2026-05-09 17:08:53.233 10 ERROR keystone.server.flask.application return method(*args, **kwargs)
[Sat May 09 17:08:53.250776 2026] [wsgi:error] [pid 10:tid 140713974662848] [remote 10.0.0.44:50882] 2026-05-09 17:08:53.233 10 ERROR keystone.server.flask.application ^^^^^^^^^^^^^^^^^^^^^^^
[Sat May 09 17:08:53.250777 2026] [wsgi:error] [pid 10:tid 140713974662848] [remote 10.0.0.44:50882] 2026-05-09 17:08:53.233 10 ERROR keystone.server.flask.application
File "/var/lib/openstack/lib/python3.12/site-packages/keystone/resource/backends/sql.py", line 278, in create_project
[Sat May 09 17:08:53.250780 2026] [wsgi:error] [pid 10:tid 140713974662848] [remote 10.0.0.44:50882] 2026-05-09 17:08:53.233 10 ERROR keystone.server.flask.application with sql.session_for_write() as session:
[Sat May 09 17:08:53.250782 2026] [wsgi:error] [pid 10:tid 140713974662848] [remote 10.0.0.44:50882] 2026-05-09 17:08:53.233 10 ERROR keystone.server.flask.application
File "/usr/lib/python3.12/contextlib.py", line 144, in __exit__
[Sat May 09 17:08:53.250783 2026] [wsgi:error] [pid 10:tid 140713974662848] [remote 10.0.0.44:50882] 2026-05-09 17:08:53.233 10 ERROR keystone.server.flask.application next(self.gen)
[Sat May 09 17:08:53.250784 2026] [wsgi:error] [pid 10:tid 140713974662848] [remote 10.0.0.44:50882] 2026-05-09 17:08:53.233 10 ERROR keystone.server.flask.application
File "/var/lib/openstack/lib/python3.12/site-packages/oslo_db/sqlalchemy/enginefacade.py", line 1175, in _transaction_scope
[Sat May 09 17:08:53.250786 2026] [wsgi:error] [pid 10:tid 140713974662848] [remote 10.0.0.44:50882] 2026-05-09 17:08:53.233 10 ERROR keystone.server.flask.application with current._produce_block(
[Sat May 09 17:08:53.250787 2026] [wsgi:error] [pid 10:tid 140713974662848] [remote 10.0.0.44:50882] 2026-05-09 17:08:53.233 10 ERROR keystone.server.flask.application
File "/usr/lib/python3.12/contextlib.py", line 144, in __exit__
[Sat May 09 17:08:53.250788 2026] [wsgi:error] [pid 10:tid 140713974662848] [remote 10.0.0.44:50882] 2026-05-09 17:08:53.233 10 ERROR keystone.server.flask.application next(self.gen)
[Sat May 09 17:08:53.250790 2026] [wsgi:error] [pid 10:tid 140713974662848] [remote 10.0.0.44:50882] 2026-05-09 17:08:53.233 10 ERROR keystone.server.flask.application
File "/var/lib/openstack/lib/python3.12/site-packages/oslo_db/sqlalchemy/enginefacade.py", line 837, in _session
[Sat May 09 17:08:53.250791 2026] [wsgi:error] [pid 10:tid 140713974662848] [remote 10.0.0.44:50882] 2026-05-09 17:08:53.233 10 ERROR keystone.server.flask.application with excutils.save_and_reraise_exception():
[Sat May 09 17:08:53.250792 2026] [wsgi:error] [pid 10:tid 140713974662848] [remote 10.0.0.44:50882] 2026-05-09 17:08:53.233 10 ERROR keystone.server.flask.application
File "/var/lib/openstack/lib/python3.12/site-packages/oslo_utils/excutils.py", line 271, in __exit__
[Sat May 09 17:08:53.250794 2026] [wsgi:error] [pid 10:tid 140713974662848] [remote 10.0.0.44:50882] 2026-05-09 17:08:53.233 10 ERROR keystone.server.flask.application self.force_reraise()
[Sat May 09 17:08:53.250795 2026] [wsgi:error] [pid 10:tid 140713974662848] [remote 10.0.0.44:50882] 2026-05-09 17:08:53.233 10 ERROR keystone.server.flask.application
File "/var/lib/openstack/lib/python3.12/site-packages/oslo_utils/excutils.py", line 233, in force_reraise
[Sat May 09 17:08:53.250796 2026] [wsgi:error] [pid 10:tid 140713974662848] [remote 10.0.0.44:50882] 2026-05-09 17:08:53.233 10 ERROR keystone.server.flask.application raise self.value
[Sat May 09 17:08:53.250798 2026] [wsgi:error] [pid 10:tid 140713974662848] [remote 10.0.0.44:50882] 2026-05-09 17:08:53.233 10 ERROR keystone.server.flask.application
File "/var/lib/openstack/lib/python3.12/site-packages/oslo_db/sqlalchemy/enginefacade.py", line 835, in _session
[Sat May 09 17:08:53.250815 2026] [wsgi:error] [pid 10:tid 140713974662848] [remote 10.0.0.44:50882] 2026-05-09 17:08:53.233 10 ERROR keystone.server.flask.application self._end_session_transaction(self.session)
[Sat May 09 17:08:53.250816 2026] [wsgi:error] [pid 10:tid 140713974662848] [remote 10.0.0.44:50882] 2026-05-09 17:08:53.233 10 ERROR keystone.server.flask.application
File "/var/lib/openstack/lib/python3.12/site-packages/oslo_db/sqlalchemy/enginefacade.py", line 748, in _end_session_transaction
[Sat May 09 17:08:53.250818 2026] [wsgi:error] [pid 10:tid 140713974662848] [remote 10.0.0.44:50882] 2026-05-09 17:08:53.233 10 ERROR keystone.server.flask.application session.commit()
[Sat May 09 17:08:53.250820 2026] [wsgi:error] [pid 10:tid 140713974662848] [remote 10.0.0.44:50882] 2026-05-09 17:08:53.233 10 ERROR keystone.server.flask.application
File "/var/lib/openstack/lib/python3.12/site-packages/sqlalchemy/orm/session.py", line 2030, in commit
[Sat May 09 17:08:53.250822 2026] [wsgi:error] [pid 10:tid 140713974662848] [remote 10.0.0.44:50882] 2026-05-09 17:08:53.233 10 ERROR keystone.server.flask.application trans.commit(_to_root=True)
[Sat May 09 17:08:53.250823 2026] [wsgi:error] [pid 10:tid 140713974662848] [remote 10.0.0.44:50882] 2026-05-09 17:08:53.233 10 ERROR keystone.server.flask.application File "", line 2, in commit
[Sat May 09 17:08:53.250825 2026] [wsgi:error] [pid 10:tid 140713974662848] [remote 10.0.0.44:50882] 2026-05-09 17:08:53.233 10 ERROR keystone.server.flask.application
File "/var/lib/openstack/lib/python3.12/site-packages/sqlalchemy/orm/state_changes.py", line 137, in _go
[Sat May 09 17:08:53.250826 2026] [wsgi:error] [pid 10:tid 140713974662848] [remote 10.0.0.44:50882] 2026-05-09 17:08:53.233 10 ERROR keystone.server.flask.application ret_value = fn(self, *arg, **kw)
[Sat May 09 17:08:53.250828 2026] [wsgi:error] [pid 10:tid 140713974662848] [remote 10.0.0.44:50882] 2026-05-09 17:08:53.233 10 ERROR keystone.server.flask.application ^^^^^^^^^^^^^^^^^^^^
[Sat May 09 17:08:53.250830 2026] [wsgi:error] [pid 10:tid 140713974662848] [remote 10.0.0.44:50882] 2026-05-09 17:08:53.233 10 ERROR keystone.server.flask.application
File "/var/lib/openstack/lib/python3.12/site-packages/sqlalchemy/orm/session.py", line 1311, in commit
[Sat May 09 17:08:53.250831 2026] [wsgi:error] [pid 10:tid 140713974662848] [remote 10.0.0.44:50882] 2026-05-09 17:08:53.233 10 ERROR keystone.server.flask.application self._prepare_impl()
[Sat May 09 17:08:53.250833 2026] [wsgi:error] [pid 10:tid 140713974662848] [remote 10.0.0.44:50882] 2026-05-09 17:08:53.233 10 ERROR keystone.server.flask.application File "", line 2, in _prepare_impl
[Sat May 09 17:08:53.250834 2026] [wsgi:error] [pid 10:tid 140713974662848] [remote 10.0.0.44:50882] 2026-05-09 17:08:53.233 10 ERROR keystone.server.flask.application
File "/var/lib/openstack/lib/python3.12/site-packages/sqlalchemy/orm/state_changes.py", line 137, in _go
[Sat May 09 17:08:53.250836 2026] [wsgi:error] [pid 10:tid 140713974662848] [remote 10.0.0.44:50882] 2026-05-09 17:08:53.233 10 ERROR keystone.server.flask.application ret_value = fn(self, *arg, **kw)
[Sat May 09 17:08:53.250838 2026] [wsgi:error] [pid 10:tid 140713974662848] [remote 10.0.0.44:50882] 2026-05-09 17:08:53.233 10 ERROR keystone.server.flask.application ^^^^^^^^^^^^^^^^^^^^
[Sat May 09 17:08:53.250839 2026] [wsgi:error] [pid 10:tid 140713974662848] [remote 10.0.0.44:50882] 2026-05-09 17:08:53.233 10 ERROR keystone.server.flask.application
File "/var/lib/openstack/lib/python3.12/site-packages/sqlalchemy/orm/session.py", line 1286, in _prepare_impl
[Sat May 09 17:08:53.250841 2026] [wsgi:error] [pid 10:tid 140713974662848] [remote 10.0.0.44:50882] 2026-05-09 17:08:53.233 10 ERROR keystone.server.flask.application self.session.flush()
[Sat May 09 17:08:53.250844 2026] [wsgi:error] [pid 10:tid 140713974662848] [remote 10.0.0.44:50882] 2026-05-09 17:08:53.233 10 ERROR keystone.server.flask.application
File "/var/lib/openstack/lib/python3.12/site-packages/sqlalchemy/orm/session.py", line 4331, in flush
[Sat May 09 17:08:53.250845 2026] [wsgi:error] [pid 10:tid 140713974662848] [remote 10.0.0.44:50882] 2026-05-09 17:08:53.233 10 ERROR keystone.server.flask.application self._flush(objects)
[Sat May 09 17:08:53.250846 2026] [wsgi:error] [pid 10:tid 140713974662848] [remote 10.0.0.44:50882] 2026-05-09 17:08:53.233 10 ERROR keystone.server.flask.application
File "/var/lib/openstack/lib/python3.12/site-packages/sqlalchemy/orm/session.py", line 4466, in _flush
[Sat May 09 17:08:53.250848 2026] [wsgi:error] [pid 10:tid 140713974662848] [remote 10.0.0.44:50882] 2026-05-09 17:08:53.233 10 ERROR keystone.server.flask.application with util.safe_reraise():
[Sat May 09 17:08:53.250850 2026] [wsgi:error] [pid 10:tid 140713974662848] [remote 10.0.0.44:50882] 2026-05-09 17:08:53.233 10 ERROR keystone.server.flask.application
File "/var/lib/openstack/lib/python3.12/site-packages/sqlalchemy/util/langhelpers.py", line 121, in __exit__
[Sat May 09 17:08:53.250851 2026] [wsgi:error] [pid 10:tid 140713974662848] [remote 10.0.0.44:50882] 2026-05-09 17:08:53.233 10 ERROR keystone.server.flask.application raise exc_value.with_traceback(exc_tb)
[Sat May 09 17:08:53.250852 2026] [wsgi:error] [pid 10:tid 140713974662848] [remote 10.0.0.44:50882] 2026-05-09 17:08:53.233 10 ERROR keystone.server.flask.application
File "/var/lib/openstack/lib/python3.12/site-packages/sqlalchemy/orm/session.py", line 4427, in _flush
[Sat May 09 17:08:53.250854 2026] [wsgi:error] [pid 10:tid 140713974662848] [remote 10.0.0.44:50882] 2026-05-09 17:08:53.233 10 ERROR keystone.server.flask.application flush_context.execute()
[Sat May 09 17:08:53.250855 2026] [wsgi:error] [pid 10:tid 140713974662848] [remote 10.0.0.44:50882] 2026-05-09 17:08:53.233 10 ERROR keystone.server.flask.application
File "/var/lib/openstack/lib/python3.12/site-packages/sqlalchemy/orm/unitofwork.py", line 466, in execute
