2026-05-09 18:09:57.993 7 INFO neutron.db.ovn_revision_numbers_db [None req-856bc91c-f5be-4a3c-99ad-223d156ec537 9f7c7c62471241dc81c73e8476f9f557 633cf0a29a0e4cd5b83b113b02332c7c - - default default] Successfully bumped revision number for resource a67ee355-2823-4811-a26a-74078e760cbe (type: security_group_rules) to 0
2026-05-09 18:09:58.004 7 INFO neutron.db.ovn_revision_numbers_db [None req-856bc91c-f5be-4a3c-99ad-223d156ec537 9f7c7c62471241dc81c73e8476f9f557 633cf0a29a0e4cd5b83b113b02332c7c - - default default] Successfully bumped revision number for resource af0f5774-12ee-4ef8-8eef-6a561fcf3fb8 (type: security_group_rules) to 0 [pid: 7|app: 0|req: 1435/2697] 10.0.0.56 () {32 vars in 773 bytes} [Sat May 9 18:09:57 2026] GET /v2.0/security-groups?tenant_id=1c267f793eb24e699c4cc1a94fc4bff4&name=default => generated 2929 bytes in 200 msecs (HTTP/1.1 200) 4 headers in 158 bytes (1 switches on core 0) [pid: 8|app: 0|req: 1263/2698] 10.0.0.56 () {32 vars in 739 bytes} [Sat May 9 18:09:58 2026] DELETE /v2.0/security-groups/c045a121-2b9d-428e-965c-15a4ce8d5ba9 => generated 0 bytes in 203 msecs (HTTP/1.1 204) 2 headers in 112 bytes (1 switches on core 0)
2026-05-09 18:09:59.556 7 INFO neutron.db.ovn_revision_numbers_db [None req-932af1a9-d596-4bfe-9eea-14bfe050c265 6fff8c00af7b4f70b165770abb592aa1 a36798fa8c7443fb9a49a5d316c628cc - - default default] Successfully bumped revision number for resource b86c8a94-c1b9-4394-9ada-576975cf87ff (type: security_groups) to 1
2026-05-09 18:09:59.566 7 INFO neutron.db.ovn_revision_numbers_db [None req-932af1a9-d596-4bfe-9eea-14bfe050c265 6fff8c00af7b4f70b165770abb592aa1 a36798fa8c7443fb9a49a5d316c628cc - - default default] Successfully bumped revision number for resource 41aceaea-ab89-4bf6-bc55-4cf7731b427e (type: security_group_rules) to 0
2026-05-09 18:09:59.577 7 INFO neutron.db.ovn_revision_numbers_db [None req-932af1a9-d596-4bfe-9eea-14bfe050c265 6fff8c00af7b4f70b165770abb592aa1 a36798fa8c7443fb9a49a5d316c628cc - - default default] Successfully bumped revision number for resource 50e8808e-ab8d-4629-9a73-eeb538eef41f (type: security_group_rules) to 0
2026-05-09 18:09:59.589 7 INFO neutron.db.ovn_revision_numbers_db [None req-932af1a9-d596-4bfe-9eea-14bfe050c265 6fff8c00af7b4f70b165770abb592aa1 a36798fa8c7443fb9a49a5d316c628cc - - default default] Successfully bumped revision number for resource c28c4c0b-0da1-48cc-be6d-c42e3acc26f6 (type: security_group_rules) to 0
2026-05-09 18:09:59.602 7 INFO neutron.db.ovn_revision_numbers_db [None req-932af1a9-d596-4bfe-9eea-14bfe050c265 6fff8c00af7b4f70b165770abb592aa1 a36798fa8c7443fb9a49a5d316c628cc - - default default] Successfully bumped revision number for resource f339cd26-3534-4e36-a416-318609d688f6 (type: security_group_rules) to 0
2026-05-09 18:09:59.674 7 INFO neutron.db.segments_db [None req-932af1a9-d596-4bfe-9eea-14bfe050c265 6fff8c00af7b4f70b165770abb592aa1 a36798fa8c7443fb9a49a5d316c628cc - - default default] Added segment fcb76af1-b489-4563-93e6-78051b328067 of type geneve for network 2086ea1d-904e-4678-b28f-542d0dac7f4c
2026-05-09 18:09:59.786 7 INFO neutron.db.ovn_revision_numbers_db [None req-932af1a9-d596-4bfe-9eea-14bfe050c265 6fff8c00af7b4f70b165770abb592aa1 a36798fa8c7443fb9a49a5d316c628cc - - default default] Successfully bumped revision number for resource 2086ea1d-904e-4678-b28f-542d0dac7f4c (type: networks) to 1
2026-05-09 18:09:59.993 7 WARNING neutron.scheduler.dhcp_agent_scheduler [None req-932af1a9-d596-4bfe-9eea-14bfe050c265 6fff8c00af7b4f70b165770abb592aa1 a36798fa8c7443fb9a49a5d316c628cc - - default default] No more DHCP agents
2026-05-09 18:09:59.995 7 WARNING neutron.api.rpc.agentnotifiers.dhcp_rpc_agent_api [None req-932af1a9-d596-4bfe-9eea-14bfe050c265 6fff8c00af7b4f70b165770abb592aa1 a36798fa8c7443fb9a49a5d316c628cc - - default default] Unable to schedule network 2086ea1d-904e-4678-b28f-542d0dac7f4c: no agents available; will retry on subsequent port and subnet creation events.
2026-05-09 18:10:00.043 8 INFO neutron.plugins.ml2.drivers.ovn.mech_driver.mech_driver [None req-ead6af64-fa52-4e30-a313-85cfca455243 - - - - - -] OVN reports status down for port: a3e7b7e7-a330-4fe2-9269-94a63e614104
2026-05-09 18:10:00.075 7 INFO neutron.db.ovn_revision_numbers_db [None req-932af1a9-d596-4bfe-9eea-14bfe050c265 6fff8c00af7b4f70b165770abb592aa1 a36798fa8c7443fb9a49a5d316c628cc - - default default] Successfully bumped revision number for resource a3e7b7e7-a330-4fe2-9269-94a63e614104 (type: ports) to 1 [pid: 7|app: 0|req: 1436/2699] 10.0.0.56 () {34 vars in 669 bytes} [Sat May 9 18:09:59 2026] POST /v2.0/networks => generated 670 bytes in 784 msecs (HTTP/1.1 201) 4 headers in 162 bytes (1 switches on core 0)
2026-05-09 18:10:00.330 8 WARNING neutron.scheduler.dhcp_agent_scheduler [None req-6dd83d04-cfd6-432d-96e1-96548c135e15 6fff8c00af7b4f70b165770abb592aa1 a36798fa8c7443fb9a49a5d316c628cc - - default default] No more DHCP agents
2026-05-09 18:10:00.331 8 WARNING neutron.api.rpc.agentnotifiers.dhcp_rpc_agent_api [None req-6dd83d04-cfd6-432d-96e1-96548c135e15 6fff8c00af7b4f70b165770abb592aa1 a36798fa8c7443fb9a49a5d316c628cc - - default default] Unable to schedule network 2086ea1d-904e-4678-b28f-542d0dac7f4c: no agents available; will retry on subsequent port and subnet creation events.
2026-05-09 18:10:00.882 8 INFO neutron.db.ovn_revision_numbers_db [None req-6dd83d04-cfd6-432d-96e1-96548c135e15 6fff8c00af7b4f70b165770abb592aa1 a36798fa8c7443fb9a49a5d316c628cc - - default default] Successfully bumped revision number for resource a3e7b7e7-a330-4fe2-9269-94a63e614104 (type: ports) to 2
2026-05-09 18:10:00.917 8 INFO neutron.db.ovn_revision_numbers_db [None req-6dd83d04-cfd6-432d-96e1-96548c135e15 6fff8c00af7b4f70b165770abb592aa1 a36798fa8c7443fb9a49a5d316c628cc - - default default] Successfully bumped revision number for resource b3f10b19-9aec-4d3f-93d2-fb3f17f8d75d (type: subnets) to 0 [pid: 8|app: 0|req: 1264/2700] 10.0.0.56 () {34 vars in 668 bytes} [Sat May 9 18:10:00 2026] POST /v2.0/subnets => generated 626 bytes in 830 msecs (HTTP/1.1 201) 4 headers in 162 bytes (1 switches on core 0) [pid: 7|app: 0|req: 1437/2701] 10.0.0.56 () {34 vars in 750 bytes} [Sat May 9 18:10:00 2026] PUT /v2.0/subnets/b3f10b19-9aec-4d3f-93d2-fb3f17f8d75d/tags => generated 25 bytes in 91 msecs (HTTP/1.1 200) 4 headers in 156 bytes (1 switches on core 0) [pid: 7|app: 0|req: 1438/2702] 10.0.0.56 () {32 vars in 730 bytes} [Sat May 9 18:10:01 2026] GET /v2.0/subnets/b3f10b19-9aec-4d3f-93d2-fb3f17f8d75d/tags => generated 25 bytes in 54 msecs (HTTP/1.1 200) 4 headers in 156 bytes (1 switches on core 0) [pid: 7|app: 0|req: 1439/2703] 10.0.0.56 () {34 vars in 761 bytes} [Sat May 9 18:10:01 2026] PUT /v2.0/subnets/b3f10b19-9aec-4d3f-93d2-fb3f17f8d75d/tags/green => generated 4 bytes in 102 msecs (HTTP/1.1 201) 4 headers in 160 bytes (1 switches on core 0) [pid: 7|app: 0|req: 1440/2704] 10.0.0.56 () {32 vars in 730 bytes} [Sat May 9 18:10:01 2026] GET /v2.0/subnets/b3f10b19-9aec-4d3f-93d2-fb3f17f8d75d/tags => generated 34 bytes in 61 msecs (HTTP/1.1 200) 4 headers in 156 bytes (1 switches on core 0)
2026-05-09 18:10:01.335 8 INFO neutron.db.ovn_revision_numbers_db [None req-8eebef60-09f4-4f72-bb8d-479518a26b8d 7f48b27012c24955ae1e761bb331b276 efbce2ce0b124444bac4c4a0cfc6ebad - - default default] Successfully bumped revision number for resource 7bf2ac15-4015-497d-b261-39fd7fa3b60b (type: security_groups) to 1
2026-05-09 18:10:01.348 8 INFO neutron.db.ovn_revision_numbers_db [None req-8eebef60-09f4-4f72-bb8d-479518a26b8d 7f48b27012c24955ae1e761bb331b276 efbce2ce0b124444bac4c4a0cfc6ebad - - default default] Successfully bumped revision number for resource 359c953c-2f26-4818-b14b-c635f5c13ba6 (type: security_group_rules) to 0 [pid: 7|app: 0|req: 1441/2705] 10.0.0.56 () {34 vars in 757 bytes} [Sat May 9 18:10:01 2026] PUT /v2.0/subnets/b3f10b19-9aec-4d3f-93d2-fb3f17f8d75d/tags/red => generated 4 bytes in 79 msecs (HTTP/1.1 201) 4 headers in 160 bytes (1 switches on core 0)
2026-05-09 18:10:01.367 8 INFO neutron.db.ovn_revision_numbers_db [None req-8eebef60-09f4-4f72-bb8d-479518a26b8d 7f48b27012c24955ae1e761bb331b276 efbce2ce0b124444bac4c4a0cfc6ebad - - default default] Successfully bumped revision number for resource 432b9d40-d77e-4552-8d34-ef93a21e3d85 (type: security_group_rules) to 0
2026-05-09 18:10:01.384 8 INFO neutron.db.ovn_revision_numbers_db [None req-8eebef60-09f4-4f72-bb8d-479518a26b8d 7f48b27012c24955ae1e761bb331b276 efbce2ce0b124444bac4c4a0cfc6ebad - - default default] Successfully bumped revision number for resource a1b9c545-76c6-4c68-83db-0df1f7fddb64 (type: security_group_rules) to 0
2026-05-09 18:10:01.400 8 INFO neutron.db.ovn_revision_numbers_db [None req-8eebef60-09f4-4f72-bb8d-479518a26b8d 7f48b27012c24955ae1e761bb331b276 efbce2ce0b124444bac4c4a0cfc6ebad - - default default] Successfully bumped revision number for resource d65a6623-c736-4c8f-81c3-0e1c6546b45b (type: security_group_rules) to 0 [pid: 7|app: 0|req: 1442/2706] 10.0.0.56 () {32 vars in 730 bytes} [Sat May 9 18:10:01 2026] GET /v2.0/subnets/b3f10b19-9aec-4d3f-93d2-fb3f17f8d75d/tags => generated 34 bytes in 47 msecs (HTTP/1.1 200) 4 headers in 156 bytes (1 switches on core 0)
2026-05-09 18:10:01.493 8 INFO neutron.db.segments_db [None req-8eebef60-09f4-4f72-bb8d-479518a26b8d 7f48b27012c24955ae1e761bb331b276 efbce2ce0b124444bac4c4a0cfc6ebad - - default default] Added segment 888d1757-732a-477f-8ffd-418e7c2e7977 of type geneve for network d2a4500f-335d-49dc-9886-3514947fed6c
2026-05-09 18:10:01.630 7 INFO neutron.db.ovn_revision_numbers_db [None req-eed8c9b7-91c6-4c93-b911-ed65122ce6fc 8b746d5555fb402797561f61869680df e4a6b7d79b944de892b219e4385ed8f7 - - default default] Successfully bumped revision number for resource 4e90b0d2-e807-489e-8d89-8c15baf240aa (type: security_groups) to 1
2026-05-09 18:10:01.639 8 INFO neutron.db.ovn_revision_numbers_db [None req-8eebef60-09f4-4f72-bb8d-479518a26b8d 7f48b27012c24955ae1e761bb331b276 efbce2ce0b124444bac4c4a0cfc6ebad - - default default] Successfully bumped revision number for resource d2a4500f-335d-49dc-9886-3514947fed6c (type: networks) to 1
2026-05-09 18:10:01.643 7 INFO neutron.db.ovn_revision_numbers_db [None req-eed8c9b7-91c6-4c93-b911-ed65122ce6fc 8b746d5555fb402797561f61869680df e4a6b7d79b944de892b219e4385ed8f7 - - default default] Successfully bumped revision number for resource 1bb4c3c3-ce63-4bbe-930a-31d42c694399 (type: security_group_rules) to 0
2026-05-09 18:10:01.655 7 INFO neutron.db.ovn_revision_numbers_db [None req-eed8c9b7-91c6-4c93-b911-ed65122ce6fc 8b746d5555fb402797561f61869680df e4a6b7d79b944de892b219e4385ed8f7 - - default default] Successfully bumped revision number for resource 279e9cb8-4068-4a3f-818b-513cd83f6a87 (type: security_group_rules) to 0
2026-05-09 18:10:01.678 7 INFO neutron.db.ovn_revision_numbers_db [None req-eed8c9b7-91c6-4c93-b911-ed65122ce6fc 8b746d5555fb402797561f61869680df e4a6b7d79b944de892b219e4385ed8f7 - - default default] Successfully bumped revision number for resource 61631659-a996-4808-85da-d6f1889c2a3f (type: security_group_rules) to 0
2026-05-09 18:10:01.691 7 INFO neutron.db.ovn_revision_numbers_db [None req-eed8c9b7-91c6-4c93-b911-ed65122ce6fc 8b746d5555fb402797561f61869680df e4a6b7d79b944de892b219e4385ed8f7 - - default default] Successfully bumped revision number for resource 6a5e006e-2b2a-4bd9-8455-0509e52b72e4 (type: security_group_rules) to 0
2026-05-09 18:10:01.799 7 INFO neutron.db.ovn_revision_numbers_db [None req-eed8c9b7-91c6-4c93-b911-ed65122ce6fc 8b746d5555fb402797561f61869680df e4a6b7d79b944de892b219e4385ed8f7 - - default default] Successfully bumped revision number for resource 03e28192-a7da-48a4-b403-e24049010243 (type: security_groups) to 1
2026-05-09 18:10:01.815 7 INFO neutron.db.ovn_revision_numbers_db [None req-eed8c9b7-91c6-4c93-b911-ed65122ce6fc 8b746d5555fb402797561f61869680df e4a6b7d79b944de892b219e4385ed8f7 - - default default] Successfully bumped revision number for resource 3c7999d6-118e-44d0-9b8e-a1dbe77de0d8 (type: security_group_rules) to 0
2026-05-09 18:10:01.816 8 WARNING neutron.scheduler.dhcp_agent_scheduler [None req-8eebef60-09f4-4f72-bb8d-479518a26b8d 7f48b27012c24955ae1e761bb331b276 efbce2ce0b124444bac4c4a0cfc6ebad - - default default] No more DHCP agents
2026-05-09 18:10:01.817 8 WARNING neutron.api.rpc.agentnotifiers.dhcp_rpc_agent_api [None req-8eebef60-09f4-4f72-bb8d-479518a26b8d 7f48b27012c24955ae1e761bb331b276 efbce2ce0b124444bac4c4a0cfc6ebad - - default default] Unable to schedule network d2a4500f-335d-49dc-9886-3514947fed6c: no agents available; will retry on subsequent port and subnet creation events.
2026-05-09 18:10:01.826 7 INFO neutron.db.ovn_revision_numbers_db [None req-eed8c9b7-91c6-4c93-b911-ed65122ce6fc 8b746d5555fb402797561f61869680df e4a6b7d79b944de892b219e4385ed8f7 - - default default] Successfully bumped revision number for resource 3f6e4ef5-0acf-4a8a-b31c-f9855bc1bbf6 (type: security_group_rules) to 0
2026-05-09 18:10:01.870 8 INFO neutron.plugins.ml2.drivers.ovn.mech_driver.mech_driver [None req-ead6af64-fa52-4e30-a313-85cfca455243 - - - - - -] OVN reports status down for port: 504ece39-f5a8-4f14-adf9-ebe559e3a3f6 [pid: 7|app: 0|req: 1443/2707] 10.0.0.56 () {34 vars in 683 bytes} [Sat May 9 18:10:01 2026] POST /v2.0/security-groups => generated 1603 bytes in 469 msecs (HTTP/1.1 201) 4 headers in 163 bytes (1 switches on core 0)
2026-05-09 18:10:01.930 8 INFO neutron.db.ovn_revision_numbers_db [None req-8eebef60-09f4-4f72-bb8d-479518a26b8d 7f48b27012c24955ae1e761bb331b276 efbce2ce0b124444bac4c4a0cfc6ebad - - default default] Successfully bumped revision number for resource 504ece39-f5a8-4f14-adf9-ebe559e3a3f6 (type: ports) to 1 [pid: 7|app: 0|req: 1444/2708] 10.0.0.56 () {34 vars in 779 bytes} [Sat May 9 18:10:01 2026] PUT /v2.0/subnets/b3f10b19-9aec-4d3f-93d2-fb3f17f8d75d/tags/black.or.white => generated 4 bytes in 59 msecs (HTTP/1.1 201) 4 headers in 160 bytes (1 switches on core 0)
2026-05-09 18:10:01.970 7 WARNING tagging [None req-f634ea0e-b1bb-4b5d-9c6f-903d1b6d5cc0 8b746d5555fb402797561f61869680df e4a6b7d79b944de892b219e4385ed8f7 - - default default] project_id key not found in request, using tenant_id instead. This support has been deprecated and will be removed in a future release. [pid: 8|app: 0|req: 1265/2709] 10.0.0.56 () {34 vars in 669 bytes} [Sat May 9 18:10:00 2026] POST /v2.0/networks => generated 670 bytes in 1015 msecs (HTTP/1.1 201) 4 headers in 162 bytes (1 switches on core 0) [pid: 7|app: 0|req: 1445/2710] 10.0.0.56 () {34 vars in 766 bytes} [Sat May 9 18:10:01 2026] PUT /v2.0/security-groups/03e28192-a7da-48a4-b403-e24049010243/tags => generated 25 bytes in 65 msecs (HTTP/1.1 200) 4 headers in 156 bytes (1 switches on core 0) [pid: 8|app: 0|req: 1266/2711] 10.0.0.56 () {32 vars in 730 bytes} [Sat May 9 18:10:01 2026] GET /v2.0/subnets/b3f10b19-9aec-4d3f-93d2-fb3f17f8d75d/tags => generated 52 bytes in 54 msecs (HTTP/1.1 200) 4 headers in 156 bytes (1 switches on core 0)
2026-05-09 18:10:02.053 8 WARNING tagging [None req-d1305c22-3fd1-4e47-a88e-2d7033da9029 8b746d5555fb402797561f61869680df e4a6b7d79b944de892b219e4385ed8f7 - - default default] project_id key not found in request, using tenant_id instead. This support has been deprecated and will be removed in a future release. [pid: 8|app: 0|req: 1267/2712] 10.0.0.56 () {32 vars in 746 bytes} [Sat May 9 18:10:02 2026] GET /v2.0/security-groups/03e28192-a7da-48a4-b403-e24049010243/tags => generated 25 bytes in 45 msecs (HTTP/1.1 200) 4 headers in 156 bytes (1 switches on core 0) [pid: 8|app: 0|req: 1268/2713] 10.0.0.56 () {34 vars in 750 bytes} [Sat May 9 18:10:02 2026] PUT /v2.0/subnets/b3f10b19-9aec-4d3f-93d2-fb3f17f8d75d/tags => generated 37 bytes in 51 msecs (HTTP/1.1 200) 4 headers in 156 bytes (1 switches on core 0)
2026-05-09 18:10:02.148 8 WARNING tagging [None req-a8958f0f-3ba8-4f86-81a0-96ce486ba84e 8b746d5555fb402797561f61869680df e4a6b7d79b944de892b219e4385ed8f7 - - default default] project_id key not found in request, using tenant_id instead. This support has been deprecated and will be removed in a future release. [pid: 8|app: 0|req: 1269/2714] 10.0.0.56 () {34 vars in 777 bytes} [Sat May 9 18:10:02 2026] PUT /v2.0/security-groups/03e28192-a7da-48a4-b403-e24049010243/tags/green => generated 4 bytes in 53 msecs (HTTP/1.1 201) 4 headers in 160 bytes (1 switches on core 0) [pid: 8|app: 0|req: 1270/2715] 10.0.0.56 () {32 vars in 730 bytes} [Sat May 9 18:10:02 2026] GET /v2.0/subnets/b3f10b19-9aec-4d3f-93d2-fb3f17f8d75d/tags => generated 37 bytes in 36 msecs (HTTP/1.1 200) 4 headers in 156 bytes (1 switches on core 0)
2026-05-09 18:10:02.226 7 WARNING neutron.scheduler.dhcp_agent_scheduler [None req-f6c93438-7787-4194-9e34-9b58edf6d7e8 7f48b27012c24955ae1e761bb331b276 efbce2ce0b124444bac4c4a0cfc6ebad - - default default] No more DHCP agents
2026-05-09 18:10:02.227 7 WARNING neutron.api.rpc.agentnotifiers.dhcp_rpc_agent_api [None req-f6c93438-7787-4194-9e34-9b58edf6d7e8 7f48b27012c24955ae1e761bb331b276 efbce2ce0b124444bac4c4a0cfc6ebad - - default default] Unable to schedule network d2a4500f-335d-49dc-9886-3514947fed6c: no agents available; will retry on subsequent port and subnet creation events.
2026-05-09 18:10:02.232 8 WARNING tagging [None req-ad4e1b22-af6f-4955-b386-8044b83ef417 8b746d5555fb402797561f61869680df e4a6b7d79b944de892b219e4385ed8f7 - - default default] project_id key not found in request, using tenant_id instead. This support has been deprecated and will be removed in a future release. [pid: 8|app: 0|req: 1271/2716] 10.0.0.56 () {32 vars in 746 bytes} [Sat May 9 18:10:02 2026] GET /v2.0/security-groups/03e28192-a7da-48a4-b403-e24049010243/tags => generated 34 bytes in 26 msecs (HTTP/1.1 200) 4 headers in 156 bytes (1 switches on core 0) [pid: 8|app: 0|req: 1272/2717] 10.0.0.56 () {32 vars in 738 bytes} [Sat May 9 18:10:02 2026] GET /v2.0/subnets/b3f10b19-9aec-4d3f-93d2-fb3f17f8d75d/tags/red => generated 0 bytes in 56 msecs (HTTP/1.1 204) 2 headers in 112 bytes (1 switches on core 0)
2026-05-09 18:10:02.310 8 INFO neutron.plugins.ml2.drivers.ovn.mech_driver.mech_driver [None req-ead6af64-fa52-4e30-a313-85cfca455243 - - - - - -] OVN reports status down for port: 57ce3e79-3fba-46fa-8002-e5ba80eca93b
2026-05-09 18:10:02.324 7 INFO neutron.db.ovn_revision_numbers_db [None req-f6c93438-7787-4194-9e34-9b58edf6d7e8 7f48b27012c24955ae1e761bb331b276 efbce2ce0b124444bac4c4a0cfc6ebad - - default default] Successfully bumped revision number for resource 57ce3e79-3fba-46fa-8002-e5ba80eca93b (type: ports) to 1
2026-05-09 18:10:02.339 8 WARNING tagging [None req-710188ec-9070-495a-85b0-fca390d8c455 8b746d5555fb402797561f61869680df e4a6b7d79b944de892b219e4385ed8f7 - - default default] project_id key not found in request, using tenant_id instead. This support has been deprecated and will be removed in a future release. [pid: 7|app: 0|req: 1446/2718] 10.0.0.56 () {34 vars in 663 bytes} [Sat May 9 18:10:02 2026] POST /v2.0/ports => generated 743 bytes in 367 msecs (HTTP/1.1 201) 4 headers in 162 bytes (1 switches on core 0) /var/lib/openstack/lib/python3.12/site-packages/pycadf/identifier.py:70: UserWarning: Invalid uuid: neutron. To ensure interoperability, identifiers should be a valid uuid. warnings.warn(('Invalid uuid: %s. To ensure interoperability, ' [pid: 8|app: 0|req: 1273/2719] 10.0.0.56 () {34 vars in 773 bytes} [Sat May 9 18:10:02 2026] PUT /v2.0/security-groups/03e28192-a7da-48a4-b403-e24049010243/tags/red => generated 4 bytes in 87 msecs (HTTP/1.1 201) 4 headers in 160 bytes (1 switches on core 0)
2026-05-09 18:10:02.411 7 INFO neutron.api.v2.resource [None req-95fa7c51-deb6-4d91-8f0b-d87374ac351e 6fff8c00af7b4f70b165770abb592aa1 a36798fa8c7443fb9a49a5d316c628cc - - default default] show failed (client error): The resource could not be found. [pid: 7|app: 0|req: 1447/2720] 10.0.0.56 () {32 vars in 742 bytes} [Sat May 9 18:10:02 2026] GET /v2.0/subnets/b3f10b19-9aec-4d3f-93d2-fb3f17f8d75d/tags/green => generated 99 bytes in 37 msecs (HTTP/1.1 404) 4 headers in 163 bytes (1 switches on core 0)
2026-05-09 18:10:02.431 7 WARNING tagging [None req-e350aa77-8bb7-4153-923c-ab9ed21a2201 8b746d5555fb402797561f61869680df e4a6b7d79b944de892b219e4385ed8f7 - - default default] project_id key not found in request, using tenant_id instead. This support has been deprecated and will be removed in a future release. [pid: 7|app: 0|req: 1448/2721] 10.0.0.56 () {32 vars in 746 bytes} [Sat May 9 18:10:02 2026] GET /v2.0/security-groups/03e28192-a7da-48a4-b403-e24049010243/tags => generated 34 bytes in 26 msecs (HTTP/1.1 200) 4 headers in 156 bytes (1 switches on core 0) [pid: 7|app: 0|req: 1449/2722] 10.0.0.56 () {32 vars in 741 bytes} [Sat May 9 18:10:02 2026] DELETE /v2.0/subnets/b3f10b19-9aec-4d3f-93d2-fb3f17f8d75d/tags/red => generated 0 bytes in 47 msecs (HTTP/1.1 204) 2 headers in 112 bytes (1 switches on core 0)
2026-05-09 18:10:02.525 7 WARNING tagging [None req-c7a60ac9-abc6-4a7b-9762-15782ec7ebb1 8b746d5555fb402797561f61869680df e4a6b7d79b944de892b219e4385ed8f7 - - default default] project_id key not found in request, using tenant_id instead. This support has been deprecated and will be removed in a future release. [pid: 7|app: 0|req: 1450/2723] 10.0.0.56 () {34 vars in 795 bytes} [Sat May 9 18:10:02 2026] PUT /v2.0/security-groups/03e28192-a7da-48a4-b403-e24049010243/tags/black.or.white => generated 4 bytes in 71 msecs (HTTP/1.1 201) 4 headers in 160 bytes (1 switches on core 0) [pid: 8|app: 0|req: 1274/2724] 10.0.0.56 () {34 vars in 665 bytes} [Sat May 9 18:10:02 2026] POST /v2.0/trunks => generated 409 bytes in 193 msecs (HTTP/1.1 201) 4 headers in 162 bytes (1 switches on core 0) [pid: 7|app: 0|req: 1451/2725] 10.0.0.56 () {32 vars in 730 bytes} [Sat May 9 18:10:02 2026] GET /v2.0/subnets/b3f10b19-9aec-4d3f-93d2-fb3f17f8d75d/tags => generated 30 bytes in 35 msecs (HTTP/1.1 200) 4 headers in 156 bytes (1 switches on core 0)
2026-05-09 18:10:02.601 8 WARNING tagging [None req-8e22e992-e676-461e-9ec6-e780dfc1c0e0 8b746d5555fb402797561f61869680df e4a6b7d79b944de892b219e4385ed8f7 - - default default] project_id key not found in request, using tenant_id instead. This support has been deprecated and will be removed in a future release.
2026-05-09 18:10:02.604 7 WARNING tagging [None req-51300c6c-8022-4629-9a6b-f771c60108aa 7f48b27012c24955ae1e761bb331b276 efbce2ce0b124444bac4c4a0cfc6ebad - - default default] project_id key not found in request, using tenant_id instead. This support has been deprecated and will be removed in a future release. [pid: 8|app: 0|req: 1275/2726] 10.0.0.56 () {32 vars in 746 bytes} [Sat May 9 18:10:02 2026] GET /v2.0/security-groups/03e28192-a7da-48a4-b403-e24049010243/tags => generated 52 bytes in 35 msecs (HTTP/1.1 200) 4 headers in 156 bytes (1 switches on core 0) [pid: 7|app: 0|req: 1452/2727] 10.0.0.56 () {34 vars in 748 bytes} [Sat May 9 18:10:02 2026] PUT /v2.0/trunks/01aec50d-a046-4198-a014-d170e112fda0/tags => generated 25 bytes in 27 msecs (HTTP/1.1 200) 4 headers in 156 bytes (1 switches on core 0)
2026-05-09 18:10:02.641 7 WARNING tagging [None req-8d43ef1d-16af-4e24-b034-67492dd7d17f 8b746d5555fb402797561f61869680df e4a6b7d79b944de892b219e4385ed8f7 - - default default] project_id key not found in request, using tenant_id instead. This support has been deprecated and will be removed in a future release.
2026-05-09 18:10:02.664 8 INFO neutron.api.v2.resource [None req-6143a5fb-4a9c-4442-946c-cde1c44519ee 6fff8c00af7b4f70b165770abb592aa1 a36798fa8c7443fb9a49a5d316c628cc - - default default] delete failed (client error): The resource could not be found. [pid: 7|app: 0|req: 1453/2728] 10.0.0.56 () {34 vars in 766 bytes} [Sat May 9 18:10:02 2026] PUT /v2.0/security-groups/03e28192-a7da-48a4-b403-e24049010243/tags => generated 37 bytes in 43 msecs (HTTP/1.1 200) 4 headers in 156 bytes (1 switches on core 0) [pid: 8|app: 0|req: 1276/2729] 10.0.0.56 () {32 vars in 745 bytes} [Sat May 9 18:10:02 2026] DELETE /v2.0/subnets/b3f10b19-9aec-4d3f-93d2-fb3f17f8d75d/tags/green => generated 99 bytes in 51 msecs (HTTP/1.1 404) 4 headers in 163 bytes (1 switches on core 0)
2026-05-09 18:10:02.675 7 WARNING tagging [None req-614fd8ff-1968-4a07-b718-07ce5d08f8e6 7f48b27012c24955ae1e761bb331b276 efbce2ce0b124444bac4c4a0cfc6ebad - - default default] project_id key not found in request, using tenant_id instead. This support has been deprecated and will be removed in a future release. [pid: 7|app: 0|req: 1454/2730] 10.0.0.56 () {32 vars in 728 bytes} [Sat May 9 18:10:02 2026] GET /v2.0/trunks/01aec50d-a046-4198-a014-d170e112fda0/tags => generated 25 bytes in 15 msecs (HTTP/1.1 200) 4 headers in 156 bytes (1 switches on core 0)
2026-05-09 18:10:02.693 8 WARNING tagging [None req-305eebe4-85b2-456e-93a5-68fc7a18f66b 8b746d5555fb402797561f61869680df e4a6b7d79b944de892b219e4385ed8f7 - - default default] project_id key not found in request, using tenant_id instead. This support has been deprecated and will be removed in a future release. [pid: 8|app: 0|req: 1277/2731] 10.0.0.56 () {32 vars in 746 bytes} [Sat May 9 18:10:02 2026] GET /v2.0/security-groups/03e28192-a7da-48a4-b403-e24049010243/tags => generated 37 bytes in 33 msecs (HTTP/1.1 200) 4 headers in 156 bytes (1 switches on core 0)
2026-05-09 18:10:02.732 8 WARNING tagging [None req-958b62a8-f7a4-4f52-8a01-486488b912dc 7f48b27012c24955ae1e761bb331b276 efbce2ce0b124444bac4c4a0cfc6ebad - - default default] project_id key not found in request, using tenant_id instead. This support has been deprecated and will be removed in a future release. [pid: 7|app: 0|req: 1455/2732] 10.0.0.56 () {32 vars in 733 bytes} [Sat May 9 18:10:02 2026] DELETE /v2.0/subnets/b3f10b19-9aec-4d3f-93d2-fb3f17f8d75d/tags => generated 0 bytes in 61 msecs (HTTP/1.1 204) 2 headers in 112 bytes (1 switches on core 0) [pid: 8|app: 0|req: 1278/2733] 10.0.0.56 () {34 vars in 759 bytes} [Sat May 9 18:10:02 2026] PUT /v2.0/trunks/01aec50d-a046-4198-a014-d170e112fda0/tags/green => generated 4 bytes in 58 msecs (HTTP/1.1 201) 4 headers in 160 bytes (1 switches on core 0)
2026-05-09 18:10:02.765 7 WARNING tagging [None req-7feff84b-eec9-452a-90d7-4f685b78add4 8b746d5555fb402797561f61869680df e4a6b7d79b944de892b219e4385ed8f7 - - default default] project_id key not found in request, using tenant_id instead. This support has been deprecated and will be removed in a future release. [pid: 7|app: 0|req: 1456/2734] 10.0.0.56 () {32 vars in 754 bytes} [Sat May 9 18:10:02 2026] GET /v2.0/security-groups/03e28192-a7da-48a4-b403-e24049010243/tags/red => generated 0 bytes in 32 msecs (HTTP/1.1 204) 2 headers in 112 bytes (1 switches on core 0)
2026-05-09 18:10:02.788 7 WARNING tagging [None req-7bdc1c81-bee7-46e5-8a37-912bf785b429 7f48b27012c24955ae1e761bb331b276 efbce2ce0b124444bac4c4a0cfc6ebad - - default default] project_id key not found in request, using tenant_id instead. This support has been deprecated and will be removed in a future release. [pid: 7|app: 0|req: 1457/2735] 10.0.0.56 () {32 vars in 728 bytes} [Sat May 9 18:10:02 2026] GET /v2.0/trunks/01aec50d-a046-4198-a014-d170e112fda0/tags => generated 34 bytes in 18 msecs (HTTP/1.1 200) 4 headers in 156 bytes (1 switches on core 0) [pid: 8|app: 0|req: 1279/2736] 10.0.0.56 () {32 vars in 730 bytes} [Sat May 9 18:10:02 2026] GET /v2.0/subnets/b3f10b19-9aec-4d3f-93d2-fb3f17f8d75d/tags => generated 12 bytes in 39 msecs (HTTP/1.1 200) 4 headers in 156 bytes (1 switches on core 0)
2026-05-09 18:10:02.812 8 WARNING tagging [None req-a9c3155f-803c-47ae-937e-4406d9a009d7 7f48b27012c24955ae1e761bb331b276 efbce2ce0b124444bac4c4a0cfc6ebad - - default default] project_id key not found in request, using tenant_id instead. This support has been deprecated and will be removed in a future release.
2026-05-09 18:10:02.813 7 WARNING tagging [None req-b6944e7e-021f-4178-8e73-a5b7fcc037a7 8b746d5555fb402797561f61869680df e4a6b7d79b944de892b219e4385ed8f7 - - default default] project_id key not found in request, using tenant_id instead. This support has been deprecated and will be removed in a future release.
2026-05-09 18:10:02.823 7 INFO neutron.api.v2.resource [None req-b6944e7e-021f-4178-8e73-a5b7fcc037a7 8b746d5555fb402797561f61869680df e4a6b7d79b944de892b219e4385ed8f7 - - default default] show failed (client error): The resource could not be found. [pid: 7|app: 0|req: 1458/2737] 10.0.0.56 () {32 vars in 758 bytes} [Sat May 9 18:10:02 2026] GET /v2.0/security-groups/03e28192-a7da-48a4-b403-e24049010243/tags/green => generated 99 bytes in 29 msecs (HTTP/1.1 404) 4 headers in 163 bytes (1 switches on core 0) [pid: 8|app: 0|req: 1280/2738] 10.0.0.56 () {34 vars in 755 bytes} [Sat May 9 18:10:02 2026] PUT /v2.0/trunks/01aec50d-a046-4198-a014-d170e112fda0/tags/red => generated 4 bytes in 27 msecs (HTTP/1.1 201) 4 headers in 160 bytes (1 switches on core 0)
2026-05-09 18:10:02.850 8 WARNING tagging [None req-765b944d-960e-40ef-b417-9f805e917357 8b746d5555fb402797561f61869680df e4a6b7d79b944de892b219e4385ed8f7 - - default default] project_id key not found in request, using tenant_id instead. This support has been deprecated and will be removed in a future release. [pid: 8|app: 0|req: 1281/2739] 10.0.0.56 () {32 vars in 757 bytes} [Sat May 9 18:10:02 2026] DELETE /v2.0/security-groups/03e28192-a7da-48a4-b403-e24049010243/tags/red => generated 0 bytes in 49 msecs (HTTP/1.1 204) 2 headers in 112 bytes (1 switches on core 0)
2026-05-09 18:10:02.892 8 WARNING tagging [None req-08826aa8-7806-435b-9864-643fd682dfd7 7f48b27012c24955ae1e761bb331b276 efbce2ce0b124444bac4c4a0cfc6ebad - - default default] project_id key not found in request, using tenant_id instead. This support has been deprecated and will be removed in a future release. [pid: 8|app: 0|req: 1282/2740] 10.0.0.56 () {32 vars in 728 bytes} [Sat May 9 18:10:02 2026] GET /v2.0/trunks/01aec50d-a046-4198-a014-d170e112fda0/tags => generated 34 bytes in 21 msecs (HTTP/1.1 200) 4 headers in 156 bytes (1 switches on core 0)
2026-05-09 18:10:02.921 8 WARNING tagging [None req-3e6d6dc0-ea01-4903-ba2f-7ee4a4697636 8b746d5555fb402797561f61869680df e4a6b7d79b944de892b219e4385ed8f7 - - default default] project_id key not found in request, using tenant_id instead. This support has been deprecated and will be removed in a future release. [pid: 8|app: 0|req: 1283/2741] 10.0.0.56 () {32 vars in 746 bytes} [Sat May 9 18:10:02 2026] GET /v2.0/security-groups/03e28192-a7da-48a4-b403-e24049010243/tags => generated 30 bytes in 34 msecs (HTTP/1.1 200) 4 headers in 156 bytes (1 switches on core 0)
2026-05-09 18:10:02.946 8 WARNING tagging [None req-1890561b-f462-405a-af1a-3d5f7d0e13bf 7f48b27012c24955ae1e761bb331b276 efbce2ce0b124444bac4c4a0cfc6ebad - - default default] project_id key not found in request, using tenant_id instead. This support has been deprecated and will be removed in a future release. [pid: 7|app: 0|req: 1459/2742] 10.0.0.56 () {32 vars in 723 bytes} [Sat May 9 18:10:02 2026] DELETE /v2.0/subnets/b3f10b19-9aec-4d3f-93d2-fb3f17f8d75d => generated 0 bytes in 158 msecs (HTTP/1.1 204) 3 headers in 131 bytes (1 switches on core 0) [pid: 8|app: 0|req: 1284/2743] 10.0.0.56 () {34 vars in 777 bytes} [Sat May 9 18:10:02 2026] PUT /v2.0/trunks/01aec50d-a046-4198-a014-d170e112fda0/tags/black.or.white => generated 4 bytes in 50 msecs (HTTP/1.1 201) 4 headers in 160 bytes (1 switches on core 0)
2026-05-09 18:10:03.004 7 WARNING tagging [None req-791b3b9c-e46d-4247-8ce7-ae10c5f23f88 8b746d5555fb402797561f61869680df e4a6b7d79b944de892b219e4385ed8f7 - - default default] project_id key not found in request, using tenant_id instead. This support has been deprecated and will be removed in a future release.
2026-05-09 18:10:03.019 7 INFO neutron.api.v2.resource [None req-791b3b9c-e46d-4247-8ce7-ae10c5f23f88 8b746d5555fb402797561f61869680df e4a6b7d79b944de892b219e4385ed8f7 - - default default] delete failed (client error): The resource could not be found. [pid: 7|app: 0|req: 1460/2744] 10.0.0.56 () {32 vars in 761 bytes} [Sat May 9 18:10:02 2026] DELETE /v2.0/security-groups/03e28192-a7da-48a4-b403-e24049010243/tags/green => generated 99 bytes in 37 msecs (HTTP/1.1 404) 4 headers in 163 bytes (1 switches on core 0)
2026-05-09 18:10:03.031 7 WARNING tagging [None req-ff506200-123d-4d99-80e2-9ec43f20c525 7f48b27012c24955ae1e761bb331b276 efbce2ce0b124444bac4c4a0cfc6ebad - - default default] project_id key not found in request, using tenant_id instead. This support has been deprecated and will be removed in a future release. [pid: 7|app: 0|req: 1461/2745] 10.0.0.56 () {32 vars in 728 bytes} [Sat May 9 18:10:03 2026] GET /v2.0/trunks/01aec50d-a046-4198-a014-d170e112fda0/tags => generated 52 bytes in 18 msecs (HTTP/1.1 200) 4 headers in 156 bytes (1 switches on core 0)
2026-05-09 18:10:03.057 7 WARNING tagging [None req-222b4340-2bdb-4bc4-933e-439436d935c6 8b746d5555fb402797561f61869680df e4a6b7d79b944de892b219e4385ed8f7 - - default default] project_id key not found in request, using tenant_id instead. This support has been deprecated and will be removed in a future release. [pid: 7|app: 0|req: 1462/2746] 10.0.0.56 () {32 vars in 749 bytes} [Sat May 9 18:10:03 2026] DELETE /v2.0/security-groups/03e28192-a7da-48a4-b403-e24049010243/tags => generated 0 bytes in 47 msecs (HTTP/1.1 204) 2 headers in 112 bytes (1 switches on core 0)
2026-05-09 18:10:03.098 7 WARNING tagging [None req-6108c325-bb04-4233-a287-36ffb029c475 7f48b27012c24955ae1e761bb331b276 efbce2ce0b124444bac4c4a0cfc6ebad - - default default] project_id key not found in request, using tenant_id instead. This support has been deprecated and will be removed in a future release.
2026-05-09 18:10:03.108 8 INFO neutron_taas.services.taas.taas_plugin [None req-59c67532-6958-415e-b2d1-d785e3102ae0 6fff8c00af7b4f70b165770abb592aa1 a36798fa8c7443fb9a49a5d316c628cc - - default default] TaaS: Handle Delete Port: a3e7b7e7-a330-4fe2-9269-94a63e614104
2026-05-09 18:10:03.111 8 INFO neutron_taas.services.taas.tap_mirror_plugin [None req-59c67532-6958-415e-b2d1-d785e3102ae0 6fff8c00af7b4f70b165770abb592aa1 a36798fa8c7443fb9a49a5d316c628cc - - default default] Tap Mirror: Handle Delete Port: a3e7b7e7-a330-4fe2-9269-94a63e614104 [pid: 7|app: 0|req: 1463/2747] 10.0.0.56 () {34 vars in 748 bytes} [Sat May 9 18:10:03 2026] PUT /v2.0/trunks/01aec50d-a046-4198-a014-d170e112fda0/tags => generated 37 bytes in 37 msecs (HTTP/1.1 200) 4 headers in 156 bytes (1 switches on core 0)
2026-05-09 18:10:03.147 7 WARNING tagging [None req-9a3409d4-b1a3-431f-bc52-cfacbcdd4857 8b746d5555fb402797561f61869680df e4a6b7d79b944de892b219e4385ed8f7 - - default default] project_id key not found in request, using tenant_id instead. This support has been deprecated and will be removed in a future release. [pid: 7|app: 0|req: 1464/2748] 10.0.0.56 () {32 vars in 746 bytes} [Sat May 9 18:10:03 2026] GET /v2.0/security-groups/03e28192-a7da-48a4-b403-e24049010243/tags => generated 12 bytes in 33 msecs (HTTP/1.1 200) 4 headers in 156 bytes (1 switches on core 0)
2026-05-09 18:10:03.168 7 WARNING tagging [None req-e17e8d44-3c05-4553-aa28-090fcb3edce5 7f48b27012c24955ae1e761bb331b276 efbce2ce0b124444bac4c4a0cfc6ebad - - default default] project_id key not found in request, using tenant_id instead. This support has been deprecated and will be removed in a future release. [pid: 7|app: 0|req: 1465/2749] 10.0.0.56 () {32 vars in 728 bytes} [Sat May 9 18:10:03 2026] GET /v2.0/trunks/01aec50d-a046-4198-a014-d170e112fda0/tags => generated 37 bytes in 18 msecs (HTTP/1.1 200) 4 headers in 156 bytes (1 switches on core 0)
2026-05-09 18:10:03.347 8 INFO neutron.services.segments.plugin [-] Segment fcb76af1-b489-4563-93e6-78051b328067 resource provider aggregate not found
2026-05-09 18:10:03.354 8 INFO neutron.services.segments.plugin [-] Segment fcb76af1-b489-4563-93e6-78051b328067 resource provider aggregate not found
2026-05-09 18:10:03.368 8 INFO neutron.services.segments.plugin [-] Segment fcb76af1-b489-4563-93e6-78051b328067 resource provider not found; error: Placement Client Error (4xx): {"errors": [{"status": 404, "title": "Not Found", "detail": "The resource could not be found.\n\n No resource provider with uuid fcb76af1-b489-4563-93e6-78051b328067 found for delete ", "request_id": "req-fa832770-f7ce-4a0a-8cc5-192bb5581040"}]}
2026-05-09 18:10:03.379 8 INFO neutron.services.segments.plugin [-] Segment fcb76af1-b489-4563-93e6-78051b328067 resource provider not found; error: Placement Client Error (4xx): {"errors": [{"status": 404, "title": "Not Found", "detail": "The resource could not be found.\n\n No resource provider with uuid fcb76af1-b489-4563-93e6-78051b328067 found for delete ", "request_id": "req-1dfbe43d-d581-4ce8-a1fe-8a45ae411054"}]} [pid: 8|app: 0|req: 1285/2750] 10.0.0.56 () {32 vars in 725 bytes} [Sat May 9 18:10:02 2026] DELETE /v2.0/networks/2086ea1d-904e-4678-b28f-542d0dac7f4c => generated 0 bytes in 415 msecs (HTTP/1.1 204) 3 headers in 131 bytes (1 switches on core 0) [pid: 7|app: 0|req: 1466/2751] 10.0.0.56 () {32 vars in 739 bytes} [Sat May 9 18:10:03 2026] DELETE /v2.0/security-groups/03e28192-a7da-48a4-b403-e24049010243 => generated 0 bytes in 229 msecs (HTTP/1.1 204) 2 headers in 112 bytes (1 switches on core 0)
2026-05-09 18:10:03.422 8 WARNING tagging [None req-0f139450-8f33-4364-990d-91f3b4e796e4 7f48b27012c24955ae1e761bb331b276 efbce2ce0b124444bac4c4a0cfc6ebad - - default default] project_id key not found in request, using tenant_id instead. This support has been deprecated and will be removed in a future release. [pid: 8|app: 0|req: 1286/2752] 10.0.0.56 () {32 vars in 736 bytes} [Sat May 9 18:10:03 2026] GET /v2.0/trunks/01aec50d-a046-4198-a014-d170e112fda0/tags/red => generated 0 bytes in 37 msecs (HTTP/1.1 204) 2 headers in 112 bytes (1 switches on core 0)
2026-05-09 18:10:03.458 7 WARNING tagging [None req-4da2025e-aa7b-42b1-b671-fb8eb4be4fe8 7f48b27012c24955ae1e761bb331b276 efbce2ce0b124444bac4c4a0cfc6ebad - - default default] project_id key not found in request, using tenant_id instead. This support has been deprecated and will be removed in a future release.
2026-05-09 18:10:03.464 7 INFO neutron.api.v2.resource [None req-4da2025e-aa7b-42b1-b671-fb8eb4be4fe8 7f48b27012c24955ae1e761bb331b276 efbce2ce0b124444bac4c4a0cfc6ebad - - default default] show failed (client error): The resource could not be found. [pid: 7|app: 0|req: 1467/2753] 10.0.0.56 () {32 vars in 740 bytes} [Sat May 9 18:10:03 2026] GET /v2.0/trunks/01aec50d-a046-4198-a014-d170e112fda0/tags/green => generated 99 bytes in 19 msecs (HTTP/1.1 404) 4 headers in 163 bytes (1 switches on core 0)
2026-05-09 18:10:03.485 8 WARNING tagging [None req-6fc81fe6-ee6b-4e2e-bb10-d5a1099af916 7f48b27012c24955ae1e761bb331b276 efbce2ce0b124444bac4c4a0cfc6ebad - - default default] project_id key not found in request, using tenant_id instead. This support has been deprecated and will be removed in a future release. [pid: 8|app: 0|req: 1287/2754] 10.0.0.56 () {32 vars in 739 bytes} [Sat May 9 18:10:03 2026] DELETE /v2.0/trunks/01aec50d-a046-4198-a014-d170e112fda0/tags/red => generated 0 bytes in 39 msecs (HTTP/1.1 204) 2 headers in 112 bytes (1 switches on core 0)
2026-05-09 18:10:03.525 7 WARNING tagging [None req-8ab16ccc-4a31-4458-9287-ac73c3241d2c 7f48b27012c24955ae1e761bb331b276 efbce2ce0b124444bac4c4a0cfc6ebad - - default default] project_id key not found in request, using tenant_id instead. This support has been deprecated and will be removed in a future release. [pid: 7|app: 0|req: 1468/2755] 10.0.0.56 () {32 vars in 728 bytes} [Sat May 9 18:10:03 2026] GET /v2.0/trunks/01aec50d-a046-4198-a014-d170e112fda0/tags => generated 30 bytes in 20 msecs (HTTP/1.1 200) 4 headers in 156 bytes (1 switches on core 0)
2026-05-09 18:10:03.552 8 WARNING tagging [None req-6cdc9d8b-9049-42b3-a090-adbd95f82ea0 7f48b27012c24955ae1e761bb331b276 efbce2ce0b124444bac4c4a0cfc6ebad - - default default] project_id key not found in request, using tenant_id instead. This support has been deprecated and will be removed in a future release.
2026-05-09 18:10:03.562 8 INFO neutron.api.v2.resource [None req-6cdc9d8b-9049-42b3-a090-adbd95f82ea0 7f48b27012c24955ae1e761bb331b276 efbce2ce0b124444bac4c4a0cfc6ebad - - default default] delete failed (client error): The resource could not be found. [pid: 8|app: 0|req: 1288/2756] 10.0.0.56 () {32 vars in 743 bytes} [Sat May 9 18:10:03 2026] DELETE /v2.0/trunks/01aec50d-a046-4198-a014-d170e112fda0/tags/green => generated 99 bytes in 27 msecs (HTTP/1.1 404) 4 headers in 163 bytes (1 switches on core 0)
2026-05-09 18:10:03.585 7 WARNING tagging [None req-eebed08b-6761-4878-9e87-3ca25c84454e 7f48b27012c24955ae1e761bb331b276 efbce2ce0b124444bac4c4a0cfc6ebad - - default default] project_id key not found in request, using tenant_id instead. This support has been deprecated and will be removed in a future release. [pid: 7|app: 0|req: 1469/2757] 10.0.0.56 () {32 vars in 731 bytes} [Sat May 9 18:10:03 2026] DELETE /v2.0/trunks/01aec50d-a046-4198-a014-d170e112fda0/tags => generated 0 bytes in 41 msecs (HTTP/1.1 204) 2 headers in 112 bytes (1 switches on core 0)
2026-05-09 18:10:03.630 8 WARNING tagging [None req-ad432231-cc9f-4cd3-ad4c-7e27339bc169 7f48b27012c24955ae1e761bb331b276 efbce2ce0b124444bac4c4a0cfc6ebad - - default default] project_id key not found in request, using tenant_id instead. This support has been deprecated and will be removed in a future release. [pid: 8|app: 0|req: 1289/2758] 10.0.0.56 () {32 vars in 728 bytes} [Sat May 9 18:10:03 2026] GET /v2.0/trunks/01aec50d-a046-4198-a014-d170e112fda0/tags => generated 12 bytes in 24 msecs (HTTP/1.1 200) 4 headers in 156 bytes (1 switches on core 0) [pid: 7|app: 0|req: 1470/2759] 10.0.0.56 () {32 vars in 718 bytes} [Sat May 9 18:10:03 2026] GET /v2.0/trunks/01aec50d-a046-4198-a014-d170e112fda0 => generated 409 bytes in 17 msecs (HTTP/1.1 200) 4 headers in 157 bytes (1 switches on core 0) [pid: 8|app: 0|req: 1290/2760] 10.0.0.56 () {32 vars in 716 bytes} [Sat May 9 18:10:03 2026] GET /v2.0/ports/57ce3e79-3fba-46fa-8002-e5ba80eca93b => generated 826 bytes in 64 msecs (HTTP/1.1 200) 4 headers in 157 bytes (1 switches on core 0) [pid: 7|app: 0|req: 1471/2761] 10.0.0.56 () {32 vars in 721 bytes} [Sat May 9 18:10:03 2026] DELETE /v2.0/trunks/01aec50d-a046-4198-a014-d170e112fda0 => generated 0 bytes in 75 msecs (HTTP/1.1 204) 2 headers in 112 bytes (1 switches on core 0)
2026-05-09 18:10:03.947 8 INFO neutron_taas.services.taas.taas_plugin [None req-636a1a6b-4bd5-4faf-8f75-9b596dba2c4f 7f48b27012c24955ae1e761bb331b276 efbce2ce0b124444bac4c4a0cfc6ebad - - default default] TaaS: Handle Delete Port: 57ce3e79-3fba-46fa-8002-e5ba80eca93b
2026-05-09 18:10:03.949 8 INFO neutron_taas.services.taas.tap_mirror_plugin [None req-636a1a6b-4bd5-4faf-8f75-9b596dba2c4f 7f48b27012c24955ae1e761bb331b276 efbce2ce0b124444bac4c4a0cfc6ebad - - default default] Tap Mirror: Handle Delete Port: 57ce3e79-3fba-46fa-8002-e5ba80eca93b [pid: 8|app: 0|req: 1291/2762] 10.0.0.56 () {32 vars in 719 bytes} [Sat May 9 18:10:03 2026] DELETE /v2.0/ports/57ce3e79-3fba-46fa-8002-e5ba80eca93b => generated 0 bytes in 263 msecs (HTTP/1.1 204) 3 headers in 131 bytes (1 switches on core 0)
2026-05-09 18:10:04.171 8 WARNING neutron.db.securitygroups_db [None req-d59e7b54-efdd-4a4f-8f19-06b050404ed7 9f7c7c62471241dc81c73e8476f9f557 633cf0a29a0e4cd5b83b113b02332c7c - - default default] project_id key not found in filters, using tenant_id instead. This support has been deprecated and will be removed in a future release.
2026-05-09 18:10:04.220 7 WARNING neutron.db.securitygroups_db [None req-750a8b57-5c8b-4043-9b1d-fa166501680d 9f7c7c62471241dc81c73e8476f9f557 633cf0a29a0e4cd5b83b113b02332c7c - - default default] project_id key not found in filters, using tenant_id instead. This support has been deprecated and will be removed in a future release. [pid: 7|app: 0|req: 1472/2763] 10.0.0.56 () {32 vars in 773 bytes} [Sat May 9 18:10:04 2026] GET /v2.0/security-groups?tenant_id=e4a6b7d79b944de892b219e4385ed8f7&name=default => generated 2929 bytes in 194 msecs (HTTP/1.1 200) 4 headers in 158 bytes (1 switches on core 0)
2026-05-09 18:10:04.296 8 INFO neutron.db.ovn_revision_numbers_db [None req-d59e7b54-efdd-4a4f-8f19-06b050404ed7 9f7c7c62471241dc81c73e8476f9f557 633cf0a29a0e4cd5b83b113b02332c7c - - default default] Successfully bumped revision number for resource d8a79081-f490-4e18-9efb-1be0895705af (type: security_groups) to 1
2026-05-09 18:10:04.307 8 INFO neutron.db.ovn_revision_numbers_db [None req-d59e7b54-efdd-4a4f-8f19-06b050404ed7 9f7c7c62471241dc81c73e8476f9f557 633cf0a29a0e4cd5b83b113b02332c7c - - default default] Successfully bumped revision number for resource 2fad7652-46a5-4846-8ba7-ead9500ef867 (type: security_group_rules) to 0
2026-05-09 18:10:04.317 8 INFO neutron.db.ovn_revision_numbers_db [None req-d59e7b54-efdd-4a4f-8f19-06b050404ed7 9f7c7c62471241dc81c73e8476f9f557 633cf0a29a0e4cd5b83b113b02332c7c - - default default] Successfully bumped revision number for resource bfca35f7-d390-4672-bc57-7b308ec25466 (type: security_group_rules) to 0
2026-05-09 18:10:04.326 8 INFO neutron.db.ovn_revision_numbers_db [None req-d59e7b54-efdd-4a4f-8f19-06b050404ed7 9f7c7c62471241dc81c73e8476f9f557 633cf0a29a0e4cd5b83b113b02332c7c - - default default] Successfully bumped revision number for resource eac63b10-9934-4097-a578-de9af172e602 (type: security_group_rules) to 0
2026-05-09 18:10:04.337 8 INFO neutron.db.ovn_revision_numbers_db [None req-d59e7b54-efdd-4a4f-8f19-06b050404ed7 9f7c7c62471241dc81c73e8476f9f557 633cf0a29a0e4cd5b83b113b02332c7c - - default default] Successfully bumped revision number for resource ec77ae82-0fdf-4850-bb15-558219844258 (type: security_group_rules) to 0 [pid: 8|app: 0|req: 1292/2764] 10.0.0.56 () {32 vars in 773 bytes} [Sat May 9 18:10:04 2026] GET /v2.0/security-groups?tenant_id=b805b2ad2e6a414eb1c4f97dd079dbff&name=default => generated 2929 bytes in 292 msecs (HTTP/1.1 200) 4 headers in 158 bytes (1 switches on core 0)
2026-05-09 18:10:04.381 7 INFO neutron_taas.services.taas.taas_plugin [None req-a49300e5-f4ef-4be1-a973-fb038cfa4497 7f48b27012c24955ae1e761bb331b276 efbce2ce0b124444bac4c4a0cfc6ebad - - default default] TaaS: Handle Delete Port: 504ece39-f5a8-4f14-adf9-ebe559e3a3f6
2026-05-09 18:10:04.384 7 INFO neutron_taas.services.taas.tap_mirror_plugin [None req-a49300e5-f4ef-4be1-a973-fb038cfa4497 7f48b27012c24955ae1e761bb331b276 efbce2ce0b124444bac4c4a0cfc6ebad - - default default] Tap Mirror: Handle Delete Port: 504ece39-f5a8-4f14-adf9-ebe559e3a3f6 [pid: 8|app: 0|req: 1293/2765] 10.0.0.56 () {32 vars in 739 bytes} [Sat May 9 18:10:04 2026] DELETE /v2.0/security-groups/4e90b0d2-e807-489e-8d89-8c15baf240aa => generated 0 bytes in 222 msecs (HTTP/1.1 204) 2 headers in 112 bytes (1 switches on core 0)
2026-05-09 18:10:04.611 7 INFO neutron.services.segments.plugin [-] Segment 888d1757-732a-477f-8ffd-418e7c2e7977 resource provider aggregate not found
2026-05-09 18:10:04.625 7 INFO neutron.services.segments.plugin [-] Segment 888d1757-732a-477f-8ffd-418e7c2e7977 resource provider aggregate not found
2026-05-09 18:10:04.637 7 INFO neutron.services.segments.plugin [-] Segment 888d1757-732a-477f-8ffd-418e7c2e7977 resource provider not found; error: Placement Client Error (4xx): {"errors": [{"status": 404, "title": "Not Found", "detail": "The resource could not be found.\n\n No resource provider with uuid 888d1757-732a-477f-8ffd-418e7c2e7977 found for delete ", "request_id": "req-1803ae98-32bc-4ea9-93ac-f549681b1b67"}]}
2026-05-09 18:10:04.644 7 INFO neutron.services.segments.plugin [-] Segment 888d1757-732a-477f-8ffd-418e7c2e7977 resource provider not found; error: Placement Client Error (4xx): {"errors": [{"status": 404, "title": "Not Found", "detail": "The resource could not be found.\n\n No resource provider with uuid 888d1757-732a-477f-8ffd-418e7c2e7977 found for delete ", "request_id": "req-58fed9cb-aad2-44d2-864a-98db28a9469d"}]} [pid: 7|app: 0|req: 1473/2766] 10.0.0.56 () {32 vars in 725 bytes} [Sat May 9 18:10:04 2026] DELETE /v2.0/networks/d2a4500f-335d-49dc-9886-3514947fed6c => generated 0 bytes in 458 msecs (HTTP/1.1 204) 3 headers in 131 bytes (1 switches on core 0)
2026-05-09 18:10:04.733 7 WARNING neutron.db.securitygroups_db [None req-ac9e414b-a66a-43a9-b656-02c24a0d1b54 9f7c7c62471241dc81c73e8476f9f557 633cf0a29a0e4cd5b83b113b02332c7c - - default default] project_id key not found in filters, using tenant_id instead. This support has been deprecated and will be removed in a future release. [pid: 8|app: 0|req: 1294/2767] 10.0.0.56 () {32 vars in 739 bytes} [Sat May 9 18:10:04 2026] DELETE /v2.0/security-groups/d8a79081-f490-4e18-9efb-1be0895705af => generated 0 bytes in 240 msecs (HTTP/1.1 204) 2 headers in 112 bytes (1 switches on core 0)
2026-05-09 18:10:04.905 7 INFO neutron.db.ovn_revision_numbers_db [None req-ac9e414b-a66a-43a9-b656-02c24a0d1b54 9f7c7c62471241dc81c73e8476f9f557 633cf0a29a0e4cd5b83b113b02332c7c - - default default] Successfully bumped revision number for resource c46bdd43-258b-4af6-a525-2c13b59d56e3 (type: security_groups) to 1
2026-05-09 18:10:04.919 7 INFO neutron.db.ovn_revision_numbers_db [None req-ac9e414b-a66a-43a9-b656-02c24a0d1b54 9f7c7c62471241dc81c73e8476f9f557 633cf0a29a0e4cd5b83b113b02332c7c - - default default] Successfully bumped revision number for resource 5d8213c1-0ec4-474e-93fe-432861268b4a (type: security_group_rules) to 0
2026-05-09 18:10:04.932 7 INFO neutron.db.ovn_revision_numbers_db [None req-ac9e414b-a66a-43a9-b656-02c24a0d1b54 9f7c7c62471241dc81c73e8476f9f557 633cf0a29a0e4cd5b83b113b02332c7c - - default default] Successfully bumped revision number for resource 8e45207a-8497-42ec-ba16-1cdb6a278c9a (type: security_group_rules) to 0
