File "/var/lib/openstack/lib/python3.12/site-packages/pymysql/connections.py", line 826, in _read_query_result
2026-05-09 18:09:06.837 8 ERROR neutron.api.v2.resource result.read()
2026-05-09 18:09:06.837 8 ERROR neutron.api.v2.resource
File "/var/lib/openstack/lib/python3.12/site-packages/pymysql/connections.py", line 1203, in read
2026-05-09 18:09:06.837 8 ERROR neutron.api.v2.resource first_packet = self.connection._read_packet()
2026-05-09 18:09:06.837 8 ERROR neutron.api.v2.resource ^^^^^^^^^^^^^^^^^^^^^^^^^^^^^^
2026-05-09 18:09:06.837 8 ERROR neutron.api.v2.resource
File "/var/lib/openstack/lib/python3.12/site-packages/pymysql/connections.py", line 782, in _read_packet
2026-05-09 18:09:06.837 8 ERROR neutron.api.v2.resource packet.raise_for_error()
2026-05-09 18:09:06.837 8 ERROR neutron.api.v2.resource
File "/var/lib/openstack/lib/python3.12/site-packages/pymysql/protocol.py", line 219, in raise_for_error
2026-05-09 18:09:06.837 8 ERROR neutron.api.v2.resource err.raise_mysql_exception(self._data)
2026-05-09 18:09:06.837 8 ERROR neutron.api.v2.resource
File "/var/lib/openstack/lib/python3.12/site-packages/pymysql/err.py", line 150, in raise_mysql_exception
2026-05-09 18:09:06.837 8 ERROR neutron.api.v2.resource raise errorclass(errno, errval)
2026-05-09 18:09:06.837 8 ERROR neutron.api.v2.resource oslo_db.exception.DBDataError: (pymysql.err.DataError) (1265, "Data truncated for column 'auth_algorithm' at row 1")
2026-05-09 18:09:06.837 8 ERROR neutron.api.v2.resource [SQL: INSERT INTO ikepolicies (name, description, auth_algorithm, encryption_algorithm, phase1_negotiation_mode, lifetime_units, lifetime_value, ike_version, pfs, id, project_id) VALUES (%(name)s, %(description)s, %(auth_algorithm)s, %(encryption_algorithm)s, %(phase1_negotiation_mode)s, %(lifetime_units)s, %(lifetime_value)s, %(ike_version)s, %(pfs)s, %(id)s, %(project_id)s)]
2026-05-09 18:09:06.837 8 ERROR neutron.api.v2.resource [parameters: {'name': 'tempest-ike-policy--266267089', 'description': '', 'auth_algorithm': 'sha1', 'encryption_algorithm': 'aes-128', 'phase1_negotiation_mode': 'main', 'lifetime_units': 'seconds', 'lifetime_value': 3600, 'ike_version': 'v1', 'pfs': 'group5', 'id': '55176953-1bc8-4282-9076-ce749ba13688', 'project_id': '501444f6e56d4416bce2833370fc5168'}]
2026-05-09 18:09:06.837 8 ERROR neutron.api.v2.resource (Background on this error at: https://sqlalche.me/e/20/9h9h)
2026-05-09 18:09:06.837 8 ERROR neutron.api.v2.resource [pid: 8|app: 0|req: 1061/2273] 10.0.0.56 () {34 vars in 683 bytes} [Sat May 9 18:09:06 2026] POST /v2.0/vpn/ikepolicies => generated 150 bytes in 44 msecs (HTTP/1.1 500) 4 headers in 176 bytes (1 switches on core 0)
2026-05-09 18:09:06.962 8 INFO neutron.db.segments_db [None req-841f2145-521a-46ca-85aa-5d3c25e03d40 f5b5f314ff77462081def07ba3dc4f81 bc42056008a942008213cc2f25ef11e9 - - default default] Added segment 8aff1e7e-8b6d-4710-830c-53ef0b026142 of type geneve for network 3785ad77-cd6c-41d0-9e65-c61337a60ed8
2026-05-09 18:09:07.028 7 INFO neutron.services.segments.plugin [-] Segment 1eb79641-6bf3-4fd3-a6a2-938833efb315 resource provider aggregate not found
2026-05-09 18:09:07.032 7 INFO neutron.services.segments.plugin [-] Segment 1eb79641-6bf3-4fd3-a6a2-938833efb315 resource provider aggregate not found
2026-05-09 18:09:07.045 7 INFO neutron.services.segments.plugin [-] Segment 1eb79641-6bf3-4fd3-a6a2-938833efb315 resource provider not found; error: Placement Client Error (4xx): {"errors": [{"status": 404, "title": "Not Found", "detail": "The resource could not be found.\n\n No resource provider with uuid 1eb79641-6bf3-4fd3-a6a2-938833efb315 found for delete ", "request_id": "req-d0042062-5478-4308-8089-203d3cadb8f0"}]}
2026-05-09 18:09:07.046 7 INFO neutron.services.segments.plugin [-] Segment 1eb79641-6bf3-4fd3-a6a2-938833efb315 resource provider not found; error: Placement Client Error (4xx): {"errors": [{"status": 404, "title": "Not Found", "detail": "The resource could not be found.\n\n No resource provider with uuid 1eb79641-6bf3-4fd3-a6a2-938833efb315 found for delete ", "request_id": "req-00dc323d-50c7-4c41-9c20-94e1e247796b"}]} [pid: 7|app: 0|req: 1213/2274] 10.0.0.56 () {32 vars in 725 bytes} [Sat May 9 18:09:06 2026] DELETE /v2.0/networks/a9792e5c-f3d7-42a8-a634-64d92216decf => generated 0 bytes in 361 msecs (HTTP/1.1 204) 3 headers in 131 bytes (1 switches on core 0)
2026-05-09 18:09:07.103 8 INFO neutron.db.ovn_revision_numbers_db [None req-841f2145-521a-46ca-85aa-5d3c25e03d40 f5b5f314ff77462081def07ba3dc4f81 bc42056008a942008213cc2f25ef11e9 - - default default] Successfully bumped revision number for resource 3785ad77-cd6c-41d0-9e65-c61337a60ed8 (type: networks) to 1 [pid: 7|app: 0|req: 1214/2275] 10.0.0.56 () {32 vars in 739 bytes} [Sat May 9 18:09:07 2026] DELETE /v2.0/vpn/vpnservices/41fe6434-3930-4a0b-a623-8612241cd374 => generated 0 bytes in 62 msecs (HTTP/1.1 204) 2 headers in 112 bytes (1 switches on core 0)
2026-05-09 18:09:07.262 8 WARNING neutron.scheduler.dhcp_agent_scheduler [None req-841f2145-521a-46ca-85aa-5d3c25e03d40 f5b5f314ff77462081def07ba3dc4f81 bc42056008a942008213cc2f25ef11e9 - - default default] No more DHCP agents
2026-05-09 18:09:07.263 8 WARNING neutron.api.rpc.agentnotifiers.dhcp_rpc_agent_api [None req-841f2145-521a-46ca-85aa-5d3c25e03d40 f5b5f314ff77462081def07ba3dc4f81 bc42056008a942008213cc2f25ef11e9 - - default default] Unable to schedule network 3785ad77-cd6c-41d0-9e65-c61337a60ed8: no agents available; will retry on subsequent port and subnet creation events.
2026-05-09 18:09:07.343 8 INFO neutron.db.ovn_revision_numbers_db [None req-841f2145-521a-46ca-85aa-5d3c25e03d40 f5b5f314ff77462081def07ba3dc4f81 bc42056008a942008213cc2f25ef11e9 - - default default] Successfully bumped revision number for resource 56d7cba7-af2e-4aa7-bdfa-cf24785013ef (type: ports) to 1 [pid: 8|app: 0|req: 1062/2276] 10.0.0.56 () {34 vars in 669 bytes} [Sat May 9 18:09:06 2026] POST /v2.0/networks => generated 768 bytes in 512 msecs (HTTP/1.1 201) 4 headers in 162 bytes (1 switches on core 0)
2026-05-09 18:09:07.467 7 INFO neutron_taas.services.taas.taas_plugin [None req-8e324050-e1bb-45a0-92e2-52deca27437c 9f7c7c62471241dc81c73e8476f9f557 633cf0a29a0e4cd5b83b113b02332c7c - - default default] TaaS: Handle Delete Port: d9b14f47-24a5-4aa6-ac3e-3d82fa966d54
2026-05-09 18:09:07.470 7 INFO neutron_taas.services.taas.tap_mirror_plugin [None req-8e324050-e1bb-45a0-92e2-52deca27437c 9f7c7c62471241dc81c73e8476f9f557 633cf0a29a0e4cd5b83b113b02332c7c - - default default] Tap Mirror: Handle Delete Port: d9b14f47-24a5-4aa6-ac3e-3d82fa966d54
2026-05-09 18:09:07.601 8 INFO neutron_taas.services.taas.taas_plugin [None req-15049132-0a16-4bd4-88cf-2c4828f3315f d14ccfb435c046e1ab6a22db5b9f7403 501444f6e56d4416bce2833370fc5168 - - default default] TaaS: Handle Delete Port: af4e62ad-f09e-4b8d-aa40-345b493d852a
2026-05-09 18:09:07.603 8 INFO neutron_taas.services.taas.tap_mirror_plugin [None req-15049132-0a16-4bd4-88cf-2c4828f3315f d14ccfb435c046e1ab6a22db5b9f7403 501444f6e56d4416bce2833370fc5168 - - default default] Tap Mirror: Handle Delete Port: af4e62ad-f09e-4b8d-aa40-345b493d852a
2026-05-09 18:09:07.899 8 INFO neutron_taas.services.taas.taas_plugin [None req-805d55e9-959e-4f5a-bfb1-6eb7f447f59a - - - - - -] TaaS: Handle Delete Port: 0c060d70-af0d-4b83-b568-368ae51aeda3
2026-05-09 18:09:07.901 8 INFO neutron_taas.services.taas.tap_mirror_plugin [None req-805d55e9-959e-4f5a-bfb1-6eb7f447f59a - - - - - -] Tap Mirror: Handle Delete Port: 0c060d70-af0d-4b83-b568-368ae51aeda3 [pid: 7|app: 0|req: 1215/2277] 10.0.0.56 () {34 vars in 788 bytes} [Sat May 9 18:09:07 2026] PUT /v2.0/routers/75ddd173-ea5d-4039-af51-41271d14ae09/remove_router_interface => generated 310 bytes in 954 msecs (HTTP/1.1 200) 4 headers in 157 bytes (1 switches on core 0) /var/lib/openstack/lib/python3.12/site-packages/pycadf/identifier.py:70: UserWarning: Invalid uuid: neutron. To ensure interoperability, identifiers should be a valid uuid. warnings.warn(('Invalid uuid: %s. To ensure interoperability, '
2026-05-09 18:09:08.291 7 WARNING neutron.scheduler.dhcp_agent_scheduler [None req-cd0a5396-f330-428d-bd9a-bc4f818d9835 f5b5f314ff77462081def07ba3dc4f81 bc42056008a942008213cc2f25ef11e9 - - default default] No more DHCP agents
2026-05-09 18:09:08.292 7 WARNING neutron.api.rpc.agentnotifiers.dhcp_rpc_agent_api [None req-cd0a5396-f330-428d-bd9a-bc4f818d9835 f5b5f314ff77462081def07ba3dc4f81 bc42056008a942008213cc2f25ef11e9 - - default default] Unable to schedule network 3785ad77-cd6c-41d0-9e65-c61337a60ed8: no agents available; will retry on subsequent port and subnet creation events.
2026-05-09 18:09:08.404 8 INFO neutron_taas.services.taas.taas_plugin [None req-d8fdf76b-c7cb-4e3e-a758-611ed4f16e07 - - - - - -] TaaS: Handle Delete Port: 1a5124c1-baa8-418d-aafb-283251711caf
2026-05-09 18:09:08.407 8 INFO neutron_taas.services.taas.tap_mirror_plugin [None req-d8fdf76b-c7cb-4e3e-a758-611ed4f16e07 - - - - - -] Tap Mirror: Handle Delete Port: 1a5124c1-baa8-418d-aafb-283251711caf
2026-05-09 18:09:08.795 7 INFO neutron.db.ovn_revision_numbers_db [None req-cd0a5396-f330-428d-bd9a-bc4f818d9835 f5b5f314ff77462081def07ba3dc4f81 bc42056008a942008213cc2f25ef11e9 - - default default] Successfully bumped revision number for resource 56d7cba7-af2e-4aa7-bdfa-cf24785013ef (type: ports) to 2
2026-05-09 18:09:08.820 7 INFO neutron.db.ovn_revision_numbers_db [None req-cd0a5396-f330-428d-bd9a-bc4f818d9835 f5b5f314ff77462081def07ba3dc4f81 bc42056008a942008213cc2f25ef11e9 - - default default] Successfully bumped revision number for resource 0903fea9-0e4f-443e-809d-2f9de03b7d04 (type: subnets) to 0 [pid: 7|app: 0|req: 1216/2278] 10.0.0.56 () {34 vars in 668 bytes} [Sat May 9 18:09:08 2026] POST /v2.0/subnets => generated 647 bytes in 733 msecs (HTTP/1.1 201) 4 headers in 162 bytes (1 switches on core 0)
2026-05-09 18:09:09.152 7 INFO neutron_taas.services.taas.taas_plugin [None req-12d59572-590e-4c5b-b7c2-d3c7025baebb 9f7c7c62471241dc81c73e8476f9f557 633cf0a29a0e4cd5b83b113b02332c7c - - default default] TaaS: Handle Delete Port: f07bcecb-e817-47ff-8c84-d41620ccc470
2026-05-09 18:09:09.156 7 INFO neutron_taas.services.taas.tap_mirror_plugin [None req-12d59572-590e-4c5b-b7c2-d3c7025baebb 9f7c7c62471241dc81c73e8476f9f557 633cf0a29a0e4cd5b83b113b02332c7c - - default default] Tap Mirror: Handle Delete Port: f07bcecb-e817-47ff-8c84-d41620ccc470
2026-05-09 18:09:09.227 7 WARNING neutron.plugins.ml2.drivers.ovn.mech_driver.ovsdb.ovn_client [None req-8e131ecf-d6bb-4c12-836f-a28246757e8a - - - - - -] No hosting information found for port 4fa19a2a-bdfd-4e31-9a77-e3b878012d1a: RuntimeError: No hosting information found for port 4fa19a2a-bdfd-4e31-9a77-e3b878012d1a
2026-05-09 18:09:09.275 8 INFO neutron_taas.services.taas.taas_plugin [None req-d8fdf76b-c7cb-4e3e-a758-611ed4f16e07 - - - - - -] TaaS: Handle Delete Port: 84780198-4df5-4b3d-8b2c-480a6c273a5d
2026-05-09 18:09:09.279 8 INFO neutron_taas.services.taas.tap_mirror_plugin [None req-d8fdf76b-c7cb-4e3e-a758-611ed4f16e07 - - - - - -] Tap Mirror: Handle Delete Port: 84780198-4df5-4b3d-8b2c-480a6c273a5d
2026-05-09 18:09:09.379 7 INFO neutron.db.ovn_revision_numbers_db [None req-8e131ecf-d6bb-4c12-836f-a28246757e8a - - - - - -] Successfully bumped revision number for resource 4fa19a2a-bdfd-4e31-9a77-e3b878012d1a (type: router_ports) to 2
2026-05-09 18:09:09.380 7 INFO neutron.plugins.ml2.drivers.ovn.mech_driver.mech_driver [None req-8e131ecf-d6bb-4c12-836f-a28246757e8a - - - - - -] OVN reports status down for port: 1e1f2436-0119-4fe7-84eb-767da51be552
2026-05-09 18:09:09.399 7 INFO neutron.plugins.ml2.drivers.ovn.mech_driver.mech_driver [None req-8e131ecf-d6bb-4c12-836f-a28246757e8a - - - - - -] OVN reports status down for port: 84780198-4df5-4b3d-8b2c-480a6c273a5d
2026-05-09 18:09:09.452 7 INFO neutron.plugins.ml2.drivers.ovn.mech_driver.mech_driver [None req-8e131ecf-d6bb-4c12-836f-a28246757e8a - - - - - -] OVN reports status down for port: 1a5124c1-baa8-418d-aafb-283251711caf
2026-05-09 18:09:09.467 7 INFO neutron.plugins.ml2.drivers.ovn.mech_driver.mech_driver [None req-8e131ecf-d6bb-4c12-836f-a28246757e8a - - - - - -] OVN reports status up for port: 1a5124c1-baa8-418d-aafb-283251711caf
2026-05-09 18:09:09.530 8 INFO neutron.services.segments.plugin [-] Segment 556bbf8d-d3af-44a4-ac4d-0b43a350a569 resource provider aggregate not found
2026-05-09 18:09:09.537 8 INFO neutron.services.segments.plugin [-] Segment 556bbf8d-d3af-44a4-ac4d-0b43a350a569 resource provider aggregate not found
2026-05-09 18:09:09.563 8 INFO neutron.services.segments.plugin [-] Segment 556bbf8d-d3af-44a4-ac4d-0b43a350a569 resource provider not found; error: Placement Client Error (4xx): {"errors": [{"status": 404, "title": "Not Found", "detail": "The resource could not be found.\n\n No resource provider with uuid 556bbf8d-d3af-44a4-ac4d-0b43a350a569 found for delete ", "request_id": "req-2c381ef8-d16b-4209-8867-91e47bda912d"}]}
2026-05-09 18:09:09.573 8 INFO neutron.services.segments.plugin [-] Segment 556bbf8d-d3af-44a4-ac4d-0b43a350a569 resource provider not found; error: Placement Client Error (4xx): {"errors": [{"status": 404, "title": "Not Found", "detail": "The resource could not be found.\n\n No resource provider with uuid 556bbf8d-d3af-44a4-ac4d-0b43a350a569 found for delete ", "request_id": "req-13b0c3ca-a307-4c1c-842e-13779dc5c1ad"}]} [pid: 8|app: 0|req: 1063/2279] 10.0.0.56 () {32 vars in 739 bytes} [Sat May 9 18:09:07 2026] DELETE /v2.0/vpn/vpnservices/3f8c3e8f-bdb8-4089-9d75-cf7220b235f5 => generated 0 bytes in 2247 msecs (HTTP/1.1 204) 2 headers in 112 bytes (1 switches on core 0) /var/lib/openstack/lib/python3.12/site-packages/pycadf/identifier.py:70: UserWarning: Invalid uuid: neutron. To ensure interoperability, identifiers should be a valid uuid. warnings.warn(('Invalid uuid: %s. To ensure interoperability, '
2026-05-09 18:09:09.667 7 INFO neutron.plugins.ml2.drivers.ovn.mech_driver.mech_driver [None req-8e131ecf-d6bb-4c12-836f-a28246757e8a - - - - - -] OVN reports status down for port: 56d7cba7-af2e-4aa7-bdfa-cf24785013ef [pid: 8|app: 0|req: 1064/2280] 10.0.0.56 () {34 vars in 680 bytes} [Sat May 9 18:09:09 2026] POST /v2.0/rbac-policies => generated 324 bytes in 166 msecs (HTTP/1.1 201) 4 headers in 162 bytes (1 switches on core 0) [pid: 7|app: 0|req: 1217/2281] 10.0.0.56 () {32 vars in 723 bytes} [Sat May 9 18:09:08 2026] DELETE /v2.0/routers/75ddd173-ea5d-4039-af51-41271d14ae09 => generated 0 bytes in 1049 msecs (HTTP/1.1 204) 2 headers in 112 bytes (1 switches on core 0) [pid: 8|app: 0|req: 1065/2282] 10.0.0.56 () {32 vars in 720 bytes} [Sat May 9 18:09:09 2026] GET /v2.0/routers/e9e18333-b422-4e7b-a9b7-e2dd1782d6d9 => generated 962 bytes in 150 msecs (HTTP/1.1 200) 4 headers in 157 bytes (1 switches on core 0) [pid: 7|app: 0|req: 1218/2283] 10.0.0.56 () {32 vars in 723 bytes} [Sat May 9 18:09:09 2026] DELETE /v2.0/subnets/014089e6-f16d-4684-98fe-ba2a8167b916 => generated 0 bytes in 163 msecs (HTTP/1.1 204) 3 headers in 131 bytes (1 switches on core 0)
2026-05-09 18:09:10.189 7 INFO neutron_taas.services.taas.taas_plugin [None req-93caa53a-20e8-45d0-9d80-814fe514345b 9f7c7c62471241dc81c73e8476f9f557 633cf0a29a0e4cd5b83b113b02332c7c - - default default] TaaS: Handle Delete Port: 2c8fe233-a719-4be1-96f9-6b756cd309fb
2026-05-09 18:09:10.192 7 INFO neutron_taas.services.taas.tap_mirror_plugin [None req-93caa53a-20e8-45d0-9d80-814fe514345b 9f7c7c62471241dc81c73e8476f9f557 633cf0a29a0e4cd5b83b113b02332c7c - - default default] Tap Mirror: Handle Delete Port: 2c8fe233-a719-4be1-96f9-6b756cd309fb
2026-05-09 18:09:10.381 7 INFO neutron.services.segments.plugin [-] Segment dbf57265-b9ce-4cf3-822b-348b7569c529 resource provider aggregate not found
2026-05-09 18:09:10.384 7 INFO neutron.services.segments.plugin [-] Segment dbf57265-b9ce-4cf3-822b-348b7569c529 resource provider aggregate not found
2026-05-09 18:09:10.405 7 INFO neutron.services.segments.plugin [-] Segment dbf57265-b9ce-4cf3-822b-348b7569c529 resource provider not found; error: Placement Client Error (4xx): {"errors": [{"status": 404, "title": "Not Found", "detail": "The resource could not be found.\n\n No resource provider with uuid dbf57265-b9ce-4cf3-822b-348b7569c529 found for delete ", "request_id": "req-bae13952-9e7d-45ee-8c46-dfed768dbe7f"}]}
2026-05-09 18:09:10.408 7 INFO neutron.services.segments.plugin [-] Segment dbf57265-b9ce-4cf3-822b-348b7569c529 resource provider not found; error: Placement Client Error (4xx): {"errors": [{"status": 404, "title": "Not Found", "detail": "The resource could not be found.\n\n No resource provider with uuid dbf57265-b9ce-4cf3-822b-348b7569c529 found for delete ", "request_id": "req-683b6d34-934e-41eb-9c30-4ecf0977ecd6"}]} [pid: 7|app: 0|req: 1219/2284] 10.0.0.56 () {32 vars in 725 bytes} [Sat May 9 18:09:10 2026] DELETE /v2.0/networks/cfe8dc40-938b-4484-928b-21a54c919b70 => generated 0 bytes in 375 msecs (HTTP/1.1 204) 3 headers in 131 bytes (1 switches on core 0) [pid: 7|app: 0|req: 1220/2285] 10.0.0.56 () {32 vars in 722 bytes} [Sat May 9 18:09:10 2026] GET /v2.0/networks/3785ad77-cd6c-41d0-9e65-c61337a60ed8 => generated 693 bytes in 175 msecs (HTTP/1.1 200) 4 headers in 157 bytes (1 switches on core 0)
2026-05-09 18:09:10.681 8 INFO neutron.db.ovn_revision_numbers_db [None req-093145d7-d421-41ac-b3c7-f55809e53992 d14ccfb435c046e1ab6a22db5b9f7403 501444f6e56d4416bce2833370fc5168 - - default default] Successfully bumped revision number for resource e9e18333-b422-4e7b-a9b7-e2dd1782d6d9 (type: routers) to 5 [pid: 8|app: 0|req: 1066/2286] 10.0.0.56 () {34 vars in 741 bytes} [Sat May 9 18:09:09 2026] PUT /v2.0/routers/e9e18333-b422-4e7b-a9b7-e2dd1782d6d9 => generated 962 bytes in 755 msecs (HTTP/1.1 200) 4 headers in 157 bytes (1 switches on core 0) [pid: 7|app: 0|req: 1221/2287] 10.0.0.56 () {32 vars in 735 bytes} [Sat May 9 18:09:10 2026] GET /v2.0/ports?device_id=e9e18333-b422-4e7b-a9b7-e2dd1782d6d9 => generated 946 bytes in 79 msecs (HTTP/1.1 200) 4 headers in 157 bytes (1 switches on core 0)
2026-05-09 18:09:10.827 7 WARNING neutron.db.securitygroups_db [None req-cadf759f-c8e4-4105-b92e-f736cc979ac2 9f7c7c62471241dc81c73e8476f9f557 633cf0a29a0e4cd5b83b113b02332c7c - - default default] project_id key not found in filters, using tenant_id instead. This support has been deprecated and will be removed in a future release. [pid: 7|app: 0|req: 1222/2288] 10.0.0.56 () {32 vars in 773 bytes} [Sat May 9 18:09:10 2026] GET /v2.0/security-groups?tenant_id=cd82aa01ed984ab1ab42a5b3b4825e9a&name=default => generated 2925 bytes in 32 msecs (HTTP/1.1 200) 4 headers in 158 bytes (1 switches on core 0) [pid: 7|app: 0|req: 1223/2289] 10.0.0.56 () {32 vars in 739 bytes} [Sat May 9 18:09:10 2026] DELETE /v2.0/security-groups/86c02d68-aeab-45ea-b609-68c9b8a540bb => generated 0 bytes in 201 msecs (HTTP/1.1 204) 2 headers in 112 bytes (1 switches on core 0)
2026-05-09 18:09:11.159 8 INFO neutron_taas.services.taas.taas_plugin [None req-236bf763-5891-49d6-ab35-795b9173872f d14ccfb435c046e1ab6a22db5b9f7403 501444f6e56d4416bce2833370fc5168 - - default default] TaaS: Handle Delete Port: 4fa19a2a-bdfd-4e31-9a77-e3b878012d1a
2026-05-09 18:09:11.163 8 INFO neutron_taas.services.taas.tap_mirror_plugin [None req-236bf763-5891-49d6-ab35-795b9173872f d14ccfb435c046e1ab6a22db5b9f7403 501444f6e56d4416bce2833370fc5168 - - default default] Tap Mirror: Handle Delete Port: 4fa19a2a-bdfd-4e31-9a77-e3b878012d1a
2026-05-09 18:09:11.174 7 INFO neutron.pecan_wsgi.hooks.translation [None req-b2765465-da84-4d28-8609-d22d6eead308 f4cf7e3026e94c9691bfd33581c5f963 5738e5730f5944989f6271e04ac1fcea - - default default] GET failed (client error): The resource could not be found. [pid: 7|app: 0|req: 1224/2290] 10.0.0.56 () {32 vars in 722 bytes} [Sat May 9 18:09:11 2026] GET /v2.0/networks/3785ad77-cd6c-41d0-9e65-c61337a60ed8 => generated 138 bytes in 118 msecs (HTTP/1.1 404) 4 headers in 164 bytes (1 switches on core 0)
2026-05-09 18:09:11.320 7 INFO neutron_taas.services.taas.taas_plugin [None req-a5a26206-2a35-49a3-98d6-e8aa2450c097 f5b5f314ff77462081def07ba3dc4f81 bc42056008a942008213cc2f25ef11e9 - - default default] TaaS: Handle Delete Port: 56d7cba7-af2e-4aa7-bdfa-cf24785013ef
2026-05-09 18:09:11.323 7 INFO neutron_taas.services.taas.tap_mirror_plugin [None req-a5a26206-2a35-49a3-98d6-e8aa2450c097 f5b5f314ff77462081def07ba3dc4f81 bc42056008a942008213cc2f25ef11e9 - - default default] Tap Mirror: Handle Delete Port: 56d7cba7-af2e-4aa7-bdfa-cf24785013ef [pid: 7|app: 0|req: 1225/2291] 10.0.0.56 () {32 vars in 725 bytes} [Sat May 9 18:09:11 2026] DELETE /v2.0/networks/3785ad77-cd6c-41d0-9e65-c61337a60ed8 => generated 0 bytes in 475 msecs (HTTP/1.1 204) 3 headers in 131 bytes (1 switches on core 0)
2026-05-09 18:09:11.659 7 WARNING neutron.db.securitygroups_db [None req-a12b7546-0b29-4cb9-a64a-6f2f1a0cb227 9f7c7c62471241dc81c73e8476f9f557 633cf0a29a0e4cd5b83b113b02332c7c - - default default] project_id key not found in filters, using tenant_id instead. This support has been deprecated and will be removed in a future release. [pid: 7|app: 0|req: 1226/2292] 10.0.0.56 () {32 vars in 773 bytes} [Sat May 9 18:09:11 2026] GET /v2.0/security-groups?tenant_id=0aabe76027c34339b9f0fcde99d2a4a8&name=default => generated 2925 bytes in 28 msecs (HTTP/1.1 200) 4 headers in 158 bytes (1 switches on core 0)
2026-05-09 18:09:11.695 7 INFO neutron.pecan_wsgi.hooks.translation [None req-1ff30d0c-91ca-4218-9c07-3a644a1f03a8 f5b5f314ff77462081def07ba3dc4f81 bc42056008a942008213cc2f25ef11e9 - - default default] DELETE failed (client error): The resource could not be found. [pid: 7|app: 0|req: 1227/2293] 10.0.0.56 () {32 vars in 723 bytes} [Sat May 9 18:09:11 2026] DELETE /v2.0/subnets/73b47beb-8fc2-43e0-996a-1806d19b6bba => generated 136 bytes in 14 msecs (HTTP/1.1 404) 4 headers in 164 bytes (1 switches on core 0) [pid: 8|app: 0|req: 1067/2294] 10.0.0.56 () {34 vars in 788 bytes} [Sat May 9 18:09:10 2026] PUT /v2.0/routers/e9e18333-b422-4e7b-a9b7-e2dd1782d6d9/remove_router_interface => generated 310 bytes in 972 msecs (HTTP/1.1 200) 4 headers in 157 bytes (1 switches on core 0) /var/lib/openstack/lib/python3.12/site-packages/pycadf/identifier.py:70: UserWarning: Invalid uuid: neutron. To ensure interoperability, identifiers should be a valid uuid. warnings.warn(('Invalid uuid: %s. To ensure interoperability, '
2026-05-09 18:09:11.765 8 INFO neutron.pecan_wsgi.hooks.translation [None req-43ca0265-3b33-4a55-aca2-e5aba69321be f5b5f314ff77462081def07ba3dc4f81 bc42056008a942008213cc2f25ef11e9 - - default default] DELETE failed (client error): The resource could not be found. [pid: 8|app: 0|req: 1068/2295] 10.0.0.56 () {32 vars in 723 bytes} [Sat May 9 18:09:11 2026] DELETE /v2.0/subnets/8c35308a-1504-4ff4-9d5e-7768ee74eeea => generated 136 bytes in 16 msecs (HTTP/1.1 404) 4 headers in 164 bytes (1 switches on core 0) [pid: 7|app: 0|req: 1228/2296] 10.0.0.56 () {32 vars in 739 bytes} [Sat May 9 18:09:11 2026] DELETE /v2.0/security-groups/3856c723-23bf-48b0-a250-925c80a830f7 => generated 0 bytes in 178 msecs (HTTP/1.1 204) 2 headers in 112 bytes (1 switches on core 0)
2026-05-09 18:09:11.887 7 INFO neutron.pecan_wsgi.hooks.translation [None req-00076e7d-f458-4549-ae26-6904aad59cd9 f5b5f314ff77462081def07ba3dc4f81 bc42056008a942008213cc2f25ef11e9 - - default default] DELETE failed (client error): The resource could not be found. [pid: 7|app: 0|req: 1229/2297] 10.0.0.56 () {32 vars in 723 bytes} [Sat May 9 18:09:11 2026] DELETE /v2.0/subnets/0903fea9-0e4f-443e-809d-2f9de03b7d04 => generated 136 bytes in 12 msecs (HTTP/1.1 404) 4 headers in 164 bytes (1 switches on core 0)
2026-05-09 18:09:12.102 8 INFO neutron_taas.services.taas.taas_plugin [None req-34d40548-7603-4919-99b5-276c9e2f7e9e d14ccfb435c046e1ab6a22db5b9f7403 501444f6e56d4416bce2833370fc5168 - - default default] TaaS: Handle Delete Port: d087b7fb-6e9a-46a7-9d33-a30d5fdc73d8
2026-05-09 18:09:12.105 8 INFO neutron_taas.services.taas.tap_mirror_plugin [None req-34d40548-7603-4919-99b5-276c9e2f7e9e d14ccfb435c046e1ab6a22db5b9f7403 501444f6e56d4416bce2833370fc5168 - - default default] Tap Mirror: Handle Delete Port: d087b7fb-6e9a-46a7-9d33-a30d5fdc73d8
2026-05-09 18:09:12.429 7 INFO neutron.services.segments.plugin [-] Segment 8aff1e7e-8b6d-4710-830c-53ef0b026142 resource provider aggregate not found
2026-05-09 18:09:12.429 7 INFO neutron.services.segments.plugin [-] Segment 8aff1e7e-8b6d-4710-830c-53ef0b026142 resource provider aggregate not found
2026-05-09 18:09:12.447 7 INFO neutron.services.segments.plugin [-] Segment 8aff1e7e-8b6d-4710-830c-53ef0b026142 resource provider not found; error: Placement Client Error (4xx): {"errors": [{"status": 404, "title": "Not Found", "detail": "The resource could not be found.\n\n No resource provider with uuid 8aff1e7e-8b6d-4710-830c-53ef0b026142 found for delete ", "request_id": "req-e6f0c1ad-6c48-4325-990b-f815e2aeb63c"}]}
2026-05-09 18:09:12.450 7 INFO neutron.services.segments.plugin [-] Segment 8aff1e7e-8b6d-4710-830c-53ef0b026142 resource provider not found; error: Placement Client Error (4xx): {"errors": [{"status": 404, "title": "Not Found", "detail": "The resource could not be found.\n\n No resource provider with uuid 8aff1e7e-8b6d-4710-830c-53ef0b026142 found for delete ", "request_id": "req-0d039fe4-38c8-4a85-91fe-96120a127943"}]} [pid: 8|app: 0|req: 1069/2298] 10.0.0.56 () {32 vars in 723 bytes} [Sat May 9 18:09:11 2026] DELETE /v2.0/routers/e9e18333-b422-4e7b-a9b7-e2dd1782d6d9 => generated 0 bytes in 746 msecs (HTTP/1.1 204) 2 headers in 112 bytes (1 switches on core 0) [pid: 7|app: 0|req: 1230/2299] 10.0.0.56 () {32 vars in 723 bytes} [Sat May 9 18:09:12 2026] DELETE /v2.0/subnets/5c4b046e-727b-450f-b4f1-d7b5f7c9f774 => generated 0 bytes in 228 msecs (HTTP/1.1 204) 3 headers in 131 bytes (1 switches on core 0)
2026-05-09 18:09:12.900 8 INFO neutron_taas.services.taas.taas_plugin [None req-6654e4af-ef3d-4526-b531-0bbbe90b1b6d d14ccfb435c046e1ab6a22db5b9f7403 501444f6e56d4416bce2833370fc5168 - - default default] TaaS: Handle Delete Port: eb807cd6-aac6-4d41-b6c5-ab9bf323d822
2026-05-09 18:09:12.903 8 INFO neutron_taas.services.taas.tap_mirror_plugin [None req-6654e4af-ef3d-4526-b531-0bbbe90b1b6d d14ccfb435c046e1ab6a22db5b9f7403 501444f6e56d4416bce2833370fc5168 - - default default] Tap Mirror: Handle Delete Port: eb807cd6-aac6-4d41-b6c5-ab9bf323d822
2026-05-09 18:09:12.956 7 WARNING neutron.db.securitygroups_db [None req-c3aed484-522d-4352-acbe-b47088c2fe90 9f7c7c62471241dc81c73e8476f9f557 633cf0a29a0e4cd5b83b113b02332c7c - - default default] project_id key not found in filters, using tenant_id instead. This support has been deprecated and will be removed in a future release.
2026-05-09 18:09:13.092 8 INFO neutron.services.segments.plugin [-] Segment 9bb2fd4b-0b61-4a34-b405-28aaf8de723e resource provider aggregate not found
2026-05-09 18:09:13.096 8 INFO neutron.services.segments.plugin [-] Segment 9bb2fd4b-0b61-4a34-b405-28aaf8de723e resource provider aggregate not found
2026-05-09 18:09:13.116 8 INFO neutron.services.segments.plugin [-] Segment 9bb2fd4b-0b61-4a34-b405-28aaf8de723e resource provider not found; error: Placement Client Error (4xx): {"errors": [{"status": 404, "title": "Not Found", "detail": "The resource could not be found.\n\n No resource provider with uuid 9bb2fd4b-0b61-4a34-b405-28aaf8de723e found for delete ", "request_id": "req-b13d4439-e2b6-4fac-82d1-3f1e0fa4df96"}]}
2026-05-09 18:09:13.117 8 INFO neutron.services.segments.plugin [-] Segment 9bb2fd4b-0b61-4a34-b405-28aaf8de723e resource provider not found; error: Placement Client Error (4xx): {"errors": [{"status": 404, "title": "Not Found", "detail": "The resource could not be found.\n\n No resource provider with uuid 9bb2fd4b-0b61-4a34-b405-28aaf8de723e found for delete ", "request_id": "req-733b38ca-6752-406c-ae35-7e08a5be288f"}]}
2026-05-09 18:09:13.122 7 INFO neutron.db.ovn_revision_numbers_db [None req-c3aed484-522d-4352-acbe-b47088c2fe90 9f7c7c62471241dc81c73e8476f9f557 633cf0a29a0e4cd5b83b113b02332c7c - - default default] Successfully bumped revision number for resource 167f395a-dcc1-4c1b-905e-b7ff7c5ab982 (type: security_groups) to 1
2026-05-09 18:09:13.141 7 INFO neutron.db.ovn_revision_numbers_db [None req-c3aed484-522d-4352-acbe-b47088c2fe90 9f7c7c62471241dc81c73e8476f9f557 633cf0a29a0e4cd5b83b113b02332c7c - - default default] Successfully bumped revision number for resource 2eced744-a978-4e9b-a70d-7e16c46e3369 (type: security_group_rules) to 0
2026-05-09 18:09:13.151 7 INFO neutron.db.ovn_revision_numbers_db [None req-c3aed484-522d-4352-acbe-b47088c2fe90 9f7c7c62471241dc81c73e8476f9f557 633cf0a29a0e4cd5b83b113b02332c7c - - default default] Successfully bumped revision number for resource 504edfe6-9502-468d-b01c-334a1be9dbdd (type: security_group_rules) to 0
2026-05-09 18:09:13.163 7 INFO neutron.db.ovn_revision_numbers_db [None req-c3aed484-522d-4352-acbe-b47088c2fe90 9f7c7c62471241dc81c73e8476f9f557 633cf0a29a0e4cd5b83b113b02332c7c - - default default] Successfully bumped revision number for resource 8acc1027-b9d7-44c6-91cc-e9903b9e65f8 (type: security_group_rules) to 0 [pid: 8|app: 0|req: 1070/2300] 10.0.0.56 () {32 vars in 725 bytes} [Sat May 9 18:09:12 2026] DELETE /v2.0/networks/d2a6c779-370a-4fc3-bcaf-6704973e1192 => generated 0 bytes in 412 msecs (HTTP/1.1 204) 3 headers in 131 bytes (1 switches on core 0)
2026-05-09 18:09:13.173 7 INFO neutron.db.ovn_revision_numbers_db [None req-c3aed484-522d-4352-acbe-b47088c2fe90 9f7c7c62471241dc81c73e8476f9f557 633cf0a29a0e4cd5b83b113b02332c7c - - default default] Successfully bumped revision number for resource 90a46ca3-07fc-4f76-80b5-3a0a471641b6 (type: security_group_rules) to 0 [pid: 7|app: 0|req: 1231/2301] 10.0.0.56 () {32 vars in 773 bytes} [Sat May 9 18:09:12 2026] GET /v2.0/security-groups?tenant_id=07d8ee7422684ab6ad34e85a9cc30c35&name=default => generated 2925 bytes in 444 msecs (HTTP/1.1 200) 4 headers in 158 bytes (1 switches on core 0) [pid: 8|app: 0|req: 1071/2302] 10.0.0.56 () {32 vars in 739 bytes} [Sat May 9 18:09:13 2026] DELETE /v2.0/security-groups/167f395a-dcc1-4c1b-905e-b7ff7c5ab982 => generated 0 bytes in 184 msecs (HTTP/1.1 204) 2 headers in 112 bytes (1 switches on core 0)
2026-05-09 18:09:13.559 7 WARNING neutron.db.securitygroups_db [None req-faea10ef-8f01-4ac6-ac8e-493bf15a6962 9f7c7c62471241dc81c73e8476f9f557 633cf0a29a0e4cd5b83b113b02332c7c - - default default] project_id key not found in filters, using tenant_id instead. This support has been deprecated and will be removed in a future release.
2026-05-09 18:09:13.668 7 INFO neutron.db.ovn_revision_numbers_db [None req-faea10ef-8f01-4ac6-ac8e-493bf15a6962 9f7c7c62471241dc81c73e8476f9f557 633cf0a29a0e4cd5b83b113b02332c7c - - default default] Successfully bumped revision number for resource 8d248cd1-8ec6-493e-a07d-124f93288c4e (type: security_groups) to 1
2026-05-09 18:09:13.679 7 INFO neutron.db.ovn_revision_numbers_db [None req-faea10ef-8f01-4ac6-ac8e-493bf15a6962 9f7c7c62471241dc81c73e8476f9f557 633cf0a29a0e4cd5b83b113b02332c7c - - default default] Successfully bumped revision number for resource 4b56d0c4-ca31-4781-831b-2cc1cb28aa82 (type: security_group_rules) to 0
2026-05-09 18:09:13.690 7 INFO neutron.db.ovn_revision_numbers_db [None req-faea10ef-8f01-4ac6-ac8e-493bf15a6962 9f7c7c62471241dc81c73e8476f9f557 633cf0a29a0e4cd5b83b113b02332c7c - - default default] Successfully bumped revision number for resource 84956c9a-763e-4a81-9b94-a6286c6c0006 (type: security_group_rules) to 0
2026-05-09 18:09:13.700 7 INFO neutron.db.ovn_revision_numbers_db [None req-faea10ef-8f01-4ac6-ac8e-493bf15a6962 9f7c7c62471241dc81c73e8476f9f557 633cf0a29a0e4cd5b83b113b02332c7c - - default default] Successfully bumped revision number for resource ca5414b9-8fd6-4b56-9329-1aa72b3ef49d (type: security_group_rules) to 0
2026-05-09 18:09:13.711 7 INFO neutron.db.ovn_revision_numbers_db [None req-faea10ef-8f01-4ac6-ac8e-493bf15a6962 9f7c7c62471241dc81c73e8476f9f557 633cf0a29a0e4cd5b83b113b02332c7c - - default default] Successfully bumped revision number for resource d6bc995e-d3ff-4dbb-b0ff-2edab642cdc0 (type: security_group_rules) to 0 [pid: 7|app: 0|req: 1232/2303] 10.0.0.56 () {32 vars in 773 bytes} [Sat May 9 18:09:13 2026] GET /v2.0/security-groups?tenant_id=5738e5730f5944989f6271e04ac1fcea&name=default => generated 2925 bytes in 191 msecs (HTTP/1.1 200) 4 headers in 158 bytes (1 switches on core 0) [pid: 8|app: 0|req: 1072/2304] 10.0.0.56 () {32 vars in 739 bytes} [Sat May 9 18:09:13 2026] DELETE /v2.0/security-groups/8d248cd1-8ec6-493e-a07d-124f93288c4e => generated 0 bytes in 186 msecs (HTTP/1.1 204) 2 headers in 112 bytes (1 switches on core 0)
2026-05-09 18:09:13.973 7 WARNING neutron.db.securitygroups_db [None req-3efc2464-e3f0-4218-9f34-cde35c6ffc94 9f7c7c62471241dc81c73e8476f9f557 633cf0a29a0e4cd5b83b113b02332c7c - - default default] project_id key not found in filters, using tenant_id instead. This support has been deprecated and will be removed in a future release. [pid: 7|app: 0|req: 1233/2305] 10.0.0.56 () {32 vars in 773 bytes} [Sat May 9 18:09:13 2026] GET /v2.0/security-groups?tenant_id=501444f6e56d4416bce2833370fc5168&name=default => generated 2925 bytes in 238 msecs (HTTP/1.1 200) 4 headers in 158 bytes (1 switches on core 0)
2026-05-09 18:09:14.053 7 WARNING neutron.db.securitygroups_db [None req-b8360ec2-e017-443d-905b-5c1b2f948497 9f7c7c62471241dc81c73e8476f9f557 633cf0a29a0e4cd5b83b113b02332c7c - - default default] project_id key not found in filters, using tenant_id instead. This support has been deprecated and will be removed in a future release. [pid: 7|app: 0|req: 1234/2306] 10.0.0.56 () {32 vars in 773 bytes} [Sat May 9 18:09:14 2026] GET /v2.0/security-groups?tenant_id=bc42056008a942008213cc2f25ef11e9&name=default => generated 2925 bytes in 35 msecs (HTTP/1.1 200) 4 headers in 158 bytes (1 switches on core 0) [pid: 8|app: 0|req: 1073/2307] 10.0.0.56 () {32 vars in 739 bytes} [Sat May 9 18:09:14 2026] DELETE /v2.0/security-groups/37cca8b9-f9ad-4dfd-a0cd-879df8fb7ff8 => generated 0 bytes in 224 msecs (HTTP/1.1 204) 2 headers in 112 bytes (1 switches on core 0) [pid: 7|app: 0|req: 1235/2308] 10.0.0.56 () {32 vars in 739 bytes} [Sat May 9 18:09:14 2026] DELETE /v2.0/security-groups/28b1473f-d101-4974-b90c-b6a37b5c5359 => generated 0 bytes in 172 msecs (HTTP/1.1 204) 2 headers in 112 bytes (1 switches on core 0)
2026-05-09 18:09:14.358 8 WARNING neutron.db.securitygroups_db [None req-1078a4bd-f4c2-4dff-80b5-8c43606238c6 9f7c7c62471241dc81c73e8476f9f557 633cf0a29a0e4cd5b83b113b02332c7c - - default default] project_id key not found in filters, using tenant_id instead. This support has been deprecated and will be removed in a future release.
2026-05-09 18:09:14.497 8 INFO neutron.db.ovn_revision_numbers_db [None req-1078a4bd-f4c2-4dff-80b5-8c43606238c6 9f7c7c62471241dc81c73e8476f9f557 633cf0a29a0e4cd5b83b113b02332c7c - - default default] Successfully bumped revision number for resource 15fe9c56-ecca-4487-88be-7c3a7b0b451d (type: security_groups) to 1
2026-05-09 18:09:14.508 8 INFO neutron.db.ovn_revision_numbers_db [None req-1078a4bd-f4c2-4dff-80b5-8c43606238c6 9f7c7c62471241dc81c73e8476f9f557 633cf0a29a0e4cd5b83b113b02332c7c - - default default] Successfully bumped revision number for resource 11c32729-dd79-4b30-be53-eea6e95af229 (type: security_group_rules) to 0
2026-05-09 18:09:14.519 8 INFO neutron.db.ovn_revision_numbers_db [None req-1078a4bd-f4c2-4dff-80b5-8c43606238c6 9f7c7c62471241dc81c73e8476f9f557 633cf0a29a0e4cd5b83b113b02332c7c - - default default] Successfully bumped revision number for resource 43e00655-4184-42d5-b081-95c46e2d732b (type: security_group_rules) to 0
2026-05-09 18:09:14.531 8 INFO neutron.db.ovn_revision_numbers_db [None req-1078a4bd-f4c2-4dff-80b5-8c43606238c6 9f7c7c62471241dc81c73e8476f9f557 633cf0a29a0e4cd5b83b113b02332c7c - - default default] Successfully bumped revision number for resource 44289f0d-6e0f-4dd6-9a8b-63d7316ba5c2 (type: security_group_rules) to 0
2026-05-09 18:09:14.545 8 INFO neutron.db.ovn_revision_numbers_db [None req-1078a4bd-f4c2-4dff-80b5-8c43606238c6 9f7c7c62471241dc81c73e8476f9f557 633cf0a29a0e4cd5b83b113b02332c7c - - default default] Successfully bumped revision number for resource 903a7cf3-b3fe-4ebf-be0e-6a08f5a4361c (type: security_group_rules) to 0 [pid: 8|app: 0|req: 1074/2309] 10.0.0.56 () {32 vars in 773 bytes} [Sat May 9 18:09:14 2026] GET /v2.0/security-groups?tenant_id=f37c52a245f44fa395c33d08b1cc4426&name=default => generated 2925 bytes in 241 msecs (HTTP/1.1 200) 4 headers in 158 bytes (1 switches on core 0) [pid: 7|app: 0|req: 1236/2310] 10.0.0.56 () {32 vars in 739 bytes} [Sat May 9 18:09:14 2026] DELETE /v2.0/security-groups/15fe9c56-ecca-4487-88be-7c3a7b0b451d => generated 0 bytes in 174 msecs (HTTP/1.1 204) 2 headers in 112 bytes (1 switches on core 0) [pid: 8|app: 0|req: 1075/2311] 10.0.0.56 () {34 vars in 677 bytes} [Sat May 9 18:09:16 2026] POST /v2.0/qos/policies => generated 359 bytes in 235 msecs (HTTP/1.1 201) 4 headers in 162 bytes (1 switches on core 0) [pid: 7|app: 0|req: 1237/2312] 10.0.0.56 () {34 vars in 677 bytes} [Sat May 9 18:09:16 2026] POST /v2.0/qos/policies => generated 359 bytes in 52 msecs (HTTP/1.1 201) 4 headers in 162 bytes (1 switches on core 0) [pid: 8|app: 0|req: 1076/2313] 10.0.0.56 () {34 vars in 677 bytes} [Sat May 9 18:09:16 2026] POST /v2.0/qos/policies => generated 359 bytes in 46 msecs (HTTP/1.1 201) 4 headers in 162 bytes (1 switches on core 0) [pid: 8|app: 0|req: 1077/2314] 10.0.0.56 () {34 vars in 677 bytes} [Sat May 9 18:09:16 2026] POST /v2.0/qos/policies => generated 359 bytes in 33 msecs (HTTP/1.1 201) 4 headers in 162 bytes (1 switches on core 0) [pid: 8|app: 0|req: 1078/2315] 10.0.0.56 () {34 vars in 677 bytes} [Sat May 9 18:09:16 2026] POST /v2.0/qos/policies => generated 359 bytes in 35 msecs (HTTP/1.1 201) 4 headers in 162 bytes (1 switches on core 0)
2026-05-09 18:09:16.902 8 WARNING tagging [None req-8d82a96a-be68-4c44-b533-79a69b74a329 9129d765ed19472a9b7d11c2837f08c6 6304746b779b44f084934228b8ee5778 - - default default] project_id key not found in request, using tenant_id instead. This support has been deprecated and will be removed in a future release. [pid: 8|app: 0|req: 1079/2316] 10.0.0.56 () {34 vars in 752 bytes} [Sat May 9 18:09:16 2026] PUT /v2.0/policies/452ccb06-64bd-4d29-9864-2de8090f49b8/tags => generated 17 bytes in 44 msecs (HTTP/1.1 200) 4 headers in 156 bytes (1 switches on core 0)
2026-05-09 18:09:16.949 8 WARNING tagging [None req-9df751a4-6e2d-41da-87af-b61311892b35 9129d765ed19472a9b7d11c2837f08c6 6304746b779b44f084934228b8ee5778 - - default default] project_id key not found in request, using tenant_id instead. This support has been deprecated and will be removed in a future release. [pid: 8|app: 0|req: 1080/2317] 10.0.0.56 () {34 vars in 752 bytes} [Sat May 9 18:09:16 2026] PUT /v2.0/policies/183361c2-bcb4-4f16-a301-603139364544/tags => generated 25 bytes in 46 msecs (HTTP/1.1 200) 4 headers in 156 bytes (1 switches on core 0)
2026-05-09 18:09:16.987 7 WARNING neutron.db.securitygroups_db [None req-e3e9f438-0c72-452c-b660-4d65950f0d4c 9f7c7c62471241dc81c73e8476f9f557 633cf0a29a0e4cd5b83b113b02332c7c - - default default] project_id key not found in filters, using tenant_id instead. This support has been deprecated and will be removed in a future release.
2026-05-09 18:09:17.012 8 WARNING tagging [None req-1297db7c-a15f-4649-90e2-7e6598ae0f87 9129d765ed19472a9b7d11c2837f08c6 6304746b779b44f084934228b8ee5778 - - default default] project_id key not found in request, using tenant_id instead. This support has been deprecated and will be removed in a future release. [pid: 8|app: 0|req: 1081/2318] 10.0.0.56 () {34 vars in 752 bytes} [Sat May 9 18:09:16 2026] PUT /v2.0/policies/42acba9d-0c34-4dd5-910d-5176761ac774/tags => generated 34 bytes in 57 msecs (HTTP/1.1 200) 4 headers in 156 bytes (1 switches on core 0)
2026-05-09 18:09:17.070 8 WARNING tagging [None req-98cf47cd-2bde-47d0-af6b-a75fa4156862 9129d765ed19472a9b7d11c2837f08c6 6304746b779b44f084934228b8ee5778 - - default default] project_id key not found in request, using tenant_id instead. This support has been deprecated and will be removed in a future release. [pid: 8|app: 0|req: 1082/2319] 10.0.0.56 () {34 vars in 752 bytes} [Sat May 9 18:09:17 2026] PUT /v2.0/policies/2ab76135-ebcd-4e3c-816c-d9f3762a2e2f/tags => generated 19 bytes in 43 msecs (HTTP/1.1 200) 4 headers in 156 bytes (1 switches on core 0)
2026-05-09 18:09:17.142 7 INFO neutron.db.ovn_revision_numbers_db [None req-e3e9f438-0c72-452c-b660-4d65950f0d4c 9f7c7c62471241dc81c73e8476f9f557 633cf0a29a0e4cd5b83b113b02332c7c - - default default] Successfully bumped revision number for resource bf268b11-8579-4271-b1c9-cf2b6f830adb (type: security_groups) to 1
2026-05-09 18:09:17.160 7 INFO neutron.db.ovn_revision_numbers_db [None req-e3e9f438-0c72-452c-b660-4d65950f0d4c 9f7c7c62471241dc81c73e8476f9f557 633cf0a29a0e4cd5b83b113b02332c7c - - default default] Successfully bumped revision number for resource 8f13a520-b060-4254-9efe-d8cb6fc80ca1 (type: security_group_rules) to 0
2026-05-09 18:09:17.176 7 INFO neutron.db.ovn_revision_numbers_db [None req-e3e9f438-0c72-452c-b660-4d65950f0d4c 9f7c7c62471241dc81c73e8476f9f557 633cf0a29a0e4cd5b83b113b02332c7c - - default default] Successfully bumped revision number for resource aff97bb7-fb46-4134-a519-d956e23ffc3d (type: security_group_rules) to 0
2026-05-09 18:09:17.188 7 INFO neutron.db.ovn_revision_numbers_db [None req-e3e9f438-0c72-452c-b660-4d65950f0d4c 9f7c7c62471241dc81c73e8476f9f557 633cf0a29a0e4cd5b83b113b02332c7c - - default default] Successfully bumped revision number for resource bf5b37db-95d1-4332-a196-18ff13c9159d (type: security_group_rules) to 0
2026-05-09 18:09:17.202 7 INFO neutron.db.ovn_revision_numbers_db [None req-e3e9f438-0c72-452c-b660-4d65950f0d4c 9f7c7c62471241dc81c73e8476f9f557 633cf0a29a0e4cd5b83b113b02332c7c - - default default] Successfully bumped revision number for resource e5e94bee-2a47-4997-b7aa-26a4d1de1eae (type: security_group_rules) to 0 [pid: 7|app: 0|req: 1238/2320] 10.0.0.56 () {32 vars in 773 bytes} [Sat May 9 18:09:16 2026] GET /v2.0/security-groups?tenant_id=8c5fe9aa2e0a472796e60e81b9ba2a7e&name=default => generated 2925 bytes in 452 msecs (HTTP/1.1 200) 4 headers in 158 bytes (1 switches on core 0) [pid: 8|app: 0|req: 1083/2321] 10.0.0.56 () {32 vars in 739 bytes} [Sat May 9 18:09:17 2026] DELETE /v2.0/security-groups/bf268b11-8579-4271-b1c9-cf2b6f830adb => generated 0 bytes in 201 msecs (HTTP/1.1 204) 2 headers in 112 bytes (1 switches on core 0) [pid: 7|app: 0|req: 1239/2322] 10.0.0.56 () {32 vars in 673 bytes} [Sat May 9 18:09:17 2026] GET /v2.0/qos/policies?tags=red => generated 1101 bytes in 243 msecs (HTTP/1.1 200) 4 headers in 158 bytes (1 switches on core 0) [pid: 8|app: 0|req: 1084/2323] 10.0.0.56 () {32 vars in 687 bytes} [Sat May 9 18:09:17 2026] GET /v2.0/qos/policies?tags=red%2Cblue => generated 747 bytes in 55 msecs (HTTP/1.1 200) 4 headers in 157 bytes (1 switches on core 0) [pid: 7|app: 0|req: 1240/2324] 10.0.0.56 () {32 vars in 683 bytes} [Sat May 9 18:09:17 2026] GET /v2.0/qos/policies?tags-any=blue => generated 747 bytes in 56 msecs (HTTP/1.1 200) 4 headers in 157 bytes (1 switches on core 0) [pid: 8|app: 0|req: 1085/2325] 10.0.0.56 () {32 vars in 695 bytes} [Sat May 9 18:09:17 2026] GET /v2.0/qos/policies?tags-any=red%2Cblue => generated 1101 bytes in 62 msecs (HTTP/1.1 200) 4 headers in 158 bytes (1 switches on core 0) [pid: 7|app: 0|req: 1241/2326] 10.0.0.56 () {32 vars in 681 bytes} [Sat May 9 18:09:17 2026] GET /v2.0/qos/policies?not-tags=red => generated 719 bytes in 56 msecs (HTTP/1.1 200) 4 headers in 157 bytes (1 switches on core 0) [pid: 8|app: 0|req: 1086/2327] 10.0.0.56 () {32 vars in 695 bytes} [Sat May 9 18:09:17 2026] GET /v2.0/qos/policies?not-tags=red%2Cblue => generated 1073 bytes in 70 msecs (HTTP/1.1 200) 4 headers in 158 bytes (1 switches on core 0) [pid: 7|app: 0|req: 1242/2328] 10.0.0.56 () {32 vars in 691 bytes} [Sat May 9 18:09:18 2026] GET /v2.0/qos/policies?not-tags-any=blue => generated 1073 bytes in 88 msecs (HTTP/1.1 200) 4 headers in 158 bytes (1 switches on core 0) [pid: 8|app: 0|req: 1087/2329] 10.0.0.56 () {32 vars in 703 bytes} [Sat May 9 18:09:18 2026] GET /v2.0/qos/policies?not-tags-any=red%2Cblue => generated 719 bytes in 50 msecs (HTTP/1.1 200) 4 headers in 157 bytes (1 switches on core 0) [pid: 7|app: 0|req: 1243/2330] 10.0.0.56 () {32 vars in 733 bytes} [Sat May 9 18:09:18 2026] DELETE /v2.0/qos/policies/452ccb06-64bd-4d29-9864-2de8090f49b8 => generated 0 bytes in 47 msecs (HTTP/1.1 204) 2 headers in 112 bytes (1 switches on core 0) [pid: 8|app: 0|req: 1088/2331] 10.0.0.56 () {32 vars in 733 bytes} [Sat May 9 18:09:18 2026] DELETE /v2.0/qos/policies/183361c2-bcb4-4f16-a301-603139364544 => generated 0 bytes in 73 msecs (HTTP/1.1 204) 2 headers in 112 bytes (1 switches on core 0) [pid: 7|app: 0|req: 1244/2332] 10.0.0.56 () {32 vars in 733 bytes} [Sat May 9 18:09:18 2026] DELETE /v2.0/qos/policies/42acba9d-0c34-4dd5-910d-5176761ac774 => generated 0 bytes in 61 msecs (HTTP/1.1 204) 2 headers in 112 bytes (1 switches on core 0) [pid: 8|app: 0|req: 1089/2333] 10.0.0.56 () {32 vars in 733 bytes} [Sat May 9 18:09:18 2026] DELETE /v2.0/qos/policies/2ab76135-ebcd-4e3c-816c-d9f3762a2e2f => generated 0 bytes in 61 msecs (HTTP/1.1 204) 2 headers in 112 bytes (1 switches on core 0) [pid: 7|app: 0|req: 1245/2334] 10.0.0.56 () {32 vars in 733 bytes} [Sat May 9 18:09:18 2026] DELETE /v2.0/qos/policies/f9ff0e03-292d-42e9-9bc0-1f9d0b6effde => generated 0 bytes in 48 msecs (HTTP/1.1 204) 2 headers in 112 bytes (1 switches on core 0)
2026-05-09 18:09:18.910 8 INFO neutron.db.ovn_revision_numbers_db [None req-31fb4dd3-dc03-4e7f-9b71-bbf562f0664d 605b200a3a424082bd37e0940e9c4198 611b58d7b5bd4ecd83653edfbc25a66e - - default default] Successfully bumped revision number for resource 99f4e643-9e53-4d71-b93b-31f5a6b7e864 (type: security_groups) to 1
2026-05-09 18:09:18.925 8 INFO neutron.db.ovn_revision_numbers_db [None req-31fb4dd3-dc03-4e7f-9b71-bbf562f0664d 605b200a3a424082bd37e0940e9c4198 611b58d7b5bd4ecd83653edfbc25a66e - - default default] Successfully bumped revision number for resource 6a2aa8b5-0f49-4e94-8946-3588b3737d06 (type: security_group_rules) to 0
2026-05-09 18:09:18.939 8 INFO neutron.db.ovn_revision_numbers_db [None req-31fb4dd3-dc03-4e7f-9b71-bbf562f0664d 605b200a3a424082bd37e0940e9c4198 611b58d7b5bd4ecd83653edfbc25a66e - - default default] Successfully bumped revision number for resource af0d6801-24f6-4c2a-b529-012427e024ad (type: security_group_rules) to 0
2026-05-09 18:09:18.952 8 INFO neutron.db.ovn_revision_numbers_db [None req-31fb4dd3-dc03-4e7f-9b71-bbf562f0664d 605b200a3a424082bd37e0940e9c4198 611b58d7b5bd4ecd83653edfbc25a66e - - default default] Successfully bumped revision number for resource e0b6f5a1-f604-41c0-bef1-01038f77c02d (type: security_group_rules) to 0
2026-05-09 18:09:18.965 8 INFO neutron.db.ovn_revision_numbers_db [None req-31fb4dd3-dc03-4e7f-9b71-bbf562f0664d 605b200a3a424082bd37e0940e9c4198 611b58d7b5bd4ecd83653edfbc25a66e - - default default] Successfully bumped revision number for resource ec311186-6fb9-49d2-b54a-3c01058109d0 (type: security_group_rules) to 0
2026-05-09 18:09:19.036 8 INFO neutron.db.segments_db [None req-31fb4dd3-dc03-4e7f-9b71-bbf562f0664d 605b200a3a424082bd37e0940e9c4198 611b58d7b5bd4ecd83653edfbc25a66e - - default default] Added segment 54dc4f79-3bc8-43b6-8c66-6da329570692 of type geneve for network e5ebdede-a9c9-4b15-bbdd-c143d1da269b
2026-05-09 18:09:19.150 8 INFO neutron.db.ovn_revision_numbers_db [None req-31fb4dd3-dc03-4e7f-9b71-bbf562f0664d 605b200a3a424082bd37e0940e9c4198 611b58d7b5bd4ecd83653edfbc25a66e - - default default] Successfully bumped revision number for resource e5ebdede-a9c9-4b15-bbdd-c143d1da269b (type: networks) to 1
2026-05-09 18:09:19.323 8 WARNING neutron.scheduler.dhcp_agent_scheduler [None req-31fb4dd3-dc03-4e7f-9b71-bbf562f0664d 605b200a3a424082bd37e0940e9c4198 611b58d7b5bd4ecd83653edfbc25a66e - - default default] No more DHCP agents
2026-05-09 18:09:19.325 8 WARNING neutron.api.rpc.agentnotifiers.dhcp_rpc_agent_api [None req-31fb4dd3-dc03-4e7f-9b71-bbf562f0664d 605b200a3a424082bd37e0940e9c4198 611b58d7b5bd4ecd83653edfbc25a66e - - default default] Unable to schedule network e5ebdede-a9c9-4b15-bbdd-c143d1da269b: no agents available; will retry on subsequent port and subnet creation events.
2026-05-09 18:09:19.371 7 WARNING neutron.db.securitygroups_db [None req-3fb62ade-96ba-4a60-892b-f790ad301dcb 9f7c7c62471241dc81c73e8476f9f557 633cf0a29a0e4cd5b83b113b02332c7c - - default default] project_id key not found in filters, using tenant_id instead. This support has been deprecated and will be removed in a future release.
2026-05-09 18:09:19.377 7 INFO neutron.plugins.ml2.drivers.ovn.mech_driver.mech_driver [None req-8e131ecf-d6bb-4c12-836f-a28246757e8a - - - - - -] OVN reports status down for port: 0671fb0f-42cf-4441-bdb7-1f59e4eac72a
2026-05-09 18:09:19.410 8 INFO neutron.db.ovn_revision_numbers_db [None req-31fb4dd3-dc03-4e7f-9b71-bbf562f0664d 605b200a3a424082bd37e0940e9c4198 611b58d7b5bd4ecd83653edfbc25a66e - - default default] Successfully bumped revision number for resource 0671fb0f-42cf-4441-bdb7-1f59e4eac72a (type: ports) to 1 [pid: 8|app: 0|req: 1090/2335] 10.0.0.56 () {34 vars in 669 bytes} [Sat May 9 18:09:18 2026] POST /v2.0/networks => generated 669 bytes in 864 msecs (HTTP/1.1 201) 4 headers in 162 bytes (1 switches on core 0)
2026-05-09 18:09:19.546 8 INFO neutron.db.segments_db [None req-647e80d3-ca75-4c65-8a72-5bfb5cc4c635 605b200a3a424082bd37e0940e9c4198 611b58d7b5bd4ecd83653edfbc25a66e - - default default] Added segment 50ea7d23-0223-4664-a919-a95c574f1c1b of type geneve for network 6f27b9a7-726c-454d-a8d6-262fa8d76edc
