2026-05-09 18:07:45.681 8 INFO neutron.plugins.ml2.plugin [None req-c67491eb-ed6d-4ede-a9de-d38d4d2cbce8 - - - - - -] Attempt 1 to provision port a1f93f6e-98cb-4cfa-a185-ff83de257c2b [pid: 7|app: 0|req: 921/1719] 10.0.0.56 () {32 vars in 642 bytes} [Sat May 9 18:07:45 2026] GET /v2.0/ports => generated 1523 bytes in 96 msecs (HTTP/1.1 200) 4 headers in 158 bytes (1 switches on core 0) [pid: 7|app: 0|req: 922/1720] 10.0.0.112 () {34 vars in 1040 bytes} [Sat May 9 18:07:45 2026] GET /v2.0/security-groups?id=5508af4b-48d3-45f6-b641-0c98610fdda6&fields=id&fields=name => generated 114 bytes in 25 msecs (HTTP/1.1 200) 4 headers in 157 bytes (1 switches on core 0) [pid: 7|app: 0|req: 923/1721] 10.0.0.56 () {32 vars in 720 bytes} [Sat May 9 18:07:45 2026] GET /v2.0/routers/468af98f-4984-4e67-a3ae-f1923e47fce8 => generated 979 bytes in 59 msecs (HTTP/1.1 200) 4 headers in 157 bytes (1 switches on core 0) [pid: 7|app: 0|req: 924/1722] 199.204.45.156 () {34 vars in 1052 bytes} [Sat May 9 18:07:45 2026] GET /v2.0/ports?network_id=f13ebb73-9238-422b-839d-c92f5c0dda30&device_owner=network%3Adhcp => generated 12 bytes in 22 msecs (HTTP/1.1 200) 4 headers in 156 bytes (1 switches on core 0) [pid: 8|app: 0|req: 799/1723] 10.0.0.56 () {32 vars in 725 bytes} [Sat May 9 18:07:45 2026] DELETE /v2.0/networks/abae9c61-8a92-4c75-afe3-a4440103ab49 => generated 0 bytes in 572 msecs (HTTP/1.1 204) 3 headers in 131 bytes (1 switches on core 0)
2026-05-09 18:07:45.891 7 INFO neutron.db.segments_db [None req-0345a784-0112-4afd-ae76-d3c8691e9564 d6ed19e262744feeb7f6fe16551cdf83 6769d668d8af4fb0b4bf5f83ecd95608 - - default default] Added segment d03876e6-60d1-4abf-9c3e-38a02e7b8d59 of type geneve for network 90287009-2e19-4881-8d34-b93817e400f4 [pid: 8|app: 0|req: 800/1724] 10.0.0.56 () {32 vars in 646 bytes} [Sat May 9 18:07:45 2026] GET /v2.0/routers => generated 982 bytes in 84 msecs (HTTP/1.1 200) 4 headers in 157 bytes (1 switches on core 0) [pid: 8|app: 0|req: 801/1725] 199.204.45.156 () {34 vars in 1012 bytes} [Sat May 9 18:07:45 2026] GET /v2.0/networks/f13ebb73-9238-422b-839d-c92f5c0dda30?fields=segments => generated 14 bytes in 37 msecs (HTTP/1.1 200) 4 headers in 156 bytes (1 switches on core 0)
2026-05-09 18:07:46.005 7 INFO neutron.db.ovn_revision_numbers_db [None req-0345a784-0112-4afd-ae76-d3c8691e9564 d6ed19e262744feeb7f6fe16551cdf83 6769d668d8af4fb0b4bf5f83ecd95608 - - default default] Successfully bumped revision number for resource 90287009-2e19-4881-8d34-b93817e400f4 (type: networks) to 1
2026-05-09 18:07:46.160 7 WARNING neutron.scheduler.dhcp_agent_scheduler [None req-0345a784-0112-4afd-ae76-d3c8691e9564 d6ed19e262744feeb7f6fe16551cdf83 6769d668d8af4fb0b4bf5f83ecd95608 - - default default] No more DHCP agents
2026-05-09 18:07:46.162 7 WARNING neutron.api.rpc.agentnotifiers.dhcp_rpc_agent_api [None req-0345a784-0112-4afd-ae76-d3c8691e9564 d6ed19e262744feeb7f6fe16551cdf83 6769d668d8af4fb0b4bf5f83ecd95608 - - default default] Unable to schedule network 90287009-2e19-4881-8d34-b93817e400f4: no agents available; will retry on subsequent port and subnet creation events.
2026-05-09 18:07:46.204 7 INFO neutron.plugins.ml2.drivers.ovn.mech_driver.mech_driver [None req-833fc5cd-0132-4baa-8e28-c2e10bce8818 - - - - - -] OVN reports status down for port: 30e78e0a-217a-4327-ac87-5bed08fe32ed
2026-05-09 18:07:46.220 8 WARNING neutron.scheduler.dhcp_agent_scheduler [None req-10196382-f0ac-46a9-8e01-906df6a7c497 57bf2176c8864059b4cecd09227efb72 95ce133f741e422db03451126a40247e - - default default] No more DHCP agents
2026-05-09 18:07:46.222 8 WARNING neutron.api.rpc.agentnotifiers.dhcp_rpc_agent_api [None req-10196382-f0ac-46a9-8e01-906df6a7c497 57bf2176c8864059b4cecd09227efb72 95ce133f741e422db03451126a40247e - - default default] Unable to schedule network 13a0575d-085b-4320-841f-a0eca1d373b8: no agents available; will retry on subsequent port and subnet creation events.
2026-05-09 18:07:46.295 8 INFO neutron.db.ovn_revision_numbers_db [None req-10196382-f0ac-46a9-8e01-906df6a7c497 57bf2176c8864059b4cecd09227efb72 95ce133f741e422db03451126a40247e - - default default] Successfully bumped revision number for resource 8a7eeda6-f4cb-445d-9bc0-581911b86077 (type: ports) to 1
2026-05-09 18:07:46.298 7 INFO neutron.db.ovn_revision_numbers_db [None req-0345a784-0112-4afd-ae76-d3c8691e9564 d6ed19e262744feeb7f6fe16551cdf83 6769d668d8af4fb0b4bf5f83ecd95608 - - default default] Successfully bumped revision number for resource 30e78e0a-217a-4327-ac87-5bed08fe32ed (type: ports) to 1 [pid: 8|app: 0|req: 802/1726] 10.0.0.56 () {34 vars in 664 bytes} [Sat May 9 18:07:45 2026] POST /v2.0/ports => generated 777 bytes in 379 msecs (HTTP/1.1 201) 4 headers in 162 bytes (1 switches on core 0) /var/lib/openstack/lib/python3.12/site-packages/pycadf/identifier.py:70: UserWarning: Invalid uuid: neutron. To ensure interoperability, identifiers should be a valid uuid. warnings.warn(('Invalid uuid: %s. To ensure interoperability, '
2026-05-09 18:07:46.352 7 INFO neutron.plugins.ml2.drivers.ovn.mech_driver.mech_driver [None req-833fc5cd-0132-4baa-8e28-c2e10bce8818 - - - - - -] OVN reports status down for port: 8a7eeda6-f4cb-445d-9bc0-581911b86077 [pid: 7|app: 0|req: 925/1727] 10.0.0.56 () {34 vars in 669 bytes} [Sat May 9 18:07:45 2026] POST /v2.0/networks => generated 691 bytes in 560 msecs (HTTP/1.1 201) 4 headers in 162 bytes (1 switches on core 0) [pid: 7|app: 0|req: 926/1728] 199.204.45.156 () {34 vars in 1112 bytes} [Sat May 9 18:07:46 2026] GET /v2.0/networks/f13ebb73-9238-422b-839d-c92f5c0dda30?fields=provider%3Aphysical_network&fields=provider%3Anetwork_type => generated 79 bytes in 66 msecs (HTTP/1.1 200) 4 headers in 156 bytes (1 switches on core 0)
2026-05-09 18:07:46.646 7 INFO neutron.plugins.ml2.drivers.ovn.mech_driver.mech_driver [None req-833fc5cd-0132-4baa-8e28-c2e10bce8818 - - - - - -] OVN reports status down for port: 8a7eeda6-f4cb-445d-9bc0-581911b86077
2026-05-09 18:07:46.724 7 INFO neutron.db.ovn_revision_numbers_db [None req-8c83f0d7-808f-413d-9846-83a2440b6c0b 57bf2176c8864059b4cecd09227efb72 95ce133f741e422db03451126a40247e - - default default] Successfully bumped revision number for resource 8a7eeda6-f4cb-445d-9bc0-581911b86077 (type: ports) to 2 [pid: 7|app: 0|req: 927/1729] 10.0.0.56 () {34 vars in 736 bytes} [Sat May 9 18:07:46 2026] PUT /v2.0/ports/8a7eeda6-f4cb-445d-9bc0-581911b86077 => generated 752 bytes in 332 msecs (HTTP/1.1 200) 4 headers in 157 bytes (1 switches on core 0) /var/lib/openstack/lib/python3.12/site-packages/pycadf/identifier.py:70: UserWarning: Invalid uuid: neutron. To ensure interoperability, identifiers should be a valid uuid. warnings.warn(('Invalid uuid: %s. To ensure interoperability, '
2026-05-09 18:07:46.770 8 INFO neutron.db.ovn_revision_numbers_db [None req-5f33d56d-ef3b-41b5-955e-e4fc3f0ed6b4 75cfe72f8c794c3582d5018151b4aa0f c08b84c526ae4023953f4e184e036f10 - - default default] Successfully bumped revision number for resource 468af98f-4984-4e67-a3ae-f1923e47fce8 (type: routers) to 3 [pid: 8|app: 0|req: 803/1730] 10.0.0.56 () {34 vars in 740 bytes} [Sat May 9 18:07:46 2026] PUT /v2.0/routers/468af98f-4984-4e67-a3ae-f1923e47fce8 => generated 986 bytes in 433 msecs (HTTP/1.1 200) 4 headers in 157 bytes (1 switches on core 0)
2026-05-09 18:07:46.840 7 INFO neutron.db.segments_db [None req-f79c9663-32c1-4efd-9815-5586ecebc274 d6ed19e262744feeb7f6fe16551cdf83 6769d668d8af4fb0b4bf5f83ecd95608 - - default default] Added segment ae85f296-695e-47f5-a690-74146d394306 of type geneve for network e569d319-b6df-4c35-8310-ae1809156fa5
2026-05-09 18:07:46.886 8 INFO neutron_taas.services.taas.taas_plugin [None req-ab0ead2c-fba4-4f3d-ad7d-dbfb78353d07 57bf2176c8864059b4cecd09227efb72 95ce133f741e422db03451126a40247e - - default default] TaaS: Handle Delete Port: 8a7eeda6-f4cb-445d-9bc0-581911b86077
2026-05-09 18:07:46.888 8 INFO neutron_taas.services.taas.tap_mirror_plugin [None req-ab0ead2c-fba4-4f3d-ad7d-dbfb78353d07 57bf2176c8864059b4cecd09227efb72 95ce133f741e422db03451126a40247e - - default default] Tap Mirror: Handle Delete Port: 8a7eeda6-f4cb-445d-9bc0-581911b86077
2026-05-09 18:07:46.942 7 INFO neutron.db.ovn_revision_numbers_db [None req-f79c9663-32c1-4efd-9815-5586ecebc274 d6ed19e262744feeb7f6fe16551cdf83 6769d668d8af4fb0b4bf5f83ecd95608 - - default default] Successfully bumped revision number for resource e569d319-b6df-4c35-8310-ae1809156fa5 (type: networks) to 1
2026-05-09 18:07:46.969 8 INFO neutron.services.segments.plugin [-] Segment 85deaf10-6930-413d-8cd2-2bd44a617f93 resource provider aggregate not found
2026-05-09 18:07:46.974 8 INFO neutron.services.segments.plugin [-] Segment 85deaf10-6930-413d-8cd2-2bd44a617f93 resource provider aggregate not found
2026-05-09 18:07:46.990 8 INFO neutron.services.segments.plugin [-] Segment 85deaf10-6930-413d-8cd2-2bd44a617f93 resource provider not found; error: Placement Client Error (4xx): {"errors": [{"status": 404, "title": "Not Found", "detail": "The resource could not be found.\n\n No resource provider with uuid 85deaf10-6930-413d-8cd2-2bd44a617f93 found for delete ", "request_id": "req-c44acec1-8fa5-4da6-b55a-8354ed23ef63"}]}
2026-05-09 18:07:46.994 8 INFO neutron.services.segments.plugin [-] Segment 85deaf10-6930-413d-8cd2-2bd44a617f93 resource provider not found; error: Placement Client Error (4xx): {"errors": [{"status": 404, "title": "Not Found", "detail": "The resource could not be found.\n\n No resource provider with uuid 85deaf10-6930-413d-8cd2-2bd44a617f93 found for delete ", "request_id": "req-fc77003b-5391-4af6-8689-725316e32558"}]} [pid: 8|app: 0|req: 804/1731] 10.0.0.56 () {32 vars in 719 bytes} [Sat May 9 18:07:46 2026] DELETE /v2.0/ports/8a7eeda6-f4cb-445d-9bc0-581911b86077 => generated 0 bytes in 239 msecs (HTTP/1.1 204) 3 headers in 131 bytes (1 switches on core 0) [pid: 8|app: 0|req: 805/1732] 10.0.0.56 () {32 vars in 720 bytes} [Sat May 9 18:07:47 2026] GET /v2.0/routers/468af98f-4984-4e67-a3ae-f1923e47fce8 => generated 986 bytes in 60 msecs (HTTP/1.1 200) 4 headers in 157 bytes (1 switches on core 0)
2026-05-09 18:07:47.106 7 WARNING neutron.scheduler.dhcp_agent_scheduler [None req-f79c9663-32c1-4efd-9815-5586ecebc274 d6ed19e262744feeb7f6fe16551cdf83 6769d668d8af4fb0b4bf5f83ecd95608 - - default default] No more DHCP agents
2026-05-09 18:07:47.108 7 WARNING neutron.api.rpc.agentnotifiers.dhcp_rpc_agent_api [None req-f79c9663-32c1-4efd-9815-5586ecebc274 d6ed19e262744feeb7f6fe16551cdf83 6769d668d8af4fb0b4bf5f83ecd95608 - - default default] Unable to schedule network e569d319-b6df-4c35-8310-ae1809156fa5: no agents available; will retry on subsequent port and subnet creation events.
2026-05-09 18:07:47.143 7 INFO neutron.plugins.ml2.drivers.ovn.mech_driver.mech_driver [None req-833fc5cd-0132-4baa-8e28-c2e10bce8818 - - - - - -] OVN reports status down for port: 7c8ef7d0-61ea-433d-a209-7c86b03437e8 [pid: 8|app: 0|req: 806/1733] 10.0.0.112 () {34 vars in 990 bytes} [Sat May 9 18:07:47 2026] GET /v2.0/ports?device_id=d74ab799-bed1-40bb-a9d4-828974feef48 => generated 969 bytes in 103 msecs (HTTP/1.1 200) 4 headers in 157 bytes (1 switches on core 0)
2026-05-09 18:07:47.196 7 INFO neutron.db.ovn_revision_numbers_db [None req-f79c9663-32c1-4efd-9815-5586ecebc274 d6ed19e262744feeb7f6fe16551cdf83 6769d668d8af4fb0b4bf5f83ecd95608 - - default default] Successfully bumped revision number for resource 7c8ef7d0-61ea-433d-a209-7c86b03437e8 (type: ports) to 1 [pid: 8|app: 0|req: 807/1734] 10.0.0.56 () {32 vars in 642 bytes} [Sat May 9 18:07:47 2026] GET /v2.0/ports => generated 1537 bytes in 44 msecs (HTTP/1.1 200) 4 headers in 158 bytes (1 switches on core 0) [pid: 7|app: 0|req: 928/1735] 10.0.0.56 () {34 vars in 669 bytes} [Sat May 9 18:07:46 2026] POST /v2.0/networks => generated 692 bytes in 467 msecs (HTTP/1.1 201) 4 headers in 162 bytes (1 switches on core 0) [pid: 7|app: 0|req: 929/1736] 10.0.0.112 () {34 vars in 1040 bytes} [Sat May 9 18:07:47 2026] GET /v2.0/security-groups?id=5508af4b-48d3-45f6-b641-0c98610fdda6&fields=id&fields=name => generated 114 bytes in 38 msecs (HTTP/1.1 200) 4 headers in 157 bytes (1 switches on core 0)
2026-05-09 18:07:47.289 7 INFO neutron.pecan_wsgi.hooks.translation [None req-fcb38fa6-8f19-4270-ad47-80fe4423ef08 57bf2176c8864059b4cecd09227efb72 95ce133f741e422db03451126a40247e - - default default] GET failed (client error): The resource could not be found. [pid: 7|app: 0|req: 930/1737] 10.0.0.56 () {32 vars in 716 bytes} [Sat May 9 18:07:47 2026] GET /v2.0/ports/8a7eeda6-f4cb-445d-9bc0-581911b86077 => generated 132 bytes in 26 msecs (HTTP/1.1 404) 4 headers in 164 bytes (1 switches on core 0) [pid: 7|app: 0|req: 931/1738] 10.0.0.56 () {32 vars in 642 bytes} [Sat May 9 18:07:47 2026] GET /v2.0/ports => generated 1537 bytes in 34 msecs (HTTP/1.1 200) 4 headers in 158 bytes (1 switches on core 0) [pid: 7|app: 0|req: 932/1739] 10.0.0.56 () {32 vars in 716 bytes} [Sat May 9 18:07:47 2026] GET /v2.0/ports/f6853498-9a93-4acc-9d92-4ad4439609b9 => generated 778 bytes in 43 msecs (HTTP/1.1 200) 4 headers in 157 bytes (1 switches on core 0)
2026-05-09 18:07:47.408 7 INFO neutron.pecan_wsgi.hooks.translation [None req-46430ffe-10db-46e2-a912-c7b6461c42a0 57bf2176c8864059b4cecd09227efb72 95ce133f741e422db03451126a40247e - - default default] DELETE failed (client error): The resource could not be found. [pid: 7|app: 0|req: 933/1740] 10.0.0.56 () {32 vars in 719 bytes} [Sat May 9 18:07:47 2026] DELETE /v2.0/ports/783b5e3e-e3df-4067-9c6b-dd0cea6ebf11 => generated 132 bytes in 23 msecs (HTTP/1.1 404) 4 headers in 164 bytes (1 switches on core 0)
2026-05-09 18:07:47.428 7 INFO neutron.pecan_wsgi.hooks.translation [None req-0d9bda78-68f6-4cbf-8f05-e25d3984672a 57bf2176c8864059b4cecd09227efb72 95ce133f741e422db03451126a40247e - - default default] DELETE failed (client error): The resource could not be found. [pid: 7|app: 0|req: 934/1741] 10.0.0.56 () {32 vars in 723 bytes} [Sat May 9 18:07:47 2026] DELETE /v2.0/subnets/a3736a9c-814f-4ad2-8e88-5e77720cad68 => generated 136 bytes in 14 msecs (HTTP/1.1 404) 4 headers in 164 bytes (1 switches on core 0)
2026-05-09 18:07:47.448 7 INFO neutron.pecan_wsgi.hooks.translation [None req-b43e6808-19e2-4a86-9100-b27b01e2afae 57bf2176c8864059b4cecd09227efb72 95ce133f741e422db03451126a40247e - - default default] DELETE failed (client error): The resource could not be found. [pid: 7|app: 0|req: 935/1742] 10.0.0.56 () {32 vars in 723 bytes} [Sat May 9 18:07:47 2026] DELETE /v2.0/subnets/7458b09d-fefe-4375-a0ea-b6297856aea5 => generated 136 bytes in 15 msecs (HTTP/1.1 404) 4 headers in 164 bytes (1 switches on core 0)
2026-05-09 18:07:47.568 7 INFO neutron_taas.services.taas.taas_plugin [None req-175b1e04-bae0-458e-a795-32806c6c406d 57bf2176c8864059b4cecd09227efb72 95ce133f741e422db03451126a40247e - - default default] TaaS: Handle Delete Port: f6853498-9a93-4acc-9d92-4ad4439609b9
2026-05-09 18:07:47.571 7 INFO neutron_taas.services.taas.tap_mirror_plugin [None req-175b1e04-bae0-458e-a795-32806c6c406d 57bf2176c8864059b4cecd09227efb72 95ce133f741e422db03451126a40247e - - default default] Tap Mirror: Handle Delete Port: f6853498-9a93-4acc-9d92-4ad4439609b9 [pid: 7|app: 0|req: 936/1743] 10.0.0.56 () {32 vars in 719 bytes} [Sat May 9 18:07:47 2026] DELETE /v2.0/ports/f6853498-9a93-4acc-9d92-4ad4439609b9 => generated 0 bytes in 213 msecs (HTTP/1.1 204) 3 headers in 131 bytes (1 switches on core 0) [pid: 8|app: 0|req: 808/1744] 10.0.0.56 () {32 vars in 735 bytes} [Sat May 9 18:07:47 2026] GET /v2.0/ports?device_id=468af98f-4984-4e67-a3ae-f1923e47fce8 => generated 12 bytes in 539 msecs (HTTP/1.1 200) 4 headers in 156 bytes (1 switches on core 0)
2026-05-09 18:07:47.768 7 INFO neutron_taas.services.taas.taas_plugin [None req-a1fd9728-7dcd-4d5d-ba96-f4858d24f57d 57bf2176c8864059b4cecd09227efb72 95ce133f741e422db03451126a40247e - - default default] TaaS: Handle Delete Port: 0145e7ea-7ceb-4127-8bf8-8c0a9c172b59
2026-05-09 18:07:47.771 7 INFO neutron_taas.services.taas.tap_mirror_plugin [None req-a1fd9728-7dcd-4d5d-ba96-f4858d24f57d 57bf2176c8864059b4cecd09227efb72 95ce133f741e422db03451126a40247e - - default default] Tap Mirror: Handle Delete Port: 0145e7ea-7ceb-4127-8bf8-8c0a9c172b59
2026-05-09 18:07:47.935 7 INFO neutron.services.segments.plugin [-] Segment f00e41d6-8c75-47d6-be2a-3b010cf6fd2b resource provider aggregate not found
2026-05-09 18:07:47.938 7 INFO neutron.services.segments.plugin [-] Segment f00e41d6-8c75-47d6-be2a-3b010cf6fd2b resource provider aggregate not found
2026-05-09 18:07:47.967 7 INFO neutron.services.segments.plugin [-] Segment f00e41d6-8c75-47d6-be2a-3b010cf6fd2b resource provider not found; error: Placement Client Error (4xx): {"errors": [{"status": 404, "title": "Not Found", "detail": "The resource could not be found.\n\n No resource provider with uuid f00e41d6-8c75-47d6-be2a-3b010cf6fd2b found for delete ", "request_id": "req-a2163cf3-06df-4cc4-a4ed-d371ec62e288"}]}
2026-05-09 18:07:47.971 7 INFO neutron.services.segments.plugin [-] Segment f00e41d6-8c75-47d6-be2a-3b010cf6fd2b resource provider not found; error: Placement Client Error (4xx): {"errors": [{"status": 404, "title": "Not Found", "detail": "The resource could not be found.\n\n No resource provider with uuid f00e41d6-8c75-47d6-be2a-3b010cf6fd2b found for delete ", "request_id": "req-dcf8b7d7-47b4-49a7-a8b3-4c6d2ed5c309"}]} [pid: 7|app: 0|req: 937/1745] 10.0.0.56 () {32 vars in 725 bytes} [Sat May 9 18:07:47 2026] DELETE /v2.0/networks/13a0575d-085b-4320-841f-a0eca1d373b8 => generated 0 bytes in 320 msecs (HTTP/1.1 204) 3 headers in 131 bytes (1 switches on core 0)
2026-05-09 18:07:48.109 8 WARNING neutron.scheduler.dhcp_agent_scheduler [None req-3eed5c2c-d763-4142-b270-b022e27f2165 d6ed19e262744feeb7f6fe16551cdf83 6769d668d8af4fb0b4bf5f83ecd95608 - - default default] No more DHCP agents
2026-05-09 18:07:48.111 8 WARNING neutron.api.rpc.agentnotifiers.dhcp_rpc_agent_api [None req-3eed5c2c-d763-4142-b270-b022e27f2165 d6ed19e262744feeb7f6fe16551cdf83 6769d668d8af4fb0b4bf5f83ecd95608 - - default default] Unable to schedule network 90287009-2e19-4881-8d34-b93817e400f4: no agents available; will retry on subsequent port and subnet creation events.
2026-05-09 18:07:48.139 8 INFO neutron.db.ovn_revision_numbers_db [None req-3eed5c2c-d763-4142-b270-b022e27f2165 d6ed19e262744feeb7f6fe16551cdf83 6769d668d8af4fb0b4bf5f83ecd95608 - - default default] Successfully bumped revision number for resource b3294293-5ac0-4594-ab2e-914005e76685 (type: subnets) to 0
2026-05-09 18:07:48.165 8 WARNING neutron.scheduler.dhcp_agent_scheduler [None req-3eed5c2c-d763-4142-b270-b022e27f2165 d6ed19e262744feeb7f6fe16551cdf83 6769d668d8af4fb0b4bf5f83ecd95608 - - default default] No more DHCP agents
2026-05-09 18:07:48.167 8 WARNING neutron.api.rpc.agentnotifiers.dhcp_rpc_agent_api [None req-3eed5c2c-d763-4142-b270-b022e27f2165 d6ed19e262744feeb7f6fe16551cdf83 6769d668d8af4fb0b4bf5f83ecd95608 - - default default] Unable to schedule network e569d319-b6df-4c35-8310-ae1809156fa5: no agents available; will retry on subsequent port and subnet creation events.
2026-05-09 18:07:48.191 8 INFO neutron.db.ovn_revision_numbers_db [None req-3eed5c2c-d763-4142-b270-b022e27f2165 d6ed19e262744feeb7f6fe16551cdf83 6769d668d8af4fb0b4bf5f83ecd95608 - - default default] Successfully bumped revision number for resource 3946d719-ebe5-4503-8c1c-48a081d88e41 (type: subnets) to 0 [pid: 8|app: 0|req: 809/1746] 10.0.0.56 () {34 vars in 668 bytes} [Sat May 9 18:07:47 2026] POST /v2.0/subnets => generated 1324 bytes in 445 msecs (HTTP/1.1 201) 4 headers in 163 bytes (1 switches on core 0) [pid: 8|app: 0|req: 810/1747] 10.0.0.56 () {32 vars in 646 bytes} [Sat May 9 18:07:48 2026] GET /v2.0/subnets => generated 1960 bytes in 38 msecs (HTTP/1.1 200) 4 headers in 158 bytes (1 switches on core 0)
2026-05-09 18:07:48.331 7 INFO neutron_taas.services.taas.taas_plugin [None req-e6a5306a-ae1a-4068-9101-1e363b009136 75cfe72f8c794c3582d5018151b4aa0f c08b84c526ae4023953f4e184e036f10 - - default default] TaaS: Handle Delete Port: a1f93f6e-98cb-4cfa-a185-ff83de257c2b
2026-05-09 18:07:48.336 7 INFO neutron_taas.services.taas.tap_mirror_plugin [None req-e6a5306a-ae1a-4068-9101-1e363b009136 75cfe72f8c794c3582d5018151b4aa0f c08b84c526ae4023953f4e184e036f10 - - default default] Tap Mirror: Handle Delete Port: a1f93f6e-98cb-4cfa-a185-ff83de257c2b [pid: 8|app: 0|req: 811/1748] 10.0.0.56 () {32 vars in 723 bytes} [Sat May 9 18:07:48 2026] DELETE /v2.0/subnets/b3294293-5ac0-4594-ab2e-914005e76685 => generated 0 bytes in 146 msecs (HTTP/1.1 204) 3 headers in 131 bytes (1 switches on core 0) [pid: 8|app: 0|req: 812/1749] 10.0.0.112 () {34 vars in 990 bytes} [Sat May 9 18:07:48 2026] GET /v2.0/ports?device_id=d74ab799-bed1-40bb-a9d4-828974feef48 => generated 969 bytes in 42 msecs (HTTP/1.1 200) 4 headers in 157 bytes (1 switches on core 0) [pid: 8|app: 0|req: 813/1750] 10.0.0.56 () {32 vars in 723 bytes} [Sat May 9 18:07:48 2026] DELETE /v2.0/subnets/3946d719-ebe5-4503-8c1c-48a081d88e41 => generated 0 bytes in 126 msecs (HTTP/1.1 204) 3 headers in 131 bytes (1 switches on core 0) [pid: 8|app: 0|req: 814/1751] 10.0.0.112 () {34 vars in 1040 bytes} [Sat May 9 18:07:48 2026] GET /v2.0/security-groups?id=5508af4b-48d3-45f6-b641-0c98610fdda6&fields=id&fields=name => generated 114 bytes in 25 msecs (HTTP/1.1 200) 4 headers in 157 bytes (1 switches on core 0) [pid: 7|app: 0|req: 938/1752] 10.0.0.56 () {32 vars in 723 bytes} [Sat May 9 18:07:47 2026] DELETE /v2.0/routers/468af98f-4984-4e67-a3ae-f1923e47fce8 => generated 0 bytes in 702 msecs (HTTP/1.1 204) 2 headers in 112 bytes (1 switches on core 0)
2026-05-09 18:07:48.703 8 WARNING neutron.db.securitygroups_db [None req-a8995a2b-f8f5-4ab1-a2e8-8a55a2833383 9f7c7c62471241dc81c73e8476f9f557 633cf0a29a0e4cd5b83b113b02332c7c - - default default] project_id key not found in filters, using tenant_id instead. This support has been deprecated and will be removed in a future release. [pid: 8|app: 0|req: 815/1753] 10.0.0.56 () {32 vars in 773 bytes} [Sat May 9 18:07:48 2026] GET /v2.0/security-groups?tenant_id=95ce133f741e422db03451126a40247e&name=default => generated 2925 bytes in 116 msecs (HTTP/1.1 200) 4 headers in 158 bytes (1 switches on core 0) [pid: 7|app: 0|req: 939/1754] 10.0.0.56 () {32 vars in 646 bytes} [Sat May 9 18:07:48 2026] GET /v2.0/subnets => generated 649 bytes in 28 msecs (HTTP/1.1 200) 4 headers in 157 bytes (1 switches on core 0) [pid: 8|app: 0|req: 816/1755] 10.0.0.56 () {32 vars in 735 bytes} [Sat May 9 18:07:48 2026] GET /v2.0/ports?device_id=468af98f-4984-4e67-a3ae-f1923e47fce8 => generated 12 bytes in 16 msecs (HTTP/1.1 200) 4 headers in 156 bytes (1 switches on core 0)
2026-05-09 18:07:48.855 8 INFO neutron_taas.services.taas.taas_plugin [None req-b6203ed9-4b9b-4726-9a4f-35f479fd39d4 d6ed19e262744feeb7f6fe16551cdf83 6769d668d8af4fb0b4bf5f83ecd95608 - - default default] TaaS: Handle Delete Port: 7c8ef7d0-61ea-433d-a209-7c86b03437e8
2026-05-09 18:07:48.859 8 INFO neutron_taas.services.taas.tap_mirror_plugin [None req-b6203ed9-4b9b-4726-9a4f-35f479fd39d4 d6ed19e262744feeb7f6fe16551cdf83 6769d668d8af4fb0b4bf5f83ecd95608 - - default default] Tap Mirror: Handle Delete Port: 7c8ef7d0-61ea-433d-a209-7c86b03437e8 [pid: 7|app: 0|req: 940/1756] 10.0.0.56 () {32 vars in 739 bytes} [Sat May 9 18:07:48 2026] DELETE /v2.0/security-groups/88130cd7-7645-418c-9591-33c2dfd84606 => generated 0 bytes in 145 msecs (HTTP/1.1 204) 2 headers in 112 bytes (1 switches on core 0)
2026-05-09 18:07:48.889 7 INFO neutron.api.v2.resource [None req-af676314-a02c-457c-b318-7fe75370f593 75cfe72f8c794c3582d5018151b4aa0f c08b84c526ae4023953f4e184e036f10 - - default default] delete failed (client error): The resource could not be found. [pid: 7|app: 0|req: 941/1757] 10.0.0.56 () {32 vars in 723 bytes} [Sat May 9 18:07:48 2026] DELETE /v2.0/routers/468af98f-4984-4e67-a3ae-f1923e47fce8 => generated 135 bytes in 15 msecs (HTTP/1.1 404) 4 headers in 164 bytes (1 switches on core 0) [pid: 7|app: 0|req: 942/1758] 10.0.0.56 () {32 vars in 735 bytes} [Sat May 9 18:07:48 2026] GET /v2.0/ports?device_id=e8c6aba1-65fe-455a-80a6-4dafbde2348b => generated 12 bytes in 19 msecs (HTTP/1.1 200) 4 headers in 156 bytes (1 switches on core 0)
2026-05-09 18:07:48.935 7 INFO neutron.api.v2.resource [None req-077b221e-5842-4e32-a252-9e3981623598 75cfe72f8c794c3582d5018151b4aa0f c08b84c526ae4023953f4e184e036f10 - - default default] delete failed (client error): The resource could not be found. [pid: 7|app: 0|req: 943/1759] 10.0.0.56 () {32 vars in 723 bytes} [Sat May 9 18:07:48 2026] DELETE /v2.0/routers/e8c6aba1-65fe-455a-80a6-4dafbde2348b => generated 135 bytes in 17 msecs (HTTP/1.1 404) 4 headers in 164 bytes (1 switches on core 0)
2026-05-09 18:07:48.959 7 INFO neutron.pecan_wsgi.hooks.translation [None req-a74b7908-c508-49ed-8f94-6ddf004a11c0 75cfe72f8c794c3582d5018151b4aa0f c08b84c526ae4023953f4e184e036f10 - - default default] DELETE failed (client error): The resource could not be found. [pid: 7|app: 0|req: 944/1760] 10.0.0.56 () {32 vars in 723 bytes} [Sat May 9 18:07:48 2026] DELETE /v2.0/subnets/79635781-6ffe-47a5-aee0-1f56f8c5a92a => generated 136 bytes in 19 msecs (HTTP/1.1 404) 4 headers in 164 bytes (1 switches on core 0) [pid: 7|app: 0|req: 945/1761] 10.0.0.56 () {32 vars in 735 bytes} [Sat May 9 18:07:48 2026] GET /v2.0/ports?device_id=a215cdef-52c9-49d6-a784-f51bd390c2e1 => generated 12 bytes in 18 msecs (HTTP/1.1 200) 4 headers in 156 bytes (1 switches on core 0)
2026-05-09 18:07:49.004 7 INFO neutron.api.v2.resource [None req-0b2af42a-bf60-467d-9943-f3cac0703154 75cfe72f8c794c3582d5018151b4aa0f c08b84c526ae4023953f4e184e036f10 - - default default] delete failed (client error): The resource could not be found. [pid: 7|app: 0|req: 946/1762] 10.0.0.56 () {32 vars in 723 bytes} [Sat May 9 18:07:48 2026] DELETE /v2.0/routers/a215cdef-52c9-49d6-a784-f51bd390c2e1 => generated 135 bytes in 16 msecs (HTTP/1.1 404) 4 headers in 164 bytes (1 switches on core 0)
2026-05-09 18:07:49.019 7 INFO neutron.pecan_wsgi.hooks.translation [None req-93ffdfde-00dc-456c-b614-45b8b662aa5e 75cfe72f8c794c3582d5018151b4aa0f c08b84c526ae4023953f4e184e036f10 - - default default] DELETE failed (client error): The resource could not be found. [pid: 7|app: 0|req: 947/1763] 10.0.0.56 () {32 vars in 723 bytes} [Sat May 9 18:07:49 2026] DELETE /v2.0/subnets/173f5666-4893-4a88-8344-cc42d191c9e1 => generated 136 bytes in 12 msecs (HTTP/1.1 404) 4 headers in 164 bytes (1 switches on core 0)
2026-05-09 18:07:49.039 8 INFO neutron.services.segments.plugin [-] Segment ae85f296-695e-47f5-a690-74146d394306 resource provider aggregate not found [pid: 7|app: 0|req: 948/1764] 10.0.0.56 () {32 vars in 735 bytes} [Sat May 9 18:07:49 2026] GET /v2.0/ports?device_id=8b1d7c7a-99a3-41ce-9427-138078112210 => generated 12 bytes in 19 msecs (HTTP/1.1 200) 4 headers in 156 bytes (1 switches on core 0)
2026-05-09 18:07:49.045 8 INFO neutron.services.segments.plugin [-] Segment ae85f296-695e-47f5-a690-74146d394306 resource provider aggregate not found
2026-05-09 18:07:49.052 8 INFO neutron.services.segments.plugin [-] Segment ae85f296-695e-47f5-a690-74146d394306 resource provider not found; error: Placement Client Error (4xx): {"errors": [{"status": 404, "title": "Not Found", "detail": "The resource could not be found.\n\n No resource provider with uuid ae85f296-695e-47f5-a690-74146d394306 found for delete ", "request_id": "req-b88d82f5-72ac-4a9f-bf49-6ce82ad65576"}]}
2026-05-09 18:07:49.064 7 INFO neutron.api.v2.resource [None req-886baaad-0f86-41aa-8b94-bac689eb8d49 75cfe72f8c794c3582d5018151b4aa0f c08b84c526ae4023953f4e184e036f10 - - default default] delete failed (client error): The resource could not be found. [pid: 7|app: 0|req: 949/1765] 10.0.0.56 () {32 vars in 723 bytes} [Sat May 9 18:07:49 2026] DELETE /v2.0/routers/8b1d7c7a-99a3-41ce-9427-138078112210 => generated 135 bytes in 16 msecs (HTTP/1.1 404) 4 headers in 164 bytes (1 switches on core 0)
2026-05-09 18:07:49.069 8 INFO neutron.services.segments.plugin [-] Segment ae85f296-695e-47f5-a690-74146d394306 resource provider not found; error: Placement Client Error (4xx): {"errors": [{"status": 404, "title": "Not Found", "detail": "The resource could not be found.\n\n No resource provider with uuid ae85f296-695e-47f5-a690-74146d394306 found for delete ", "request_id": "req-6b4a736f-7cf4-4ae9-a05d-8dc4e6baa99e"}]}
2026-05-09 18:07:49.084 7 INFO neutron.pecan_wsgi.hooks.translation [None req-a05e5924-742b-4fb4-a188-6a090dc014d2 75cfe72f8c794c3582d5018151b4aa0f c08b84c526ae4023953f4e184e036f10 - - default default] DELETE failed (client error): The resource could not be found. [pid: 7|app: 0|req: 950/1766] 10.0.0.56 () {32 vars in 723 bytes} [Sat May 9 18:07:49 2026] DELETE /v2.0/subnets/99a57fb0-5287-45ef-9b56-3069fcdda48f => generated 136 bytes in 20 msecs (HTTP/1.1 404) 4 headers in 164 bytes (1 switches on core 0)
2026-05-09 18:07:49.108 7 INFO neutron.pecan_wsgi.hooks.translation [None req-a5cf0209-bc6b-4ba5-86a4-aaffdfbf3e4d 75cfe72f8c794c3582d5018151b4aa0f c08b84c526ae4023953f4e184e036f10 - - default default] DELETE failed (client error): The resource could not be found. [pid: 7|app: 0|req: 951/1767] 10.0.0.56 () {32 vars in 723 bytes} [Sat May 9 18:07:49 2026] DELETE /v2.0/subnets/91e2c0ba-6c2f-4ccb-ba2c-ff39734509f5 => generated 136 bytes in 17 msecs (HTTP/1.1 404) 4 headers in 164 bytes (1 switches on core 0) [pid: 8|app: 0|req: 817/1768] 10.0.0.56 () {32 vars in 725 bytes} [Sat May 9 18:07:48 2026] DELETE /v2.0/networks/e569d319-b6df-4c35-8310-ae1809156fa5 => generated 0 bytes in 393 msecs (HTTP/1.1 204) 3 headers in 131 bytes (1 switches on core 0)
2026-05-09 18:07:49.273 7 INFO neutron_taas.services.taas.taas_plugin [None req-7e54f508-81ae-41cf-8feb-ac00952aca75 d6ed19e262744feeb7f6fe16551cdf83 6769d668d8af4fb0b4bf5f83ecd95608 - - default default] TaaS: Handle Delete Port: 30e78e0a-217a-4327-ac87-5bed08fe32ed
2026-05-09 18:07:49.276 7 INFO neutron_taas.services.taas.tap_mirror_plugin [None req-7e54f508-81ae-41cf-8feb-ac00952aca75 d6ed19e262744feeb7f6fe16551cdf83 6769d668d8af4fb0b4bf5f83ecd95608 - - default default] Tap Mirror: Handle Delete Port: 30e78e0a-217a-4327-ac87-5bed08fe32ed [pid: 7|app: 0|req: 952/1769] 10.0.0.56 () {32 vars in 725 bytes} [Sat May 9 18:07:49 2026] DELETE /v2.0/networks/90287009-2e19-4881-8d34-b93817e400f4 => generated 0 bytes in 334 msecs (HTTP/1.1 204) 3 headers in 131 bytes (1 switches on core 0)
2026-05-09 18:07:49.609 8 INFO neutron_taas.services.taas.taas_plugin [None req-951a2191-a1ca-4a61-bebf-4ef7a8def515 d6ed19e262744feeb7f6fe16551cdf83 6769d668d8af4fb0b4bf5f83ecd95608 - - default default] TaaS: Handle Delete Port: 0f58b863-a741-47af-b416-15052bfeca7b
2026-05-09 18:07:49.612 8 INFO neutron_taas.services.taas.tap_mirror_plugin [None req-951a2191-a1ca-4a61-bebf-4ef7a8def515 d6ed19e262744feeb7f6fe16551cdf83 6769d668d8af4fb0b4bf5f83ecd95608 - - default default] Tap Mirror: Handle Delete Port: 0f58b863-a741-47af-b416-15052bfeca7b
2026-05-09 18:07:49.754 7 WARNING neutron.db.securitygroups_db [None req-0adf7078-a379-4cb9-bb28-c31cda687f35 9f7c7c62471241dc81c73e8476f9f557 633cf0a29a0e4cd5b83b113b02332c7c - - default default] project_id key not found in filters, using tenant_id instead. This support has been deprecated and will be removed in a future release. [pid: 7|app: 0|req: 953/1770] 10.0.0.56 () {32 vars in 773 bytes} [Sat May 9 18:07:49 2026] GET /v2.0/security-groups?tenant_id=c08b84c526ae4023953f4e184e036f10&name=default => generated 2925 bytes in 128 msecs (HTTP/1.1 200) 4 headers in 158 bytes (1 switches on core 0) [pid: 8|app: 0|req: 818/1771] 10.0.0.56 () {32 vars in 725 bytes} [Sat May 9 18:07:49 2026] DELETE /v2.0/networks/69707c7f-f923-411c-a689-ecd09bfe4de3 => generated 0 bytes in 338 msecs (HTTP/1.1 204) 3 headers in 131 bytes (1 switches on core 0) [pid: 7|app: 0|req: 954/1772] 10.0.0.112 () {34 vars in 990 bytes} [Sat May 9 18:07:49 2026] GET /v2.0/ports?device_id=d74ab799-bed1-40bb-a9d4-828974feef48 => generated 969 bytes in 82 msecs (HTTP/1.1 200) 4 headers in 157 bytes (1 switches on core 0) [pid: 8|app: 0|req: 819/1773] 10.0.0.56 () {32 vars in 739 bytes} [Sat May 9 18:07:49 2026] DELETE /v2.0/security-groups/bc6250a0-4e3b-4d49-98b2-f9b73eaa3673 => generated 0 bytes in 169 msecs (HTTP/1.1 204) 2 headers in 112 bytes (1 switches on core 0)
2026-05-09 18:07:49.996 7 INFO neutron.services.segments.plugin [-] Segment d03876e6-60d1-4abf-9c3e-38a02e7b8d59 resource provider aggregate not found
2026-05-09 18:07:49.997 7 INFO neutron.services.segments.plugin [-] Segment d03876e6-60d1-4abf-9c3e-38a02e7b8d59 resource provider aggregate not found
2026-05-09 18:07:50.019 7 INFO neutron.services.segments.plugin [-] Segment d03876e6-60d1-4abf-9c3e-38a02e7b8d59 resource provider not found; error: Placement Client Error (4xx): {"errors": [{"status": 404, "title": "Not Found", "detail": "The resource could not be found.\n\n No resource provider with uuid d03876e6-60d1-4abf-9c3e-38a02e7b8d59 found for delete ", "request_id": "req-d99ac7e5-9c0f-4abc-aa4f-8c0d079e3c24"}]}
2026-05-09 18:07:50.021 7 INFO neutron.services.segments.plugin [-] Segment d03876e6-60d1-4abf-9c3e-38a02e7b8d59 resource provider not found; error: Placement Client Error (4xx): {"errors": [{"status": 404, "title": "Not Found", "detail": "The resource could not be found.\n\n No resource provider with uuid d03876e6-60d1-4abf-9c3e-38a02e7b8d59 found for delete ", "request_id": "req-af14476b-1cc5-4805-8d1b-c3c2aba66729"}]} [pid: 8|app: 0|req: 820/1774] 10.0.0.112 () {34 vars in 1040 bytes} [Sat May 9 18:07:49 2026] GET /v2.0/security-groups?id=5508af4b-48d3-45f6-b641-0c98610fdda6&fields=id&fields=name => generated 114 bytes in 33 msecs (HTTP/1.1 200) 4 headers in 157 bytes (1 switches on core 0)
2026-05-09 18:07:50.033 7 INFO neutron_taas.services.taas.taas_plugin [None req-12c0b416-d02f-407e-a888-9806e448017d d6ed19e262744feeb7f6fe16551cdf83 6769d668d8af4fb0b4bf5f83ecd95608 - - default default] TaaS: Handle Delete Port: 6e8ca03b-de97-44eb-a493-03b88f26bcfc
2026-05-09 18:07:50.041 7 INFO neutron_taas.services.taas.tap_mirror_plugin [None req-12c0b416-d02f-407e-a888-9806e448017d d6ed19e262744feeb7f6fe16551cdf83 6769d668d8af4fb0b4bf5f83ecd95608 - - default default] Tap Mirror: Handle Delete Port: 6e8ca03b-de97-44eb-a493-03b88f26bcfc [pid: 7|app: 0|req: 955/1777] 10.0.0.56 () {32 vars in 725 bytes} [Sat May 9 18:07:49 2026] DELETE /v2.0/networks/76d2c6d1-d4a0-482d-bddf-cb842be67b73 => generated 0 bytes in 420 msecs (HTTP/1.1 204) 3 headers in 131 bytes (1 switches on core 0)
2026-05-09 18:07:50.849 8 WARNING neutron.db.securitygroups_db [None req-a02ca5a7-4fd6-4ff4-ab29-db90b8ff7007 9f7c7c62471241dc81c73e8476f9f557 633cf0a29a0e4cd5b83b113b02332c7c - - default default] project_id key not found in filters, using tenant_id instead. This support has been deprecated and will be removed in a future release. [pid: 8|app: 0|req: 823/1778] 10.0.0.56 () {32 vars in 773 bytes} [Sat May 9 18:07:50 2026] GET /v2.0/security-groups?tenant_id=6769d668d8af4fb0b4bf5f83ecd95608&name=default => generated 2925 bytes in 191 msecs (HTTP/1.1 200) 4 headers in 158 bytes (1 switches on core 0)
2026-05-09 18:07:50.951 8 WARNING neutron.plugins.ml2.drivers.ovn.mech_driver.ovsdb.ovn_client [None req-c67491eb-ed6d-4ede-a9de-d38d4d2cbce8 - - - - - -] No port found with ID a1f93f6e-98cb-4cfa-a185-ff83de257c2b: RuntimeError: No port found with ID a1f93f6e-98cb-4cfa-a185-ff83de257c2b
2026-05-09 18:07:50.951 8 INFO neutron.plugins.ml2.drivers.ovn.mech_driver.mech_driver [None req-c67491eb-ed6d-4ede-a9de-d38d4d2cbce8 - - - - - -] OVN reports status up for port: 078f72fa-f96e-44ac-a304-59d031956d4c
2026-05-09 18:07:50.964 8 INFO neutron.plugins.ml2.plugin [None req-c67491eb-ed6d-4ede-a9de-d38d4d2cbce8 - - - - - -] Attempt 1 to provision port 078f72fa-f96e-44ac-a304-59d031956d4c
2026-05-09 18:07:51.075 8 INFO neutron.services.segments.plugin [-] Segment bac8a9ef-f686-4b45-afb3-e6dc4b30d4be resource provider aggregate not found
2026-05-09 18:07:51.091 8 INFO neutron.services.segments.plugin [-] Segment bac8a9ef-f686-4b45-afb3-e6dc4b30d4be resource provider aggregate not found
2026-05-09 18:07:51.109 8 INFO neutron.services.segments.plugin [-] Segment bac8a9ef-f686-4b45-afb3-e6dc4b30d4be resource provider not found; error: Placement Client Error (4xx): {"errors": [{"status": 404, "title": "Not Found", "detail": "The resource could not be found.\n\n No resource provider with uuid bac8a9ef-f686-4b45-afb3-e6dc4b30d4be found for delete ", "request_id": "req-80af3f55-0ef6-448f-9ba0-b53c47ba7147"}]} [pid: 7|app: 0|req: 956/1779] 10.0.0.56 () {32 vars in 739 bytes} [Sat May 9 18:07:50 2026] DELETE /v2.0/security-groups/3e784437-e3d2-489d-a031-239be7c6c989 => generated 0 bytes in 236 msecs (HTTP/1.1 204) 2 headers in 112 bytes (1 switches on core 0)
2026-05-09 18:07:51.132 8 INFO neutron.services.segments.plugin [-] Segment bac8a9ef-f686-4b45-afb3-e6dc4b30d4be resource provider not found; error: Placement Client Error (4xx): {"errors": [{"status": 404, "title": "Not Found", "detail": "The resource could not be found.\n\n No resource provider with uuid bac8a9ef-f686-4b45-afb3-e6dc4b30d4be found for delete ", "request_id": "req-85429bc8-cfbc-4ea6-874c-ffaca9d324ba"}]}
2026-05-09 18:07:51.134 8 INFO neutron.notifiers.nova [-] Nova event matching ['req-e9b5dd5c-f3c1-49cf-a94c-52a32e488189'] response: {'server_uuid': 'd74ab799-bed1-40bb-a9d4-828974feef48', 'name': 'network-vif-plugged', 'status': 'completed', 'tag': '078f72fa-f96e-44ac-a304-59d031956d4c', 'code': 200} [pid: 8|app: 0|req: 824/1780] 10.0.0.112 () {34 vars in 990 bytes} [Sat May 9 18:07:51 2026] GET /v2.0/ports?device_id=d74ab799-bed1-40bb-a9d4-828974feef48 => generated 971 bytes in 86 msecs (HTTP/1.1 200) 4 headers in 157 bytes (1 switches on core 0) [pid: 7|app: 0|req: 957/1781] 10.0.0.112 () {34 vars in 1040 bytes} [Sat May 9 18:07:51 2026] GET /v2.0/security-groups?id=5508af4b-48d3-45f6-b641-0c98610fdda6&fields=id&fields=name => generated 114 bytes in 32 msecs (HTTP/1.1 200) 4 headers in 157 bytes (1 switches on core 0)
2026-05-09 18:07:51.317 8 INFO neutron.db.ovn_revision_numbers_db [None req-c67491eb-ed6d-4ede-a9de-d38d4d2cbce8 - - - - - -] Successfully bumped revision number for resource 078f72fa-f96e-44ac-a304-59d031956d4c (type: ports) to 5
2026-05-09 18:07:52.038 7 INFO neutron.services.segments.plugin [-] Segment d8316f62-6454-469f-b462-d25e37b37b0f resource provider aggregate not found
2026-05-09 18:07:52.043 7 INFO neutron.services.segments.plugin [-] Segment d8316f62-6454-469f-b462-d25e37b37b0f resource provider aggregate not found
2026-05-09 18:07:52.057 7 INFO neutron.services.segments.plugin [-] Segment d8316f62-6454-469f-b462-d25e37b37b0f resource provider not found; error: Placement Client Error (4xx): {"errors": [{"status": 404, "title": "Not Found", "detail": "The resource could not be found.\n\n No resource provider with uuid d8316f62-6454-469f-b462-d25e37b37b0f found for delete ", "request_id": "req-06ab964a-639e-4e27-ad04-ea69a2cb702f"}]}
2026-05-09 18:07:52.063 7 INFO neutron.services.segments.plugin [-] Segment d8316f62-6454-469f-b462-d25e37b37b0f resource provider not found; error: Placement Client Error (4xx): {"errors": [{"status": 404, "title": "Not Found", "detail": "The resource could not be found.\n\n No resource provider with uuid d8316f62-6454-469f-b462-d25e37b37b0f found for delete ", "request_id": "req-06456870-9414-42c2-b93a-12ace26ff50f"}]} /var/lib/openstack/lib/python3.12/site-packages/pycadf/identifier.py:70: UserWarning: Invalid uuid: neutron. To ensure interoperability, identifiers should be a valid uuid. warnings.warn(('Invalid uuid: %s. To ensure interoperability, ' [pid: 8|app: 0|req: 825/1782] 10.0.0.56 () {34 vars in 676 bytes} [Sat May 9 18:07:51 2026] POST /v2.0/subnetpools => generated 549 bytes in 253 msecs (HTTP/1.1 201) 4 headers in 162 bytes (1 switches on core 0) [pid: 7|app: 0|req: 958/1783] 10.0.0.56 () {32 vars in 728 bytes} [Sat May 9 18:07:52 2026] GET /v2.0/subnetpools/92dddc1c-dd2b-4861-9061-8132d169bd52 => generated 549 bytes in 134 msecs (HTTP/1.1 200) 4 headers in 157 bytes (1 switches on core 0) [pid: 8|app: 0|req: 826/1784] 10.0.0.56 () {34 vars in 748 bytes} [Sat May 9 18:07:52 2026] PUT /v2.0/subnetpools/92dddc1c-dd2b-4861-9061-8132d169bd52 => generated 501 bytes in 82 msecs (HTTP/1.1 200) 4 headers in 157 bytes (1 switches on core 0) [pid: 7|app: 0|req: 959/1785] 10.0.0.112 () {34 vars in 990 bytes} [Sat May 9 18:07:52 2026] GET /v2.0/ports?device_id=d74ab799-bed1-40bb-a9d4-828974feef48 => generated 971 bytes in 65 msecs (HTTP/1.1 200) 4 headers in 157 bytes (1 switches on core 0) [pid: 7|app: 0|req: 960/1786] 10.0.0.112 () {34 vars in 1040 bytes} [Sat May 9 18:07:52 2026] GET /v2.0/security-groups?id=5508af4b-48d3-45f6-b641-0c98610fdda6&fields=id&fields=name => generated 114 bytes in 33 msecs (HTTP/1.1 200) 4 headers in 157 bytes (1 switches on core 0) [pid: 8|app: 0|req: 827/1787] 10.0.0.56 () {32 vars in 731 bytes} [Sat May 9 18:07:52 2026] DELETE /v2.0/subnetpools/92dddc1c-dd2b-4861-9061-8132d169bd52 => generated 0 bytes in 72 msecs (HTTP/1.1 204) 2 headers in 112 bytes (1 switches on core 0)
2026-05-09 18:07:52.558 7 INFO neutron.api.v2.resource [None req-ffa55ed3-e614-44c9-855e-27116831c3e1 88572840a846422d884879b83590d55a 6781181b7ab94e69bcf375b20cf7681c - - default default] show failed (client error): The resource could not be found. [pid: 7|app: 0|req: 961/1788] 10.0.0.56 () {32 vars in 728 bytes} [Sat May 9 18:07:52 2026] GET /v2.0/subnetpools/92dddc1c-dd2b-4861-9061-8132d169bd52 => generated 145 bytes in 13 msecs (HTTP/1.1 404) 4 headers in 164 bytes (1 switches on core 0)
2026-05-09 18:07:52.577 8 INFO neutron.api.v2.resource [None req-8d8d3c63-2c13-41fb-9eaf-573d53964657 88572840a846422d884879b83590d55a 6781181b7ab94e69bcf375b20cf7681c - - default default] delete failed (client error): The resource could not be found. [pid: 8|app: 0|req: 828/1789] 10.0.0.56 () {32 vars in 731 bytes} [Sat May 9 18:07:52 2026] DELETE /v2.0/subnetpools/92dddc1c-dd2b-4861-9061-8132d169bd52 => generated 145 bytes in 14 msecs (HTTP/1.1 404) 4 headers in 164 bytes (1 switches on core 0) [pid: 7|app: 0|req: 962/1790] 10.0.0.112 () {34 vars in 990 bytes} [Sat May 9 18:07:52 2026] GET /v2.0/ports?device_id=d74ab799-bed1-40bb-a9d4-828974feef48 => generated 971 bytes in 53 msecs (HTTP/1.1 200) 4 headers in 157 bytes (1 switches on core 0) [pid: 8|app: 0|req: 829/1791] 10.0.0.112 () {34 vars in 1040 bytes} [Sat May 9 18:07:52 2026] GET /v2.0/security-groups?id=5508af4b-48d3-45f6-b641-0c98610fdda6&fields=id&fields=name => generated 114 bytes in 39 msecs (HTTP/1.1 200) 4 headers in 157 bytes (1 switches on core 0) [pid: 7|app: 0|req: 963/1792] 10.0.0.56 () {32 vars in 735 bytes} [Sat May 9 18:07:52 2026] GET /v2.0/ports?device_id=d74ab799-bed1-40bb-a9d4-828974feef48 => generated 1232 bytes in 37 msecs (HTTP/1.1 200) 4 headers in 158 bytes (1 switches on core 0)
2026-05-09 18:07:53.020 8 WARNING neutron.scheduler.dhcp_agent_scheduler [None req-8ced29a4-041a-41f4-9ff5-c261f73be2be 18f37def40a94ab5a86d89dcfb947b38 4c5b6371905d4848811177f934f012c8 - - default default] No more DHCP agents
2026-05-09 18:07:53.021 8 WARNING neutron.api.rpc.agentnotifiers.dhcp_rpc_agent_api [None req-8ced29a4-041a-41f4-9ff5-c261f73be2be 18f37def40a94ab5a86d89dcfb947b38 4c5b6371905d4848811177f934f012c8 - - default default] Unable to schedule network 8ec5c80a-aff0-45f3-ba35-498872ecb345: no agents available; will retry on subsequent port and subnet creation events.
2026-05-09 18:07:53.206 8 INFO neutron.notifiers.nova [-] Nova event matching ['req-06e757a1-e23a-4e53-a059-e94312c0a206'] response: {'server_uuid': 'd74ab799-bed1-40bb-a9d4-828974feef48', 'name': 'network-vif-plugged', 'status': 'completed', 'tag': '078f72fa-f96e-44ac-a304-59d031956d4c', 'code': 200}
2026-05-09 18:07:53.235 7 INFO neutron.db.ovn_revision_numbers_db [None req-5057bd77-d80f-45ac-b50f-5d3ff52d40f9 65692f9e400d42da8eca3905bb1023c2 996826d869d744178cabf7ec25074932 - - default default] Successfully bumped revision number for resource b70e11ab-deeb-4817-b40d-aac7b79fe94a (type: security_groups) to 1
2026-05-09 18:07:53.248 7 INFO neutron.db.ovn_revision_numbers_db [None req-5057bd77-d80f-45ac-b50f-5d3ff52d40f9 65692f9e400d42da8eca3905bb1023c2 996826d869d744178cabf7ec25074932 - - default default] Successfully bumped revision number for resource 2499e096-a4ed-4a9c-a835-173393792332 (type: security_group_rules) to 0
2026-05-09 18:07:53.258 7 INFO neutron.db.ovn_revision_numbers_db [None req-5057bd77-d80f-45ac-b50f-5d3ff52d40f9 65692f9e400d42da8eca3905bb1023c2 996826d869d744178cabf7ec25074932 - - default default] Successfully bumped revision number for resource 2953a7e8-41cf-49f4-a1d6-1107112f806d (type: security_group_rules) to 0
2026-05-09 18:07:53.268 7 INFO neutron.db.ovn_revision_numbers_db [None req-5057bd77-d80f-45ac-b50f-5d3ff52d40f9 65692f9e400d42da8eca3905bb1023c2 996826d869d744178cabf7ec25074932 - - default default] Successfully bumped revision number for resource 63409369-47e8-4cc6-9cd1-9108f5280867 (type: security_group_rules) to 0
2026-05-09 18:07:53.277 7 INFO neutron.db.ovn_revision_numbers_db [None req-5057bd77-d80f-45ac-b50f-5d3ff52d40f9 65692f9e400d42da8eca3905bb1023c2 996826d869d744178cabf7ec25074932 - - default default] Successfully bumped revision number for resource ed881c36-bb09-4f94-b97c-1de6b227f176 (type: security_group_rules) to 0
2026-05-09 18:07:53.338 7 INFO neutron.db.segments_db [None req-5057bd77-d80f-45ac-b50f-5d3ff52d40f9 65692f9e400d42da8eca3905bb1023c2 996826d869d744178cabf7ec25074932 - - default default] Added segment 0ae0131c-d069-4193-91ed-96f6843abbda of type geneve for network cfeeff37-bc91-4114-b792-3ab9096b96f3
2026-05-09 18:07:53.435 7 INFO neutron.db.ovn_revision_numbers_db [None req-5057bd77-d80f-45ac-b50f-5d3ff52d40f9 65692f9e400d42da8eca3905bb1023c2 996826d869d744178cabf7ec25074932 - - default default] Successfully bumped revision number for resource cfeeff37-bc91-4114-b792-3ab9096b96f3 (type: networks) to 1
2026-05-09 18:07:53.590 7 WARNING neutron.scheduler.dhcp_agent_scheduler [None req-5057bd77-d80f-45ac-b50f-5d3ff52d40f9 65692f9e400d42da8eca3905bb1023c2 996826d869d744178cabf7ec25074932 - - default default] No more DHCP agents
2026-05-09 18:07:53.591 7 WARNING neutron.api.rpc.agentnotifiers.dhcp_rpc_agent_api [None req-5057bd77-d80f-45ac-b50f-5d3ff52d40f9 65692f9e400d42da8eca3905bb1023c2 996826d869d744178cabf7ec25074932 - - default default] Unable to schedule network cfeeff37-bc91-4114-b792-3ab9096b96f3: no agents available; will retry on subsequent port and subnet creation events.
2026-05-09 18:07:53.662 7 INFO neutron.db.ovn_revision_numbers_db [None req-5057bd77-d80f-45ac-b50f-5d3ff52d40f9 65692f9e400d42da8eca3905bb1023c2 996826d869d744178cabf7ec25074932 - - default default] Successfully bumped revision number for resource 61a94767-908b-438a-bb39-5db91aec554d (type: ports) to 1 [pid: 7|app: 0|req: 964/1793] 10.0.0.56 () {34 vars in 669 bytes} [Sat May 9 18:07:52 2026] POST /v2.0/networks => generated 683 bytes in 800 msecs (HTTP/1.1 201) 4 headers in 162 bytes (1 switches on core 0)
2026-05-09 18:07:53.700 8 INFO neutron.plugins.ml2.drivers.ovn.mech_driver.mech_driver [None req-f8800b5f-38b3-4540-8286-b20602957b38 - - - - - -] OVN reports status down for port: 61a94767-908b-438a-bb39-5db91aec554d
2026-05-09 18:07:53.847 7 WARNING neutron.db.securitygroups_db [None req-3c4d3da1-feeb-4a56-a878-811ab1548c0e 9f7c7c62471241dc81c73e8476f9f557 633cf0a29a0e4cd5b83b113b02332c7c - - default default] project_id key not found in filters, using tenant_id instead. This support has been deprecated and will be removed in a future release.
2026-05-09 18:07:54.023 7 INFO neutron.db.ovn_revision_numbers_db [None req-3c4d3da1-feeb-4a56-a878-811ab1548c0e 9f7c7c62471241dc81c73e8476f9f557 633cf0a29a0e4cd5b83b113b02332c7c - - default default] Successfully bumped revision number for resource 3c620e7a-bb6b-4875-8f9e-c4e372933bc0 (type: security_groups) to 1
2026-05-09 18:07:54.037 7 INFO neutron.db.ovn_revision_numbers_db [None req-3c4d3da1-feeb-4a56-a878-811ab1548c0e 9f7c7c62471241dc81c73e8476f9f557 633cf0a29a0e4cd5b83b113b02332c7c - - default default] Successfully bumped revision number for resource 35c6ce03-2df2-458e-8348-74797f0caa7a (type: security_group_rules) to 0
2026-05-09 18:07:54.051 7 INFO neutron.db.ovn_revision_numbers_db [None req-3c4d3da1-feeb-4a56-a878-811ab1548c0e 9f7c7c62471241dc81c73e8476f9f557 633cf0a29a0e4cd5b83b113b02332c7c - - default default] Successfully bumped revision number for resource 5c6766a2-cc18-438e-b98c-5b29e03a14af (type: security_group_rules) to 0
2026-05-09 18:07:54.063 7 INFO neutron.db.ovn_revision_numbers_db [None req-3c4d3da1-feeb-4a56-a878-811ab1548c0e 9f7c7c62471241dc81c73e8476f9f557 633cf0a29a0e4cd5b83b113b02332c7c - - default default] Successfully bumped revision number for resource 6619b274-cb8a-4766-98a4-c872512f970f (type: security_group_rules) to 0
2026-05-09 18:07:54.079 7 INFO neutron.db.ovn_revision_numbers_db [None req-3c4d3da1-feeb-4a56-a878-811ab1548c0e 9f7c7c62471241dc81c73e8476f9f557 633cf0a29a0e4cd5b83b113b02332c7c - - default default] Successfully bumped revision number for resource a40d3931-a0b0-4a95-bba0-25d265363182 (type: security_group_rules) to 0 [pid: 7|app: 0|req: 965/1794] 10.0.0.56 () {32 vars in 773 bytes} [Sat May 9 18:07:53 2026] GET /v2.0/security-groups?tenant_id=6781181b7ab94e69bcf375b20cf7681c&name=default => generated 2925 bytes in 431 msecs (HTTP/1.1 200) 4 headers in 158 bytes (1 switches on core 0)
2026-05-09 18:07:54.134 8 INFO neutron.db.ovn_revision_numbers_db [None req-8ced29a4-041a-41f4-9ff5-c261f73be2be 18f37def40a94ab5a86d89dcfb947b38 4c5b6371905d4848811177f934f012c8 - - default default] Successfully bumped revision number for resource 1188a495-aad0-4f88-8522-c5f78e33c1a9 (type: floatingips) to 1
