2026-05-09 18:09:43.043 7 INFO neutron.db.ovn_revision_numbers_db [None req-ce070ae9-c391-45ac-b26d-21f415510c10 9f7c7c62471241dc81c73e8476f9f557 633cf0a29a0e4cd5b83b113b02332c7c - - default default] Successfully bumped revision number for resource cff9f3ff-60ea-45bb-a543-d40cadc80237 (type: security_group_rules) to 0 [pid: 7|app: 0|req: 1364/2554] 10.0.0.56 () {32 vars in 773 bytes} [Sat May 9 18:09:42 2026] GET /v2.0/security-groups?tenant_id=0812d6de7548410fa3cea88a547b8ffd&name=default => generated 2929 bytes in 295 msecs (HTTP/1.1 200) 4 headers in 158 bytes (1 switches on core 0)
2026-05-09 18:09:43.121 8 INFO neutron_taas.services.taas.taas_plugin [None req-eda325c4-deff-49e5-a296-5fa4d4d6430d 4cb6b1f240d54e658bfbcdd18d7e8cf7 15bd0c0e61a144269d63c6d92373aada - - default default] TaaS: Handle Delete Port: 5c1b44dc-b16b-4029-bfc8-984aac56d8d0
2026-05-09 18:09:43.124 8 INFO neutron_taas.services.taas.tap_mirror_plugin [None req-eda325c4-deff-49e5-a296-5fa4d4d6430d 4cb6b1f240d54e658bfbcdd18d7e8cf7 15bd0c0e61a144269d63c6d92373aada - - default default] Tap Mirror: Handle Delete Port: 5c1b44dc-b16b-4029-bfc8-984aac56d8d0 [pid: 8|app: 0|req: 1191/2555] 10.0.0.56 () {32 vars in 719 bytes} [Sat May 9 18:09:43 2026] DELETE /v2.0/ports/5c1b44dc-b16b-4029-bfc8-984aac56d8d0 => generated 0 bytes in 202 msecs (HTTP/1.1 204) 3 headers in 131 bytes (1 switches on core 0) [pid: 7|app: 0|req: 1365/2556] 10.0.0.56 () {32 vars in 739 bytes} [Sat May 9 18:09:43 2026] DELETE /v2.0/security-groups/3b470178-1a91-4c6b-b086-a8df56fa29c9 => generated 0 bytes in 150 msecs (HTTP/1.1 204) 2 headers in 112 bytes (1 switches on core 0)
2026-05-09 18:09:43.227 8 WARNING neutron.db.securitygroups_db [None req-3603d68b-0153-425d-87b8-964613f75055 9f7c7c62471241dc81c73e8476f9f557 633cf0a29a0e4cd5b83b113b02332c7c - - default default] project_id key not found in filters, using tenant_id instead. This support has been deprecated and will be removed in a future release.
2026-05-09 18:09:43.336 8 INFO neutron.db.ovn_revision_numbers_db [None req-3603d68b-0153-425d-87b8-964613f75055 9f7c7c62471241dc81c73e8476f9f557 633cf0a29a0e4cd5b83b113b02332c7c - - default default] Successfully bumped revision number for resource 3e2484f5-bada-49fa-8681-8698abb36e2c (type: security_groups) to 1
2026-05-09 18:09:43.348 8 INFO neutron.db.ovn_revision_numbers_db [None req-3603d68b-0153-425d-87b8-964613f75055 9f7c7c62471241dc81c73e8476f9f557 633cf0a29a0e4cd5b83b113b02332c7c - - default default] Successfully bumped revision number for resource 89794e4c-2dac-4f47-8ed8-ccc40e98f166 (type: security_group_rules) to 0
2026-05-09 18:09:43.359 8 INFO neutron.db.ovn_revision_numbers_db [None req-3603d68b-0153-425d-87b8-964613f75055 9f7c7c62471241dc81c73e8476f9f557 633cf0a29a0e4cd5b83b113b02332c7c - - default default] Successfully bumped revision number for resource 901485a0-e0c5-4a3c-af88-c5fe169397c9 (type: security_group_rules) to 0
2026-05-09 18:09:43.368 8 INFO neutron.db.ovn_revision_numbers_db [None req-3603d68b-0153-425d-87b8-964613f75055 9f7c7c62471241dc81c73e8476f9f557 633cf0a29a0e4cd5b83b113b02332c7c - - default default] Successfully bumped revision number for resource b9607ba1-3295-4cda-9f2e-da60aa008d9c (type: security_group_rules) to 0
2026-05-09 18:09:43.378 8 INFO neutron.db.ovn_revision_numbers_db [None req-3603d68b-0153-425d-87b8-964613f75055 9f7c7c62471241dc81c73e8476f9f557 633cf0a29a0e4cd5b83b113b02332c7c - - default default] Successfully bumped revision number for resource d845d5de-16a5-40a0-9362-4f9a57eb5707 (type: security_group_rules) to 0
2026-05-09 18:09:43.388 7 INFO neutron_taas.services.taas.taas_plugin [None req-6a73bb8b-1f13-4013-ad1b-546f1f967f7f 4cb6b1f240d54e658bfbcdd18d7e8cf7 15bd0c0e61a144269d63c6d92373aada - - default default] TaaS: Handle Delete Port: 06a88180-cdb6-4f95-a44e-59b8e4fa9f63
2026-05-09 18:09:43.391 7 INFO neutron_taas.services.taas.tap_mirror_plugin [None req-6a73bb8b-1f13-4013-ad1b-546f1f967f7f 4cb6b1f240d54e658bfbcdd18d7e8cf7 15bd0c0e61a144269d63c6d92373aada - - default default] Tap Mirror: Handle Delete Port: 06a88180-cdb6-4f95-a44e-59b8e4fa9f63 [pid: 8|app: 0|req: 1192/2557] 10.0.0.56 () {32 vars in 773 bytes} [Sat May 9 18:09:43 2026] GET /v2.0/security-groups?tenant_id=48641fb18e88439dad51c8974610d166&name=default => generated 2929 bytes in 190 msecs (HTTP/1.1 200) 4 headers in 158 bytes (1 switches on core 0)
2026-05-09 18:09:43.418 8 WARNING neutron.db.securitygroups_db [None req-45eb9ef6-91f7-4765-be11-6437dd6c5a56 9f7c7c62471241dc81c73e8476f9f557 633cf0a29a0e4cd5b83b113b02332c7c - - default default] project_id key not found in filters, using tenant_id instead. This support has been deprecated and will be removed in a future release. [pid: 8|app: 0|req: 1193/2558] 10.0.0.56 () {32 vars in 773 bytes} [Sat May 9 18:09:43 2026] GET /v2.0/security-groups?tenant_id=d93b793cb0e249798d693594335aa56e&name=default => generated 2925 bytes in 20 msecs (HTTP/1.1 200) 4 headers in 158 bytes (1 switches on core 0) [pid: 7|app: 0|req: 1366/2559] 10.0.0.56 () {32 vars in 719 bytes} [Sat May 9 18:09:43 2026] DELETE /v2.0/ports/06a88180-cdb6-4f95-a44e-59b8e4fa9f63 => generated 0 bytes in 261 msecs (HTTP/1.1 204) 3 headers in 131 bytes (1 switches on core 0) [pid: 8|app: 0|req: 1194/2560] 10.0.0.56 () {32 vars in 739 bytes} [Sat May 9 18:09:43 2026] DELETE /v2.0/security-groups/3e2484f5-bada-49fa-8681-8698abb36e2c => generated 0 bytes in 151 msecs (HTTP/1.1 204) 2 headers in 112 bytes (1 switches on core 0) [pid: 7|app: 0|req: 1367/2561] 10.0.0.56 () {32 vars in 739 bytes} [Sat May 9 18:09:43 2026] DELETE /v2.0/security-groups/1faa5a5f-546d-494b-818a-65800d948120 => generated 0 bytes in 156 msecs (HTTP/1.1 204) 2 headers in 112 bytes (1 switches on core 0)
2026-05-09 18:09:43.681 8 INFO neutron_taas.services.taas.taas_plugin [None req-ccf63102-99a8-4eab-9587-0aec009806fc 4cb6b1f240d54e658bfbcdd18d7e8cf7 15bd0c0e61a144269d63c6d92373aada - - default default] TaaS: Handle Delete Port: e15241b8-e225-4589-91db-2f2cf7fb041b
2026-05-09 18:09:43.684 8 INFO neutron_taas.services.taas.tap_mirror_plugin [None req-ccf63102-99a8-4eab-9587-0aec009806fc 4cb6b1f240d54e658bfbcdd18d7e8cf7 15bd0c0e61a144269d63c6d92373aada - - default default] Tap Mirror: Handle Delete Port: e15241b8-e225-4589-91db-2f2cf7fb041b
2026-05-09 18:09:43.739 7 WARNING neutron.db.securitygroups_db [None req-585f6bfa-c012-4c5b-9376-bfba47b8fed2 9f7c7c62471241dc81c73e8476f9f557 633cf0a29a0e4cd5b83b113b02332c7c - - default default] project_id key not found in filters, using tenant_id instead. This support has been deprecated and will be removed in a future release. [pid: 8|app: 0|req: 1195/2562] 10.0.0.56 () {32 vars in 719 bytes} [Sat May 9 18:09:43 2026] DELETE /v2.0/ports/e15241b8-e225-4589-91db-2f2cf7fb041b => generated 0 bytes in 199 msecs (HTTP/1.1 204) 3 headers in 131 bytes (1 switches on core 0)
2026-05-09 18:09:43.794 8 WARNING neutron.db.securitygroups_db [None req-390c20ff-c0e9-4d13-93d2-d6fd3b977d08 9f7c7c62471241dc81c73e8476f9f557 633cf0a29a0e4cd5b83b113b02332c7c - - default default] project_id key not found in filters, using tenant_id instead. This support has been deprecated and will be removed in a future release.
2026-05-09 18:09:43.863 7 INFO neutron.db.ovn_revision_numbers_db [None req-585f6bfa-c012-4c5b-9376-bfba47b8fed2 9f7c7c62471241dc81c73e8476f9f557 633cf0a29a0e4cd5b83b113b02332c7c - - default default] Successfully bumped revision number for resource e265a4f9-05f6-4050-9d69-965d71e69797 (type: security_groups) to 1
2026-05-09 18:09:43.874 7 INFO neutron.db.ovn_revision_numbers_db [None req-585f6bfa-c012-4c5b-9376-bfba47b8fed2 9f7c7c62471241dc81c73e8476f9f557 633cf0a29a0e4cd5b83b113b02332c7c - - default default] Successfully bumped revision number for resource 426dcdce-c50f-4060-b848-cdb6f21a110b (type: security_group_rules) to 0
2026-05-09 18:09:43.887 7 INFO neutron.db.ovn_revision_numbers_db [None req-585f6bfa-c012-4c5b-9376-bfba47b8fed2 9f7c7c62471241dc81c73e8476f9f557 633cf0a29a0e4cd5b83b113b02332c7c - - default default] Successfully bumped revision number for resource 814077ae-771c-4349-9f4a-4730c8048210 (type: security_group_rules) to 0
2026-05-09 18:09:43.907 7 INFO neutron.db.ovn_revision_numbers_db [None req-585f6bfa-c012-4c5b-9376-bfba47b8fed2 9f7c7c62471241dc81c73e8476f9f557 633cf0a29a0e4cd5b83b113b02332c7c - - default default] Successfully bumped revision number for resource 924a02ef-de9b-4b42-867a-100a07802f46 (type: security_group_rules) to 0
2026-05-09 18:09:43.911 8 INFO neutron.db.ovn_revision_numbers_db [None req-390c20ff-c0e9-4d13-93d2-d6fd3b977d08 9f7c7c62471241dc81c73e8476f9f557 633cf0a29a0e4cd5b83b113b02332c7c - - default default] Successfully bumped revision number for resource 05bce54b-8ae7-440f-9587-2262f7167267 (type: security_groups) to 1
2026-05-09 18:09:43.919 7 INFO neutron.db.ovn_revision_numbers_db [None req-585f6bfa-c012-4c5b-9376-bfba47b8fed2 9f7c7c62471241dc81c73e8476f9f557 633cf0a29a0e4cd5b83b113b02332c7c - - default default] Successfully bumped revision number for resource f7369431-cf0a-4bf0-8950-bcfb7e8619f5 (type: security_group_rules) to 0
2026-05-09 18:09:43.924 8 INFO neutron.db.ovn_revision_numbers_db [None req-390c20ff-c0e9-4d13-93d2-d6fd3b977d08 9f7c7c62471241dc81c73e8476f9f557 633cf0a29a0e4cd5b83b113b02332c7c - - default default] Successfully bumped revision number for resource 63127c11-adcc-410e-bd1a-a85cb52de892 (type: security_group_rules) to 0
2026-05-09 18:09:43.935 8 INFO neutron.db.ovn_revision_numbers_db [None req-390c20ff-c0e9-4d13-93d2-d6fd3b977d08 9f7c7c62471241dc81c73e8476f9f557 633cf0a29a0e4cd5b83b113b02332c7c - - default default] Successfully bumped revision number for resource 8a886a79-0cc0-4e9b-909f-fe4f0016eb40 (type: security_group_rules) to 0
2026-05-09 18:09:43.947 8 INFO neutron.db.ovn_revision_numbers_db [None req-390c20ff-c0e9-4d13-93d2-d6fd3b977d08 9f7c7c62471241dc81c73e8476f9f557 633cf0a29a0e4cd5b83b113b02332c7c - - default default] Successfully bumped revision number for resource 99518fe6-8a6e-498f-a4fa-05b5bbeb232c (type: security_group_rules) to 0
2026-05-09 18:09:43.962 8 INFO neutron.db.ovn_revision_numbers_db [None req-390c20ff-c0e9-4d13-93d2-d6fd3b977d08 9f7c7c62471241dc81c73e8476f9f557 633cf0a29a0e4cd5b83b113b02332c7c - - default default] Successfully bumped revision number for resource bb1e3068-bba3-478d-88b5-e6f88483c0ab (type: security_group_rules) to 0 [pid: 7|app: 0|req: 1368/2563] 10.0.0.56 () {32 vars in 773 bytes} [Sat May 9 18:09:43 2026] GET /v2.0/security-groups?tenant_id=b91f026703c3434ab627309756f474e5&name=default => generated 2929 bytes in 232 msecs (HTTP/1.1 200) 4 headers in 158 bytes (1 switches on core 0) [pid: 8|app: 0|req: 1196/2564] 10.0.0.56 () {32 vars in 773 bytes} [Sat May 9 18:09:43 2026] GET /v2.0/security-groups?tenant_id=02690957b5964c0e82a0eede41a03a77&name=default => generated 2929 bytes in 210 msecs (HTTP/1.1 200) 4 headers in 158 bytes (1 switches on core 0)
2026-05-09 18:09:44.083 7 INFO neutron_taas.services.taas.taas_plugin [None req-e487fb0c-9e39-47ea-96fb-323b50ad600b 4cb6b1f240d54e658bfbcdd18d7e8cf7 15bd0c0e61a144269d63c6d92373aada - - default default] TaaS: Handle Delete Port: a6eb06bf-fbb4-4c88-9de1-fbd3964d02c4
2026-05-09 18:09:44.087 7 INFO neutron_taas.services.taas.tap_mirror_plugin [None req-e487fb0c-9e39-47ea-96fb-323b50ad600b 4cb6b1f240d54e658bfbcdd18d7e8cf7 15bd0c0e61a144269d63c6d92373aada - - default default] Tap Mirror: Handle Delete Port: a6eb06bf-fbb4-4c88-9de1-fbd3964d02c4 [pid: 8|app: 0|req: 1197/2565] 10.0.0.56 () {32 vars in 739 bytes} [Sat May 9 18:09:43 2026] DELETE /v2.0/security-groups/e265a4f9-05f6-4050-9d69-965d71e69797 => generated 0 bytes in 145 msecs (HTTP/1.1 204) 2 headers in 112 bytes (1 switches on core 0) [pid: 7|app: 0|req: 1369/2566] 10.0.0.56 () {32 vars in 719 bytes} [Sat May 9 18:09:43 2026] DELETE /v2.0/ports/a6eb06bf-fbb4-4c88-9de1-fbd3964d02c4 => generated 0 bytes in 233 msecs (HTTP/1.1 204) 3 headers in 131 bytes (1 switches on core 0) [pid: 8|app: 0|req: 1198/2567] 10.0.0.56 () {32 vars in 739 bytes} [Sat May 9 18:09:44 2026] DELETE /v2.0/security-groups/05bce54b-8ae7-440f-9587-2262f7167267 => generated 0 bytes in 155 msecs (HTTP/1.1 204) 2 headers in 112 bytes (1 switches on core 0)
2026-05-09 18:09:44.326 7 INFO neutron_taas.services.taas.taas_plugin [None req-b5a6a93e-06c8-4fc2-966b-d951c384a257 4cb6b1f240d54e658bfbcdd18d7e8cf7 15bd0c0e61a144269d63c6d92373aada - - default default] TaaS: Handle Delete Port: 088a81aa-f180-420e-8505-7bf9b449cdd5
2026-05-09 18:09:44.329 7 INFO neutron_taas.services.taas.tap_mirror_plugin [None req-b5a6a93e-06c8-4fc2-966b-d951c384a257 4cb6b1f240d54e658bfbcdd18d7e8cf7 15bd0c0e61a144269d63c6d92373aada - - default default] Tap Mirror: Handle Delete Port: 088a81aa-f180-420e-8505-7bf9b449cdd5
2026-05-09 18:09:44.493 7 INFO neutron.services.segments.plugin [-] Segment a4a56479-5ed8-4149-81ba-fbedeb9c7991 resource provider aggregate not found
2026-05-09 18:09:44.497 7 INFO neutron.services.segments.plugin [-] Segment a4a56479-5ed8-4149-81ba-fbedeb9c7991 resource provider aggregate not found
2026-05-09 18:09:44.513 7 INFO neutron.services.segments.plugin [-] Segment a4a56479-5ed8-4149-81ba-fbedeb9c7991 resource provider not found; error: Placement Client Error (4xx): {"errors": [{"status": 404, "title": "Not Found", "detail": "The resource could not be found.\n\n No resource provider with uuid a4a56479-5ed8-4149-81ba-fbedeb9c7991 found for delete ", "request_id": "req-837890c4-2a0a-4ef5-a4cd-7cbf352207d2"}]}
2026-05-09 18:09:44.527 7 INFO neutron.services.segments.plugin [-] Segment a4a56479-5ed8-4149-81ba-fbedeb9c7991 resource provider not found; error: Placement Client Error (4xx): {"errors": [{"status": 404, "title": "Not Found", "detail": "The resource could not be found.\n\n No resource provider with uuid a4a56479-5ed8-4149-81ba-fbedeb9c7991 found for delete ", "request_id": "req-27bc6364-a2f1-4351-85eb-0c983f8f0ab5"}]} [pid: 7|app: 0|req: 1370/2568] 10.0.0.56 () {32 vars in 725 bytes} [Sat May 9 18:09:44 2026] DELETE /v2.0/networks/ceb14fb7-40b6-43f8-8288-01379ac74860 => generated 0 bytes in 334 msecs (HTTP/1.1 204) 3 headers in 131 bytes (1 switches on core 0)
2026-05-09 18:09:44.667 8 INFO neutron_taas.services.taas.taas_plugin [None req-d914e902-d6d8-41f7-9e14-9f02a406790d 4cb6b1f240d54e658bfbcdd18d7e8cf7 15bd0c0e61a144269d63c6d92373aada - - default default] TaaS: Handle Delete Port: 63281eef-7b5d-4718-a4f1-e88f91abac33
2026-05-09 18:09:44.670 8 INFO neutron_taas.services.taas.tap_mirror_plugin [None req-d914e902-d6d8-41f7-9e14-9f02a406790d 4cb6b1f240d54e658bfbcdd18d7e8cf7 15bd0c0e61a144269d63c6d92373aada - - default default] Tap Mirror: Handle Delete Port: 63281eef-7b5d-4718-a4f1-e88f91abac33
2026-05-09 18:09:44.859 8 INFO neutron.services.segments.plugin [-] Segment 1906cfc6-2876-4077-97b1-9154e3f93271 resource provider aggregate not found
2026-05-09 18:09:44.864 8 INFO neutron.services.segments.plugin [-] Segment 1906cfc6-2876-4077-97b1-9154e3f93271 resource provider aggregate not found
2026-05-09 18:09:44.875 8 INFO neutron.services.segments.plugin [-] Segment 1906cfc6-2876-4077-97b1-9154e3f93271 resource provider not found; error: Placement Client Error (4xx): {"errors": [{"status": 404, "title": "Not Found", "detail": "The resource could not be found.\n\n No resource provider with uuid 1906cfc6-2876-4077-97b1-9154e3f93271 found for delete ", "request_id": "req-10cd0f4e-c389-4db6-ba47-6a2657da5823"}]}
2026-05-09 18:09:44.879 8 INFO neutron.services.segments.plugin [-] Segment 1906cfc6-2876-4077-97b1-9154e3f93271 resource provider not found; error: Placement Client Error (4xx): {"errors": [{"status": 404, "title": "Not Found", "detail": "The resource could not be found.\n\n No resource provider with uuid 1906cfc6-2876-4077-97b1-9154e3f93271 found for delete ", "request_id": "req-33eec401-dfd0-47ce-9cfb-5e5fe3def88c"}]} [pid: 8|app: 0|req: 1199/2569] 10.0.0.56 () {32 vars in 725 bytes} [Sat May 9 18:09:44 2026] DELETE /v2.0/networks/12c88c4c-a85a-4342-96c1-da33c515c0ad => generated 0 bytes in 367 msecs (HTTP/1.1 204) 3 headers in 131 bytes (1 switches on core 0)
2026-05-09 18:09:45.029 7 INFO neutron_taas.services.taas.taas_plugin [None req-e2eb95b9-54b1-43b9-a357-6d14c7b7823b 4cb6b1f240d54e658bfbcdd18d7e8cf7 15bd0c0e61a144269d63c6d92373aada - - default default] TaaS: Handle Delete Port: 5323068c-ee09-446e-afcf-5dd234f5224e
2026-05-09 18:09:45.032 7 INFO neutron_taas.services.taas.tap_mirror_plugin [None req-e2eb95b9-54b1-43b9-a357-6d14c7b7823b 4cb6b1f240d54e658bfbcdd18d7e8cf7 15bd0c0e61a144269d63c6d92373aada - - default default] Tap Mirror: Handle Delete Port: 5323068c-ee09-446e-afcf-5dd234f5224e [pid: 7|app: 0|req: 1371/2570] 10.0.0.56 () {32 vars in 725 bytes} [Sat May 9 18:09:44 2026] DELETE /v2.0/networks/d7230c3d-1572-4dca-9d00-7697c069bd62 => generated 0 bytes in 350 msecs (HTTP/1.1 204) 3 headers in 131 bytes (1 switches on core 0)
2026-05-09 18:09:45.411 8 INFO neutron_taas.services.taas.taas_plugin [None req-b1032208-d5c6-462d-a8d7-907b7882eee0 4cb6b1f240d54e658bfbcdd18d7e8cf7 15bd0c0e61a144269d63c6d92373aada - - default default] TaaS: Handle Delete Port: 25e3987b-d1e7-42b3-a8ea-80cd7912ccf4
2026-05-09 18:09:45.414 8 INFO neutron_taas.services.taas.tap_mirror_plugin [None req-b1032208-d5c6-462d-a8d7-907b7882eee0 4cb6b1f240d54e658bfbcdd18d7e8cf7 15bd0c0e61a144269d63c6d92373aada - - default default] Tap Mirror: Handle Delete Port: 25e3987b-d1e7-42b3-a8ea-80cd7912ccf4 [pid: 8|app: 0|req: 1200/2571] 10.0.0.56 () {32 vars in 725 bytes} [Sat May 9 18:09:45 2026] DELETE /v2.0/networks/53f490dc-0d07-40c1-8073-658bc5d585d4 => generated 0 bytes in 345 msecs (HTTP/1.1 204) 3 headers in 131 bytes (1 switches on core 0)
2026-05-09 18:09:45.734 7 INFO neutron_taas.services.taas.taas_plugin [None req-13d99808-f6b7-40c7-a2bd-9626a102c325 4cb6b1f240d54e658bfbcdd18d7e8cf7 15bd0c0e61a144269d63c6d92373aada - - default default] TaaS: Handle Delete Port: 58f78efe-48ee-46b3-88f6-d2df2220d67a
2026-05-09 18:09:45.737 7 INFO neutron_taas.services.taas.tap_mirror_plugin [None req-13d99808-f6b7-40c7-a2bd-9626a102c325 4cb6b1f240d54e658bfbcdd18d7e8cf7 15bd0c0e61a144269d63c6d92373aada - - default default] Tap Mirror: Handle Delete Port: 58f78efe-48ee-46b3-88f6-d2df2220d67a [pid: 7|app: 0|req: 1372/2572] 10.0.0.56 () {32 vars in 725 bytes} [Sat May 9 18:09:45 2026] DELETE /v2.0/networks/e032bfef-bb9b-40a3-81d6-dc348b69f726 => generated 0 bytes in 330 msecs (HTTP/1.1 204) 3 headers in 131 bytes (1 switches on core 0)
2026-05-09 18:09:46.553 7 INFO neutron.services.segments.plugin [-] Segment def1a7d5-73f1-4bc0-b1e4-ffaa8e16dea6 resource provider aggregate not found
2026-05-09 18:09:46.559 7 INFO neutron.services.segments.plugin [-] Segment def1a7d5-73f1-4bc0-b1e4-ffaa8e16dea6 resource provider aggregate not found
2026-05-09 18:09:46.575 7 INFO neutron.services.segments.plugin [-] Segment def1a7d5-73f1-4bc0-b1e4-ffaa8e16dea6 resource provider not found; error: Placement Client Error (4xx): {"errors": [{"status": 404, "title": "Not Found", "detail": "The resource could not be found.\n\n No resource provider with uuid def1a7d5-73f1-4bc0-b1e4-ffaa8e16dea6 found for delete ", "request_id": "req-3f4afc7d-e6e7-4c56-bdfd-346bb3c2fba8"}]}
2026-05-09 18:09:46.582 7 INFO neutron.services.segments.plugin [-] Segment def1a7d5-73f1-4bc0-b1e4-ffaa8e16dea6 resource provider not found; error: Placement Client Error (4xx): {"errors": [{"status": 404, "title": "Not Found", "detail": "The resource could not be found.\n\n No resource provider with uuid def1a7d5-73f1-4bc0-b1e4-ffaa8e16dea6 found for delete ", "request_id": "req-c7f96b69-5402-4a2d-b6ba-cc25a87a8fff"}]}
2026-05-09 18:09:46.587 7 INFO neutron.services.segments.plugin [-] Segment ac0e18a8-e6b3-46b2-8b64-698a5639db27 resource provider aggregate not found
2026-05-09 18:09:46.595 7 INFO neutron.services.segments.plugin [-] Segment ac0e18a8-e6b3-46b2-8b64-698a5639db27 resource provider not found; error: Placement Client Error (4xx): {"errors": [{"status": 404, "title": "Not Found", "detail": "The resource could not be found.\n\n No resource provider with uuid ac0e18a8-e6b3-46b2-8b64-698a5639db27 found for delete ", "request_id": "req-73bf540f-2bb0-4b55-9407-77fb12b13d82"}]}
2026-05-09 18:09:46.598 7 INFO neutron.services.segments.plugin [-] Segment ac0e18a8-e6b3-46b2-8b64-698a5639db27 resource provider aggregate not found
2026-05-09 18:09:46.610 7 INFO neutron.services.segments.plugin [-] Segment ac0e18a8-e6b3-46b2-8b64-698a5639db27 resource provider not found; error: Placement Client Error (4xx): {"errors": [{"status": 404, "title": "Not Found", "detail": "The resource could not be found.\n\n No resource provider with uuid ac0e18a8-e6b3-46b2-8b64-698a5639db27 found for delete ", "request_id": "req-631bc7f1-d61c-442f-bc19-410ac4102048"}]}
2026-05-09 18:09:46.896 8 INFO neutron.services.segments.plugin [-] Segment aad3aaa5-a5d0-4946-9bc4-2f4f5786f663 resource provider aggregate not found
2026-05-09 18:09:46.899 8 INFO neutron.services.segments.plugin [-] Segment aad3aaa5-a5d0-4946-9bc4-2f4f5786f663 resource provider aggregate not found
2026-05-09 18:09:46.910 8 INFO neutron.services.segments.plugin [-] Segment aad3aaa5-a5d0-4946-9bc4-2f4f5786f663 resource provider not found; error: Placement Client Error (4xx): {"errors": [{"status": 404, "title": "Not Found", "detail": "The resource could not be found.\n\n No resource provider with uuid aad3aaa5-a5d0-4946-9bc4-2f4f5786f663 found for delete ", "request_id": "req-92ed3cc4-b027-4862-833b-baf0b0cdb522"}]}
2026-05-09 18:09:46.923 8 INFO neutron.services.segments.plugin [-] Segment aad3aaa5-a5d0-4946-9bc4-2f4f5786f663 resource provider not found; error: Placement Client Error (4xx): {"errors": [{"status": 404, "title": "Not Found", "detail": "The resource could not be found.\n\n No resource provider with uuid aad3aaa5-a5d0-4946-9bc4-2f4f5786f663 found for delete ", "request_id": "req-00a9d777-04f9-42f9-84f3-ac85973af39f"}]}
2026-05-09 18:09:47.110 8 WARNING neutron.db.securitygroups_db [None req-836685b4-4117-49e7-b508-035bb03e2ca4 9f7c7c62471241dc81c73e8476f9f557 633cf0a29a0e4cd5b83b113b02332c7c - - default default] project_id key not found in filters, using tenant_id instead. This support has been deprecated and will be removed in a future release. [pid: 8|app: 0|req: 1201/2573] 10.0.0.56 () {32 vars in 773 bytes} [Sat May 9 18:09:46 2026] GET /v2.0/security-groups?tenant_id=15bd0c0e61a144269d63c6d92373aada&name=default => generated 2925 bytes in 224 msecs (HTTP/1.1 200) 4 headers in 158 bytes (1 switches on core 0) [pid: 7|app: 0|req: 1373/2574] 10.0.0.56 () {32 vars in 739 bytes} [Sat May 9 18:09:47 2026] DELETE /v2.0/security-groups/acbad274-357b-4e50-be4a-814b35385763 => generated 0 bytes in 190 msecs (HTTP/1.1 204) 2 headers in 112 bytes (1 switches on core 0)
2026-05-09 18:09:47.454 7 WARNING neutron.db.securitygroups_db [None req-af685565-fb37-4878-81fc-ac6f31e99d77 9f7c7c62471241dc81c73e8476f9f557 633cf0a29a0e4cd5b83b113b02332c7c - - default default] project_id key not found in filters, using tenant_id instead. This support has been deprecated and will be removed in a future release.
2026-05-09 18:09:47.562 7 INFO neutron.db.ovn_revision_numbers_db [None req-af685565-fb37-4878-81fc-ac6f31e99d77 9f7c7c62471241dc81c73e8476f9f557 633cf0a29a0e4cd5b83b113b02332c7c - - default default] Successfully bumped revision number for resource 90252fa8-acea-4e6d-8a5b-ddf7459cf8a2 (type: security_groups) to 1
2026-05-09 18:09:47.572 7 INFO neutron.db.ovn_revision_numbers_db [None req-af685565-fb37-4878-81fc-ac6f31e99d77 9f7c7c62471241dc81c73e8476f9f557 633cf0a29a0e4cd5b83b113b02332c7c - - default default] Successfully bumped revision number for resource 0d51ac42-8d9f-456c-8884-04f24243dcfb (type: security_group_rules) to 0
2026-05-09 18:09:47.592 7 INFO neutron.db.ovn_revision_numbers_db [None req-af685565-fb37-4878-81fc-ac6f31e99d77 9f7c7c62471241dc81c73e8476f9f557 633cf0a29a0e4cd5b83b113b02332c7c - - default default] Successfully bumped revision number for resource 807eb64d-e1b3-4408-aa7f-abe1b199540c (type: security_group_rules) to 0
2026-05-09 18:09:47.603 7 INFO neutron.db.ovn_revision_numbers_db [None req-af685565-fb37-4878-81fc-ac6f31e99d77 9f7c7c62471241dc81c73e8476f9f557 633cf0a29a0e4cd5b83b113b02332c7c - - default default] Successfully bumped revision number for resource cefe22f9-3da1-4de6-838b-ef79177bf671 (type: security_group_rules) to 0
2026-05-09 18:09:47.614 7 INFO neutron.db.ovn_revision_numbers_db [None req-af685565-fb37-4878-81fc-ac6f31e99d77 9f7c7c62471241dc81c73e8476f9f557 633cf0a29a0e4cd5b83b113b02332c7c - - default default] Successfully bumped revision number for resource fa43c802-9208-4073-a0cd-31ccf2671dbe (type: security_group_rules) to 0 [pid: 7|app: 0|req: 1374/2575] 10.0.0.56 () {32 vars in 773 bytes} [Sat May 9 18:09:47 2026] GET /v2.0/security-groups?tenant_id=9fbd9ae84ede48b7bd99857ccd562245&name=default => generated 2929 bytes in 208 msecs (HTTP/1.1 200) 4 headers in 158 bytes (1 switches on core 0)
2026-05-09 18:09:47.751 8 WARNING neutron.scheduler.dhcp_agent_scheduler [None req-fe6d52e6-2f01-4a45-a6e1-fb4dc01313db aac3c2bf66ed484ead54dd4e567dc1f0 9d33c6012e5c4fcb861d472cc3cf52d2 - - default default] No more DHCP agents
2026-05-09 18:09:47.752 8 WARNING neutron.api.rpc.agentnotifiers.dhcp_rpc_agent_api [None req-fe6d52e6-2f01-4a45-a6e1-fb4dc01313db aac3c2bf66ed484ead54dd4e567dc1f0 9d33c6012e5c4fcb861d472cc3cf52d2 - - default default] Unable to schedule network 8ec5c80a-aff0-45f3-ba35-498872ecb345: no agents available; will retry on subsequent port and subnet creation events. [pid: 7|app: 0|req: 1375/2576] 10.0.0.56 () {32 vars in 739 bytes} [Sat May 9 18:09:47 2026] DELETE /v2.0/security-groups/90252fa8-acea-4e6d-8a5b-ddf7459cf8a2 => generated 0 bytes in 147 msecs (HTTP/1.1 204) 2 headers in 112 bytes (1 switches on core 0) [pid: 7|app: 0|req: 1376/2577] 10.0.0.56 () {34 vars in 677 bytes} [Sat May 9 18:09:47 2026] POST /v2.0/qos/policies => generated 359 bytes in 74 msecs (HTTP/1.1 201) 4 headers in 162 bytes (1 switches on core 0)
2026-05-09 18:09:47.907 7 WARNING tagging [None req-faf158e3-26b5-4053-afa9-d1be09b703d4 7c4a12b3524242c0a1dfffa139c6fbcb 76f02702c01f4d02a526117025520b49 - - default default] project_id key not found in request, using tenant_id instead. This support has been deprecated and will be removed in a future release. [pid: 7|app: 0|req: 1377/2578] 10.0.0.56 () {34 vars in 752 bytes} [Sat May 9 18:09:47 2026] PUT /v2.0/policies/e416dc8e-fd3d-4e39-8be9-78a9adea9ace/tags => generated 25 bytes in 36 msecs (HTTP/1.1 200) 4 headers in 156 bytes (1 switches on core 0)
2026-05-09 18:09:47.950 7 WARNING tagging [None req-7672eafb-860c-4315-bd0b-aaa837ec5a47 7c4a12b3524242c0a1dfffa139c6fbcb 76f02702c01f4d02a526117025520b49 - - default default] project_id key not found in request, using tenant_id instead. This support has been deprecated and will be removed in a future release. [pid: 7|app: 0|req: 1378/2579] 10.0.0.56 () {32 vars in 732 bytes} [Sat May 9 18:09:47 2026] GET /v2.0/policies/e416dc8e-fd3d-4e39-8be9-78a9adea9ace/tags => generated 25 bytes in 25 msecs (HTTP/1.1 200) 4 headers in 156 bytes (1 switches on core 0)
2026-05-09 18:09:47.959 7 WARNING neutron.db.securitygroups_db [None req-427baeef-0571-46b8-9f7e-4bd8b451f82c 9f7c7c62471241dc81c73e8476f9f557 633cf0a29a0e4cd5b83b113b02332c7c - - default default] project_id key not found in filters, using tenant_id instead. This support has been deprecated and will be removed in a future release. [pid: 8|app: 0|req: 1202/2580] 10.0.0.56 () {34 vars in 675 bytes} [Sat May 9 18:09:47 2026] POST /v2.0/floatingips => generated 552 bytes in 609 msecs (HTTP/1.1 201) 4 headers in 162 bytes (1 switches on core 0)
2026-05-09 18:09:48.048 7 INFO neutron.db.ovn_revision_numbers_db [None req-427baeef-0571-46b8-9f7e-4bd8b451f82c 9f7c7c62471241dc81c73e8476f9f557 633cf0a29a0e4cd5b83b113b02332c7c - - default default] Successfully bumped revision number for resource a1aec052-d132-4089-81a6-e750ba1c2ac2 (type: security_groups) to 1
2026-05-09 18:09:48.060 7 INFO neutron.db.ovn_revision_numbers_db [None req-427baeef-0571-46b8-9f7e-4bd8b451f82c 9f7c7c62471241dc81c73e8476f9f557 633cf0a29a0e4cd5b83b113b02332c7c - - default default] Successfully bumped revision number for resource 2bca44b7-a86c-4569-a642-d4a20a21d729 (type: security_group_rules) to 0
2026-05-09 18:09:48.069 8 WARNING tagging [None req-4ea60979-3885-45fa-aa9f-56f911a8fa27 7c4a12b3524242c0a1dfffa139c6fbcb 76f02702c01f4d02a526117025520b49 - - default default] project_id key not found in request, using tenant_id instead. This support has been deprecated and will be removed in a future release.
2026-05-09 18:09:48.070 7 INFO neutron.db.ovn_revision_numbers_db [None req-427baeef-0571-46b8-9f7e-4bd8b451f82c 9f7c7c62471241dc81c73e8476f9f557 633cf0a29a0e4cd5b83b113b02332c7c - - default default] Successfully bumped revision number for resource bbb6d561-607d-4440-8893-9e041fbbaf7d (type: security_group_rules) to 0
2026-05-09 18:09:48.078 7 INFO neutron.db.ovn_revision_numbers_db [None req-427baeef-0571-46b8-9f7e-4bd8b451f82c 9f7c7c62471241dc81c73e8476f9f557 633cf0a29a0e4cd5b83b113b02332c7c - - default default] Successfully bumped revision number for resource c5543d6b-f61a-424f-bda7-9fb5fe1ae1e9 (type: security_group_rules) to 0
2026-05-09 18:09:48.089 7 INFO neutron.db.ovn_revision_numbers_db [None req-427baeef-0571-46b8-9f7e-4bd8b451f82c 9f7c7c62471241dc81c73e8476f9f557 633cf0a29a0e4cd5b83b113b02332c7c - - default default] Successfully bumped revision number for resource ed5b6a5d-1eee-45c5-af8b-63eaf6f4350c (type: security_group_rules) to 0 [pid: 8|app: 0|req: 1203/2581] 10.0.0.56 () {34 vars in 763 bytes} [Sat May 9 18:09:48 2026] PUT /v2.0/policies/e416dc8e-fd3d-4e39-8be9-78a9adea9ace/tags/green => generated 4 bytes in 47 msecs (HTTP/1.1 201) 4 headers in 160 bytes (1 switches on core 0)
2026-05-09 18:09:48.114 8 WARNING tagging [None req-177223d0-f124-4de8-98c4-cf332e2661a4 aac3c2bf66ed484ead54dd4e567dc1f0 9d33c6012e5c4fcb861d472cc3cf52d2 - - default default] project_id key not found in request, using tenant_id instead. This support has been deprecated and will be removed in a future release. [pid: 7|app: 0|req: 1379/2582] 10.0.0.56 () {32 vars in 773 bytes} [Sat May 9 18:09:47 2026] GET /v2.0/security-groups?tenant_id=31ac4a2a02dc4cee8212c0069f166115&name=default => generated 2929 bytes in 164 msecs (HTTP/1.1 200) 4 headers in 158 bytes (1 switches on core 0) [pid: 8|app: 0|req: 1204/2583] 10.0.0.56 () {34 vars in 758 bytes} [Sat May 9 18:09:48 2026] PUT /v2.0/floatingips/2efa205d-caed-44a8-8dc6-2b389e8f9f75/tags => generated 25 bytes in 48 msecs (HTTP/1.1 200) 4 headers in 156 bytes (1 switches on core 0)
2026-05-09 18:09:48.143 7 WARNING tagging [None req-9263abd0-c596-4d4a-aafa-1b7d0a70e90a 7c4a12b3524242c0a1dfffa139c6fbcb 76f02702c01f4d02a526117025520b49 - - default default] project_id key not found in request, using tenant_id instead. This support has been deprecated and will be removed in a future release. [pid: 7|app: 0|req: 1380/2584] 10.0.0.56 () {32 vars in 732 bytes} [Sat May 9 18:09:48 2026] GET /v2.0/policies/e416dc8e-fd3d-4e39-8be9-78a9adea9ace/tags => generated 34 bytes in 29 msecs (HTTP/1.1 200) 4 headers in 156 bytes (1 switches on core 0)
2026-05-09 18:09:48.168 7 WARNING tagging [None req-5a8abb29-e1b7-4f43-a5f9-56a79d5a30ed aac3c2bf66ed484ead54dd4e567dc1f0 9d33c6012e5c4fcb861d472cc3cf52d2 - - default default] project_id key not found in request, using tenant_id instead. This support has been deprecated and will be removed in a future release. [pid: 7|app: 0|req: 1381/2585] 10.0.0.56 () {32 vars in 738 bytes} [Sat May 9 18:09:48 2026] GET /v2.0/floatingips/2efa205d-caed-44a8-8dc6-2b389e8f9f75/tags => generated 25 bytes in 29 msecs (HTTP/1.1 200) 4 headers in 156 bytes (1 switches on core 0)
2026-05-09 18:09:48.199 7 WARNING tagging [None req-3aad07ea-9dc9-4afa-8656-6d1892687a29 7c4a12b3524242c0a1dfffa139c6fbcb 76f02702c01f4d02a526117025520b49 - - default default] project_id key not found in request, using tenant_id instead. This support has been deprecated and will be removed in a future release. [pid: 7|app: 0|req: 1382/2586] 10.0.0.56 () {34 vars in 759 bytes} [Sat May 9 18:09:48 2026] PUT /v2.0/policies/e416dc8e-fd3d-4e39-8be9-78a9adea9ace/tags/red => generated 4 bytes in 30 msecs (HTTP/1.1 201) 4 headers in 160 bytes (1 switches on core 0)
2026-05-09 18:09:48.226 7 WARNING tagging [None req-457c17dc-98e2-4418-a454-7d162eac511e aac3c2bf66ed484ead54dd4e567dc1f0 9d33c6012e5c4fcb861d472cc3cf52d2 - - default default] project_id key not found in request, using tenant_id instead. This support has been deprecated and will be removed in a future release. [pid: 7|app: 0|req: 1383/2587] 10.0.0.56 () {34 vars in 769 bytes} [Sat May 9 18:09:48 2026] PUT /v2.0/floatingips/2efa205d-caed-44a8-8dc6-2b389e8f9f75/tags/green => generated 4 bytes in 60 msecs (HTTP/1.1 201) 4 headers in 160 bytes (1 switches on core 0)
2026-05-09 18:09:48.295 7 WARNING tagging [None req-d75c35b7-6ed7-4a9f-956f-384f441e8887 7c4a12b3524242c0a1dfffa139c6fbcb 76f02702c01f4d02a526117025520b49 - - default default] project_id key not found in request, using tenant_id instead. This support has been deprecated and will be removed in a future release. [pid: 8|app: 0|req: 1205/2588] 10.0.0.56 () {32 vars in 739 bytes} [Sat May 9 18:09:48 2026] DELETE /v2.0/security-groups/a1aec052-d132-4089-81a6-e750ba1c2ac2 => generated 0 bytes in 158 msecs (HTTP/1.1 204) 2 headers in 112 bytes (1 switches on core 0) [pid: 7|app: 0|req: 1384/2589] 10.0.0.56 () {32 vars in 732 bytes} [Sat May 9 18:09:48 2026] GET /v2.0/policies/e416dc8e-fd3d-4e39-8be9-78a9adea9ace/tags => generated 34 bytes in 31 msecs (HTTP/1.1 200) 4 headers in 156 bytes (1 switches on core 0)
2026-05-09 18:09:48.323 8 WARNING tagging [None req-72bb240c-b53c-4a20-ac72-038e42e10e4b aac3c2bf66ed484ead54dd4e567dc1f0 9d33c6012e5c4fcb861d472cc3cf52d2 - - default default] project_id key not found in request, using tenant_id instead. This support has been deprecated and will be removed in a future release.
2026-05-09 18:09:48.337 7 WARNING tagging [None req-e2c43518-f226-4281-a7ba-ab15e6006a36 7c4a12b3524242c0a1dfffa139c6fbcb 76f02702c01f4d02a526117025520b49 - - default default] project_id key not found in request, using tenant_id instead. This support has been deprecated and will be removed in a future release. [pid: 8|app: 0|req: 1206/2590] 10.0.0.56 () {32 vars in 738 bytes} [Sat May 9 18:09:48 2026] GET /v2.0/floatingips/2efa205d-caed-44a8-8dc6-2b389e8f9f75/tags => generated 34 bytes in 37 msecs (HTTP/1.1 200) 4 headers in 156 bytes (1 switches on core 0)
2026-05-09 18:09:48.361 8 WARNING tagging [None req-9cb7766c-53d5-413a-ba75-f9a40a74d487 aac3c2bf66ed484ead54dd4e567dc1f0 9d33c6012e5c4fcb861d472cc3cf52d2 - - default default] project_id key not found in request, using tenant_id instead. This support has been deprecated and will be removed in a future release. [pid: 7|app: 0|req: 1385/2591] 10.0.0.56 () {34 vars in 781 bytes} [Sat May 9 18:09:48 2026] PUT /v2.0/policies/e416dc8e-fd3d-4e39-8be9-78a9adea9ace/tags/black.or.white => generated 4 bytes in 54 msecs (HTTP/1.1 201) 4 headers in 160 bytes (1 switches on core 0)
2026-05-09 18:09:48.390 7 WARNING tagging [None req-d0f5453a-1913-4c1e-8733-e23e7d4d9aa6 7c4a12b3524242c0a1dfffa139c6fbcb 76f02702c01f4d02a526117025520b49 - - default default] project_id key not found in request, using tenant_id instead. This support has been deprecated and will be removed in a future release. [pid: 8|app: 0|req: 1207/2592] 10.0.0.56 () {34 vars in 765 bytes} [Sat May 9 18:09:48 2026] PUT /v2.0/floatingips/2efa205d-caed-44a8-8dc6-2b389e8f9f75/tags/red => generated 4 bytes in 54 msecs (HTTP/1.1 201) 4 headers in 160 bytes (1 switches on core 0) [pid: 7|app: 0|req: 1386/2593] 10.0.0.56 () {32 vars in 732 bytes} [Sat May 9 18:09:48 2026] GET /v2.0/policies/e416dc8e-fd3d-4e39-8be9-78a9adea9ace/tags => generated 52 bytes in 30 msecs (HTTP/1.1 200) 4 headers in 156 bytes (1 switches on core 0)
2026-05-09 18:09:48.424 7 WARNING tagging [None req-4e88f179-2a70-4864-ac8d-b2c6f03d029c 7c4a12b3524242c0a1dfffa139c6fbcb 76f02702c01f4d02a526117025520b49 - - default default] project_id key not found in request, using tenant_id instead. This support has been deprecated and will be removed in a future release.
2026-05-09 18:09:48.424 8 WARNING tagging [None req-ef9fcbae-8df8-4c89-8f44-45776cf609f8 aac3c2bf66ed484ead54dd4e567dc1f0 9d33c6012e5c4fcb861d472cc3cf52d2 - - default default] project_id key not found in request, using tenant_id instead. This support has been deprecated and will be removed in a future release. [pid: 8|app: 0|req: 1208/2594] 10.0.0.56 () {32 vars in 738 bytes} [Sat May 9 18:09:48 2026] GET /v2.0/floatingips/2efa205d-caed-44a8-8dc6-2b389e8f9f75/tags => generated 34 bytes in 54 msecs (HTTP/1.1 200) 4 headers in 156 bytes (1 switches on core 0) [pid: 7|app: 0|req: 1387/2595] 10.0.0.56 () {34 vars in 752 bytes} [Sat May 9 18:09:48 2026] PUT /v2.0/policies/e416dc8e-fd3d-4e39-8be9-78a9adea9ace/tags => generated 37 bytes in 77 msecs (HTTP/1.1 200) 4 headers in 156 bytes (1 switches on core 0)
2026-05-09 18:09:48.483 8 WARNING tagging [None req-c65b59f1-0d7b-47ce-8feb-6ac7ce9d75fc aac3c2bf66ed484ead54dd4e567dc1f0 9d33c6012e5c4fcb861d472cc3cf52d2 - - default default] project_id key not found in request, using tenant_id instead. This support has been deprecated and will be removed in a future release.
2026-05-09 18:09:48.504 7 WARNING tagging [None req-7816b39a-3514-40b4-a0ae-78ca30d47be5 7c4a12b3524242c0a1dfffa139c6fbcb 76f02702c01f4d02a526117025520b49 - - default default] project_id key not found in request, using tenant_id instead. This support has been deprecated and will be removed in a future release. [pid: 7|app: 0|req: 1388/2596] 10.0.0.56 () {32 vars in 732 bytes} [Sat May 9 18:09:48 2026] GET /v2.0/policies/e416dc8e-fd3d-4e39-8be9-78a9adea9ace/tags => generated 37 bytes in 28 msecs (HTTP/1.1 200) 4 headers in 156 bytes (1 switches on core 0) [pid: 8|app: 0|req: 1209/2597] 10.0.0.56 () {34 vars in 787 bytes} [Sat May 9 18:09:48 2026] PUT /v2.0/floatingips/2efa205d-caed-44a8-8dc6-2b389e8f9f75/tags/black.or.white => generated 4 bytes in 74 msecs (HTTP/1.1 201) 4 headers in 160 bytes (1 switches on core 0)
2026-05-09 18:09:48.535 7 WARNING tagging [None req-8ab53a31-1d18-4ff1-90e1-5e98f32e63ad 7c4a12b3524242c0a1dfffa139c6fbcb 76f02702c01f4d02a526117025520b49 - - default default] project_id key not found in request, using tenant_id instead. This support has been deprecated and will be removed in a future release. [pid: 7|app: 0|req: 1389/2598] 10.0.0.56 () {32 vars in 740 bytes} [Sat May 9 18:09:48 2026] GET /v2.0/policies/e416dc8e-fd3d-4e39-8be9-78a9adea9ace/tags/red => generated 0 bytes in 25 msecs (HTTP/1.1 204) 2 headers in 112 bytes (1 switches on core 0)
2026-05-09 18:09:48.555 8 WARNING tagging [None req-eccd49e4-9c0b-4c74-a795-d8f11a431b98 aac3c2bf66ed484ead54dd4e567dc1f0 9d33c6012e5c4fcb861d472cc3cf52d2 - - default default] project_id key not found in request, using tenant_id instead. This support has been deprecated and will be removed in a future release.
2026-05-09 18:09:48.570 7 WARNING tagging [None req-334c3796-098e-4237-86eb-35b889dfc6a1 7c4a12b3524242c0a1dfffa139c6fbcb 76f02702c01f4d02a526117025520b49 - - default default] project_id key not found in request, using tenant_id instead. This support has been deprecated and will be removed in a future release. [pid: 8|app: 0|req: 1210/2599] 10.0.0.56 () {32 vars in 738 bytes} [Sat May 9 18:09:48 2026] GET /v2.0/floatingips/2efa205d-caed-44a8-8dc6-2b389e8f9f75/tags => generated 52 bytes in 35 msecs (HTTP/1.1 200) 4 headers in 156 bytes (1 switches on core 0)
2026-05-09 18:09:48.576 7 INFO neutron.api.v2.resource [None req-334c3796-098e-4237-86eb-35b889dfc6a1 7c4a12b3524242c0a1dfffa139c6fbcb 76f02702c01f4d02a526117025520b49 - - default default] show failed (client error): The resource could not be found. [pid: 7|app: 0|req: 1390/2600] 10.0.0.56 () {32 vars in 744 bytes} [Sat May 9 18:09:48 2026] GET /v2.0/policies/e416dc8e-fd3d-4e39-8be9-78a9adea9ace/tags/green => generated 99 bytes in 31 msecs (HTTP/1.1 404) 4 headers in 163 bytes (1 switches on core 0)
2026-05-09 18:09:48.596 8 WARNING tagging [None req-20e8278c-8ffa-4432-830e-9f1f0e14ee2e aac3c2bf66ed484ead54dd4e567dc1f0 9d33c6012e5c4fcb861d472cc3cf52d2 - - default default] project_id key not found in request, using tenant_id instead. This support has been deprecated and will be removed in a future release.
2026-05-09 18:09:48.605 7 WARNING tagging [None req-e785c0bd-8094-4c00-89d8-b78e9b67b506 7c4a12b3524242c0a1dfffa139c6fbcb 76f02702c01f4d02a526117025520b49 - - default default] project_id key not found in request, using tenant_id instead. This support has been deprecated and will be removed in a future release. [pid: 7|app: 0|req: 1391/2601] 10.0.0.56 () {32 vars in 743 bytes} [Sat May 9 18:09:48 2026] DELETE /v2.0/policies/e416dc8e-fd3d-4e39-8be9-78a9adea9ace/tags/red => generated 0 bytes in 42 msecs (HTTP/1.1 204) 2 headers in 112 bytes (1 switches on core 0) [pid: 8|app: 0|req: 1211/2602] 10.0.0.56 () {34 vars in 758 bytes} [Sat May 9 18:09:48 2026] PUT /v2.0/floatingips/2efa205d-caed-44a8-8dc6-2b389e8f9f75/tags => generated 37 bytes in 54 msecs (HTTP/1.1 200) 4 headers in 156 bytes (1 switches on core 0)
2026-05-09 18:09:48.651 8 WARNING tagging [None req-11e2c92e-e3d8-4728-925c-9d425fdccace aac3c2bf66ed484ead54dd4e567dc1f0 9d33c6012e5c4fcb861d472cc3cf52d2 - - default default] project_id key not found in request, using tenant_id instead. This support has been deprecated and will be removed in a future release.
2026-05-09 18:09:48.652 7 WARNING tagging [None req-8f9639f6-9426-45dc-a5a9-31231578c8b4 7c4a12b3524242c0a1dfffa139c6fbcb 76f02702c01f4d02a526117025520b49 - - default default] project_id key not found in request, using tenant_id instead. This support has been deprecated and will be removed in a future release. [pid: 7|app: 0|req: 1392/2603] 10.0.0.56 () {32 vars in 732 bytes} [Sat May 9 18:09:48 2026] GET /v2.0/policies/e416dc8e-fd3d-4e39-8be9-78a9adea9ace/tags => generated 30 bytes in 30 msecs (HTTP/1.1 200) 4 headers in 156 bytes (1 switches on core 0) [pid: 8|app: 0|req: 1212/2604] 10.0.0.56 () {32 vars in 738 bytes} [Sat May 9 18:09:48 2026] GET /v2.0/floatingips/2efa205d-caed-44a8-8dc6-2b389e8f9f75/tags => generated 37 bytes in 34 msecs (HTTP/1.1 200) 4 headers in 156 bytes (1 switches on core 0)
2026-05-09 18:09:48.683 7 WARNING tagging [None req-48a034d8-a429-4c9a-8f43-58d42a2267c4 7c4a12b3524242c0a1dfffa139c6fbcb 76f02702c01f4d02a526117025520b49 - - default default] project_id key not found in request, using tenant_id instead. This support has been deprecated and will be removed in a future release.
2026-05-09 18:09:48.689 8 WARNING tagging [None req-b958d97e-8362-4a32-a5f7-382bb749f3ce aac3c2bf66ed484ead54dd4e567dc1f0 9d33c6012e5c4fcb861d472cc3cf52d2 - - default default] project_id key not found in request, using tenant_id instead. This support has been deprecated and will be removed in a future release.
2026-05-09 18:09:48.692 7 INFO neutron.api.v2.resource [None req-48a034d8-a429-4c9a-8f43-58d42a2267c4 7c4a12b3524242c0a1dfffa139c6fbcb 76f02702c01f4d02a526117025520b49 - - default default] delete failed (client error): The resource could not be found. [pid: 7|app: 0|req: 1393/2605] 10.0.0.56 () {32 vars in 747 bytes} [Sat May 9 18:09:48 2026] DELETE /v2.0/policies/e416dc8e-fd3d-4e39-8be9-78a9adea9ace/tags/green => generated 99 bytes in 28 msecs (HTTP/1.1 404) 4 headers in 163 bytes (1 switches on core 0) [pid: 8|app: 0|req: 1213/2606] 10.0.0.56 () {32 vars in 746 bytes} [Sat May 9 18:09:48 2026] GET /v2.0/floatingips/2efa205d-caed-44a8-8dc6-2b389e8f9f75/tags/red => generated 0 bytes in 30 msecs (HTTP/1.1 204) 2 headers in 112 bytes (1 switches on core 0)
2026-05-09 18:09:48.715 7 WARNING tagging [None req-95821d70-153f-4b13-8764-1de4a7055d24 7c4a12b3524242c0a1dfffa139c6fbcb 76f02702c01f4d02a526117025520b49 - - default default] project_id key not found in request, using tenant_id instead. This support has been deprecated and will be removed in a future release.
2026-05-09 18:09:48.721 8 WARNING tagging [None req-039c6233-52e6-47cc-aa11-f5d72ef165b9 aac3c2bf66ed484ead54dd4e567dc1f0 9d33c6012e5c4fcb861d472cc3cf52d2 - - default default] project_id key not found in request, using tenant_id instead. This support has been deprecated and will be removed in a future release.
2026-05-09 18:09:48.742 8 INFO neutron.api.v2.resource [None req-039c6233-52e6-47cc-aa11-f5d72ef165b9 aac3c2bf66ed484ead54dd4e567dc1f0 9d33c6012e5c4fcb861d472cc3cf52d2 - - default default] show failed (client error): The resource could not be found. [pid: 8|app: 0|req: 1214/2607] 10.0.0.56 () {32 vars in 750 bytes} [Sat May 9 18:09:48 2026] GET /v2.0/floatingips/2efa205d-caed-44a8-8dc6-2b389e8f9f75/tags/green => generated 99 bytes in 38 msecs (HTTP/1.1 404) 4 headers in 163 bytes (1 switches on core 0) [pid: 7|app: 0|req: 1394/2608] 10.0.0.56 () {32 vars in 735 bytes} [Sat May 9 18:09:48 2026] DELETE /v2.0/policies/e416dc8e-fd3d-4e39-8be9-78a9adea9ace/tags => generated 0 bytes in 70 msecs (HTTP/1.1 204) 2 headers in 112 bytes (1 switches on core 0)
2026-05-09 18:09:48.789 8 WARNING tagging [None req-27a22948-c8f8-4c92-a53f-c838f7b3d35a aac3c2bf66ed484ead54dd4e567dc1f0 9d33c6012e5c4fcb861d472cc3cf52d2 - - default default] project_id key not found in request, using tenant_id instead. This support has been deprecated and will be removed in a future release.
2026-05-09 18:09:48.796 7 WARNING tagging [None req-0ae3448f-2835-458d-a7f5-d30bcd2663b0 7c4a12b3524242c0a1dfffa139c6fbcb 76f02702c01f4d02a526117025520b49 - - default default] project_id key not found in request, using tenant_id instead. This support has been deprecated and will be removed in a future release. [pid: 7|app: 0|req: 1395/2609] 10.0.0.56 () {32 vars in 732 bytes} [Sat May 9 18:09:48 2026] GET /v2.0/policies/e416dc8e-fd3d-4e39-8be9-78a9adea9ace/tags => generated 12 bytes in 32 msecs (HTTP/1.1 200) 4 headers in 156 bytes (1 switches on core 0) [pid: 8|app: 0|req: 1215/2610] 10.0.0.56 () {32 vars in 749 bytes} [Sat May 9 18:09:48 2026] DELETE /v2.0/floatingips/2efa205d-caed-44a8-8dc6-2b389e8f9f75/tags/red => generated 0 bytes in 69 msecs (HTTP/1.1 204) 2 headers in 112 bytes (1 switches on core 0) [pid: 7|app: 0|req: 1396/2611] 10.0.0.56 () {32 vars in 733 bytes} [Sat May 9 18:09:48 2026] DELETE /v2.0/qos/policies/e416dc8e-fd3d-4e39-8be9-78a9adea9ace => generated 0 bytes in 52 msecs (HTTP/1.1 204) 2 headers in 112 bytes (1 switches on core 0)
2026-05-09 18:09:48.862 8 WARNING tagging [None req-3677baac-cb6d-406b-bcc3-405b71edb6e7 aac3c2bf66ed484ead54dd4e567dc1f0 9d33c6012e5c4fcb861d472cc3cf52d2 - - default default] project_id key not found in request, using tenant_id instead. This support has been deprecated and will be removed in a future release. [pid: 8|app: 0|req: 1216/2612] 10.0.0.56 () {32 vars in 738 bytes} [Sat May 9 18:09:48 2026] GET /v2.0/floatingips/2efa205d-caed-44a8-8dc6-2b389e8f9f75/tags => generated 30 bytes in 47 msecs (HTTP/1.1 200) 4 headers in 156 bytes (1 switches on core 0)
2026-05-09 18:09:48.918 7 WARNING tagging [None req-56647d19-3e88-488b-8634-e06c74b1d776 aac3c2bf66ed484ead54dd4e567dc1f0 9d33c6012e5c4fcb861d472cc3cf52d2 - - default default] project_id key not found in request, using tenant_id instead. This support has been deprecated and will be removed in a future release.
2026-05-09 18:09:48.936 7 INFO neutron.api.v2.resource [None req-56647d19-3e88-488b-8634-e06c74b1d776 aac3c2bf66ed484ead54dd4e567dc1f0 9d33c6012e5c4fcb861d472cc3cf52d2 - - default default] delete failed (client error): The resource could not be found. [pid: 7|app: 0|req: 1397/2613] 10.0.0.56 () {32 vars in 753 bytes} [Sat May 9 18:09:48 2026] DELETE /v2.0/floatingips/2efa205d-caed-44a8-8dc6-2b389e8f9f75/tags/green => generated 99 bytes in 48 msecs (HTTP/1.1 404) 4 headers in 163 bytes (1 switches on core 0)
2026-05-09 18:09:48.977 8 WARNING tagging [None req-7ee87667-44f6-4b89-b633-515f6ce7a3c1 aac3c2bf66ed484ead54dd4e567dc1f0 9d33c6012e5c4fcb861d472cc3cf52d2 - - default default] project_id key not found in request, using tenant_id instead. This support has been deprecated and will be removed in a future release. [pid: 8|app: 0|req: 1217/2614] 10.0.0.56 () {32 vars in 741 bytes} [Sat May 9 18:09:48 2026] DELETE /v2.0/floatingips/2efa205d-caed-44a8-8dc6-2b389e8f9f75/tags => generated 0 bytes in 69 msecs (HTTP/1.1 204) 2 headers in 112 bytes (1 switches on core 0)
2026-05-09 18:09:49.043 7 WARNING tagging [None req-2e82dd9f-a2e7-4392-be41-5b5b01690a6b aac3c2bf66ed484ead54dd4e567dc1f0 9d33c6012e5c4fcb861d472cc3cf52d2 - - default default] project_id key not found in request, using tenant_id instead. This support has been deprecated and will be removed in a future release. [pid: 7|app: 0|req: 1398/2615] 10.0.0.56 () {32 vars in 738 bytes} [Sat May 9 18:09:49 2026] GET /v2.0/floatingips/2efa205d-caed-44a8-8dc6-2b389e8f9f75/tags => generated 12 bytes in 44 msecs (HTTP/1.1 200) 4 headers in 156 bytes (1 switches on core 0)
2026-05-09 18:09:49.202 8 INFO neutron_taas.services.taas.taas_plugin [None req-354ad8e5-4dca-4e53-b798-3e9e43d42b21 aac3c2bf66ed484ead54dd4e567dc1f0 9d33c6012e5c4fcb861d472cc3cf52d2 - - default default] TaaS: Handle Delete Port: 6267ec99-9dec-4a41-9584-15d6c44d5b75
