2026-05-09 18:10:04.944 7 INFO neutron.db.ovn_revision_numbers_db [None req-ac9e414b-a66a-43a9-b656-02c24a0d1b54 9f7c7c62471241dc81c73e8476f9f557 633cf0a29a0e4cd5b83b113b02332c7c - - default default] Successfully bumped revision number for resource b2d231d8-a7f5-4fe4-a89f-5a3d51f0b243 (type: security_group_rules) to 0
2026-05-09 18:10:04.954 8 WARNING neutron.db.securitygroups_db [None req-f9b87b83-53fa-4968-b28f-5ce030dcf6b0 9f7c7c62471241dc81c73e8476f9f557 633cf0a29a0e4cd5b83b113b02332c7c - - default default] project_id key not found in filters, using tenant_id instead. This support has been deprecated and will be removed in a future release.
2026-05-09 18:10:04.966 7 INFO neutron.db.ovn_revision_numbers_db [None req-ac9e414b-a66a-43a9-b656-02c24a0d1b54 9f7c7c62471241dc81c73e8476f9f557 633cf0a29a0e4cd5b83b113b02332c7c - - default default] Successfully bumped revision number for resource f729261e-94fd-46a4-a608-30335ddbc95e (type: security_group_rules) to 0 [pid: 8|app: 0|req: 1295/2768] 10.0.0.56 () {32 vars in 773 bytes} [Sat May 9 18:10:04 2026] GET /v2.0/security-groups?tenant_id=a36798fa8c7443fb9a49a5d316c628cc&name=default => generated 2929 bytes in 35 msecs (HTTP/1.1 200) 4 headers in 158 bytes (1 switches on core 0) [pid: 7|app: 0|req: 1474/2769] 10.0.0.56 () {32 vars in 773 bytes} [Sat May 9 18:10:04 2026] GET /v2.0/security-groups?tenant_id=47c3ec39a0884ffcb0846c28c1bcff9a&name=default => generated 2929 bytes in 284 msecs (HTTP/1.1 200) 4 headers in 158 bytes (1 switches on core 0) [pid: 8|app: 0|req: 1296/2770] 10.0.0.56 () {32 vars in 739 bytes} [Sat May 9 18:10:04 2026] DELETE /v2.0/security-groups/b86c8a94-c1b9-4394-9ada-576975cf87ff => generated 0 bytes in 228 msecs (HTTP/1.1 204) 2 headers in 112 bytes (1 switches on core 0) [pid: 7|app: 0|req: 1475/2773] 10.0.0.56 () {32 vars in 739 bytes} [Sat May 9 18:10:05 2026] DELETE /v2.0/security-groups/c46bdd43-258b-4af6-a525-2c13b59d56e3 => generated 0 bytes in 221 msecs (HTTP/1.1 204) 2 headers in 112 bytes (1 switches on core 0)
2026-05-09 18:10:05.549 8 WARNING neutron.db.securitygroups_db [None req-aa69e4c6-b3e1-4ce6-8376-a3d64d6f715c 9f7c7c62471241dc81c73e8476f9f557 633cf0a29a0e4cd5b83b113b02332c7c - - default default] project_id key not found in filters, using tenant_id instead. This support has been deprecated and will be removed in a future release.
2026-05-09 18:10:05.702 8 INFO neutron.db.ovn_revision_numbers_db [None req-aa69e4c6-b3e1-4ce6-8376-a3d64d6f715c 9f7c7c62471241dc81c73e8476f9f557 633cf0a29a0e4cd5b83b113b02332c7c - - default default] Successfully bumped revision number for resource 7b1fe1a1-b254-4c30-a03a-7d0ec9cd9ada (type: security_groups) to 1
2026-05-09 18:10:05.718 8 INFO neutron.db.ovn_revision_numbers_db [None req-aa69e4c6-b3e1-4ce6-8376-a3d64d6f715c 9f7c7c62471241dc81c73e8476f9f557 633cf0a29a0e4cd5b83b113b02332c7c - - default default] Successfully bumped revision number for resource 12a47cf4-ff01-4685-864a-1e251787603c (type: security_group_rules) to 0
2026-05-09 18:10:05.732 8 INFO neutron.db.ovn_revision_numbers_db [None req-aa69e4c6-b3e1-4ce6-8376-a3d64d6f715c 9f7c7c62471241dc81c73e8476f9f557 633cf0a29a0e4cd5b83b113b02332c7c - - default default] Successfully bumped revision number for resource 574be5f0-3afc-4c2a-b376-e901de09ac15 (type: security_group_rules) to 0
2026-05-09 18:10:05.746 8 INFO neutron.db.ovn_revision_numbers_db [None req-aa69e4c6-b3e1-4ce6-8376-a3d64d6f715c 9f7c7c62471241dc81c73e8476f9f557 633cf0a29a0e4cd5b83b113b02332c7c - - default default] Successfully bumped revision number for resource dfbe6a7c-6677-4f69-901a-2d08fead755d (type: security_group_rules) to 0
2026-05-09 18:10:05.755 8 INFO neutron.db.ovn_revision_numbers_db [None req-aa69e4c6-b3e1-4ce6-8376-a3d64d6f715c 9f7c7c62471241dc81c73e8476f9f557 633cf0a29a0e4cd5b83b113b02332c7c - - default default] Successfully bumped revision number for resource f9b429a6-d8ff-4d46-8e0a-e559ce0909d8 (type: security_group_rules) to 0 [pid: 8|app: 0|req: 1299/2774] 10.0.0.56 () {32 vars in 773 bytes} [Sat May 9 18:10:05 2026] GET /v2.0/security-groups?tenant_id=e28a20384b1e4efd911331e5ee70a0ea&name=default => generated 2929 bytes in 333 msecs (HTTP/1.1 200) 4 headers in 158 bytes (1 switches on core 0) [pid: 7|app: 0|req: 1476/2775] 10.0.0.56 () {32 vars in 739 bytes} [Sat May 9 18:10:05 2026] DELETE /v2.0/security-groups/7b1fe1a1-b254-4c30-a03a-7d0ec9cd9ada => generated 0 bytes in 181 msecs (HTTP/1.1 204) 2 headers in 112 bytes (1 switches on core 0)
2026-05-09 18:10:06.075 8 WARNING neutron.db.securitygroups_db [None req-563cb45c-d863-420e-847e-719a09d997a1 9f7c7c62471241dc81c73e8476f9f557 633cf0a29a0e4cd5b83b113b02332c7c - - default default] project_id key not found in filters, using tenant_id instead. This support has been deprecated and will be removed in a future release. [pid: 8|app: 0|req: 1300/2776] 10.0.0.56 () {32 vars in 773 bytes} [Sat May 9 18:10:06 2026] GET /v2.0/security-groups?tenant_id=efbce2ce0b124444bac4c4a0cfc6ebad&name=default => generated 2929 bytes in 27 msecs (HTTP/1.1 200) 4 headers in 158 bytes (1 switches on core 0) [pid: 7|app: 0|req: 1477/2777] 10.0.0.56 () {32 vars in 739 bytes} [Sat May 9 18:10:06 2026] DELETE /v2.0/security-groups/7bf2ac15-4015-497d-b261-39fd7fa3b60b => generated 0 bytes in 270 msecs (HTTP/1.1 204) 2 headers in 112 bytes (1 switches on core 0)
2026-05-09 18:10:08.953 8 INFO neutron.db.ovn_revision_numbers_db [None req-8183de4f-0416-4a18-a0ce-81cf460bab0f cb4e11dcc2ea487483f48edcd359c59e 9429af1b4c784ea886b329d75eb348fd - - default default] Successfully bumped revision number for resource 5c196c87-0703-4822-a9b5-0074ad2151ac (type: security_groups) to 1
2026-05-09 18:10:08.966 8 INFO neutron.db.ovn_revision_numbers_db [None req-8183de4f-0416-4a18-a0ce-81cf460bab0f cb4e11dcc2ea487483f48edcd359c59e 9429af1b4c784ea886b329d75eb348fd - - default default] Successfully bumped revision number for resource 5b4fc93c-0d4c-4fa8-9f47-0136835a72b7 (type: security_group_rules) to 0
2026-05-09 18:10:08.980 8 INFO neutron.db.ovn_revision_numbers_db [None req-8183de4f-0416-4a18-a0ce-81cf460bab0f cb4e11dcc2ea487483f48edcd359c59e 9429af1b4c784ea886b329d75eb348fd - - default default] Successfully bumped revision number for resource 5b883b36-817b-4dba-bd55-f5101d97661e (type: security_group_rules) to 0
2026-05-09 18:10:08.995 8 INFO neutron.db.ovn_revision_numbers_db [None req-8183de4f-0416-4a18-a0ce-81cf460bab0f cb4e11dcc2ea487483f48edcd359c59e 9429af1b4c784ea886b329d75eb348fd - - default default] Successfully bumped revision number for resource eb2cb5aa-f85a-435f-9742-0129b1cb9d9c (type: security_group_rules) to 0
2026-05-09 18:10:09.007 8 INFO neutron.db.ovn_revision_numbers_db [None req-8183de4f-0416-4a18-a0ce-81cf460bab0f cb4e11dcc2ea487483f48edcd359c59e 9429af1b4c784ea886b329d75eb348fd - - default default] Successfully bumped revision number for resource edaf9562-3fe1-49e0-bf00-70b656a83fcd (type: security_group_rules) to 0
2026-05-09 18:10:09.094 8 INFO neutron.db.segments_db [None req-8183de4f-0416-4a18-a0ce-81cf460bab0f cb4e11dcc2ea487483f48edcd359c59e 9429af1b4c784ea886b329d75eb348fd - - default default] Added segment 77a975d7-31ba-4e3c-b4bc-3a70d63003c7 of type geneve for network c57d513b-79f1-4844-b183-dbc9de1bc696
2026-05-09 18:10:09.218 8 INFO neutron.db.ovn_revision_numbers_db [None req-8183de4f-0416-4a18-a0ce-81cf460bab0f cb4e11dcc2ea487483f48edcd359c59e 9429af1b4c784ea886b329d75eb348fd - - default default] Successfully bumped revision number for resource c57d513b-79f1-4844-b183-dbc9de1bc696 (type: networks) to 1
2026-05-09 18:10:09.389 8 WARNING neutron.scheduler.dhcp_agent_scheduler [None req-8183de4f-0416-4a18-a0ce-81cf460bab0f cb4e11dcc2ea487483f48edcd359c59e 9429af1b4c784ea886b329d75eb348fd - - default default] No more DHCP agents
2026-05-09 18:10:09.391 8 WARNING neutron.api.rpc.agentnotifiers.dhcp_rpc_agent_api [None req-8183de4f-0416-4a18-a0ce-81cf460bab0f cb4e11dcc2ea487483f48edcd359c59e 9429af1b4c784ea886b329d75eb348fd - - default default] Unable to schedule network c57d513b-79f1-4844-b183-dbc9de1bc696: no agents available; will retry on subsequent port and subnet creation events.
2026-05-09 18:10:09.445 7 INFO neutron.plugins.ml2.drivers.ovn.mech_driver.mech_driver [None req-8e131ecf-d6bb-4c12-836f-a28246757e8a - - - - - -] OVN reports status down for port: cc6601fb-d7ac-40c5-b15b-9c298db55916
2026-05-09 18:10:09.492 8 INFO neutron.db.ovn_revision_numbers_db [None req-8183de4f-0416-4a18-a0ce-81cf460bab0f cb4e11dcc2ea487483f48edcd359c59e 9429af1b4c784ea886b329d75eb348fd - - default default] Successfully bumped revision number for resource cc6601fb-d7ac-40c5-b15b-9c298db55916 (type: ports) to 1 [pid: 8|app: 0|req: 1301/2778] 10.0.0.56 () {34 vars in 669 bytes} [Sat May 9 18:10:08 2026] POST /v2.0/networks => generated 669 bytes in 844 msecs (HTTP/1.1 201) 4 headers in 162 bytes (1 switches on core 0)
2026-05-09 18:10:09.636 7 INFO neutron.db.segments_db [None req-3ad48953-272c-4412-9e74-2c314e91fccc cb4e11dcc2ea487483f48edcd359c59e 9429af1b4c784ea886b329d75eb348fd - - default default] Added segment 7add0c33-61ca-4b5f-8ed1-9fd9ca4e07f3 of type geneve for network e8ea916d-067b-4b89-ae7d-e4c01da1810e
2026-05-09 18:10:09.749 7 INFO neutron.db.ovn_revision_numbers_db [None req-3ad48953-272c-4412-9e74-2c314e91fccc cb4e11dcc2ea487483f48edcd359c59e 9429af1b4c784ea886b329d75eb348fd - - default default] Successfully bumped revision number for resource e8ea916d-067b-4b89-ae7d-e4c01da1810e (type: networks) to 1
2026-05-09 18:10:09.885 7 WARNING neutron.scheduler.dhcp_agent_scheduler [None req-3ad48953-272c-4412-9e74-2c314e91fccc cb4e11dcc2ea487483f48edcd359c59e 9429af1b4c784ea886b329d75eb348fd - - default default] No more DHCP agents
2026-05-09 18:10:09.886 7 WARNING neutron.api.rpc.agentnotifiers.dhcp_rpc_agent_api [None req-3ad48953-272c-4412-9e74-2c314e91fccc cb4e11dcc2ea487483f48edcd359c59e 9429af1b4c784ea886b329d75eb348fd - - default default] Unable to schedule network e8ea916d-067b-4b89-ae7d-e4c01da1810e: no agents available; will retry on subsequent port and subnet creation events.
2026-05-09 18:10:09.947 8 INFO neutron.plugins.ml2.drivers.ovn.mech_driver.mech_driver [None req-ead6af64-fa52-4e30-a313-85cfca455243 - - - - - -] OVN reports status down for port: e762efbe-1efe-41a1-94a4-c5d0a4304f91
2026-05-09 18:10:09.954 7 INFO neutron.db.ovn_revision_numbers_db [None req-3ad48953-272c-4412-9e74-2c314e91fccc cb4e11dcc2ea487483f48edcd359c59e 9429af1b4c784ea886b329d75eb348fd - - default default] Successfully bumped revision number for resource e762efbe-1efe-41a1-94a4-c5d0a4304f91 (type: ports) to 1 [pid: 7|app: 0|req: 1478/2779] 10.0.0.56 () {34 vars in 669 bytes} [Sat May 9 18:10:09 2026] POST /v2.0/networks => generated 670 bytes in 438 msecs (HTTP/1.1 201) 4 headers in 162 bytes (1 switches on core 0) [pid: 8|app: 0|req: 1302/2780] 10.0.0.56 () {34 vars in 752 bytes} [Sat May 9 18:10:09 2026] PUT /v2.0/networks/c57d513b-79f1-4844-b183-dbc9de1bc696/tags => generated 25 bytes in 87 msecs (HTTP/1.1 200) 4 headers in 156 bytes (1 switches on core 0) [pid: 7|app: 0|req: 1479/2781] 10.0.0.56 () {32 vars in 732 bytes} [Sat May 9 18:10:10 2026] GET /v2.0/networks/c57d513b-79f1-4844-b183-dbc9de1bc696/tags => generated 25 bytes in 46 msecs (HTTP/1.1 200) 4 headers in 156 bytes (1 switches on core 0) [pid: 8|app: 0|req: 1303/2782] 10.0.0.56 () {34 vars in 752 bytes} [Sat May 9 18:10:10 2026] PUT /v2.0/networks/e8ea916d-067b-4b89-ae7d-e4c01da1810e/tags => generated 17 bytes in 63 msecs (HTTP/1.1 200) 4 headers in 156 bytes (1 switches on core 0) [pid: 7|app: 0|req: 1480/2783] 10.0.0.56 () {32 vars in 732 bytes} [Sat May 9 18:10:10 2026] GET /v2.0/networks/e8ea916d-067b-4b89-ae7d-e4c01da1810e/tags => generated 17 bytes in 42 msecs (HTTP/1.1 200) 4 headers in 156 bytes (1 switches on core 0) [pid: 8|app: 0|req: 1304/2784] 10.0.0.56 () {34 vars in 752 bytes} [Sat May 9 18:10:10 2026] PUT /v2.0/networks/e8ea916d-067b-4b89-ae7d-e4c01da1810e/tags => generated 12 bytes in 85 msecs (HTTP/1.1 200) 4 headers in 156 bytes (1 switches on core 0) [pid: 7|app: 0|req: 1481/2785] 10.0.0.56 () {32 vars in 732 bytes} [Sat May 9 18:10:10 2026] GET /v2.0/networks/e8ea916d-067b-4b89-ae7d-e4c01da1810e/tags => generated 12 bytes in 41 msecs (HTTP/1.1 200) 4 headers in 156 bytes (1 switches on core 0) [pid: 8|app: 0|req: 1305/2786] 10.0.0.56 () {32 vars in 732 bytes} [Sat May 9 18:10:10 2026] GET /v2.0/networks/c57d513b-79f1-4844-b183-dbc9de1bc696/tags => generated 25 bytes in 61 msecs (HTTP/1.1 200) 4 headers in 156 bytes (1 switches on core 0)
2026-05-09 18:10:10.589 7 INFO neutron_taas.services.taas.taas_plugin [None req-369f25a9-6cf3-4b44-8b1b-daa8d43298bc cb4e11dcc2ea487483f48edcd359c59e 9429af1b4c784ea886b329d75eb348fd - - default default] TaaS: Handle Delete Port: cc6601fb-d7ac-40c5-b15b-9c298db55916
2026-05-09 18:10:10.592 7 INFO neutron_taas.services.taas.tap_mirror_plugin [None req-369f25a9-6cf3-4b44-8b1b-daa8d43298bc cb4e11dcc2ea487483f48edcd359c59e 9429af1b4c784ea886b329d75eb348fd - - default default] Tap Mirror: Handle Delete Port: cc6601fb-d7ac-40c5-b15b-9c298db55916
2026-05-09 18:10:10.809 7 INFO neutron.services.segments.plugin [-] Segment 77a975d7-31ba-4e3c-b4bc-3a70d63003c7 resource provider aggregate not found
2026-05-09 18:10:10.817 7 INFO neutron.services.segments.plugin [-] Segment 77a975d7-31ba-4e3c-b4bc-3a70d63003c7 resource provider aggregate not found
2026-05-09 18:10:10.838 7 INFO neutron.services.segments.plugin [-] Segment 77a975d7-31ba-4e3c-b4bc-3a70d63003c7 resource provider not found; error: Placement Client Error (4xx): {"errors": [{"status": 404, "title": "Not Found", "detail": "The resource could not be found.\n\n No resource provider with uuid 77a975d7-31ba-4e3c-b4bc-3a70d63003c7 found for delete ", "request_id": "req-a650a8ef-4845-4ed2-a83c-094170fee594"}]}
2026-05-09 18:10:10.840 7 INFO neutron.services.segments.plugin [-] Segment 77a975d7-31ba-4e3c-b4bc-3a70d63003c7 resource provider not found; error: Placement Client Error (4xx): {"errors": [{"status": 404, "title": "Not Found", "detail": "The resource could not be found.\n\n No resource provider with uuid 77a975d7-31ba-4e3c-b4bc-3a70d63003c7 found for delete ", "request_id": "req-e5afb3ea-f091-4156-b906-789c8f39496b"}]} [pid: 7|app: 0|req: 1482/2787] 10.0.0.56 () {32 vars in 725 bytes} [Sat May 9 18:10:10 2026] DELETE /v2.0/networks/c57d513b-79f1-4844-b183-dbc9de1bc696 => generated 0 bytes in 380 msecs (HTTP/1.1 204) 3 headers in 131 bytes (1 switches on core 0)
2026-05-09 18:10:11.016 8 INFO neutron_taas.services.taas.taas_plugin [None req-22204a43-5402-4bde-9959-7a0186fdfd37 cb4e11dcc2ea487483f48edcd359c59e 9429af1b4c784ea886b329d75eb348fd - - default default] TaaS: Handle Delete Port: e762efbe-1efe-41a1-94a4-c5d0a4304f91
2026-05-09 18:10:11.019 8 INFO neutron_taas.services.taas.tap_mirror_plugin [None req-22204a43-5402-4bde-9959-7a0186fdfd37 cb4e11dcc2ea487483f48edcd359c59e 9429af1b4c784ea886b329d75eb348fd - - default default] Tap Mirror: Handle Delete Port: e762efbe-1efe-41a1-94a4-c5d0a4304f91
2026-05-09 18:10:11.219 8 INFO neutron.services.segments.plugin [-] Segment 7add0c33-61ca-4b5f-8ed1-9fd9ca4e07f3 resource provider aggregate not found
2026-05-09 18:10:11.233 8 INFO neutron.services.segments.plugin [-] Segment 7add0c33-61ca-4b5f-8ed1-9fd9ca4e07f3 resource provider aggregate not found
2026-05-09 18:10:11.270 8 INFO neutron.services.segments.plugin [-] Segment 7add0c33-61ca-4b5f-8ed1-9fd9ca4e07f3 resource provider not found; error: Placement Client Error (4xx): {"errors": [{"status": 404, "title": "Not Found", "detail": "The resource could not be found.\n\n No resource provider with uuid 7add0c33-61ca-4b5f-8ed1-9fd9ca4e07f3 found for delete ", "request_id": "req-30e18e82-f7e0-4b99-9cf5-9b33924d8882"}]}
2026-05-09 18:10:11.271 8 INFO neutron.services.segments.plugin [-] Segment 7add0c33-61ca-4b5f-8ed1-9fd9ca4e07f3 resource provider not found; error: Placement Client Error (4xx): {"errors": [{"status": 404, "title": "Not Found", "detail": "The resource could not be found.\n\n No resource provider with uuid 7add0c33-61ca-4b5f-8ed1-9fd9ca4e07f3 found for delete ", "request_id": "req-4e26cd57-4a70-4d6b-a320-aa6e998ea903"}]} [pid: 8|app: 0|req: 1306/2788] 10.0.0.56 () {32 vars in 725 bytes} [Sat May 9 18:10:10 2026] DELETE /v2.0/networks/e8ea916d-067b-4b89-ae7d-e4c01da1810e => generated 0 bytes in 427 msecs (HTTP/1.1 204) 3 headers in 131 bytes (1 switches on core 0)
2026-05-09 18:10:12.064 7 WARNING neutron.db.securitygroups_db [None req-283962c8-66c7-40f1-8f3e-b3a2982fb430 9f7c7c62471241dc81c73e8476f9f557 633cf0a29a0e4cd5b83b113b02332c7c - - default default] project_id key not found in filters, using tenant_id instead. This support has been deprecated and will be removed in a future release. [pid: 7|app: 0|req: 1483/2789] 10.0.0.56 () {32 vars in 773 bytes} [Sat May 9 18:10:11 2026] GET /v2.0/security-groups?tenant_id=9429af1b4c784ea886b329d75eb348fd&name=default => generated 2929 bytes in 197 msecs (HTTP/1.1 200) 4 headers in 158 bytes (1 switches on core 0) [pid: 8|app: 0|req: 1307/2790] 10.0.0.56 () {32 vars in 739 bytes} [Sat May 9 18:10:12 2026] DELETE /v2.0/security-groups/5c196c87-0703-4822-a9b5-0074ad2151ac => generated 0 bytes in 182 msecs (HTTP/1.1 204) 2 headers in 112 bytes (1 switches on core 0)
2026-05-09 18:10:12.430 7 WARNING neutron.db.securitygroups_db [None req-b3b0b579-15d9-4540-8443-54d53646075d 9f7c7c62471241dc81c73e8476f9f557 633cf0a29a0e4cd5b83b113b02332c7c - - default default] project_id key not found in filters, using tenant_id instead. This support has been deprecated and will be removed in a future release.
2026-05-09 18:10:12.574 7 INFO neutron.db.ovn_revision_numbers_db [None req-b3b0b579-15d9-4540-8443-54d53646075d 9f7c7c62471241dc81c73e8476f9f557 633cf0a29a0e4cd5b83b113b02332c7c - - default default] Successfully bumped revision number for resource 022be6a5-b6c5-4409-a4ac-d72094887329 (type: security_groups) to 1
2026-05-09 18:10:12.585 7 INFO neutron.db.ovn_revision_numbers_db [None req-b3b0b579-15d9-4540-8443-54d53646075d 9f7c7c62471241dc81c73e8476f9f557 633cf0a29a0e4cd5b83b113b02332c7c - - default default] Successfully bumped revision number for resource 431daa88-f734-4b24-bf5f-a003de40ddec (type: security_group_rules) to 0
2026-05-09 18:10:12.599 7 INFO neutron.db.ovn_revision_numbers_db [None req-b3b0b579-15d9-4540-8443-54d53646075d 9f7c7c62471241dc81c73e8476f9f557 633cf0a29a0e4cd5b83b113b02332c7c - - default default] Successfully bumped revision number for resource 73fcbce9-53df-41c7-b93d-6aa2f730b468 (type: security_group_rules) to 0
2026-05-09 18:10:12.611 7 INFO neutron.db.ovn_revision_numbers_db [None req-b3b0b579-15d9-4540-8443-54d53646075d 9f7c7c62471241dc81c73e8476f9f557 633cf0a29a0e4cd5b83b113b02332c7c - - default default] Successfully bumped revision number for resource 988eb053-744a-4f01-8492-65889d7f6477 (type: security_group_rules) to 0
2026-05-09 18:10:12.623 7 INFO neutron.db.ovn_revision_numbers_db [None req-b3b0b579-15d9-4540-8443-54d53646075d 9f7c7c62471241dc81c73e8476f9f557 633cf0a29a0e4cd5b83b113b02332c7c - - default default] Successfully bumped revision number for resource b8082282-6e4b-4cb7-9d19-c1a975c81743 (type: security_group_rules) to 0 [pid: 7|app: 0|req: 1484/2791] 10.0.0.56 () {32 vars in 773 bytes} [Sat May 9 18:10:12 2026] GET /v2.0/security-groups?tenant_id=607489614e954d0a9eff2a0f1c86e02c&name=default => generated 2929 bytes in 239 msecs (HTTP/1.1 200) 4 headers in 158 bytes (1 switches on core 0) [pid: 8|app: 0|req: 1308/2792] 10.0.0.56 () {32 vars in 739 bytes} [Sat May 9 18:10:12 2026] DELETE /v2.0/security-groups/022be6a5-b6c5-4409-a4ac-d72094887329 => generated 0 bytes in 202 msecs (HTTP/1.1 204) 2 headers in 112 bytes (1 switches on core 0)
2026-05-09 18:10:15.408 7 INFO neutron.db.ovn_revision_numbers_db [None req-9d95a15e-a52e-4d3b-8943-2c235d6c04d0 88abaf957326475d87559a41d017b9a4 3d2a86ce842a4ba19fe4131b2bab1d22 - - default default] Successfully bumped revision number for resource 39ca5102-731f-4d93-b1b1-20e4eeeaa9e5 (type: security_groups) to 1
2026-05-09 18:10:15.422 7 INFO neutron.db.ovn_revision_numbers_db [None req-9d95a15e-a52e-4d3b-8943-2c235d6c04d0 88abaf957326475d87559a41d017b9a4 3d2a86ce842a4ba19fe4131b2bab1d22 - - default default] Successfully bumped revision number for resource 56c03c54-b0d5-41d1-9634-17f96e7a3970 (type: security_group_rules) to 0
2026-05-09 18:10:15.435 7 INFO neutron.db.ovn_revision_numbers_db [None req-9d95a15e-a52e-4d3b-8943-2c235d6c04d0 88abaf957326475d87559a41d017b9a4 3d2a86ce842a4ba19fe4131b2bab1d22 - - default default] Successfully bumped revision number for resource 7d6ba3a6-46ed-45b2-a967-fb9e7599f230 (type: security_group_rules) to 0
2026-05-09 18:10:15.446 7 INFO neutron.db.ovn_revision_numbers_db [None req-9d95a15e-a52e-4d3b-8943-2c235d6c04d0 88abaf957326475d87559a41d017b9a4 3d2a86ce842a4ba19fe4131b2bab1d22 - - default default] Successfully bumped revision number for resource ca5eca38-9483-4073-b5db-1b1526fdeacc (type: security_group_rules) to 0
2026-05-09 18:10:15.457 7 INFO neutron.db.ovn_revision_numbers_db [None req-9d95a15e-a52e-4d3b-8943-2c235d6c04d0 88abaf957326475d87559a41d017b9a4 3d2a86ce842a4ba19fe4131b2bab1d22 - - default default] Successfully bumped revision number for resource f215fa73-404f-4dbd-8bb8-60ec722b1216 (type: security_group_rules) to 0
2026-05-09 18:10:15.530 7 INFO neutron.db.segments_db [None req-9d95a15e-a52e-4d3b-8943-2c235d6c04d0 88abaf957326475d87559a41d017b9a4 3d2a86ce842a4ba19fe4131b2bab1d22 - - default default] Added segment 02417a5b-b267-4d62-92a2-85d0b178f569 of type geneve for network c70714a3-8c42-4bcc-a3ed-cf24136d44f3
2026-05-09 18:10:15.656 7 INFO neutron.db.ovn_revision_numbers_db [None req-9d95a15e-a52e-4d3b-8943-2c235d6c04d0 88abaf957326475d87559a41d017b9a4 3d2a86ce842a4ba19fe4131b2bab1d22 - - default default] Successfully bumped revision number for resource c70714a3-8c42-4bcc-a3ed-cf24136d44f3 (type: networks) to 1
2026-05-09 18:10:15.832 7 WARNING neutron.scheduler.dhcp_agent_scheduler [None req-9d95a15e-a52e-4d3b-8943-2c235d6c04d0 88abaf957326475d87559a41d017b9a4 3d2a86ce842a4ba19fe4131b2bab1d22 - - default default] No more DHCP agents
2026-05-09 18:10:15.833 7 WARNING neutron.api.rpc.agentnotifiers.dhcp_rpc_agent_api [None req-9d95a15e-a52e-4d3b-8943-2c235d6c04d0 88abaf957326475d87559a41d017b9a4 3d2a86ce842a4ba19fe4131b2bab1d22 - - default default] Unable to schedule network c70714a3-8c42-4bcc-a3ed-cf24136d44f3: no agents available; will retry on subsequent port and subnet creation events.
2026-05-09 18:10:15.889 8 INFO neutron.plugins.ml2.drivers.ovn.mech_driver.mech_driver [None req-ead6af64-fa52-4e30-a313-85cfca455243 - - - - - -] OVN reports status down for port: 84a30c17-8553-4549-9f1e-71f12c1c06bc
2026-05-09 18:10:15.921 7 INFO neutron.db.ovn_revision_numbers_db [None req-9d95a15e-a52e-4d3b-8943-2c235d6c04d0 88abaf957326475d87559a41d017b9a4 3d2a86ce842a4ba19fe4131b2bab1d22 - - default default] Successfully bumped revision number for resource 84a30c17-8553-4549-9f1e-71f12c1c06bc (type: ports) to 1 [pid: 7|app: 0|req: 1485/2793] 10.0.0.56 () {34 vars in 669 bytes} [Sat May 9 18:10:15 2026] POST /v2.0/networks => generated 678 bytes in 862 msecs (HTTP/1.1 201) 4 headers in 162 bytes (1 switches on core 0)
2026-05-09 18:10:16.183 8 WARNING neutron.scheduler.dhcp_agent_scheduler [None req-7bff6d56-f546-4aae-a320-f413f89d2854 88abaf957326475d87559a41d017b9a4 3d2a86ce842a4ba19fe4131b2bab1d22 - - default default] No more DHCP agents
2026-05-09 18:10:16.185 8 WARNING neutron.api.rpc.agentnotifiers.dhcp_rpc_agent_api [None req-7bff6d56-f546-4aae-a320-f413f89d2854 88abaf957326475d87559a41d017b9a4 3d2a86ce842a4ba19fe4131b2bab1d22 - - default default] Unable to schedule network c70714a3-8c42-4bcc-a3ed-cf24136d44f3: no agents available; will retry on subsequent port and subnet creation events.
2026-05-09 18:10:16.705 8 INFO neutron.db.ovn_revision_numbers_db [None req-7bff6d56-f546-4aae-a320-f413f89d2854 88abaf957326475d87559a41d017b9a4 3d2a86ce842a4ba19fe4131b2bab1d22 - - default default] Successfully bumped revision number for resource 84a30c17-8553-4549-9f1e-71f12c1c06bc (type: ports) to 2
2026-05-09 18:10:16.739 8 INFO neutron.db.ovn_revision_numbers_db [None req-7bff6d56-f546-4aae-a320-f413f89d2854 88abaf957326475d87559a41d017b9a4 3d2a86ce842a4ba19fe4131b2bab1d22 - - default default] Successfully bumped revision number for resource 69dfeab1-9c32-4942-9738-7c167b7c9803 (type: subnets) to 0 [pid: 8|app: 0|req: 1309/2794] 10.0.0.56 () {34 vars in 668 bytes} [Sat May 9 18:10:15 2026] POST /v2.0/subnets => generated 657 bytes in 805 msecs (HTTP/1.1 201) 4 headers in 162 bytes (1 switches on core 0) [pid: 7|app: 0|req: 1486/2795] 10.0.0.56 () {32 vars in 721 bytes} [Sat May 9 18:10:16 2026] GET /v2.0/subnetpools?name=shared-default-subnetpool-v6 => generated 19 bytes in 67 msecs (HTTP/1.1 200) 4 headers in 156 bytes (1 switches on core 0)
2026-05-09 18:10:17.062 8 WARNING neutron.scheduler.dhcp_agent_scheduler [None req-cf4b9ba3-d5a0-4cfb-8102-123e68834893 88abaf957326475d87559a41d017b9a4 3d2a86ce842a4ba19fe4131b2bab1d22 - - default default] No more DHCP agents
2026-05-09 18:10:17.064 8 WARNING neutron.api.rpc.agentnotifiers.dhcp_rpc_agent_api [None req-cf4b9ba3-d5a0-4cfb-8102-123e68834893 88abaf957326475d87559a41d017b9a4 3d2a86ce842a4ba19fe4131b2bab1d22 - - default default] Unable to schedule network c70714a3-8c42-4bcc-a3ed-cf24136d44f3: no agents available; will retry on subsequent port and subnet creation events.
2026-05-09 18:10:17.106 8 INFO neutron.db.ovn_revision_numbers_db [None req-cf4b9ba3-d5a0-4cfb-8102-123e68834893 88abaf957326475d87559a41d017b9a4 3d2a86ce842a4ba19fe4131b2bab1d22 - - default default] Successfully bumped revision number for resource 5c84e9b5-0c81-49de-a6a3-d7ceb9e388a6 (type: subnets) to 0 [pid: 8|app: 0|req: 1310/2796] 10.0.0.56 () {34 vars in 668 bytes} [Sat May 9 18:10:16 2026] POST /v2.0/subnets => generated 731 bytes in 289 msecs (HTTP/1.1 201) 4 headers in 162 bytes (1 switches on core 0)
2026-05-09 18:10:17.221 7 INFO neutron.db.segments_db [None req-0997b1c2-e75c-47cb-adc6-4bbbec57b84a 88abaf957326475d87559a41d017b9a4 3d2a86ce842a4ba19fe4131b2bab1d22 - - default default] Added segment 9c0c10e0-dec6-4d66-aad7-19ebbbee7918 of type geneve for network 5e57b100-f814-480d-8ab3-6a318f3aaf9c
2026-05-09 18:10:17.342 7 INFO neutron.db.ovn_revision_numbers_db [None req-0997b1c2-e75c-47cb-adc6-4bbbec57b84a 88abaf957326475d87559a41d017b9a4 3d2a86ce842a4ba19fe4131b2bab1d22 - - default default] Successfully bumped revision number for resource 5e57b100-f814-480d-8ab3-6a318f3aaf9c (type: networks) to 1
2026-05-09 18:10:17.517 7 WARNING neutron.scheduler.dhcp_agent_scheduler [None req-0997b1c2-e75c-47cb-adc6-4bbbec57b84a 88abaf957326475d87559a41d017b9a4 3d2a86ce842a4ba19fe4131b2bab1d22 - - default default] No more DHCP agents
2026-05-09 18:10:17.518 7 WARNING neutron.api.rpc.agentnotifiers.dhcp_rpc_agent_api [None req-0997b1c2-e75c-47cb-adc6-4bbbec57b84a 88abaf957326475d87559a41d017b9a4 3d2a86ce842a4ba19fe4131b2bab1d22 - - default default] Unable to schedule network 5e57b100-f814-480d-8ab3-6a318f3aaf9c: no agents available; will retry on subsequent port and subnet creation events.
2026-05-09 18:10:17.581 7 INFO neutron.plugins.ml2.drivers.ovn.mech_driver.mech_driver [None req-8e131ecf-d6bb-4c12-836f-a28246757e8a - - - - - -] OVN reports status down for port: ae12f14f-4f9c-4897-b625-2288338dea62
2026-05-09 18:10:17.640 7 INFO neutron.db.ovn_revision_numbers_db [None req-0997b1c2-e75c-47cb-adc6-4bbbec57b84a 88abaf957326475d87559a41d017b9a4 3d2a86ce842a4ba19fe4131b2bab1d22 - - default default] Successfully bumped revision number for resource ae12f14f-4f9c-4897-b625-2288338dea62 (type: ports) to 1 [pid: 7|app: 0|req: 1487/2797] 10.0.0.56 () {34 vars in 669 bytes} [Sat May 9 18:10:17 2026] POST /v2.0/networks => generated 676 bytes in 551 msecs (HTTP/1.1 201) 4 headers in 162 bytes (1 switches on core 0)
2026-05-09 18:10:17.864 8 WARNING neutron.scheduler.dhcp_agent_scheduler [None req-aa495a6c-9131-4e10-bbaf-10573d925982 88abaf957326475d87559a41d017b9a4 3d2a86ce842a4ba19fe4131b2bab1d22 - - default default] No more DHCP agents
2026-05-09 18:10:17.865 8 WARNING neutron.api.rpc.agentnotifiers.dhcp_rpc_agent_api [None req-aa495a6c-9131-4e10-bbaf-10573d925982 88abaf957326475d87559a41d017b9a4 3d2a86ce842a4ba19fe4131b2bab1d22 - - default default] Unable to schedule network 5e57b100-f814-480d-8ab3-6a318f3aaf9c: no agents available; will retry on subsequent port and subnet creation events.
2026-05-09 18:10:18.292 8 INFO neutron.db.ovn_revision_numbers_db [None req-aa495a6c-9131-4e10-bbaf-10573d925982 88abaf957326475d87559a41d017b9a4 3d2a86ce842a4ba19fe4131b2bab1d22 - - default default] Successfully bumped revision number for resource ae12f14f-4f9c-4897-b625-2288338dea62 (type: ports) to 2
2026-05-09 18:10:18.321 8 INFO neutron.db.ovn_revision_numbers_db [None req-aa495a6c-9131-4e10-bbaf-10573d925982 88abaf957326475d87559a41d017b9a4 3d2a86ce842a4ba19fe4131b2bab1d22 - - default default] Successfully bumped revision number for resource 275a9fd5-20dd-4ff7-9006-d45f8a117f85 (type: subnets) to 0 [pid: 8|app: 0|req: 1311/2798] 10.0.0.56 () {34 vars in 668 bytes} [Sat May 9 18:10:17 2026] POST /v2.0/subnets => generated 655 bytes in 661 msecs (HTTP/1.1 201) 4 headers in 162 bytes (1 switches on core 0)
2026-05-09 18:10:18.585 7 WARNING neutron.scheduler.dhcp_agent_scheduler [None req-c94674bb-e16e-405f-8422-a00290074ab3 88abaf957326475d87559a41d017b9a4 3d2a86ce842a4ba19fe4131b2bab1d22 - - default default] No more DHCP agents
2026-05-09 18:10:18.587 7 WARNING neutron.api.rpc.agentnotifiers.dhcp_rpc_agent_api [None req-c94674bb-e16e-405f-8422-a00290074ab3 88abaf957326475d87559a41d017b9a4 3d2a86ce842a4ba19fe4131b2bab1d22 - - default default] Unable to schedule network 5e57b100-f814-480d-8ab3-6a318f3aaf9c: no agents available; will retry on subsequent port and subnet creation events.
2026-05-09 18:10:18.625 7 INFO neutron.db.ovn_revision_numbers_db [None req-c94674bb-e16e-405f-8422-a00290074ab3 88abaf957326475d87559a41d017b9a4 3d2a86ce842a4ba19fe4131b2bab1d22 - - default default] Successfully bumped revision number for resource bddc0090-1fe7-4856-b2fa-77c3aa0f986e (type: subnets) to 0 [pid: 7|app: 0|req: 1488/2799] 10.0.0.56 () {34 vars in 668 bytes} [Sat May 9 18:10:18 2026] POST /v2.0/subnets => generated 726 bytes in 292 msecs (HTTP/1.1 201) 4 headers in 162 bytes (1 switches on core 0)
2026-05-09 18:10:18.735 8 INFO neutron.db.segments_db [None req-f6f33b8e-4475-4d40-bc1d-8e8867fcb8ab 88abaf957326475d87559a41d017b9a4 3d2a86ce842a4ba19fe4131b2bab1d22 - - default default] Added segment 9e93c23a-eea3-40a7-b02a-a542b7aee93a of type geneve for network b8a5c57e-c9c6-4d11-895a-dbd483a8ac04
2026-05-09 18:10:18.850 8 INFO neutron.db.ovn_revision_numbers_db [None req-f6f33b8e-4475-4d40-bc1d-8e8867fcb8ab 88abaf957326475d87559a41d017b9a4 3d2a86ce842a4ba19fe4131b2bab1d22 - - default default] Successfully bumped revision number for resource b8a5c57e-c9c6-4d11-895a-dbd483a8ac04 (type: networks) to 1
2026-05-09 18:10:19.024 8 WARNING neutron.scheduler.dhcp_agent_scheduler [None req-f6f33b8e-4475-4d40-bc1d-8e8867fcb8ab 88abaf957326475d87559a41d017b9a4 3d2a86ce842a4ba19fe4131b2bab1d22 - - default default] No more DHCP agents
2026-05-09 18:10:19.026 8 WARNING neutron.api.rpc.agentnotifiers.dhcp_rpc_agent_api [None req-f6f33b8e-4475-4d40-bc1d-8e8867fcb8ab 88abaf957326475d87559a41d017b9a4 3d2a86ce842a4ba19fe4131b2bab1d22 - - default default] Unable to schedule network b8a5c57e-c9c6-4d11-895a-dbd483a8ac04: no agents available; will retry on subsequent port and subnet creation events.
2026-05-09 18:10:19.078 7 INFO neutron.plugins.ml2.drivers.ovn.mech_driver.mech_driver [None req-8e131ecf-d6bb-4c12-836f-a28246757e8a - - - - - -] OVN reports status down for port: af34fa5e-d949-4942-ae9f-c8ce9ba89d7f
2026-05-09 18:10:19.104 8 INFO neutron.db.ovn_revision_numbers_db [None req-f6f33b8e-4475-4d40-bc1d-8e8867fcb8ab 88abaf957326475d87559a41d017b9a4 3d2a86ce842a4ba19fe4131b2bab1d22 - - default default] Successfully bumped revision number for resource af34fa5e-d949-4942-ae9f-c8ce9ba89d7f (type: ports) to 1 [pid: 8|app: 0|req: 1312/2800] 10.0.0.56 () {34 vars in 669 bytes} [Sat May 9 18:10:18 2026] POST /v2.0/networks => generated 676 bytes in 475 msecs (HTTP/1.1 201) 4 headers in 162 bytes (1 switches on core 0)
2026-05-09 18:10:19.315 7 WARNING neutron.scheduler.dhcp_agent_scheduler [None req-491140f5-e407-4b05-a861-51f534217e22 88abaf957326475d87559a41d017b9a4 3d2a86ce842a4ba19fe4131b2bab1d22 - - default default] No more DHCP agents
2026-05-09 18:10:19.316 7 WARNING neutron.api.rpc.agentnotifiers.dhcp_rpc_agent_api [None req-491140f5-e407-4b05-a861-51f534217e22 88abaf957326475d87559a41d017b9a4 3d2a86ce842a4ba19fe4131b2bab1d22 - - default default] Unable to schedule network b8a5c57e-c9c6-4d11-895a-dbd483a8ac04: no agents available; will retry on subsequent port and subnet creation events.
2026-05-09 18:10:19.796 7 INFO neutron.db.ovn_revision_numbers_db [None req-491140f5-e407-4b05-a861-51f534217e22 88abaf957326475d87559a41d017b9a4 3d2a86ce842a4ba19fe4131b2bab1d22 - - default default] Successfully bumped revision number for resource af34fa5e-d949-4942-ae9f-c8ce9ba89d7f (type: ports) to 2
2026-05-09 18:10:19.838 7 INFO neutron.db.ovn_revision_numbers_db [None req-491140f5-e407-4b05-a861-51f534217e22 88abaf957326475d87559a41d017b9a4 3d2a86ce842a4ba19fe4131b2bab1d22 - - default default] Successfully bumped revision number for resource 398d853d-b21c-4ea7-8e6b-3c839bb4c9e6 (type: subnets) to 0 [pid: 7|app: 0|req: 1489/2801] 10.0.0.56 () {34 vars in 668 bytes} [Sat May 9 18:10:19 2026] POST /v2.0/subnets => generated 655 bytes in 728 msecs (HTTP/1.1 201) 4 headers in 162 bytes (1 switches on core 0)
2026-05-09 18:10:20.100 8 WARNING neutron.scheduler.dhcp_agent_scheduler [None req-f73bf057-609f-4164-9f92-6b8a3b957e14 88abaf957326475d87559a41d017b9a4 3d2a86ce842a4ba19fe4131b2bab1d22 - - default default] No more DHCP agents
2026-05-09 18:10:20.102 8 WARNING neutron.api.rpc.agentnotifiers.dhcp_rpc_agent_api [None req-f73bf057-609f-4164-9f92-6b8a3b957e14 88abaf957326475d87559a41d017b9a4 3d2a86ce842a4ba19fe4131b2bab1d22 - - default default] Unable to schedule network b8a5c57e-c9c6-4d11-895a-dbd483a8ac04: no agents available; will retry on subsequent port and subnet creation events.
2026-05-09 18:10:20.142 8 INFO neutron.db.ovn_revision_numbers_db [None req-f73bf057-609f-4164-9f92-6b8a3b957e14 88abaf957326475d87559a41d017b9a4 3d2a86ce842a4ba19fe4131b2bab1d22 - - default default] Successfully bumped revision number for resource 366efafd-db99-4a8c-924f-24343218d6b5 (type: subnets) to 0 [pid: 8|app: 0|req: 1313/2804] 10.0.0.56 () {34 vars in 668 bytes} [Sat May 9 18:10:19 2026] POST /v2.0/subnets => generated 729 bytes in 298 msecs (HTTP/1.1 201) 4 headers in 162 bytes (1 switches on core 0)
2026-05-09 18:10:20.530 7 WARNING neutron.scheduler.dhcp_agent_scheduler [None req-56915001-0f0f-4ba5-b87d-e35a059cf087 88abaf957326475d87559a41d017b9a4 3d2a86ce842a4ba19fe4131b2bab1d22 - - default default] No more DHCP agents
2026-05-09 18:10:20.534 7 WARNING neutron.api.rpc.agentnotifiers.dhcp_rpc_agent_api [None req-56915001-0f0f-4ba5-b87d-e35a059cf087 88abaf957326475d87559a41d017b9a4 3d2a86ce842a4ba19fe4131b2bab1d22 - - default default] Unable to schedule network 8ec5c80a-aff0-45f3-ba35-498872ecb345: no agents available; will retry on subsequent port and subnet creation events.
2026-05-09 18:10:20.658 7 INFO neutron.plugins.ml2.drivers.ovn.mech_driver.mech_driver [None req-8e131ecf-d6bb-4c12-836f-a28246757e8a - - - - - -] OVN reports status down for port: c2a947a7-f6ce-4e93-b0a7-3d5e50305a03
2026-05-09 18:10:20.720 7 INFO neutron.db.ovn_revision_numbers_db [None req-56915001-0f0f-4ba5-b87d-e35a059cf087 88abaf957326475d87559a41d017b9a4 3d2a86ce842a4ba19fe4131b2bab1d22 - - default default] Successfully bumped revision number for resource c2a947a7-f6ce-4e93-b0a7-3d5e50305a03 (type: ports) to 1
2026-05-09 18:10:21.454 7 INFO neutron.plugins.ml2.drivers.ovn.mech_driver.mech_driver [None req-8e131ecf-d6bb-4c12-836f-a28246757e8a - - - - - -] OVN reports status up for port: c2a947a7-f6ce-4e93-b0a7-3d5e50305a03
2026-05-09 18:10:21.462 8 INFO neutron.plugins.ml2.drivers.ovn.mech_driver.ovsdb.ovsdb_monitor [None req-b8da7b3b-d029-4fa5-9994-101275a33cce - - - - - -] Router 78dd6ed8-0be1-477f-a6f5-671da9419702 is bound to host instance
2026-05-09 18:10:21.481 7 INFO neutron.plugins.ml2.plugin [None req-8e131ecf-d6bb-4c12-836f-a28246757e8a - - - - - -] Attempt 1 to provision port c2a947a7-f6ce-4e93-b0a7-3d5e50305a03
2026-05-09 18:10:21.502 7 INFO neutron.db.ovn_revision_numbers_db [None req-56915001-0f0f-4ba5-b87d-e35a059cf087 88abaf957326475d87559a41d017b9a4 3d2a86ce842a4ba19fe4131b2bab1d22 - - default default] Successfully bumped revision number for resource c2a947a7-f6ce-4e93-b0a7-3d5e50305a03 (type: router_ports) to 1
2026-05-09 18:10:21.600 7 INFO neutron.db.ovn_revision_numbers_db [None req-56915001-0f0f-4ba5-b87d-e35a059cf087 88abaf957326475d87559a41d017b9a4 3d2a86ce842a4ba19fe4131b2bab1d22 - - default default] Successfully bumped revision number for resource 78dd6ed8-0be1-477f-a6f5-671da9419702 (type: routers) to 2 [pid: 7|app: 0|req: 1492/2805] 10.0.0.56 () {34 vars in 668 bytes} [Sat May 9 18:10:20 2026] POST /v2.0/routers => generated 966 bytes in 1455 msecs (HTTP/1.1 201) 4 headers in 162 bytes (1 switches on core 0)
2026-05-09 18:10:23.406 8 WARNING neutron.scheduler.dhcp_agent_scheduler [None req-be39cc40-6728-41e3-af19-1120a75f2a42 88abaf957326475d87559a41d017b9a4 3d2a86ce842a4ba19fe4131b2bab1d22 - - default default] No more DHCP agents
2026-05-09 18:10:23.407 8 WARNING neutron.api.rpc.agentnotifiers.dhcp_rpc_agent_api [None req-be39cc40-6728-41e3-af19-1120a75f2a42 88abaf957326475d87559a41d017b9a4 3d2a86ce842a4ba19fe4131b2bab1d22 - - default default] Unable to schedule network c70714a3-8c42-4bcc-a3ed-cf24136d44f3: no agents available; will retry on subsequent port and subnet creation events.
2026-05-09 18:10:23.737 8 INFO neutron.db.ovn_revision_numbers_db [None req-be39cc40-6728-41e3-af19-1120a75f2a42 88abaf957326475d87559a41d017b9a4 3d2a86ce842a4ba19fe4131b2bab1d22 - - default default] Successfully bumped revision number for resource d343a12a-a8d1-462a-a3ca-8d652b42f81a (type: ports) to 1
2026-05-09 18:10:23.767 8 INFO neutron.db.ovn_revision_numbers_db [None req-a2abd766-b38a-441c-a94b-211aa14108ec - - - - - -] Successfully bumped revision number for resource c2a947a7-f6ce-4e93-b0a7-3d5e50305a03 (type: ports) to 4
2026-05-09 18:10:24.280 7 INFO neutron.plugins.ml2.drivers.ovn.mech_driver.mech_driver [None req-8e131ecf-d6bb-4c12-836f-a28246757e8a - - - - - -] OVN reports status down for port: d343a12a-a8d1-462a-a3ca-8d652b42f81a
2026-05-09 18:10:24.490 8 INFO neutron.db.ovn_revision_numbers_db [None req-a2abd766-b38a-441c-a94b-211aa14108ec - - - - - -] Successfully bumped revision number for resource c2a947a7-f6ce-4e93-b0a7-3d5e50305a03 (type: ports) to 5
2026-05-09 18:10:24.835 7 INFO neutron.plugins.ml2.drivers.ovn.mech_driver.mech_driver [None req-8e131ecf-d6bb-4c12-836f-a28246757e8a - - - - - -] OVN reports status up for port: d343a12a-a8d1-462a-a3ca-8d652b42f81a
2026-05-09 18:10:24.848 7 INFO neutron.plugins.ml2.plugin [None req-8e131ecf-d6bb-4c12-836f-a28246757e8a - - - - - -] Attempt 1 to provision port d343a12a-a8d1-462a-a3ca-8d652b42f81a
2026-05-09 18:10:24.904 8 WARNING neutron.scheduler.dhcp_agent_scheduler [None req-be39cc40-6728-41e3-af19-1120a75f2a42 88abaf957326475d87559a41d017b9a4 3d2a86ce842a4ba19fe4131b2bab1d22 - - default default] No more DHCP agents
2026-05-09 18:10:24.905 8 WARNING neutron.api.rpc.agentnotifiers.dhcp_rpc_agent_api [None req-be39cc40-6728-41e3-af19-1120a75f2a42 88abaf957326475d87559a41d017b9a4 3d2a86ce842a4ba19fe4131b2bab1d22 - - default default] Unable to schedule network c70714a3-8c42-4bcc-a3ed-cf24136d44f3: no agents available; will retry on subsequent port and subnet creation events.
2026-05-09 18:10:25.177 7 INFO neutron.db.ovn_revision_numbers_db [None req-8e131ecf-d6bb-4c12-836f-a28246757e8a - - - - - -] Successfully bumped revision number for resource d343a12a-a8d1-462a-a3ca-8d652b42f81a (type: ports) to 2
2026-05-09 18:10:25.274 8 INFO neutron.db.ovn_revision_numbers_db [None req-be39cc40-6728-41e3-af19-1120a75f2a42 88abaf957326475d87559a41d017b9a4 3d2a86ce842a4ba19fe4131b2bab1d22 - - default default] Successfully bumped revision number for resource d343a12a-a8d1-462a-a3ca-8d652b42f81a (type: router_ports) to 1
2026-05-09 18:10:25.276 8 INFO neutron.common.ovn.utils [None req-ead6af64-fa52-4e30-a313-85cfca455243 - - - - - -] HA Chassis Group neutron-c70714a3-8c42-4bcc-a3ed-cf24136d44f3 synchronized; highest priority chassis 6c057394-9d8c-457f-a597-3a43254cc82d [pid: 8|app: 0|req: 1314/2806] 10.0.0.56 () {34 vars in 782 bytes} [Sat May 9 18:10:21 2026] PUT /v2.0/routers/78dd6ed8-0be1-477f-a6f5-671da9419702/add_router_interface => generated 310 bytes in 3657 msecs (HTTP/1.1 200) 4 headers in 157 bytes (1 switches on core 0)
2026-05-09 18:10:25.893 7 WARNING neutron.scheduler.dhcp_agent_scheduler [None req-634fbc9f-9761-4e95-b9be-15d60c588210 88abaf957326475d87559a41d017b9a4 3d2a86ce842a4ba19fe4131b2bab1d22 - - default default] No more DHCP agents
2026-05-09 18:10:25.894 7 WARNING neutron.api.rpc.agentnotifiers.dhcp_rpc_agent_api [None req-634fbc9f-9761-4e95-b9be-15d60c588210 88abaf957326475d87559a41d017b9a4 3d2a86ce842a4ba19fe4131b2bab1d22 - - default default] Unable to schedule network 5e57b100-f814-480d-8ab3-6a318f3aaf9c: no agents available; will retry on subsequent port and subnet creation events.
2026-05-09 18:10:26.035 8 INFO neutron.plugins.ml2.drivers.ovn.mech_driver.mech_driver [None req-ead6af64-fa52-4e30-a313-85cfca455243 - - - - - -] OVN reports status down for port: 03ebb5f8-ad18-4753-8d0e-8c0437e43cec
2026-05-09 18:10:26.069 7 INFO neutron.db.ovn_revision_numbers_db [None req-634fbc9f-9761-4e95-b9be-15d60c588210 88abaf957326475d87559a41d017b9a4 3d2a86ce842a4ba19fe4131b2bab1d22 - - default default] Successfully bumped revision number for resource 03ebb5f8-ad18-4753-8d0e-8c0437e43cec (type: ports) to 1
2026-05-09 18:10:26.832 8 INFO neutron.plugins.ml2.drivers.ovn.mech_driver.mech_driver [None req-ead6af64-fa52-4e30-a313-85cfca455243 - - - - - -] OVN reports status up for port: 03ebb5f8-ad18-4753-8d0e-8c0437e43cec
2026-05-09 18:10:26.847 8 INFO neutron.plugins.ml2.plugin [None req-ead6af64-fa52-4e30-a313-85cfca455243 - - - - - -] Attempt 1 to provision port 03ebb5f8-ad18-4753-8d0e-8c0437e43cec
2026-05-09 18:10:26.909 7 WARNING neutron.scheduler.dhcp_agent_scheduler [None req-634fbc9f-9761-4e95-b9be-15d60c588210 88abaf957326475d87559a41d017b9a4 3d2a86ce842a4ba19fe4131b2bab1d22 - - default default] No more DHCP agents
2026-05-09 18:10:26.910 7 WARNING neutron.api.rpc.agentnotifiers.dhcp_rpc_agent_api [None req-634fbc9f-9761-4e95-b9be-15d60c588210 88abaf957326475d87559a41d017b9a4 3d2a86ce842a4ba19fe4131b2bab1d22 - - default default] Unable to schedule network 5e57b100-f814-480d-8ab3-6a318f3aaf9c: no agents available; will retry on subsequent port and subnet creation events.
2026-05-09 18:10:27.216 8 INFO neutron.db.ovn_revision_numbers_db [None req-ead6af64-fa52-4e30-a313-85cfca455243 - - - - - -] Successfully bumped revision number for resource 03ebb5f8-ad18-4753-8d0e-8c0437e43cec (type: ports) to 2
2026-05-09 18:10:27.294 7 INFO neutron.db.ovn_revision_numbers_db [None req-634fbc9f-9761-4e95-b9be-15d60c588210 88abaf957326475d87559a41d017b9a4 3d2a86ce842a4ba19fe4131b2bab1d22 - - default default] Successfully bumped revision number for resource 03ebb5f8-ad18-4753-8d0e-8c0437e43cec (type: router_ports) to 1 [pid: 7|app: 0|req: 1493/2807] 10.0.0.56 () {34 vars in 782 bytes} [Sat May 9 18:10:25 2026] PUT /v2.0/routers/78dd6ed8-0be1-477f-a6f5-671da9419702/add_router_interface => generated 310 bytes in 2011 msecs (HTTP/1.1 200) 4 headers in 157 bytes (1 switches on core 0)
2026-05-09 18:10:27.892 8 WARNING neutron.scheduler.dhcp_agent_scheduler [None req-d47b3146-062c-4711-b975-1ec769a9fdc7 88abaf957326475d87559a41d017b9a4 3d2a86ce842a4ba19fe4131b2bab1d22 - - default default] No more DHCP agents
2026-05-09 18:10:27.893 8 WARNING neutron.api.rpc.agentnotifiers.dhcp_rpc_agent_api [None req-d47b3146-062c-4711-b975-1ec769a9fdc7 88abaf957326475d87559a41d017b9a4 3d2a86ce842a4ba19fe4131b2bab1d22 - - default default] Unable to schedule network b8a5c57e-c9c6-4d11-895a-dbd483a8ac04: no agents available; will retry on subsequent port and subnet creation events.
2026-05-09 18:10:28.069 8 INFO neutron.db.ovn_revision_numbers_db [None req-d47b3146-062c-4711-b975-1ec769a9fdc7 88abaf957326475d87559a41d017b9a4 3d2a86ce842a4ba19fe4131b2bab1d22 - - default default] Successfully bumped revision number for resource f366d93b-c347-4431-81f7-bae55ca3a1a3 (type: ports) to 1
2026-05-09 18:10:28.820 8 WARNING neutron.scheduler.dhcp_agent_scheduler [None req-d47b3146-062c-4711-b975-1ec769a9fdc7 88abaf957326475d87559a41d017b9a4 3d2a86ce842a4ba19fe4131b2bab1d22 - - default default] No more DHCP agents
2026-05-09 18:10:28.821 8 WARNING neutron.api.rpc.agentnotifiers.dhcp_rpc_agent_api [None req-d47b3146-062c-4711-b975-1ec769a9fdc7 88abaf957326475d87559a41d017b9a4 3d2a86ce842a4ba19fe4131b2bab1d22 - - default default] Unable to schedule network b8a5c57e-c9c6-4d11-895a-dbd483a8ac04: no agents available; will retry on subsequent port and subnet creation events.
2026-05-09 18:10:29.202 8 INFO neutron.db.ovn_revision_numbers_db [None req-d47b3146-062c-4711-b975-1ec769a9fdc7 88abaf957326475d87559a41d017b9a4 3d2a86ce842a4ba19fe4131b2bab1d22 - - default default] Successfully bumped revision number for resource f366d93b-c347-4431-81f7-bae55ca3a1a3 (type: router_ports) to 1 [pid: 8|app: 0|req: 1315/2808] 10.0.0.56 () {34 vars in 782 bytes} [Sat May 9 18:10:27 2026] PUT /v2.0/routers/78dd6ed8-0be1-477f-a6f5-671da9419702/add_router_interface => generated 310 bytes in 1902 msecs (HTTP/1.1 200) 4 headers in 157 bytes (1 switches on core 0)
2026-05-09 18:10:29.398 7 INFO neutron.db.ovn_revision_numbers_db [None req-80b78d35-b61d-404a-a60d-89aebc21669a 88abaf957326475d87559a41d017b9a4 3d2a86ce842a4ba19fe4131b2bab1d22 - - default default] Successfully bumped revision number for resource 4de2cca8-7ec1-4ab2-94ab-2069988b3db1 (type: security_groups) to 1
2026-05-09 18:10:29.409 7 INFO neutron.db.ovn_revision_numbers_db [None req-80b78d35-b61d-404a-a60d-89aebc21669a 88abaf957326475d87559a41d017b9a4 3d2a86ce842a4ba19fe4131b2bab1d22 - - default default] Successfully bumped revision number for resource 3d7207f4-90d1-4f4b-a4ec-67d1c0c1bb44 (type: security_group_rules) to 0
2026-05-09 18:10:29.420 7 INFO neutron.db.ovn_revision_numbers_db [None req-80b78d35-b61d-404a-a60d-89aebc21669a 88abaf957326475d87559a41d017b9a4 3d2a86ce842a4ba19fe4131b2bab1d22 - - default default] Successfully bumped revision number for resource fa7e25c0-538a-4998-80a8-ea1202ce4299 (type: security_group_rules) to 0 [pid: 7|app: 0|req: 1494/2809] 10.0.0.56 () {34 vars in 683 bytes} [Sat May 9 18:10:29 2026] POST /v2.0/security-groups => generated 1629 bytes in 187 msecs (HTTP/1.1 201) 4 headers in 163 bytes (1 switches on core 0)
2026-05-09 18:10:29.575 8 INFO neutron.db.ovn_revision_numbers_db [None req-9e7c6bde-a6d2-4027-8073-2b8fcb24e405 88abaf957326475d87559a41d017b9a4 3d2a86ce842a4ba19fe4131b2bab1d22 - - default default] Successfully bumped revision number for resource e87dfa54-1e7c-4b81-bed4-87bbddf2489b (type: security_group_rules) to 0 [pid: 8|app: 0|req: 1316/2810] 10.0.0.56 () {34 vars in 694 bytes} [Sat May 9 18:10:29 2026] POST /v2.0/security-group-rules => generated 597 bytes in 149 msecs (HTTP/1.1 201) 4 headers in 162 bytes (1 switches on core 0)
2026-05-09 18:10:29.742 7 INFO neutron.db.ovn_revision_numbers_db [None req-7a5afb11-ecd3-4a32-94cf-4a44c23572a5 88abaf957326475d87559a41d017b9a4 3d2a86ce842a4ba19fe4131b2bab1d22 - - default default] Successfully bumped revision number for resource abb4f55d-18ec-4a0d-876f-11e199633779 (type: security_group_rules) to 0 [pid: 7|app: 0|req: 1495/2811] 10.0.0.56 () {34 vars in 694 bytes} [Sat May 9 18:10:29 2026] POST /v2.0/security-group-rules => generated 597 bytes in 163 msecs (HTTP/1.1 201) 4 headers in 162 bytes (1 switches on core 0)
2026-05-09 18:10:29.903 8 INFO neutron.db.ovn_revision_numbers_db [None req-26402ff1-10b6-4904-97f2-38ef2cc1404e 88abaf957326475d87559a41d017b9a4 3d2a86ce842a4ba19fe4131b2bab1d22 - - default default] Successfully bumped revision number for resource 80eb6caf-a24d-4237-bf91-45dc4496e1c4 (type: security_group_rules) to 0 [pid: 8|app: 0|req: 1317/2812] 10.0.0.56 () {34 vars in 694 bytes} [Sat May 9 18:10:29 2026] POST /v2.0/security-group-rules => generated 599 bytes in 152 msecs (HTTP/1.1 201) 4 headers in 162 bytes (1 switches on core 0)
2026-05-09 18:10:30.053 7 INFO neutron.db.ovn_revision_numbers_db [None req-4b43283a-f88e-4375-8552-1038c12b808f 88abaf957326475d87559a41d017b9a4 3d2a86ce842a4ba19fe4131b2bab1d22 - - default default] Successfully bumped revision number for resource 9cc76624-e077-4abf-87da-62712cda2b6e (type: security_group_rules) to 0 [pid: 7|app: 0|req: 1496/2813] 10.0.0.56 () {34 vars in 694 bytes} [Sat May 9 18:10:29 2026] POST /v2.0/security-group-rules => generated 601 bytes in 149 msecs (HTTP/1.1 201) 4 headers in 162 bytes (1 switches on core 0)
2026-05-09 18:10:30.224 8 INFO neutron.db.ovn_revision_numbers_db [None req-ad8f3d81-5f67-4074-84d5-1ae0f3d3f1a5 88abaf957326475d87559a41d017b9a4 3d2a86ce842a4ba19fe4131b2bab1d22 - - default default] Successfully bumped revision number for resource 4905d5c7-f58f-4103-b6fa-ffb05a7737f3 (type: security_group_rules) to 0
