2026-05-09 18:09:41.506 8 INFO placement.requestlog [None req-68d04c55-22bd-4d3c-9359-cee5f13b21dc 10be886e7cdc40c4973dcb991bbdffbf eac6a2872d06435aac030b2c149a5be7 - - 6fb3b5fa337f4e48bea2a1fabb64abf6 6fb3b5fa337f4e48bea2a1fabb64abf6] 10.0.0.86 "GET /resource_providers/aa3ca532-af86-403a-ba88-480e7b7fcf5e/aggregates" status: 404 len: 235 microversion: 1.1 [pid: 8|app: 0|req: 508/1027] 10.0.0.86 () {32 vars in 815 bytes} [Sat May 9 18:09:41 2026] GET /resource_providers/aa3ca532-af86-403a-ba88-480e7b7fcf5e/aggregates => generated 235 bytes in 12 msecs (HTTP/1.1 404) 5 headers in 202 bytes (1 switches on core 0)
2026-05-09 18:09:41.526 7 INFO placement.requestlog [None req-2d892417-2d0f-45e1-b125-914d564d358d 10be886e7cdc40c4973dcb991bbdffbf eac6a2872d06435aac030b2c149a5be7 - - 6fb3b5fa337f4e48bea2a1fabb64abf6 6fb3b5fa337f4e48bea2a1fabb64abf6] 10.0.0.86 "DELETE /resource_providers/aa3ca532-af86-403a-ba88-480e7b7fcf5e" status: 404 len: 246 microversion: 1.1 [pid: 7|app: 0|req: 520/1028] 10.0.0.86 () {34 vars in 815 bytes} [Sat May 9 18:09:41 2026] DELETE /resource_providers/aa3ca532-af86-403a-ba88-480e7b7fcf5e => generated 246 bytes in 9 msecs (HTTP/1.1 404) 6 headers in 231 bytes (1 switches on core 0)
2026-05-09 18:09:41.533 8 INFO placement.requestlog [None req-0d4b74e3-b5dd-4eaf-ab08-0e79d64a65d1 10be886e7cdc40c4973dcb991bbdffbf eac6a2872d06435aac030b2c149a5be7 - - 6fb3b5fa337f4e48bea2a1fabb64abf6 6fb3b5fa337f4e48bea2a1fabb64abf6] 10.0.0.86 "DELETE /resource_providers/aa3ca532-af86-403a-ba88-480e7b7fcf5e" status: 404 len: 246 microversion: 1.1 [pid: 8|app: 0|req: 509/1029] 10.0.0.86 () {34 vars in 815 bytes} [Sat May 9 18:09:41 2026] DELETE /resource_providers/aa3ca532-af86-403a-ba88-480e7b7fcf5e => generated 246 bytes in 11 msecs (HTTP/1.1 404) 6 headers in 231 bytes (1 switches on core 0)
2026-05-09 18:09:42.363 7 INFO placement.requestlog [None req-f5625ca4-ed5b-42d7-a5c1-be98c21a9ad0 10be886e7cdc40c4973dcb991bbdffbf eac6a2872d06435aac030b2c149a5be7 - - 6fb3b5fa337f4e48bea2a1fabb64abf6 6fb3b5fa337f4e48bea2a1fabb64abf6] 10.0.0.86 "GET /resource_providers/40f3714f-c23b-4ab9-9424-d6933e4bac87/aggregates" status: 404 len: 235 microversion: 1.1 [pid: 7|app: 0|req: 521/1030] 10.0.0.86 () {32 vars in 815 bytes} [Sat May 9 18:09:42 2026] GET /resource_providers/40f3714f-c23b-4ab9-9424-d6933e4bac87/aggregates => generated 235 bytes in 13 msecs (HTTP/1.1 404) 5 headers in 202 bytes (1 switches on core 0)
2026-05-09 18:09:42.366 8 INFO placement.requestlog [None req-59015b58-77d1-4ba6-be62-93def20e920e 10be886e7cdc40c4973dcb991bbdffbf eac6a2872d06435aac030b2c149a5be7 - - 6fb3b5fa337f4e48bea2a1fabb64abf6 6fb3b5fa337f4e48bea2a1fabb64abf6] 10.0.0.86 "GET /resource_providers/40f3714f-c23b-4ab9-9424-d6933e4bac87/aggregates" status: 404 len: 235 microversion: 1.1 [pid: 8|app: 0|req: 510/1031] 10.0.0.86 () {32 vars in 815 bytes} [Sat May 9 18:09:42 2026] GET /resource_providers/40f3714f-c23b-4ab9-9424-d6933e4bac87/aggregates => generated 235 bytes in 10 msecs (HTTP/1.1 404) 5 headers in 202 bytes (1 switches on core 0)
2026-05-09 18:09:42.389 7 INFO placement.requestlog [None req-829dda3c-cfdd-48dd-909f-ce66ea50edf5 10be886e7cdc40c4973dcb991bbdffbf eac6a2872d06435aac030b2c149a5be7 - - 6fb3b5fa337f4e48bea2a1fabb64abf6 6fb3b5fa337f4e48bea2a1fabb64abf6] 10.0.0.86 "DELETE /resource_providers/40f3714f-c23b-4ab9-9424-d6933e4bac87" status: 404 len: 246 microversion: 1.1 [pid: 7|app: 0|req: 522/1032] 10.0.0.86 () {34 vars in 815 bytes} [Sat May 9 18:09:42 2026] DELETE /resource_providers/40f3714f-c23b-4ab9-9424-d6933e4bac87 => generated 246 bytes in 9 msecs (HTTP/1.1 404) 6 headers in 231 bytes (1 switches on core 0)
2026-05-09 18:09:42.391 8 INFO placement.requestlog [None req-cb64bcea-b640-4f18-b1f6-aa78078e4180 10be886e7cdc40c4973dcb991bbdffbf eac6a2872d06435aac030b2c149a5be7 - - 6fb3b5fa337f4e48bea2a1fabb64abf6 6fb3b5fa337f4e48bea2a1fabb64abf6] 10.0.0.86 "DELETE /resource_providers/40f3714f-c23b-4ab9-9424-d6933e4bac87" status: 404 len: 246 microversion: 1.1 [pid: 8|app: 0|req: 511/1033] 10.0.0.86 () {34 vars in 815 bytes} [Sat May 9 18:09:42 2026] DELETE /resource_providers/40f3714f-c23b-4ab9-9424-d6933e4bac87 => generated 246 bytes in 11 msecs (HTTP/1.1 404) 6 headers in 231 bytes (1 switches on core 0)
2026-05-09 18:09:42.419 7 INFO placement.requestlog [None req-bba85c99-477c-45f4-b860-04021a59da19 10be886e7cdc40c4973dcb991bbdffbf eac6a2872d06435aac030b2c149a5be7 - - 6fb3b5fa337f4e48bea2a1fabb64abf6 6fb3b5fa337f4e48bea2a1fabb64abf6] 10.0.0.86 "GET /resource_providers/46387bdf-12f9-4563-a2e7-a1ecb08f0f6f/aggregates" status: 404 len: 235 microversion: 1.1 [pid: 7|app: 0|req: 523/1034] 10.0.0.86 () {32 vars in 815 bytes} [Sat May 9 18:09:42 2026] GET /resource_providers/46387bdf-12f9-4563-a2e7-a1ecb08f0f6f/aggregates => generated 235 bytes in 11 msecs (HTTP/1.1 404) 5 headers in 202 bytes (1 switches on core 0)
2026-05-09 18:09:42.428 8 INFO placement.requestlog [None req-ba577e21-e748-434d-97d8-6e63ba0d10ab 10be886e7cdc40c4973dcb991bbdffbf eac6a2872d06435aac030b2c149a5be7 - - 6fb3b5fa337f4e48bea2a1fabb64abf6 6fb3b5fa337f4e48bea2a1fabb64abf6] 10.0.0.86 "GET /resource_providers/46387bdf-12f9-4563-a2e7-a1ecb08f0f6f/aggregates" status: 404 len: 235 microversion: 1.1 [pid: 8|app: 0|req: 512/1035] 10.0.0.86 () {32 vars in 815 bytes} [Sat May 9 18:09:42 2026] GET /resource_providers/46387bdf-12f9-4563-a2e7-a1ecb08f0f6f/aggregates => generated 235 bytes in 8 msecs (HTTP/1.1 404) 5 headers in 202 bytes (1 switches on core 0)
2026-05-09 18:09:42.441 7 INFO placement.requestlog [None req-b27a5668-867b-4685-974a-46dcc74cd3fa 10be886e7cdc40c4973dcb991bbdffbf eac6a2872d06435aac030b2c149a5be7 - - 6fb3b5fa337f4e48bea2a1fabb64abf6 6fb3b5fa337f4e48bea2a1fabb64abf6] 10.0.0.86 "DELETE /resource_providers/46387bdf-12f9-4563-a2e7-a1ecb08f0f6f" status: 404 len: 246 microversion: 1.1 [pid: 7|app: 0|req: 524/1036] 10.0.0.86 () {34 vars in 815 bytes} [Sat May 9 18:09:42 2026] DELETE /resource_providers/46387bdf-12f9-4563-a2e7-a1ecb08f0f6f => generated 246 bytes in 13 msecs (HTTP/1.1 404) 6 headers in 231 bytes (1 switches on core 0)
2026-05-09 18:09:42.455 8 INFO placement.requestlog [None req-0577015d-f00f-48c0-95b0-4e922b973c47 10be886e7cdc40c4973dcb991bbdffbf eac6a2872d06435aac030b2c149a5be7 - - 6fb3b5fa337f4e48bea2a1fabb64abf6 6fb3b5fa337f4e48bea2a1fabb64abf6] 10.0.0.86 "DELETE /resource_providers/46387bdf-12f9-4563-a2e7-a1ecb08f0f6f" status: 404 len: 246 microversion: 1.1 [pid: 8|app: 0|req: 513/1037] 10.0.0.86 () {34 vars in 815 bytes} [Sat May 9 18:09:42 2026] DELETE /resource_providers/46387bdf-12f9-4563-a2e7-a1ecb08f0f6f => generated 246 bytes in 8 msecs (HTTP/1.1 404) 6 headers in 231 bytes (1 switches on core 0)
2026-05-09 18:09:42.473 8 INFO placement.requestlog [None req-daa6f927-3dae-4c82-9493-2b6550b1ea7b 10be886e7cdc40c4973dcb991bbdffbf eac6a2872d06435aac030b2c149a5be7 - - 6fb3b5fa337f4e48bea2a1fabb64abf6 6fb3b5fa337f4e48bea2a1fabb64abf6] 10.0.0.86 "GET /resource_providers/39ac1413-cecb-463b-b593-c32c5d25b66c/aggregates" status: 404 len: 235 microversion: 1.1 [pid: 8|app: 0|req: 514/1038] 10.0.0.86 () {32 vars in 815 bytes} [Sat May 9 18:09:42 2026] GET /resource_providers/39ac1413-cecb-463b-b593-c32c5d25b66c/aggregates => generated 235 bytes in 9 msecs (HTTP/1.1 404) 5 headers in 202 bytes (1 switches on core 0)
2026-05-09 18:09:42.476 7 INFO placement.requestlog [None req-f1082069-abee-4adf-afd8-6d6587a2f0d4 10be886e7cdc40c4973dcb991bbdffbf eac6a2872d06435aac030b2c149a5be7 - - 6fb3b5fa337f4e48bea2a1fabb64abf6 6fb3b5fa337f4e48bea2a1fabb64abf6] 10.0.0.86 "GET /resource_providers/39ac1413-cecb-463b-b593-c32c5d25b66c/aggregates" status: 404 len: 235 microversion: 1.1 [pid: 7|app: 0|req: 525/1039] 10.0.0.86 () {32 vars in 815 bytes} [Sat May 9 18:09:42 2026] GET /resource_providers/39ac1413-cecb-463b-b593-c32c5d25b66c/aggregates => generated 235 bytes in 25 msecs (HTTP/1.1 404) 5 headers in 202 bytes (1 switches on core 0)
2026-05-09 18:09:42.502 8 INFO placement.requestlog [None req-37962ca3-4a78-48bb-a5d8-71f2338a6402 10be886e7cdc40c4973dcb991bbdffbf eac6a2872d06435aac030b2c149a5be7 - - 6fb3b5fa337f4e48bea2a1fabb64abf6 6fb3b5fa337f4e48bea2a1fabb64abf6] 10.0.0.86 "DELETE /resource_providers/39ac1413-cecb-463b-b593-c32c5d25b66c" status: 404 len: 246 microversion: 1.1 [pid: 8|app: 0|req: 515/1040] 10.0.0.86 () {34 vars in 815 bytes} [Sat May 9 18:09:42 2026] DELETE /resource_providers/39ac1413-cecb-463b-b593-c32c5d25b66c => generated 246 bytes in 10 msecs (HTTP/1.1 404) 6 headers in 231 bytes (1 switches on core 0)
2026-05-09 18:09:42.507 7 INFO placement.requestlog [None req-e290113c-aa1f-4e88-b137-9c04f74c787c 10be886e7cdc40c4973dcb991bbdffbf eac6a2872d06435aac030b2c149a5be7 - - 6fb3b5fa337f4e48bea2a1fabb64abf6 6fb3b5fa337f4e48bea2a1fabb64abf6] 10.0.0.86 "DELETE /resource_providers/39ac1413-cecb-463b-b593-c32c5d25b66c" status: 404 len: 246 microversion: 1.1 [pid: 7|app: 0|req: 526/1041] 10.0.0.86 () {34 vars in 815 bytes} [Sat May 9 18:09:42 2026] DELETE /resource_providers/39ac1413-cecb-463b-b593-c32c5d25b66c => generated 246 bytes in 11 msecs (HTTP/1.1 404) 6 headers in 231 bytes (1 switches on core 0)
2026-05-09 18:09:44.489 7 INFO placement.requestlog [None req-10570176-b6fc-44af-a4bc-45156fa30fb2 10be886e7cdc40c4973dcb991bbdffbf eac6a2872d06435aac030b2c149a5be7 - - 6fb3b5fa337f4e48bea2a1fabb64abf6 6fb3b5fa337f4e48bea2a1fabb64abf6] 10.0.0.86 "GET /resource_providers/a4a56479-5ed8-4149-81ba-fbedeb9c7991/aggregates" status: 404 len: 235 microversion: 1.1 [pid: 7|app: 0|req: 527/1042] 10.0.0.86 () {32 vars in 815 bytes} [Sat May 9 18:09:44 2026] GET /resource_providers/a4a56479-5ed8-4149-81ba-fbedeb9c7991/aggregates => generated 235 bytes in 10 msecs (HTTP/1.1 404) 5 headers in 202 bytes (1 switches on core 0)
2026-05-09 18:09:44.492 8 INFO placement.requestlog [None req-a6ca4a63-5d25-4a32-bbd0-04abd8922b70 10be886e7cdc40c4973dcb991bbdffbf eac6a2872d06435aac030b2c149a5be7 - - 6fb3b5fa337f4e48bea2a1fabb64abf6 6fb3b5fa337f4e48bea2a1fabb64abf6] 10.0.0.86 "GET /resource_providers/a4a56479-5ed8-4149-81ba-fbedeb9c7991/aggregates" status: 404 len: 235 microversion: 1.1 [pid: 8|app: 0|req: 516/1043] 10.0.0.86 () {32 vars in 815 bytes} [Sat May 9 18:09:44 2026] GET /resource_providers/a4a56479-5ed8-4149-81ba-fbedeb9c7991/aggregates => generated 235 bytes in 13 msecs (HTTP/1.1 404) 5 headers in 202 bytes (1 switches on core 0)
2026-05-09 18:09:44.511 7 INFO placement.requestlog [None req-837890c4-2a0a-4ef5-a4cd-7cbf352207d2 10be886e7cdc40c4973dcb991bbdffbf eac6a2872d06435aac030b2c149a5be7 - - 6fb3b5fa337f4e48bea2a1fabb64abf6 6fb3b5fa337f4e48bea2a1fabb64abf6] 10.0.0.86 "DELETE /resource_providers/a4a56479-5ed8-4149-81ba-fbedeb9c7991" status: 404 len: 246 microversion: 1.1 [pid: 7|app: 0|req: 528/1044] 10.0.0.86 () {34 vars in 815 bytes} [Sat May 9 18:09:44 2026] DELETE /resource_providers/a4a56479-5ed8-4149-81ba-fbedeb9c7991 => generated 246 bytes in 9 msecs (HTTP/1.1 404) 6 headers in 231 bytes (1 switches on core 0)
2026-05-09 18:09:44.524 8 INFO placement.requestlog [None req-27bc6364-a2f1-4351-85eb-0c983f8f0ab5 10be886e7cdc40c4973dcb991bbdffbf eac6a2872d06435aac030b2c149a5be7 - - 6fb3b5fa337f4e48bea2a1fabb64abf6 6fb3b5fa337f4e48bea2a1fabb64abf6] 10.0.0.86 "DELETE /resource_providers/a4a56479-5ed8-4149-81ba-fbedeb9c7991" status: 404 len: 246 microversion: 1.1 [pid: 8|app: 0|req: 517/1045] 10.0.0.86 () {34 vars in 815 bytes} [Sat May 9 18:09:44 2026] DELETE /resource_providers/a4a56479-5ed8-4149-81ba-fbedeb9c7991 => generated 246 bytes in 19 msecs (HTTP/1.1 404) 6 headers in 231 bytes (1 switches on core 0)
2026-05-09 18:09:44.856 8 INFO placement.requestlog [None req-a9468465-1e1f-4292-8580-c9304d8a49d9 10be886e7cdc40c4973dcb991bbdffbf eac6a2872d06435aac030b2c149a5be7 - - 6fb3b5fa337f4e48bea2a1fabb64abf6 6fb3b5fa337f4e48bea2a1fabb64abf6] 10.0.0.86 "GET /resource_providers/1906cfc6-2876-4077-97b1-9154e3f93271/aggregates" status: 404 len: 235 microversion: 1.1 [pid: 8|app: 0|req: 518/1046] 10.0.0.86 () {32 vars in 815 bytes} [Sat May 9 18:09:44 2026] GET /resource_providers/1906cfc6-2876-4077-97b1-9154e3f93271/aggregates => generated 235 bytes in 10 msecs (HTTP/1.1 404) 5 headers in 202 bytes (1 switches on core 0)
2026-05-09 18:09:44.857 7 INFO placement.requestlog [None req-18c2e765-40d8-4a38-add9-796bcb376e59 10be886e7cdc40c4973dcb991bbdffbf eac6a2872d06435aac030b2c149a5be7 - - 6fb3b5fa337f4e48bea2a1fabb64abf6 6fb3b5fa337f4e48bea2a1fabb64abf6] 10.0.0.86 "GET /resource_providers/1906cfc6-2876-4077-97b1-9154e3f93271/aggregates" status: 404 len: 235 microversion: 1.1 [pid: 7|app: 0|req: 529/1047] 10.0.0.86 () {32 vars in 815 bytes} [Sat May 9 18:09:44 2026] GET /resource_providers/1906cfc6-2876-4077-97b1-9154e3f93271/aggregates => generated 235 bytes in 12 msecs (HTTP/1.1 404) 5 headers in 202 bytes (1 switches on core 0)
2026-05-09 18:09:44.873 8 INFO placement.requestlog [None req-10cd0f4e-c389-4db6-ba47-6a2657da5823 10be886e7cdc40c4973dcb991bbdffbf eac6a2872d06435aac030b2c149a5be7 - - 6fb3b5fa337f4e48bea2a1fabb64abf6 6fb3b5fa337f4e48bea2a1fabb64abf6] 10.0.0.86 "DELETE /resource_providers/1906cfc6-2876-4077-97b1-9154e3f93271" status: 404 len: 246 microversion: 1.1 [pid: 8|app: 0|req: 519/1048] 10.0.0.86 () {34 vars in 815 bytes} [Sat May 9 18:09:44 2026] DELETE /resource_providers/1906cfc6-2876-4077-97b1-9154e3f93271 => generated 246 bytes in 8 msecs (HTTP/1.1 404) 6 headers in 231 bytes (1 switches on core 0)
2026-05-09 18:09:44.878 7 INFO placement.requestlog [None req-33eec401-dfd0-47ce-9cfb-5e5fe3def88c 10be886e7cdc40c4973dcb991bbdffbf eac6a2872d06435aac030b2c149a5be7 - - 6fb3b5fa337f4e48bea2a1fabb64abf6 6fb3b5fa337f4e48bea2a1fabb64abf6] 10.0.0.86 "DELETE /resource_providers/1906cfc6-2876-4077-97b1-9154e3f93271" status: 404 len: 246 microversion: 1.1 [pid: 7|app: 0|req: 530/1049] 10.0.0.86 () {34 vars in 815 bytes} [Sat May 9 18:09:44 2026] DELETE /resource_providers/1906cfc6-2876-4077-97b1-9154e3f93271 => generated 246 bytes in 7 msecs (HTTP/1.1 404) 6 headers in 231 bytes (1 switches on core 0)
2026-05-09 18:09:46.547 8 INFO placement.requestlog [None req-e440dc3f-364f-4260-8345-54fd160128c1 10be886e7cdc40c4973dcb991bbdffbf eac6a2872d06435aac030b2c149a5be7 - - 6fb3b5fa337f4e48bea2a1fabb64abf6 6fb3b5fa337f4e48bea2a1fabb64abf6] 10.0.0.86 "GET /resource_providers/def1a7d5-73f1-4bc0-b1e4-ffaa8e16dea6/aggregates" status: 404 len: 235 microversion: 1.1 [pid: 8|app: 0|req: 520/1050] 10.0.0.86 () {32 vars in 815 bytes} [Sat May 9 18:09:46 2026] GET /resource_providers/def1a7d5-73f1-4bc0-b1e4-ffaa8e16dea6/aggregates => generated 235 bytes in 25 msecs (HTTP/1.1 404) 5 headers in 202 bytes (1 switches on core 0)
2026-05-09 18:09:46.552 7 INFO placement.requestlog [None req-1692425f-9f8e-4503-ae0c-241badb791c3 10be886e7cdc40c4973dcb991bbdffbf eac6a2872d06435aac030b2c149a5be7 - - 6fb3b5fa337f4e48bea2a1fabb64abf6 6fb3b5fa337f4e48bea2a1fabb64abf6] 10.0.0.86 "GET /resource_providers/def1a7d5-73f1-4bc0-b1e4-ffaa8e16dea6/aggregates" status: 404 len: 235 microversion: 1.1 [pid: 7|app: 0|req: 531/1051] 10.0.0.86 () {32 vars in 815 bytes} [Sat May 9 18:09:46 2026] GET /resource_providers/def1a7d5-73f1-4bc0-b1e4-ffaa8e16dea6/aggregates => generated 235 bytes in 7 msecs (HTTP/1.1 404) 5 headers in 202 bytes (1 switches on core 0)
2026-05-09 18:09:46.574 8 INFO placement.requestlog [None req-3f4afc7d-e6e7-4c56-bdfd-346bb3c2fba8 10be886e7cdc40c4973dcb991bbdffbf eac6a2872d06435aac030b2c149a5be7 - - 6fb3b5fa337f4e48bea2a1fabb64abf6 6fb3b5fa337f4e48bea2a1fabb64abf6] 10.0.0.86 "DELETE /resource_providers/def1a7d5-73f1-4bc0-b1e4-ffaa8e16dea6" status: 404 len: 246 microversion: 1.1 [pid: 8|app: 0|req: 521/1052] 10.0.0.86 () {34 vars in 815 bytes} [Sat May 9 18:09:46 2026] DELETE /resource_providers/def1a7d5-73f1-4bc0-b1e4-ffaa8e16dea6 => generated 246 bytes in 8 msecs (HTTP/1.1 404) 6 headers in 231 bytes (1 switches on core 0)
2026-05-09 18:09:46.581 7 INFO placement.requestlog [None req-c7f96b69-5402-4a2d-b6ba-cc25a87a8fff 10be886e7cdc40c4973dcb991bbdffbf eac6a2872d06435aac030b2c149a5be7 - - 6fb3b5fa337f4e48bea2a1fabb64abf6 6fb3b5fa337f4e48bea2a1fabb64abf6] 10.0.0.86 "DELETE /resource_providers/def1a7d5-73f1-4bc0-b1e4-ffaa8e16dea6" status: 404 len: 246 microversion: 1.1 [pid: 7|app: 0|req: 532/1053] 10.0.0.86 () {34 vars in 815 bytes} [Sat May 9 18:09:46 2026] DELETE /resource_providers/def1a7d5-73f1-4bc0-b1e4-ffaa8e16dea6 => generated 246 bytes in 12 msecs (HTTP/1.1 404) 6 headers in 231 bytes (1 switches on core 0)
2026-05-09 18:09:46.585 8 INFO placement.requestlog [None req-af2b0380-27b7-4ef7-b3e2-25ade4acdb3c 10be886e7cdc40c4973dcb991bbdffbf eac6a2872d06435aac030b2c149a5be7 - - 6fb3b5fa337f4e48bea2a1fabb64abf6 6fb3b5fa337f4e48bea2a1fabb64abf6] 10.0.0.86 "GET /resource_providers/ac0e18a8-e6b3-46b2-8b64-698a5639db27/aggregates" status: 404 len: 235 microversion: 1.1 [pid: 8|app: 0|req: 522/1054] 10.0.0.86 () {32 vars in 815 bytes} [Sat May 9 18:09:46 2026] GET /resource_providers/ac0e18a8-e6b3-46b2-8b64-698a5639db27/aggregates => generated 235 bytes in 5 msecs (HTTP/1.1 404) 5 headers in 202 bytes (1 switches on core 0)
2026-05-09 18:09:46.595 8 INFO placement.requestlog [None req-73bf540f-2bb0-4b55-9407-77fb12b13d82 10be886e7cdc40c4973dcb991bbdffbf eac6a2872d06435aac030b2c149a5be7 - - 6fb3b5fa337f4e48bea2a1fabb64abf6 6fb3b5fa337f4e48bea2a1fabb64abf6] 10.0.0.86 "DELETE /resource_providers/ac0e18a8-e6b3-46b2-8b64-698a5639db27" status: 404 len: 246 microversion: 1.1 [pid: 8|app: 0|req: 523/1055] 10.0.0.86 () {34 vars in 815 bytes} [Sat May 9 18:09:46 2026] DELETE /resource_providers/ac0e18a8-e6b3-46b2-8b64-698a5639db27 => generated 246 bytes in 4 msecs (HTTP/1.1 404) 6 headers in 231 bytes (1 switches on core 0)
2026-05-09 18:09:46.596 7 INFO placement.requestlog [None req-7d5d829b-79fd-4bc1-aa19-fe78fed915fd 10be886e7cdc40c4973dcb991bbdffbf eac6a2872d06435aac030b2c149a5be7 - - 6fb3b5fa337f4e48bea2a1fabb64abf6 6fb3b5fa337f4e48bea2a1fabb64abf6] 10.0.0.86 "GET /resource_providers/ac0e18a8-e6b3-46b2-8b64-698a5639db27/aggregates" status: 404 len: 235 microversion: 1.1 [pid: 7|app: 0|req: 533/1056] 10.0.0.86 () {32 vars in 815 bytes} [Sat May 9 18:09:46 2026] GET /resource_providers/ac0e18a8-e6b3-46b2-8b64-698a5639db27/aggregates => generated 235 bytes in 7 msecs (HTTP/1.1 404) 5 headers in 202 bytes (1 switches on core 0)
2026-05-09 18:09:46.609 8 INFO placement.requestlog [None req-631bc7f1-d61c-442f-bc19-410ac4102048 10be886e7cdc40c4973dcb991bbdffbf eac6a2872d06435aac030b2c149a5be7 - - 6fb3b5fa337f4e48bea2a1fabb64abf6 6fb3b5fa337f4e48bea2a1fabb64abf6] 10.0.0.86 "DELETE /resource_providers/ac0e18a8-e6b3-46b2-8b64-698a5639db27" status: 404 len: 246 microversion: 1.1 [pid: 8|app: 0|req: 524/1057] 10.0.0.86 () {34 vars in 815 bytes} [Sat May 9 18:09:46 2026] DELETE /resource_providers/ac0e18a8-e6b3-46b2-8b64-698a5639db27 => generated 246 bytes in 6 msecs (HTTP/1.1 404) 6 headers in 231 bytes (1 switches on core 0)
2026-05-09 18:09:46.895 8 INFO placement.requestlog [None req-359e7528-aa3d-4c49-b5f6-65646ee6a9be 10be886e7cdc40c4973dcb991bbdffbf eac6a2872d06435aac030b2c149a5be7 - - 6fb3b5fa337f4e48bea2a1fabb64abf6 6fb3b5fa337f4e48bea2a1fabb64abf6] 10.0.0.86 "GET /resource_providers/aad3aaa5-a5d0-4946-9bc4-2f4f5786f663/aggregates" status: 404 len: 235 microversion: 1.1 [pid: 8|app: 0|req: 525/1058] 10.0.0.86 () {32 vars in 815 bytes} [Sat May 9 18:09:46 2026] GET /resource_providers/aad3aaa5-a5d0-4946-9bc4-2f4f5786f663/aggregates => generated 235 bytes in 9 msecs (HTTP/1.1 404) 5 headers in 202 bytes (1 switches on core 0)
2026-05-09 18:09:46.896 7 INFO placement.requestlog [None req-c5c6edd9-98a6-452f-855f-4e63972b4d82 10be886e7cdc40c4973dcb991bbdffbf eac6a2872d06435aac030b2c149a5be7 - - 6fb3b5fa337f4e48bea2a1fabb64abf6 6fb3b5fa337f4e48bea2a1fabb64abf6] 10.0.0.86 "GET /resource_providers/aad3aaa5-a5d0-4946-9bc4-2f4f5786f663/aggregates" status: 404 len: 235 microversion: 1.1 [pid: 7|app: 0|req: 534/1059] 10.0.0.86 () {32 vars in 815 bytes} [Sat May 9 18:09:46 2026] GET /resource_providers/aad3aaa5-a5d0-4946-9bc4-2f4f5786f663/aggregates => generated 235 bytes in 11 msecs (HTTP/1.1 404) 5 headers in 202 bytes (1 switches on core 0)
2026-05-09 18:09:46.909 8 INFO placement.requestlog [None req-92ed3cc4-b027-4862-833b-baf0b0cdb522 10be886e7cdc40c4973dcb991bbdffbf eac6a2872d06435aac030b2c149a5be7 - - 6fb3b5fa337f4e48bea2a1fabb64abf6 6fb3b5fa337f4e48bea2a1fabb64abf6] 10.0.0.86 "DELETE /resource_providers/aad3aaa5-a5d0-4946-9bc4-2f4f5786f663" status: 404 len: 246 microversion: 1.1 [pid: 8|app: 0|req: 526/1060] 10.0.0.86 () {34 vars in 815 bytes} [Sat May 9 18:09:46 2026] DELETE /resource_providers/aad3aaa5-a5d0-4946-9bc4-2f4f5786f663 => generated 246 bytes in 6 msecs (HTTP/1.1 404) 6 headers in 231 bytes (1 switches on core 0)
2026-05-09 18:09:46.920 7 INFO placement.requestlog [None req-00a9d777-04f9-42f9-84f3-ac85973af39f 10be886e7cdc40c4973dcb991bbdffbf eac6a2872d06435aac030b2c149a5be7 - - 6fb3b5fa337f4e48bea2a1fabb64abf6 6fb3b5fa337f4e48bea2a1fabb64abf6] 10.0.0.86 "DELETE /resource_providers/aad3aaa5-a5d0-4946-9bc4-2f4f5786f663" status: 404 len: 246 microversion: 1.1 [pid: 7|app: 0|req: 535/1061] 10.0.0.86 () {34 vars in 815 bytes} [Sat May 9 18:09:46 2026] DELETE /resource_providers/aad3aaa5-a5d0-4946-9bc4-2f4f5786f663 => generated 246 bytes in 14 msecs (HTTP/1.1 404) 6 headers in 231 bytes (1 switches on core 0)
2026-05-09 18:09:47.475 7 INFO placement.requestlog [None req-52ab8e28-c5b0-416e-aa1e-636e754ad098 - - - - - -] 10.0.0.240 "GET /" status: 200 len: 136 microversion: 1.0
2026-05-09 18:09:47.475 8 INFO placement.requestlog [None req-0059aff3-12a9-42d2-9f2e-dee25e4e334f - - - - - -] 10.0.0.240 "GET /" status: 200 len: 136 microversion: 1.0
2026-05-09 18:09:54.227 8 INFO placement.requestlog [None req-0292bcd5-fb1a-4e05-b9a2-373e8015020c 10be886e7cdc40c4973dcb991bbdffbf eac6a2872d06435aac030b2c149a5be7 - - 6fb3b5fa337f4e48bea2a1fabb64abf6 6fb3b5fa337f4e48bea2a1fabb64abf6] 10.0.0.86 "GET /resource_providers/9e52f575-2b2e-4ade-a495-45cd36a849f2/aggregates" status: 404 len: 235 microversion: 1.1 [pid: 8|app: 0|req: 528/1064] 10.0.0.86 () {32 vars in 815 bytes} [Sat May 9 18:09:54 2026] GET /resource_providers/9e52f575-2b2e-4ade-a495-45cd36a849f2/aggregates => generated 235 bytes in 9 msecs (HTTP/1.1 404) 5 headers in 202 bytes (1 switches on core 0)
2026-05-09 18:09:54.230 7 INFO placement.requestlog [None req-85b7d98f-d4b3-4ae4-814f-466868c23038 10be886e7cdc40c4973dcb991bbdffbf eac6a2872d06435aac030b2c149a5be7 - - 6fb3b5fa337f4e48bea2a1fabb64abf6 6fb3b5fa337f4e48bea2a1fabb64abf6] 10.0.0.86 "GET /resource_providers/9e52f575-2b2e-4ade-a495-45cd36a849f2/aggregates" status: 404 len: 235 microversion: 1.1 [pid: 7|app: 0|req: 537/1065] 10.0.0.86 () {32 vars in 815 bytes} [Sat May 9 18:09:54 2026] GET /resource_providers/9e52f575-2b2e-4ade-a495-45cd36a849f2/aggregates => generated 235 bytes in 12 msecs (HTTP/1.1 404) 5 headers in 202 bytes (1 switches on core 0)
2026-05-09 18:09:54.256 8 INFO placement.requestlog [None req-f6d341d0-1fb7-4dea-98ee-f1602e4fca12 10be886e7cdc40c4973dcb991bbdffbf eac6a2872d06435aac030b2c149a5be7 - - 6fb3b5fa337f4e48bea2a1fabb64abf6 6fb3b5fa337f4e48bea2a1fabb64abf6] 10.0.0.86 "DELETE /resource_providers/9e52f575-2b2e-4ade-a495-45cd36a849f2" status: 404 len: 246 microversion: 1.1 [pid: 8|app: 0|req: 529/1066] 10.0.0.86 () {34 vars in 815 bytes} [Sat May 9 18:09:54 2026] DELETE /resource_providers/9e52f575-2b2e-4ade-a495-45cd36a849f2 => generated 246 bytes in 11 msecs (HTTP/1.1 404) 6 headers in 231 bytes (1 switches on core 0)
2026-05-09 18:09:54.262 7 INFO placement.requestlog [None req-a55d82b5-641c-4feb-9223-9f927577282f 10be886e7cdc40c4973dcb991bbdffbf eac6a2872d06435aac030b2c149a5be7 - - 6fb3b5fa337f4e48bea2a1fabb64abf6 6fb3b5fa337f4e48bea2a1fabb64abf6] 10.0.0.86 "DELETE /resource_providers/9e52f575-2b2e-4ade-a495-45cd36a849f2" status: 404 len: 246 microversion: 1.1 [pid: 7|app: 0|req: 538/1067] 10.0.0.86 () {34 vars in 815 bytes} [Sat May 9 18:09:54 2026] DELETE /resource_providers/9e52f575-2b2e-4ade-a495-45cd36a849f2 => generated 246 bytes in 14 msecs (HTTP/1.1 404) 6 headers in 231 bytes (1 switches on core 0)
2026-05-09 18:09:57.475 8 INFO placement.requestlog [None req-d1dae498-663e-49f8-8cd3-47b3b2128b2f - - - - - -] 10.0.0.240 "GET /" status: 200 len: 136 microversion: 1.0
2026-05-09 18:09:57.475 7 INFO placement.requestlog [None req-e5e181a2-8831-40b9-9ea7-25c83c0f878d - - - - - -] 10.0.0.240 "GET /" status: 200 len: 136 microversion: 1.0
2026-05-09 18:10:03.340 8 INFO placement.requestlog [None req-4137835d-5e10-4685-b432-eaae0a406abb 10be886e7cdc40c4973dcb991bbdffbf eac6a2872d06435aac030b2c149a5be7 - - 6fb3b5fa337f4e48bea2a1fabb64abf6 6fb3b5fa337f4e48bea2a1fabb64abf6] 10.0.0.86 "GET /resource_providers/fcb76af1-b489-4563-93e6-78051b328067/aggregates" status: 404 len: 235 microversion: 1.1 [pid: 8|app: 0|req: 531/1070] 10.0.0.86 () {32 vars in 815 bytes} [Sat May 9 18:10:03 2026] GET /resource_providers/fcb76af1-b489-4563-93e6-78051b328067/aggregates => generated 235 bytes in 14 msecs (HTTP/1.1 404) 5 headers in 202 bytes (1 switches on core 0)
2026-05-09 18:10:03.344 7 INFO placement.requestlog [None req-4d4df432-f65d-4f6c-95e1-b7353e1fdec6 10be886e7cdc40c4973dcb991bbdffbf eac6a2872d06435aac030b2c149a5be7 - - 6fb3b5fa337f4e48bea2a1fabb64abf6 6fb3b5fa337f4e48bea2a1fabb64abf6] 10.0.0.86 "GET /resource_providers/fcb76af1-b489-4563-93e6-78051b328067/aggregates" status: 404 len: 235 microversion: 1.1 [pid: 7|app: 0|req: 540/1071] 10.0.0.86 () {32 vars in 815 bytes} [Sat May 9 18:10:03 2026] GET /resource_providers/fcb76af1-b489-4563-93e6-78051b328067/aggregates => generated 235 bytes in 11 msecs (HTTP/1.1 404) 5 headers in 202 bytes (1 switches on core 0)
2026-05-09 18:10:03.366 8 INFO placement.requestlog [None req-fa832770-f7ce-4a0a-8cc5-192bb5581040 10be886e7cdc40c4973dcb991bbdffbf eac6a2872d06435aac030b2c149a5be7 - - 6fb3b5fa337f4e48bea2a1fabb64abf6 6fb3b5fa337f4e48bea2a1fabb64abf6] 10.0.0.86 "DELETE /resource_providers/fcb76af1-b489-4563-93e6-78051b328067" status: 404 len: 246 microversion: 1.1 [pid: 8|app: 0|req: 532/1072] 10.0.0.86 () {34 vars in 815 bytes} [Sat May 9 18:10:03 2026] DELETE /resource_providers/fcb76af1-b489-4563-93e6-78051b328067 => generated 246 bytes in 11 msecs (HTTP/1.1 404) 6 headers in 231 bytes (1 switches on core 0)
2026-05-09 18:10:03.374 7 INFO placement.requestlog [None req-1dfbe43d-d581-4ce8-a1fe-8a45ae411054 10be886e7cdc40c4973dcb991bbdffbf eac6a2872d06435aac030b2c149a5be7 - - 6fb3b5fa337f4e48bea2a1fabb64abf6 6fb3b5fa337f4e48bea2a1fabb64abf6] 10.0.0.86 "DELETE /resource_providers/fcb76af1-b489-4563-93e6-78051b328067" status: 404 len: 246 microversion: 1.1 [pid: 7|app: 0|req: 541/1073] 10.0.0.86 () {34 vars in 815 bytes} [Sat May 9 18:10:03 2026] DELETE /resource_providers/fcb76af1-b489-4563-93e6-78051b328067 => generated 246 bytes in 12 msecs (HTTP/1.1 404) 6 headers in 231 bytes (1 switches on core 0)
2026-05-09 18:10:04.610 8 INFO placement.requestlog [None req-89db3ce0-3334-483d-a4b8-32a10c9fc4aa 10be886e7cdc40c4973dcb991bbdffbf eac6a2872d06435aac030b2c149a5be7 - - 6fb3b5fa337f4e48bea2a1fabb64abf6 6fb3b5fa337f4e48bea2a1fabb64abf6] 10.0.0.86 "GET /resource_providers/888d1757-732a-477f-8ffd-418e7c2e7977/aggregates" status: 404 len: 235 microversion: 1.1 [pid: 8|app: 0|req: 533/1074] 10.0.0.86 () {32 vars in 815 bytes} [Sat May 9 18:10:04 2026] GET /resource_providers/888d1757-732a-477f-8ffd-418e7c2e7977/aggregates => generated 235 bytes in 9 msecs (HTTP/1.1 404) 5 headers in 202 bytes (1 switches on core 0)
2026-05-09 18:10:04.624 7 INFO placement.requestlog [None req-967c8ef1-c05e-4acb-89fb-737d6d615e36 10be886e7cdc40c4973dcb991bbdffbf eac6a2872d06435aac030b2c149a5be7 - - 6fb3b5fa337f4e48bea2a1fabb64abf6 6fb3b5fa337f4e48bea2a1fabb64abf6] 10.0.0.86 "GET /resource_providers/888d1757-732a-477f-8ffd-418e7c2e7977/aggregates" status: 404 len: 235 microversion: 1.1 [pid: 7|app: 0|req: 542/1075] 10.0.0.86 () {32 vars in 815 bytes} [Sat May 9 18:10:04 2026] GET /resource_providers/888d1757-732a-477f-8ffd-418e7c2e7977/aggregates => generated 235 bytes in 21 msecs (HTTP/1.1 404) 5 headers in 202 bytes (1 switches on core 0)
2026-05-09 18:10:04.633 8 INFO placement.requestlog [None req-1803ae98-32bc-4ea9-93ac-f549681b1b67 10be886e7cdc40c4973dcb991bbdffbf eac6a2872d06435aac030b2c149a5be7 - - 6fb3b5fa337f4e48bea2a1fabb64abf6 6fb3b5fa337f4e48bea2a1fabb64abf6] 10.0.0.86 "DELETE /resource_providers/888d1757-732a-477f-8ffd-418e7c2e7977" status: 404 len: 246 microversion: 1.1 [pid: 8|app: 0|req: 534/1076] 10.0.0.86 () {34 vars in 815 bytes} [Sat May 9 18:10:04 2026] DELETE /resource_providers/888d1757-732a-477f-8ffd-418e7c2e7977 => generated 246 bytes in 13 msecs (HTTP/1.1 404) 6 headers in 231 bytes (1 switches on core 0)
2026-05-09 18:10:04.643 7 INFO placement.requestlog [None req-58fed9cb-aad2-44d2-864a-98db28a9469d 10be886e7cdc40c4973dcb991bbdffbf eac6a2872d06435aac030b2c149a5be7 - - 6fb3b5fa337f4e48bea2a1fabb64abf6 6fb3b5fa337f4e48bea2a1fabb64abf6] 10.0.0.86 "DELETE /resource_providers/888d1757-732a-477f-8ffd-418e7c2e7977" status: 404 len: 246 microversion: 1.1 [pid: 7|app: 0|req: 543/1077] 10.0.0.86 () {34 vars in 815 bytes} [Sat May 9 18:10:04 2026] DELETE /resource_providers/888d1757-732a-477f-8ffd-418e7c2e7977 => generated 246 bytes in 9 msecs (HTTP/1.1 404) 6 headers in 231 bytes (1 switches on core 0)
2026-05-09 18:10:07.476 7 INFO placement.requestlog [None req-f822dd96-c91b-4728-aad8-72e57bf042a7 - - - - - -] 10.0.0.240 "GET /" status: 200 len: 136 microversion: 1.0
2026-05-09 18:10:07.476 8 INFO placement.requestlog [None req-4a01e902-e6f0-4325-8de9-821747476e4c - - - - - -] 10.0.0.240 "GET /" status: 200 len: 136 microversion: 1.0
2026-05-09 18:10:10.807 8 INFO placement.requestlog [None req-3d827345-9e33-4132-9f4d-9b8c0893fd47 10be886e7cdc40c4973dcb991bbdffbf eac6a2872d06435aac030b2c149a5be7 - - 6fb3b5fa337f4e48bea2a1fabb64abf6 6fb3b5fa337f4e48bea2a1fabb64abf6] 10.0.0.86 "GET /resource_providers/77a975d7-31ba-4e3c-b4bc-3a70d63003c7/aggregates" status: 404 len: 235 microversion: 1.1 [pid: 8|app: 0|req: 536/1080] 10.0.0.86 () {32 vars in 815 bytes} [Sat May 9 18:10:10 2026] GET /resource_providers/77a975d7-31ba-4e3c-b4bc-3a70d63003c7/aggregates => generated 235 bytes in 10 msecs (HTTP/1.1 404) 5 headers in 202 bytes (1 switches on core 0)
2026-05-09 18:10:10.815 7 INFO placement.requestlog [None req-5ea4fd65-a183-4189-9310-2daffb06eea8 10be886e7cdc40c4973dcb991bbdffbf eac6a2872d06435aac030b2c149a5be7 - - 6fb3b5fa337f4e48bea2a1fabb64abf6 6fb3b5fa337f4e48bea2a1fabb64abf6] 10.0.0.86 "GET /resource_providers/77a975d7-31ba-4e3c-b4bc-3a70d63003c7/aggregates" status: 404 len: 235 microversion: 1.1 [pid: 7|app: 0|req: 545/1081] 10.0.0.86 () {32 vars in 815 bytes} [Sat May 9 18:10:10 2026] GET /resource_providers/77a975d7-31ba-4e3c-b4bc-3a70d63003c7/aggregates => generated 235 bytes in 18 msecs (HTTP/1.1 404) 5 headers in 202 bytes (1 switches on core 0)
2026-05-09 18:10:10.836 7 INFO placement.requestlog [None req-e5afb3ea-f091-4156-b906-789c8f39496b 10be886e7cdc40c4973dcb991bbdffbf eac6a2872d06435aac030b2c149a5be7 - - 6fb3b5fa337f4e48bea2a1fabb64abf6 6fb3b5fa337f4e48bea2a1fabb64abf6] 10.0.0.86 "DELETE /resource_providers/77a975d7-31ba-4e3c-b4bc-3a70d63003c7" status: 404 len: 246 microversion: 1.1
2026-05-09 18:10:10.836 8 INFO placement.requestlog [None req-a650a8ef-4845-4ed2-a83c-094170fee594 10be886e7cdc40c4973dcb991bbdffbf eac6a2872d06435aac030b2c149a5be7 - - 6fb3b5fa337f4e48bea2a1fabb64abf6 6fb3b5fa337f4e48bea2a1fabb64abf6] 10.0.0.86 "DELETE /resource_providers/77a975d7-31ba-4e3c-b4bc-3a70d63003c7" status: 404 len: 246 microversion: 1.1 [pid: 7|app: 0|req: 546/1082] 10.0.0.86 () {34 vars in 815 bytes} [Sat May 9 18:10:10 2026] DELETE /resource_providers/77a975d7-31ba-4e3c-b4bc-3a70d63003c7 => generated 246 bytes in 13 msecs (HTTP/1.1 404) 6 headers in 231 bytes (1 switches on core 0) [pid: 8|app: 0|req: 537/1083] 10.0.0.86 () {34 vars in 815 bytes} [Sat May 9 18:10:10 2026] DELETE /resource_providers/77a975d7-31ba-4e3c-b4bc-3a70d63003c7 => generated 246 bytes in 20 msecs (HTTP/1.1 404) 6 headers in 231 bytes (1 switches on core 0)
2026-05-09 18:10:11.217 7 INFO placement.requestlog [None req-c0c94178-c327-4d0e-80c5-c83c0632fd68 10be886e7cdc40c4973dcb991bbdffbf eac6a2872d06435aac030b2c149a5be7 - - 6fb3b5fa337f4e48bea2a1fabb64abf6 6fb3b5fa337f4e48bea2a1fabb64abf6] 10.0.0.86 "GET /resource_providers/7add0c33-61ca-4b5f-8ed1-9fd9ca4e07f3/aggregates" status: 404 len: 235 microversion: 1.1 [pid: 7|app: 0|req: 547/1084] 10.0.0.86 () {32 vars in 815 bytes} [Sat May 9 18:10:11 2026] GET /resource_providers/7add0c33-61ca-4b5f-8ed1-9fd9ca4e07f3/aggregates => generated 235 bytes in 27 msecs (HTTP/1.1 404) 5 headers in 202 bytes (1 switches on core 0)
2026-05-09 18:10:11.217 8 INFO placement.requestlog [None req-a59d37cd-9eaa-4762-a464-25f85510f974 10be886e7cdc40c4973dcb991bbdffbf eac6a2872d06435aac030b2c149a5be7 - - 6fb3b5fa337f4e48bea2a1fabb64abf6 6fb3b5fa337f4e48bea2a1fabb64abf6] 10.0.0.86 "GET /resource_providers/7add0c33-61ca-4b5f-8ed1-9fd9ca4e07f3/aggregates" status: 404 len: 235 microversion: 1.1 [pid: 8|app: 0|req: 538/1085] 10.0.0.86 () {32 vars in 815 bytes} [Sat May 9 18:10:11 2026] GET /resource_providers/7add0c33-61ca-4b5f-8ed1-9fd9ca4e07f3/aggregates => generated 235 bytes in 27 msecs (HTTP/1.1 404) 5 headers in 202 bytes (1 switches on core 0)
2026-05-09 18:10:11.265 8 INFO placement.requestlog [None req-30e18e82-f7e0-4b99-9cf5-9b33924d8882 10be886e7cdc40c4973dcb991bbdffbf eac6a2872d06435aac030b2c149a5be7 - - 6fb3b5fa337f4e48bea2a1fabb64abf6 6fb3b5fa337f4e48bea2a1fabb64abf6] 10.0.0.86 "DELETE /resource_providers/7add0c33-61ca-4b5f-8ed1-9fd9ca4e07f3" status: 404 len: 246 microversion: 1.1 [pid: 8|app: 0|req: 539/1086] 10.0.0.86 () {34 vars in 815 bytes} [Sat May 9 18:10:11 2026] DELETE /resource_providers/7add0c33-61ca-4b5f-8ed1-9fd9ca4e07f3 => generated 246 bytes in 15 msecs (HTTP/1.1 404) 6 headers in 231 bytes (1 switches on core 0)
2026-05-09 18:10:11.267 7 INFO placement.requestlog [None req-4e26cd57-4a70-4d6b-a320-aa6e998ea903 10be886e7cdc40c4973dcb991bbdffbf eac6a2872d06435aac030b2c149a5be7 - - 6fb3b5fa337f4e48bea2a1fabb64abf6 6fb3b5fa337f4e48bea2a1fabb64abf6] 10.0.0.86 "DELETE /resource_providers/7add0c33-61ca-4b5f-8ed1-9fd9ca4e07f3" status: 404 len: 246 microversion: 1.1 [pid: 7|app: 0|req: 548/1087] 10.0.0.86 () {34 vars in 815 bytes} [Sat May 9 18:10:11 2026] DELETE /resource_providers/7add0c33-61ca-4b5f-8ed1-9fd9ca4e07f3 => generated 246 bytes in 17 msecs (HTTP/1.1 404) 6 headers in 231 bytes (1 switches on core 0)
2026-05-09 18:10:16.483 8 INFO placement.requestlog [req-ae7b6e8b-b86a-4400-a68d-1164cf236ccd req-e4d7a602-4850-4cc3-8b9e-4f9b63672597 4d07b1a17d2d4bb1a84e92c56ab9e79d eac6a2872d06435aac030b2c149a5be7 - - 6fb3b5fa337f4e48bea2a1fabb64abf6 6fb3b5fa337f4e48bea2a1fabb64abf6] 199.204.45.156 "GET /resource_providers/52a4bcd5-b09b-4e86-a5e8-8c27ca02dc81/allocations" status: 200 len: 55 microversion: 1.0 [pid: 8|app: 0|req: 540/1088] 199.204.45.156 () {32 vars in 857 bytes} [Sat May 9 18:10:16 2026] GET /resource_providers/52a4bcd5-b09b-4e86-a5e8-8c27ca02dc81/allocations => generated 55 bytes in 24 msecs (HTTP/1.1 200) 6 headers in 223 bytes (1 switches on core 0)
2026-05-09 18:10:16.520 7 INFO placement.requestlog [req-ae7b6e8b-b86a-4400-a68d-1164cf236ccd req-f947dfd0-5048-46f8-97c8-0ebe08abfc53 4d07b1a17d2d4bb1a84e92c56ab9e79d eac6a2872d06435aac030b2c149a5be7 - - 6fb3b5fa337f4e48bea2a1fabb64abf6 6fb3b5fa337f4e48bea2a1fabb64abf6] 199.204.45.156 "GET /resource_providers/52a4bcd5-b09b-4e86-a5e8-8c27ca02dc81/allocations" status: 200 len: 55 microversion: 1.0 [pid: 7|app: 0|req: 549/1089] 199.204.45.156 () {32 vars in 857 bytes} [Sat May 9 18:10:16 2026] GET /resource_providers/52a4bcd5-b09b-4e86-a5e8-8c27ca02dc81/allocations => generated 55 bytes in 22 msecs (HTTP/1.1 200) 6 headers in 223 bytes (1 switches on core 0)
2026-05-09 18:10:17.476 7 INFO placement.requestlog [None req-bf2df4b4-ad76-41e8-945a-532cae8b4cd2 - - - - - -] 10.0.0.240 "GET /" status: 200 len: 136 microversion: 1.0
2026-05-09 18:10:17.476 8 INFO placement.requestlog [None req-5b12ec7c-093a-452a-9a45-d3e0241cb2cf - - - - - -] 10.0.0.240 "GET /" status: 200 len: 136 microversion: 1.0
2026-05-09 18:10:27.475 7 INFO placement.requestlog [None req-ae332cc5-2c43-429f-aeeb-e9e2a522b2fd - - - - - -] 10.0.0.240 "GET /" status: 200 len: 136 microversion: 1.0
2026-05-09 18:10:27.475 8 INFO placement.requestlog [None req-92a7e09e-dd6d-4b7a-9873-39dd8354ce1b - - - - - -] 10.0.0.240 "GET /" status: 200 len: 136 microversion: 1.0
2026-05-09 18:10:32.459 7 INFO placement.requestlog [req-78ff29eb-04d3-4e8c-bef7-d59c88582108 req-b265ecb9-880a-4b0f-ac88-5e46c3e8b2fd 4d07b1a17d2d4bb1a84e92c56ab9e79d eac6a2872d06435aac030b2c149a5be7 - - 6fb3b5fa337f4e48bea2a1fabb64abf6 6fb3b5fa337f4e48bea2a1fabb64abf6] 10.0.0.175 "GET /allocation_candidates?limit=1000&resources=DISK_GB%3A1%2CMEMORY_MB%3A512%2CVCPU%3A1&root_required=%21COMPUTE_STATUS_DISABLED" status: 200 len: 2781 microversion: 1.36 [pid: 7|app: 0|req: 552/1094] 10.0.0.175 () {34 vars in 1012 bytes} [Sat May 9 18:10:32 2026] GET /allocation_candidates?limit=1000&resources=DISK_GB%3A1%2CMEMORY_MB%3A512%2CVCPU%3A1&root_required=%21COMPUTE_STATUS_DISABLED => generated 2781 bytes in 139 msecs (HTTP/1.1 200) 8 headers in 297 bytes (1 switches on core 0)
2026-05-09 18:10:32.495 8 INFO placement.requestlog [req-78ff29eb-04d3-4e8c-bef7-d59c88582108 req-b73274f3-e659-4fc0-9c57-b62fbc6940d2 4d07b1a17d2d4bb1a84e92c56ab9e79d eac6a2872d06435aac030b2c149a5be7 - - 6fb3b5fa337f4e48bea2a1fabb64abf6 6fb3b5fa337f4e48bea2a1fabb64abf6] 10.0.0.175 "GET /allocations/7c0ddf8b-63c1-4874-a6ef-7fe3d8014f56" status: 200 len: 19 microversion: 1.28 [pid: 8|app: 0|req: 543/1095] 10.0.0.175 () {34 vars in 861 bytes} [Sat May 9 18:10:32 2026] GET /allocations/7c0ddf8b-63c1-4874-a6ef-7fe3d8014f56 => generated 19 bytes in 10 msecs (HTTP/1.1 200) 8 headers in 295 bytes (1 switches on core 0)
2026-05-09 18:10:32.563 7 INFO placement.requestlog [req-78ff29eb-04d3-4e8c-bef7-d59c88582108 req-0c0e190f-7b03-437b-99c5-838736f73a4d 4d07b1a17d2d4bb1a84e92c56ab9e79d eac6a2872d06435aac030b2c149a5be7 - - 6fb3b5fa337f4e48bea2a1fabb64abf6 6fb3b5fa337f4e48bea2a1fabb64abf6] 10.0.0.175 "PUT /allocations/7c0ddf8b-63c1-4874-a6ef-7fe3d8014f56" status: 204 len: 0 microversion: 1.36 [pid: 7|app: 0|req: 553/1096] 10.0.0.175 () {38 vars in 914 bytes} [Sat May 9 18:10:32 2026] PUT /allocations/7c0ddf8b-63c1-4874-a6ef-7fe3d8014f56 => generated 0 bytes in 63 msecs (HTTP/1.1 204) 5 headers in 199 bytes (1 switches on core 0)
2026-05-09 18:10:33.972 8 INFO placement.requestlog [req-78ff29eb-04d3-4e8c-bef7-d59c88582108 req-15a3f5c1-8f11-4b7a-9ae0-7bf4d832d3e5 4d07b1a17d2d4bb1a84e92c56ab9e79d eac6a2872d06435aac030b2c149a5be7 - - 6fb3b5fa337f4e48bea2a1fabb64abf6 6fb3b5fa337f4e48bea2a1fabb64abf6] 199.204.45.156 "GET /allocations/7c0ddf8b-63c1-4874-a6ef-7fe3d8014f56" status: 200 len: 258 microversion: 1.28 [pid: 8|app: 0|req: 544/1097] 199.204.45.156 () {34 vars in 863 bytes} [Sat May 9 18:10:33 2026] GET /allocations/7c0ddf8b-63c1-4874-a6ef-7fe3d8014f56 => generated 258 bytes in 11 msecs (HTTP/1.1 200) 8 headers in 296 bytes (1 switches on core 0)
2026-05-09 18:10:35.018 7 INFO placement.requestlog [req-78ff29eb-04d3-4e8c-bef7-d59c88582108 req-4dbfea7e-4590-45f7-aeec-ad00646eaa14 4d07b1a17d2d4bb1a84e92c56ab9e79d eac6a2872d06435aac030b2c149a5be7 - - 6fb3b5fa337f4e48bea2a1fabb64abf6 6fb3b5fa337f4e48bea2a1fabb64abf6] 199.204.45.156 "GET /resource_providers/52a4bcd5-b09b-4e86-a5e8-8c27ca02dc81/allocations" status: 200 len: 153 microversion: 1.0 [pid: 7|app: 0|req: 554/1098] 199.204.45.156 () {32 vars in 857 bytes} [Sat May 9 18:10:35 2026] GET /resource_providers/52a4bcd5-b09b-4e86-a5e8-8c27ca02dc81/allocations => generated 153 bytes in 16 msecs (HTTP/1.1 200) 6 headers in 224 bytes (1 switches on core 0)
2026-05-09 18:10:35.038 8 INFO placement.requestlog [req-78ff29eb-04d3-4e8c-bef7-d59c88582108 req-2f60721d-edea-4f8c-aad7-9ff17b4eec98 4d07b1a17d2d4bb1a84e92c56ab9e79d eac6a2872d06435aac030b2c149a5be7 - - 6fb3b5fa337f4e48bea2a1fabb64abf6 6fb3b5fa337f4e48bea2a1fabb64abf6] 199.204.45.156 "GET /allocations/7c0ddf8b-63c1-4874-a6ef-7fe3d8014f56" status: 200 len: 258 microversion: 1.28 [pid: 8|app: 0|req: 545/1099] 199.204.45.156 () {34 vars in 863 bytes} [Sat May 9 18:10:35 2026] GET /allocations/7c0ddf8b-63c1-4874-a6ef-7fe3d8014f56 => generated 258 bytes in 14 msecs (HTTP/1.1 200) 8 headers in 296 bytes (1 switches on core 0)
2026-05-09 18:10:37.477 7 INFO placement.requestlog [None req-cef167d6-d4f5-4d71-91d7-ca85d1ce5b4b - - - - - -] 10.0.0.240 "GET /" status: 200 len: 136 microversion: 1.0
2026-05-09 18:10:37.477 8 INFO placement.requestlog [None req-d5fa87fd-be36-46ec-85c1-68c48d8c0a33 - - - - - -] 10.0.0.240 "GET /" status: 200 len: 136 microversion: 1.0
2026-05-09 18:10:47.475 8 INFO placement.requestlog [None req-a3079582-cf4e-4a3b-830b-56292013a40f - - - - - -] 10.0.0.240 "GET /" status: 200 len: 136 microversion: 1.0
2026-05-09 18:10:47.476 7 INFO placement.requestlog [None req-1dc1ee62-cb8e-4044-9938-572907d9f2cc - - - - - -] 10.0.0.240 "GET /" status: 200 len: 136 microversion: 1.0
2026-05-09 18:10:50.076 8 INFO placement.requestlog [req-25f3bad0-9c6e-48d3-b91e-f91495ebb429 req-4030803e-4c0b-4634-9ed6-4783bb7a49c3 4d07b1a17d2d4bb1a84e92c56ab9e79d eac6a2872d06435aac030b2c149a5be7 - - 6fb3b5fa337f4e48bea2a1fabb64abf6 6fb3b5fa337f4e48bea2a1fabb64abf6] 10.0.0.175 "GET /allocation_candidates?limit=1000&resources=DISK_GB%3A1%2CMEMORY_MB%3A512%2CVCPU%3A1&root_required=%21COMPUTE_STATUS_DISABLED" status: 200 len: 2783 microversion: 1.36 [pid: 8|app: 0|req: 548/1104] 10.0.0.175 () {34 vars in 1012 bytes} [Sat May 9 18:10:50 2026] GET /allocation_candidates?limit=1000&resources=DISK_GB%3A1%2CMEMORY_MB%3A512%2CVCPU%3A1&root_required=%21COMPUTE_STATUS_DISABLED => generated 2783 bytes in 45 msecs (HTTP/1.1 200) 8 headers in 297 bytes (1 switches on core 0)
2026-05-09 18:10:50.111 7 INFO placement.requestlog [req-25f3bad0-9c6e-48d3-b91e-f91495ebb429 req-3d85a4a2-1d09-4a04-a5e3-5b5b8154c0c5 4d07b1a17d2d4bb1a84e92c56ab9e79d eac6a2872d06435aac030b2c149a5be7 - - 6fb3b5fa337f4e48bea2a1fabb64abf6 6fb3b5fa337f4e48bea2a1fabb64abf6] 10.0.0.175 "GET /allocations/5dec7d38-cc93-427d-bcfe-bc2024e790f4" status: 200 len: 19 microversion: 1.28 [pid: 7|app: 0|req: 557/1105] 10.0.0.175 () {34 vars in 861 bytes} [Sat May 9 18:10:50 2026] GET /allocations/5dec7d38-cc93-427d-bcfe-bc2024e790f4 => generated 19 bytes in 11 msecs (HTTP/1.1 200) 8 headers in 295 bytes (1 switches on core 0)
2026-05-09 18:10:50.177 8 INFO placement.requestlog [req-25f3bad0-9c6e-48d3-b91e-f91495ebb429 req-c82280ad-ce4d-4144-aa27-51fb8cbc65b5 4d07b1a17d2d4bb1a84e92c56ab9e79d eac6a2872d06435aac030b2c149a5be7 - - 6fb3b5fa337f4e48bea2a1fabb64abf6 6fb3b5fa337f4e48bea2a1fabb64abf6] 10.0.0.175 "PUT /allocations/5dec7d38-cc93-427d-bcfe-bc2024e790f4" status: 204 len: 0 microversion: 1.36 [pid: 8|app: 0|req: 549/1106] 10.0.0.175 () {38 vars in 914 bytes} [Sat May 9 18:10:50 2026] PUT /allocations/5dec7d38-cc93-427d-bcfe-bc2024e790f4 => generated 0 bytes in 59 msecs (HTTP/1.1 204) 5 headers in 199 bytes (1 switches on core 0)
2026-05-09 18:10:51.677 7 INFO placement.requestlog [req-25f3bad0-9c6e-48d3-b91e-f91495ebb429 req-ba2a5f14-9d72-4478-a5d2-0dd56ae10f3c 4d07b1a17d2d4bb1a84e92c56ab9e79d eac6a2872d06435aac030b2c149a5be7 - - 6fb3b5fa337f4e48bea2a1fabb64abf6 6fb3b5fa337f4e48bea2a1fabb64abf6] 199.204.45.156 "GET /allocations/5dec7d38-cc93-427d-bcfe-bc2024e790f4" status: 200 len: 258 microversion: 1.28 [pid: 7|app: 0|req: 558/1107] 199.204.45.156 () {34 vars in 863 bytes} [Sat May 9 18:10:51 2026] GET /allocations/5dec7d38-cc93-427d-bcfe-bc2024e790f4 => generated 258 bytes in 11 msecs (HTTP/1.1 200) 8 headers in 296 bytes (1 switches on core 0)
2026-05-09 18:10:52.718 8 INFO placement.requestlog [req-25f3bad0-9c6e-48d3-b91e-f91495ebb429 req-9424ca52-5ed9-4356-a4f9-a039202db19f 4d07b1a17d2d4bb1a84e92c56ab9e79d eac6a2872d06435aac030b2c149a5be7 - - 6fb3b5fa337f4e48bea2a1fabb64abf6 6fb3b5fa337f4e48bea2a1fabb64abf6] 199.204.45.156 "GET /resource_providers/52a4bcd5-b09b-4e86-a5e8-8c27ca02dc81/allocations" status: 200 len: 253 microversion: 1.0 [pid: 8|app: 0|req: 550/1108] 199.204.45.156 () {32 vars in 857 bytes} [Sat May 9 18:10:52 2026] GET /resource_providers/52a4bcd5-b09b-4e86-a5e8-8c27ca02dc81/allocations => generated 253 bytes in 18 msecs (HTTP/1.1 200) 6 headers in 224 bytes (1 switches on core 0)
2026-05-09 18:10:52.739 7 INFO placement.requestlog [req-25f3bad0-9c6e-48d3-b91e-f91495ebb429 req-701abed9-43f4-48b8-bb7f-4c93fd7e0a48 4d07b1a17d2d4bb1a84e92c56ab9e79d eac6a2872d06435aac030b2c149a5be7 - - 6fb3b5fa337f4e48bea2a1fabb64abf6 6fb3b5fa337f4e48bea2a1fabb64abf6] 199.204.45.156 "GET /allocations/5dec7d38-cc93-427d-bcfe-bc2024e790f4" status: 200 len: 258 microversion: 1.28 [pid: 7|app: 0|req: 559/1109] 199.204.45.156 () {34 vars in 863 bytes} [Sat May 9 18:10:52 2026] GET /allocations/5dec7d38-cc93-427d-bcfe-bc2024e790f4 => generated 258 bytes in 13 msecs (HTTP/1.1 200) 8 headers in 296 bytes (1 switches on core 0)
2026-05-09 18:10:52.762 8 INFO placement.requestlog [req-25f3bad0-9c6e-48d3-b91e-f91495ebb429 req-0145aaa3-ce2c-47d9-896a-1c3e84201ced 4d07b1a17d2d4bb1a84e92c56ab9e79d eac6a2872d06435aac030b2c149a5be7 - - 6fb3b5fa337f4e48bea2a1fabb64abf6 6fb3b5fa337f4e48bea2a1fabb64abf6] 199.204.45.156 "GET /allocations/7c0ddf8b-63c1-4874-a6ef-7fe3d8014f56" status: 200 len: 258 microversion: 1.28 [pid: 8|app: 0|req: 551/1110] 199.204.45.156 () {34 vars in 863 bytes} [Sat May 9 18:10:52 2026] GET /allocations/7c0ddf8b-63c1-4874-a6ef-7fe3d8014f56 => generated 258 bytes in 13 msecs (HTTP/1.1 200) 8 headers in 296 bytes (1 switches on core 0)
2026-05-09 18:10:57.475 7 INFO placement.requestlog [None req-196b8be5-2f6e-4723-9111-d27258cfce17 - - - - - -] 10.0.0.240 "GET /" status: 200 len: 136 microversion: 1.0
2026-05-09 18:10:57.475 8 INFO placement.requestlog [None req-910916e1-3c38-4027-b4ad-1816716308eb - - - - - -] 10.0.0.240 "GET /" status: 200 len: 136 microversion: 1.0
2026-05-09 18:11:07.477 8 INFO placement.requestlog [None req-a06ce510-f021-4005-adb7-7ba5df27ac2a - - - - - -] 10.0.0.240 "GET /" status: 200 len: 136 microversion: 1.0
2026-05-09 18:11:07.478 7 INFO placement.requestlog [None req-0f1fc129-2225-46db-af15-d2fdba9324fa - - - - - -] 10.0.0.240 "GET /" status: 200 len: 136 microversion: 1.0
2026-05-09 18:11:17.476 7 INFO placement.requestlog [None req-b94e6fe1-2bb7-4239-a559-b602e3ac38f2 - - - - - -] 10.0.0.240 "GET /" status: 200 len: 136 microversion: 1.0
2026-05-09 18:11:17.477 8 INFO placement.requestlog [None req-ddc4f182-6a4c-4094-bcad-15a2b2e3b8d9 - - - - - -] 10.0.0.240 "GET /" status: 200 len: 136 microversion: 1.0
2026-05-09 18:11:19.298 7 INFO placement.requestlog [req-6234d912-d155-4d75-8afd-c323fa5bdb54 req-28b189d0-5c0c-48fe-9d0a-d6be1887d748 4d07b1a17d2d4bb1a84e92c56ab9e79d eac6a2872d06435aac030b2c149a5be7 - - 6fb3b5fa337f4e48bea2a1fabb64abf6 6fb3b5fa337f4e48bea2a1fabb64abf6] 199.204.45.156 "GET /resource_providers/52a4bcd5-b09b-4e86-a5e8-8c27ca02dc81/allocations" status: 200 len: 253 microversion: 1.0 [pid: 7|app: 0|req: 563/1117] 199.204.45.156 () {32 vars in 857 bytes} [Sat May 9 18:11:19 2026] GET /resource_providers/52a4bcd5-b09b-4e86-a5e8-8c27ca02dc81/allocations => generated 253 bytes in 18 msecs (HTTP/1.1 200) 6 headers in 224 bytes (1 switches on core 0)
2026-05-09 18:11:19.324 8 INFO placement.requestlog [req-6234d912-d155-4d75-8afd-c323fa5bdb54 req-c3296db9-23e8-4554-8123-ac52b6086ffc 4d07b1a17d2d4bb1a84e92c56ab9e79d eac6a2872d06435aac030b2c149a5be7 - - 6fb3b5fa337f4e48bea2a1fabb64abf6 6fb3b5fa337f4e48bea2a1fabb64abf6] 199.204.45.156 "GET /resource_providers/52a4bcd5-b09b-4e86-a5e8-8c27ca02dc81/allocations" status: 200 len: 253 microversion: 1.0 [pid: 8|app: 0|req: 555/1118] 199.204.45.156 () {32 vars in 857 bytes} [Sat May 9 18:11:19 2026] GET /resource_providers/52a4bcd5-b09b-4e86-a5e8-8c27ca02dc81/allocations => generated 253 bytes in 17 msecs (HTTP/1.1 200) 6 headers in 224 bytes (1 switches on core 0)
2026-05-09 18:11:19.344 7 INFO placement.requestlog [req-6234d912-d155-4d75-8afd-c323fa5bdb54 req-770fabb4-5cd9-4b51-a72d-dbdcb827930f 4d07b1a17d2d4bb1a84e92c56ab9e79d eac6a2872d06435aac030b2c149a5be7 - - 6fb3b5fa337f4e48bea2a1fabb64abf6 6fb3b5fa337f4e48bea2a1fabb64abf6] 199.204.45.156 "GET /allocations/5dec7d38-cc93-427d-bcfe-bc2024e790f4" status: 200 len: 258 microversion: 1.28 [pid: 7|app: 0|req: 564/1119] 199.204.45.156 () {34 vars in 863 bytes} [Sat May 9 18:11:19 2026] GET /allocations/5dec7d38-cc93-427d-bcfe-bc2024e790f4 => generated 258 bytes in 12 msecs (HTTP/1.1 200) 8 headers in 296 bytes (1 switches on core 0)
2026-05-09 18:11:19.363 8 INFO placement.requestlog [req-6234d912-d155-4d75-8afd-c323fa5bdb54 req-3a328814-53a0-4d87-90e3-e6148277186d 4d07b1a17d2d4bb1a84e92c56ab9e79d eac6a2872d06435aac030b2c149a5be7 - - 6fb3b5fa337f4e48bea2a1fabb64abf6 6fb3b5fa337f4e48bea2a1fabb64abf6] 199.204.45.156 "GET /allocations/7c0ddf8b-63c1-4874-a6ef-7fe3d8014f56" status: 200 len: 258 microversion: 1.28 [pid: 8|app: 0|req: 556/1120] 199.204.45.156 () {34 vars in 863 bytes} [Sat May 9 18:11:19 2026] GET /allocations/7c0ddf8b-63c1-4874-a6ef-7fe3d8014f56 => generated 258 bytes in 13 msecs (HTTP/1.1 200) 8 headers in 296 bytes (1 switches on core 0)
2026-05-09 18:11:27.476 8 INFO placement.requestlog [None req-1ff447b1-f6ff-4adf-9dac-b286032f2380 - - - - - -] 10.0.0.240 "GET /" status: 200 len: 136 microversion: 1.0
2026-05-09 18:11:27.477 7 INFO placement.requestlog [None req-276c4a6f-5c02-4abb-9b83-c682a8090ae3 - - - - - -] 10.0.0.240 "GET /" status: 200 len: 136 microversion: 1.0
