2026-08-06 02:18:43.770 7 INFO neutron.db.ovn_revision_numbers_db [None req-aecfe50c-160b-4d6f-9b63-0e76eb47923e 2bfb2e0c7cd447429067a38f3fca3da4 1a3607f1bb874808aeaf316ffa8d0a39 - - default default] Successfully bumped revision number for resource b73f85db-6dde-4e12-aa5d-ce4b13c3fa72 (type: ports) to 1 [pid: 7|app: 0|req: 671/1327] 10.0.0.184 () {34 vars in 670 bytes} [Thu Aug 6 02:18:42 2026] POST /v2.0/networks => generated 631 bytes in 875 msecs (HTTP/1.1 201) 4 headers in 162 bytes (1 switches on core 0)
2026-08-06 02:18:43.878 8 INFO neutron.db.ovn_revision_numbers_db [None req-dcf38c46-e7f4-414e-a7b4-ac3ffb43ae0d c05da53d0e8244f5b519e1dc915fb6fa 8ffe899da5c0451d8123399d8ddc2d0a - - default default] Successfully bumped revision number for resource 49dd859c-a0f0-448e-9744-3006f11be5c5 (type: security_groups) to 1
2026-08-06 02:18:43.889 8 INFO neutron.db.ovn_revision_numbers_db [None req-dcf38c46-e7f4-414e-a7b4-ac3ffb43ae0d c05da53d0e8244f5b519e1dc915fb6fa 8ffe899da5c0451d8123399d8ddc2d0a - - default default] Successfully bumped revision number for resource 3aa49a37-da0c-4ad3-a4e6-cd88a062c2a7 (type: security_group_rules) to 0
2026-08-06 02:18:43.899 8 INFO neutron.db.ovn_revision_numbers_db [None req-dcf38c46-e7f4-414e-a7b4-ac3ffb43ae0d c05da53d0e8244f5b519e1dc915fb6fa 8ffe899da5c0451d8123399d8ddc2d0a - - default default] Successfully bumped revision number for resource 4d372741-fa02-41b0-8613-524439786ea3 (type: security_group_rules) to 0
2026-08-06 02:18:43.912 8 INFO neutron.db.ovn_revision_numbers_db [None req-dcf38c46-e7f4-414e-a7b4-ac3ffb43ae0d c05da53d0e8244f5b519e1dc915fb6fa 8ffe899da5c0451d8123399d8ddc2d0a - - default default] Successfully bumped revision number for resource 9a9863f1-0de1-4c9e-99a4-4b27caa184ca (type: security_group_rules) to 0
2026-08-06 02:18:43.925 8 INFO neutron.db.ovn_revision_numbers_db [None req-dcf38c46-e7f4-414e-a7b4-ac3ffb43ae0d c05da53d0e8244f5b519e1dc915fb6fa 8ffe899da5c0451d8123399d8ddc2d0a - - default default] Successfully bumped revision number for resource dfc69e90-420e-418c-acd9-75f16583f0f2 (type: security_group_rules) to 0
2026-08-06 02:18:44.003 8 INFO neutron.db.segments_db [None req-dcf38c46-e7f4-414e-a7b4-ac3ffb43ae0d c05da53d0e8244f5b519e1dc915fb6fa 8ffe899da5c0451d8123399d8ddc2d0a - - default default] Added segment a9996088-1ab4-40c8-a5bd-90a343200df2 of type geneve for network 97aed61d-951c-4344-9ef7-d72bca14ffec
2026-08-06 02:18:44.116 8 INFO neutron.db.ovn_revision_numbers_db [None req-dcf38c46-e7f4-414e-a7b4-ac3ffb43ae0d c05da53d0e8244f5b519e1dc915fb6fa 8ffe899da5c0451d8123399d8ddc2d0a - - default default] Successfully bumped revision number for resource 97aed61d-951c-4344-9ef7-d72bca14ffec (type: networks) to 1 [pid: 7|app: 0|req: 672/1328] 10.0.0.167 () {34 vars in 990 bytes} [Thu Aug 6 02:18:43 2026] GET /v2.0/ports?device_id=3bcd16ef-9856-4548-a23d-8cb1cf85dc11 => generated 12 bytes in 459 msecs (HTTP/1.1 200) 4 headers in 156 bytes (1 switches on core 0)
2026-08-06 02:18:44.278 8 WARNING neutron.scheduler.dhcp_agent_scheduler [None req-dcf38c46-e7f4-414e-a7b4-ac3ffb43ae0d c05da53d0e8244f5b519e1dc915fb6fa 8ffe899da5c0451d8123399d8ddc2d0a - - default default] No more DHCP agents
2026-08-06 02:18:44.283 8 WARNING neutron.api.rpc.agentnotifiers.dhcp_rpc_agent_api [None req-dcf38c46-e7f4-414e-a7b4-ac3ffb43ae0d c05da53d0e8244f5b519e1dc915fb6fa 8ffe899da5c0451d8123399d8ddc2d0a - - default default] Unable to schedule network 97aed61d-951c-4344-9ef7-d72bca14ffec: no agents available; will retry on subsequent port and subnet creation events.
2026-08-06 02:18:44.340 7 INFO neutron.plugins.ml2.drivers.ovn.mech_driver.mech_driver [None req-1779cc2e-7aa6-4ef2-8fbf-28a8e09cd6ea - - - - - -] OVN reports status down for port: f17ac201-452a-4dba-86b6-3e50d2bfb90a
2026-08-06 02:18:44.359 8 INFO neutron.db.ovn_revision_numbers_db [None req-dcf38c46-e7f4-414e-a7b4-ac3ffb43ae0d c05da53d0e8244f5b519e1dc915fb6fa 8ffe899da5c0451d8123399d8ddc2d0a - - default default] Successfully bumped revision number for resource f17ac201-452a-4dba-86b6-3e50d2bfb90a (type: ports) to 1
2026-08-06 02:18:44.376 7 INFO neutron.db.segments_db [None req-5ec513fb-f8bf-4069-acde-4949606e37ed 9cba0eee413845599336e25cf98b3243 7ec98f9c904346c2bcc5fca3b3a0609f - - default default] Added segment c52d1593-5d9e-4914-97dc-d5667ffc0b1a of type geneve for network 5d201c35-920e-4e1f-b4fc-dc4c0f6b44fb [pid: 8|app: 0|req: 657/1329] 10.0.0.184 () {34 vars in 671 bytes} [Thu Aug 6 02:18:43 2026] POST /v2.0/networks => generated 746 bytes in 714 msecs (HTTP/1.1 201) 4 headers in 162 bytes (1 switches on core 0)
2026-08-06 02:18:44.509 7 INFO neutron.db.ovn_revision_numbers_db [None req-5ec513fb-f8bf-4069-acde-4949606e37ed 9cba0eee413845599336e25cf98b3243 7ec98f9c904346c2bcc5fca3b3a0609f - - default default] Successfully bumped revision number for resource 5d201c35-920e-4e1f-b4fc-dc4c0f6b44fb (type: networks) to 1
2026-08-06 02:18:44.567 8 WARNING neutron.scheduler.dhcp_agent_scheduler [None req-fcdc6ac0-9888-4f28-9c34-402841f42b90 2bfb2e0c7cd447429067a38f3fca3da4 1a3607f1bb874808aeaf316ffa8d0a39 - - default default] No more DHCP agents
2026-08-06 02:18:44.568 8 WARNING neutron.api.rpc.agentnotifiers.dhcp_rpc_agent_api [None req-fcdc6ac0-9888-4f28-9c34-402841f42b90 2bfb2e0c7cd447429067a38f3fca3da4 1a3607f1bb874808aeaf316ffa8d0a39 - - default default] Unable to schedule network 25315f59-3041-43f6-9f9f-a6d9db884c76: no agents available; will retry on subsequent port and subnet creation events.
2026-08-06 02:18:44.638 7 INFO neutron.plugins.ml2.drivers.ovn.mech_driver.mech_driver [None req-1779cc2e-7aa6-4ef2-8fbf-28a8e09cd6ea - - - - - -] OVN reports status down for port: dedaf838-3f2b-408d-bedd-6799088751e0
2026-08-06 02:18:44.644 8 INFO neutron.db.ovn_revision_numbers_db [None req-fcdc6ac0-9888-4f28-9c34-402841f42b90 2bfb2e0c7cd447429067a38f3fca3da4 1a3607f1bb874808aeaf316ffa8d0a39 - - default default] Successfully bumped revision number for resource dedaf838-3f2b-408d-bedd-6799088751e0 (type: ports) to 1 [pid: 8|app: 0|req: 658/1330] 10.0.0.184 () {34 vars in 664 bytes} [Thu Aug 6 02:18:44 2026] POST /v2.0/ports => generated 743 bytes in 300 msecs (HTTP/1.1 201) 4 headers in 162 bytes (1 switches on core 0) /var/lib/openstack/lib/python3.12/site-packages/pycadf/identifier.py:70: UserWarning: Invalid uuid: neutron. To ensure interoperability, identifiers should be a valid uuid. warnings.warn(('Invalid uuid: %s. To ensure interoperability, '
2026-08-06 02:18:44.717 7 WARNING neutron.scheduler.dhcp_agent_scheduler [None req-5ec513fb-f8bf-4069-acde-4949606e37ed 9cba0eee413845599336e25cf98b3243 7ec98f9c904346c2bcc5fca3b3a0609f - - default default] No more DHCP agents
2026-08-06 02:18:44.720 7 WARNING neutron.api.rpc.agentnotifiers.dhcp_rpc_agent_api [None req-5ec513fb-f8bf-4069-acde-4949606e37ed 9cba0eee413845599336e25cf98b3243 7ec98f9c904346c2bcc5fca3b3a0609f - - default default] Unable to schedule network 5d201c35-920e-4e1f-b4fc-dc4c0f6b44fb: no agents available; will retry on subsequent port and subnet creation events.
2026-08-06 02:18:44.781 7 INFO neutron.plugins.ml2.drivers.ovn.mech_driver.mech_driver [None req-1779cc2e-7aa6-4ef2-8fbf-28a8e09cd6ea - - - - - -] OVN reports status down for port: b795d65e-a609-4dc9-b5d2-7b2f1354b62d
2026-08-06 02:18:44.805 8 WARNING neutron.scheduler.dhcp_agent_scheduler [None req-96936cd5-8efb-4626-b53c-3cf8f848105d c05da53d0e8244f5b519e1dc915fb6fa 8ffe899da5c0451d8123399d8ddc2d0a - - default default] No more DHCP agents
2026-08-06 02:18:44.807 8 WARNING neutron.api.rpc.agentnotifiers.dhcp_rpc_agent_api [None req-96936cd5-8efb-4626-b53c-3cf8f848105d c05da53d0e8244f5b519e1dc915fb6fa 8ffe899da5c0451d8123399d8ddc2d0a - - default default] Unable to schedule network 97aed61d-951c-4344-9ef7-d72bca14ffec: no agents available; will retry on subsequent port and subnet creation events.
2026-08-06 02:18:44.843 7 INFO neutron.db.ovn_revision_numbers_db [None req-5ec513fb-f8bf-4069-acde-4949606e37ed 9cba0eee413845599336e25cf98b3243 7ec98f9c904346c2bcc5fca3b3a0609f - - default default] Successfully bumped revision number for resource b795d65e-a609-4dc9-b5d2-7b2f1354b62d (type: ports) to 1 [pid: 7|app: 0|req: 673/1331] 10.0.0.184 () {34 vars in 670 bytes} [Thu Aug 6 02:18:44 2026] POST /v2.0/networks => generated 630 bytes in 627 msecs (HTTP/1.1 201) 4 headers in 162 bytes (1 switches on core 0) [pid: 7|app: 0|req: 674/1332] 10.0.0.184 () {34 vars in 666 bytes} [Thu Aug 6 02:18:44 2026] POST /v2.0/trunks => generated 409 bytes in 233 msecs (HTTP/1.1 201) 4 headers in 162 bytes (1 switches on core 0)
2026-08-06 02:18:45.235 8 INFO neutron.db.ovn_revision_numbers_db [None req-7feb5785-dac0-48ae-a4b9-cb771944629f - - - - - -] Successfully bumped revision number for resource f17ac201-452a-4dba-86b6-3e50d2bfb90a (type: ports) to 2
2026-08-06 02:18:45.270 8 INFO neutron.db.ovn_revision_numbers_db [None req-7feb5785-dac0-48ae-a4b9-cb771944629f - - - - - -] Successfully bumped revision number for resource 73eb1eec-e0a4-4d5b-bbc0-9b60d9f14e08 (type: subnets) to 0 [pid: 8|app: 0|req: 659/1333] 10.0.0.184 () {34 vars in 669 bytes} [Thu Aug 6 02:18:44 2026] POST /v2.0/subnets => generated 690 bytes in 608 msecs (HTTP/1.1 201) 4 headers in 162 bytes (1 switches on core 0)
2026-08-06 02:18:45.316 7 WARNING neutron.scheduler.dhcp_agent_scheduler [None req-d377eb63-5123-44a8-a34e-62095207209e 9cba0eee413845599336e25cf98b3243 7ec98f9c904346c2bcc5fca3b3a0609f - - default default] No more DHCP agents
2026-08-06 02:18:45.317 7 WARNING neutron.api.rpc.agentnotifiers.dhcp_rpc_agent_api [None req-d377eb63-5123-44a8-a34e-62095207209e 9cba0eee413845599336e25cf98b3243 7ec98f9c904346c2bcc5fca3b3a0609f - - default default] Unable to schedule network 5d201c35-920e-4e1f-b4fc-dc4c0f6b44fb: no agents available; will retry on subsequent port and subnet creation events.
2026-08-06 02:18:45.353 8 INFO neutron.services.segments.plugin [-] Segment 63c167bd-05e8-4f94-9dc1-c2b184c38def resource provider aggregate not found
2026-08-06 02:18:45.366 8 INFO neutron.services.segments.plugin [-] Segment 63c167bd-05e8-4f94-9dc1-c2b184c38def resource provider aggregate not found
2026-08-06 02:18:45.375 8 INFO neutron.services.segments.plugin [-] Client error retrieving segment 63c167bd-05e8-4f94-9dc1-c2b184c38def resource provider; error: Placement Client Error (4xx): {"errors": [{"status": 404, "title": "Not Found", "detail": "The resource could not be found.\n\n No resource provider with uuid 63c167bd-05e8-4f94-9dc1-c2b184c38def found for delete ", "request_id": "req-8762909d-4a59-4cc7-9a17-1ee071bebf90"}]}
2026-08-06 02:18:45.379 8 INFO neutron.db.segments_db [None req-3a0c453e-00e0-4c32-aa72-c7e063ace74a 2bfb2e0c7cd447429067a38f3fca3da4 1a3607f1bb874808aeaf316ffa8d0a39 - - default default] Added segment 6cd1bfc2-9636-42a7-89e5-12afb030dbde of type geneve for network e7e4b982-00be-4285-af77-279f15a03c4e
2026-08-06 02:18:45.385 8 INFO neutron.services.segments.plugin [-] Client error retrieving segment 63c167bd-05e8-4f94-9dc1-c2b184c38def resource provider; error: Placement Client Error (4xx): {"errors": [{"status": 404, "title": "Not Found", "detail": "The resource could not be found.\n\n No resource provider with uuid 63c167bd-05e8-4f94-9dc1-c2b184c38def found for delete ", "request_id": "req-257ce20c-a2c0-41cf-8a50-6b2c39c3cfe0"}]}
2026-08-06 02:18:45.492 8 INFO neutron.db.ovn_revision_numbers_db [None req-3a0c453e-00e0-4c32-aa72-c7e063ace74a 2bfb2e0c7cd447429067a38f3fca3da4 1a3607f1bb874808aeaf316ffa8d0a39 - - default default] Successfully bumped revision number for resource e7e4b982-00be-4285-af77-279f15a03c4e (type: networks) to 1
2026-08-06 02:18:45.635 8 WARNING neutron.scheduler.dhcp_agent_scheduler [None req-3a0c453e-00e0-4c32-aa72-c7e063ace74a 2bfb2e0c7cd447429067a38f3fca3da4 1a3607f1bb874808aeaf316ffa8d0a39 - - default default] No more DHCP agents
2026-08-06 02:18:45.637 8 WARNING neutron.api.rpc.agentnotifiers.dhcp_rpc_agent_api [None req-3a0c453e-00e0-4c32-aa72-c7e063ace74a 2bfb2e0c7cd447429067a38f3fca3da4 1a3607f1bb874808aeaf316ffa8d0a39 - - default default] Unable to schedule network e7e4b982-00be-4285-af77-279f15a03c4e: no agents available; will retry on subsequent port and subnet creation events.
2026-08-06 02:18:45.698 7 INFO neutron.plugins.ml2.drivers.ovn.mech_driver.mech_driver [None req-1779cc2e-7aa6-4ef2-8fbf-28a8e09cd6ea - - - - - -] OVN reports status down for port: bbdd1080-be2a-4dab-82cc-c58b3d105415
2026-08-06 02:18:45.716 8 INFO neutron.db.ovn_revision_numbers_db [None req-3a0c453e-00e0-4c32-aa72-c7e063ace74a 2bfb2e0c7cd447429067a38f3fca3da4 1a3607f1bb874808aeaf316ffa8d0a39 - - default default] Successfully bumped revision number for resource bbdd1080-be2a-4dab-82cc-c58b3d105415 (type: ports) to 1 [pid: 8|app: 0|req: 660/1334] 10.0.0.184 () {34 vars in 670 bytes} [Thu Aug 6 02:18:45 2026] POST /v2.0/networks => generated 632 bytes in 448 msecs (HTTP/1.1 201) 4 headers in 162 bytes (1 switches on core 0)
2026-08-06 02:18:45.776 7 INFO neutron.db.ovn_revision_numbers_db [None req-46e7ee80-2160-4ffe-aa57-d169587809fb - - - - - -] Successfully bumped revision number for resource b795d65e-a609-4dc9-b5d2-7b2f1354b62d (type: ports) to 2
2026-08-06 02:18:45.814 7 INFO neutron.db.ovn_revision_numbers_db [None req-46e7ee80-2160-4ffe-aa57-d169587809fb - - - - - -] Successfully bumped revision number for resource d022e1d2-17e4-410f-ac8a-6ecf7c435a76 (type: subnets) to 0 [pid: 7|app: 0|req: 675/1335] 10.0.0.184 () {34 vars in 669 bytes} [Thu Aug 6 02:18:45 2026] POST /v2.0/subnets => generated 626 bytes in 705 msecs (HTTP/1.1 201) 4 headers in 162 bytes (1 switches on core 0)
2026-08-06 02:18:46.069 8 WARNING neutron.scheduler.dhcp_agent_scheduler [None req-f12ffe03-50a5-4e93-96d4-ba987aec57a2 c05da53d0e8244f5b519e1dc915fb6fa 8ffe899da5c0451d8123399d8ddc2d0a - - default default] No more DHCP agents
2026-08-06 02:18:46.070 7 INFO neutron_taas.services.taas.taas_plugin [None req-541af4b9-3152-4803-b860-9d80e98df649 c05da53d0e8244f5b519e1dc915fb6fa 8ffe899da5c0451d8123399d8ddc2d0a - - default default] TaaS: Handle Delete Port: ac4f4a86-de52-44e8-a772-c115622cf8de
2026-08-06 02:18:46.071 8 WARNING neutron.api.rpc.agentnotifiers.dhcp_rpc_agent_api [None req-f12ffe03-50a5-4e93-96d4-ba987aec57a2 c05da53d0e8244f5b519e1dc915fb6fa 8ffe899da5c0451d8123399d8ddc2d0a - - default default] Unable to schedule network efff0c2c-5456-413e-8350-0e40b0a6cd90: no agents available; will retry on subsequent port and subnet creation events.
2026-08-06 02:18:46.073 7 INFO neutron_taas.services.taas.tap_mirror_plugin [None req-541af4b9-3152-4803-b860-9d80e98df649 c05da53d0e8244f5b519e1dc915fb6fa 8ffe899da5c0451d8123399d8ddc2d0a - - default default] Tap Mirror: Handle Delete Port: ac4f4a86-de52-44e8-a772-c115622cf8de
2026-08-06 02:18:46.189 7 INFO neutron.plugins.ml2.drivers.ovn.mech_driver.mech_driver [None req-1779cc2e-7aa6-4ef2-8fbf-28a8e09cd6ea - - - - - -] OVN reports status down for port: accc445f-eeb9-43dc-a0af-b1faac1c31f6
2026-08-06 02:18:46.219 8 INFO neutron.db.ovn_revision_numbers_db [None req-f12ffe03-50a5-4e93-96d4-ba987aec57a2 c05da53d0e8244f5b519e1dc915fb6fa 8ffe899da5c0451d8123399d8ddc2d0a - - default default] Successfully bumped revision number for resource accc445f-eeb9-43dc-a0af-b1faac1c31f6 (type: ports) to 1 [pid: 7|app: 0|req: 676/1336] 10.0.0.184 () {34 vars in 789 bytes} [Thu Aug 6 02:18:45 2026] PUT /v2.0/routers/50d99f5c-3613-47f4-b1f9-b01c9b19cd8f/remove_router_interface => generated 309 bytes in 892 msecs (HTTP/1.1 200) 4 headers in 157 bytes (1 switches on core 0) /var/lib/openstack/lib/python3.12/site-packages/pycadf/identifier.py:70: UserWarning: Invalid uuid: neutron. To ensure interoperability, identifiers should be a valid uuid. warnings.warn(('Invalid uuid: %s. To ensure interoperability, '
2026-08-06 02:18:46.790 8 INFO neutron.plugins.ml2.drivers.ovn.mech_driver.ovsdb.commands [None req-cdc83ef4-121c-490a-bb33-ac9454c56a55 - - - - - -] Schedule LRP lrp-accc445f-eeb9-43dc-a0af-b1faac1c31f6 on gateway 96422ca6-9080-4c93-9b09-8caf03cca39f with priority 1
2026-08-06 02:18:46.845 8 INFO neutron.db.ovn_revision_numbers_db [None req-f12ffe03-50a5-4e93-96d4-ba987aec57a2 c05da53d0e8244f5b519e1dc915fb6fa 8ffe899da5c0451d8123399d8ddc2d0a - - default default] Successfully bumped revision number for resource accc445f-eeb9-43dc-a0af-b1faac1c31f6 (type: router_ports) to 1
2026-08-06 02:18:46.873 7 INFO neutron.plugins.ml2.drivers.ovn.mech_driver.ovsdb.ovsdb_monitor [None req-df8b987a-f8e0-41f1-b198-cbdc95ea9aef - - - - - -] Router 66ace9b7-f77e-40a1-a8fe-64ca5fcd1f29 is bound to host instance
2026-08-06 02:18:46.893 7 INFO neutron.plugins.ml2.drivers.ovn.mech_driver.mech_driver [None req-1779cc2e-7aa6-4ef2-8fbf-28a8e09cd6ea - - - - - -] OVN reports status up for port: accc445f-eeb9-43dc-a0af-b1faac1c31f6
2026-08-06 02:18:46.921 8 INFO neutron.db.ovn_revision_numbers_db [None req-f12ffe03-50a5-4e93-96d4-ba987aec57a2 c05da53d0e8244f5b519e1dc915fb6fa 8ffe899da5c0451d8123399d8ddc2d0a - - default default] Successfully bumped revision number for resource 66ace9b7-f77e-40a1-a8fe-64ca5fcd1f29 (type: routers) to 2
2026-08-06 02:18:46.929 7 INFO neutron.plugins.ml2.plugin [None req-1779cc2e-7aa6-4ef2-8fbf-28a8e09cd6ea - - - - - -] Attempt 1 to provision port accc445f-eeb9-43dc-a0af-b1faac1c31f6 [pid: 8|app: 0|req: 661/1337] 10.0.0.184 () {34 vars in 669 bytes} [Thu Aug 6 02:18:45 2026] POST /v2.0/routers => generated 968 bytes in 1202 msecs (HTTP/1.1 201) 4 headers in 162 bytes (1 switches on core 0)
2026-08-06 02:18:47.038 8 INFO neutron.db.ovn_revision_numbers_db [None req-b0b1f168-6c27-4c6a-ae90-843fa63ca8db 9cba0eee413845599336e25cf98b3243 7ec98f9c904346c2bcc5fca3b3a0609f - - default default] Successfully bumped revision number for resource 56be3041-930f-455d-9209-0c6d3a69fc11 (type: routers) to 1 [pid: 8|app: 0|req: 662/1338] 10.0.0.184 () {34 vars in 669 bytes} [Thu Aug 6 02:18:46 2026] POST /v2.0/routers => generated 603 bytes in 112 msecs (HTTP/1.1 201) 4 headers in 162 bytes (1 switches on core 0)
2026-08-06 02:18:47.147 7 WARNING neutron.scheduler.dhcp_agent_scheduler [None req-071143d6-e40e-4ef5-a330-df4fb9ac17cf 2bfb2e0c7cd447429067a38f3fca3da4 1a3607f1bb874808aeaf316ffa8d0a39 - - default default] No more DHCP agents
2026-08-06 02:18:47.149 7 WARNING neutron.api.rpc.agentnotifiers.dhcp_rpc_agent_api [None req-071143d6-e40e-4ef5-a330-df4fb9ac17cf 2bfb2e0c7cd447429067a38f3fca3da4 1a3607f1bb874808aeaf316ffa8d0a39 - - default default] Unable to schedule network e7e4b982-00be-4285-af77-279f15a03c4e: no agents available; will retry on subsequent port and subnet creation events.
2026-08-06 02:18:47.319 7 INFO neutron.db.ovn_revision_numbers_db [None req-071143d6-e40e-4ef5-a330-df4fb9ac17cf 2bfb2e0c7cd447429067a38f3fca3da4 1a3607f1bb874808aeaf316ffa8d0a39 - - default default] Successfully bumped revision number for resource e2b3c304-949d-41c4-aafe-390a52c0dd7d (type: ports) to 1 [pid: 7|app: 0|req: 677/1339] 10.0.0.184 () {34 vars in 664 bytes} [Thu Aug 6 02:18:46 2026] POST /v2.0/ports => generated 743 bytes in 661 msecs (HTTP/1.1 201) 4 headers in 162 bytes (1 switches on core 0) /var/lib/openstack/lib/python3.12/site-packages/pycadf/identifier.py:70: UserWarning: Invalid uuid: neutron. To ensure interoperability, identifiers should be a valid uuid. warnings.warn(('Invalid uuid: %s. To ensure interoperability, '
2026-08-06 02:18:47.418 8 INFO neutron_taas.services.taas.taas_plugin [None req-a4fe3888-5888-4987-8c30-43ffd7c10777 c05da53d0e8244f5b519e1dc915fb6fa 8ffe899da5c0451d8123399d8ddc2d0a - - default default] TaaS: Handle Delete Port: c9d7d804-b6a1-4768-824b-346f169edc00
2026-08-06 02:18:47.421 8 INFO neutron_taas.services.taas.tap_mirror_plugin [None req-a4fe3888-5888-4987-8c30-43ffd7c10777 c05da53d0e8244f5b519e1dc915fb6fa 8ffe899da5c0451d8123399d8ddc2d0a - - default default] Tap Mirror: Handle Delete Port: c9d7d804-b6a1-4768-824b-346f169edc00 [pid: 8|app: 0|req: 663/1340] 10.0.0.184 () {32 vars in 724 bytes} [Thu Aug 6 02:18:47 2026] DELETE /v2.0/routers/50d99f5c-3613-47f4-b1f9-b01c9b19cd8f => generated 0 bytes in 738 msecs (HTTP/1.1 204) 2 headers in 112 bytes (1 switches on core 0)
2026-08-06 02:18:48.030 8 WARNING neutron.scheduler.dhcp_agent_scheduler [None req-6392de7c-58c9-4f79-bf35-73a2b7fb108d 9cba0eee413845599336e25cf98b3243 7ec98f9c904346c2bcc5fca3b3a0609f - - default default] No more DHCP agents
2026-08-06 02:18:48.032 8 WARNING neutron.api.rpc.agentnotifiers.dhcp_rpc_agent_api [None req-6392de7c-58c9-4f79-bf35-73a2b7fb108d 9cba0eee413845599336e25cf98b3243 7ec98f9c904346c2bcc5fca3b3a0609f - - default default] Unable to schedule network 5d201c35-920e-4e1f-b4fc-dc4c0f6b44fb: no agents available; will retry on subsequent port and subnet creation events.
2026-08-06 02:18:48.092 7 WARNING neutron.scheduler.dhcp_agent_scheduler [None req-6d6b5ce5-5ebe-448b-9499-e1d85a6da24a c05da53d0e8244f5b519e1dc915fb6fa 8ffe899da5c0451d8123399d8ddc2d0a - - default default] No more DHCP agents
2026-08-06 02:18:48.095 7 WARNING neutron.api.rpc.agentnotifiers.dhcp_rpc_agent_api [None req-6d6b5ce5-5ebe-448b-9499-e1d85a6da24a c05da53d0e8244f5b519e1dc915fb6fa 8ffe899da5c0451d8123399d8ddc2d0a - - default default] Unable to schedule network 97aed61d-951c-4344-9ef7-d72bca14ffec: no agents available; will retry on subsequent port and subnet creation events.
2026-08-06 02:18:48.131 8 INFO neutron.plugins.ml2.drivers.ovn.mech_driver.mech_driver [None req-8fa31d26-7437-46f9-8f7c-cbeca074ed04 - - - - - -] OVN reports status down for port: 87769b72-f5c3-4aac-84f8-1b5b42bd516d
2026-08-06 02:18:48.199 8 INFO neutron.db.ovn_revision_numbers_db [None req-6392de7c-58c9-4f79-bf35-73a2b7fb108d 9cba0eee413845599336e25cf98b3243 7ec98f9c904346c2bcc5fca3b3a0609f - - default default] Successfully bumped revision number for resource 87769b72-f5c3-4aac-84f8-1b5b42bd516d (type: ports) to 1
2026-08-06 02:18:48.347 7 INFO neutron.db.ovn_revision_numbers_db [None req-6d6b5ce5-5ebe-448b-9499-e1d85a6da24a c05da53d0e8244f5b519e1dc915fb6fa 8ffe899da5c0451d8123399d8ddc2d0a - - default default] Successfully bumped revision number for resource 5d1f0441-d0c5-4bc7-9b87-14c4737faab6 (type: ports) to 1
2026-08-06 02:18:48.348 7 INFO neutron.db.ovn_revision_numbers_db [None req-fdd5640e-11de-4796-adef-50cf862a8cb9 - - - - - -] Successfully bumped revision number for resource accc445f-eeb9-43dc-a0af-b1faac1c31f6 (type: ports) to 4
2026-08-06 02:18:48.738 8 INFO neutron.plugins.ml2.drivers.ovn.mech_driver.mech_driver [None req-8fa31d26-7437-46f9-8f7c-cbeca074ed04 - - - - - -] OVN reports status down for port: 5d1f0441-d0c5-4bc7-9b87-14c4737faab6 [pid: 8|app: 0|req: 664/1341] 10.0.0.184 () {34 vars in 665 bytes} [Thu Aug 6 02:18:47 2026] POST /v2.0/ports => generated 947 bytes in 974 msecs (HTTP/1.1 201) 4 headers in 162 bytes (1 switches on core 0) /var/lib/openstack/lib/python3.12/site-packages/pycadf/identifier.py:70: UserWarning: Invalid uuid: neutron. To ensure interoperability, identifiers should be a valid uuid. warnings.warn(('Invalid uuid: %s. To ensure interoperability, '
2026-08-06 02:18:48.896 7 INFO neutron.db.ovn_revision_numbers_db [None req-fdd5640e-11de-4796-adef-50cf862a8cb9 - - - - - -] Successfully bumped revision number for resource accc445f-eeb9-43dc-a0af-b1faac1c31f6 (type: ports) to 5 [pid: 8|app: 0|req: 667/1344] 10.0.0.184 () {34 vars in 666 bytes} [Thu Aug 6 02:18:48 2026] POST /v2.0/trunks => generated 409 bytes in 261 msecs (HTTP/1.1 201) 4 headers in 162 bytes (1 switches on core 0)
2026-08-06 02:18:49.158 8 INFO neutron.plugins.ml2.drivers.ovn.mech_driver.mech_driver [None req-8fa31d26-7437-46f9-8f7c-cbeca074ed04 - - - - - -] OVN reports status up for port: 5d1f0441-d0c5-4bc7-9b87-14c4737faab6
2026-08-06 02:18:49.179 8 INFO neutron.plugins.ml2.plugin [None req-8fa31d26-7437-46f9-8f7c-cbeca074ed04 - - - - - -] Attempt 1 to provision port 5d1f0441-d0c5-4bc7-9b87-14c4737faab6
2026-08-06 02:18:49.189 7 INFO neutron.plugins.ml2.plugin [None req-6d6b5ce5-5ebe-448b-9499-e1d85a6da24a c05da53d0e8244f5b519e1dc915fb6fa 8ffe899da5c0451d8123399d8ddc2d0a - - default default] Attempt 1 to provision port 5d1f0441-d0c5-4bc7-9b87-14c4737faab6 [pid: 8|app: 0|req: 668/1345] 10.0.0.184 () {32 vars in 724 bytes} [Thu Aug 6 02:18:49 2026] DELETE /v2.0/subnets/36bcdd62-442d-4c92-8cd0-4b4fa5f3785e => generated 0 bytes in 217 msecs (HTTP/1.1 204) 3 headers in 131 bytes (1 switches on core 0)
2026-08-06 02:18:49.283 7 WARNING neutron.scheduler.dhcp_agent_scheduler [None req-6d6b5ce5-5ebe-448b-9499-e1d85a6da24a c05da53d0e8244f5b519e1dc915fb6fa 8ffe899da5c0451d8123399d8ddc2d0a - - default default] No more DHCP agents
2026-08-06 02:18:49.284 7 WARNING neutron.api.rpc.agentnotifiers.dhcp_rpc_agent_api [None req-6d6b5ce5-5ebe-448b-9499-e1d85a6da24a c05da53d0e8244f5b519e1dc915fb6fa 8ffe899da5c0451d8123399d8ddc2d0a - - default default] Unable to schedule network 97aed61d-951c-4344-9ef7-d72bca14ffec: no agents available; will retry on subsequent port and subnet creation events.
2026-08-06 02:18:49.734 7 INFO neutron.plugins.ml2.drivers.ovn.mech_driver.mech_driver [None req-1779cc2e-7aa6-4ef2-8fbf-28a8e09cd6ea - - - - - -] OVN reports status down for port: e2b3c304-949d-41c4-aafe-390a52c0dd7d
2026-08-06 02:18:49.757 7 INFO neutron.db.ovn_revision_numbers_db [None req-6d6b5ce5-5ebe-448b-9499-e1d85a6da24a c05da53d0e8244f5b519e1dc915fb6fa 8ffe899da5c0451d8123399d8ddc2d0a - - default default] Successfully bumped revision number for resource 5d1f0441-d0c5-4bc7-9b87-14c4737faab6 (type: router_ports) to 1 [pid: 7|app: 0|req: 678/1346] 10.0.0.184 () {34 vars in 783 bytes} [Thu Aug 6 02:18:47 2026] PUT /v2.0/routers/66ace9b7-f77e-40a1-a8fe-64ca5fcd1f29/add_router_interface => generated 309 bytes in 2387 msecs (HTTP/1.1 200) 4 headers in 157 bytes (1 switches on core 0)
2026-08-06 02:18:49.875 7 INFO neutron.db.segments_db [None req-2ee2fcb1-d5e0-4644-a0ee-adae0d557633 2bfb2e0c7cd447429067a38f3fca3da4 1a3607f1bb874808aeaf316ffa8d0a39 - - default default] Added segment 1b7d171d-738e-4ec0-b184-17894572d34f of type geneve for network 18c9a17a-9abd-43ce-a18a-fc116935524f
2026-08-06 02:18:49.995 7 INFO neutron.db.ovn_revision_numbers_db [None req-2ee2fcb1-d5e0-4644-a0ee-adae0d557633 2bfb2e0c7cd447429067a38f3fca3da4 1a3607f1bb874808aeaf316ffa8d0a39 - - default default] Successfully bumped revision number for resource 18c9a17a-9abd-43ce-a18a-fc116935524f (type: networks) to 1
2026-08-06 02:18:50.038 8 INFO neutron.db.ovn_revision_numbers_db [None req-8fa31d26-7437-46f9-8f7c-cbeca074ed04 - - - - - -] Successfully bumped revision number for resource 5d1f0441-d0c5-4bc7-9b87-14c4737faab6 (type: ports) to 2
2026-08-06 02:18:50.176 7 WARNING neutron.scheduler.dhcp_agent_scheduler [None req-2ee2fcb1-d5e0-4644-a0ee-adae0d557633 2bfb2e0c7cd447429067a38f3fca3da4 1a3607f1bb874808aeaf316ffa8d0a39 - - default default] No more DHCP agents
2026-08-06 02:18:50.177 7 WARNING neutron.api.rpc.agentnotifiers.dhcp_rpc_agent_api [None req-2ee2fcb1-d5e0-4644-a0ee-adae0d557633 2bfb2e0c7cd447429067a38f3fca3da4 1a3607f1bb874808aeaf316ffa8d0a39 - - default default] Unable to schedule network 18c9a17a-9abd-43ce-a18a-fc116935524f: no agents available; will retry on subsequent port and subnet creation events.
2026-08-06 02:18:50.198 8 INFO neutron.db.ovn_revision_numbers_db [None req-e664ade5-2848-4ff6-a899-bc97a91d594d 9cba0eee413845599336e25cf98b3243 7ec98f9c904346c2bcc5fca3b3a0609f - - default default] Successfully bumped revision number for resource 87769b72-f5c3-4aac-84f8-1b5b42bd516d (type: ports) to 2
2026-08-06 02:18:50.270 7 INFO neutron.db.ovn_revision_numbers_db [None req-2ee2fcb1-d5e0-4644-a0ee-adae0d557633 2bfb2e0c7cd447429067a38f3fca3da4 1a3607f1bb874808aeaf316ffa8d0a39 - - default default] Successfully bumped revision number for resource 33be5420-dcbf-4976-9605-1f21f2db6850 (type: ports) to 1 [pid: 7|app: 0|req: 679/1347] 10.0.0.184 () {34 vars in 670 bytes} [Thu Aug 6 02:18:49 2026] POST /v2.0/networks => generated 631 bytes in 522 msecs (HTTP/1.1 201) 4 headers in 162 bytes (1 switches on core 0)
2026-08-06 02:18:50.358 8 INFO neutron.db.ovn_revision_numbers_db [None req-d6203aad-7506-4665-a7b7-7fa3d52738cc - - - - - -] Successfully bumped revision number for resource 5d1f0441-d0c5-4bc7-9b87-14c4737faab6 (type: router_ports) to 2
2026-08-06 02:18:50.412 7 INFO neutron_taas.services.taas.taas_plugin [None req-27f41f69-f31e-40b9-b261-75d2f1c0f3c9 c05da53d0e8244f5b519e1dc915fb6fa 8ffe899da5c0451d8123399d8ddc2d0a - - default default] TaaS: Handle Delete Port: 80ab972c-bc23-485c-9bd3-a3bc4bfc0272
2026-08-06 02:18:50.415 7 INFO neutron_taas.services.taas.tap_mirror_plugin [None req-27f41f69-f31e-40b9-b261-75d2f1c0f3c9 c05da53d0e8244f5b519e1dc915fb6fa 8ffe899da5c0451d8123399d8ddc2d0a - - default default] Tap Mirror: Handle Delete Port: 80ab972c-bc23-485c-9bd3-a3bc4bfc0272
2026-08-06 02:18:50.428 8 INFO neutron.plugins.ml2.drivers.ovn.mech_driver.mech_driver [None req-d6203aad-7506-4665-a7b7-7fa3d52738cc - - - - - -] OVN reports status up for port: 87769b72-f5c3-4aac-84f8-1b5b42bd516d
2026-08-06 02:18:50.447 8 INFO neutron.plugins.ml2.plugin [None req-d6203aad-7506-4665-a7b7-7fa3d52738cc - - - - - -] Attempt 1 to provision port 87769b72-f5c3-4aac-84f8-1b5b42bd516d
2026-08-06 02:18:50.578 7 INFO neutron.services.segments.plugin [-] Segment a9b77867-2d7a-4ee3-a48d-8f374bc2d119 resource provider aggregate not found
2026-08-06 02:18:50.586 7 INFO neutron.services.segments.plugin [-] Segment a9b77867-2d7a-4ee3-a48d-8f374bc2d119 resource provider aggregate not found
2026-08-06 02:18:50.603 7 INFO neutron.services.segments.plugin [-] Client error retrieving segment a9b77867-2d7a-4ee3-a48d-8f374bc2d119 resource provider; error: Placement Client Error (4xx): {"errors": [{"status": 404, "title": "Not Found", "detail": "The resource could not be found.\n\n No resource provider with uuid a9b77867-2d7a-4ee3-a48d-8f374bc2d119 found for delete ", "request_id": "req-57583dbd-d255-4f55-8a73-3da329e0a6d6"}]}
2026-08-06 02:18:50.607 7 INFO neutron.services.segments.plugin [-] Client error retrieving segment a9b77867-2d7a-4ee3-a48d-8f374bc2d119 resource provider; error: Placement Client Error (4xx): {"errors": [{"status": 404, "title": "Not Found", "detail": "The resource could not be found.\n\n No resource provider with uuid a9b77867-2d7a-4ee3-a48d-8f374bc2d119 found for delete ", "request_id": "req-13919805-4ce6-4d32-929c-228e1cb3afc1"}]} [pid: 7|app: 0|req: 680/1348] 10.0.0.184 () {32 vars in 726 bytes} [Thu Aug 6 02:18:50 2026] DELETE /v2.0/networks/3403b609-e0c6-4090-9e74-cb14b531d250 => generated 0 bytes in 330 msecs (HTTP/1.1 204) 3 headers in 131 bytes (1 switches on core 0)
2026-08-06 02:18:50.827 8 INFO neutron.db.ovn_revision_numbers_db [None req-d6203aad-7506-4665-a7b7-7fa3d52738cc - - - - - -] Successfully bumped revision number for resource 87769b72-f5c3-4aac-84f8-1b5b42bd516d (type: ports) to 3
2026-08-06 02:18:50.835 7 WARNING neutron.scheduler.dhcp_agent_scheduler [None req-be6ce170-bb68-4b06-80a3-7731dbdcf349 2bfb2e0c7cd447429067a38f3fca3da4 1a3607f1bb874808aeaf316ffa8d0a39 - - default default] No more DHCP agents
2026-08-06 02:18:50.837 7 WARNING neutron.api.rpc.agentnotifiers.dhcp_rpc_agent_api [None req-be6ce170-bb68-4b06-80a3-7731dbdcf349 2bfb2e0c7cd447429067a38f3fca3da4 1a3607f1bb874808aeaf316ffa8d0a39 - - default default] Unable to schedule network 18c9a17a-9abd-43ce-a18a-fc116935524f: no agents available; will retry on subsequent port and subnet creation events.
2026-08-06 02:18:50.897 7 INFO neutron.plugins.ml2.drivers.ovn.mech_driver.mech_driver [None req-1779cc2e-7aa6-4ef2-8fbf-28a8e09cd6ea - - - - - -] OVN reports status down for port: 6b37a269-3360-4eb9-8c4c-05c1c78e7a1d
2026-08-06 02:18:50.921 8 INFO neutron.plugins.ml2.drivers.ovn.mech_driver.mech_driver [None req-9c961618-99f2-4b2d-81e0-1a7db064be68 - - - - - -] OVN reports status down for port: 33be5420-dcbf-4976-9605-1f21f2db6850
2026-08-06 02:18:50.949 7 INFO neutron.db.ovn_revision_numbers_db [None req-be6ce170-bb68-4b06-80a3-7731dbdcf349 2bfb2e0c7cd447429067a38f3fca3da4 1a3607f1bb874808aeaf316ffa8d0a39 - - default default] Successfully bumped revision number for resource 6b37a269-3360-4eb9-8c4c-05c1c78e7a1d (type: ports) to 1 [pid: 7|app: 0|req: 681/1349] 10.0.0.184 () {34 vars in 664 bytes} [Thu Aug 6 02:18:50 2026] POST /v2.0/ports => generated 743 bytes in 397 msecs (HTTP/1.1 201) 4 headers in 162 bytes (1 switches on core 0) /var/lib/openstack/lib/python3.12/site-packages/pycadf/identifier.py:70: UserWarning: Invalid uuid: neutron. To ensure interoperability, identifiers should be a valid uuid. warnings.warn(('Invalid uuid: %s. To ensure interoperability, '
2026-08-06 02:18:51.146 7 INFO neutron.db.ovn_revision_numbers_db [None req-e36cb117-e914-499c-a90a-67d804b25a62 16d4f731ea6544878d13b2c2d1b35b75 abf4d001843440c58ae28aeb3a705bb0 - - default default] Successfully bumped revision number for resource f0ede0bf-9528-4507-82c2-b1c45da0ea1d (type: security_groups) to 1
2026-08-06 02:18:51.161 7 INFO neutron.db.ovn_revision_numbers_db [None req-e36cb117-e914-499c-a90a-67d804b25a62 16d4f731ea6544878d13b2c2d1b35b75 abf4d001843440c58ae28aeb3a705bb0 - - default default] Successfully bumped revision number for resource 350ef230-9eb2-41e3-b5e3-3eabc610fa0f (type: security_group_rules) to 0
2026-08-06 02:18:51.171 7 INFO neutron.db.ovn_revision_numbers_db [None req-e36cb117-e914-499c-a90a-67d804b25a62 16d4f731ea6544878d13b2c2d1b35b75 abf4d001843440c58ae28aeb3a705bb0 - - default default] Successfully bumped revision number for resource bf5219e7-9da8-46bd-8211-26435a51a039 (type: security_group_rules) to 0 [pid: 7|app: 0|req: 682/1350] 10.0.0.184 () {34 vars in 685 bytes} [Thu Aug 6 02:18:51 2026] POST /v2.0/security-groups => generated 1660 bytes in 192 msecs (HTTP/1.1 201) 4 headers in 163 bytes (1 switches on core 0) [pid: 7|app: 0|req: 683/1351] 10.0.0.184 () {32 vars in 774 bytes} [Thu Aug 6 02:18:51 2026] GET /v2.0/security-groups?tenant_id=a7a25804e4654426a992d202ef9167ed&name=default => generated 2925 bytes in 34 msecs (HTTP/1.1 200) 4 headers in 158 bytes (1 switches on core 0) [pid: 7|app: 0|req: 684/1352] 10.0.0.184 () {34 vars in 666 bytes} [Thu Aug 6 02:18:51 2026] POST /v2.0/trunks => generated 409 bytes in 171 msecs (HTTP/1.1 201) 4 headers in 162 bytes (1 switches on core 0)
2026-08-06 02:18:51.556 7 INFO neutron.db.ovn_revision_numbers_db [None req-829d0ffa-6e44-4d13-a98f-c796f71591b2 16d4f731ea6544878d13b2c2d1b35b75 abf4d001843440c58ae28aeb3a705bb0 - - default default] Successfully bumped revision number for resource 267133e3-b760-4d44-9d98-8708d339ffcc (type: security_group_rules) to 0 [pid: 7|app: 0|req: 685/1353] 10.0.0.184 () {34 vars in 695 bytes} [Thu Aug 6 02:18:51 2026] POST /v2.0/security-group-rules => generated 597 bytes in 163 msecs (HTTP/1.1 201) 4 headers in 162 bytes (1 switches on core 0)
2026-08-06 02:18:51.663 8 WARNING neutron.scheduler.dhcp_agent_scheduler [None req-e664ade5-2848-4ff6-a899-bc97a91d594d 9cba0eee413845599336e25cf98b3243 7ec98f9c904346c2bcc5fca3b3a0609f - - default default] No more DHCP agents
2026-08-06 02:18:51.664 8 WARNING neutron.api.rpc.agentnotifiers.dhcp_rpc_agent_api [None req-e664ade5-2848-4ff6-a899-bc97a91d594d 9cba0eee413845599336e25cf98b3243 7ec98f9c904346c2bcc5fca3b3a0609f - - default default] Unable to schedule network 5d201c35-920e-4e1f-b4fc-dc4c0f6b44fb: no agents available; will retry on subsequent port and subnet creation events. [pid: 7|app: 0|req: 686/1354] 10.0.0.184 () {32 vars in 740 bytes} [Thu Aug 6 02:18:51 2026] DELETE /v2.0/security-groups/3cf54688-f670-4be9-b83c-2281e88d1ef7 => generated 0 bytes in 235 msecs (HTTP/1.1 204) 2 headers in 112 bytes (1 switches on core 0)
2026-08-06 02:18:51.907 7 INFO neutron.db.segments_db [None req-134e6fe1-74c8-4edc-83e7-d4ba6f185645 2bfb2e0c7cd447429067a38f3fca3da4 1a3607f1bb874808aeaf316ffa8d0a39 - - default default] Added segment 92c41151-dac2-40f7-ac2a-ecc8553f2c1e of type geneve for network 751a5028-b57c-4273-a2bf-c8816e4a6cbb
2026-08-06 02:18:51.921 8 INFO neutron.db.ovn_revision_numbers_db [None req-e664ade5-2848-4ff6-a899-bc97a91d594d 9cba0eee413845599336e25cf98b3243 7ec98f9c904346c2bcc5fca3b3a0609f - - default default] Successfully bumped revision number for resource 87769b72-f5c3-4aac-84f8-1b5b42bd516d (type: router_ports) to 3 [pid: 8|app: 0|req: 669/1355] 10.0.0.184 () {34 vars in 783 bytes} [Thu Aug 6 02:18:49 2026] PUT /v2.0/routers/56be3041-930f-455d-9209-0c6d3a69fc11/add_router_interface => generated 309 bytes in 2678 msecs (HTTP/1.1 200) 4 headers in 157 bytes (1 switches on core 0) /var/lib/openstack/lib/python3.12/site-packages/pycadf/identifier.py:70: UserWarning: Invalid uuid: neutron. To ensure interoperability, identifiers should be a valid uuid. warnings.warn(('Invalid uuid: %s. To ensure interoperability, '
2026-08-06 02:18:52.009 7 INFO neutron.db.ovn_revision_numbers_db [None req-134e6fe1-74c8-4edc-83e7-d4ba6f185645 2bfb2e0c7cd447429067a38f3fca3da4 1a3607f1bb874808aeaf316ffa8d0a39 - - default default] Successfully bumped revision number for resource 751a5028-b57c-4273-a2bf-c8816e4a6cbb (type: networks) to 1
2026-08-06 02:18:52.054 8 INFO neutron.db.ovn_revision_numbers_db [None req-624d490a-524d-46e1-adfc-ac74e56488c3 16d4f731ea6544878d13b2c2d1b35b75 abf4d001843440c58ae28aeb3a705bb0 - - default default] Successfully bumped revision number for resource 205cdff6-9f47-441c-a5d9-1e3276d13503 (type: security_group_rules) to 0 [pid: 8|app: 0|req: 670/1356] 10.0.0.184 () {34 vars in 695 bytes} [Thu Aug 6 02:18:51 2026] POST /v2.0/security-group-rules => generated 602 bytes in 153 msecs (HTTP/1.1 201) 4 headers in 162 bytes (1 switches on core 0) [pid: 8|app: 0|req: 671/1357] 10.0.0.184 () {32 vars in 717 bytes} [Thu Aug 6 02:18:52 2026] GET /v2.0/ports/87769b72-f5c3-4aac-84f8-1b5b42bd516d => generated 1009 bytes in 30 msecs (HTTP/1.1 200) 4 headers in 158 bytes (1 switches on core 0)
2026-08-06 02:18:52.209 7 WARNING neutron.scheduler.dhcp_agent_scheduler [None req-134e6fe1-74c8-4edc-83e7-d4ba6f185645 2bfb2e0c7cd447429067a38f3fca3da4 1a3607f1bb874808aeaf316ffa8d0a39 - - default default] No more DHCP agents
2026-08-06 02:18:52.211 7 WARNING neutron.api.rpc.agentnotifiers.dhcp_rpc_agent_api [None req-134e6fe1-74c8-4edc-83e7-d4ba6f185645 2bfb2e0c7cd447429067a38f3fca3da4 1a3607f1bb874808aeaf316ffa8d0a39 - - default default] Unable to schedule network 751a5028-b57c-4273-a2bf-c8816e4a6cbb: no agents available; will retry on subsequent port and subnet creation events.
2026-08-06 02:18:52.367 7 INFO neutron.plugins.ml2.drivers.ovn.mech_driver.mech_driver [None req-1779cc2e-7aa6-4ef2-8fbf-28a8e09cd6ea - - - - - -] OVN reports status down for port: 5a4dece3-d48a-438a-bf06-fdbd9cc16d99
2026-08-06 02:18:52.417 7 INFO neutron.db.ovn_revision_numbers_db [None req-134e6fe1-74c8-4edc-83e7-d4ba6f185645 2bfb2e0c7cd447429067a38f3fca3da4 1a3607f1bb874808aeaf316ffa8d0a39 - - default default] Successfully bumped revision number for resource 5a4dece3-d48a-438a-bf06-fdbd9cc16d99 (type: ports) to 1
2026-08-06 02:18:52.462 8 WARNING neutron.scheduler.dhcp_agent_scheduler [None req-1e70f98a-eff3-49cd-b1c5-88e76b8afa3a 16d4f731ea6544878d13b2c2d1b35b75 abf4d001843440c58ae28aeb3a705bb0 - - default default] No more DHCP agents [pid: 7|app: 0|req: 687/1358] 10.0.0.184 () {34 vars in 670 bytes} [Thu Aug 6 02:18:51 2026] POST /v2.0/networks => generated 632 bytes in 644 msecs (HTTP/1.1 201) 4 headers in 162 bytes (1 switches on core 0)
2026-08-06 02:18:52.469 8 WARNING neutron.api.rpc.agentnotifiers.dhcp_rpc_agent_api [None req-1e70f98a-eff3-49cd-b1c5-88e76b8afa3a 16d4f731ea6544878d13b2c2d1b35b75 abf4d001843440c58ae28aeb3a705bb0 - - default default] Unable to schedule network efff0c2c-5456-413e-8350-0e40b0a6cd90: no agents available; will retry on subsequent port and subnet creation events.
2026-08-06 02:18:52.723 7 INFO neutron_taas.services.taas.taas_plugin [None req-07cdb0f1-9c43-4abc-bc50-e8411b84f4a1 9cba0eee413845599336e25cf98b3243 7ec98f9c904346c2bcc5fca3b3a0609f - - default default] TaaS: Handle Delete Port: 87769b72-f5c3-4aac-84f8-1b5b42bd516d
2026-08-06 02:18:52.726 7 INFO neutron_taas.services.taas.tap_mirror_plugin [None req-07cdb0f1-9c43-4abc-bc50-e8411b84f4a1 9cba0eee413845599336e25cf98b3243 7ec98f9c904346c2bcc5fca3b3a0609f - - default default] Tap Mirror: Handle Delete Port: 87769b72-f5c3-4aac-84f8-1b5b42bd516d [pid: 8|app: 0|req: 672/1359] 10.0.0.184 () {34 vars in 676 bytes} [Thu Aug 6 02:18:52 2026] POST /v2.0/floatingips => generated 552 bytes in 688 msecs (HTTP/1.1 201) 4 headers in 162 bytes (1 switches on core 0) [pid: 7|app: 0|req: 688/1360] 10.0.0.184 () {34 vars in 789 bytes} [Thu Aug 6 02:18:52 2026] PUT /v2.0/routers/56be3041-930f-455d-9209-0c6d3a69fc11/remove_router_interface => generated 309 bytes in 590 msecs (HTTP/1.1 200) 4 headers in 157 bytes (1 switches on core 0)
2026-08-06 02:18:53.057 8 WARNING neutron.scheduler.dhcp_agent_scheduler [None req-0bd49734-ed70-47b2-8629-59232b2f600f 2bfb2e0c7cd447429067a38f3fca3da4 1a3607f1bb874808aeaf316ffa8d0a39 - - default default] No more DHCP agents
2026-08-06 02:18:53.058 8 WARNING neutron.api.rpc.agentnotifiers.dhcp_rpc_agent_api [None req-0bd49734-ed70-47b2-8629-59232b2f600f 2bfb2e0c7cd447429067a38f3fca3da4 1a3607f1bb874808aeaf316ffa8d0a39 - - default default] Unable to schedule network 751a5028-b57c-4273-a2bf-c8816e4a6cbb: no agents available; will retry on subsequent port and subnet creation events. /var/lib/openstack/lib/python3.12/site-packages/pycadf/identifier.py:70: UserWarning: Invalid uuid: neutron. To ensure interoperability, identifiers should be a valid uuid. warnings.warn(('Invalid uuid: %s. To ensure interoperability, '
2026-08-06 02:18:53.107 8 INFO neutron.plugins.ml2.drivers.ovn.mech_driver.mech_driver [None req-9c961618-99f2-4b2d-81e0-1a7db064be68 - - - - - -] OVN reports status down for port: 30585a66-8141-49de-963e-b1fe2197d2a6
2026-08-06 02:18:53.156 7 INFO neutron.api.v2.resource [None req-6b27e06b-4815-4367-bc77-26ddd532992b 9cba0eee413845599336e25cf98b3243 7ec98f9c904346c2bcc5fca3b3a0609f - - default default] remove_router_interface failed (client error): The resource could not be found. [pid: 7|app: 0|req: 689/1361] 10.0.0.184 () {34 vars in 789 bytes} [Thu Aug 6 02:18:53 2026] PUT /v2.0/routers/56be3041-930f-455d-9209-0c6d3a69fc11/remove_router_interface => generated 197 bytes in 97 msecs (HTTP/1.1 404) 4 headers in 164 bytes (1 switches on core 0)
2026-08-06 02:18:53.187 8 INFO neutron.db.ovn_revision_numbers_db [None req-0bd49734-ed70-47b2-8629-59232b2f600f 2bfb2e0c7cd447429067a38f3fca3da4 1a3607f1bb874808aeaf316ffa8d0a39 - - default default] Successfully bumped revision number for resource 30585a66-8141-49de-963e-b1fe2197d2a6 (type: ports) to 1 [pid: 7|app: 0|req: 690/1362] 10.0.0.184 () {32 vars in 736 bytes} [Thu Aug 6 02:18:53 2026] GET /v2.0/ports?device_id=56be3041-930f-455d-9209-0c6d3a69fc11 => generated 12 bytes in 26 msecs (HTTP/1.1 200) 4 headers in 156 bytes (1 switches on core 0) [pid: 8|app: 0|req: 673/1363] 10.0.0.184 () {34 vars in 664 bytes} [Thu Aug 6 02:18:52 2026] POST /v2.0/ports => generated 743 bytes in 473 msecs (HTTP/1.1 201) 4 headers in 162 bytes (1 switches on core 0) /var/lib/openstack/lib/python3.12/site-packages/pycadf/identifier.py:70: UserWarning: Invalid uuid: neutron. To ensure interoperability, identifiers should be a valid uuid. warnings.warn(('Invalid uuid: %s. To ensure interoperability, ' [pid: 8|app: 0|req: 674/1364] 10.0.0.167 () {34 vars in 1098 bytes} [Thu Aug 6 02:18:53 2026] GET /v2.0/security-groups?name=tempest-securitygroup--373137508&fields=id&tenant_id=abf4d001843440c58ae28aeb3a705bb0 => generated 69 bytes in 37 msecs (HTTP/1.1 200) 4 headers in 156 bytes (1 switches on core 0) [pid: 7|app: 0|req: 691/1365] 10.0.0.184 () {32 vars in 724 bytes} [Thu Aug 6 02:18:53 2026] DELETE /v2.0/routers/56be3041-930f-455d-9209-0c6d3a69fc11 => generated 0 bytes in 182 msecs (HTTP/1.1 204) 2 headers in 112 bytes (1 switches on core 0) [pid: 7|app: 0|req: 692/1366] 10.0.0.167 () {34 vars in 982 bytes} [Thu Aug 6 02:18:53 2026] GET /v2.0/networks?id=97aed61d-951c-4344-9ef7-d72bca14ffec => generated 675 bytes in 43 msecs (HTTP/1.1 200) 4 headers in 157 bytes (1 switches on core 0) [pid: 8|app: 0|req: 675/1367] 10.0.0.184 () {34 vars in 666 bytes} [Thu Aug 6 02:18:53 2026] POST /v2.0/trunks => generated 409 bytes in 162 msecs (HTTP/1.1 201) 4 headers in 162 bytes (1 switches on core 0) [pid: 8|app: 0|req: 676/1368] 10.0.0.167 () {34 vars in 965 bytes} [Thu Aug 6 02:18:53 2026] GET /v2.0/quotas/abf4d001843440c58ae28aeb3a705bb0 => generated 292 bytes in 9 msecs (HTTP/1.1 200) 4 headers in 157 bytes (1 switches on core 0)
2026-08-06 02:18:53.565 8 INFO neutron.db.segments_db [None req-7721c703-504f-430d-ad5c-17cec339698e 2bfb2e0c7cd447429067a38f3fca3da4 1a3607f1bb874808aeaf316ffa8d0a39 - - default default] Added segment 49364be1-e2a4-42db-a30e-1389330769aa of type geneve for network 48e29b3d-0a35-49e2-8a19-dd59e8603d54 [pid: 7|app: 0|req: 693/1369] 10.0.0.184 () {32 vars in 724 bytes} [Thu Aug 6 02:18:53 2026] DELETE /v2.0/subnets/d022e1d2-17e4-410f-ac8a-6ecf7c435a76 => generated 0 bytes in 149 msecs (HTTP/1.1 204) 3 headers in 131 bytes (1 switches on core 0) [pid: 7|app: 0|req: 694/1370] 10.0.0.167 () {34 vars in 1002 bytes} [Thu Aug 6 02:18:53 2026] GET /v2.0/ports?tenant_id=abf4d001843440c58ae28aeb3a705bb0&fields=id => generated 103 bytes in 62 msecs (HTTP/1.1 200) 4 headers in 157 bytes (1 switches on core 0)
2026-08-06 02:18:53.674 8 INFO neutron.db.ovn_revision_numbers_db [None req-7721c703-504f-430d-ad5c-17cec339698e 2bfb2e0c7cd447429067a38f3fca3da4 1a3607f1bb874808aeaf316ffa8d0a39 - - default default] Successfully bumped revision number for resource 48e29b3d-0a35-49e2-8a19-dd59e8603d54 (type: networks) to 1
2026-08-06 02:18:53.738 7 INFO neutron_taas.services.taas.taas_plugin [None req-9eff6719-b915-49f4-af82-1b5742b119e0 9cba0eee413845599336e25cf98b3243 7ec98f9c904346c2bcc5fca3b3a0609f - - default default] TaaS: Handle Delete Port: b795d65e-a609-4dc9-b5d2-7b2f1354b62d
2026-08-06 02:18:53.740 7 INFO neutron_taas.services.taas.tap_mirror_plugin [None req-9eff6719-b915-49f4-af82-1b5742b119e0 9cba0eee413845599336e25cf98b3243 7ec98f9c904346c2bcc5fca3b3a0609f - - default default] Tap Mirror: Handle Delete Port: b795d65e-a609-4dc9-b5d2-7b2f1354b62d
2026-08-06 02:18:53.838 8 WARNING neutron.scheduler.dhcp_agent_scheduler [None req-7721c703-504f-430d-ad5c-17cec339698e 2bfb2e0c7cd447429067a38f3fca3da4 1a3607f1bb874808aeaf316ffa8d0a39 - - default default] No more DHCP agents
2026-08-06 02:18:53.839 8 WARNING neutron.api.rpc.agentnotifiers.dhcp_rpc_agent_api [None req-7721c703-504f-430d-ad5c-17cec339698e 2bfb2e0c7cd447429067a38f3fca3da4 1a3607f1bb874808aeaf316ffa8d0a39 - - default default] Unable to schedule network 48e29b3d-0a35-49e2-8a19-dd59e8603d54: no agents available; will retry on subsequent port and subnet creation events.
2026-08-06 02:18:53.909 7 INFO neutron.plugins.ml2.drivers.ovn.mech_driver.mech_driver [None req-1779cc2e-7aa6-4ef2-8fbf-28a8e09cd6ea - - - - - -] OVN reports status down for port: c88f3965-11af-4a45-84a0-a7469a579050
2026-08-06 02:18:53.920 8 INFO neutron.db.ovn_revision_numbers_db [None req-7721c703-504f-430d-ad5c-17cec339698e 2bfb2e0c7cd447429067a38f3fca3da4 1a3607f1bb874808aeaf316ffa8d0a39 - - default default] Successfully bumped revision number for resource c88f3965-11af-4a45-84a0-a7469a579050 (type: ports) to 1 [pid: 8|app: 0|req: 677/1371] 10.0.0.184 () {34 vars in 670 bytes} [Thu Aug 6 02:18:53 2026] POST /v2.0/networks => generated 631 bytes in 458 msecs (HTTP/1.1 201) 4 headers in 162 bytes (1 switches on core 0)
2026-08-06 02:18:53.963 7 INFO neutron.services.segments.plugin [-] Segment c52d1593-5d9e-4914-97dc-d5667ffc0b1a resource provider aggregate not found
2026-08-06 02:18:53.969 7 INFO neutron.services.segments.plugin [-] Segment c52d1593-5d9e-4914-97dc-d5667ffc0b1a resource provider aggregate not found [pid: 8|app: 0|req: 678/1372] 10.0.0.167 () {34 vars in 1008 bytes} [Thu Aug 6 02:18:53 2026] GET /v2.0/networks/97aed61d-951c-4344-9ef7-d72bca14ffec?fields=segments => generated 14 bytes in 46 msecs (HTTP/1.1 200) 4 headers in 156 bytes (1 switches on core 0)
2026-08-06 02:18:53.991 7 INFO neutron.services.segments.plugin [-] Client error retrieving segment c52d1593-5d9e-4914-97dc-d5667ffc0b1a resource provider; error: Placement Client Error (4xx): {"errors": [{"status": 404, "title": "Not Found", "detail": "The resource could not be found.\n\n No resource provider with uuid c52d1593-5d9e-4914-97dc-d5667ffc0b1a found for delete ", "request_id": "req-025581f4-5035-4450-be14-8165fdadaf4c"}]}
2026-08-06 02:18:54.000 7 INFO neutron.services.segments.plugin [-] Client error retrieving segment c52d1593-5d9e-4914-97dc-d5667ffc0b1a resource provider; error: Placement Client Error (4xx): {"errors": [{"status": 404, "title": "Not Found", "detail": "The resource could not be found.\n\n No resource provider with uuid c52d1593-5d9e-4914-97dc-d5667ffc0b1a found for delete ", "request_id": "req-408d59f0-dcd4-43ad-a265-b3809d58cb86"}]} [pid: 7|app: 0|req: 695/1373] 10.0.0.184 () {32 vars in 726 bytes} [Thu Aug 6 02:18:53 2026] DELETE /v2.0/networks/5d201c35-920e-4e1f-b4fc-dc4c0f6b44fb => generated 0 bytes in 413 msecs (HTTP/1.1 204) 3 headers in 131 bytes (1 switches on core 0) [pid: 7|app: 0|req: 696/1374] 10.0.0.167 () {34 vars in 1108 bytes} [Thu Aug 6 02:18:54 2026] GET /v2.0/networks/97aed61d-951c-4344-9ef7-d72bca14ffec?fields=provider%3Aphysical_network&fields=provider%3Anetwork_type => generated 79 bytes in 77 msecs (HTTP/1.1 200) 4 headers in 156 bytes (1 switches on core 0)
2026-08-06 02:18:54.227 7 INFO neutron.db.segments_db [None req-a80e2ef6-3f9f-4c3d-b217-546fc35c30d9 9cba0eee413845599336e25cf98b3243 7ec98f9c904346c2bcc5fca3b3a0609f - - default default] Added segment e323f6fe-744e-4b8c-b39b-0803e0174d83 of type geneve for network d73dbfe5-1acd-421b-a0c5-c695fab1d59b
