2026-08-06 02:17:20.692 8 INFO neutron.db.ovn_revision_numbers_db [None req-44ad5a1a-0624-41c0-99a1-9ef4b037339b c05da53d0e8244f5b519e1dc915fb6fa 8ffe899da5c0451d8123399d8ddc2d0a - - default default] Successfully bumped revision number for resource 61647b4f-0c96-4167-ac76-9bc4cf945055 (type: security_group_rules) to 0 /var/lib/openstack/lib/python3.12/site-packages/pycadf/identifier.py:70: UserWarning: Invalid uuid: neutron. To ensure interoperability, identifiers should be a valid uuid. warnings.warn(('Invalid uuid: %s. To ensure interoperability, '
2026-08-06 02:17:20.702 8 INFO neutron.db.ovn_revision_numbers_db [None req-44ad5a1a-0624-41c0-99a1-9ef4b037339b c05da53d0e8244f5b519e1dc915fb6fa 8ffe899da5c0451d8123399d8ddc2d0a - - default default] Successfully bumped revision number for resource be49b5f1-7ea9-4949-b771-677464741b9f (type: security_group_rules) to 0 [pid: 8|app: 0|req: 369/714] 10.0.0.184 () {32 vars in 774 bytes} [Thu Aug 6 02:17:20 2026] GET /v2.0/security-groups?tenant_id=f197f9971e3b4adba4d37b508e16ae80&name=default => generated 2925 bytes in 332 msecs (HTTP/1.1 200) 4 headers in 158 bytes (1 switches on core 0)
2026-08-06 02:17:20.833 7 WARNING neutron.scheduler.dhcp_agent_scheduler [None req-9e4b3877-3103-4301-b879-c4d7c12cce5f c05da53d0e8244f5b519e1dc915fb6fa 8ffe899da5c0451d8123399d8ddc2d0a - - default default] No more DHCP agents
2026-08-06 02:17:20.834 7 WARNING neutron.api.rpc.agentnotifiers.dhcp_rpc_agent_api [None req-9e4b3877-3103-4301-b879-c4d7c12cce5f c05da53d0e8244f5b519e1dc915fb6fa 8ffe899da5c0451d8123399d8ddc2d0a - - default default] Unable to schedule network 2abfc953-f805-42ad-86b5-944f04a4561c: no agents available; will retry on subsequent port and subnet creation events.
2026-08-06 02:17:21.028 8 INFO neutron.db.ovn_revision_numbers_db [None req-3886b6a4-49d2-4f50-8d67-a117804420fb c05da53d0e8244f5b519e1dc915fb6fa 8ffe899da5c0451d8123399d8ddc2d0a - - default default] Successfully bumped revision number for resource 0907155e-ecf9-4c16-9593-16793795b459 (type: security_groups) to 1
2026-08-06 02:17:21.055 8 INFO neutron.db.ovn_revision_numbers_db [None req-3886b6a4-49d2-4f50-8d67-a117804420fb c05da53d0e8244f5b519e1dc915fb6fa 8ffe899da5c0451d8123399d8ddc2d0a - - default default] Successfully bumped revision number for resource 5b77fa8d-558f-4e67-8f81-37a72093badf (type: security_group_rules) to 0
2026-08-06 02:17:21.069 8 INFO neutron.db.ovn_revision_numbers_db [None req-3886b6a4-49d2-4f50-8d67-a117804420fb c05da53d0e8244f5b519e1dc915fb6fa 8ffe899da5c0451d8123399d8ddc2d0a - - default default] Successfully bumped revision number for resource 720152bb-a3ae-4fc6-a338-3095d2407e2f (type: security_group_rules) to 0
2026-08-06 02:17:21.100 8 INFO neutron.db.ovn_revision_numbers_db [None req-3886b6a4-49d2-4f50-8d67-a117804420fb c05da53d0e8244f5b519e1dc915fb6fa 8ffe899da5c0451d8123399d8ddc2d0a - - default default] Successfully bumped revision number for resource a859ad89-2795-41eb-b51f-020cd21c479f (type: security_group_rules) to 0
2026-08-06 02:17:21.126 8 INFO neutron.db.ovn_revision_numbers_db [None req-3886b6a4-49d2-4f50-8d67-a117804420fb c05da53d0e8244f5b519e1dc915fb6fa 8ffe899da5c0451d8123399d8ddc2d0a - - default default] Successfully bumped revision number for resource c925c62f-3a0e-4997-b44f-3e80739793d8 (type: security_group_rules) to 0
2026-08-06 02:17:21.176 7 INFO neutron.notifiers.nova [-] Nova event matching ['req-960a730b-d579-4900-9760-25e7110dde0a'] response: {'name': 'network-changed', 'server_uuid': '4524d5cf-3325-4a28-9647-83f1608d4bc5', 'tag': 'a021e4ff-e474-4c1b-bef6-cb06f98fd9d8', 'status': 'completed', 'code': 200}
2026-08-06 02:17:21.216 8 INFO neutron.db.segments_db [None req-3886b6a4-49d2-4f50-8d67-a117804420fb c05da53d0e8244f5b519e1dc915fb6fa 8ffe899da5c0451d8123399d8ddc2d0a - - default default] Added segment e8007627-32aa-4158-9fe1-84fd75b97c75 of type geneve for network 2ea98edd-5237-4acd-a15d-0ce4f08dc4a1
2026-08-06 02:17:21.330 8 INFO neutron.db.ovn_revision_numbers_db [None req-3886b6a4-49d2-4f50-8d67-a117804420fb c05da53d0e8244f5b519e1dc915fb6fa 8ffe899da5c0451d8123399d8ddc2d0a - - default default] Successfully bumped revision number for resource 2ea98edd-5237-4acd-a15d-0ce4f08dc4a1 (type: networks) to 1
2026-08-06 02:17:21.358 7 INFO neutron.db.ovn_revision_numbers_db [None req-d3e8f805-9007-4dd7-93f6-80f04bc0d1da - - - - - -] Successfully bumped revision number for resource 39faa6d9-4781-475a-b5a7-285feb819bfd (type: ports) to 2
2026-08-06 02:17:21.383 7 INFO neutron.db.ovn_revision_numbers_db [None req-d3e8f805-9007-4dd7-93f6-80f04bc0d1da - - - - - -] Successfully bumped revision number for resource 982680e8-c9f7-4086-87a0-148be40b2812 (type: subnets) to 0 [pid: 7|app: 0|req: 346/715] 10.0.0.184 () {34 vars in 669 bytes} [Thu Aug 6 02:17:20 2026] POST /v2.0/subnets => generated 684 bytes in 705 msecs (HTTP/1.1 201) 4 headers in 162 bytes (1 switches on core 0)
2026-08-06 02:17:21.499 8 WARNING neutron.scheduler.dhcp_agent_scheduler [None req-3886b6a4-49d2-4f50-8d67-a117804420fb c05da53d0e8244f5b519e1dc915fb6fa 8ffe899da5c0451d8123399d8ddc2d0a - - default default] No more DHCP agents
2026-08-06 02:17:21.502 8 WARNING neutron.api.rpc.agentnotifiers.dhcp_rpc_agent_api [None req-3886b6a4-49d2-4f50-8d67-a117804420fb c05da53d0e8244f5b519e1dc915fb6fa 8ffe899da5c0451d8123399d8ddc2d0a - - default default] Unable to schedule network 2ea98edd-5237-4acd-a15d-0ce4f08dc4a1: no agents available; will retry on subsequent port and subnet creation events.
2026-08-06 02:17:21.543 8 INFO neutron.plugins.ml2.drivers.ovn.mech_driver.mech_driver [None req-6b72cff5-593b-42fa-ba72-386373d95b3f - - - - - -] OVN reports status down for port: dd49933d-a4fe-4896-8f82-143a4c2e5c67 [pid: 7|app: 0|req: 347/716] 10.0.0.184 () {32 vars in 740 bytes} [Thu Aug 6 02:17:21 2026] DELETE /v2.0/security-groups/16b49876-4cce-40a2-885e-6753e18421b3 => generated 0 bytes in 196 msecs (HTTP/1.1 204) 2 headers in 112 bytes (1 switches on core 0)
2026-08-06 02:17:21.598 8 INFO neutron.db.ovn_revision_numbers_db [None req-3886b6a4-49d2-4f50-8d67-a117804420fb c05da53d0e8244f5b519e1dc915fb6fa 8ffe899da5c0451d8123399d8ddc2d0a - - default default] Successfully bumped revision number for resource dd49933d-a4fe-4896-8f82-143a4c2e5c67 (type: ports) to 1 [pid: 8|app: 0|req: 370/717] 10.0.0.184 () {34 vars in 671 bytes} [Thu Aug 6 02:17:20 2026] POST /v2.0/networks => generated 751 bytes in 895 msecs (HTTP/1.1 201) 4 headers in 162 bytes (1 switches on core 0) [pid: 8|app: 0|req: 371/718] 10.0.0.167 () {34 vars in 990 bytes} [Thu Aug 6 02:17:21 2026] GET /v2.0/ports?device_id=4524d5cf-3325-4a28-9647-83f1608d4bc5 => generated 969 bytes in 87 msecs (HTTP/1.1 200) 4 headers in 157 bytes (1 switches on core 0)
2026-08-06 02:17:21.855 8 WARNING neutron.scheduler.dhcp_agent_scheduler [None req-36e8be54-45d8-47bf-9501-15d9a597e531 c05da53d0e8244f5b519e1dc915fb6fa 8ffe899da5c0451d8123399d8ddc2d0a - - default default] No more DHCP agents
2026-08-06 02:17:21.856 8 WARNING neutron.api.rpc.agentnotifiers.dhcp_rpc_agent_api [None req-36e8be54-45d8-47bf-9501-15d9a597e531 c05da53d0e8244f5b519e1dc915fb6fa 8ffe899da5c0451d8123399d8ddc2d0a - - default default] Unable to schedule network 2ea98edd-5237-4acd-a15d-0ce4f08dc4a1: no agents available; will retry on subsequent port and subnet creation events.
2026-08-06 02:17:22.017 7 WARNING neutron.scheduler.dhcp_agent_scheduler [None req-fe08484c-f275-4c64-bf8c-f4b33e3a747e c05da53d0e8244f5b519e1dc915fb6fa 8ffe899da5c0451d8123399d8ddc2d0a - - default default] No more DHCP agents
2026-08-06 02:17:22.019 7 WARNING neutron.api.rpc.agentnotifiers.dhcp_rpc_agent_api [None req-fe08484c-f275-4c64-bf8c-f4b33e3a747e c05da53d0e8244f5b519e1dc915fb6fa 8ffe899da5c0451d8123399d8ddc2d0a - - default default] Unable to schedule network efff0c2c-5456-413e-8350-0e40b0a6cd90: no agents available; will retry on subsequent port and subnet creation events.
2026-08-06 02:17:22.130 8 INFO neutron.plugins.ml2.drivers.ovn.mech_driver.mech_driver [None req-6b72cff5-593b-42fa-ba72-386373d95b3f - - - - - -] OVN reports status down for port: ae4ca13e-10f8-4219-be13-42d6ca794ff6
2026-08-06 02:17:22.145 7 INFO neutron.db.ovn_revision_numbers_db [None req-fe08484c-f275-4c64-bf8c-f4b33e3a747e c05da53d0e8244f5b519e1dc915fb6fa 8ffe899da5c0451d8123399d8ddc2d0a - - default default] Successfully bumped revision number for resource ae4ca13e-10f8-4219-be13-42d6ca794ff6 (type: ports) to 1
2026-08-06 02:17:22.412 8 INFO neutron.db.ovn_revision_numbers_db [None req-ac9819e6-553a-419b-b698-dc592cc83bcc - - - - - -] Successfully bumped revision number for resource dd49933d-a4fe-4896-8f82-143a4c2e5c67 (type: ports) to 2
2026-08-06 02:17:22.446 8 INFO neutron.db.ovn_revision_numbers_db [None req-ac9819e6-553a-419b-b698-dc592cc83bcc - - - - - -] Successfully bumped revision number for resource 1b1219ee-a36a-4a30-a9a1-ecfd26cb4a4f (type: subnets) to 0 [pid: 8|app: 0|req: 372/719] 10.0.0.184 () {34 vars in 669 bytes} [Thu Aug 6 02:17:21 2026] POST /v2.0/subnets => generated 695 bytes in 741 msecs (HTTP/1.1 201) 4 headers in 162 bytes (1 switches on core 0) [pid: 8|app: 0|req: 373/720] 199.19.213.10 () {34 vars in 1079 bytes} [Thu Aug 6 02:17:22 2026] GET /v2.0/ports?tenant_id=ca6d424a9f394710a99c44a036fcd5ac&device_id=4524d5cf-3325-4a28-9647-83f1608d4bc5 => generated 1207 bytes in 59 msecs (HTTP/1.1 200) 4 headers in 158 bytes (1 switches on core 0) [pid: 8|app: 0|req: 374/721] 10.0.0.167 () {34 vars in 1040 bytes} [Thu Aug 6 02:17:22 2026] GET /v2.0/security-groups?id=4abf65bf-9ee4-47b3-acf4-d1ecf0c93d03&fields=id&fields=name => generated 113 bytes in 28 msecs (HTTP/1.1 200) 4 headers in 157 bytes (1 switches on core 0)
2026-08-06 02:17:22.732 7 INFO neutron.plugins.ml2.drivers.ovn.mech_driver.ovsdb.commands [None req-966a7792-dd91-4397-8a4e-a6fcba54a65d - - - - - -] Schedule LRP lrp-ae4ca13e-10f8-4219-be13-42d6ca794ff6 on gateway 96422ca6-9080-4c93-9b09-8caf03cca39f with priority 1
2026-08-06 02:17:22.771 7 INFO neutron.plugins.ml2.drivers.ovn.mech_driver.ovsdb.ovsdb_monitor [None req-f338981a-1913-4f69-bf5c-1f876e412a6d - - - - - -] Router d6c6cd86-590f-4b3a-996a-74977cbde7d4 is bound to host instance
2026-08-06 02:17:22.779 8 INFO neutron.plugins.ml2.drivers.ovn.mech_driver.mech_driver [None req-6b72cff5-593b-42fa-ba72-386373d95b3f - - - - - -] OVN reports status up for port: ae4ca13e-10f8-4219-be13-42d6ca794ff6
2026-08-06 02:17:22.810 7 INFO neutron.db.ovn_revision_numbers_db [None req-fe08484c-f275-4c64-bf8c-f4b33e3a747e c05da53d0e8244f5b519e1dc915fb6fa 8ffe899da5c0451d8123399d8ddc2d0a - - default default] Successfully bumped revision number for resource ae4ca13e-10f8-4219-be13-42d6ca794ff6 (type: router_ports) to 1
2026-08-06 02:17:22.819 8 INFO neutron.plugins.ml2.plugin [None req-6b72cff5-593b-42fa-ba72-386373d95b3f - - - - - -] Attempt 1 to provision port ae4ca13e-10f8-4219-be13-42d6ca794ff6
2026-08-06 02:17:22.915 7 INFO neutron.db.ovn_revision_numbers_db [None req-fe08484c-f275-4c64-bf8c-f4b33e3a747e c05da53d0e8244f5b519e1dc915fb6fa 8ffe899da5c0451d8123399d8ddc2d0a - - default default] Successfully bumped revision number for resource d6c6cd86-590f-4b3a-996a-74977cbde7d4 (type: routers) to 2 [pid: 7|app: 0|req: 348/722] 10.0.0.184 () {34 vars in 669 bytes} [Thu Aug 6 02:17:21 2026] POST /v2.0/routers => generated 962 bytes in 1349 msecs (HTTP/1.1 201) 4 headers in 162 bytes (1 switches on core 0) [pid: 7|app: 0|req: 349/723] 199.19.213.10 () {34 vars in 1017 bytes} [Thu Aug 6 02:17:22 2026] GET /v2.0/networks?tenant_id=ca6d424a9f394710a99c44a036fcd5ac&shared=False => generated 783 bytes in 87 msecs (HTTP/1.1 200) 4 headers in 157 bytes (1 switches on core 0)
2026-08-06 02:17:23.064 8 WARNING neutron.scheduler.dhcp_agent_scheduler [None req-35739c73-1ede-4f53-b048-d41e439b2d99 c05da53d0e8244f5b519e1dc915fb6fa 8ffe899da5c0451d8123399d8ddc2d0a - - default default] No more DHCP agents
2026-08-06 02:17:23.068 8 WARNING neutron.api.rpc.agentnotifiers.dhcp_rpc_agent_api [None req-35739c73-1ede-4f53-b048-d41e439b2d99 c05da53d0e8244f5b519e1dc915fb6fa 8ffe899da5c0451d8123399d8ddc2d0a - - default default] Unable to schedule network efff0c2c-5456-413e-8350-0e40b0a6cd90: no agents available; will retry on subsequent port and subnet creation events.
2026-08-06 02:17:23.188 7 INFO neutron.plugins.ml2.drivers.ovn.mech_driver.mech_driver [None req-e1647434-e193-4347-a279-2438be2f7fde - - - - - -] OVN reports status down for port: ef049102-4e7b-41be-8ee8-b008b560fb7f
2026-08-06 02:17:23.224 8 INFO neutron.db.ovn_revision_numbers_db [None req-35739c73-1ede-4f53-b048-d41e439b2d99 c05da53d0e8244f5b519e1dc915fb6fa 8ffe899da5c0451d8123399d8ddc2d0a - - default default] Successfully bumped revision number for resource ef049102-4e7b-41be-8ee8-b008b560fb7f (type: ports) to 1
2026-08-06 02:17:23.759 8 INFO neutron.plugins.ml2.drivers.ovn.mech_driver.ovsdb.commands [None req-cdc83ef4-121c-490a-bb33-ac9454c56a55 - - - - - -] Schedule LRP lrp-ef049102-4e7b-41be-8ee8-b008b560fb7f on gateway 96422ca6-9080-4c93-9b09-8caf03cca39f with priority 1
2026-08-06 02:17:23.785 7 INFO neutron.plugins.ml2.drivers.ovn.mech_driver.mech_driver [None req-e1647434-e193-4347-a279-2438be2f7fde - - - - - -] OVN reports status up for port: ef049102-4e7b-41be-8ee8-b008b560fb7f
2026-08-06 02:17:23.806 8 INFO neutron.db.ovn_revision_numbers_db [None req-35739c73-1ede-4f53-b048-d41e439b2d99 c05da53d0e8244f5b519e1dc915fb6fa 8ffe899da5c0451d8123399d8ddc2d0a - - default default] Successfully bumped revision number for resource ef049102-4e7b-41be-8ee8-b008b560fb7f (type: router_ports) to 1
2026-08-06 02:17:23.817 7 INFO neutron.plugins.ml2.plugin [None req-e1647434-e193-4347-a279-2438be2f7fde - - - - - -] Attempt 1 to provision port ef049102-4e7b-41be-8ee8-b008b560fb7f
2026-08-06 02:17:23.842 7 WARNING neutron.scheduler.dhcp_agent_scheduler [None req-e9cb9bfd-7980-409a-bf0c-ec56fe5adf3e c05da53d0e8244f5b519e1dc915fb6fa 8ffe899da5c0451d8123399d8ddc2d0a - - default default] No more DHCP agents
2026-08-06 02:17:23.848 7 WARNING neutron.api.rpc.agentnotifiers.dhcp_rpc_agent_api [None req-e9cb9bfd-7980-409a-bf0c-ec56fe5adf3e c05da53d0e8244f5b519e1dc915fb6fa 8ffe899da5c0451d8123399d8ddc2d0a - - default default] Unable to schedule network 2abfc953-f805-42ad-86b5-944f04a4561c: no agents available; will retry on subsequent port and subnet creation events.
2026-08-06 02:17:23.862 8 INFO neutron.db.ovn_revision_numbers_db [None req-35739c73-1ede-4f53-b048-d41e439b2d99 c05da53d0e8244f5b519e1dc915fb6fa 8ffe899da5c0451d8123399d8ddc2d0a - - default default] Successfully bumped revision number for resource 23b4f8cb-69d9-433b-8d2d-cde700fe35ae (type: routers) to 2 [pid: 8|app: 0|req: 375/724] 10.0.0.184 () {34 vars in 669 bytes} [Thu Aug 6 02:17:22 2026] POST /v2.0/routers => generated 973 bytes in 1327 msecs (HTTP/1.1 201) 4 headers in 162 bytes (1 switches on core 0) [pid: 8|app: 0|req: 376/725] 199.19.213.10 () {34 vars in 929 bytes} [Thu Aug 6 02:17:23 2026] GET /v2.0/networks?shared=True => generated 753 bytes in 51 msecs (HTTP/1.1 200) 4 headers in 157 bytes (1 switches on core 0) [pid: 8|app: 0|req: 377/726] 10.0.0.167 () {34 vars in 990 bytes} [Thu Aug 6 02:17:23 2026] GET /v2.0/ports?device_id=4524d5cf-3325-4a28-9647-83f1608d4bc5 => generated 969 bytes in 30 msecs (HTTP/1.1 200) 4 headers in 157 bytes (1 switches on core 0)
2026-08-06 02:17:24.131 7 INFO neutron.db.ovn_revision_numbers_db [None req-e9cb9bfd-7980-409a-bf0c-ec56fe5adf3e c05da53d0e8244f5b519e1dc915fb6fa 8ffe899da5c0451d8123399d8ddc2d0a - - default default] Successfully bumped revision number for resource c5f30825-60de-4ca8-a7c3-48d3bffeca1d (type: ports) to 1
2026-08-06 02:17:24.134 7 INFO neutron.db.ovn_revision_numbers_db [None req-e1e718b4-8899-4b82-81a0-5b1147000694 - - - - - -] Successfully bumped revision number for resource ae4ca13e-10f8-4219-be13-42d6ca794ff6 (type: ports) to 4
2026-08-06 02:17:24.422 8 WARNING neutron.scheduler.dhcp_agent_scheduler [None req-ac963ada-b994-4c79-bcda-7f8a9ef8aa3c c05da53d0e8244f5b519e1dc915fb6fa 8ffe899da5c0451d8123399d8ddc2d0a - - default default] No more DHCP agents
2026-08-06 02:17:24.423 8 WARNING neutron.api.rpc.agentnotifiers.dhcp_rpc_agent_api [None req-ac963ada-b994-4c79-bcda-7f8a9ef8aa3c c05da53d0e8244f5b519e1dc915fb6fa 8ffe899da5c0451d8123399d8ddc2d0a - - default default] Unable to schedule network 2ea98edd-5237-4acd-a15d-0ce4f08dc4a1: no agents available; will retry on subsequent port and subnet creation events.
2026-08-06 02:17:24.558 8 INFO neutron.db.ovn_revision_numbers_db [None req-ac963ada-b994-4c79-bcda-7f8a9ef8aa3c c05da53d0e8244f5b519e1dc915fb6fa 8ffe899da5c0451d8123399d8ddc2d0a - - default default] Successfully bumped revision number for resource f1b9f319-00d7-40d1-8895-fc1bf3db20b0 (type: ports) to 1
2026-08-06 02:17:24.682 7 INFO neutron.db.ovn_revision_numbers_db [None req-e1e718b4-8899-4b82-81a0-5b1147000694 - - - - - -] Successfully bumped revision number for resource ae4ca13e-10f8-4219-be13-42d6ca794ff6 (type: ports) to 5
2026-08-06 02:17:24.838 7 INFO neutron.plugins.ml2.drivers.ovn.mech_driver.ovsdb.ovsdb_monitor [None req-e1e718b4-8899-4b82-81a0-5b1147000694 - - - - - -] Router 23b4f8cb-69d9-433b-8d2d-cde700fe35ae is bound to host instance
2026-08-06 02:17:25.100 8 WARNING neutron.scheduler.dhcp_agent_scheduler [None req-ac963ada-b994-4c79-bcda-7f8a9ef8aa3c c05da53d0e8244f5b519e1dc915fb6fa 8ffe899da5c0451d8123399d8ddc2d0a - - default default] No more DHCP agents
2026-08-06 02:17:25.105 8 WARNING neutron.api.rpc.agentnotifiers.dhcp_rpc_agent_api [None req-ac963ada-b994-4c79-bcda-7f8a9ef8aa3c c05da53d0e8244f5b519e1dc915fb6fa 8ffe899da5c0451d8123399d8ddc2d0a - - default default] Unable to schedule network 2ea98edd-5237-4acd-a15d-0ce4f08dc4a1: no agents available; will retry on subsequent port and subnet creation events.
2026-08-06 02:17:25.273 7 WARNING neutron.scheduler.dhcp_agent_scheduler [None req-e9cb9bfd-7980-409a-bf0c-ec56fe5adf3e c05da53d0e8244f5b519e1dc915fb6fa 8ffe899da5c0451d8123399d8ddc2d0a - - default default] No more DHCP agents
2026-08-06 02:17:25.275 7 WARNING neutron.api.rpc.agentnotifiers.dhcp_rpc_agent_api [None req-e9cb9bfd-7980-409a-bf0c-ec56fe5adf3e c05da53d0e8244f5b519e1dc915fb6fa 8ffe899da5c0451d8123399d8ddc2d0a - - default default] Unable to schedule network 2abfc953-f805-42ad-86b5-944f04a4561c: no agents available; will retry on subsequent port and subnet creation events.
2026-08-06 02:17:25.572 8 INFO neutron.db.ovn_revision_numbers_db [None req-ac963ada-b994-4c79-bcda-7f8a9ef8aa3c c05da53d0e8244f5b519e1dc915fb6fa 8ffe899da5c0451d8123399d8ddc2d0a - - default default] Successfully bumped revision number for resource f1b9f319-00d7-40d1-8895-fc1bf3db20b0 (type: router_ports) to 1 [pid: 8|app: 0|req: 378/727] 10.0.0.184 () {34 vars in 783 bytes} [Thu Aug 6 02:17:23 2026] PUT /v2.0/routers/23b4f8cb-69d9-433b-8d2d-cde700fe35ae/add_router_interface => generated 309 bytes in 1618 msecs (HTTP/1.1 200) 4 headers in 157 bytes (1 switches on core 0) [pid: 8|app: 0|req: 379/728] 10.0.0.167 () {34 vars in 1040 bytes} [Thu Aug 6 02:17:25 2026] GET /v2.0/security-groups?id=4abf65bf-9ee4-47b3-acf4-d1ecf0c93d03&fields=id&fields=name => generated 113 bytes in 31 msecs (HTTP/1.1 200) 4 headers in 157 bytes (1 switches on core 0) [pid: 8|app: 0|req: 380/729] 199.19.213.10 () {34 vars in 1079 bytes} [Thu Aug 6 02:17:25 2026] GET /v2.0/ports?tenant_id=ca6d424a9f394710a99c44a036fcd5ac&device_id=4524d5cf-3325-4a28-9647-83f1608d4bc5 => generated 1207 bytes in 36 msecs (HTTP/1.1 200) 4 headers in 158 bytes (1 switches on core 0) [pid: 8|app: 0|req: 381/730] 199.19.213.10 () {34 vars in 1057 bytes} [Thu Aug 6 02:17:25 2026] GET /v2.0/floatingips?fixed_ip_address=10.100.0.7&port_id=a021e4ff-e474-4c1b-bef6-cb06f98fd9d8 => generated 19 bytes in 36 msecs (HTTP/1.1 200) 4 headers in 156 bytes (1 switches on core 0) [pid: 8|app: 0|req: 382/731] 199.19.213.10 () {34 vars in 983 bytes} [Thu Aug 6 02:17:25 2026] GET /v2.0/subnets?id=6d5be264-ced6-42fa-aa21-ff158644236b => generated 702 bytes in 36 msecs (HTTP/1.1 200) 4 headers in 157 bytes (1 switches on core 0) [pid: 8|app: 0|req: 383/732] 199.19.213.10 () {34 vars in 1051 bytes} [Thu Aug 6 02:17:25 2026] GET /v2.0/ports?network_id=e96e6f7c-762f-4af0-9963-51e10b205db1&device_owner=network%3Adhcp => generated 12 bytes in 52 msecs (HTTP/1.1 200) 4 headers in 156 bytes (1 switches on core 0) [pid: 8|app: 0|req: 384/733] 199.19.213.10 () {34 vars in 1011 bytes} [Thu Aug 6 02:17:25 2026] GET /v2.0/networks/e96e6f7c-762f-4af0-9963-51e10b205db1?fields=segments => generated 14 bytes in 47 msecs (HTTP/1.1 200) 4 headers in 156 bytes (1 switches on core 0) [pid: 8|app: 0|req: 385/734] 199.19.213.10 () {34 vars in 1111 bytes} [Thu Aug 6 02:17:25 2026] GET /v2.0/networks/e96e6f7c-762f-4af0-9963-51e10b205db1?fields=provider%3Aphysical_network&fields=provider%3Anetwork_type => generated 79 bytes in 58 msecs (HTTP/1.1 200) 4 headers in 156 bytes (1 switches on core 0)
2026-08-06 02:17:25.921 8 INFO neutron.plugins.ml2.drivers.ovn.mech_driver.mech_driver [None req-6b72cff5-593b-42fa-ba72-386373d95b3f - - - - - -] OVN reports status down for port: f1b9f319-00d7-40d1-8895-fc1bf3db20b0
2026-08-06 02:17:25.994 8 INFO neutron.plugins.ml2.drivers.ovn.mech_driver.mech_driver [None req-6b72cff5-593b-42fa-ba72-386373d95b3f - - - - - -] OVN reports status up for port: f1b9f319-00d7-40d1-8895-fc1bf3db20b0
2026-08-06 02:17:26.003 8 INFO neutron.plugins.ml2.plugin [None req-6b72cff5-593b-42fa-ba72-386373d95b3f - - - - - -] Attempt 1 to provision port f1b9f319-00d7-40d1-8895-fc1bf3db20b0
2026-08-06 02:17:26.347 8 INFO neutron.db.ovn_revision_numbers_db [None req-10034932-9a91-4f17-9769-de1dec73a044 d8a2a7970b0449ebaa960342d539d66e 71959d9ad501431596bad97a0a9a4a45 - - default default] Successfully bumped revision number for resource 14761ba6-f288-45d6-a2e0-dd327df697da (type: security_groups) to 1
2026-08-06 02:17:26.366 8 INFO neutron.db.ovn_revision_numbers_db [None req-10034932-9a91-4f17-9769-de1dec73a044 d8a2a7970b0449ebaa960342d539d66e 71959d9ad501431596bad97a0a9a4a45 - - default default] Successfully bumped revision number for resource 2639f1e0-eaf4-4c3d-b796-d7a1b0acbe51 (type: security_group_rules) to 0
2026-08-06 02:17:26.387 8 INFO neutron.db.ovn_revision_numbers_db [None req-10034932-9a91-4f17-9769-de1dec73a044 d8a2a7970b0449ebaa960342d539d66e 71959d9ad501431596bad97a0a9a4a45 - - default default] Successfully bumped revision number for resource 2d681f89-b886-44da-8668-f2b41ff1cb79 (type: security_group_rules) to 0 [pid: 8|app: 0|req: 386/735] 10.0.0.184 () {34 vars in 685 bytes} [Thu Aug 6 02:17:26 2026] POST /v2.0/security-groups => generated 1660 bytes in 381 msecs (HTTP/1.1 201) 4 headers in 163 bytes (1 switches on core 0)
2026-08-06 02:17:26.484 7 INFO neutron.plugins.ml2.drivers.ovn.mech_driver.mech_driver [None req-e1647434-e193-4347-a279-2438be2f7fde - - - - - -] OVN reports status down for port: c5f30825-60de-4ca8-a7c3-48d3bffeca1d
2026-08-06 02:17:26.533 7 INFO neutron.db.ovn_revision_numbers_db [None req-e9cb9bfd-7980-409a-bf0c-ec56fe5adf3e c05da53d0e8244f5b519e1dc915fb6fa 8ffe899da5c0451d8123399d8ddc2d0a - - default default] Successfully bumped revision number for resource c5f30825-60de-4ca8-a7c3-48d3bffeca1d (type: router_ports) to 1 [pid: 7|app: 0|req: 350/736] 10.0.0.184 () {34 vars in 783 bytes} [Thu Aug 6 02:17:23 2026] PUT /v2.0/routers/d6c6cd86-590f-4b3a-996a-74977cbde7d4/add_router_interface => generated 309 bytes in 3516 msecs (HTTP/1.1 200) 4 headers in 157 bytes (1 switches on core 0)
2026-08-06 02:17:26.625 7 INFO neutron.plugins.ml2.drivers.ovn.mech_driver.mech_driver [None req-e1647434-e193-4347-a279-2438be2f7fde - - - - - -] OVN reports status up for port: c5f30825-60de-4ca8-a7c3-48d3bffeca1d
2026-08-06 02:17:26.641 7 INFO neutron.plugins.ml2.plugin [None req-e1647434-e193-4347-a279-2438be2f7fde - - - - - -] Attempt 1 to provision port c5f30825-60de-4ca8-a7c3-48d3bffeca1d
2026-08-06 02:17:26.650 8 INFO neutron.db.ovn_revision_numbers_db [None req-6b72cff5-593b-42fa-ba72-386373d95b3f - - - - - -] Successfully bumped revision number for resource f1b9f319-00d7-40d1-8895-fc1bf3db20b0 (type: ports) to 2
2026-08-06 02:17:26.654 8 INFO neutron.db.ovn_revision_numbers_db [None req-1dc7ea05-065c-4278-b5ab-cba4e37ae081 d8a2a7970b0449ebaa960342d539d66e 71959d9ad501431596bad97a0a9a4a45 - - default default] Successfully bumped revision number for resource fe9b7df5-68e9-44e1-bf3d-3d0cfba5e3a0 (type: security_group_rules) to 0 [pid: 8|app: 0|req: 387/737] 10.0.0.184 () {34 vars in 695 bytes} [Thu Aug 6 02:17:26 2026] POST /v2.0/security-group-rules => generated 597 bytes in 220 msecs (HTTP/1.1 201) 4 headers in 162 bytes (1 switches on core 0)
2026-08-06 02:17:26.773 7 INFO neutron.db.ovn_revision_numbers_db [None req-df8b987a-f8e0-41f1-b198-cbdc95ea9aef - - - - - -] Successfully bumped revision number for resource ef049102-4e7b-41be-8ee8-b008b560fb7f (type: ports) to 4
2026-08-06 02:17:26.877 8 INFO neutron.db.ovn_revision_numbers_db [None req-3d607351-a59e-48b6-b090-6b4888b883f9 - - - - - -] Successfully bumped revision number for resource f1b9f319-00d7-40d1-8895-fc1bf3db20b0 (type: router_ports) to 2 [pid: 7|app: 0|req: 351/738] 10.0.0.167 () {34 vars in 990 bytes} [Thu Aug 6 02:17:26 2026] GET /v2.0/ports?device_id=4524d5cf-3325-4a28-9647-83f1608d4bc5 => generated 969 bytes in 247 msecs (HTTP/1.1 200) 4 headers in 157 bytes (1 switches on core 0)
2026-08-06 02:17:27.034 8 INFO neutron.db.ovn_revision_numbers_db [None req-904588bf-aef7-4ebe-9047-9ba5d0e36ad2 c05da53d0e8244f5b519e1dc915fb6fa 8ffe899da5c0451d8123399d8ddc2d0a - - default default] Successfully bumped revision number for resource be860ca7-dcc0-4ec7-9130-8454bcd12526 (type: security_groups) to 1
2026-08-06 02:17:27.046 8 INFO neutron.db.ovn_revision_numbers_db [None req-904588bf-aef7-4ebe-9047-9ba5d0e36ad2 c05da53d0e8244f5b519e1dc915fb6fa 8ffe899da5c0451d8123399d8ddc2d0a - - default default] Successfully bumped revision number for resource 180de1ae-10e8-4a49-b8e5-bec5fe2e2043 (type: security_group_rules) to 0
2026-08-06 02:17:27.058 8 INFO neutron.db.ovn_revision_numbers_db [None req-904588bf-aef7-4ebe-9047-9ba5d0e36ad2 c05da53d0e8244f5b519e1dc915fb6fa 8ffe899da5c0451d8123399d8ddc2d0a - - default default] Successfully bumped revision number for resource 347e79fc-9ace-47c8-a934-de6032872732 (type: security_group_rules) to 0
2026-08-06 02:17:27.069 8 INFO neutron.db.ovn_revision_numbers_db [None req-904588bf-aef7-4ebe-9047-9ba5d0e36ad2 c05da53d0e8244f5b519e1dc915fb6fa 8ffe899da5c0451d8123399d8ddc2d0a - - default default] Successfully bumped revision number for resource 830065f3-1412-4604-8cc6-e23ade3d979f (type: security_group_rules) to 0
2026-08-06 02:17:27.081 8 INFO neutron.db.ovn_revision_numbers_db [None req-904588bf-aef7-4ebe-9047-9ba5d0e36ad2 c05da53d0e8244f5b519e1dc915fb6fa 8ffe899da5c0451d8123399d8ddc2d0a - - default default] Successfully bumped revision number for resource a8ac2d24-1a44-46b5-be7d-5389eeb7f664 (type: security_group_rules) to 0 [pid: 8|app: 0|req: 388/739] 10.0.0.184 () {32 vars in 774 bytes} [Thu Aug 6 02:17:26 2026] GET /v2.0/security-groups?tenant_id=b2eff884cf36470b825491735e67a413&name=default => generated 2925 bytes in 417 msecs (HTTP/1.1 200) 4 headers in 158 bytes (1 switches on core 0) [pid: 8|app: 0|req: 389/740] 10.0.0.167 () {34 vars in 1040 bytes} [Thu Aug 6 02:17:27 2026] GET /v2.0/security-groups?id=4abf65bf-9ee4-47b3-acf4-d1ecf0c93d03&fields=id&fields=name => generated 113 bytes in 22 msecs (HTTP/1.1 200) 4 headers in 157 bytes (1 switches on core 0)
2026-08-06 02:17:27.263 8 INFO neutron.db.ovn_revision_numbers_db [None req-e1b73848-38a1-45c0-9b8d-d89b0f0f35b9 1fa3aee356cb4abf9b6fc5cda0458043 2f6fd3d652544b809bf5e54ac483d6e4 - - default default] Successfully bumped revision number for resource 91b556b0-866a-41e9-8c60-4473e53ed770 (type: security_groups) to 1
2026-08-06 02:17:27.274 8 INFO neutron.db.ovn_revision_numbers_db [None req-e1b73848-38a1-45c0-9b8d-d89b0f0f35b9 1fa3aee356cb4abf9b6fc5cda0458043 2f6fd3d652544b809bf5e54ac483d6e4 - - default default] Successfully bumped revision number for resource 5a4c7fdd-ab1e-475d-95b1-e9f32f375c27 (type: security_group_rules) to 0
2026-08-06 02:17:27.284 8 INFO neutron.db.ovn_revision_numbers_db [None req-e1b73848-38a1-45c0-9b8d-d89b0f0f35b9 1fa3aee356cb4abf9b6fc5cda0458043 2f6fd3d652544b809bf5e54ac483d6e4 - - default default] Successfully bumped revision number for resource 5fb74f55-10e2-46ab-b900-3f10f714f314 (type: security_group_rules) to 0 [pid: 8|app: 0|req: 390/741] 10.0.0.184 () {34 vars in 685 bytes} [Thu Aug 6 02:17:27 2026] POST /v2.0/security-groups => generated 1661 bytes in 177 msecs (HTTP/1.1 201) 4 headers in 163 bytes (1 switches on core 0)
2026-08-06 02:17:27.384 7 INFO neutron.db.ovn_revision_numbers_db [None req-27edae3d-a283-4086-9286-1ee9f5b91975 d8a2a7970b0449ebaa960342d539d66e 71959d9ad501431596bad97a0a9a4a45 - - default default] Successfully bumped revision number for resource aaf1b948-dd9d-4eaf-9fa8-c0a88ef2ef41 (type: security_group_rules) to 0 [pid: 7|app: 0|req: 352/742] 10.0.0.184 () {34 vars in 695 bytes} [Thu Aug 6 02:17:26 2026] POST /v2.0/security-group-rules => generated 602 bytes in 547 msecs (HTTP/1.1 201) 4 headers in 162 bytes (1 switches on core 0) [pid: 8|app: 0|req: 391/743] 10.0.0.184 () {32 vars in 740 bytes} [Thu Aug 6 02:17:27 2026] DELETE /v2.0/security-groups/be860ca7-dcc0-4ec7-9130-8454bcd12526 => generated 0 bytes in 217 msecs (HTTP/1.1 204) 2 headers in 112 bytes (1 switches on core 0)
2026-08-06 02:17:27.707 7 INFO neutron.db.ovn_revision_numbers_db [None req-df8b987a-f8e0-41f1-b198-cbdc95ea9aef - - - - - -] Successfully bumped revision number for resource ef049102-4e7b-41be-8ee8-b008b560fb7f (type: ports) to 5
2026-08-06 02:17:27.753 8 WARNING neutron.scheduler.dhcp_agent_scheduler [None req-b15df92a-614e-4621-aeba-5683ee9df5b1 d8a2a7970b0449ebaa960342d539d66e 71959d9ad501431596bad97a0a9a4a45 - - default default] No more DHCP agents
2026-08-06 02:17:27.753 8 WARNING neutron.api.rpc.agentnotifiers.dhcp_rpc_agent_api [None req-b15df92a-614e-4621-aeba-5683ee9df5b1 d8a2a7970b0449ebaa960342d539d66e 71959d9ad501431596bad97a0a9a4a45 - - default default] Unable to schedule network efff0c2c-5456-413e-8350-0e40b0a6cd90: no agents available; will retry on subsequent port and subnet creation events.
2026-08-06 02:17:27.860 7 INFO neutron.db.ovn_revision_numbers_db [None req-f6b89764-d560-4b92-a7a0-190acb092de7 1fa3aee356cb4abf9b6fc5cda0458043 2f6fd3d652544b809bf5e54ac483d6e4 - - default default] Successfully bumped revision number for resource c91d6651-a211-4241-b4c2-fba3e03e3c5c (type: security_group_rules) to 0
2026-08-06 02:17:27.893 7 INFO neutron.db.ovn_revision_numbers_db [None req-e1647434-e193-4347-a279-2438be2f7fde - - - - - -] Successfully bumped revision number for resource c5f30825-60de-4ca8-a7c3-48d3bffeca1d (type: ports) to 2 [pid: 7|app: 0|req: 353/744] 10.0.0.184 () {34 vars in 695 bytes} [Thu Aug 6 02:17:27 2026] POST /v2.0/security-group-rules => generated 597 bytes in 451 msecs (HTTP/1.1 201) 4 headers in 162 bytes (1 switches on core 0) [pid: 8|app: 0|req: 392/745] 10.0.0.184 () {34 vars in 676 bytes} [Thu Aug 6 02:17:27 2026] POST /v2.0/floatingips => generated 552 bytes in 463 msecs (HTTP/1.1 201) 4 headers in 162 bytes (1 switches on core 0)
2026-08-06 02:17:28.130 7 INFO neutron.db.ovn_revision_numbers_db [None req-37debdd8-5dcb-4a72-ac98-bfff3a4290eb 1fa3aee356cb4abf9b6fc5cda0458043 2f6fd3d652544b809bf5e54ac483d6e4 - - default default] Successfully bumped revision number for resource 19892b61-a0f4-4007-81de-a5b84e0ce7ae (type: security_group_rules) to 0
2026-08-06 02:17:28.161 7 INFO neutron.db.ovn_revision_numbers_db [None req-bc9ec5fa-7a12-4350-b147-1e234fc931a6 - - - - - -] Successfully bumped revision number for resource c5f30825-60de-4ca8-a7c3-48d3bffeca1d (type: router_ports) to 2 [pid: 7|app: 0|req: 354/746] 10.0.0.184 () {34 vars in 695 bytes} [Thu Aug 6 02:17:27 2026] POST /v2.0/security-group-rules => generated 602 bytes in 255 msecs (HTTP/1.1 201) 4 headers in 162 bytes (1 switches on core 0) [pid: 7|app: 0|req: 355/747] 10.0.0.167 () {34 vars in 990 bytes} [Thu Aug 6 02:17:28 2026] GET /v2.0/ports?device_id=4524d5cf-3325-4a28-9647-83f1608d4bc5 => generated 969 bytes in 51 msecs (HTTP/1.1 200) 4 headers in 157 bytes (1 switches on core 0) [pid: 7|app: 0|req: 356/748] 10.0.0.167 () {34 vars in 1040 bytes} [Thu Aug 6 02:17:28 2026] GET /v2.0/security-groups?id=4abf65bf-9ee4-47b3-acf4-d1ecf0c93d03&fields=id&fields=name => generated 113 bytes in 34 msecs (HTTP/1.1 200) 4 headers in 157 bytes (1 switches on core 0)
2026-08-06 02:17:28.396 8 WARNING neutron.scheduler.dhcp_agent_scheduler [None req-d2b355a3-f2d3-4237-b154-cfaac9656bc7 1fa3aee356cb4abf9b6fc5cda0458043 2f6fd3d652544b809bf5e54ac483d6e4 - - default default] No more DHCP agents
2026-08-06 02:17:28.403 8 WARNING neutron.api.rpc.agentnotifiers.dhcp_rpc_agent_api [None req-d2b355a3-f2d3-4237-b154-cfaac9656bc7 1fa3aee356cb4abf9b6fc5cda0458043 2f6fd3d652544b809bf5e54ac483d6e4 - - default default] Unable to schedule network efff0c2c-5456-413e-8350-0e40b0a6cd90: no agents available; will retry on subsequent port and subnet creation events. [pid: 8|app: 0|req: 393/749] 10.0.0.184 () {34 vars in 676 bytes} [Thu Aug 6 02:17:28 2026] POST /v2.0/floatingips => generated 552 bytes in 484 msecs (HTTP/1.1 201) 4 headers in 162 bytes (1 switches on core 0) [pid: 7|app: 0|req: 357/750] 10.0.0.167 () {34 vars in 1100 bytes} [Thu Aug 6 02:17:29 2026] GET /v2.0/security-groups?name=tempest-securitygroup--1440691903&fields=id&tenant_id=2f6fd3d652544b809bf5e54ac483d6e4 => generated 69 bytes in 41 msecs (HTTP/1.1 200) 4 headers in 156 bytes (1 switches on core 0) [pid: 8|app: 0|req: 394/751] 10.0.0.167 () {34 vars in 982 bytes} [Thu Aug 6 02:17:29 2026] GET /v2.0/networks?id=2abfc953-f805-42ad-86b5-944f04a4561c => generated 669 bytes in 51 msecs (HTTP/1.1 200) 4 headers in 157 bytes (1 switches on core 0) [pid: 7|app: 0|req: 358/752] 10.0.0.167 () {34 vars in 965 bytes} [Thu Aug 6 02:17:29 2026] GET /v2.0/quotas/2f6fd3d652544b809bf5e54ac483d6e4 => generated 292 bytes in 17 msecs (HTTP/1.1 200) 4 headers in 157 bytes (1 switches on core 0) [pid: 7|app: 0|req: 359/753] 10.0.0.167 () {34 vars in 1002 bytes} [Thu Aug 6 02:17:29 2026] GET /v2.0/ports?tenant_id=2f6fd3d652544b809bf5e54ac483d6e4&fields=id => generated 103 bytes in 77 msecs (HTTP/1.1 200) 4 headers in 157 bytes (1 switches on core 0) [pid: 7|app: 0|req: 360/754] 10.0.0.167 () {34 vars in 990 bytes} [Thu Aug 6 02:17:29 2026] GET /v2.0/ports?device_id=4524d5cf-3325-4a28-9647-83f1608d4bc5 => generated 969 bytes in 28 msecs (HTTP/1.1 200) 4 headers in 157 bytes (1 switches on core 0) [pid: 7|app: 0|req: 361/755] 10.0.0.167 () {34 vars in 1040 bytes} [Thu Aug 6 02:17:29 2026] GET /v2.0/security-groups?id=4abf65bf-9ee4-47b3-acf4-d1ecf0c93d03&fields=id&fields=name => generated 113 bytes in 24 msecs (HTTP/1.1 200) 4 headers in 157 bytes (1 switches on core 0)
2026-08-06 02:17:29.541 8 INFO neutron.db.ovn_revision_numbers_db [None req-2934defa-0dbb-4331-bc56-73710af2a8a7 68ff847d472c4bdc96b7212ec3438a6b 6c3c4ad8040444fcba7233427071af98 - - default default] Successfully bumped revision number for resource bd45a163-1088-4e0e-8a0f-7645fdc71acf (type: security_groups) to 1
2026-08-06 02:17:29.552 8 INFO neutron.db.ovn_revision_numbers_db [None req-2934defa-0dbb-4331-bc56-73710af2a8a7 68ff847d472c4bdc96b7212ec3438a6b 6c3c4ad8040444fcba7233427071af98 - - default default] Successfully bumped revision number for resource 3187e96b-fb7f-4eb8-a83a-6bee85cdfe5d (type: security_group_rules) to 0
2026-08-06 02:17:29.567 8 INFO neutron.db.ovn_revision_numbers_db [None req-2934defa-0dbb-4331-bc56-73710af2a8a7 68ff847d472c4bdc96b7212ec3438a6b 6c3c4ad8040444fcba7233427071af98 - - default default] Successfully bumped revision number for resource 36bb7806-dba1-46d9-b6c3-cc6ba4e1d90d (type: security_group_rules) to 0
2026-08-06 02:17:29.580 8 INFO neutron.db.ovn_revision_numbers_db [None req-2934defa-0dbb-4331-bc56-73710af2a8a7 68ff847d472c4bdc96b7212ec3438a6b 6c3c4ad8040444fcba7233427071af98 - - default default] Successfully bumped revision number for resource db56aa4a-0b31-49fb-8817-5149809b1723 (type: security_group_rules) to 0
2026-08-06 02:17:29.593 8 INFO neutron.db.ovn_revision_numbers_db [None req-2934defa-0dbb-4331-bc56-73710af2a8a7 68ff847d472c4bdc96b7212ec3438a6b 6c3c4ad8040444fcba7233427071af98 - - default default] Successfully bumped revision number for resource f74a2133-2798-4b98-b61a-a1d2f90df097 (type: security_group_rules) to 0
2026-08-06 02:17:29.670 8 INFO neutron.db.segments_db [None req-2934defa-0dbb-4331-bc56-73710af2a8a7 68ff847d472c4bdc96b7212ec3438a6b 6c3c4ad8040444fcba7233427071af98 - - default default] Added segment 2340f234-d3ae-442b-840a-ed4c7e906837 of type geneve for network 48641185-dfbc-4a53-b04f-808571fc605c [pid: 7|app: 0|req: 362/756] 10.0.0.167 () {34 vars in 907 bytes} [Thu Aug 6 02:17:29 2026] GET /v2.0/extensions => generated 20118 bytes in 47 msecs (HTTP/1.1 200) 4 headers in 159 bytes (1 switches on core 0) [pid: 7|app: 0|req: 363/757] 10.0.0.167 () {34 vars in 1008 bytes} [Thu Aug 6 02:17:29 2026] GET /v2.0/networks/2abfc953-f805-42ad-86b5-944f04a4561c?fields=segments => generated 14 bytes in 39 msecs (HTTP/1.1 200) 4 headers in 156 bytes (1 switches on core 0)
2026-08-06 02:17:29.803 8 INFO neutron.db.ovn_revision_numbers_db [None req-2934defa-0dbb-4331-bc56-73710af2a8a7 68ff847d472c4bdc96b7212ec3438a6b 6c3c4ad8040444fcba7233427071af98 - - default default] Successfully bumped revision number for resource 48641185-dfbc-4a53-b04f-808571fc605c (type: networks) to 1 [pid: 7|app: 0|req: 364/758] 10.0.0.167 () {34 vars in 1108 bytes} [Thu Aug 6 02:17:29 2026] GET /v2.0/networks/2abfc953-f805-42ad-86b5-944f04a4561c?fields=provider%3Aphysical_network&fields=provider%3Anetwork_type => generated 79 bytes in 41 msecs (HTTP/1.1 200) 4 headers in 156 bytes (1 switches on core 0) [pid: 7|app: 0|req: 365/759] 10.0.0.167 () {34 vars in 990 bytes} [Thu Aug 6 02:17:29 2026] GET /v2.0/ports?device_id=d6a8d11e-77e8-43c7-a5a1-b83a5208fe17 => generated 12 bytes in 18 msecs (HTTP/1.1 200) 4 headers in 156 bytes (1 switches on core 0)
2026-08-06 02:17:30.021 8 WARNING neutron.scheduler.dhcp_agent_scheduler [None req-2934defa-0dbb-4331-bc56-73710af2a8a7 68ff847d472c4bdc96b7212ec3438a6b 6c3c4ad8040444fcba7233427071af98 - - default default] No more DHCP agents
2026-08-06 02:17:30.023 8 WARNING neutron.api.rpc.agentnotifiers.dhcp_rpc_agent_api [None req-2934defa-0dbb-4331-bc56-73710af2a8a7 68ff847d472c4bdc96b7212ec3438a6b 6c3c4ad8040444fcba7233427071af98 - - default default] Unable to schedule network 48641185-dfbc-4a53-b04f-808571fc605c: no agents available; will retry on subsequent port and subnet creation events.
2026-08-06 02:17:30.075 7 INFO neutron.plugins.ml2.drivers.ovn.mech_driver.mech_driver [None req-bc9ec5fa-7a12-4350-b147-1e234fc931a6 - - - - - -] OVN reports status down for port: 6f449ced-9178-412c-baa8-af1e895a229f
2026-08-06 02:17:30.093 8 INFO neutron.db.ovn_revision_numbers_db [None req-2934defa-0dbb-4331-bc56-73710af2a8a7 68ff847d472c4bdc96b7212ec3438a6b 6c3c4ad8040444fcba7233427071af98 - - default default] Successfully bumped revision number for resource 6f449ced-9178-412c-baa8-af1e895a229f (type: ports) to 1 [pid: 8|app: 0|req: 395/760] 10.0.0.184 () {34 vars in 670 bytes} [Thu Aug 6 02:17:29 2026] POST /v2.0/networks => generated 644 bytes in 855 msecs (HTTP/1.1 201) 4 headers in 162 bytes (1 switches on core 0)
2026-08-06 02:17:30.307 7 WARNING neutron.scheduler.dhcp_agent_scheduler [None req-59fb6049-da20-4cb7-a738-35767b9f4927 68ff847d472c4bdc96b7212ec3438a6b 6c3c4ad8040444fcba7233427071af98 - - default default] No more DHCP agents
2026-08-06 02:17:30.308 7 WARNING neutron.api.rpc.agentnotifiers.dhcp_rpc_agent_api [None req-59fb6049-da20-4cb7-a738-35767b9f4927 68ff847d472c4bdc96b7212ec3438a6b 6c3c4ad8040444fcba7233427071af98 - - default default] Unable to schedule network 48641185-dfbc-4a53-b04f-808571fc605c: no agents available; will retry on subsequent port and subnet creation events. [pid: 8|app: 0|req: 396/761] 10.0.0.167 () {34 vars in 990 bytes} [Thu Aug 6 02:17:30 2026] GET /v2.0/ports?device_id=4524d5cf-3325-4a28-9647-83f1608d4bc5 => generated 969 bytes in 69 msecs (HTTP/1.1 200) 4 headers in 157 bytes (1 switches on core 0) [pid: 8|app: 0|req: 397/762] 10.0.0.167 () {34 vars in 1040 bytes} [Thu Aug 6 02:17:30 2026] GET /v2.0/security-groups?id=4abf65bf-9ee4-47b3-acf4-d1ecf0c93d03&fields=id&fields=name => generated 113 bytes in 30 msecs (HTTP/1.1 200) 4 headers in 157 bytes (1 switches on core 0)
2026-08-06 02:17:30.723 7 INFO neutron.db.ovn_revision_numbers_db [None req-f898bfd9-d9e3-44b0-a979-fd9a9885d95d - - - - - -] Successfully bumped revision number for resource 6f449ced-9178-412c-baa8-af1e895a229f (type: ports) to 2
2026-08-06 02:17:30.757 7 INFO neutron.db.ovn_revision_numbers_db [None req-f898bfd9-d9e3-44b0-a979-fd9a9885d95d - - - - - -] Successfully bumped revision number for resource 036415fb-18bc-477e-9adb-92f1dff72b54 (type: subnets) to 0 [pid: 7|app: 0|req: 366/763] 10.0.0.184 () {34 vars in 669 bytes} [Thu Aug 6 02:17:30 2026] POST /v2.0/subnets => generated 641 bytes in 624 msecs (HTTP/1.1 201) 4 headers in 162 bytes (1 switches on core 0)
2026-08-06 02:17:30.856 8 INFO neutron.db.segments_db [None req-8387edf7-b3a5-45e3-bfbe-3dae76e59618 68ff847d472c4bdc96b7212ec3438a6b 6c3c4ad8040444fcba7233427071af98 - - default default] Added segment 6777c87d-d7b6-4dfe-9f47-d4d12a1709f8 of type geneve for network 8f0cc520-e971-4a0c-9ec0-c68948a07773
2026-08-06 02:17:30.939 8 INFO neutron.plugins.ml2.drivers.ovn.mech_driver.mech_driver [None req-3d607351-a59e-48b6-b090-6b4888b883f9 - - - - - -] OVN reports status up for port: a021e4ff-e474-4c1b-bef6-cb06f98fd9d8
2026-08-06 02:17:30.962 8 INFO neutron.plugins.ml2.plugin [None req-3d607351-a59e-48b6-b090-6b4888b883f9 - - - - - -] Attempt 1 to provision port a021e4ff-e474-4c1b-bef6-cb06f98fd9d8
2026-08-06 02:17:30.998 8 INFO neutron.db.ovn_revision_numbers_db [None req-8387edf7-b3a5-45e3-bfbe-3dae76e59618 68ff847d472c4bdc96b7212ec3438a6b 6c3c4ad8040444fcba7233427071af98 - - default default] Successfully bumped revision number for resource 8f0cc520-e971-4a0c-9ec0-c68948a07773 (type: networks) to 1 [pid: 7|app: 0|req: 367/764] 10.0.0.167 () {34 vars in 990 bytes} [Thu Aug 6 02:17:31 2026] GET /v2.0/ports?device_id=d6a8d11e-77e8-43c7-a5a1-b83a5208fe17 => generated 12 bytes in 29 msecs (HTTP/1.1 200) 4 headers in 156 bytes (1 switches on core 0)
2026-08-06 02:17:31.269 8 WARNING neutron.scheduler.dhcp_agent_scheduler [None req-8387edf7-b3a5-45e3-bfbe-3dae76e59618 68ff847d472c4bdc96b7212ec3438a6b 6c3c4ad8040444fcba7233427071af98 - - default default] No more DHCP agents
2026-08-06 02:17:31.272 8 WARNING neutron.api.rpc.agentnotifiers.dhcp_rpc_agent_api [None req-8387edf7-b3a5-45e3-bfbe-3dae76e59618 68ff847d472c4bdc96b7212ec3438a6b 6c3c4ad8040444fcba7233427071af98 - - default default] Unable to schedule network 8f0cc520-e971-4a0c-9ec0-c68948a07773: no agents available; will retry on subsequent port and subnet creation events.
2026-08-06 02:17:31.375 7 INFO neutron.plugins.ml2.drivers.ovn.mech_driver.mech_driver [None req-bc9ec5fa-7a12-4350-b147-1e234fc931a6 - - - - - -] OVN reports status down for port: d52c40ef-c492-42fe-95d8-70744e156197
2026-08-06 02:17:31.408 8 INFO neutron.db.ovn_revision_numbers_db [None req-8387edf7-b3a5-45e3-bfbe-3dae76e59618 68ff847d472c4bdc96b7212ec3438a6b 6c3c4ad8040444fcba7233427071af98 - - default default] Successfully bumped revision number for resource d52c40ef-c492-42fe-95d8-70744e156197 (type: ports) to 1
2026-08-06 02:17:31.423 8 INFO neutron.db.ovn_revision_numbers_db [None req-3d607351-a59e-48b6-b090-6b4888b883f9 - - - - - -] Successfully bumped revision number for resource a021e4ff-e474-4c1b-bef6-cb06f98fd9d8 (type: ports) to 5 [pid: 8|app: 0|req: 398/765] 10.0.0.184 () {34 vars in 670 bytes} [Thu Aug 6 02:17:30 2026] POST /v2.0/networks => generated 644 bytes in 686 msecs (HTTP/1.1 201) 4 headers in 162 bytes (1 switches on core 0)
2026-08-06 02:17:31.634 8 INFO neutron.notifiers.nova [-] Nova event matching ['req-56f53d5a-dc12-42aa-9da0-bc75a3047d65'] response: {'server_uuid': '4524d5cf-3325-4a28-9647-83f1608d4bc5', 'name': 'network-vif-plugged', 'status': 'completed', 'tag': 'a021e4ff-e474-4c1b-bef6-cb06f98fd9d8', 'code': 200}
2026-08-06 02:17:31.646 7 INFO neutron.db.ovn_revision_numbers_db [None req-f20debd2-01cf-47fb-9f35-3683c3889cd7 68ff847d472c4bdc96b7212ec3438a6b 6c3c4ad8040444fcba7233427071af98 - - default default] Successfully bumped revision number for resource 8f0cc520-e971-4a0c-9ec0-c68948a07773 (type: networks) to 2 /var/lib/openstack/lib/python3.12/site-packages/pycadf/identifier.py:70: UserWarning: Invalid uuid: neutron. To ensure interoperability, identifiers should be a valid uuid. warnings.warn(('Invalid uuid: %s. To ensure interoperability, ' [pid: 7|app: 0|req: 368/766] 10.0.0.184 () {34 vars in 743 bytes} [Thu Aug 6 02:17:31 2026] PUT /v2.0/networks/8f0cc520-e971-4a0c-9ec0-c68948a07773 => generated 598 bytes in 182 msecs (HTTP/1.1 200) 4 headers in 157 bytes (1 switches on core 0) [pid: 8|app: 0|req: 399/767] 10.0.0.167 () {34 vars in 990 bytes} [Thu Aug 6 02:17:31 2026] GET /v2.0/ports?device_id=4524d5cf-3325-4a28-9647-83f1608d4bc5 => generated 971 bytes in 37 msecs (HTTP/1.1 200) 4 headers in 157 bytes (1 switches on core 0) [pid: 8|app: 0|req: 400/768] 10.0.0.167 () {34 vars in 1040 bytes} [Thu Aug 6 02:17:31 2026] GET /v2.0/security-groups?id=4abf65bf-9ee4-47b3-acf4-d1ecf0c93d03&fields=id&fields=name => generated 113 bytes in 24 msecs (HTTP/1.1 200) 4 headers in 157 bytes (1 switches on core 0)
2026-08-06 02:17:31.816 7 WARNING neutron.scheduler.dhcp_agent_scheduler [None req-747439dd-a615-4950-8646-6f490d2071f3 68ff847d472c4bdc96b7212ec3438a6b 6c3c4ad8040444fcba7233427071af98 - - default default] No more DHCP agents
2026-08-06 02:17:31.817 7 WARNING neutron.api.rpc.agentnotifiers.dhcp_rpc_agent_api [None req-747439dd-a615-4950-8646-6f490d2071f3 68ff847d472c4bdc96b7212ec3438a6b 6c3c4ad8040444fcba7233427071af98 - - default default] Unable to schedule network 8f0cc520-e971-4a0c-9ec0-c68948a07773: no agents available; will retry on subsequent port and subnet creation events. [pid: 8|app: 0|req: 401/769] 10.0.0.167 () {34 vars in 990 bytes} [Thu Aug 6 02:17:32 2026] GET /v2.0/ports?device_id=d6a8d11e-77e8-43c7-a5a1-b83a5208fe17 => generated 12 bytes in 26 msecs (HTTP/1.1 200) 4 headers in 156 bytes (1 switches on core 0)
2026-08-06 02:17:32.337 7 INFO neutron.db.ovn_revision_numbers_db [None req-9163550a-0a07-471f-a176-d4dc1a97d642 - - - - - -] Successfully bumped revision number for resource d52c40ef-c492-42fe-95d8-70744e156197 (type: ports) to 2
2026-08-06 02:17:32.376 7 INFO neutron.db.ovn_revision_numbers_db [None req-9163550a-0a07-471f-a176-d4dc1a97d642 - - - - - -] Successfully bumped revision number for resource 5d66bb6e-136c-479d-8719-f094961385b7 (type: subnets) to 0 [pid: 7|app: 0|req: 369/772] 10.0.0.184 () {34 vars in 669 bytes} [Thu Aug 6 02:17:31 2026] POST /v2.0/subnets => generated 626 bytes in 740 msecs (HTTP/1.1 201) 4 headers in 162 bytes (1 switches on core 0)
2026-08-06 02:17:32.659 8 INFO neutron.db.ovn_revision_numbers_db [None req-9480181e-abb2-497d-9067-39efe08a3809 68ff847d472c4bdc96b7212ec3438a6b 6c3c4ad8040444fcba7233427071af98 - - default default] Successfully bumped revision number for resource 5d66bb6e-136c-479d-8719-f094961385b7 (type: subnets) to 1 [pid: 8|app: 0|req: 404/773] 10.0.0.184 () {34 vars in 741 bytes} [Thu Aug 6 02:17:32 2026] PUT /v2.0/subnets/5d66bb6e-136c-479d-8719-f094961385b7 => generated 636 bytes in 258 msecs (HTTP/1.1 200) 4 headers in 157 bytes (1 switches on core 0) [pid: 7|app: 0|req: 370/774] 10.0.0.167 () {34 vars in 1100 bytes} [Thu Aug 6 02:17:32 2026] GET /v2.0/security-groups?name=tempest-securitygroup--1133345600&fields=id&tenant_id=71959d9ad501431596bad97a0a9a4a45 => generated 69 bytes in 41 msecs (HTTP/1.1 200) 4 headers in 156 bytes (1 switches on core 0) [pid: 7|app: 0|req: 371/775] 10.0.0.167 () {34 vars in 982 bytes} [Thu Aug 6 02:17:32 2026] GET /v2.0/networks?id=2ea98edd-5237-4acd-a15d-0ce4f08dc4a1 => generated 680 bytes in 52 msecs (HTTP/1.1 200) 4 headers in 157 bytes (1 switches on core 0) [pid: 7|app: 0|req: 372/776] 10.0.0.167 () {34 vars in 965 bytes} [Thu Aug 6 02:17:32 2026] GET /v2.0/quotas/71959d9ad501431596bad97a0a9a4a45 => generated 292 bytes in 10 msecs (HTTP/1.1 200) 4 headers in 157 bytes (1 switches on core 0)
2026-08-06 02:17:32.795 8 INFO neutron_taas.services.taas.taas_plugin [None req-c678fc50-f470-411b-9925-c8e3326a4c21 68ff847d472c4bdc96b7212ec3438a6b 6c3c4ad8040444fcba7233427071af98 - - default default] TaaS: Handle Delete Port: d52c40ef-c492-42fe-95d8-70744e156197
