2026-08-06 02:22:05.184 8 INFO neutron.db.ovn_revision_numbers_db [None req-c74cc590-12f3-41d8-9f79-649cf3bbfeb7 - - - - - -] Successfully bumped revision number for resource c5a62600-152b-4d5b-b7a0-540815bd20a2 (type: subnets) to 0 [pid: 8|app: 0|req: 1317/2796] 10.0.0.184 () {34 vars in 669 bytes} [Thu Aug 6 02:22:04 2026] POST /v2.0/subnets => generated 656 bytes in 687 msecs (HTTP/1.1 201) 4 headers in 162 bytes (1 switches on core 0) [pid: 7|app: 0|req: 1480/2797] 10.0.0.184 () {32 vars in 724 bytes} [Thu Aug 6 02:22:05 2026] DELETE /v2.0/subnets/b78cc16f-5a30-4c60-ad30-88a777317519 => generated 0 bytes in 158 msecs (HTTP/1.1 204) 3 headers in 131 bytes (1 switches on core 0)
2026-08-06 02:22:05.416 8 WARNING neutron.scheduler.dhcp_agent_scheduler [None req-000dadc7-dac2-463d-ba88-1797c364e49c 2dfd5444272f48e89236329a696427b6 c3c198fc532b4f7696cfd4056813bf8a - - default default] No more DHCP agents
2026-08-06 02:22:05.417 8 WARNING neutron.api.rpc.agentnotifiers.dhcp_rpc_agent_api [None req-000dadc7-dac2-463d-ba88-1797c364e49c 2dfd5444272f48e89236329a696427b6 c3c198fc532b4f7696cfd4056813bf8a - - default default] Unable to schedule network 17774133-2628-4f6b-97d1-12fee081ae66: no agents available; will retry on subsequent port and subnet creation events.
2026-08-06 02:22:05.442 7 INFO neutron_taas.services.taas.taas_plugin [None req-52fa0ddb-aef4-4c95-901c-cf5c5742cbb4 c05da53d0e8244f5b519e1dc915fb6fa 8ffe899da5c0451d8123399d8ddc2d0a - - default default] TaaS: Handle Delete Port: 8c61627c-bfcd-4ed4-8084-a3935cf18d87
2026-08-06 02:22:05.444 7 INFO neutron_taas.services.taas.tap_mirror_plugin [None req-52fa0ddb-aef4-4c95-901c-cf5c5742cbb4 c05da53d0e8244f5b519e1dc915fb6fa 8ffe899da5c0451d8123399d8ddc2d0a - - default default] Tap Mirror: Handle Delete Port: 8c61627c-bfcd-4ed4-8084-a3935cf18d87
2026-08-06 02:22:05.449 8 INFO neutron.db.ovn_revision_numbers_db [None req-000dadc7-dac2-463d-ba88-1797c364e49c 2dfd5444272f48e89236329a696427b6 c3c198fc532b4f7696cfd4056813bf8a - - default default] Successfully bumped revision number for resource 58e0d898-a189-4de1-9f22-c71357423c76 (type: subnets) to 0 [pid: 8|app: 0|req: 1318/2798] 10.0.0.184 () {34 vars in 669 bytes} [Thu Aug 6 02:22:05 2026] POST /v2.0/subnets => generated 726 bytes in 257 msecs (HTTP/1.1 201) 4 headers in 162 bytes (1 switches on core 0)
2026-08-06 02:22:05.555 8 INFO neutron.db.segments_db [None req-f34c5244-a3da-4660-9c17-29afd4f146a1 2dfd5444272f48e89236329a696427b6 c3c198fc532b4f7696cfd4056813bf8a - - default default] Added segment 6ca895ff-630d-4fdd-a8dd-55cc4d663c90 of type geneve for network 4d7f5a62-8a7e-4912-938e-afe1da769b75
2026-08-06 02:22:05.588 7 INFO neutron.services.segments.plugin [-] Segment 9a9b8f62-f0e9-45cf-9d11-dd0cf74261c0 resource provider aggregate not found
2026-08-06 02:22:05.592 7 INFO neutron.services.segments.plugin [-] Segment 9a9b8f62-f0e9-45cf-9d11-dd0cf74261c0 resource provider aggregate not found
2026-08-06 02:22:05.608 7 INFO neutron.services.segments.plugin [-] Client error retrieving segment 9a9b8f62-f0e9-45cf-9d11-dd0cf74261c0 resource provider; error: Placement Client Error (4xx): {"errors": [{"status": 404, "title": "Not Found", "detail": "The resource could not be found.\n\n No resource provider with uuid 9a9b8f62-f0e9-45cf-9d11-dd0cf74261c0 found for delete ", "request_id": "req-bd6b2052-013a-484b-ba82-dafc1eb3cfe8"}]}
2026-08-06 02:22:05.608 7 INFO neutron.services.segments.plugin [-] Client error retrieving segment 9a9b8f62-f0e9-45cf-9d11-dd0cf74261c0 resource provider; error: Placement Client Error (4xx): {"errors": [{"status": 404, "title": "Not Found", "detail": "The resource could not be found.\n\n No resource provider with uuid 9a9b8f62-f0e9-45cf-9d11-dd0cf74261c0 found for delete ", "request_id": "req-c19415ac-491e-4118-b2e1-7074bd8062a1"}]} [pid: 7|app: 0|req: 1481/2799] 10.0.0.184 () {32 vars in 726 bytes} [Thu Aug 6 02:22:05 2026] DELETE /v2.0/networks/5d76f391-298f-4646-9802-900f5232eb20 => generated 0 bytes in 288 msecs (HTTP/1.1 204) 3 headers in 131 bytes (1 switches on core 0)
2026-08-06 02:22:05.659 8 INFO neutron.db.ovn_revision_numbers_db [None req-f34c5244-a3da-4660-9c17-29afd4f146a1 2dfd5444272f48e89236329a696427b6 c3c198fc532b4f7696cfd4056813bf8a - - default default] Successfully bumped revision number for resource 4d7f5a62-8a7e-4912-938e-afe1da769b75 (type: networks) to 1
2026-08-06 02:22:05.808 8 WARNING neutron.scheduler.dhcp_agent_scheduler [None req-f34c5244-a3da-4660-9c17-29afd4f146a1 2dfd5444272f48e89236329a696427b6 c3c198fc532b4f7696cfd4056813bf8a - - default default] No more DHCP agents
2026-08-06 02:22:05.810 8 WARNING neutron.api.rpc.agentnotifiers.dhcp_rpc_agent_api [None req-f34c5244-a3da-4660-9c17-29afd4f146a1 2dfd5444272f48e89236329a696427b6 c3c198fc532b4f7696cfd4056813bf8a - - default default] Unable to schedule network 4d7f5a62-8a7e-4912-938e-afe1da769b75: no agents available; will retry on subsequent port and subnet creation events.
2026-08-06 02:22:05.861 7 INFO neutron.plugins.ml2.drivers.ovn.mech_driver.mech_driver [None req-1d530b2f-afc9-4f07-8b2a-d3281ba88b38 - - - - - -] OVN reports status down for port: 44187988-887a-49e8-ab06-a5d32002e2df
2026-08-06 02:22:05.881 8 INFO neutron.db.ovn_revision_numbers_db [None req-f34c5244-a3da-4660-9c17-29afd4f146a1 2dfd5444272f48e89236329a696427b6 c3c198fc532b4f7696cfd4056813bf8a - - default default] Successfully bumped revision number for resource 44187988-887a-49e8-ab06-a5d32002e2df (type: ports) to 1 [pid: 8|app: 0|req: 1319/2800] 10.0.0.184 () {34 vars in 670 bytes} [Thu Aug 6 02:22:05 2026] POST /v2.0/networks => generated 637 bytes in 435 msecs (HTTP/1.1 201) 4 headers in 162 bytes (1 switches on core 0) [pid: 7|app: 0|req: 1482/2801] 10.0.0.184 () {32 vars in 774 bytes} [Thu Aug 6 02:22:05 2026] GET /v2.0/security-groups?tenant_id=711260b80e664ba591cbf6d1ddcb497b&name=default => generated 2925 bytes in 47 msecs (HTTP/1.1 200) 4 headers in 158 bytes (1 switches on core 0)
2026-08-06 02:22:06.100 8 WARNING neutron.scheduler.dhcp_agent_scheduler [None req-e4dbfba7-5b2b-4fa9-8167-e934bddc4fe4 2dfd5444272f48e89236329a696427b6 c3c198fc532b4f7696cfd4056813bf8a - - default default] No more DHCP agents
2026-08-06 02:22:06.102 8 WARNING neutron.api.rpc.agentnotifiers.dhcp_rpc_agent_api [None req-e4dbfba7-5b2b-4fa9-8167-e934bddc4fe4 2dfd5444272f48e89236329a696427b6 c3c198fc532b4f7696cfd4056813bf8a - - default default] Unable to schedule network 4d7f5a62-8a7e-4912-938e-afe1da769b75: no agents available; will retry on subsequent port and subnet creation events. [pid: 7|app: 0|req: 1483/2802] 10.0.0.184 () {32 vars in 740 bytes} [Thu Aug 6 02:22:05 2026] DELETE /v2.0/security-groups/65f35b55-f356-4d98-9829-72cff1a9bb38 => generated 0 bytes in 243 msecs (HTTP/1.1 204) 2 headers in 112 bytes (1 switches on core 0) [pid: 7|app: 0|req: 1484/2803] 10.0.0.184 () {32 vars in 774 bytes} [Thu Aug 6 02:22:06 2026] GET /v2.0/security-groups?tenant_id=e0987a358ad744189875a3468f0cc09c&name=default => generated 2925 bytes in 28 msecs (HTTP/1.1 200) 4 headers in 158 bytes (1 switches on core 0) [pid: 7|app: 0|req: 1485/2804] 10.0.0.184 () {32 vars in 740 bytes} [Thu Aug 6 02:22:06 2026] DELETE /v2.0/security-groups/ee6ae38c-a8b5-4141-ac63-379b6edf2a30 => generated 0 bytes in 249 msecs (HTTP/1.1 204) 2 headers in 112 bytes (1 switches on core 0)
2026-08-06 02:22:06.619 8 INFO neutron.db.ovn_revision_numbers_db [None req-51eb1f3d-72e4-4f6d-a606-b34c86ffc87f - - - - - -] Successfully bumped revision number for resource 44187988-887a-49e8-ab06-a5d32002e2df (type: ports) to 2
2026-08-06 02:22:06.656 8 INFO neutron.db.ovn_revision_numbers_db [None req-51eb1f3d-72e4-4f6d-a606-b34c86ffc87f - - - - - -] Successfully bumped revision number for resource 8e11e5ae-e729-4685-a165-4887ebfbcc07 (type: subnets) to 0 [pid: 8|app: 0|req: 1320/2805] 10.0.0.184 () {34 vars in 669 bytes} [Thu Aug 6 02:22:05 2026] POST /v2.0/subnets => generated 656 bytes in 770 msecs (HTTP/1.1 201) 4 headers in 162 bytes (1 switches on core 0)
2026-08-06 02:22:06.946 7 WARNING neutron.scheduler.dhcp_agent_scheduler [None req-0c91de8d-789c-48fd-9208-53aac1dcb7ff 2dfd5444272f48e89236329a696427b6 c3c198fc532b4f7696cfd4056813bf8a - - default default] No more DHCP agents
2026-08-06 02:22:06.947 7 WARNING neutron.api.rpc.agentnotifiers.dhcp_rpc_agent_api [None req-0c91de8d-789c-48fd-9208-53aac1dcb7ff 2dfd5444272f48e89236329a696427b6 c3c198fc532b4f7696cfd4056813bf8a - - default default] Unable to schedule network 4d7f5a62-8a7e-4912-938e-afe1da769b75: no agents available; will retry on subsequent port and subnet creation events.
2026-08-06 02:22:06.980 7 INFO neutron.db.ovn_revision_numbers_db [None req-0c91de8d-789c-48fd-9208-53aac1dcb7ff 2dfd5444272f48e89236329a696427b6 c3c198fc532b4f7696cfd4056813bf8a - - default default] Successfully bumped revision number for resource c35917c0-3e6b-442c-86fb-c99fd8db7162 (type: subnets) to 0 [pid: 7|app: 0|req: 1486/2806] 10.0.0.184 () {34 vars in 669 bytes} [Thu Aug 6 02:22:06 2026] POST /v2.0/subnets => generated 730 bytes in 315 msecs (HTTP/1.1 201) 4 headers in 162 bytes (1 switches on core 0)
2026-08-06 02:22:07.433 8 WARNING neutron.scheduler.dhcp_agent_scheduler [None req-09c287d9-dcbe-48c0-a7a8-79de608fd3d9 2dfd5444272f48e89236329a696427b6 c3c198fc532b4f7696cfd4056813bf8a - - default default] No more DHCP agents
2026-08-06 02:22:07.434 8 WARNING neutron.api.rpc.agentnotifiers.dhcp_rpc_agent_api [None req-09c287d9-dcbe-48c0-a7a8-79de608fd3d9 2dfd5444272f48e89236329a696427b6 c3c198fc532b4f7696cfd4056813bf8a - - default default] Unable to schedule network efff0c2c-5456-413e-8350-0e40b0a6cd90: no agents available; will retry on subsequent port and subnet creation events.
2026-08-06 02:22:07.557 7 INFO neutron.plugins.ml2.drivers.ovn.mech_driver.mech_driver [None req-1d530b2f-afc9-4f07-8b2a-d3281ba88b38 - - - - - -] OVN reports status down for port: dc1a2237-28f0-4617-805d-8582f2ff434a
2026-08-06 02:22:07.599 8 INFO neutron.db.ovn_revision_numbers_db [None req-09c287d9-dcbe-48c0-a7a8-79de608fd3d9 2dfd5444272f48e89236329a696427b6 c3c198fc532b4f7696cfd4056813bf8a - - default default] Successfully bumped revision number for resource dc1a2237-28f0-4617-805d-8582f2ff434a (type: ports) to 1
2026-08-06 02:22:08.202 8 INFO neutron.plugins.ml2.drivers.ovn.mech_driver.ovsdb.commands [None req-cdc83ef4-121c-490a-bb33-ac9454c56a55 - - - - - -] Schedule LRP lrp-dc1a2237-28f0-4617-805d-8582f2ff434a on gateway 96422ca6-9080-4c93-9b09-8caf03cca39f with priority 1
2026-08-06 02:22:08.251 7 INFO neutron.plugins.ml2.drivers.ovn.mech_driver.mech_driver [None req-1d530b2f-afc9-4f07-8b2a-d3281ba88b38 - - - - - -] OVN reports status up for port: dc1a2237-28f0-4617-805d-8582f2ff434a
2026-08-06 02:22:08.272 7 INFO neutron.plugins.ml2.plugin [None req-1d530b2f-afc9-4f07-8b2a-d3281ba88b38 - - - - - -] Attempt 1 to provision port dc1a2237-28f0-4617-805d-8582f2ff434a
2026-08-06 02:22:08.278 8 INFO neutron.plugins.ml2.drivers.ovn.mech_driver.ovsdb.ovsdb_monitor [None req-5a251f66-a21a-4a36-ac1a-6749530335c1 - - - - - -] Router 25bbd5da-905b-42c4-ad02-c8439afc9d1f is bound to host instance
2026-08-06 02:22:08.300 8 INFO neutron.db.ovn_revision_numbers_db [None req-09c287d9-dcbe-48c0-a7a8-79de608fd3d9 2dfd5444272f48e89236329a696427b6 c3c198fc532b4f7696cfd4056813bf8a - - default default] Successfully bumped revision number for resource dc1a2237-28f0-4617-805d-8582f2ff434a (type: router_ports) to 1
2026-08-06 02:22:08.394 8 INFO neutron.db.ovn_revision_numbers_db [None req-09c287d9-dcbe-48c0-a7a8-79de608fd3d9 2dfd5444272f48e89236329a696427b6 c3c198fc532b4f7696cfd4056813bf8a - - default default] Successfully bumped revision number for resource 25bbd5da-905b-42c4-ad02-c8439afc9d1f (type: routers) to 2 [pid: 8|app: 0|req: 1321/2807] 10.0.0.184 () {34 vars in 669 bytes} [Thu Aug 6 02:22:07 2026] POST /v2.0/routers => generated 944 bytes in 1418 msecs (HTTP/1.1 201) 4 headers in 162 bytes (1 switches on core 0)
2026-08-06 02:22:08.924 7 WARNING neutron.scheduler.dhcp_agent_scheduler [None req-d715a01f-d918-4334-bb94-e278ed6722ff 2dfd5444272f48e89236329a696427b6 c3c198fc532b4f7696cfd4056813bf8a - - default default] No more DHCP agents
2026-08-06 02:22:08.925 7 WARNING neutron.api.rpc.agentnotifiers.dhcp_rpc_agent_api [None req-d715a01f-d918-4334-bb94-e278ed6722ff 2dfd5444272f48e89236329a696427b6 c3c198fc532b4f7696cfd4056813bf8a - - default default] Unable to schedule network 6a0af032-c8c8-46fc-b579-edb2cd5a33d4: no agents available; will retry on subsequent port and subnet creation events.
2026-08-06 02:22:09.060 8 INFO neutron.plugins.ml2.drivers.ovn.mech_driver.mech_driver [None req-d0d99b9d-19de-4d89-88bd-2cb2fc3834c3 - - - - - -] OVN reports status down for port: b15ccf19-80ec-48f1-a8c1-1256359d078e
2026-08-06 02:22:09.088 7 INFO neutron.db.ovn_revision_numbers_db [None req-d715a01f-d918-4334-bb94-e278ed6722ff 2dfd5444272f48e89236329a696427b6 c3c198fc532b4f7696cfd4056813bf8a - - default default] Successfully bumped revision number for resource b15ccf19-80ec-48f1-a8c1-1256359d078e (type: ports) to 1
2026-08-06 02:22:09.146 8 INFO neutron.db.ovn_revision_numbers_db [None req-c69ad3b4-4d4d-4f91-9661-305009b7fbd8 - - - - - -] Successfully bumped revision number for resource dc1a2237-28f0-4617-805d-8582f2ff434a (type: ports) to 4 [pid: 8|app: 0|req: 1322/2808] 10.0.0.32 () {28 vars in 584 bytes} [Thu Aug 6 02:22:09 2026] GET /v2.0/networks => generated 4542 bytes in 346 msecs (HTTP/1.1 200) 4 headers in 158 bytes (1 switches on core 0) [pid: 8|app: 0|req: 1323/2809] 10.0.0.32 () {28 vars in 598 bytes} [Thu Aug 6 02:22:09 2026] GET /v2.0/security-groups => generated 20309 bytes in 64 msecs (HTTP/1.1 200) 4 headers in 159 bytes (1 switches on core 0) [pid: 8|app: 0|req: 1324/2810] 10.0.0.32 () {28 vars in 580 bytes} [Thu Aug 6 02:22:09 2026] GET /v2.0/agents => generated 1214 bytes in 24 msecs (HTTP/1.1 200) 4 headers in 158 bytes (1 switches on core 0)
2026-08-06 02:22:09.865 7 WARNING neutron.scheduler.dhcp_agent_scheduler [None req-d715a01f-d918-4334-bb94-e278ed6722ff 2dfd5444272f48e89236329a696427b6 c3c198fc532b4f7696cfd4056813bf8a - - default default] No more DHCP agents
2026-08-06 02:22:09.866 7 WARNING neutron.api.rpc.agentnotifiers.dhcp_rpc_agent_api [None req-d715a01f-d918-4334-bb94-e278ed6722ff 2dfd5444272f48e89236329a696427b6 c3c198fc532b4f7696cfd4056813bf8a - - default default] Unable to schedule network 6a0af032-c8c8-46fc-b579-edb2cd5a33d4: no agents available; will retry on subsequent port and subnet creation events. [pid: 8|app: 0|req: 1325/2811] 10.0.0.32 () {28 vars in 590 bytes} [Thu Aug 6 02:22:09 2026] GET /v2.0/floatingips => generated 19 bytes in 546 msecs (HTTP/1.1 200) 4 headers in 156 bytes (1 switches on core 0)
2026-08-06 02:22:10.035 8 INFO neutron.plugins.ml2.drivers.ovn.mech_driver.mech_driver [None req-d0d99b9d-19de-4d89-88bd-2cb2fc3834c3 - - - - - -] OVN reports status up for port: b15ccf19-80ec-48f1-a8c1-1256359d078e
2026-08-06 02:22:10.085 8 INFO neutron.plugins.ml2.plugin [None req-d0d99b9d-19de-4d89-88bd-2cb2fc3834c3 - - - - - -] Attempt 1 to provision port b15ccf19-80ec-48f1-a8c1-1256359d078e
2026-08-06 02:22:10.218 7 INFO neutron.db.ovn_revision_numbers_db [None req-d715a01f-d918-4334-bb94-e278ed6722ff 2dfd5444272f48e89236329a696427b6 c3c198fc532b4f7696cfd4056813bf8a - - default default] Successfully bumped revision number for resource b15ccf19-80ec-48f1-a8c1-1256359d078e (type: router_ports) to 1 [pid: 7|app: 0|req: 1487/2812] 10.0.0.184 () {34 vars in 783 bytes} [Thu Aug 6 02:22:08 2026] PUT /v2.0/routers/25bbd5da-905b-42c4-ad02-c8439afc9d1f/add_router_interface => generated 309 bytes in 1801 msecs (HTTP/1.1 200) 4 headers in 157 bytes (1 switches on core 0) [pid: 8|app: 0|req: 1326/2813] 10.0.0.32 () {28 vars in 582 bytes} [Thu Aug 6 02:22:10 2026] GET /v2.0/routers => generated 965 bytes in 387 msecs (HTTP/1.1 200) 4 headers in 157 bytes (1 switches on core 0) [pid: 8|app: 0|req: 1327/2814] 10.0.0.32 () {28 vars in 623 bytes} [Thu Aug 6 02:22:10 2026] GET /v2.0/agents?binary=ovn-controller => generated 416 bytes in 38 msecs (HTTP/1.1 200) 4 headers in 157 bytes (1 switches on core 0) [pid: 8|app: 0|req: 1328/2815] 10.0.0.32 () {28 vars in 582 bytes} [Thu Aug 6 02:22:10 2026] GET /v2.0/subnets => generated 5514 bytes in 181 msecs (HTTP/1.1 200) 4 headers in 158 bytes (1 switches on core 0) [pid: 8|app: 0|req: 1329/2816] 10.0.0.32 () {28 vars in 590 bytes} [Thu Aug 6 02:22:10 2026] GET /v2.0/subnetpools => generated 19 bytes in 26 msecs (HTTP/1.1 200) 4 headers in 156 bytes (1 switches on core 0)
2026-08-06 02:22:10.679 8 INFO neutron.db.ovn_revision_numbers_db [None req-c69ad3b4-4d4d-4f91-9661-305009b7fbd8 - - - - - -] Successfully bumped revision number for resource dc1a2237-28f0-4617-805d-8582f2ff434a (type: ports) to 5
2026-08-06 02:22:10.740 7 WARNING neutron.scheduler.dhcp_agent_scheduler [None req-6bf0fdde-1aa9-48c9-bf82-69ff3edcb41e 2dfd5444272f48e89236329a696427b6 c3c198fc532b4f7696cfd4056813bf8a - - default default] No more DHCP agents
2026-08-06 02:22:10.741 7 WARNING neutron.api.rpc.agentnotifiers.dhcp_rpc_agent_api [None req-6bf0fdde-1aa9-48c9-bf82-69ff3edcb41e 2dfd5444272f48e89236329a696427b6 c3c198fc532b4f7696cfd4056813bf8a - - default default] Unable to schedule network 17774133-2628-4f6b-97d1-12fee081ae66: no agents available; will retry on subsequent port and subnet creation events.
2026-08-06 02:22:10.855 7 INFO neutron.plugins.ml2.drivers.ovn.mech_driver.mech_driver [None req-1d530b2f-afc9-4f07-8b2a-d3281ba88b38 - - - - - -] OVN reports status down for port: 1c8e2c91-e66b-44a4-ad49-c22362b1f1f6
2026-08-06 02:22:10.918 7 INFO neutron.db.ovn_revision_numbers_db [None req-6bf0fdde-1aa9-48c9-bf82-69ff3edcb41e 2dfd5444272f48e89236329a696427b6 c3c198fc532b4f7696cfd4056813bf8a - - default default] Successfully bumped revision number for resource 1c8e2c91-e66b-44a4-ad49-c22362b1f1f6 (type: ports) to 1
2026-08-06 02:22:11.083 8 INFO neutron.db.ovn_revision_numbers_db [None req-d0d99b9d-19de-4d89-88bd-2cb2fc3834c3 - - - - - -] Successfully bumped revision number for resource b15ccf19-80ec-48f1-a8c1-1256359d078e (type: ports) to 2
2026-08-06 02:22:11.254 8 WARNING neutron.scheduler.dhcp_agent_scheduler [None req-3c864828-15ef-4229-a481-999e4f8db6da 60ead83e2e734363849482c0554db9fa a8687d1cbdea4634b0bed16dd24de345 - - default default] No more DHCP agents
2026-08-06 02:22:11.257 8 WARNING neutron.api.rpc.agentnotifiers.dhcp_rpc_agent_api [None req-3c864828-15ef-4229-a481-999e4f8db6da 60ead83e2e734363849482c0554db9fa a8687d1cbdea4634b0bed16dd24de345 - - default default] Unable to schedule network efff0c2c-5456-413e-8350-0e40b0a6cd90: no agents available; will retry on subsequent port and subnet creation events.
2026-08-06 02:22:11.366 8 INFO neutron.db.ovn_revision_numbers_db [None req-b3b71828-3df0-4843-8fd5-4341444bd0dd - - - - - -] Successfully bumped revision number for resource b15ccf19-80ec-48f1-a8c1-1256359d078e (type: router_ports) to 2
2026-08-06 02:22:11.571 7 INFO neutron.plugins.ml2.drivers.ovn.mech_driver.mech_driver [None req-1d530b2f-afc9-4f07-8b2a-d3281ba88b38 - - - - - -] OVN reports status up for port: 1c8e2c91-e66b-44a4-ad49-c22362b1f1f6
2026-08-06 02:22:11.593 7 INFO neutron.plugins.ml2.plugin [None req-1d530b2f-afc9-4f07-8b2a-d3281ba88b38 - - - - - -] Attempt 1 to provision port 1c8e2c91-e66b-44a4-ad49-c22362b1f1f6 [pid: 8|app: 0|req: 1330/2817] 10.0.0.184 () {34 vars in 676 bytes} [Thu Aug 6 02:22:10 2026] POST /v2.0/floatingips => generated 552 bytes in 995 msecs (HTTP/1.1 201) 4 headers in 162 bytes (1 switches on core 0) [pid: 8|app: 0|req: 1331/2818] 10.0.0.32 () {28 vars in 618 bytes} [Thu Aug 6 02:22:11 2026] GET /v2.0/network-ip-availabilities => generated 3188 bytes in 14 msecs (HTTP/1.1 200) 4 headers in 158 bytes (1 switches on core 0)
2026-08-06 02:22:11.679 7 WARNING neutron.scheduler.dhcp_agent_scheduler [None req-6bf0fdde-1aa9-48c9-bf82-69ff3edcb41e 2dfd5444272f48e89236329a696427b6 c3c198fc532b4f7696cfd4056813bf8a - - default default] No more DHCP agents
2026-08-06 02:22:11.682 7 WARNING neutron.api.rpc.agentnotifiers.dhcp_rpc_agent_api [None req-6bf0fdde-1aa9-48c9-bf82-69ff3edcb41e 2dfd5444272f48e89236329a696427b6 c3c198fc532b4f7696cfd4056813bf8a - - default default] Unable to schedule network 17774133-2628-4f6b-97d1-12fee081ae66: no agents available; will retry on subsequent port and subnet creation events.
2026-08-06 02:22:11.861 8 WARNING neutron.scheduler.dhcp_agent_scheduler [None req-9ab32643-20a6-4d20-94ed-735d7e477e89 60ead83e2e734363849482c0554db9fa a8687d1cbdea4634b0bed16dd24de345 - - default default] No more DHCP agents
2026-08-06 02:22:11.863 8 WARNING neutron.api.rpc.agentnotifiers.dhcp_rpc_agent_api [None req-9ab32643-20a6-4d20-94ed-735d7e477e89 60ead83e2e734363849482c0554db9fa a8687d1cbdea4634b0bed16dd24de345 - - default default] Unable to schedule network efff0c2c-5456-413e-8350-0e40b0a6cd90: no agents available; will retry on subsequent port and subnet creation events. [pid: 8|app: 0|req: 1332/2819] 10.0.0.184 () {34 vars in 676 bytes} [Thu Aug 6 02:22:11 2026] POST /v2.0/floatingips => generated 552 bytes in 445 msecs (HTTP/1.1 201) 4 headers in 162 bytes (1 switches on core 0) [pid: 8|app: 0|req: 1333/2820] 10.0.0.32 () {28 vars in 582 bytes} [Thu Aug 6 02:22:12 2026] GET /v2.0/subnets => generated 5514 bytes in 61 msecs (HTTP/1.1 200) 4 headers in 158 bytes (1 switches on core 0)
2026-08-06 02:22:12.321 7 INFO neutron.db.ovn_revision_numbers_db [None req-6bf0fdde-1aa9-48c9-bf82-69ff3edcb41e 2dfd5444272f48e89236329a696427b6 c3c198fc532b4f7696cfd4056813bf8a - - default default] Successfully bumped revision number for resource 1c8e2c91-e66b-44a4-ad49-c22362b1f1f6 (type: router_ports) to 1 [pid: 7|app: 0|req: 1488/2821] 10.0.0.184 () {34 vars in 783 bytes} [Thu Aug 6 02:22:10 2026] PUT /v2.0/routers/25bbd5da-905b-42c4-ad02-c8439afc9d1f/add_router_interface => generated 309 bytes in 2101 msecs (HTTP/1.1 200) 4 headers in 157 bytes (1 switches on core 0)
2026-08-06 02:22:12.406 8 WARNING neutron.scheduler.dhcp_agent_scheduler [None req-1df9c4f9-89ae-4c1c-afc0-7124af79fc09 60ead83e2e734363849482c0554db9fa a8687d1cbdea4634b0bed16dd24de345 - - default default] No more DHCP agents
2026-08-06 02:22:12.408 8 WARNING neutron.api.rpc.agentnotifiers.dhcp_rpc_agent_api [None req-1df9c4f9-89ae-4c1c-afc0-7124af79fc09 60ead83e2e734363849482c0554db9fa a8687d1cbdea4634b0bed16dd24de345 - - default default] Unable to schedule network efff0c2c-5456-413e-8350-0e40b0a6cd90: no agents available; will retry on subsequent port and subnet creation events.
2026-08-06 02:22:12.415 7 INFO neutron.db.ovn_revision_numbers_db [None req-1d530b2f-afc9-4f07-8b2a-d3281ba88b38 - - - - - -] Successfully bumped revision number for resource 1c8e2c91-e66b-44a4-ad49-c22362b1f1f6 (type: ports) to 2 [pid: 7|app: 0|req: 1489/2822] 10.0.0.32 () {28 vars in 578 bytes} [Thu Aug 6 02:22:12 2026] GET /v2.0/ports => generated 13505 bytes in 183 msecs (HTTP/1.1 200) 4 headers in 159 bytes (1 switches on core 0) [pid: 8|app: 0|req: 1334/2823] 10.0.0.184 () {34 vars in 676 bytes} [Thu Aug 6 02:22:12 2026] POST /v2.0/floatingips => generated 552 bytes in 495 msecs (HTTP/1.1 201) 4 headers in 162 bytes (1 switches on core 0)
2026-08-06 02:22:12.679 7 INFO neutron.db.ovn_revision_numbers_db [None req-0dbf52dc-d009-4711-9cfe-104340d3febf - - - - - -] Successfully bumped revision number for resource 1c8e2c91-e66b-44a4-ad49-c22362b1f1f6 (type: router_ports) to 2
2026-08-06 02:22:12.891 8 WARNING neutron.scheduler.dhcp_agent_scheduler [None req-b3b9a0b5-e24e-4d6e-9385-cb870efb4907 60ead83e2e734363849482c0554db9fa a8687d1cbdea4634b0bed16dd24de345 - - default default] No more DHCP agents
2026-08-06 02:22:12.892 8 WARNING neutron.api.rpc.agentnotifiers.dhcp_rpc_agent_api [None req-b3b9a0b5-e24e-4d6e-9385-cb870efb4907 60ead83e2e734363849482c0554db9fa a8687d1cbdea4634b0bed16dd24de345 - - default default] Unable to schedule network efff0c2c-5456-413e-8350-0e40b0a6cd90: no agents available; will retry on subsequent port and subnet creation events.
2026-08-06 02:22:13.128 7 WARNING neutron.scheduler.dhcp_agent_scheduler [None req-0b07f0d3-ea21-41cd-a8a9-6d12a124ee91 2dfd5444272f48e89236329a696427b6 c3c198fc532b4f7696cfd4056813bf8a - - default default] No more DHCP agents
2026-08-06 02:22:13.130 7 WARNING neutron.api.rpc.agentnotifiers.dhcp_rpc_agent_api [None req-0b07f0d3-ea21-41cd-a8a9-6d12a124ee91 2dfd5444272f48e89236329a696427b6 c3c198fc532b4f7696cfd4056813bf8a - - default default] Unable to schedule network 4d7f5a62-8a7e-4912-938e-afe1da769b75: no agents available; will retry on subsequent port and subnet creation events. [pid: 8|app: 0|req: 1335/2824] 10.0.0.184 () {34 vars in 676 bytes} [Thu Aug 6 02:22:12 2026] POST /v2.0/floatingips => generated 552 bytes in 466 msecs (HTTP/1.1 201) 4 headers in 162 bytes (1 switches on core 0)
2026-08-06 02:22:13.254 7 INFO neutron.plugins.ml2.drivers.ovn.mech_driver.mech_driver [None req-0dbf52dc-d009-4711-9cfe-104340d3febf - - - - - -] OVN reports status down for port: ea43016f-79b9-4dcb-b4c3-5b5c48b3878f
2026-08-06 02:22:13.317 7 INFO neutron.db.ovn_revision_numbers_db [None req-0b07f0d3-ea21-41cd-a8a9-6d12a124ee91 2dfd5444272f48e89236329a696427b6 c3c198fc532b4f7696cfd4056813bf8a - - default default] Successfully bumped revision number for resource ea43016f-79b9-4dcb-b4c3-5b5c48b3878f (type: ports) to 1
2026-08-06 02:22:13.397 8 WARNING neutron.scheduler.dhcp_agent_scheduler [None req-b55ed0a5-6e20-4b15-ab09-a6595da13bf2 60ead83e2e734363849482c0554db9fa a8687d1cbdea4634b0bed16dd24de345 - - default default] No more DHCP agents
2026-08-06 02:22:13.398 8 WARNING neutron.api.rpc.agentnotifiers.dhcp_rpc_agent_api [None req-b55ed0a5-6e20-4b15-ab09-a6595da13bf2 60ead83e2e734363849482c0554db9fa a8687d1cbdea4634b0bed16dd24de345 - - default default] Unable to schedule network efff0c2c-5456-413e-8350-0e40b0a6cd90: no agents available; will retry on subsequent port and subnet creation events. [pid: 8|app: 0|req: 1336/2825] 10.0.0.184 () {34 vars in 676 bytes} [Thu Aug 6 02:22:13 2026] POST /v2.0/floatingips => generated 552 bytes in 518 msecs (HTTP/1.1 201) 4 headers in 162 bytes (1 switches on core 0) [pid: 8|app: 0|req: 1337/2826] 10.0.0.184 () {34 vars in 759 bytes} [Thu Aug 6 02:22:13 2026] PUT /v2.0/floatingips/75fe4152-f00c-47eb-81d2-494c5ea77ce7/tags => generated 17 bytes in 62 msecs (HTTP/1.1 200) 4 headers in 156 bytes (1 switches on core 0) [pid: 8|app: 0|req: 1338/2827] 10.0.0.184 () {34 vars in 759 bytes} [Thu Aug 6 02:22:13 2026] PUT /v2.0/floatingips/4d2cf5e1-1708-45cf-b165-3113be6deb0a/tags => generated 25 bytes in 65 msecs (HTTP/1.1 200) 4 headers in 156 bytes (1 switches on core 0) [pid: 8|app: 0|req: 1339/2828] 10.0.0.184 () {34 vars in 759 bytes} [Thu Aug 6 02:22:13 2026] PUT /v2.0/floatingips/096c4206-c69c-49c0-9c43-ada86890ffe0/tags => generated 34 bytes in 52 msecs (HTTP/1.1 200) 4 headers in 156 bytes (1 switches on core 0) [pid: 8|app: 0|req: 1340/2829] 10.0.0.184 () {34 vars in 759 bytes} [Thu Aug 6 02:22:13 2026] PUT /v2.0/floatingips/83839bdc-2646-4705-a14c-c46092cdcaf2/tags => generated 19 bytes in 49 msecs (HTTP/1.1 200) 4 headers in 156 bytes (1 switches on core 0) [pid: 8|app: 0|req: 1341/2830] 10.0.0.184 () {32 vars in 672 bytes} [Thu Aug 6 02:22:13 2026] GET /v2.0/floatingips?tags=red => generated 1671 bytes in 57 msecs (HTTP/1.1 200) 4 headers in 158 bytes (1 switches on core 0)
2026-08-06 02:22:14.011 7 INFO neutron.plugins.ml2.drivers.ovn.mech_driver.mech_driver [None req-0dbf52dc-d009-4711-9cfe-104340d3febf - - - - - -] OVN reports status up for port: ea43016f-79b9-4dcb-b4c3-5b5c48b3878f [pid: 8|app: 0|req: 1342/2831] 10.0.0.184 () {32 vars in 686 bytes} [Thu Aug 6 02:22:13 2026] GET /v2.0/floatingips?tags=red%2Cblue => generated 1128 bytes in 56 msecs (HTTP/1.1 200) 4 headers in 158 bytes (1 switches on core 0)
2026-08-06 02:22:14.039 7 INFO neutron.plugins.ml2.plugin [None req-0dbf52dc-d009-4711-9cfe-104340d3febf - - - - - -] Attempt 1 to provision port ea43016f-79b9-4dcb-b4c3-5b5c48b3878f [pid: 8|app: 0|req: 1343/2832] 10.0.0.184 () {32 vars in 682 bytes} [Thu Aug 6 02:22:14 2026] GET /v2.0/floatingips?tags-any=blue => generated 1128 bytes in 43 msecs (HTTP/1.1 200) 4 headers in 158 bytes (1 switches on core 0) [pid: 8|app: 0|req: 1344/2833] 10.0.0.184 () {32 vars in 694 bytes} [Thu Aug 6 02:22:14 2026] GET /v2.0/floatingips?tags-any=red%2Cblue => generated 1671 bytes in 23 msecs (HTTP/1.1 200) 4 headers in 158 bytes (1 switches on core 0)
2026-08-06 02:22:14.156 7 WARNING neutron.scheduler.dhcp_agent_scheduler [None req-0b07f0d3-ea21-41cd-a8a9-6d12a124ee91 2dfd5444272f48e89236329a696427b6 c3c198fc532b4f7696cfd4056813bf8a - - default default] No more DHCP agents [pid: 8|app: 0|req: 1345/2834] 10.0.0.184 () {32 vars in 680 bytes} [Thu Aug 6 02:22:14 2026] GET /v2.0/floatingips?not-tags=red => generated 1100 bytes in 47 msecs (HTTP/1.1 200) 4 headers in 158 bytes (1 switches on core 0)
2026-08-06 02:22:14.162 7 WARNING neutron.api.rpc.agentnotifiers.dhcp_rpc_agent_api [None req-0b07f0d3-ea21-41cd-a8a9-6d12a124ee91 2dfd5444272f48e89236329a696427b6 c3c198fc532b4f7696cfd4056813bf8a - - default default] Unable to schedule network 4d7f5a62-8a7e-4912-938e-afe1da769b75: no agents available; will retry on subsequent port and subnet creation events. [pid: 8|app: 0|req: 1346/2835] 10.0.0.184 () {32 vars in 694 bytes} [Thu Aug 6 02:22:14 2026] GET /v2.0/floatingips?not-tags=red%2Cblue => generated 1643 bytes in 62 msecs (HTTP/1.1 200) 4 headers in 158 bytes (1 switches on core 0) [pid: 8|app: 0|req: 1347/2836] 10.0.0.184 () {32 vars in 690 bytes} [Thu Aug 6 02:22:14 2026] GET /v2.0/floatingips?not-tags-any=blue => generated 1643 bytes in 63 msecs (HTTP/1.1 200) 4 headers in 158 bytes (1 switches on core 0) [pid: 8|app: 0|req: 1348/2837] 10.0.0.184 () {32 vars in 702 bytes} [Thu Aug 6 02:22:14 2026] GET /v2.0/floatingips?not-tags-any=red%2Cblue => generated 1100 bytes in 23 msecs (HTTP/1.1 200) 4 headers in 158 bytes (1 switches on core 0)
2026-08-06 02:22:14.449 8 INFO neutron_taas.services.taas.taas_plugin [None req-70c4588e-dd90-46c9-bf0e-2556aa9d2dc0 60ead83e2e734363849482c0554db9fa a8687d1cbdea4634b0bed16dd24de345 - - default default] TaaS: Handle Delete Port: b86e90e1-cde3-4ea4-9d17-c8a79bbdcb15
2026-08-06 02:22:14.452 8 INFO neutron_taas.services.taas.tap_mirror_plugin [None req-70c4588e-dd90-46c9-bf0e-2556aa9d2dc0 60ead83e2e734363849482c0554db9fa a8687d1cbdea4634b0bed16dd24de345 - - default default] Tap Mirror: Handle Delete Port: b86e90e1-cde3-4ea4-9d17-c8a79bbdcb15 [pid: 8|app: 0|req: 1349/2838] 10.0.0.184 () {32 vars in 732 bytes} [Thu Aug 6 02:22:14 2026] DELETE /v2.0/floatingips/75fe4152-f00c-47eb-81d2-494c5ea77ce7 => generated 0 bytes in 275 msecs (HTTP/1.1 204) 2 headers in 112 bytes (1 switches on core 0)
2026-08-06 02:22:14.687 7 INFO neutron.db.ovn_revision_numbers_db [None req-0dbf52dc-d009-4711-9cfe-104340d3febf - - - - - -] Successfully bumped revision number for resource ea43016f-79b9-4dcb-b4c3-5b5c48b3878f (type: ports) to 2
2026-08-06 02:22:14.830 8 INFO neutron_taas.services.taas.taas_plugin [None req-bbddfde6-2fdc-472f-9402-89dd72048eb3 60ead83e2e734363849482c0554db9fa a8687d1cbdea4634b0bed16dd24de345 - - default default] TaaS: Handle Delete Port: f8610025-a3f0-4326-869d-6a5bc95c07d9
2026-08-06 02:22:14.833 8 INFO neutron_taas.services.taas.tap_mirror_plugin [None req-bbddfde6-2fdc-472f-9402-89dd72048eb3 60ead83e2e734363849482c0554db9fa a8687d1cbdea4634b0bed16dd24de345 - - default default] Tap Mirror: Handle Delete Port: f8610025-a3f0-4326-869d-6a5bc95c07d9
2026-08-06 02:22:14.876 7 INFO neutron.db.ovn_revision_numbers_db [None req-0b07f0d3-ea21-41cd-a8a9-6d12a124ee91 2dfd5444272f48e89236329a696427b6 c3c198fc532b4f7696cfd4056813bf8a - - default default] Successfully bumped revision number for resource ea43016f-79b9-4dcb-b4c3-5b5c48b3878f (type: router_ports) to 1 [pid: 7|app: 0|req: 1490/2839] 10.0.0.184 () {34 vars in 783 bytes} [Thu Aug 6 02:22:12 2026] PUT /v2.0/routers/25bbd5da-905b-42c4-ad02-c8439afc9d1f/add_router_interface => generated 309 bytes in 2373 msecs (HTTP/1.1 200) 4 headers in 157 bytes (1 switches on core 0)
2026-08-06 02:22:14.969 7 INFO neutron.db.ovn_revision_numbers_db [None req-c50f3db0-2b36-42c2-a89f-36bfb421d9ac - - - - - -] Successfully bumped revision number for resource ea43016f-79b9-4dcb-b4c3-5b5c48b3878f (type: router_ports) to 2 [pid: 8|app: 0|req: 1350/2840] 10.0.0.184 () {32 vars in 732 bytes} [Thu Aug 6 02:22:14 2026] DELETE /v2.0/floatingips/4d2cf5e1-1708-45cf-b165-3113be6deb0a => generated 0 bytes in 368 msecs (HTTP/1.1 204) 2 headers in 112 bytes (1 switches on core 0)
2026-08-06 02:22:15.058 7 INFO neutron.db.ovn_revision_numbers_db [None req-9e56be9f-4d26-43b3-8df7-cbf4faee668e 2dfd5444272f48e89236329a696427b6 c3c198fc532b4f7696cfd4056813bf8a - - default default] Successfully bumped revision number for resource 7f49d2c1-8c00-48b1-9d16-535436fd6186 (type: security_groups) to 1
2026-08-06 02:22:15.068 7 INFO neutron.db.ovn_revision_numbers_db [None req-9e56be9f-4d26-43b3-8df7-cbf4faee668e 2dfd5444272f48e89236329a696427b6 c3c198fc532b4f7696cfd4056813bf8a - - default default] Successfully bumped revision number for resource 2dfd99ff-3a7d-466c-94b4-21ffba66ec63 (type: security_group_rules) to 0
2026-08-06 02:22:15.079 7 INFO neutron.db.ovn_revision_numbers_db [None req-9e56be9f-4d26-43b3-8df7-cbf4faee668e 2dfd5444272f48e89236329a696427b6 c3c198fc532b4f7696cfd4056813bf8a - - default default] Successfully bumped revision number for resource ab2b1c63-1b03-4307-af50-6bcef10cfe19 (type: security_group_rules) to 0
2026-08-06 02:22:15.100 8 INFO neutron_taas.services.taas.taas_plugin [None req-a66d2491-56e6-4e94-8ba0-a6c59f3f0718 60ead83e2e734363849482c0554db9fa a8687d1cbdea4634b0bed16dd24de345 - - default default] TaaS: Handle Delete Port: fb526036-df48-4f0f-8ff3-feff703556a0
2026-08-06 02:22:15.103 8 INFO neutron_taas.services.taas.tap_mirror_plugin [None req-a66d2491-56e6-4e94-8ba0-a6c59f3f0718 60ead83e2e734363849482c0554db9fa a8687d1cbdea4634b0bed16dd24de345 - - default default] Tap Mirror: Handle Delete Port: fb526036-df48-4f0f-8ff3-feff703556a0 [pid: 7|app: 0|req: 1491/2841] 10.0.0.184 () {34 vars in 684 bytes} [Thu Aug 6 02:22:14 2026] POST /v2.0/security-groups => generated 1630 bytes in 176 msecs (HTTP/1.1 201) 4 headers in 163 bytes (1 switches on core 0)
2026-08-06 02:22:15.258 7 INFO neutron.db.ovn_revision_numbers_db [None req-c64517b7-9810-4e31-9915-d582729180a6 2dfd5444272f48e89236329a696427b6 c3c198fc532b4f7696cfd4056813bf8a - - default default] Successfully bumped revision number for resource 5e779fc0-400c-460f-8789-e610cd23a14f (type: security_group_rules) to 0 [pid: 8|app: 0|req: 1351/2842] 10.0.0.184 () {32 vars in 732 bytes} [Thu Aug 6 02:22:14 2026] DELETE /v2.0/floatingips/096c4206-c69c-49c0-9c43-ada86890ffe0 => generated 0 bytes in 296 msecs (HTTP/1.1 204) 2 headers in 112 bytes (1 switches on core 0) [pid: 7|app: 0|req: 1492/2843] 10.0.0.184 () {34 vars in 695 bytes} [Thu Aug 6 02:22:15 2026] POST /v2.0/security-group-rules => generated 597 bytes in 175 msecs (HTTP/1.1 201) 4 headers in 162 bytes (1 switches on core 0)
2026-08-06 02:22:15.409 8 INFO neutron_taas.services.taas.taas_plugin [None req-bd97b029-fd98-4906-bad7-21713ea2928b 60ead83e2e734363849482c0554db9fa a8687d1cbdea4634b0bed16dd24de345 - - default default] TaaS: Handle Delete Port: c0edbea4-6d25-420f-b11c-78ee4ca5fb64
2026-08-06 02:22:15.412 8 INFO neutron_taas.services.taas.tap_mirror_plugin [None req-bd97b029-fd98-4906-bad7-21713ea2928b 60ead83e2e734363849482c0554db9fa a8687d1cbdea4634b0bed16dd24de345 - - default default] Tap Mirror: Handle Delete Port: c0edbea4-6d25-420f-b11c-78ee4ca5fb64
2026-08-06 02:22:15.435 7 INFO neutron.db.ovn_revision_numbers_db [None req-6bc91c0c-c012-41c2-b196-f34afac44251 2dfd5444272f48e89236329a696427b6 c3c198fc532b4f7696cfd4056813bf8a - - default default] Successfully bumped revision number for resource 9467514f-5197-4e0e-bc3d-3d299823f9c0 (type: security_group_rules) to 0 [pid: 7|app: 0|req: 1493/2844] 10.0.0.184 () {34 vars in 695 bytes} [Thu Aug 6 02:22:15 2026] POST /v2.0/security-group-rules => generated 597 bytes in 156 msecs (HTTP/1.1 201) 4 headers in 162 bytes (1 switches on core 0) [pid: 8|app: 0|req: 1352/2845] 10.0.0.184 () {32 vars in 732 bytes} [Thu Aug 6 02:22:15 2026] DELETE /v2.0/floatingips/83839bdc-2646-4705-a14c-c46092cdcaf2 => generated 0 bytes in 281 msecs (HTTP/1.1 204) 2 headers in 112 bytes (1 switches on core 0)
2026-08-06 02:22:15.581 7 INFO neutron.db.ovn_revision_numbers_db [None req-63a9accb-f6e6-49d9-8a87-9d3387b2214d 2dfd5444272f48e89236329a696427b6 c3c198fc532b4f7696cfd4056813bf8a - - default default] Successfully bumped revision number for resource d2bb2da2-a7e8-46ca-96c5-47f899bd3023 (type: security_group_rules) to 0 [pid: 7|app: 0|req: 1494/2846] 10.0.0.184 () {34 vars in 695 bytes} [Thu Aug 6 02:22:15 2026] POST /v2.0/security-group-rules => generated 599 bytes in 141 msecs (HTTP/1.1 201) 4 headers in 162 bytes (1 switches on core 0)
2026-08-06 02:22:15.683 8 INFO neutron_taas.services.taas.taas_plugin [None req-7e716afb-bc58-4b79-a0e0-afa5b8b95449 60ead83e2e734363849482c0554db9fa a8687d1cbdea4634b0bed16dd24de345 - - default default] TaaS: Handle Delete Port: 357315b6-d5d3-4a89-a718-128162aaa5b9
2026-08-06 02:22:15.686 8 INFO neutron_taas.services.taas.tap_mirror_plugin [None req-7e716afb-bc58-4b79-a0e0-afa5b8b95449 60ead83e2e734363849482c0554db9fa a8687d1cbdea4634b0bed16dd24de345 - - default default] Tap Mirror: Handle Delete Port: 357315b6-d5d3-4a89-a718-128162aaa5b9
2026-08-06 02:22:15.747 7 INFO neutron.db.ovn_revision_numbers_db [None req-7257b7f2-078c-45d9-bc65-d710fe2c4b56 2dfd5444272f48e89236329a696427b6 c3c198fc532b4f7696cfd4056813bf8a - - default default] Successfully bumped revision number for resource 685704f7-9821-4f7f-bc99-7e2e6551e12d (type: security_group_rules) to 0 [pid: 7|app: 0|req: 1495/2847] 10.0.0.184 () {34 vars in 695 bytes} [Thu Aug 6 02:22:15 2026] POST /v2.0/security-group-rules => generated 601 bytes in 163 msecs (HTTP/1.1 201) 4 headers in 162 bytes (1 switches on core 0) [pid: 8|app: 0|req: 1353/2848] 10.0.0.184 () {32 vars in 732 bytes} [Thu Aug 6 02:22:15 2026] DELETE /v2.0/floatingips/e55bf2a5-9d60-4ea5-94f0-11405db0b37f => generated 0 bytes in 248 msecs (HTTP/1.1 204) 2 headers in 112 bytes (1 switches on core 0)
2026-08-06 02:22:15.908 7 INFO neutron.db.ovn_revision_numbers_db [None req-d5ff14be-36b3-4ab6-b9ed-7affa120394e 2dfd5444272f48e89236329a696427b6 c3c198fc532b4f7696cfd4056813bf8a - - default default] Successfully bumped revision number for resource a493c7e8-ee65-41ba-b18a-8a2af8826406 (type: security_group_rules) to 0 [pid: 7|app: 0|req: 1496/2849] 10.0.0.184 () {34 vars in 695 bytes} [Thu Aug 6 02:22:15 2026] POST /v2.0/security-group-rules => generated 601 bytes in 153 msecs (HTTP/1.1 201) 4 headers in 162 bytes (1 switches on core 0)
2026-08-06 02:22:16.098 8 INFO neutron.db.ovn_revision_numbers_db [None req-6907fb31-cd03-47dc-81dc-d4644f829f0a 2dfd5444272f48e89236329a696427b6 c3c198fc532b4f7696cfd4056813bf8a - - default default] Successfully bumped revision number for resource 20ffbb21-559a-48b8-930a-d8967d3f4397 (type: security_group_rules) to 0 [pid: 8|app: 0|req: 1354/2850] 10.0.0.184 () {34 vars in 695 bytes} [Thu Aug 6 02:22:15 2026] POST /v2.0/security-group-rules => generated 597 bytes in 182 msecs (HTTP/1.1 201) 4 headers in 162 bytes (1 switches on core 0)
2026-08-06 02:22:16.309 7 INFO neutron.db.ovn_revision_numbers_db [None req-6dbc6073-1b15-4baf-841b-adbbd49d200f 2dfd5444272f48e89236329a696427b6 c3c198fc532b4f7696cfd4056813bf8a - - default default] Successfully bumped revision number for resource 84736554-bcd3-4a28-a3c4-82fae4fbf58b (type: security_group_rules) to 0 [pid: 7|app: 0|req: 1497/2851] 10.0.0.184 () {34 vars in 695 bytes} [Thu Aug 6 02:22:16 2026] POST /v2.0/security-group-rules => generated 597 bytes in 206 msecs (HTTP/1.1 201) 4 headers in 162 bytes (1 switches on core 0)
2026-08-06 02:22:16.538 8 INFO neutron.db.ovn_revision_numbers_db [None req-11d5b6a2-90dc-4ae8-8cff-863cfac71689 2dfd5444272f48e89236329a696427b6 c3c198fc532b4f7696cfd4056813bf8a - - default default] Successfully bumped revision number for resource 4cbd22fa-f405-4e76-867f-83d5baa08859 (type: security_group_rules) to 0 [pid: 8|app: 0|req: 1355/2852] 10.0.0.184 () {34 vars in 695 bytes} [Thu Aug 6 02:22:16 2026] POST /v2.0/security-group-rules => generated 597 bytes in 231 msecs (HTTP/1.1 201) 4 headers in 162 bytes (1 switches on core 0)
2026-08-06 02:22:16.741 7 INFO neutron.db.ovn_revision_numbers_db [None req-dfceecbf-0207-4c15-b6a1-6f1f3993fb23 2dfd5444272f48e89236329a696427b6 c3c198fc532b4f7696cfd4056813bf8a - - default default] Successfully bumped revision number for resource 606522f8-d828-4836-9bbe-67d90efa5e1a (type: security_group_rules) to 0 [pid: 7|app: 0|req: 1498/2853] 10.0.0.184 () {34 vars in 695 bytes} [Thu Aug 6 02:22:16 2026] POST /v2.0/security-group-rules => generated 599 bytes in 192 msecs (HTTP/1.1 201) 4 headers in 162 bytes (1 switches on core 0)
2026-08-06 02:22:16.908 8 INFO neutron.db.ovn_revision_numbers_db [None req-7ec132f4-7108-42d2-8133-2173a9d2538c c05da53d0e8244f5b519e1dc915fb6fa 8ffe899da5c0451d8123399d8ddc2d0a - - default default] Successfully bumped revision number for resource 3f57cd0f-030b-40de-a1be-4681961d6273 (type: security_groups) to 1
2026-08-06 02:22:16.925 8 INFO neutron.db.ovn_revision_numbers_db [None req-7ec132f4-7108-42d2-8133-2173a9d2538c c05da53d0e8244f5b519e1dc915fb6fa 8ffe899da5c0451d8123399d8ddc2d0a - - default default] Successfully bumped revision number for resource 32613a03-63dc-4f79-995e-90d5a5377307 (type: security_group_rules) to 0
2026-08-06 02:22:16.941 8 INFO neutron.db.ovn_revision_numbers_db [None req-7ec132f4-7108-42d2-8133-2173a9d2538c c05da53d0e8244f5b519e1dc915fb6fa 8ffe899da5c0451d8123399d8ddc2d0a - - default default] Successfully bumped revision number for resource 8b789e1e-a906-4d82-b649-73dd9cbb34cf (type: security_group_rules) to 0
2026-08-06 02:22:16.944 7 INFO neutron.db.ovn_revision_numbers_db [None req-34de1a44-bcce-4046-a930-9da8089cabe6 2dfd5444272f48e89236329a696427b6 c3c198fc532b4f7696cfd4056813bf8a - - default default] Successfully bumped revision number for resource ae5a1a0e-71cd-419d-8b6b-dd3ceb53663e (type: security_group_rules) to 0
2026-08-06 02:22:16.956 8 INFO neutron.db.ovn_revision_numbers_db [None req-7ec132f4-7108-42d2-8133-2173a9d2538c c05da53d0e8244f5b519e1dc915fb6fa 8ffe899da5c0451d8123399d8ddc2d0a - - default default] Successfully bumped revision number for resource 91d98fd8-046a-48ce-825a-b7e11f8352dd (type: security_group_rules) to 0
2026-08-06 02:22:16.967 8 INFO neutron.db.ovn_revision_numbers_db [None req-7ec132f4-7108-42d2-8133-2173a9d2538c c05da53d0e8244f5b519e1dc915fb6fa 8ffe899da5c0451d8123399d8ddc2d0a - - default default] Successfully bumped revision number for resource d76afe36-aaf5-4add-814a-654cfa6e3464 (type: security_group_rules) to 0 [pid: 7|app: 0|req: 1499/2854] 10.0.0.184 () {34 vars in 695 bytes} [Thu Aug 6 02:22:16 2026] POST /v2.0/security-group-rules => generated 601 bytes in 203 msecs (HTTP/1.1 201) 4 headers in 162 bytes (1 switches on core 0) [pid: 8|app: 0|req: 1356/2855] 10.0.0.184 () {32 vars in 774 bytes} [Thu Aug 6 02:22:16 2026] GET /v2.0/security-groups?tenant_id=b713aa828c1c4f8d808a9a25324daa1e&name=default => generated 2929 bytes in 383 msecs (HTTP/1.1 200) 4 headers in 158 bytes (1 switches on core 0)
2026-08-06 02:22:17.184 7 INFO neutron.db.ovn_revision_numbers_db [None req-6098fd59-adb6-465d-b1f0-9fe5881fc19a 2dfd5444272f48e89236329a696427b6 c3c198fc532b4f7696cfd4056813bf8a - - default default] Successfully bumped revision number for resource feb9516c-eefd-4337-a353-53da055d5b53 (type: security_group_rules) to 0 [pid: 7|app: 0|req: 1500/2856] 10.0.0.184 () {34 vars in 695 bytes} [Thu Aug 6 02:22:16 2026] POST /v2.0/security-group-rules => generated 597 bytes in 241 msecs (HTTP/1.1 201) 4 headers in 162 bytes (1 switches on core 0) [pid: 8|app: 0|req: 1357/2857] 10.0.0.184 () {32 vars in 740 bytes} [Thu Aug 6 02:22:17 2026] DELETE /v2.0/security-groups/3f57cd0f-030b-40de-a1be-4681961d6273 => generated 0 bytes in 246 msecs (HTTP/1.1 204) 2 headers in 112 bytes (1 switches on core 0)
2026-08-06 02:22:17.483 8 INFO neutron.db.ovn_revision_numbers_db [None req-161d41fd-00bd-4a15-8923-e1abe4dcaefc c05da53d0e8244f5b519e1dc915fb6fa 8ffe899da5c0451d8123399d8ddc2d0a - - default default] Successfully bumped revision number for resource 5e370fa2-34a8-4408-a2ce-8784e765a294 (type: security_groups) to 1
2026-08-06 02:22:17.494 8 INFO neutron.db.ovn_revision_numbers_db [None req-161d41fd-00bd-4a15-8923-e1abe4dcaefc c05da53d0e8244f5b519e1dc915fb6fa 8ffe899da5c0451d8123399d8ddc2d0a - - default default] Successfully bumped revision number for resource 48b0c055-3689-4b11-9114-bdf9e55a59eb (type: security_group_rules) to 0
2026-08-06 02:22:17.504 8 INFO neutron.db.ovn_revision_numbers_db [None req-161d41fd-00bd-4a15-8923-e1abe4dcaefc c05da53d0e8244f5b519e1dc915fb6fa 8ffe899da5c0451d8123399d8ddc2d0a - - default default] Successfully bumped revision number for resource 4b58967f-c029-4b1d-b1eb-61bddb73717a (type: security_group_rules) to 0
2026-08-06 02:22:17.518 8 INFO neutron.db.ovn_revision_numbers_db [None req-161d41fd-00bd-4a15-8923-e1abe4dcaefc c05da53d0e8244f5b519e1dc915fb6fa 8ffe899da5c0451d8123399d8ddc2d0a - - default default] Successfully bumped revision number for resource 567832a4-ca11-4cfd-a7ae-39af682ea7f0 (type: security_group_rules) to 0
2026-08-06 02:22:17.528 8 INFO neutron.db.ovn_revision_numbers_db [None req-161d41fd-00bd-4a15-8923-e1abe4dcaefc c05da53d0e8244f5b519e1dc915fb6fa 8ffe899da5c0451d8123399d8ddc2d0a - - default default] Successfully bumped revision number for resource c872627e-b7bf-4174-82a8-26a7dadfcb0a (type: security_group_rules) to 0 [pid: 8|app: 0|req: 1359/2860] 10.0.0.184 () {32 vars in 774 bytes} [Thu Aug 6 02:22:17 2026] GET /v2.0/security-groups?tenant_id=a8687d1cbdea4634b0bed16dd24de345&name=default => generated 2929 bytes in 214 msecs (HTTP/1.1 200) 4 headers in 158 bytes (1 switches on core 0) [pid: 8|app: 0|req: 1360/2861] 10.0.0.167 () {34 vars in 1096 bytes} [Thu Aug 6 02:22:17 2026] GET /v2.0/security-groups?name=tempest-lb_member_SG-1348247335&fields=id&tenant_id=c3c198fc532b4f7696cfd4056813bf8a => generated 69 bytes in 36 msecs (HTTP/1.1 200) 4 headers in 156 bytes (1 switches on core 0) [pid: 7|app: 0|req: 1502/2862] 10.0.0.184 () {32 vars in 740 bytes} [Thu Aug 6 02:22:17 2026] DELETE /v2.0/security-groups/5e370fa2-34a8-4408-a2ce-8784e765a294 => generated 0 bytes in 209 msecs (HTTP/1.1 204) 2 headers in 112 bytes (1 switches on core 0) [pid: 8|app: 0|req: 1361/2863] 10.0.0.167 () {34 vars in 982 bytes} [Thu Aug 6 02:22:17 2026] GET /v2.0/networks?id=17774133-2628-4f6b-97d1-12fee081ae66 => generated 704 bytes in 43 msecs (HTTP/1.1 200) 4 headers in 157 bytes (1 switches on core 0) [pid: 7|app: 0|req: 1503/2864] 10.0.0.167 () {34 vars in 965 bytes} [Thu Aug 6 02:22:17 2026] GET /v2.0/quotas/c3c198fc532b4f7696cfd4056813bf8a => generated 292 bytes in 18 msecs (HTTP/1.1 200) 4 headers in 157 bytes (1 switches on core 0) [pid: 8|app: 0|req: 1362/2865] 10.0.0.167 () {34 vars in 1002 bytes} [Thu Aug 6 02:22:17 2026] GET /v2.0/ports?tenant_id=c3c198fc532b4f7696cfd4056813bf8a&fields=id => generated 287 bytes in 149 msecs (HTTP/1.1 200) 4 headers in 157 bytes (1 switches on core 0)
2026-08-06 02:22:18.019 7 INFO neutron.db.ovn_revision_numbers_db [None req-a7b2d563-d59d-44c2-8376-fdca25c1fc74 c05da53d0e8244f5b519e1dc915fb6fa 8ffe899da5c0451d8123399d8ddc2d0a - - default default] Successfully bumped revision number for resource 77a013e5-3dfa-4e7f-9e2d-735c5571236b (type: security_groups) to 1
2026-08-06 02:22:18.031 7 INFO neutron.db.ovn_revision_numbers_db [None req-a7b2d563-d59d-44c2-8376-fdca25c1fc74 c05da53d0e8244f5b519e1dc915fb6fa 8ffe899da5c0451d8123399d8ddc2d0a - - default default] Successfully bumped revision number for resource 4975f120-e44f-41f0-87eb-06f7cea0cc37 (type: security_group_rules) to 0
2026-08-06 02:22:18.042 7 INFO neutron.db.ovn_revision_numbers_db [None req-a7b2d563-d59d-44c2-8376-fdca25c1fc74 c05da53d0e8244f5b519e1dc915fb6fa 8ffe899da5c0451d8123399d8ddc2d0a - - default default] Successfully bumped revision number for resource 90629555-73e4-4970-a585-47b2e870c292 (type: security_group_rules) to 0 [pid: 8|app: 0|req: 1363/2866] 10.0.0.167 () {34 vars in 1008 bytes} [Thu Aug 6 02:22:18 2026] GET /v2.0/networks/17774133-2628-4f6b-97d1-12fee081ae66?fields=segments => generated 14 bytes in 41 msecs (HTTP/1.1 200) 4 headers in 156 bytes (1 switches on core 0)
2026-08-06 02:22:18.059 7 INFO neutron.db.ovn_revision_numbers_db [None req-a7b2d563-d59d-44c2-8376-fdca25c1fc74 c05da53d0e8244f5b519e1dc915fb6fa 8ffe899da5c0451d8123399d8ddc2d0a - - default default] Successfully bumped revision number for resource 9bb1986f-c0f4-4036-9a66-5a2dc8247876 (type: security_group_rules) to 0
