2026-08-06 02:20:54.743 8 INFO neutron.services.segments.plugin [-] Client error retrieving segment 3504beb0-e7fb-4762-86aa-48990048df25 resource provider; error: Placement Client Error (4xx): {"errors": [{"status": 404, "title": "Not Found", "detail": "The resource could not be found.\n\n No resource provider with uuid 3504beb0-e7fb-4762-86aa-48990048df25 found for delete ", "request_id": "req-c0b64242-55ab-4cb5-bab1-8ea3a58b1780"}]}
2026-08-06 02:20:54.748 8 INFO neutron.services.segments.plugin [-] Client error retrieving segment 3504beb0-e7fb-4762-86aa-48990048df25 resource provider; error: Placement Client Error (4xx): {"errors": [{"status": 404, "title": "Not Found", "detail": "The resource could not be found.\n\n No resource provider with uuid 3504beb0-e7fb-4762-86aa-48990048df25 found for delete ", "request_id": "req-d3cc9eea-0f8b-46df-aefe-818e4b028ac2"}]} [pid: 8|app: 0|req: 1116/2407] 10.0.0.184 () {32 vars in 726 bytes} [Thu Aug 6 02:20:54 2026] DELETE /v2.0/networks/23af7104-92de-47ba-ac4a-dfec012369dd => generated 0 bytes in 344 msecs (HTTP/1.1 204) 3 headers in 131 bytes (1 switches on core 0)
2026-08-06 02:20:54.898 7 INFO neutron_taas.services.taas.taas_plugin [None req-2924d294-fdee-4d62-a08b-d4f97f82bb04 c85e5a48c6da492796726808a0033a54 e9125b6e471e4056bf8b88b4a75831a1 - - default default] TaaS: Handle Delete Port: d3b51d4b-2b86-4be5-bfc0-39e29526cb82
2026-08-06 02:20:54.900 7 INFO neutron_taas.services.taas.tap_mirror_plugin [None req-2924d294-fdee-4d62-a08b-d4f97f82bb04 c85e5a48c6da492796726808a0033a54 e9125b6e471e4056bf8b88b4a75831a1 - - default default] Tap Mirror: Handle Delete Port: d3b51d4b-2b86-4be5-bfc0-39e29526cb82 [pid: 7|app: 0|req: 1292/2408] 10.0.0.184 () {32 vars in 726 bytes} [Thu Aug 6 02:20:54 2026] DELETE /v2.0/networks/ab58f978-3675-47e3-9cf4-4763edb11b21 => generated 0 bytes in 343 msecs (HTTP/1.1 204) 3 headers in 131 bytes (1 switches on core 0)
2026-08-06 02:20:55.124 8 INFO neutron.pecan_wsgi.hooks.translation [None req-9cf2bb34-6f86-422b-91a8-cd20031e98b9 c85e5a48c6da492796726808a0033a54 e9125b6e471e4056bf8b88b4a75831a1 - - default default] DELETE failed (client error): The resource could not be found. [pid: 8|app: 0|req: 1117/2409] 10.0.0.184 () {32 vars in 726 bytes} [Thu Aug 6 02:20:55 2026] DELETE /v2.0/networks/d64c052b-1d0e-48a3-8737-798ed09b73ca => generated 138 bytes in 14 msecs (HTTP/1.1 404) 4 headers in 164 bytes (1 switches on core 0) [pid: 7|app: 0|req: 1293/2410] 10.0.0.184 () {32 vars in 740 bytes} [Thu Aug 6 02:20:55 2026] DELETE /v2.0/security-groups/904eb385-15de-48e6-a487-6aed25347bb5 => generated 0 bytes in 172 msecs (HTTP/1.1 204) 2 headers in 112 bytes (1 switches on core 0)
2026-08-06 02:20:55.699 7 INFO neutron_taas.services.taas.taas_plugin [None req-345941c2-b9c3-4c28-b977-084c98e83e58 bcab2b6d8a2a460f8a52bd4f695f6dc5 8f9f70b7cf2348d09f5e35cf120796b8 - - default default] TaaS: Handle Delete Port: 1382e6d0-c30d-4c15-8f90-052934237524
2026-08-06 02:20:55.702 7 INFO neutron_taas.services.taas.tap_mirror_plugin [None req-345941c2-b9c3-4c28-b977-084c98e83e58 bcab2b6d8a2a460f8a52bd4f695f6dc5 8f9f70b7cf2348d09f5e35cf120796b8 - - default default] Tap Mirror: Handle Delete Port: 1382e6d0-c30d-4c15-8f90-052934237524
2026-08-06 02:20:55.757 8 INFO neutron.db.ovn_revision_numbers_db [None req-ddffcc33-372a-40ec-b5df-f36a07516230 3da3ce41f3f649c39598f75e031b0d1f 3500fac94e61446ab3231c90c3c5349a - - default default] Successfully bumped revision number for resource baee523b-d861-41c5-b923-9a6d51c58172 (type: security_groups) to 1
2026-08-06 02:20:55.769 8 INFO neutron.db.ovn_revision_numbers_db [None req-ddffcc33-372a-40ec-b5df-f36a07516230 3da3ce41f3f649c39598f75e031b0d1f 3500fac94e61446ab3231c90c3c5349a - - default default] Successfully bumped revision number for resource 139eb8c8-7894-4de6-b1c4-a4c9059bea58 (type: security_group_rules) to 0
2026-08-06 02:20:55.798 8 INFO neutron.db.ovn_revision_numbers_db [None req-ddffcc33-372a-40ec-b5df-f36a07516230 3da3ce41f3f649c39598f75e031b0d1f 3500fac94e61446ab3231c90c3c5349a - - default default] Successfully bumped revision number for resource 45e7f883-d31c-4ba4-ad32-a050f2fee9cd (type: security_group_rules) to 0
2026-08-06 02:20:55.800 7 INFO neutron.services.segments.plugin [-] Segment eea82f02-b8f0-409f-ade8-bc45015b837e resource provider aggregate not found
2026-08-06 02:20:55.806 7 INFO neutron.services.segments.plugin [-] Segment eea82f02-b8f0-409f-ade8-bc45015b837e resource provider aggregate not found
2026-08-06 02:20:55.812 8 INFO neutron.db.ovn_revision_numbers_db [None req-ddffcc33-372a-40ec-b5df-f36a07516230 3da3ce41f3f649c39598f75e031b0d1f 3500fac94e61446ab3231c90c3c5349a - - default default] Successfully bumped revision number for resource 51fd8e73-42cb-4065-890b-32382090ecb7 (type: security_group_rules) to 0
2026-08-06 02:20:55.815 7 INFO neutron.services.segments.plugin [-] Client error retrieving segment eea82f02-b8f0-409f-ade8-bc45015b837e resource provider; error: Placement Client Error (4xx): {"errors": [{"status": 404, "title": "Not Found", "detail": "The resource could not be found.\n\n No resource provider with uuid eea82f02-b8f0-409f-ade8-bc45015b837e found for delete ", "request_id": "req-a889dad5-d370-425a-872e-837c6b29d125"}]}
2026-08-06 02:20:55.827 7 INFO neutron.services.segments.plugin [-] Client error retrieving segment eea82f02-b8f0-409f-ade8-bc45015b837e resource provider; error: Placement Client Error (4xx): {"errors": [{"status": 404, "title": "Not Found", "detail": "The resource could not be found.\n\n No resource provider with uuid eea82f02-b8f0-409f-ade8-bc45015b837e found for delete ", "request_id": "req-c9088c53-5cb3-4c2f-8f89-9e8f74192713"}]}
2026-08-06 02:20:55.828 8 INFO neutron.db.ovn_revision_numbers_db [None req-ddffcc33-372a-40ec-b5df-f36a07516230 3da3ce41f3f649c39598f75e031b0d1f 3500fac94e61446ab3231c90c3c5349a - - default default] Successfully bumped revision number for resource a044349c-7234-44ec-a495-c8cc4758b7ec (type: security_group_rules) to 0
2026-08-06 02:20:55.845 7 INFO neutron.services.segments.plugin [-] Segment 7df699c8-5a69-416f-ae9f-0951afd29414 resource provider aggregate not found
2026-08-06 02:20:55.853 7 INFO neutron.services.segments.plugin [-] Segment 7df699c8-5a69-416f-ae9f-0951afd29414 resource provider aggregate not found
2026-08-06 02:20:55.864 7 INFO neutron.services.segments.plugin [-] Client error retrieving segment 7df699c8-5a69-416f-ae9f-0951afd29414 resource provider; error: Placement Client Error (4xx): {"errors": [{"status": 404, "title": "Not Found", "detail": "The resource could not be found.\n\n No resource provider with uuid 7df699c8-5a69-416f-ae9f-0951afd29414 found for delete ", "request_id": "req-9b079006-c6ff-48eb-b331-6e0eb31180af"}]}
2026-08-06 02:20:55.876 7 INFO neutron.services.segments.plugin [-] Client error retrieving segment 7df699c8-5a69-416f-ae9f-0951afd29414 resource provider; error: Placement Client Error (4xx): {"errors": [{"status": 404, "title": "Not Found", "detail": "The resource could not be found.\n\n No resource provider with uuid 7df699c8-5a69-416f-ae9f-0951afd29414 found for delete ", "request_id": "req-5fb85d8a-740b-4414-b68b-1a6bdda07cbe"}]}
2026-08-06 02:20:55.913 8 INFO neutron.db.segments_db [None req-ddffcc33-372a-40ec-b5df-f36a07516230 3da3ce41f3f649c39598f75e031b0d1f 3500fac94e61446ab3231c90c3c5349a - - default default] Added segment 02b5b1c3-a848-4457-8d45-b70611ee9b5e of type geneve for network f95d854a-cd48-4009-92d1-208ba461e6b4 [pid: 7|app: 0|req: 1294/2411] 10.0.0.184 () {32 vars in 732 bytes} [Thu Aug 6 02:20:55 2026] DELETE /v2.0/floatingips/b44f4d03-0203-4521-b0d8-da435f036bd2 => generated 0 bytes in 373 msecs (HTTP/1.1 204) 2 headers in 112 bytes (1 switches on core 0)
2026-08-06 02:20:56.024 8 INFO neutron.db.ovn_revision_numbers_db [None req-ddffcc33-372a-40ec-b5df-f36a07516230 3da3ce41f3f649c39598f75e031b0d1f 3500fac94e61446ab3231c90c3c5349a - - default default] Successfully bumped revision number for resource f95d854a-cd48-4009-92d1-208ba461e6b4 (type: networks) to 1
2026-08-06 02:20:56.194 7 INFO neutron.db.ovn_revision_numbers_db [None req-33b7b308-f72f-4f9a-a315-16ba8d95c58a c05da53d0e8244f5b519e1dc915fb6fa 8ffe899da5c0451d8123399d8ddc2d0a - - default default] Successfully bumped revision number for resource 39886ec6-c46f-4565-95c5-d4cc38ae6e08 (type: security_groups) to 1
2026-08-06 02:20:56.209 7 INFO neutron.db.ovn_revision_numbers_db [None req-33b7b308-f72f-4f9a-a315-16ba8d95c58a c05da53d0e8244f5b519e1dc915fb6fa 8ffe899da5c0451d8123399d8ddc2d0a - - default default] Successfully bumped revision number for resource 4e5c6e28-db26-48c1-8767-bc9f52e95353 (type: security_group_rules) to 0
2026-08-06 02:20:56.211 8 WARNING neutron.scheduler.dhcp_agent_scheduler [None req-ddffcc33-372a-40ec-b5df-f36a07516230 3da3ce41f3f649c39598f75e031b0d1f 3500fac94e61446ab3231c90c3c5349a - - default default] No more DHCP agents
2026-08-06 02:20:56.213 8 WARNING neutron.api.rpc.agentnotifiers.dhcp_rpc_agent_api [None req-ddffcc33-372a-40ec-b5df-f36a07516230 3da3ce41f3f649c39598f75e031b0d1f 3500fac94e61446ab3231c90c3c5349a - - default default] Unable to schedule network f95d854a-cd48-4009-92d1-208ba461e6b4: no agents available; will retry on subsequent port and subnet creation events.
2026-08-06 02:20:56.227 7 INFO neutron.db.ovn_revision_numbers_db [None req-33b7b308-f72f-4f9a-a315-16ba8d95c58a c05da53d0e8244f5b519e1dc915fb6fa 8ffe899da5c0451d8123399d8ddc2d0a - - default default] Successfully bumped revision number for resource b1b64c8c-4e19-45da-8907-4128840765ed (type: security_group_rules) to 0
2026-08-06 02:20:56.242 7 INFO neutron.db.ovn_revision_numbers_db [None req-33b7b308-f72f-4f9a-a315-16ba8d95c58a c05da53d0e8244f5b519e1dc915fb6fa 8ffe899da5c0451d8123399d8ddc2d0a - - default default] Successfully bumped revision number for resource d6460ed5-9b56-465d-a220-de77a42ea63e (type: security_group_rules) to 0
2026-08-06 02:20:56.262 7 INFO neutron.db.ovn_revision_numbers_db [None req-33b7b308-f72f-4f9a-a315-16ba8d95c58a c05da53d0e8244f5b519e1dc915fb6fa 8ffe899da5c0451d8123399d8ddc2d0a - - default default] Successfully bumped revision number for resource f3d4d92f-35ff-4ba5-bafb-bc8567cd98af (type: security_group_rules) to 0
2026-08-06 02:20:56.276 8 INFO neutron.plugins.ml2.drivers.ovn.mech_driver.mech_driver [None req-95811c50-7330-4877-90ac-dbd59a9801c7 - - - - - -] OVN reports status down for port: 5c851003-5ad3-47de-85e3-7ce63cdefb9b [pid: 7|app: 0|req: 1295/2412] 10.0.0.184 () {32 vars in 774 bytes} [Thu Aug 6 02:20:55 2026] GET /v2.0/security-groups?tenant_id=f2f454a37a4046b3b46c203bbcfc3c3f&name=default => generated 2925 bytes in 380 msecs (HTTP/1.1 200) 4 headers in 158 bytes (1 switches on core 0)
2026-08-06 02:20:56.328 8 INFO neutron.db.ovn_revision_numbers_db [None req-ddffcc33-372a-40ec-b5df-f36a07516230 3da3ce41f3f649c39598f75e031b0d1f 3500fac94e61446ab3231c90c3c5349a - - default default] Successfully bumped revision number for resource 5c851003-5ad3-47de-85e3-7ce63cdefb9b (type: ports) to 1 [pid: 8|app: 0|req: 1118/2413] 10.0.0.184 () {34 vars in 670 bytes} [Thu Aug 6 02:20:55 2026] POST /v2.0/networks => generated 647 bytes in 976 msecs (HTTP/1.1 201) 4 headers in 162 bytes (1 switches on core 0) [pid: 7|app: 0|req: 1296/2414] 10.0.0.167 () {34 vars in 990 bytes} [Thu Aug 6 02:20:56 2026] GET /v2.0/ports?device_id=070511ed-aacb-4e8a-8642-c5c4b430514e => generated 975 bytes in 98 msecs (HTTP/1.1 200) 4 headers in 157 bytes (1 switches on core 0) [pid: 7|app: 0|req: 1297/2415] 10.0.0.167 () {34 vars in 1040 bytes} [Thu Aug 6 02:20:56 2026] GET /v2.0/security-groups?id=9bdf666b-85ac-4043-9a94-423f497f3866&fields=id&fields=name => generated 113 bytes in 39 msecs (HTTP/1.1 200) 4 headers in 157 bytes (1 switches on core 0) [pid: 8|app: 0|req: 1119/2416] 10.0.0.184 () {32 vars in 740 bytes} [Thu Aug 6 02:20:56 2026] DELETE /v2.0/security-groups/39886ec6-c46f-4565-95c5-d4cc38ae6e08 => generated 0 bytes in 255 msecs (HTTP/1.1 204) 2 headers in 112 bytes (1 switches on core 0) [pid: 7|app: 0|req: 1298/2417] 10.0.0.184 () {32 vars in 774 bytes} [Thu Aug 6 02:20:56 2026] GET /v2.0/security-groups?tenant_id=e9125b6e471e4056bf8b88b4a75831a1&name=default => generated 2925 bytes in 40 msecs (HTTP/1.1 200) 4 headers in 158 bytes (1 switches on core 0) [pid: 8|app: 0|req: 1120/2418] 10.0.0.184 () {32 vars in 740 bytes} [Thu Aug 6 02:20:56 2026] DELETE /v2.0/security-groups/f87f7f1f-0908-4924-9c14-8c5d8f18eadf => generated 0 bytes in 204 msecs (HTTP/1.1 204) 2 headers in 112 bytes (1 switches on core 0)
2026-08-06 02:20:57.069 7 WARNING neutron.scheduler.dhcp_agent_scheduler [None req-407e9a51-688d-4196-9f14-8c3b03e52c6d 3da3ce41f3f649c39598f75e031b0d1f 3500fac94e61446ab3231c90c3c5349a - - default default] No more DHCP agents
2026-08-06 02:20:57.072 7 WARNING neutron.api.rpc.agentnotifiers.dhcp_rpc_agent_api [None req-407e9a51-688d-4196-9f14-8c3b03e52c6d 3da3ce41f3f649c39598f75e031b0d1f 3500fac94e61446ab3231c90c3c5349a - - default default] Unable to schedule network f95d854a-cd48-4009-92d1-208ba461e6b4: no agents available; will retry on subsequent port and subnet creation events.
2026-08-06 02:20:57.110 7 INFO neutron.db.ovn_revision_numbers_db [None req-407e9a51-688d-4196-9f14-8c3b03e52c6d 3da3ce41f3f649c39598f75e031b0d1f 3500fac94e61446ab3231c90c3c5349a - - default default] Successfully bumped revision number for resource b44dcac7-ef47-434e-bb8e-ae7e406c6c3f (type: subnets) to 0 [pid: 7|app: 0|req: 1299/2419] 10.0.0.184 () {34 vars in 669 bytes} [Thu Aug 6 02:20:56 2026] POST /v2.0/subnets => generated 673 bytes in 269 msecs (HTTP/1.1 201) 4 headers in 162 bytes (1 switches on core 0)
2026-08-06 02:20:57.160 7 INFO neutron.plugins.ml2.drivers.ovn.mech_driver.mech_driver [None req-4bfaae75-5531-4e93-8705-cf3cf420bc3b - - - - - -] OVN reports status down for port: 8a18d6c2-f7fc-4176-b6e1-8828cdb5262d
2026-08-06 02:20:57.257 8 INFO neutron.db.segments_db [None req-2e1b55af-e736-47e5-bb10-1a58972bf1df 3da3ce41f3f649c39598f75e031b0d1f 3500fac94e61446ab3231c90c3c5349a - - default default] Added segment cc4ab384-8d3c-42ba-9f93-490ab9562832 of type geneve for network 10d52ba7-0a76-4130-81a0-d00b75f4e863
2026-08-06 02:20:57.326 7 INFO neutron.notifiers.nova [-] Nova event matching ['req-010faf3e-9bc3-4f09-88ab-579cd0b10042'] response: {'server_uuid': '070511ed-aacb-4e8a-8642-c5c4b430514e', 'name': 'network-vif-unplugged', 'status': 'completed', 'tag': '8a18d6c2-f7fc-4176-b6e1-8828cdb5262d', 'code': 200}
2026-08-06 02:20:57.402 8 INFO neutron.db.ovn_revision_numbers_db [None req-2e1b55af-e736-47e5-bb10-1a58972bf1df 3da3ce41f3f649c39598f75e031b0d1f 3500fac94e61446ab3231c90c3c5349a - - default default] Successfully bumped revision number for resource 10d52ba7-0a76-4130-81a0-d00b75f4e863 (type: networks) to 1
2026-08-06 02:20:57.507 7 INFO neutron.db.ovn_revision_numbers_db [None req-4bfaae75-5531-4e93-8705-cf3cf420bc3b - - - - - -] Successfully bumped revision number for resource 8a18d6c2-f7fc-4176-b6e1-8828cdb5262d (type: ports) to 6 [pid: 7|app: 0|req: 1300/2420] 10.0.0.167 () {34 vars in 990 bytes} [Thu Aug 6 02:20:57 2026] GET /v2.0/ports?device_id=070511ed-aacb-4e8a-8642-c5c4b430514e => generated 973 bytes in 72 msecs (HTTP/1.1 200) 4 headers in 157 bytes (1 switches on core 0) /var/lib/openstack/lib/python3.12/site-packages/pycadf/identifier.py:70: UserWarning: Invalid uuid: neutron. To ensure interoperability, identifiers should be a valid uuid. warnings.warn(('Invalid uuid: %s. To ensure interoperability, '
2026-08-06 02:20:57.614 8 WARNING neutron.scheduler.dhcp_agent_scheduler [None req-2e1b55af-e736-47e5-bb10-1a58972bf1df 3da3ce41f3f649c39598f75e031b0d1f 3500fac94e61446ab3231c90c3c5349a - - default default] No more DHCP agents
2026-08-06 02:20:57.615 8 WARNING neutron.api.rpc.agentnotifiers.dhcp_rpc_agent_api [None req-2e1b55af-e736-47e5-bb10-1a58972bf1df 3da3ce41f3f649c39598f75e031b0d1f 3500fac94e61446ab3231c90c3c5349a - - default default] Unable to schedule network 10d52ba7-0a76-4130-81a0-d00b75f4e863: no agents available; will retry on subsequent port and subnet creation events. [pid: 7|app: 0|req: 1301/2421] 10.0.0.167 () {34 vars in 1040 bytes} [Thu Aug 6 02:20:57 2026] GET /v2.0/security-groups?id=9bdf666b-85ac-4043-9a94-423f497f3866&fields=id&fields=name => generated 113 bytes in 79 msecs (HTTP/1.1 200) 4 headers in 157 bytes (1 switches on core 0)
2026-08-06 02:20:57.692 7 INFO neutron.plugins.ml2.drivers.ovn.mech_driver.mech_driver [None req-34ba9e7a-92ef-4897-b3f3-1c916c3d3ad8 - - - - - -] OVN reports status down for port: 2759470a-4166-4dee-aacf-789eb33577e0
2026-08-06 02:20:57.695 8 INFO neutron.db.ovn_revision_numbers_db [None req-2e1b55af-e736-47e5-bb10-1a58972bf1df 3da3ce41f3f649c39598f75e031b0d1f 3500fac94e61446ab3231c90c3c5349a - - default default] Successfully bumped revision number for resource 2759470a-4166-4dee-aacf-789eb33577e0 (type: ports) to 1 [pid: 8|app: 0|req: 1121/2422] 10.0.0.184 () {34 vars in 670 bytes} [Thu Aug 6 02:20:57 2026] POST /v2.0/networks => generated 648 bytes in 588 msecs (HTTP/1.1 201) 4 headers in 162 bytes (1 switches on core 0)
2026-08-06 02:20:57.900 7 INFO neutron.db.ovn_revision_numbers_db [None req-d448c49d-2a1c-4bd5-b95d-6ad5252158c7 3da3ce41f3f649c39598f75e031b0d1f 3500fac94e61446ab3231c90c3c5349a - - default default] Successfully bumped revision number for resource 10d52ba7-0a76-4130-81a0-d00b75f4e863 (type: networks) to 2 [pid: 7|app: 0|req: 1302/2423] 10.0.0.184 () {34 vars in 743 bytes} [Thu Aug 6 02:20:57 2026] PUT /v2.0/networks/10d52ba7-0a76-4130-81a0-d00b75f4e863 => generated 598 bytes in 178 msecs (HTTP/1.1 200) 4 headers in 157 bytes (1 switches on core 0)
2026-08-06 02:20:58.103 8 WARNING neutron.scheduler.dhcp_agent_scheduler [None req-e732fe23-479f-434f-a74f-d32936685711 3da3ce41f3f649c39598f75e031b0d1f 3500fac94e61446ab3231c90c3c5349a - - default default] No more DHCP agents
2026-08-06 02:20:58.104 8 WARNING neutron.api.rpc.agentnotifiers.dhcp_rpc_agent_api [None req-e732fe23-479f-434f-a74f-d32936685711 3da3ce41f3f649c39598f75e031b0d1f 3500fac94e61446ab3231c90c3c5349a - - default default] Unable to schedule network 10d52ba7-0a76-4130-81a0-d00b75f4e863: no agents available; will retry on subsequent port and subnet creation events.
2026-08-06 02:20:58.138 8 INFO neutron.db.ovn_revision_numbers_db [None req-e732fe23-479f-434f-a74f-d32936685711 3da3ce41f3f649c39598f75e031b0d1f 3500fac94e61446ab3231c90c3c5349a - - default default] Successfully bumped revision number for resource 45bc7b06-dc17-42f8-994b-542c6dc7e73f (type: subnets) to 0 [pid: 8|app: 0|req: 1122/2424] 10.0.0.184 () {34 vars in 669 bytes} [Thu Aug 6 02:20:57 2026] POST /v2.0/subnets => generated 646 bytes in 250 msecs (HTTP/1.1 201) 4 headers in 162 bytes (1 switches on core 0) [pid: 8|app: 0|req: 1123/2425] 199.19.213.10 () {34 vars in 993 bytes} [Thu Aug 6 02:20:58 2026] GET /v2.0/ports?device_id=070511ed-aacb-4e8a-8642-c5c4b430514e => generated 973 bytes in 73 msecs (HTTP/1.1 200) 4 headers in 157 bytes (1 switches on core 0)
2026-08-06 02:20:58.545 8 INFO neutron_taas.services.taas.taas_plugin [req-3ca076cc-cfd4-4f41-b1be-09643c83066b req-e48894c6-9fa0-4ba6-8196-1d9f5446989f bcab2b6d8a2a460f8a52bd4f695f6dc5 8f9f70b7cf2348d09f5e35cf120796b8 - - default default] TaaS: Handle Delete Port: 8a18d6c2-f7fc-4176-b6e1-8828cdb5262d
2026-08-06 02:20:58.548 8 INFO neutron_taas.services.taas.tap_mirror_plugin [req-3ca076cc-cfd4-4f41-b1be-09643c83066b req-e48894c6-9fa0-4ba6-8196-1d9f5446989f bcab2b6d8a2a460f8a52bd4f695f6dc5 8f9f70b7cf2348d09f5e35cf120796b8 - - default default] Tap Mirror: Handle Delete Port: 8a18d6c2-f7fc-4176-b6e1-8828cdb5262d [pid: 8|app: 0|req: 1124/2426] 199.19.213.10 () {36 vars in 996 bytes} [Thu Aug 6 02:20:58 2026] DELETE /v2.0/ports/8a18d6c2-f7fc-4176-b6e1-8828cdb5262d => generated 0 bytes in 229 msecs (HTTP/1.1 204) 3 headers in 131 bytes (1 switches on core 0)
2026-08-06 02:20:58.688 8 INFO neutron.notifiers.nova [-] Nova event matching ['req-d206ea23-7587-4ef6-8aff-9a044823a0b2'] response: {'server_uuid': '070511ed-aacb-4e8a-8642-c5c4b430514e', 'name': 'network-vif-deleted', 'tag': '8a18d6c2-f7fc-4176-b6e1-8828cdb5262d', 'status': 'completed', 'code': 200}
2026-08-06 02:20:58.780 7 INFO neutron.db.ovn_revision_numbers_db [None req-376f71a6-eeaf-4dd4-9c72-d54ed4363c4c - - - - - -] Successfully bumped revision number for resource 2759470a-4166-4dee-aacf-789eb33577e0 (type: ports) to 2 [pid: 8|app: 0|req: 1125/2427] 10.0.0.167 () {34 vars in 990 bytes} [Thu Aug 6 02:20:58 2026] GET /v2.0/ports?device_id=070511ed-aacb-4e8a-8642-c5c4b430514e => generated 12 bytes in 26 msecs (HTTP/1.1 200) 4 headers in 156 bytes (1 switches on core 0)
2026-08-06 02:20:58.815 7 INFO neutron.db.ovn_revision_numbers_db [None req-376f71a6-eeaf-4dd4-9c72-d54ed4363c4c - - - - - -] Successfully bumped revision number for resource 45bc7b06-dc17-42f8-994b-542c6dc7e73f (type: subnets) to 1 [pid: 7|app: 0|req: 1303/2428] 10.0.0.184 () {34 vars in 741 bytes} [Thu Aug 6 02:20:58 2026] PUT /v2.0/subnets/45bc7b06-dc17-42f8-994b-542c6dc7e73f => generated 656 bytes in 654 msecs (HTTP/1.1 200) 4 headers in 157 bytes (1 switches on core 0)
2026-08-06 02:20:58.976 8 INFO neutron_taas.services.taas.taas_plugin [None req-f15cf372-a933-4248-994d-67367f02b23c 3da3ce41f3f649c39598f75e031b0d1f 3500fac94e61446ab3231c90c3c5349a - - default default] TaaS: Handle Delete Port: 2759470a-4166-4dee-aacf-789eb33577e0
2026-08-06 02:20:58.979 8 INFO neutron_taas.services.taas.tap_mirror_plugin [None req-f15cf372-a933-4248-994d-67367f02b23c 3da3ce41f3f649c39598f75e031b0d1f 3500fac94e61446ab3231c90c3c5349a - - default default] Tap Mirror: Handle Delete Port: 2759470a-4166-4dee-aacf-789eb33577e0
2026-08-06 02:20:59.228 8 INFO neutron.services.segments.plugin [-] Segment cc4ab384-8d3c-42ba-9f93-490ab9562832 resource provider aggregate not found
2026-08-06 02:20:59.237 8 INFO neutron.services.segments.plugin [-] Segment cc4ab384-8d3c-42ba-9f93-490ab9562832 resource provider aggregate not found
2026-08-06 02:20:59.247 8 INFO neutron.services.segments.plugin [-] Client error retrieving segment cc4ab384-8d3c-42ba-9f93-490ab9562832 resource provider; error: Placement Client Error (4xx): {"errors": [{"status": 404, "title": "Not Found", "detail": "The resource could not be found.\n\n No resource provider with uuid cc4ab384-8d3c-42ba-9f93-490ab9562832 found for delete ", "request_id": "req-01d99edd-54dc-4f2a-a9ee-e8e7b78c16c2"}]}
2026-08-06 02:20:59.258 8 INFO neutron.services.segments.plugin [-] Client error retrieving segment cc4ab384-8d3c-42ba-9f93-490ab9562832 resource provider; error: Placement Client Error (4xx): {"errors": [{"status": 404, "title": "Not Found", "detail": "The resource could not be found.\n\n No resource provider with uuid cc4ab384-8d3c-42ba-9f93-490ab9562832 found for delete ", "request_id": "req-f3b99440-d493-425f-a80f-7cec019582da"}]} [pid: 8|app: 0|req: 1126/2429] 10.0.0.184 () {32 vars in 726 bytes} [Thu Aug 6 02:20:58 2026] DELETE /v2.0/networks/10d52ba7-0a76-4130-81a0-d00b75f4e863 => generated 0 bytes in 455 msecs (HTTP/1.1 204) 3 headers in 131 bytes (1 switches on core 0)
2026-08-06 02:20:59.299 7 INFO neutron.pecan_wsgi.hooks.translation [None req-e454aeee-f64e-4ab0-9d5c-bf5f737f1da9 3da3ce41f3f649c39598f75e031b0d1f 3500fac94e61446ab3231c90c3c5349a - - default default] DELETE failed (client error): The resource could not be found. [pid: 7|app: 0|req: 1304/2430] 10.0.0.184 () {32 vars in 726 bytes} [Thu Aug 6 02:20:59 2026] DELETE /v2.0/networks/10d52ba7-0a76-4130-81a0-d00b75f4e863 => generated 138 bytes in 14 msecs (HTTP/1.1 404) 4 headers in 164 bytes (1 switches on core 0)
2026-08-06 02:20:59.360 7 INFO neutron.notifiers.nova [-] Nova event matching ['req-b642adc1-7e97-4bf0-991c-607797bbfae7'] response: {'server_uuid': '070511ed-aacb-4e8a-8642-c5c4b430514e', 'name': 'network-vif-unplugged', 'status': 'completed', 'tag': '8a18d6c2-f7fc-4176-b6e1-8828cdb5262d', 'code': 200} [pid: 8|app: 0|req: 1127/2431] 10.0.0.184 () {32 vars in 694 bytes} [Thu Aug 6 02:20:59 2026] GET /v2.0/networks?router%3Aexternal=True => generated 651 bytes in 55 msecs (HTTP/1.1 200) 4 headers in 157 bytes (1 switches on core 0) [pid: 7|app: 0|req: 1305/2432] 10.0.0.184 () {32 vars in 742 bytes} [Thu Aug 6 02:20:59 2026] GET /v2.0/subnets?network_id=efff0c2c-5456-413e-8350-0e40b0a6cd90 => generated 649 bytes in 42 msecs (HTTP/1.1 200) 4 headers in 157 bytes (1 switches on core 0) [pid: 8|app: 0|req: 1128/2433] 10.0.0.184 () {32 vars in 653 bytes} [Thu Aug 6 02:20:59 2026] GET /v2.0/extensions => generated 20118 bytes in 10 msecs (HTTP/1.1 200) 4 headers in 159 bytes (1 switches on core 0) [pid: 7|app: 0|req: 1306/2434] 10.0.0.184 () {32 vars in 649 bytes} [Thu Aug 6 02:20:59 2026] GET /v2.0/networks => generated 1312 bytes in 51 msecs (HTTP/1.1 200) 4 headers in 158 bytes (1 switches on core 0) [pid: 8|app: 0|req: 1129/2435] 10.0.0.184 () {32 vars in 647 bytes} [Thu Aug 6 02:20:59 2026] GET /v2.0/subnets => generated 1312 bytes in 35 msecs (HTTP/1.1 200) 4 headers in 158 bytes (1 switches on core 0) [pid: 7|app: 0|req: 1307/2436] 10.0.0.184 () {32 vars in 723 bytes} [Thu Aug 6 02:20:59 2026] GET /v2.0/networks/f95d854a-cd48-4009-92d1-208ba461e6b4 => generated 672 bytes in 42 msecs (HTTP/1.1 200) 4 headers in 157 bytes (1 switches on core 0) [pid: 8|app: 0|req: 1130/2437] 10.0.0.184 () {32 vars in 721 bytes} [Thu Aug 6 02:20:59 2026] GET /v2.0/subnets/b44dcac7-ef47-434e-bb8e-ae7e406c6c3f => generated 673 bytes in 34 msecs (HTTP/1.1 200) 4 headers in 157 bytes (1 switches on core 0)
2026-08-06 02:20:59.631 7 INFO neutron.pecan_wsgi.hooks.translation [None req-87920909-7d6c-4906-9e1d-92b8800299a4 3da3ce41f3f649c39598f75e031b0d1f 3500fac94e61446ab3231c90c3c5349a - - default default] DELETE failed (client error): The resource could not be found. [pid: 7|app: 0|req: 1308/2438] 10.0.0.184 () {32 vars in 724 bytes} [Thu Aug 6 02:20:59 2026] DELETE /v2.0/subnets/45bc7b06-dc17-42f8-994b-542c6dc7e73f => generated 136 bytes in 17 msecs (HTTP/1.1 404) 4 headers in 164 bytes (1 switches on core 0)
2026-08-06 02:20:59.649 8 INFO neutron.pecan_wsgi.hooks.translation [None req-f89b3c9a-8d8f-44d5-8055-fb69a5fa2000 3da3ce41f3f649c39598f75e031b0d1f 3500fac94e61446ab3231c90c3c5349a - - default default] DELETE failed (client error): The resource could not be found. [pid: 8|app: 0|req: 1131/2439] 10.0.0.184 () {32 vars in 726 bytes} [Thu Aug 6 02:20:59 2026] DELETE /v2.0/networks/10d52ba7-0a76-4130-81a0-d00b75f4e863 => generated 138 bytes in 15 msecs (HTTP/1.1 404) 4 headers in 164 bytes (1 switches on core 0) [pid: 7|app: 0|req: 1309/2440] 10.0.0.184 () {32 vars in 724 bytes} [Thu Aug 6 02:20:59 2026] DELETE /v2.0/subnets/b44dcac7-ef47-434e-bb8e-ae7e406c6c3f => generated 0 bytes in 146 msecs (HTTP/1.1 204) 3 headers in 131 bytes (1 switches on core 0) [pid: 7|app: 0|req: 1310/2441] 10.0.0.167 () {34 vars in 990 bytes} [Thu Aug 6 02:20:59 2026] GET /v2.0/ports?device_id=070511ed-aacb-4e8a-8642-c5c4b430514e => generated 12 bytes in 19 msecs (HTTP/1.1 200) 4 headers in 156 bytes (1 switches on core 0)
2026-08-06 02:20:59.932 8 INFO neutron_taas.services.taas.taas_plugin [None req-198fdc51-be8f-4a8d-a28d-d31ba5c28db6 3da3ce41f3f649c39598f75e031b0d1f 3500fac94e61446ab3231c90c3c5349a - - default default] TaaS: Handle Delete Port: 5c851003-5ad3-47de-85e3-7ce63cdefb9b
2026-08-06 02:20:59.936 8 INFO neutron_taas.services.taas.tap_mirror_plugin [None req-198fdc51-be8f-4a8d-a28d-d31ba5c28db6 3da3ce41f3f649c39598f75e031b0d1f 3500fac94e61446ab3231c90c3c5349a - - default default] Tap Mirror: Handle Delete Port: 5c851003-5ad3-47de-85e3-7ce63cdefb9b [pid: 8|app: 0|req: 1132/2442] 10.0.0.184 () {32 vars in 726 bytes} [Thu Aug 6 02:20:59 2026] DELETE /v2.0/networks/f95d854a-cd48-4009-92d1-208ba461e6b4 => generated 0 bytes in 358 msecs (HTTP/1.1 204) 3 headers in 131 bytes (1 switches on core 0) [pid: 7|app: 0|req: 1311/2443] 10.0.0.184 () {32 vars in 774 bytes} [Thu Aug 6 02:21:00 2026] GET /v2.0/security-groups?tenant_id=3500fac94e61446ab3231c90c3c5349a&name=default => generated 2925 bytes in 184 msecs (HTTP/1.1 200) 4 headers in 158 bytes (1 switches on core 0) [pid: 7|app: 0|req: 1312/2444] 10.0.0.167 () {34 vars in 990 bytes} [Thu Aug 6 02:21:00 2026] GET /v2.0/ports?device_id=070511ed-aacb-4e8a-8642-c5c4b430514e => generated 12 bytes in 20 msecs (HTTP/1.1 200) 4 headers in 156 bytes (1 switches on core 0) [pid: 8|app: 0|req: 1133/2445] 10.0.0.184 () {32 vars in 740 bytes} [Thu Aug 6 02:21:00 2026] DELETE /v2.0/security-groups/baee523b-d861-41c5-b923-9a6d51c58172 => generated 0 bytes in 242 msecs (HTTP/1.1 204) 2 headers in 112 bytes (1 switches on core 0)
2026-08-06 02:21:01.268 8 INFO neutron.services.segments.plugin [-] Segment 02b5b1c3-a848-4457-8d45-b70611ee9b5e resource provider aggregate not found
2026-08-06 02:21:01.293 8 INFO neutron.services.segments.plugin [-] Segment 02b5b1c3-a848-4457-8d45-b70611ee9b5e resource provider aggregate not found
2026-08-06 02:21:01.302 8 INFO neutron.services.segments.plugin [-] Client error retrieving segment 02b5b1c3-a848-4457-8d45-b70611ee9b5e resource provider; error: Placement Client Error (4xx): {"errors": [{"status": 404, "title": "Not Found", "detail": "The resource could not be found.\n\n No resource provider with uuid 02b5b1c3-a848-4457-8d45-b70611ee9b5e found for delete ", "request_id": "req-e171d7d7-0bec-466e-bdab-283e3069f1af"}]}
2026-08-06 02:21:01.316 8 INFO neutron.services.segments.plugin [-] Client error retrieving segment 02b5b1c3-a848-4457-8d45-b70611ee9b5e resource provider; error: Placement Client Error (4xx): {"errors": [{"status": 404, "title": "Not Found", "detail": "The resource could not be found.\n\n No resource provider with uuid 02b5b1c3-a848-4457-8d45-b70611ee9b5e found for delete ", "request_id": "req-07b1c6bb-6aff-4669-a830-c2d3f47c63c2"}]}
2026-08-06 02:21:01.554 7 INFO neutron.db.ovn_revision_numbers_db [None req-1883c1b9-c258-4bf0-b56f-9841db14c17d c05da53d0e8244f5b519e1dc915fb6fa 8ffe899da5c0451d8123399d8ddc2d0a - - default default] Successfully bumped revision number for resource 401f73f8-ab2e-4cb6-83f4-d24c0414f22f (type: security_groups) to 1
2026-08-06 02:21:01.563 7 INFO neutron.db.ovn_revision_numbers_db [None req-1883c1b9-c258-4bf0-b56f-9841db14c17d c05da53d0e8244f5b519e1dc915fb6fa 8ffe899da5c0451d8123399d8ddc2d0a - - default default] Successfully bumped revision number for resource 081c270a-105b-42a8-b800-4b7032295c10 (type: security_group_rules) to 0
2026-08-06 02:21:01.584 7 INFO neutron.db.ovn_revision_numbers_db [None req-1883c1b9-c258-4bf0-b56f-9841db14c17d c05da53d0e8244f5b519e1dc915fb6fa 8ffe899da5c0451d8123399d8ddc2d0a - - default default] Successfully bumped revision number for resource 4a6b9f3d-f7a6-424e-9d59-98763b7aef4c (type: security_group_rules) to 0
2026-08-06 02:21:01.597 7 INFO neutron.db.ovn_revision_numbers_db [None req-1883c1b9-c258-4bf0-b56f-9841db14c17d c05da53d0e8244f5b519e1dc915fb6fa 8ffe899da5c0451d8123399d8ddc2d0a - - default default] Successfully bumped revision number for resource 73322659-de32-45f9-8a78-5bf4c2f69acb (type: security_group_rules) to 0
2026-08-06 02:21:01.613 7 INFO neutron.db.ovn_revision_numbers_db [None req-1883c1b9-c258-4bf0-b56f-9841db14c17d c05da53d0e8244f5b519e1dc915fb6fa 8ffe899da5c0451d8123399d8ddc2d0a - - default default] Successfully bumped revision number for resource c905c777-e05c-4ab9-8519-813e7e472d9a (type: security_group_rules) to 0 [pid: 7|app: 0|req: 1313/2446] 10.0.0.184 () {32 vars in 774 bytes} [Thu Aug 6 02:21:01 2026] GET /v2.0/security-groups?tenant_id=587037a90e904db9a6323939d2d9ebd7&name=default => generated 2925 bytes in 383 msecs (HTTP/1.1 200) 4 headers in 158 bytes (1 switches on core 0) [pid: 8|app: 0|req: 1134/2447] 10.0.0.184 () {32 vars in 740 bytes} [Thu Aug 6 02:21:01 2026] DELETE /v2.0/security-groups/401f73f8-ab2e-4cb6-83f4-d24c0414f22f => generated 0 bytes in 256 msecs (HTTP/1.1 204) 2 headers in 112 bytes (1 switches on core 0) [pid: 7|app: 0|req: 1314/2448] 10.0.0.184 () {32 vars in 740 bytes} [Thu Aug 6 02:21:02 2026] DELETE /v2.0/security-groups/9bdf666b-85ac-4043-9a94-423f497f3866 => generated 0 bytes in 186 msecs (HTTP/1.1 204) 2 headers in 112 bytes (1 switches on core 0)
2026-08-06 02:21:02.550 8 INFO neutron_taas.services.taas.taas_plugin [None req-c4d12401-1f76-407d-94a0-744671aa9a12 bcab2b6d8a2a460f8a52bd4f695f6dc5 8f9f70b7cf2348d09f5e35cf120796b8 - - default default] TaaS: Handle Delete Port: 64618ab4-7f2b-4fcf-84c2-ca5e4f6a13b8
2026-08-06 02:21:02.553 8 INFO neutron_taas.services.taas.tap_mirror_plugin [None req-c4d12401-1f76-407d-94a0-744671aa9a12 bcab2b6d8a2a460f8a52bd4f695f6dc5 8f9f70b7cf2348d09f5e35cf120796b8 - - default default] Tap Mirror: Handle Delete Port: 64618ab4-7f2b-4fcf-84c2-ca5e4f6a13b8 [pid: 8|app: 0|req: 1135/2451] 10.0.0.184 () {34 vars in 789 bytes} [Thu Aug 6 02:21:02 2026] PUT /v2.0/routers/11d5bb07-914c-4314-84e5-193db237812d/remove_router_interface => generated 309 bytes in 800 msecs (HTTP/1.1 200) 4 headers in 157 bytes (1 switches on core 0) /var/lib/openstack/lib/python3.12/site-packages/pycadf/identifier.py:70: UserWarning: Invalid uuid: neutron. To ensure interoperability, identifiers should be a valid uuid. warnings.warn(('Invalid uuid: %s. To ensure interoperability, '
2026-08-06 02:21:03.099 7 INFO neutron.db.ovn_revision_numbers_db [None req-456fe5f0-35f8-4d26-a6c8-b04be193306a 329d82e16af940988d0c82448eb47502 c7106bb26df444a3b9d8f17b147b6cbb - - default default] Successfully bumped revision number for resource 6d0c5640-9150-4177-aee4-770c62092b2d (type: security_groups) to 1
2026-08-06 02:21:03.110 7 INFO neutron.db.ovn_revision_numbers_db [None req-456fe5f0-35f8-4d26-a6c8-b04be193306a 329d82e16af940988d0c82448eb47502 c7106bb26df444a3b9d8f17b147b6cbb - - default default] Successfully bumped revision number for resource 10ba9b09-a938-40c4-8147-b9f0cc8ee4fe (type: security_group_rules) to 0
2026-08-06 02:21:03.121 7 INFO neutron.db.ovn_revision_numbers_db [None req-456fe5f0-35f8-4d26-a6c8-b04be193306a 329d82e16af940988d0c82448eb47502 c7106bb26df444a3b9d8f17b147b6cbb - - default default] Successfully bumped revision number for resource 36916c70-6f6a-4794-8e07-3ed587aac4a0 (type: security_group_rules) to 0
2026-08-06 02:21:03.132 7 INFO neutron.db.ovn_revision_numbers_db [None req-456fe5f0-35f8-4d26-a6c8-b04be193306a 329d82e16af940988d0c82448eb47502 c7106bb26df444a3b9d8f17b147b6cbb - - default default] Successfully bumped revision number for resource c7746b67-8842-4604-9c1f-672c7ea15a17 (type: security_group_rules) to 0
2026-08-06 02:21:03.145 7 INFO neutron.db.ovn_revision_numbers_db [None req-456fe5f0-35f8-4d26-a6c8-b04be193306a 329d82e16af940988d0c82448eb47502 c7106bb26df444a3b9d8f17b147b6cbb - - default default] Successfully bumped revision number for resource cf1dab91-57e3-495c-8ac6-545bd06648aa (type: security_group_rules) to 0 [pid: 8|app: 0|req: 1136/2452] 10.0.0.184 () {32 vars in 724 bytes} [Thu Aug 6 02:21:03 2026] DELETE /v2.0/subnets/93494857-bfe7-4c65-bc5d-2f8388055a7c => generated 0 bytes in 220 msecs (HTTP/1.1 204) 3 headers in 131 bytes (1 switches on core 0)
2026-08-06 02:21:03.290 7 INFO neutron.db.ovn_revision_numbers_db [None req-456fe5f0-35f8-4d26-a6c8-b04be193306a 329d82e16af940988d0c82448eb47502 c7106bb26df444a3b9d8f17b147b6cbb - - default default] Successfully bumped revision number for resource 8a0b59e2-f611-4bc6-bdfa-f881e8944705 (type: security_groups) to 1
2026-08-06 02:21:03.302 7 INFO neutron.db.ovn_revision_numbers_db [None req-456fe5f0-35f8-4d26-a6c8-b04be193306a 329d82e16af940988d0c82448eb47502 c7106bb26df444a3b9d8f17b147b6cbb - - default default] Successfully bumped revision number for resource 08fac7ab-cc10-4787-a78b-dad48f7d822b (type: security_group_rules) to 0
2026-08-06 02:21:03.319 7 INFO neutron.db.ovn_revision_numbers_db [None req-456fe5f0-35f8-4d26-a6c8-b04be193306a 329d82e16af940988d0c82448eb47502 c7106bb26df444a3b9d8f17b147b6cbb - - default default] Successfully bumped revision number for resource 86d50998-b2a6-46bc-ae17-6f21ad21d022 (type: security_group_rules) to 0 [pid: 7|app: 0|req: 1317/2453] 10.0.0.184 () {34 vars in 684 bytes} [Thu Aug 6 02:21:02 2026] POST /v2.0/security-groups => generated 1624 bytes in 582 msecs (HTTP/1.1 201) 4 headers in 163 bytes (1 switches on core 0) [pid: 7|app: 0|req: 1318/2454] 10.0.0.184 () {32 vars in 663 bytes} [Thu Aug 6 02:21:03 2026] GET /v2.0/security-groups => generated 4529 bytes in 36 msecs (HTTP/1.1 200) 4 headers in 158 bytes (1 switches on core 0)
2026-08-06 02:21:03.459 7 INFO neutron.db.ovn_revision_numbers_db [None req-c561334c-5312-4bc0-8d53-a39de6c5f72c 329d82e16af940988d0c82448eb47502 c7106bb26df444a3b9d8f17b147b6cbb - - default default] Successfully bumped revision number for resource 8a0b59e2-f611-4bc6-bdfa-f881e8944705 (type: security_groups) to 2 [pid: 7|app: 0|req: 1319/2455] 10.0.0.184 () {34 vars in 758 bytes} [Thu Aug 6 02:21:03 2026] PUT /v2.0/security-groups/8a0b59e2-f611-4bc6-bdfa-f881e8944705 => generated 1663 bytes in 79 msecs (HTTP/1.1 200) 4 headers in 158 bytes (1 switches on core 0)
2026-08-06 02:21:03.561 8 INFO neutron_taas.services.taas.taas_plugin [None req-41d304cf-a889-411e-9612-986bd00cfcbf bcab2b6d8a2a460f8a52bd4f695f6dc5 8f9f70b7cf2348d09f5e35cf120796b8 - - default default] TaaS: Handle Delete Port: 2c16c5c1-aba9-4b18-8601-45631ab2cabe
2026-08-06 02:21:03.565 8 INFO neutron_taas.services.taas.tap_mirror_plugin [None req-41d304cf-a889-411e-9612-986bd00cfcbf bcab2b6d8a2a460f8a52bd4f695f6dc5 8f9f70b7cf2348d09f5e35cf120796b8 - - default default] Tap Mirror: Handle Delete Port: 2c16c5c1-aba9-4b18-8601-45631ab2cabe
2026-08-06 02:21:03.704 7 INFO neutron.db.ovn_revision_numbers_db [None req-29944574-9147-4cc2-a9b6-e78a3c378511 c05da53d0e8244f5b519e1dc915fb6fa 8ffe899da5c0451d8123399d8ddc2d0a - - default default] Successfully bumped revision number for resource ee6ae38c-a8b5-4141-ac63-379b6edf2a30 (type: security_groups) to 1
2026-08-06 02:21:03.716 7 INFO neutron.db.ovn_revision_numbers_db [None req-29944574-9147-4cc2-a9b6-e78a3c378511 c05da53d0e8244f5b519e1dc915fb6fa 8ffe899da5c0451d8123399d8ddc2d0a - - default default] Successfully bumped revision number for resource 2bb7192e-086b-4bbc-b848-9be0869b7ce2 (type: security_group_rules) to 0
2026-08-06 02:21:03.729 7 INFO neutron.db.ovn_revision_numbers_db [None req-29944574-9147-4cc2-a9b6-e78a3c378511 c05da53d0e8244f5b519e1dc915fb6fa 8ffe899da5c0451d8123399d8ddc2d0a - - default default] Successfully bumped revision number for resource 3b801924-511f-4511-b7f5-896c4d194047 (type: security_group_rules) to 0
2026-08-06 02:21:03.747 7 INFO neutron.db.ovn_revision_numbers_db [None req-29944574-9147-4cc2-a9b6-e78a3c378511 c05da53d0e8244f5b519e1dc915fb6fa 8ffe899da5c0451d8123399d8ddc2d0a - - default default] Successfully bumped revision number for resource 5ab60ee4-77d2-496e-a4e0-e5ed942bf10b (type: security_group_rules) to 0
2026-08-06 02:21:03.758 7 INFO neutron.db.ovn_revision_numbers_db [None req-29944574-9147-4cc2-a9b6-e78a3c378511 c05da53d0e8244f5b519e1dc915fb6fa 8ffe899da5c0451d8123399d8ddc2d0a - - default default] Successfully bumped revision number for resource e0c43a42-cdf6-4010-950d-e868d1d7246a (type: security_group_rules) to 0
2026-08-06 02:21:03.835 7 INFO neutron.db.segments_db [None req-29944574-9147-4cc2-a9b6-e78a3c378511 c05da53d0e8244f5b519e1dc915fb6fa 8ffe899da5c0451d8123399d8ddc2d0a - - default default] Added segment 5b3198d3-b8c4-4f1a-8fbe-34855cdc10d2 of type geneve for network f3eb0277-14d0-4d30-b0de-227d87a26f2d [pid: 8|app: 0|req: 1137/2456] 10.0.0.184 () {32 vars in 724 bytes} [Thu Aug 6 02:21:03 2026] DELETE /v2.0/routers/11d5bb07-914c-4314-84e5-193db237812d => generated 0 bytes in 678 msecs (HTTP/1.1 204) 2 headers in 112 bytes (1 switches on core 0)
2026-08-06 02:21:03.952 7 INFO neutron.db.ovn_revision_numbers_db [None req-29944574-9147-4cc2-a9b6-e78a3c378511 c05da53d0e8244f5b519e1dc915fb6fa 8ffe899da5c0451d8123399d8ddc2d0a - - default default] Successfully bumped revision number for resource f3eb0277-14d0-4d30-b0de-227d87a26f2d (type: networks) to 1 [pid: 8|app: 0|req: 1138/2457] 10.0.0.184 () {32 vars in 737 bytes} [Thu Aug 6 02:21:03 2026] GET /v2.0/security-groups/8a0b59e2-f611-4bc6-bdfa-f881e8944705 => generated 1663 bytes in 23 msecs (HTTP/1.1 200) 4 headers in 158 bytes (1 switches on core 0)
2026-08-06 02:21:04.083 8 INFO neutron_taas.services.taas.taas_plugin [None req-43550d0c-db4b-43bd-8bdb-267d3175e7f5 bcab2b6d8a2a460f8a52bd4f695f6dc5 8f9f70b7cf2348d09f5e35cf120796b8 - - default default] TaaS: Handle Delete Port: 3d9754b9-1532-4cef-8972-5b839da0fcd4
2026-08-06 02:21:04.085 8 INFO neutron_taas.services.taas.tap_mirror_plugin [None req-43550d0c-db4b-43bd-8bdb-267d3175e7f5 bcab2b6d8a2a460f8a52bd4f695f6dc5 8f9f70b7cf2348d09f5e35cf120796b8 - - default default] Tap Mirror: Handle Delete Port: 3d9754b9-1532-4cef-8972-5b839da0fcd4
2026-08-06 02:21:04.088 7 WARNING neutron.scheduler.dhcp_agent_scheduler [None req-29944574-9147-4cc2-a9b6-e78a3c378511 c05da53d0e8244f5b519e1dc915fb6fa 8ffe899da5c0451d8123399d8ddc2d0a - - default default] No more DHCP agents
2026-08-06 02:21:04.089 7 WARNING neutron.api.rpc.agentnotifiers.dhcp_rpc_agent_api [None req-29944574-9147-4cc2-a9b6-e78a3c378511 c05da53d0e8244f5b519e1dc915fb6fa 8ffe899da5c0451d8123399d8ddc2d0a - - default default] Unable to schedule network f3eb0277-14d0-4d30-b0de-227d87a26f2d: no agents available; will retry on subsequent port and subnet creation events.
2026-08-06 02:21:04.136 7 INFO neutron.plugins.ml2.drivers.ovn.mech_driver.mech_driver [None req-34ba9e7a-92ef-4897-b3f3-1c916c3d3ad8 - - - - - -] OVN reports status down for port: 4864d163-f454-4843-b513-756dd3d0a19f
2026-08-06 02:21:04.231 7 INFO neutron.db.ovn_revision_numbers_db [None req-29944574-9147-4cc2-a9b6-e78a3c378511 c05da53d0e8244f5b519e1dc915fb6fa 8ffe899da5c0451d8123399d8ddc2d0a - - default default] Successfully bumped revision number for resource 4864d163-f454-4843-b513-756dd3d0a19f (type: ports) to 1 [pid: 7|app: 0|req: 1320/2458] 10.0.0.184 () {34 vars in 671 bytes} [Thu Aug 6 02:21:03 2026] POST /v2.0/networks => generated 743 bytes in 810 msecs (HTTP/1.1 201) 4 headers in 162 bytes (1 switches on core 0)
2026-08-06 02:21:04.312 8 INFO neutron.services.segments.plugin [-] Segment ebac8dfa-902e-4338-8bcf-1b88dd06dcce resource provider aggregate not found
2026-08-06 02:21:04.315 8 INFO neutron.services.segments.plugin [-] Segment ebac8dfa-902e-4338-8bcf-1b88dd06dcce resource provider aggregate not found
2026-08-06 02:21:04.331 8 INFO neutron.services.segments.plugin [-] Client error retrieving segment ebac8dfa-902e-4338-8bcf-1b88dd06dcce resource provider; error: Placement Client Error (4xx): {"errors": [{"status": 404, "title": "Not Found", "detail": "The resource could not be found.\n\n No resource provider with uuid ebac8dfa-902e-4338-8bcf-1b88dd06dcce found for delete ", "request_id": "req-5bbc09f1-9a28-4201-97ae-e7e3048c007b"}]}
2026-08-06 02:21:04.333 8 INFO neutron.services.segments.plugin [-] Client error retrieving segment ebac8dfa-902e-4338-8bcf-1b88dd06dcce resource provider; error: Placement Client Error (4xx): {"errors": [{"status": 404, "title": "Not Found", "detail": "The resource could not be found.\n\n No resource provider with uuid ebac8dfa-902e-4338-8bcf-1b88dd06dcce found for delete ", "request_id": "req-950b0f16-cef0-45da-8875-22aa1cd76569"}]} [pid: 8|app: 0|req: 1139/2459] 10.0.0.184 () {32 vars in 726 bytes} [Thu Aug 6 02:21:03 2026] DELETE /v2.0/networks/632f2834-e00d-4663-831b-022fa4621681 => generated 0 bytes in 380 msecs (HTTP/1.1 204) 3 headers in 131 bytes (1 switches on core 0) [pid: 7|app: 0|req: 1321/2460] 10.0.0.184 () {32 vars in 740 bytes} [Thu Aug 6 02:21:04 2026] DELETE /v2.0/security-groups/8a0b59e2-f611-4bc6-bdfa-f881e8944705 => generated 0 bytes in 114 msecs (HTTP/1.1 204) 2 headers in 112 bytes (1 switches on core 0) [pid: 7|app: 0|req: 1322/2461] 10.0.0.184 () {32 vars in 663 bytes} [Thu Aug 6 02:21:04 2026] GET /v2.0/security-groups => generated 2925 bytes in 34 msecs (HTTP/1.1 200) 4 headers in 158 bytes (1 switches on core 0)
2026-08-06 02:21:04.459 7 INFO neutron.api.v2.resource [None req-1dcae2ac-5ac1-4291-bd12-56034b69c625 329d82e16af940988d0c82448eb47502 c7106bb26df444a3b9d8f17b147b6cbb - - default default] delete failed (client error): The resource could not be found. [pid: 7|app: 0|req: 1323/2462] 10.0.0.184 () {32 vars in 740 bytes} [Thu Aug 6 02:21:04 2026] DELETE /v2.0/security-groups/8a0b59e2-f611-4bc6-bdfa-f881e8944705 => generated 146 bytes in 10 msecs (HTTP/1.1 404) 4 headers in 164 bytes (1 switches on core 0)
2026-08-06 02:21:04.483 8 WARNING neutron.scheduler.dhcp_agent_scheduler [None req-38a08675-142d-48f4-a10c-eefe25c9cb96 c05da53d0e8244f5b519e1dc915fb6fa 8ffe899da5c0451d8123399d8ddc2d0a - - default default] No more DHCP agents
2026-08-06 02:21:04.484 8 WARNING neutron.api.rpc.agentnotifiers.dhcp_rpc_agent_api [None req-38a08675-142d-48f4-a10c-eefe25c9cb96 c05da53d0e8244f5b519e1dc915fb6fa 8ffe899da5c0451d8123399d8ddc2d0a - - default default] Unable to schedule network f3eb0277-14d0-4d30-b0de-227d87a26f2d: no agents available; will retry on subsequent port and subnet creation events.
2026-08-06 02:21:04.563 7 INFO neutron.db.ovn_revision_numbers_db [None req-82279ee0-5eaa-4b99-8431-5410958c190c 329d82e16af940988d0c82448eb47502 c7106bb26df444a3b9d8f17b147b6cbb - - default default] Successfully bumped revision number for resource b71de585-d20f-4730-a95f-8988be37c65c (type: security_groups) to 1
2026-08-06 02:21:04.575 7 INFO neutron.db.ovn_revision_numbers_db [None req-82279ee0-5eaa-4b99-8431-5410958c190c 329d82e16af940988d0c82448eb47502 c7106bb26df444a3b9d8f17b147b6cbb - - default default] Successfully bumped revision number for resource 84723737-9db4-444a-9c36-fb8042641643 (type: security_group_rules) to 0
2026-08-06 02:21:04.587 7 INFO neutron.db.ovn_revision_numbers_db [None req-82279ee0-5eaa-4b99-8431-5410958c190c 329d82e16af940988d0c82448eb47502 c7106bb26df444a3b9d8f17b147b6cbb - - default default] Successfully bumped revision number for resource 8f260533-46ac-467e-9e74-b4a17e5b6fdd (type: security_group_rules) to 0 [pid: 7|app: 0|req: 1324/2463] 10.0.0.184 () {34 vars in 684 bytes} [Thu Aug 6 02:21:04 2026] POST /v2.0/security-groups => generated 1624 bytes in 162 msecs (HTTP/1.1 201) 4 headers in 163 bytes (1 switches on core 0)
2026-08-06 02:21:04.764 7 INFO neutron.db.ovn_revision_numbers_db [None req-faaec83b-5767-4ad0-af2b-976a06590e56 329d82e16af940988d0c82448eb47502 c7106bb26df444a3b9d8f17b147b6cbb - - default default] Successfully bumped revision number for resource b68ea0ce-e2e1-42cc-9401-b1c7fb6bf9e9 (type: security_group_rules) to 0 [pid: 7|app: 0|req: 1325/2464] 10.0.0.184 () {34 vars in 695 bytes} [Thu Aug 6 02:21:04 2026] POST /v2.0/security-group-rules => generated 601 bytes in 162 msecs (HTTP/1.1 201) 4 headers in 162 bytes (1 switches on core 0) [pid: 7|app: 0|req: 1326/2465] 10.0.0.184 () {32 vars in 747 bytes} [Thu Aug 6 02:21:04 2026] GET /v2.0/security-group-rules/b68ea0ce-e2e1-42cc-9401-b1c7fb6bf9e9 => generated 601 bytes in 20 msecs (HTTP/1.1 200) 4 headers in 157 bytes (1 switches on core 0)
2026-08-06 02:21:04.900 8 INFO neutron.db.ovn_revision_numbers_db [None req-64f3f0ab-c45b-412b-ad51-f144d89d6dd4 - - - - - -] Successfully bumped revision number for resource 4864d163-f454-4843-b513-756dd3d0a19f (type: ports) to 2 [pid: 7|app: 0|req: 1327/2466] 10.0.0.184 () {32 vars in 673 bytes} [Thu Aug 6 02:21:04 2026] GET /v2.0/security-group-rules => generated 4138 bytes in 82 msecs (HTTP/1.1 200) 4 headers in 158 bytes (1 switches on core 0)
2026-08-06 02:21:04.934 8 INFO neutron.db.ovn_revision_numbers_db [None req-64f3f0ab-c45b-412b-ad51-f144d89d6dd4 - - - - - -] Successfully bumped revision number for resource 10340d93-c428-47f6-a538-d58ec1cf8559 (type: subnets) to 0 [pid: 8|app: 0|req: 1140/2467] 10.0.0.184 () {34 vars in 669 bytes} [Thu Aug 6 02:21:04 2026] POST /v2.0/subnets => generated 687 bytes in 595 msecs (HTTP/1.1 201) 4 headers in 162 bytes (1 switches on core 0) [pid: 7|app: 0|req: 1328/2468] 10.0.0.184 () {32 vars in 750 bytes} [Thu Aug 6 02:21:04 2026] DELETE /v2.0/security-group-rules/b68ea0ce-e2e1-42cc-9401-b1c7fb6bf9e9 => generated 0 bytes in 114 msecs (HTTP/1.1 204) 2 headers in 112 bytes (1 switches on core 0)
2026-08-06 02:21:05.152 8 INFO neutron.db.ovn_revision_numbers_db [None req-692aa8e6-21b6-4b16-9a7a-67e81ead58da c05da53d0e8244f5b519e1dc915fb6fa 8ffe899da5c0451d8123399d8ddc2d0a - - default default] Successfully bumped revision number for resource 3142aa1d-ae88-467a-88b6-caa3d7635373 (type: security_groups) to 1
2026-08-06 02:21:05.166 8 INFO neutron.db.ovn_revision_numbers_db [None req-692aa8e6-21b6-4b16-9a7a-67e81ead58da c05da53d0e8244f5b519e1dc915fb6fa 8ffe899da5c0451d8123399d8ddc2d0a - - default default] Successfully bumped revision number for resource 252d2fb9-861f-4b75-9f86-06cb745f9461 (type: security_group_rules) to 0
2026-08-06 02:21:05.180 8 INFO neutron.db.ovn_revision_numbers_db [None req-692aa8e6-21b6-4b16-9a7a-67e81ead58da c05da53d0e8244f5b519e1dc915fb6fa 8ffe899da5c0451d8123399d8ddc2d0a - - default default] Successfully bumped revision number for resource 3c57fa38-64c6-4a7a-9545-c88c3d942d39 (type: security_group_rules) to 0
2026-08-06 02:21:05.193 8 INFO neutron.db.ovn_revision_numbers_db [None req-692aa8e6-21b6-4b16-9a7a-67e81ead58da c05da53d0e8244f5b519e1dc915fb6fa 8ffe899da5c0451d8123399d8ddc2d0a - - default default] Successfully bumped revision number for resource c003e1b5-b8c1-45fb-abe8-7dd0af290844 (type: security_group_rules) to 0
