2026-09-09 21:39:26.934 8 INFO placement.requestlog [None req-77c4533c-a272-401d-bcbe-771a86505e4b 58bdf8709df8472cb65d471cd96a4e95 472e21763c2444769899a8199f621e86 - - 6b4dac9143bf4705ac71f4977eac439a 6b4dac9143bf4705ac71f4977eac439a] 10.0.0.31 "GET /resource_providers/88ff2910-dd46-49a6-b9a3-b41d9208c4fb/aggregates" status: 404 len: 235 microversion: 1.1 [pid: 8|app: 0|req: 527/1045] 10.0.0.31 () {32 vars in 815 bytes} [Wed Sep 9 21:39:26 2026] GET /resource_providers/88ff2910-dd46-49a6-b9a3-b41d9208c4fb/aggregates => generated 235 bytes in 11 msecs (HTTP/1.1 404) 5 headers in 202 bytes (1 switches on core 0)
2026-09-09 21:39:26.951 7 INFO placement.requestlog [None req-61adb14e-b58f-4e84-bab2-89294bd228e7 58bdf8709df8472cb65d471cd96a4e95 472e21763c2444769899a8199f621e86 - - 6b4dac9143bf4705ac71f4977eac439a 6b4dac9143bf4705ac71f4977eac439a] 10.0.0.31 "DELETE /resource_providers/88ff2910-dd46-49a6-b9a3-b41d9208c4fb" status: 404 len: 246 microversion: 1.1 [pid: 7|app: 0|req: 519/1046] 10.0.0.31 () {34 vars in 815 bytes} [Wed Sep 9 21:39:26 2026] DELETE /resource_providers/88ff2910-dd46-49a6-b9a3-b41d9208c4fb => generated 246 bytes in 7 msecs (HTTP/1.1 404) 6 headers in 231 bytes (1 switches on core 0)
2026-09-09 21:39:26.958 8 INFO placement.requestlog [None req-763c148f-63bb-435c-99d9-adf176145570 58bdf8709df8472cb65d471cd96a4e95 472e21763c2444769899a8199f621e86 - - 6b4dac9143bf4705ac71f4977eac439a 6b4dac9143bf4705ac71f4977eac439a] 10.0.0.31 "DELETE /resource_providers/88ff2910-dd46-49a6-b9a3-b41d9208c4fb" status: 404 len: 246 microversion: 1.1 [pid: 8|app: 0|req: 528/1047] 10.0.0.31 () {34 vars in 815 bytes} [Wed Sep 9 21:39:26 2026] DELETE /resource_providers/88ff2910-dd46-49a6-b9a3-b41d9208c4fb => generated 246 bytes in 11 msecs (HTTP/1.1 404) 6 headers in 231 bytes (1 switches on core 0)
2026-09-09 21:39:27.063 8 INFO placement.requestlog [None req-91a28d5e-0e75-4ac3-aedc-b13f4cec3483 58bdf8709df8472cb65d471cd96a4e95 472e21763c2444769899a8199f621e86 - - 6b4dac9143bf4705ac71f4977eac439a 6b4dac9143bf4705ac71f4977eac439a] 10.0.0.31 "GET /resource_providers/a7f29533-1105-4b1d-8943-c8d266d96aed/aggregates" status: 404 len: 235 microversion: 1.1 [pid: 8|app: 0|req: 529/1048] 10.0.0.31 () {32 vars in 815 bytes} [Wed Sep 9 21:39:27 2026] GET /resource_providers/a7f29533-1105-4b1d-8943-c8d266d96aed/aggregates => generated 235 bytes in 10 msecs (HTTP/1.1 404) 5 headers in 202 bytes (1 switches on core 0)
2026-09-09 21:39:27.064 7 INFO placement.requestlog [None req-d4a4d14b-a8d8-4138-b28c-1e1f608db6e0 58bdf8709df8472cb65d471cd96a4e95 472e21763c2444769899a8199f621e86 - - 6b4dac9143bf4705ac71f4977eac439a 6b4dac9143bf4705ac71f4977eac439a] 10.0.0.31 "GET /resource_providers/a7f29533-1105-4b1d-8943-c8d266d96aed/aggregates" status: 404 len: 235 microversion: 1.1 [pid: 7|app: 0|req: 520/1049] 10.0.0.31 () {32 vars in 815 bytes} [Wed Sep 9 21:39:27 2026] GET /resource_providers/a7f29533-1105-4b1d-8943-c8d266d96aed/aggregates => generated 235 bytes in 14 msecs (HTTP/1.1 404) 5 headers in 202 bytes (1 switches on core 0)
2026-09-09 21:39:27.081 8 INFO placement.requestlog [None req-0569f942-aa9e-4735-b90a-f7acafd6dc6e 58bdf8709df8472cb65d471cd96a4e95 472e21763c2444769899a8199f621e86 - - 6b4dac9143bf4705ac71f4977eac439a 6b4dac9143bf4705ac71f4977eac439a] 10.0.0.31 "DELETE /resource_providers/a7f29533-1105-4b1d-8943-c8d266d96aed" status: 404 len: 246 microversion: 1.1 [pid: 8|app: 0|req: 530/1050] 10.0.0.31 () {34 vars in 815 bytes} [Wed Sep 9 21:39:27 2026] DELETE /resource_providers/a7f29533-1105-4b1d-8943-c8d266d96aed => generated 246 bytes in 8 msecs (HTTP/1.1 404) 6 headers in 231 bytes (1 switches on core 0)
2026-09-09 21:39:27.093 7 INFO placement.requestlog [None req-fe807543-12e4-4df8-a580-aba0fafa4d6e 58bdf8709df8472cb65d471cd96a4e95 472e21763c2444769899a8199f621e86 - - 6b4dac9143bf4705ac71f4977eac439a 6b4dac9143bf4705ac71f4977eac439a] 10.0.0.31 "DELETE /resource_providers/a7f29533-1105-4b1d-8943-c8d266d96aed" status: 404 len: 246 microversion: 1.1 [pid: 7|app: 0|req: 521/1051] 10.0.0.31 () {34 vars in 815 bytes} [Wed Sep 9 21:39:27 2026] DELETE /resource_providers/a7f29533-1105-4b1d-8943-c8d266d96aed => generated 246 bytes in 12 msecs (HTTP/1.1 404) 6 headers in 231 bytes (1 switches on core 0)
2026-09-09 21:39:28.975 8 INFO placement.requestlog [None req-c6dbab82-57eb-45f7-bbb0-02d668e157f9 58bdf8709df8472cb65d471cd96a4e95 472e21763c2444769899a8199f621e86 - - 6b4dac9143bf4705ac71f4977eac439a 6b4dac9143bf4705ac71f4977eac439a] 10.0.0.31 "GET /resource_providers/703bdaa4-98cb-4bed-8a31-a9e9fee4fd26/aggregates" status: 404 len: 235 microversion: 1.1 [pid: 8|app: 0|req: 531/1052] 10.0.0.31 () {32 vars in 815 bytes} [Wed Sep 9 21:39:28 2026] GET /resource_providers/703bdaa4-98cb-4bed-8a31-a9e9fee4fd26/aggregates => generated 235 bytes in 16 msecs (HTTP/1.1 404) 5 headers in 202 bytes (1 switches on core 0)
2026-09-09 21:39:28.976 7 INFO placement.requestlog [None req-3e5936ae-06b1-48eb-a79f-cc59cfe0f3fc 58bdf8709df8472cb65d471cd96a4e95 472e21763c2444769899a8199f621e86 - - 6b4dac9143bf4705ac71f4977eac439a 6b4dac9143bf4705ac71f4977eac439a] 10.0.0.31 "GET /resource_providers/703bdaa4-98cb-4bed-8a31-a9e9fee4fd26/aggregates" status: 404 len: 235 microversion: 1.1 [pid: 7|app: 0|req: 522/1053] 10.0.0.31 () {32 vars in 815 bytes} [Wed Sep 9 21:39:28 2026] GET /resource_providers/703bdaa4-98cb-4bed-8a31-a9e9fee4fd26/aggregates => generated 235 bytes in 13 msecs (HTTP/1.1 404) 5 headers in 202 bytes (1 switches on core 0)
2026-09-09 21:39:28.998 7 INFO placement.requestlog [None req-93931b5f-8977-46b4-ac45-40a81984da61 58bdf8709df8472cb65d471cd96a4e95 472e21763c2444769899a8199f621e86 - - 6b4dac9143bf4705ac71f4977eac439a 6b4dac9143bf4705ac71f4977eac439a] 10.0.0.31 "DELETE /resource_providers/703bdaa4-98cb-4bed-8a31-a9e9fee4fd26" status: 404 len: 246 microversion: 1.1 [pid: 7|app: 0|req: 523/1054] 10.0.0.31 () {34 vars in 815 bytes} [Wed Sep 9 21:39:28 2026] DELETE /resource_providers/703bdaa4-98cb-4bed-8a31-a9e9fee4fd26 => generated 246 bytes in 11 msecs (HTTP/1.1 404) 6 headers in 231 bytes (1 switches on core 0)
2026-09-09 21:39:29.002 8 INFO placement.requestlog [None req-1a793783-cb87-4c3e-8593-58f3e3a53b70 58bdf8709df8472cb65d471cd96a4e95 472e21763c2444769899a8199f621e86 - - 6b4dac9143bf4705ac71f4977eac439a 6b4dac9143bf4705ac71f4977eac439a] 10.0.0.31 "DELETE /resource_providers/703bdaa4-98cb-4bed-8a31-a9e9fee4fd26" status: 404 len: 246 microversion: 1.1 [pid: 8|app: 0|req: 532/1055] 10.0.0.31 () {34 vars in 815 bytes} [Wed Sep 9 21:39:28 2026] DELETE /resource_providers/703bdaa4-98cb-4bed-8a31-a9e9fee4fd26 => generated 246 bytes in 17 msecs (HTTP/1.1 404) 6 headers in 231 bytes (1 switches on core 0)
2026-09-09 21:39:29.014 7 INFO placement.requestlog [None req-5cc58d79-7cac-45bf-ad8d-f3662b913247 58bdf8709df8472cb65d471cd96a4e95 472e21763c2444769899a8199f621e86 - - 6b4dac9143bf4705ac71f4977eac439a 6b4dac9143bf4705ac71f4977eac439a] 10.0.0.31 "GET /resource_providers/6f0275fc-e7c9-4f6c-9850-a9b48061434d/aggregates" status: 404 len: 235 microversion: 1.1 [pid: 7|app: 0|req: 524/1056] 10.0.0.31 () {32 vars in 815 bytes} [Wed Sep 9 21:39:29 2026] GET /resource_providers/6f0275fc-e7c9-4f6c-9850-a9b48061434d/aggregates => generated 235 bytes in 7 msecs (HTTP/1.1 404) 5 headers in 202 bytes (1 switches on core 0)
2026-09-09 21:39:29.021 8 INFO placement.requestlog [None req-c872688a-7eb9-4c83-81f6-3a739ba181dd 58bdf8709df8472cb65d471cd96a4e95 472e21763c2444769899a8199f621e86 - - 6b4dac9143bf4705ac71f4977eac439a 6b4dac9143bf4705ac71f4977eac439a] 10.0.0.31 "GET /resource_providers/6f0275fc-e7c9-4f6c-9850-a9b48061434d/aggregates" status: 404 len: 235 microversion: 1.1 [pid: 8|app: 0|req: 533/1057] 10.0.0.31 () {32 vars in 815 bytes} [Wed Sep 9 21:39:29 2026] GET /resource_providers/6f0275fc-e7c9-4f6c-9850-a9b48061434d/aggregates => generated 235 bytes in 9 msecs (HTTP/1.1 404) 5 headers in 202 bytes (1 switches on core 0)
2026-09-09 21:39:29.034 7 INFO placement.requestlog [None req-08298c5f-1075-461c-87bc-014b8887751c 58bdf8709df8472cb65d471cd96a4e95 472e21763c2444769899a8199f621e86 - - 6b4dac9143bf4705ac71f4977eac439a 6b4dac9143bf4705ac71f4977eac439a] 10.0.0.31 "DELETE /resource_providers/6f0275fc-e7c9-4f6c-9850-a9b48061434d" status: 404 len: 246 microversion: 1.1 [pid: 7|app: 0|req: 525/1058] 10.0.0.31 () {34 vars in 815 bytes} [Wed Sep 9 21:39:29 2026] DELETE /resource_providers/6f0275fc-e7c9-4f6c-9850-a9b48061434d => generated 246 bytes in 14 msecs (HTTP/1.1 404) 6 headers in 231 bytes (1 switches on core 0)
2026-09-09 21:39:29.055 8 INFO placement.requestlog [None req-5d8c48dc-dbae-4033-a766-42fc9f5be886 58bdf8709df8472cb65d471cd96a4e95 472e21763c2444769899a8199f621e86 - - 6b4dac9143bf4705ac71f4977eac439a 6b4dac9143bf4705ac71f4977eac439a] 10.0.0.31 "DELETE /resource_providers/6f0275fc-e7c9-4f6c-9850-a9b48061434d" status: 404 len: 246 microversion: 1.1 [pid: 8|app: 0|req: 534/1059] 10.0.0.31 () {34 vars in 815 bytes} [Wed Sep 9 21:39:29 2026] DELETE /resource_providers/6f0275fc-e7c9-4f6c-9850-a9b48061434d => generated 246 bytes in 26 msecs (HTTP/1.1 404) 6 headers in 231 bytes (1 switches on core 0)
2026-09-09 21:39:29.097 7 INFO placement.requestlog [None req-67a84879-04d8-4eee-a9e1-939e32699f38 58bdf8709df8472cb65d471cd96a4e95 472e21763c2444769899a8199f621e86 - - 6b4dac9143bf4705ac71f4977eac439a 6b4dac9143bf4705ac71f4977eac439a] 10.0.0.31 "GET /resource_providers/adba76b9-51de-4af2-9650-aec5945b5079/aggregates" status: 404 len: 235 microversion: 1.1 [pid: 7|app: 0|req: 526/1060] 10.0.0.31 () {32 vars in 815 bytes} [Wed Sep 9 21:39:29 2026] GET /resource_providers/adba76b9-51de-4af2-9650-aec5945b5079/aggregates => generated 235 bytes in 8 msecs (HTTP/1.1 404) 5 headers in 202 bytes (1 switches on core 0)
2026-09-09 21:39:29.120 8 INFO placement.requestlog [None req-1181a821-6525-4a89-be1b-211a9d411dd6 58bdf8709df8472cb65d471cd96a4e95 472e21763c2444769899a8199f621e86 - - 6b4dac9143bf4705ac71f4977eac439a 6b4dac9143bf4705ac71f4977eac439a] 10.0.0.31 "GET /resource_providers/adba76b9-51de-4af2-9650-aec5945b5079/aggregates" status: 404 len: 235 microversion: 1.1 [pid: 8|app: 0|req: 535/1061] 10.0.0.31 () {32 vars in 815 bytes} [Wed Sep 9 21:39:29 2026] GET /resource_providers/adba76b9-51de-4af2-9650-aec5945b5079/aggregates => generated 235 bytes in 7 msecs (HTTP/1.1 404) 5 headers in 202 bytes (1 switches on core 0)
2026-09-09 21:39:29.129 7 INFO placement.requestlog [None req-b79a79af-8063-46b3-98b9-734cb0295db0 58bdf8709df8472cb65d471cd96a4e95 472e21763c2444769899a8199f621e86 - - 6b4dac9143bf4705ac71f4977eac439a 6b4dac9143bf4705ac71f4977eac439a] 10.0.0.31 "DELETE /resource_providers/adba76b9-51de-4af2-9650-aec5945b5079" status: 404 len: 246 microversion: 1.1 [pid: 7|app: 0|req: 527/1062] 10.0.0.31 () {34 vars in 815 bytes} [Wed Sep 9 21:39:29 2026] DELETE /resource_providers/adba76b9-51de-4af2-9650-aec5945b5079 => generated 246 bytes in 16 msecs (HTTP/1.1 404) 6 headers in 231 bytes (1 switches on core 0)
2026-09-09 21:39:29.144 8 INFO placement.requestlog [None req-1202ca94-975b-4e47-b5c1-0d31b92abc71 58bdf8709df8472cb65d471cd96a4e95 472e21763c2444769899a8199f621e86 - - 6b4dac9143bf4705ac71f4977eac439a 6b4dac9143bf4705ac71f4977eac439a] 10.0.0.31 "DELETE /resource_providers/adba76b9-51de-4af2-9650-aec5945b5079" status: 404 len: 246 microversion: 1.1 [pid: 8|app: 0|req: 536/1063] 10.0.0.31 () {34 vars in 815 bytes} [Wed Sep 9 21:39:29 2026] DELETE /resource_providers/adba76b9-51de-4af2-9650-aec5945b5079 => generated 246 bytes in 14 msecs (HTTP/1.1 404) 6 headers in 231 bytes (1 switches on core 0)
2026-09-09 21:39:31.741 8 INFO placement.requestlog [None req-759fca4e-abeb-48b7-bdf1-c7e37d8dac97 58bdf8709df8472cb65d471cd96a4e95 472e21763c2444769899a8199f621e86 - - 6b4dac9143bf4705ac71f4977eac439a 6b4dac9143bf4705ac71f4977eac439a] 10.0.0.31 "GET /resource_providers/92f1fa71-abe0-4f54-8079-ee9dd24bc8c4/aggregates" status: 404 len: 235 microversion: 1.1
2026-09-09 21:39:31.741 7 INFO placement.requestlog [None req-707d5a0b-5696-48dd-9fc3-1652b7249d4f 58bdf8709df8472cb65d471cd96a4e95 472e21763c2444769899a8199f621e86 - - 6b4dac9143bf4705ac71f4977eac439a 6b4dac9143bf4705ac71f4977eac439a] 10.0.0.31 "GET /resource_providers/92f1fa71-abe0-4f54-8079-ee9dd24bc8c4/aggregates" status: 404 len: 235 microversion: 1.1 [pid: 8|app: 0|req: 537/1064] 10.0.0.31 () {32 vars in 815 bytes} [Wed Sep 9 21:39:31 2026] GET /resource_providers/92f1fa71-abe0-4f54-8079-ee9dd24bc8c4/aggregates => generated 235 bytes in 11 msecs (HTTP/1.1 404) 5 headers in 202 bytes (1 switches on core 0) [pid: 7|app: 0|req: 528/1065] 10.0.0.31 () {32 vars in 815 bytes} [Wed Sep 9 21:39:31 2026] GET /resource_providers/92f1fa71-abe0-4f54-8079-ee9dd24bc8c4/aggregates => generated 235 bytes in 14 msecs (HTTP/1.1 404) 5 headers in 202 bytes (1 switches on core 0)
2026-09-09 21:39:31.764 8 INFO placement.requestlog [None req-66cad2ca-e3b7-4d0f-b02d-8190f0abd2ac 58bdf8709df8472cb65d471cd96a4e95 472e21763c2444769899a8199f621e86 - - 6b4dac9143bf4705ac71f4977eac439a 6b4dac9143bf4705ac71f4977eac439a] 10.0.0.31 "DELETE /resource_providers/92f1fa71-abe0-4f54-8079-ee9dd24bc8c4" status: 404 len: 246 microversion: 1.1 [pid: 8|app: 0|req: 538/1066] 10.0.0.31 () {34 vars in 815 bytes} [Wed Sep 9 21:39:31 2026] DELETE /resource_providers/92f1fa71-abe0-4f54-8079-ee9dd24bc8c4 => generated 246 bytes in 10 msecs (HTTP/1.1 404) 6 headers in 231 bytes (1 switches on core 0)
2026-09-09 21:39:31.772 7 INFO placement.requestlog [None req-952b0bf2-0c13-4e1d-979b-26798ee7c35e 58bdf8709df8472cb65d471cd96a4e95 472e21763c2444769899a8199f621e86 - - 6b4dac9143bf4705ac71f4977eac439a 6b4dac9143bf4705ac71f4977eac439a] 10.0.0.31 "DELETE /resource_providers/92f1fa71-abe0-4f54-8079-ee9dd24bc8c4" status: 404 len: 246 microversion: 1.1 [pid: 7|app: 0|req: 529/1067] 10.0.0.31 () {34 vars in 815 bytes} [Wed Sep 9 21:39:31 2026] DELETE /resource_providers/92f1fa71-abe0-4f54-8079-ee9dd24bc8c4 => generated 246 bytes in 13 msecs (HTTP/1.1 404) 6 headers in 231 bytes (1 switches on core 0)
2026-09-09 21:39:35.423 8 INFO placement.requestlog [None req-11e3baeb-2e34-4bfb-be3c-ee0b22d867e4 - - - - - -] 10.0.0.93 "GET /" status: 200 len: 136 microversion: 1.0
2026-09-09 21:39:35.424 7 INFO placement.requestlog [None req-f15257ef-4f77-4d42-b3f2-98a110d5532f - - - - - -] 10.0.0.93 "GET /" status: 200 len: 136 microversion: 1.0
2026-09-09 21:39:36.502 8 INFO placement.requestlog [req-2e35d30e-6ec7-4e29-9299-c77dd4962dfc req-d479ba04-d3f2-43c5-9cb8-18c4337daff0 b869bae05e274250ab2bf1add890288d 472e21763c2444769899a8199f621e86 - - 6b4dac9143bf4705ac71f4977eac439a 6b4dac9143bf4705ac71f4977eac439a] 10.0.0.244 "GET /allocation_candidates?limit=1000&resources=DISK_GB%3A1%2CMEMORY_MB%3A512%2CVCPU%3A1&root_required=%21COMPUTE_STATUS_DISABLED" status: 200 len: 2445 microversion: 1.36 [pid: 8|app: 0|req: 540/1070] 10.0.0.244 () {34 vars in 1012 bytes} [Wed Sep 9 21:39:36 2026] GET /allocation_candidates?limit=1000&resources=DISK_GB%3A1%2CMEMORY_MB%3A512%2CVCPU%3A1&root_required=%21COMPUTE_STATUS_DISABLED => generated 2445 bytes in 33 msecs (HTTP/1.1 200) 8 headers in 297 bytes (1 switches on core 0)
2026-09-09 21:39:36.527 7 INFO placement.requestlog [req-2e35d30e-6ec7-4e29-9299-c77dd4962dfc req-64d380ee-e189-41fb-af53-1cd9e0b48bd1 b869bae05e274250ab2bf1add890288d 472e21763c2444769899a8199f621e86 - - 6b4dac9143bf4705ac71f4977eac439a 6b4dac9143bf4705ac71f4977eac439a] 10.0.0.244 "GET /allocations/19e081de-87c2-40a8-8b16-f2e7731ee97d" status: 200 len: 19 microversion: 1.28 [pid: 7|app: 0|req: 531/1071] 10.0.0.244 () {34 vars in 861 bytes} [Wed Sep 9 21:39:36 2026] GET /allocations/19e081de-87c2-40a8-8b16-f2e7731ee97d => generated 19 bytes in 9 msecs (HTTP/1.1 200) 8 headers in 295 bytes (1 switches on core 0)
2026-09-09 21:39:36.568 8 INFO placement.requestlog [req-2e35d30e-6ec7-4e29-9299-c77dd4962dfc req-9b111073-ab52-45bd-a936-acf1d133d2ea b869bae05e274250ab2bf1add890288d 472e21763c2444769899a8199f621e86 - - 6b4dac9143bf4705ac71f4977eac439a 6b4dac9143bf4705ac71f4977eac439a] 10.0.0.244 "PUT /allocations/19e081de-87c2-40a8-8b16-f2e7731ee97d" status: 204 len: 0 microversion: 1.36 [pid: 8|app: 0|req: 541/1072] 10.0.0.244 () {38 vars in 914 bytes} [Wed Sep 9 21:39:36 2026] PUT /allocations/19e081de-87c2-40a8-8b16-f2e7731ee97d => generated 0 bytes in 36 msecs (HTTP/1.1 204) 5 headers in 199 bytes (1 switches on core 0)
2026-09-09 21:39:38.176 7 INFO placement.requestlog [req-2e35d30e-6ec7-4e29-9299-c77dd4962dfc req-6c38dc8b-db1d-4d4a-b995-c06a6c2a9d33 b869bae05e274250ab2bf1add890288d 472e21763c2444769899a8199f621e86 - - 6b4dac9143bf4705ac71f4977eac439a 6b4dac9143bf4705ac71f4977eac439a] 162.253.55.112 "GET /allocations/19e081de-87c2-40a8-8b16-f2e7731ee97d" status: 200 len: 258 microversion: 1.28 [pid: 7|app: 0|req: 532/1073] 162.253.55.112 () {34 vars in 863 bytes} [Wed Sep 9 21:39:38 2026] GET /allocations/19e081de-87c2-40a8-8b16-f2e7731ee97d => generated 258 bytes in 13 msecs (HTTP/1.1 200) 8 headers in 296 bytes (1 switches on core 0)
2026-09-09 21:39:39.226 8 INFO placement.requestlog [req-2e35d30e-6ec7-4e29-9299-c77dd4962dfc req-0de16d35-a82e-4baa-8f2d-f3d65403a891 b869bae05e274250ab2bf1add890288d 472e21763c2444769899a8199f621e86 - - 6b4dac9143bf4705ac71f4977eac439a 6b4dac9143bf4705ac71f4977eac439a] 162.253.55.112 "GET /resource_providers/d0bfe84f-22db-4f59-9e22-7d6a69fe7d49/allocations" status: 200 len: 453 microversion: 1.0 [pid: 8|app: 0|req: 542/1074] 162.253.55.112 () {32 vars in 857 bytes} [Wed Sep 9 21:39:39 2026] GET /resource_providers/d0bfe84f-22db-4f59-9e22-7d6a69fe7d49/allocations => generated 453 bytes in 21 msecs (HTTP/1.1 200) 6 headers in 224 bytes (1 switches on core 0)
2026-09-09 21:39:39.251 7 INFO placement.requestlog [req-2e35d30e-6ec7-4e29-9299-c77dd4962dfc req-bce0fa67-5959-4b3f-90c8-824675d6fc10 b869bae05e274250ab2bf1add890288d 472e21763c2444769899a8199f621e86 - - 6b4dac9143bf4705ac71f4977eac439a 6b4dac9143bf4705ac71f4977eac439a] 162.253.55.112 "GET /allocations/976de8ac-4a73-43b4-95b4-ed8783c7a699" status: 200 len: 258 microversion: 1.28 [pid: 7|app: 0|req: 533/1075] 162.253.55.112 () {34 vars in 863 bytes} [Wed Sep 9 21:39:39 2026] GET /allocations/976de8ac-4a73-43b4-95b4-ed8783c7a699 => generated 258 bytes in 18 msecs (HTTP/1.1 200) 8 headers in 296 bytes (1 switches on core 0)
2026-09-09 21:39:39.270 8 INFO placement.requestlog [req-2e35d30e-6ec7-4e29-9299-c77dd4962dfc req-a39c7363-2bef-4db9-acfc-95ec9624c5ab b869bae05e274250ab2bf1add890288d 472e21763c2444769899a8199f621e86 - - 6b4dac9143bf4705ac71f4977eac439a 6b4dac9143bf4705ac71f4977eac439a] 162.253.55.112 "GET /allocations/1c28290b-eb6d-4971-a015-449ef7e55a6d" status: 200 len: 258 microversion: 1.28 [pid: 8|app: 0|req: 543/1076] 162.253.55.112 () {34 vars in 863 bytes} [Wed Sep 9 21:39:39 2026] GET /allocations/1c28290b-eb6d-4971-a015-449ef7e55a6d => generated 258 bytes in 14 msecs (HTTP/1.1 200) 8 headers in 296 bytes (1 switches on core 0)
2026-09-09 21:39:39.296 7 INFO placement.requestlog [req-2e35d30e-6ec7-4e29-9299-c77dd4962dfc req-bfab2a73-1c7e-431f-9689-8e8c6bdc5027 b869bae05e274250ab2bf1add890288d 472e21763c2444769899a8199f621e86 - - 6b4dac9143bf4705ac71f4977eac439a 6b4dac9143bf4705ac71f4977eac439a] 162.253.55.112 "GET /allocations/bfa1e8ad-edde-4446-a98c-387843639d14" status: 200 len: 258 microversion: 1.28 [pid: 7|app: 0|req: 534/1077] 162.253.55.112 () {34 vars in 863 bytes} [Wed Sep 9 21:39:39 2026] GET /allocations/bfa1e8ad-edde-4446-a98c-387843639d14 => generated 258 bytes in 19 msecs (HTTP/1.1 200) 8 headers in 296 bytes (1 switches on core 0)
2026-09-09 21:39:39.318 8 INFO placement.requestlog [req-2e35d30e-6ec7-4e29-9299-c77dd4962dfc req-b84d163c-aa6f-4df6-8ffb-a4e95d5d66bc b869bae05e274250ab2bf1add890288d 472e21763c2444769899a8199f621e86 - - 6b4dac9143bf4705ac71f4977eac439a 6b4dac9143bf4705ac71f4977eac439a] 162.253.55.112 "GET /allocations/19e081de-87c2-40a8-8b16-f2e7731ee97d" status: 200 len: 258 microversion: 1.28 [pid: 8|app: 0|req: 544/1078] 162.253.55.112 () {34 vars in 863 bytes} [Wed Sep 9 21:39:39 2026] GET /allocations/19e081de-87c2-40a8-8b16-f2e7731ee97d => generated 258 bytes in 15 msecs (HTTP/1.1 200) 8 headers in 296 bytes (1 switches on core 0)
2026-09-09 21:39:45.424 7 INFO placement.requestlog [None req-39977660-cfcb-4c02-a522-29fcf1803f6e - - - - - -] 10.0.0.93 "GET /" status: 200 len: 136 microversion: 1.0
2026-09-09 21:39:45.424 8 INFO placement.requestlog [None req-77e430c3-8da5-4585-864b-3693326a6060 - - - - - -] 10.0.0.93 "GET /" status: 200 len: 136 microversion: 1.0
2026-09-09 21:39:48.866 7 INFO placement.requestlog [None req-1eb7e359-e79b-43d6-9c09-308e105737f6 58bdf8709df8472cb65d471cd96a4e95 472e21763c2444769899a8199f621e86 - - 6b4dac9143bf4705ac71f4977eac439a 6b4dac9143bf4705ac71f4977eac439a] 10.0.0.31 "GET /resource_providers/b1e29744-c0a2-4a3c-bdb7-8d31bd09d182/aggregates" status: 404 len: 235 microversion: 1.1 [pid: 7|app: 0|req: 536/1081] 10.0.0.31 () {32 vars in 815 bytes} [Wed Sep 9 21:39:48 2026] GET /resource_providers/b1e29744-c0a2-4a3c-bdb7-8d31bd09d182/aggregates => generated 235 bytes in 10 msecs (HTTP/1.1 404) 5 headers in 202 bytes (1 switches on core 0)
2026-09-09 21:39:48.871 8 INFO placement.requestlog [None req-afd36846-9df8-460a-9ada-451a04b9fad1 58bdf8709df8472cb65d471cd96a4e95 472e21763c2444769899a8199f621e86 - - 6b4dac9143bf4705ac71f4977eac439a 6b4dac9143bf4705ac71f4977eac439a] 10.0.0.31 "GET /resource_providers/b1e29744-c0a2-4a3c-bdb7-8d31bd09d182/aggregates" status: 404 len: 235 microversion: 1.1 [pid: 8|app: 0|req: 546/1082] 10.0.0.31 () {32 vars in 815 bytes} [Wed Sep 9 21:39:48 2026] GET /resource_providers/b1e29744-c0a2-4a3c-bdb7-8d31bd09d182/aggregates => generated 235 bytes in 14 msecs (HTTP/1.1 404) 5 headers in 202 bytes (1 switches on core 0)
2026-09-09 21:39:48.891 7 INFO placement.requestlog [None req-73292e8a-f1f8-49b5-a7e3-8aacc5156107 58bdf8709df8472cb65d471cd96a4e95 472e21763c2444769899a8199f621e86 - - 6b4dac9143bf4705ac71f4977eac439a 6b4dac9143bf4705ac71f4977eac439a] 10.0.0.31 "DELETE /resource_providers/b1e29744-c0a2-4a3c-bdb7-8d31bd09d182" status: 404 len: 246 microversion: 1.1 [pid: 7|app: 0|req: 537/1083] 10.0.0.31 () {34 vars in 815 bytes} [Wed Sep 9 21:39:48 2026] DELETE /resource_providers/b1e29744-c0a2-4a3c-bdb7-8d31bd09d182 => generated 246 bytes in 12 msecs (HTTP/1.1 404) 6 headers in 231 bytes (1 switches on core 0)
2026-09-09 21:39:48.897 8 INFO placement.requestlog [None req-90f395c0-0bfa-4c02-87a4-9ffedac9979d 58bdf8709df8472cb65d471cd96a4e95 472e21763c2444769899a8199f621e86 - - 6b4dac9143bf4705ac71f4977eac439a 6b4dac9143bf4705ac71f4977eac439a] 10.0.0.31 "DELETE /resource_providers/b1e29744-c0a2-4a3c-bdb7-8d31bd09d182" status: 404 len: 246 microversion: 1.1 [pid: 8|app: 0|req: 547/1084] 10.0.0.31 () {34 vars in 815 bytes} [Wed Sep 9 21:39:48 2026] DELETE /resource_providers/b1e29744-c0a2-4a3c-bdb7-8d31bd09d182 => generated 246 bytes in 12 msecs (HTTP/1.1 404) 6 headers in 231 bytes (1 switches on core 0)
2026-09-09 21:39:49.093 8 INFO placement.requestlog [None req-d0358dfa-0df4-4c13-a2c6-78b5f7fbebef 58bdf8709df8472cb65d471cd96a4e95 472e21763c2444769899a8199f621e86 - - 6b4dac9143bf4705ac71f4977eac439a 6b4dac9143bf4705ac71f4977eac439a] 10.0.0.31 "GET /resource_providers/a2bf3535-350e-4036-baf0-2331008d9ab9/aggregates" status: 404 len: 235 microversion: 1.1
2026-09-09 21:39:49.093 7 INFO placement.requestlog [None req-876c570d-8dbe-46c1-a742-80dd1896b07d 58bdf8709df8472cb65d471cd96a4e95 472e21763c2444769899a8199f621e86 - - 6b4dac9143bf4705ac71f4977eac439a 6b4dac9143bf4705ac71f4977eac439a] 10.0.0.31 "GET /resource_providers/a2bf3535-350e-4036-baf0-2331008d9ab9/aggregates" status: 404 len: 235 microversion: 1.1 [pid: 7|app: 0|req: 538/1085] 10.0.0.31 () {32 vars in 815 bytes} [Wed Sep 9 21:39:49 2026] GET /resource_providers/a2bf3535-350e-4036-baf0-2331008d9ab9/aggregates => generated 235 bytes in 18 msecs (HTTP/1.1 404) 5 headers in 202 bytes (1 switches on core 0) [pid: 8|app: 0|req: 548/1086] 10.0.0.31 () {32 vars in 815 bytes} [Wed Sep 9 21:39:49 2026] GET /resource_providers/a2bf3535-350e-4036-baf0-2331008d9ab9/aggregates => generated 235 bytes in 14 msecs (HTTP/1.1 404) 5 headers in 202 bytes (1 switches on core 0)
2026-09-09 21:39:49.117 7 INFO placement.requestlog [None req-8e47e6e5-c81d-4c09-88b1-33f63f5679a3 58bdf8709df8472cb65d471cd96a4e95 472e21763c2444769899a8199f621e86 - - 6b4dac9143bf4705ac71f4977eac439a 6b4dac9143bf4705ac71f4977eac439a] 10.0.0.31 "DELETE /resource_providers/a2bf3535-350e-4036-baf0-2331008d9ab9" status: 404 len: 246 microversion: 1.1 [pid: 7|app: 0|req: 539/1087] 10.0.0.31 () {34 vars in 815 bytes} [Wed Sep 9 21:39:49 2026] DELETE /resource_providers/a2bf3535-350e-4036-baf0-2331008d9ab9 => generated 246 bytes in 11 msecs (HTTP/1.1 404) 6 headers in 231 bytes (1 switches on core 0)
2026-09-09 21:39:49.122 8 INFO placement.requestlog [None req-a144128b-1360-4324-822e-3d256a16150c 58bdf8709df8472cb65d471cd96a4e95 472e21763c2444769899a8199f621e86 - - 6b4dac9143bf4705ac71f4977eac439a 6b4dac9143bf4705ac71f4977eac439a] 10.0.0.31 "DELETE /resource_providers/a2bf3535-350e-4036-baf0-2331008d9ab9" status: 404 len: 246 microversion: 1.1 [pid: 8|app: 0|req: 549/1088] 10.0.0.31 () {34 vars in 815 bytes} [Wed Sep 9 21:39:49 2026] DELETE /resource_providers/a2bf3535-350e-4036-baf0-2331008d9ab9 => generated 246 bytes in 15 msecs (HTTP/1.1 404) 6 headers in 231 bytes (1 switches on core 0)
2026-09-09 21:39:51.140 7 INFO placement.requestlog [None req-4f528531-3fd4-4e9b-b95c-96aba7e1e8a3 58bdf8709df8472cb65d471cd96a4e95 472e21763c2444769899a8199f621e86 - - 6b4dac9143bf4705ac71f4977eac439a 6b4dac9143bf4705ac71f4977eac439a] 10.0.0.31 "GET /resource_providers/ce70f6b2-cd83-4043-a3ac-21e76b4dcc42/aggregates" status: 404 len: 235 microversion: 1.1 [pid: 7|app: 0|req: 540/1089] 10.0.0.31 () {32 vars in 815 bytes} [Wed Sep 9 21:39:51 2026] GET /resource_providers/ce70f6b2-cd83-4043-a3ac-21e76b4dcc42/aggregates => generated 235 bytes in 10 msecs (HTTP/1.1 404) 5 headers in 202 bytes (1 switches on core 0)
2026-09-09 21:39:51.149 8 INFO placement.requestlog [None req-20f42308-656c-41ed-99a6-9b0841117c6f 58bdf8709df8472cb65d471cd96a4e95 472e21763c2444769899a8199f621e86 - - 6b4dac9143bf4705ac71f4977eac439a 6b4dac9143bf4705ac71f4977eac439a] 10.0.0.31 "GET /resource_providers/ce70f6b2-cd83-4043-a3ac-21e76b4dcc42/aggregates" status: 404 len: 235 microversion: 1.1 [pid: 8|app: 0|req: 550/1090] 10.0.0.31 () {32 vars in 815 bytes} [Wed Sep 9 21:39:51 2026] GET /resource_providers/ce70f6b2-cd83-4043-a3ac-21e76b4dcc42/aggregates => generated 235 bytes in 15 msecs (HTTP/1.1 404) 5 headers in 202 bytes (1 switches on core 0)
2026-09-09 21:39:51.156 7 INFO placement.requestlog [None req-b3a7be05-043a-4c16-821b-7778c1ced3da 58bdf8709df8472cb65d471cd96a4e95 472e21763c2444769899a8199f621e86 - - 6b4dac9143bf4705ac71f4977eac439a 6b4dac9143bf4705ac71f4977eac439a] 10.0.0.31 "DELETE /resource_providers/ce70f6b2-cd83-4043-a3ac-21e76b4dcc42" status: 404 len: 246 microversion: 1.1 [pid: 7|app: 0|req: 541/1091] 10.0.0.31 () {34 vars in 815 bytes} [Wed Sep 9 21:39:51 2026] DELETE /resource_providers/ce70f6b2-cd83-4043-a3ac-21e76b4dcc42 => generated 246 bytes in 8 msecs (HTTP/1.1 404) 6 headers in 231 bytes (1 switches on core 0)
2026-09-09 21:39:51.172 7 INFO placement.requestlog [None req-400f036b-c55a-4178-914f-16078777b130 58bdf8709df8472cb65d471cd96a4e95 472e21763c2444769899a8199f621e86 - - 6b4dac9143bf4705ac71f4977eac439a 6b4dac9143bf4705ac71f4977eac439a] 10.0.0.31 "GET /resource_providers/555de9d2-82c8-4e94-bce0-ac48eb7b3194/aggregates" status: 404 len: 235 microversion: 1.1 [pid: 7|app: 0|req: 542/1092] 10.0.0.31 () {32 vars in 815 bytes} [Wed Sep 9 21:39:51 2026] GET /resource_providers/555de9d2-82c8-4e94-bce0-ac48eb7b3194/aggregates => generated 235 bytes in 7 msecs (HTTP/1.1 404) 5 headers in 202 bytes (1 switches on core 0)
2026-09-09 21:39:51.177 8 INFO placement.requestlog [None req-e7609581-310c-4ea1-910a-ad9e43297c3c 58bdf8709df8472cb65d471cd96a4e95 472e21763c2444769899a8199f621e86 - - 6b4dac9143bf4705ac71f4977eac439a 6b4dac9143bf4705ac71f4977eac439a] 10.0.0.31 "DELETE /resource_providers/ce70f6b2-cd83-4043-a3ac-21e76b4dcc42" status: 404 len: 246 microversion: 1.1 [pid: 8|app: 0|req: 551/1093] 10.0.0.31 () {34 vars in 815 bytes} [Wed Sep 9 21:39:51 2026] DELETE /resource_providers/ce70f6b2-cd83-4043-a3ac-21e76b4dcc42 => generated 246 bytes in 12 msecs (HTTP/1.1 404) 6 headers in 231 bytes (1 switches on core 0)
2026-09-09 21:39:51.192 8 INFO placement.requestlog [None req-82b801f4-2056-4983-b8ae-ef6a80c7ebf5 58bdf8709df8472cb65d471cd96a4e95 472e21763c2444769899a8199f621e86 - - 6b4dac9143bf4705ac71f4977eac439a 6b4dac9143bf4705ac71f4977eac439a] 10.0.0.31 "GET /resource_providers/555de9d2-82c8-4e94-bce0-ac48eb7b3194/aggregates" status: 404 len: 235 microversion: 1.1 [pid: 8|app: 0|req: 552/1094] 10.0.0.31 () {32 vars in 815 bytes} [Wed Sep 9 21:39:51 2026] GET /resource_providers/555de9d2-82c8-4e94-bce0-ac48eb7b3194/aggregates => generated 235 bytes in 6 msecs (HTTP/1.1 404) 5 headers in 202 bytes (1 switches on core 0)
2026-09-09 21:39:51.192 7 INFO placement.requestlog [None req-cd99d74e-26d2-4f3a-ae71-8d0deb661fd9 58bdf8709df8472cb65d471cd96a4e95 472e21763c2444769899a8199f621e86 - - 6b4dac9143bf4705ac71f4977eac439a 6b4dac9143bf4705ac71f4977eac439a] 10.0.0.31 "DELETE /resource_providers/555de9d2-82c8-4e94-bce0-ac48eb7b3194" status: 404 len: 246 microversion: 1.1 [pid: 7|app: 0|req: 543/1095] 10.0.0.31 () {34 vars in 815 bytes} [Wed Sep 9 21:39:51 2026] DELETE /resource_providers/555de9d2-82c8-4e94-bce0-ac48eb7b3194 => generated 246 bytes in 11 msecs (HTTP/1.1 404) 6 headers in 231 bytes (1 switches on core 0)
2026-09-09 21:39:51.203 8 INFO placement.requestlog [None req-521d169f-a43a-44b6-9d31-c1154c2f5899 58bdf8709df8472cb65d471cd96a4e95 472e21763c2444769899a8199f621e86 - - 6b4dac9143bf4705ac71f4977eac439a 6b4dac9143bf4705ac71f4977eac439a] 10.0.0.31 "DELETE /resource_providers/555de9d2-82c8-4e94-bce0-ac48eb7b3194" status: 404 len: 246 microversion: 1.1 [pid: 8|app: 0|req: 553/1096] 10.0.0.31 () {34 vars in 815 bytes} [Wed Sep 9 21:39:51 2026] DELETE /resource_providers/555de9d2-82c8-4e94-bce0-ac48eb7b3194 => generated 246 bytes in 6 msecs (HTTP/1.1 404) 6 headers in 231 bytes (1 switches on core 0)
2026-09-09 21:39:51.211 7 INFO placement.requestlog [None req-44924739-04ef-4b70-b001-016c96e04f1d 58bdf8709df8472cb65d471cd96a4e95 472e21763c2444769899a8199f621e86 - - 6b4dac9143bf4705ac71f4977eac439a 6b4dac9143bf4705ac71f4977eac439a] 10.0.0.31 "GET /resource_providers/5b9f4823-5b1d-4e6e-968b-32f53bbd2caf/aggregates" status: 404 len: 235 microversion: 1.1 [pid: 7|app: 0|req: 544/1097] 10.0.0.31 () {32 vars in 815 bytes} [Wed Sep 9 21:39:51 2026] GET /resource_providers/5b9f4823-5b1d-4e6e-968b-32f53bbd2caf/aggregates => generated 235 bytes in 9 msecs (HTTP/1.1 404) 5 headers in 202 bytes (1 switches on core 0)
2026-09-09 21:39:51.214 8 INFO placement.requestlog [None req-4432ab14-ea1e-4b7f-aa81-93d707e44d44 58bdf8709df8472cb65d471cd96a4e95 472e21763c2444769899a8199f621e86 - - 6b4dac9143bf4705ac71f4977eac439a 6b4dac9143bf4705ac71f4977eac439a] 10.0.0.31 "GET /resource_providers/5b9f4823-5b1d-4e6e-968b-32f53bbd2caf/aggregates" status: 404 len: 235 microversion: 1.1 [pid: 8|app: 0|req: 554/1098] 10.0.0.31 () {32 vars in 815 bytes} [Wed Sep 9 21:39:51 2026] GET /resource_providers/5b9f4823-5b1d-4e6e-968b-32f53bbd2caf/aggregates => generated 235 bytes in 6 msecs (HTTP/1.1 404) 5 headers in 202 bytes (1 switches on core 0)
2026-09-09 21:39:51.225 8 INFO placement.requestlog [None req-95072615-f80e-478a-8055-c94b25c46da7 58bdf8709df8472cb65d471cd96a4e95 472e21763c2444769899a8199f621e86 - - 6b4dac9143bf4705ac71f4977eac439a 6b4dac9143bf4705ac71f4977eac439a] 10.0.0.31 "DELETE /resource_providers/5b9f4823-5b1d-4e6e-968b-32f53bbd2caf" status: 404 len: 246 microversion: 1.1 [pid: 8|app: 0|req: 555/1099] 10.0.0.31 () {34 vars in 815 bytes} [Wed Sep 9 21:39:51 2026] DELETE /resource_providers/5b9f4823-5b1d-4e6e-968b-32f53bbd2caf => generated 246 bytes in 7 msecs (HTTP/1.1 404) 6 headers in 231 bytes (1 switches on core 0)
2026-09-09 21:39:51.231 7 INFO placement.requestlog [None req-5dcc7b81-ebd3-4808-a891-8f72a8b685c1 58bdf8709df8472cb65d471cd96a4e95 472e21763c2444769899a8199f621e86 - - 6b4dac9143bf4705ac71f4977eac439a 6b4dac9143bf4705ac71f4977eac439a] 10.0.0.31 "DELETE /resource_providers/5b9f4823-5b1d-4e6e-968b-32f53bbd2caf" status: 404 len: 246 microversion: 1.1 [pid: 7|app: 0|req: 545/1100] 10.0.0.31 () {34 vars in 815 bytes} [Wed Sep 9 21:39:51 2026] DELETE /resource_providers/5b9f4823-5b1d-4e6e-968b-32f53bbd2caf => generated 246 bytes in 13 msecs (HTTP/1.1 404) 6 headers in 231 bytes (1 switches on core 0)
2026-09-09 21:39:55.424 7 INFO placement.requestlog [None req-9986f7d1-4c93-4434-87da-f55b66807b8f - - - - - -] 10.0.0.93 "GET /" status: 200 len: 136 microversion: 1.0
2026-09-09 21:39:55.425 8 INFO placement.requestlog [None req-4aab1b1f-2c22-4fbf-a5b5-df944d6641b4 - - - - - -] 10.0.0.93 "GET /" status: 200 len: 136 microversion: 1.0
2026-09-09 21:39:56.206 8 INFO placement.requestlog [None req-7dcf407b-9dd1-4cbc-bacd-47f56c525984 58bdf8709df8472cb65d471cd96a4e95 472e21763c2444769899a8199f621e86 - - 6b4dac9143bf4705ac71f4977eac439a 6b4dac9143bf4705ac71f4977eac439a] 10.0.0.31 "GET /resource_providers/2c38207d-b45e-43e0-9b11-0dc690f27194/aggregates" status: 404 len: 235 microversion: 1.1 [pid: 8|app: 0|req: 557/1103] 10.0.0.31 () {32 vars in 815 bytes} [Wed Sep 9 21:39:56 2026] GET /resource_providers/2c38207d-b45e-43e0-9b11-0dc690f27194/aggregates => generated 235 bytes in 13 msecs (HTTP/1.1 404) 5 headers in 202 bytes (1 switches on core 0)
2026-09-09 21:39:56.207 7 INFO placement.requestlog [None req-0803041c-0cb7-4ffb-ac79-a87b1df0ed30 58bdf8709df8472cb65d471cd96a4e95 472e21763c2444769899a8199f621e86 - - 6b4dac9143bf4705ac71f4977eac439a 6b4dac9143bf4705ac71f4977eac439a] 10.0.0.31 "GET /resource_providers/2c38207d-b45e-43e0-9b11-0dc690f27194/aggregates" status: 404 len: 235 microversion: 1.1 [pid: 7|app: 0|req: 547/1104] 10.0.0.31 () {32 vars in 815 bytes} [Wed Sep 9 21:39:56 2026] GET /resource_providers/2c38207d-b45e-43e0-9b11-0dc690f27194/aggregates => generated 235 bytes in 15 msecs (HTTP/1.1 404) 5 headers in 202 bytes (1 switches on core 0)
2026-09-09 21:39:56.228 8 INFO placement.requestlog [None req-1fd32884-3bbb-44fc-a504-85b38bd5fb58 58bdf8709df8472cb65d471cd96a4e95 472e21763c2444769899a8199f621e86 - - 6b4dac9143bf4705ac71f4977eac439a 6b4dac9143bf4705ac71f4977eac439a] 10.0.0.31 "DELETE /resource_providers/2c38207d-b45e-43e0-9b11-0dc690f27194" status: 404 len: 246 microversion: 1.1 [pid: 8|app: 0|req: 558/1105] 10.0.0.31 () {34 vars in 815 bytes} [Wed Sep 9 21:39:56 2026] DELETE /resource_providers/2c38207d-b45e-43e0-9b11-0dc690f27194 => generated 246 bytes in 14 msecs (HTTP/1.1 404) 6 headers in 231 bytes (1 switches on core 0)
2026-09-09 21:39:56.234 7 INFO placement.requestlog [None req-c847db9f-69aa-4eec-8b38-70a9085a4c80 58bdf8709df8472cb65d471cd96a4e95 472e21763c2444769899a8199f621e86 - - 6b4dac9143bf4705ac71f4977eac439a 6b4dac9143bf4705ac71f4977eac439a] 10.0.0.31 "DELETE /resource_providers/2c38207d-b45e-43e0-9b11-0dc690f27194" status: 404 len: 246 microversion: 1.1 [pid: 7|app: 0|req: 548/1106] 10.0.0.31 () {34 vars in 815 bytes} [Wed Sep 9 21:39:56 2026] DELETE /resource_providers/2c38207d-b45e-43e0-9b11-0dc690f27194 => generated 246 bytes in 16 msecs (HTTP/1.1 404) 6 headers in 231 bytes (1 switches on core 0)
2026-09-09 21:39:56.371 8 INFO placement.requestlog [None req-019da310-2a13-4fa2-bd47-51b4ee5caa49 58bdf8709df8472cb65d471cd96a4e95 472e21763c2444769899a8199f621e86 - - 6b4dac9143bf4705ac71f4977eac439a 6b4dac9143bf4705ac71f4977eac439a] 10.0.0.31 "GET /resource_providers/d73ceea6-4071-4840-bf37-3cb72dab5b9f/aggregates" status: 404 len: 235 microversion: 1.1 [pid: 8|app: 0|req: 559/1107] 10.0.0.31 () {32 vars in 815 bytes} [Wed Sep 9 21:39:56 2026] GET /resource_providers/d73ceea6-4071-4840-bf37-3cb72dab5b9f/aggregates => generated 235 bytes in 13 msecs (HTTP/1.1 404) 5 headers in 202 bytes (1 switches on core 0)
2026-09-09 21:39:56.372 7 INFO placement.requestlog [None req-da622c5b-8786-498f-9eed-24ad1c6d5360 58bdf8709df8472cb65d471cd96a4e95 472e21763c2444769899a8199f621e86 - - 6b4dac9143bf4705ac71f4977eac439a 6b4dac9143bf4705ac71f4977eac439a] 10.0.0.31 "GET /resource_providers/d73ceea6-4071-4840-bf37-3cb72dab5b9f/aggregates" status: 404 len: 235 microversion: 1.1 [pid: 7|app: 0|req: 549/1108] 10.0.0.31 () {32 vars in 815 bytes} [Wed Sep 9 21:39:56 2026] GET /resource_providers/d73ceea6-4071-4840-bf37-3cb72dab5b9f/aggregates => generated 235 bytes in 13 msecs (HTTP/1.1 404) 5 headers in 202 bytes (1 switches on core 0)
2026-09-09 21:39:56.396 7 INFO placement.requestlog [None req-012bb9c3-0024-4a29-93da-cad09abf0cbb 58bdf8709df8472cb65d471cd96a4e95 472e21763c2444769899a8199f621e86 - - 6b4dac9143bf4705ac71f4977eac439a 6b4dac9143bf4705ac71f4977eac439a] 10.0.0.31 "DELETE /resource_providers/d73ceea6-4071-4840-bf37-3cb72dab5b9f" status: 404 len: 246 microversion: 1.1 [pid: 7|app: 0|req: 550/1109] 10.0.0.31 () {34 vars in 815 bytes} [Wed Sep 9 21:39:56 2026] DELETE /resource_providers/d73ceea6-4071-4840-bf37-3cb72dab5b9f => generated 246 bytes in 11 msecs (HTTP/1.1 404) 6 headers in 231 bytes (1 switches on core 0)
2026-09-09 21:39:56.396 8 INFO placement.requestlog [None req-84a313fa-d19e-4348-9530-cc2e24c50189 58bdf8709df8472cb65d471cd96a4e95 472e21763c2444769899a8199f621e86 - - 6b4dac9143bf4705ac71f4977eac439a 6b4dac9143bf4705ac71f4977eac439a] 10.0.0.31 "DELETE /resource_providers/d73ceea6-4071-4840-bf37-3cb72dab5b9f" status: 404 len: 246 microversion: 1.1 [pid: 8|app: 0|req: 560/1110] 10.0.0.31 () {34 vars in 815 bytes} [Wed Sep 9 21:39:56 2026] DELETE /resource_providers/d73ceea6-4071-4840-bf37-3cb72dab5b9f => generated 246 bytes in 14 msecs (HTTP/1.1 404) 6 headers in 231 bytes (1 switches on core 0)
2026-09-09 21:40:05.425 7 INFO placement.requestlog [None req-8b80c92d-77cc-4526-9f45-a0aa0d0f9f3b - - - - - -] 10.0.0.93 "GET /" status: 200 len: 136 microversion: 1.0
2026-09-09 21:40:05.425 8 INFO placement.requestlog [None req-9b708ac2-a0d4-47f7-92fa-db2b52173771 - - - - - -] 10.0.0.93 "GET /" status: 200 len: 136 microversion: 1.0
2026-09-09 21:40:06.450 7 INFO placement.requestlog [req-59a2d22d-c3f3-4bdf-8de3-99979cd83041 req-6d362d52-b5ed-47c1-87e2-3f54b4e08f94 b869bae05e274250ab2bf1add890288d 472e21763c2444769899a8199f621e86 - - 6b4dac9143bf4705ac71f4977eac439a 6b4dac9143bf4705ac71f4977eac439a] 10.0.0.244 "GET /allocation_candidates?limit=1000&resources=MEMORY_MB%3A2048%2CVCPU%3A2&root_required=%21COMPUTE_STATUS_DISABLED" status: 200 len: 2432 microversion: 1.36 [pid: 7|app: 0|req: 552/1113] 10.0.0.244 () {34 vars in 986 bytes} [Wed Sep 9 21:40:06 2026] GET /allocation_candidates?limit=1000&resources=MEMORY_MB%3A2048%2CVCPU%3A2&root_required=%21COMPUTE_STATUS_DISABLED => generated 2432 bytes in 57 msecs (HTTP/1.1 200) 8 headers in 297 bytes (1 switches on core 0)
2026-09-09 21:40:06.479 8 INFO placement.requestlog [req-59a2d22d-c3f3-4bdf-8de3-99979cd83041 req-4658f383-c52f-484a-9303-de6e5814e398 b869bae05e274250ab2bf1add890288d 472e21763c2444769899a8199f621e86 - - 6b4dac9143bf4705ac71f4977eac439a 6b4dac9143bf4705ac71f4977eac439a] 10.0.0.244 "GET /allocations/369ae046-ca8f-4b03-a8ef-1d28b9f8f4df" status: 200 len: 19 microversion: 1.28 [pid: 8|app: 0|req: 562/1114] 10.0.0.244 () {34 vars in 861 bytes} [Wed Sep 9 21:40:06 2026] GET /allocations/369ae046-ca8f-4b03-a8ef-1d28b9f8f4df => generated 19 bytes in 8 msecs (HTTP/1.1 200) 8 headers in 295 bytes (1 switches on core 0)
2026-09-09 21:40:06.573 7 INFO placement.requestlog [req-59a2d22d-c3f3-4bdf-8de3-99979cd83041 req-724ea0bc-024f-46c1-98c1-b3ec267a1cfc b869bae05e274250ab2bf1add890288d 472e21763c2444769899a8199f621e86 - - 6b4dac9143bf4705ac71f4977eac439a 6b4dac9143bf4705ac71f4977eac439a] 10.0.0.244 "PUT /allocations/369ae046-ca8f-4b03-a8ef-1d28b9f8f4df" status: 204 len: 0 microversion: 1.36 [pid: 7|app: 0|req: 553/1115] 10.0.0.244 () {38 vars in 914 bytes} [Wed Sep 9 21:40:06 2026] PUT /allocations/369ae046-ca8f-4b03-a8ef-1d28b9f8f4df => generated 0 bytes in 90 msecs (HTTP/1.1 204) 5 headers in 199 bytes (1 switches on core 0)
2026-09-09 21:40:08.034 8 INFO placement.requestlog [req-59a2d22d-c3f3-4bdf-8de3-99979cd83041 req-f2226f47-f4b5-429f-ba9a-56deab8ce30f b869bae05e274250ab2bf1add890288d 472e21763c2444769899a8199f621e86 - - 6b4dac9143bf4705ac71f4977eac439a 6b4dac9143bf4705ac71f4977eac439a] 162.253.55.112 "GET /allocations/369ae046-ca8f-4b03-a8ef-1d28b9f8f4df" status: 200 len: 245 microversion: 1.28 [pid: 8|app: 0|req: 563/1116] 162.253.55.112 () {34 vars in 863 bytes} [Wed Sep 9 21:40:08 2026] GET /allocations/369ae046-ca8f-4b03-a8ef-1d28b9f8f4df => generated 245 bytes in 20 msecs (HTTP/1.1 200) 8 headers in 296 bytes (1 switches on core 0)
2026-09-09 21:40:09.100 7 INFO placement.requestlog [req-59a2d22d-c3f3-4bdf-8de3-99979cd83041 req-98da46d9-0820-4cf1-a698-940ff740b498 b869bae05e274250ab2bf1add890288d 472e21763c2444769899a8199f621e86 - - 6b4dac9143bf4705ac71f4977eac439a 6b4dac9143bf4705ac71f4977eac439a] 162.253.55.112 "GET /resource_providers/d0bfe84f-22db-4f59-9e22-7d6a69fe7d49/allocations" status: 200 len: 540 microversion: 1.0 [pid: 7|app: 0|req: 554/1117] 162.253.55.112 () {32 vars in 857 bytes} [Wed Sep 9 21:40:09 2026] GET /resource_providers/d0bfe84f-22db-4f59-9e22-7d6a69fe7d49/allocations => generated 540 bytes in 27 msecs (HTTP/1.1 200) 6 headers in 224 bytes (1 switches on core 0)
2026-09-09 21:40:09.123 8 INFO placement.requestlog [req-59a2d22d-c3f3-4bdf-8de3-99979cd83041 req-a86b4567-6d04-43e7-b675-3edce3dd3a3f b869bae05e274250ab2bf1add890288d 472e21763c2444769899a8199f621e86 - - 6b4dac9143bf4705ac71f4977eac439a 6b4dac9143bf4705ac71f4977eac439a] 162.253.55.112 "GET /allocations/976de8ac-4a73-43b4-95b4-ed8783c7a699" status: 200 len: 258 microversion: 1.28 [pid: 8|app: 0|req: 564/1118] 162.253.55.112 () {34 vars in 863 bytes} [Wed Sep 9 21:40:09 2026] GET /allocations/976de8ac-4a73-43b4-95b4-ed8783c7a699 => generated 258 bytes in 19 msecs (HTTP/1.1 200) 8 headers in 296 bytes (1 switches on core 0)
2026-09-09 21:40:09.142 7 INFO placement.requestlog [req-59a2d22d-c3f3-4bdf-8de3-99979cd83041 req-f5ec69d2-edb0-4f86-b470-dff990b6f2d6 b869bae05e274250ab2bf1add890288d 472e21763c2444769899a8199f621e86 - - 6b4dac9143bf4705ac71f4977eac439a 6b4dac9143bf4705ac71f4977eac439a] 162.253.55.112 "GET /allocations/bfa1e8ad-edde-4446-a98c-387843639d14" status: 200 len: 258 microversion: 1.28 [pid: 7|app: 0|req: 555/1119] 162.253.55.112 () {34 vars in 863 bytes} [Wed Sep 9 21:40:09 2026] GET /allocations/bfa1e8ad-edde-4446-a98c-387843639d14 => generated 258 bytes in 16 msecs (HTTP/1.1 200) 8 headers in 296 bytes (1 switches on core 0)
2026-09-09 21:40:09.160 8 INFO placement.requestlog [req-59a2d22d-c3f3-4bdf-8de3-99979cd83041 req-d9a1d5bd-ad2e-41b1-bfea-0719125e34e6 b869bae05e274250ab2bf1add890288d 472e21763c2444769899a8199f621e86 - - 6b4dac9143bf4705ac71f4977eac439a 6b4dac9143bf4705ac71f4977eac439a] 162.253.55.112 "GET /allocations/1c28290b-eb6d-4971-a015-449ef7e55a6d" status: 200 len: 258 microversion: 1.28 [pid: 8|app: 0|req: 565/1120] 162.253.55.112 () {34 vars in 863 bytes} [Wed Sep 9 21:40:09 2026] GET /allocations/1c28290b-eb6d-4971-a015-449ef7e55a6d => generated 258 bytes in 14 msecs (HTTP/1.1 200) 8 headers in 296 bytes (1 switches on core 0)
2026-09-09 21:40:09.183 7 INFO placement.requestlog [req-59a2d22d-c3f3-4bdf-8de3-99979cd83041 req-94f03d2e-67fc-4d59-8135-d808a396e8b2 b869bae05e274250ab2bf1add890288d 472e21763c2444769899a8199f621e86 - - 6b4dac9143bf4705ac71f4977eac439a 6b4dac9143bf4705ac71f4977eac439a] 162.253.55.112 "GET /allocations/369ae046-ca8f-4b03-a8ef-1d28b9f8f4df" status: 200 len: 245 microversion: 1.28 [pid: 7|app: 0|req: 556/1121] 162.253.55.112 () {34 vars in 863 bytes} [Wed Sep 9 21:40:09 2026] GET /allocations/369ae046-ca8f-4b03-a8ef-1d28b9f8f4df => generated 245 bytes in 20 msecs (HTTP/1.1 200) 8 headers in 296 bytes (1 switches on core 0)
2026-09-09 21:40:09.196 8 INFO placement.requestlog [req-59a2d22d-c3f3-4bdf-8de3-99979cd83041 req-2a042d20-045d-4f7d-9f27-ed1f92334f46 b869bae05e274250ab2bf1add890288d 472e21763c2444769899a8199f621e86 - - 6b4dac9143bf4705ac71f4977eac439a 6b4dac9143bf4705ac71f4977eac439a] 162.253.55.112 "GET /allocations/19e081de-87c2-40a8-8b16-f2e7731ee97d" status: 200 len: 258 microversion: 1.28 [pid: 8|app: 0|req: 566/1122] 162.253.55.112 () {34 vars in 863 bytes} [Wed Sep 9 21:40:09 2026] GET /allocations/19e081de-87c2-40a8-8b16-f2e7731ee97d => generated 258 bytes in 9 msecs (HTTP/1.1 200) 8 headers in 296 bytes (1 switches on core 0)
2026-09-09 21:40:14.192 7 INFO placement.requestlog [req-87ede187-4553-4057-832b-8e5314f17b05 req-3d8b2f9f-3781-4cb4-91c9-4ea2a0bc4196 b869bae05e274250ab2bf1add890288d 472e21763c2444769899a8199f621e86 - - 6b4dac9143bf4705ac71f4977eac439a 6b4dac9143bf4705ac71f4977eac439a] 162.253.55.112 "GET /resource_providers/d0bfe84f-22db-4f59-9e22-7d6a69fe7d49/allocations" status: 200 len: 540 microversion: 1.0 [pid: 7|app: 0|req: 557/1123] 162.253.55.112 () {32 vars in 857 bytes} [Wed Sep 9 21:40:14 2026] GET /resource_providers/d0bfe84f-22db-4f59-9e22-7d6a69fe7d49/allocations => generated 540 bytes in 17 msecs (HTTP/1.1 200) 6 headers in 224 bytes (1 switches on core 0)
2026-09-09 21:40:14.219 8 INFO placement.requestlog [req-87ede187-4553-4057-832b-8e5314f17b05 req-d79d7c54-cdde-4395-8c2d-8f4d65672d0b b869bae05e274250ab2bf1add890288d 472e21763c2444769899a8199f621e86 - - 6b4dac9143bf4705ac71f4977eac439a 6b4dac9143bf4705ac71f4977eac439a] 162.253.55.112 "GET /allocations/976de8ac-4a73-43b4-95b4-ed8783c7a699" status: 200 len: 258 microversion: 1.28 [pid: 8|app: 0|req: 567/1124] 162.253.55.112 () {34 vars in 863 bytes} [Wed Sep 9 21:40:14 2026] GET /allocations/976de8ac-4a73-43b4-95b4-ed8783c7a699 => generated 258 bytes in 16 msecs (HTTP/1.1 200) 8 headers in 296 bytes (1 switches on core 0)
2026-09-09 21:40:14.237 7 INFO placement.requestlog [req-87ede187-4553-4057-832b-8e5314f17b05 req-357b093a-8200-4d8c-a794-42f2a8d9b1bd b869bae05e274250ab2bf1add890288d 472e21763c2444769899a8199f621e86 - - 6b4dac9143bf4705ac71f4977eac439a 6b4dac9143bf4705ac71f4977eac439a] 162.253.55.112 "GET /allocations/bfa1e8ad-edde-4446-a98c-387843639d14" status: 200 len: 258 microversion: 1.28 [pid: 7|app: 0|req: 558/1125] 162.253.55.112 () {34 vars in 863 bytes} [Wed Sep 9 21:40:14 2026] GET /allocations/bfa1e8ad-edde-4446-a98c-387843639d14 => generated 258 bytes in 10 msecs (HTTP/1.1 200) 8 headers in 296 bytes (1 switches on core 0)
2026-09-09 21:40:14.257 8 INFO placement.requestlog [req-87ede187-4553-4057-832b-8e5314f17b05 req-8554dade-7b56-46ea-be68-17464863cc8f b869bae05e274250ab2bf1add890288d 472e21763c2444769899a8199f621e86 - - 6b4dac9143bf4705ac71f4977eac439a 6b4dac9143bf4705ac71f4977eac439a] 162.253.55.112 "GET /allocations/1c28290b-eb6d-4971-a015-449ef7e55a6d" status: 200 len: 258 microversion: 1.28 [pid: 8|app: 0|req: 568/1126] 162.253.55.112 () {34 vars in 863 bytes} [Wed Sep 9 21:40:14 2026] GET /allocations/1c28290b-eb6d-4971-a015-449ef7e55a6d => generated 258 bytes in 14 msecs (HTTP/1.1 200) 8 headers in 296 bytes (1 switches on core 0)
2026-09-09 21:40:14.277 7 INFO placement.requestlog [req-87ede187-4553-4057-832b-8e5314f17b05 req-86af644e-d745-4dae-914d-41e03b17d289 b869bae05e274250ab2bf1add890288d 472e21763c2444769899a8199f621e86 - - 6b4dac9143bf4705ac71f4977eac439a 6b4dac9143bf4705ac71f4977eac439a] 162.253.55.112 "GET /allocations/369ae046-ca8f-4b03-a8ef-1d28b9f8f4df" status: 200 len: 245 microversion: 1.28 [pid: 7|app: 0|req: 559/1127] 162.253.55.112 () {34 vars in 863 bytes} [Wed Sep 9 21:40:14 2026] GET /allocations/369ae046-ca8f-4b03-a8ef-1d28b9f8f4df => generated 245 bytes in 14 msecs (HTTP/1.1 200) 8 headers in 296 bytes (1 switches on core 0)
2026-09-09 21:40:14.298 8 INFO placement.requestlog [req-87ede187-4553-4057-832b-8e5314f17b05 req-0097dc9f-9233-4151-96fa-319da0ada182 b869bae05e274250ab2bf1add890288d 472e21763c2444769899a8199f621e86 - - 6b4dac9143bf4705ac71f4977eac439a 6b4dac9143bf4705ac71f4977eac439a] 162.253.55.112 "GET /allocations/19e081de-87c2-40a8-8b16-f2e7731ee97d" status: 200 len: 258 microversion: 1.28 [pid: 8|app: 0|req: 569/1128] 162.253.55.112 () {34 vars in 863 bytes} [Wed Sep 9 21:40:14 2026] GET /allocations/19e081de-87c2-40a8-8b16-f2e7731ee97d => generated 258 bytes in 15 msecs (HTTP/1.1 200) 8 headers in 296 bytes (1 switches on core 0)
2026-09-09 21:40:15.364 7 INFO placement.requestlog [req-87ede187-4553-4057-832b-8e5314f17b05 req-07d550b4-9803-4400-929c-3e05b540e12c b869bae05e274250ab2bf1add890288d 472e21763c2444769899a8199f621e86 - - 6b4dac9143bf4705ac71f4977eac439a 6b4dac9143bf4705ac71f4977eac439a] 162.253.55.112 "DELETE /allocations/19e081de-87c2-40a8-8b16-f2e7731ee97d" status: 204 len: 0 microversion: 1.0 [pid: 7|app: 0|req: 560/1129] 162.253.55.112 () {34 vars in 841 bytes} [Wed Sep 9 21:40:15 2026] DELETE /allocations/19e081de-87c2-40a8-8b16-f2e7731ee97d => generated 0 bytes in 29 msecs (HTTP/1.1 204) 5 headers in 198 bytes (1 switches on core 0)
2026-09-09 21:40:15.424 7 INFO placement.requestlog [None req-d9984739-aa2f-496a-aadb-8b838f7658fc - - - - - -] 10.0.0.93 "GET /" status: 200 len: 136 microversion: 1.0
2026-09-09 21:40:15.425 8 INFO placement.requestlog [None req-deee185e-1f49-49c1-bf87-df2f0f78a915 - - - - - -] 10.0.0.93 "GET /" status: 200 len: 136 microversion: 1.0
