2026-09-09 21:41:43.680 8 INFO placement.requestlog [None req-245141d4-a5a1-4c23-a7c3-fa0fd9acbee8 58bdf8709df8472cb65d471cd96a4e95 472e21763c2444769899a8199f621e86 - - 6b4dac9143bf4705ac71f4977eac439a 6b4dac9143bf4705ac71f4977eac439a] 10.0.0.31 "DELETE /resource_providers/51168722-4519-475a-ae38-e09d01391816" status: 404 len: 246 microversion: 1.1 [pid: 8|app: 0|req: 616/1223] 10.0.0.31 () {34 vars in 815 bytes} [Wed Sep 9 21:41:43 2026] DELETE /resource_providers/51168722-4519-475a-ae38-e09d01391816 => generated 246 bytes in 12 msecs (HTTP/1.1 404) 6 headers in 231 bytes (1 switches on core 0)
2026-09-09 21:41:45.424 8 INFO placement.requestlog [None req-9048cd0d-ba9f-4c1f-86fb-e9e3a624af3c - - - - - -] 10.0.0.93 "GET /" status: 200 len: 136 microversion: 1.0
2026-09-09 21:41:45.424 7 INFO placement.requestlog [None req-235e3931-04b9-4c01-ab8d-fb3a63536c5d - - - - - -] 10.0.0.93 "GET /" status: 200 len: 136 microversion: 1.0
2026-09-09 21:41:45.699 8 INFO placement.requestlog [None req-2889984c-ffd9-431f-b121-b582e76c73f6 58bdf8709df8472cb65d471cd96a4e95 472e21763c2444769899a8199f621e86 - - 6b4dac9143bf4705ac71f4977eac439a 6b4dac9143bf4705ac71f4977eac439a] 10.0.0.31 "GET /resource_providers/7f205d77-3281-4b71-80ec-941f8fd7fbbb/aggregates" status: 404 len: 235 microversion: 1.1 [pid: 8|app: 0|req: 618/1226] 10.0.0.31 () {32 vars in 815 bytes} [Wed Sep 9 21:41:45 2026] GET /resource_providers/7f205d77-3281-4b71-80ec-941f8fd7fbbb/aggregates => generated 235 bytes in 14 msecs (HTTP/1.1 404) 5 headers in 202 bytes (1 switches on core 0)
2026-09-09 21:41:45.700 7 INFO placement.requestlog [None req-e4466f27-cca8-455d-b56e-8fdf2804fefb 58bdf8709df8472cb65d471cd96a4e95 472e21763c2444769899a8199f621e86 - - 6b4dac9143bf4705ac71f4977eac439a 6b4dac9143bf4705ac71f4977eac439a] 10.0.0.31 "GET /resource_providers/7f205d77-3281-4b71-80ec-941f8fd7fbbb/aggregates" status: 404 len: 235 microversion: 1.1 [pid: 7|app: 0|req: 609/1227] 10.0.0.31 () {32 vars in 815 bytes} [Wed Sep 9 21:41:45 2026] GET /resource_providers/7f205d77-3281-4b71-80ec-941f8fd7fbbb/aggregates => generated 235 bytes in 13 msecs (HTTP/1.1 404) 5 headers in 202 bytes (1 switches on core 0)
2026-09-09 21:41:45.725 8 INFO placement.requestlog [None req-983045cf-d7ee-4413-aad4-958c6dfae7ca 58bdf8709df8472cb65d471cd96a4e95 472e21763c2444769899a8199f621e86 - - 6b4dac9143bf4705ac71f4977eac439a 6b4dac9143bf4705ac71f4977eac439a] 10.0.0.31 "DELETE /resource_providers/7f205d77-3281-4b71-80ec-941f8fd7fbbb" status: 404 len: 246 microversion: 1.1 [pid: 8|app: 0|req: 619/1228] 10.0.0.31 () {34 vars in 815 bytes} [Wed Sep 9 21:41:45 2026] DELETE /resource_providers/7f205d77-3281-4b71-80ec-941f8fd7fbbb => generated 246 bytes in 11 msecs (HTTP/1.1 404) 6 headers in 231 bytes (1 switches on core 0)
2026-09-09 21:41:45.726 7 INFO placement.requestlog [None req-65f0dfc3-8f2f-404f-b074-c3a81f7960a0 58bdf8709df8472cb65d471cd96a4e95 472e21763c2444769899a8199f621e86 - - 6b4dac9143bf4705ac71f4977eac439a 6b4dac9143bf4705ac71f4977eac439a] 10.0.0.31 "DELETE /resource_providers/7f205d77-3281-4b71-80ec-941f8fd7fbbb" status: 404 len: 246 microversion: 1.1 [pid: 7|app: 0|req: 610/1229] 10.0.0.31 () {34 vars in 815 bytes} [Wed Sep 9 21:41:45 2026] DELETE /resource_providers/7f205d77-3281-4b71-80ec-941f8fd7fbbb => generated 246 bytes in 11 msecs (HTTP/1.1 404) 6 headers in 231 bytes (1 switches on core 0)
2026-09-09 21:41:45.756 8 INFO placement.requestlog [None req-ce71cba7-a93e-4474-a04b-53626d9512a1 58bdf8709df8472cb65d471cd96a4e95 472e21763c2444769899a8199f621e86 - - 6b4dac9143bf4705ac71f4977eac439a 6b4dac9143bf4705ac71f4977eac439a] 10.0.0.31 "GET /resource_providers/b71f2267-1572-4a95-90e0-34eb916314bb/aggregates" status: 404 len: 235 microversion: 1.1
2026-09-09 21:41:45.756 7 INFO placement.requestlog [None req-311c69c9-c08e-417c-a89f-79b956437924 58bdf8709df8472cb65d471cd96a4e95 472e21763c2444769899a8199f621e86 - - 6b4dac9143bf4705ac71f4977eac439a 6b4dac9143bf4705ac71f4977eac439a] 10.0.0.31 "GET /resource_providers/b71f2267-1572-4a95-90e0-34eb916314bb/aggregates" status: 404 len: 235 microversion: 1.1 [pid: 8|app: 0|req: 620/1230] 10.0.0.31 () {32 vars in 815 bytes} [Wed Sep 9 21:41:45 2026] GET /resource_providers/b71f2267-1572-4a95-90e0-34eb916314bb/aggregates => generated 235 bytes in 11 msecs (HTTP/1.1 404) 5 headers in 202 bytes (1 switches on core 0) [pid: 7|app: 0|req: 611/1231] 10.0.0.31 () {32 vars in 815 bytes} [Wed Sep 9 21:41:45 2026] GET /resource_providers/b71f2267-1572-4a95-90e0-34eb916314bb/aggregates => generated 235 bytes in 11 msecs (HTTP/1.1 404) 5 headers in 202 bytes (1 switches on core 0)
2026-09-09 21:41:45.781 7 INFO placement.requestlog [None req-b5ebabef-855d-4cbf-86ae-610db9e625a2 58bdf8709df8472cb65d471cd96a4e95 472e21763c2444769899a8199f621e86 - - 6b4dac9143bf4705ac71f4977eac439a 6b4dac9143bf4705ac71f4977eac439a] 10.0.0.31 "DELETE /resource_providers/b71f2267-1572-4a95-90e0-34eb916314bb" status: 404 len: 246 microversion: 1.1 [pid: 7|app: 0|req: 612/1232] 10.0.0.31 () {34 vars in 815 bytes} [Wed Sep 9 21:41:45 2026] DELETE /resource_providers/b71f2267-1572-4a95-90e0-34eb916314bb => generated 246 bytes in 12 msecs (HTTP/1.1 404) 6 headers in 231 bytes (1 switches on core 0)
2026-09-09 21:41:45.783 8 INFO placement.requestlog [None req-5ed57408-e4af-4e7c-bb9d-bcf6dd864cd6 58bdf8709df8472cb65d471cd96a4e95 472e21763c2444769899a8199f621e86 - - 6b4dac9143bf4705ac71f4977eac439a 6b4dac9143bf4705ac71f4977eac439a] 10.0.0.31 "DELETE /resource_providers/b71f2267-1572-4a95-90e0-34eb916314bb" status: 404 len: 246 microversion: 1.1 [pid: 8|app: 0|req: 621/1233] 10.0.0.31 () {34 vars in 815 bytes} [Wed Sep 9 21:41:45 2026] DELETE /resource_providers/b71f2267-1572-4a95-90e0-34eb916314bb => generated 246 bytes in 14 msecs (HTTP/1.1 404) 6 headers in 231 bytes (1 switches on core 0)
2026-09-09 21:41:45.804 8 INFO placement.requestlog [None req-fb91d278-49f1-42ae-b72b-e11068969f61 58bdf8709df8472cb65d471cd96a4e95 472e21763c2444769899a8199f621e86 - - 6b4dac9143bf4705ac71f4977eac439a 6b4dac9143bf4705ac71f4977eac439a] 10.0.0.31 "GET /resource_providers/6dd135b2-d0d5-40ca-9219-486c947e1eb8/aggregates" status: 404 len: 235 microversion: 1.1 [pid: 8|app: 0|req: 622/1234] 10.0.0.31 () {32 vars in 815 bytes} [Wed Sep 9 21:41:45 2026] GET /resource_providers/6dd135b2-d0d5-40ca-9219-486c947e1eb8/aggregates => generated 235 bytes in 8 msecs (HTTP/1.1 404) 5 headers in 202 bytes (1 switches on core 0)
2026-09-09 21:41:45.811 7 INFO placement.requestlog [None req-7501b1a6-5923-4b87-9238-1f38d2359072 58bdf8709df8472cb65d471cd96a4e95 472e21763c2444769899a8199f621e86 - - 6b4dac9143bf4705ac71f4977eac439a 6b4dac9143bf4705ac71f4977eac439a] 10.0.0.31 "GET /resource_providers/6dd135b2-d0d5-40ca-9219-486c947e1eb8/aggregates" status: 404 len: 235 microversion: 1.1 [pid: 7|app: 0|req: 613/1235] 10.0.0.31 () {32 vars in 815 bytes} [Wed Sep 9 21:41:45 2026] GET /resource_providers/6dd135b2-d0d5-40ca-9219-486c947e1eb8/aggregates => generated 235 bytes in 15 msecs (HTTP/1.1 404) 5 headers in 202 bytes (1 switches on core 0)
2026-09-09 21:41:45.825 8 INFO placement.requestlog [None req-75af95c1-a98d-48e3-9a86-18c1cdb03563 58bdf8709df8472cb65d471cd96a4e95 472e21763c2444769899a8199f621e86 - - 6b4dac9143bf4705ac71f4977eac439a 6b4dac9143bf4705ac71f4977eac439a] 10.0.0.31 "DELETE /resource_providers/6dd135b2-d0d5-40ca-9219-486c947e1eb8" status: 404 len: 246 microversion: 1.1 [pid: 8|app: 0|req: 623/1236] 10.0.0.31 () {34 vars in 815 bytes} [Wed Sep 9 21:41:45 2026] DELETE /resource_providers/6dd135b2-d0d5-40ca-9219-486c947e1eb8 => generated 246 bytes in 12 msecs (HTTP/1.1 404) 6 headers in 231 bytes (1 switches on core 0)
2026-09-09 21:41:45.830 7 INFO placement.requestlog [None req-b0ce23dd-f026-4a2a-97dc-1c5562b4ad13 58bdf8709df8472cb65d471cd96a4e95 472e21763c2444769899a8199f621e86 - - 6b4dac9143bf4705ac71f4977eac439a 6b4dac9143bf4705ac71f4977eac439a] 10.0.0.31 "DELETE /resource_providers/6dd135b2-d0d5-40ca-9219-486c947e1eb8" status: 404 len: 246 microversion: 1.1 [pid: 7|app: 0|req: 614/1237] 10.0.0.31 () {34 vars in 815 bytes} [Wed Sep 9 21:41:45 2026] DELETE /resource_providers/6dd135b2-d0d5-40ca-9219-486c947e1eb8 => generated 246 bytes in 9 msecs (HTTP/1.1 404) 6 headers in 231 bytes (1 switches on core 0)
2026-09-09 21:41:52.244 8 INFO placement.requestlog [None req-029f1a07-bc19-458e-b984-b22910e0b1a1 58bdf8709df8472cb65d471cd96a4e95 472e21763c2444769899a8199f621e86 - - 6b4dac9143bf4705ac71f4977eac439a 6b4dac9143bf4705ac71f4977eac439a] 10.0.0.31 "GET /resource_providers/99e74052-ea9c-4974-b417-39226ae27a93/aggregates" status: 404 len: 235 microversion: 1.1 [pid: 8|app: 0|req: 624/1238] 10.0.0.31 () {32 vars in 815 bytes} [Wed Sep 9 21:41:52 2026] GET /resource_providers/99e74052-ea9c-4974-b417-39226ae27a93/aggregates => generated 235 bytes in 130 msecs (HTTP/1.1 404) 5 headers in 202 bytes (1 switches on core 0)
2026-09-09 21:41:52.246 7 INFO placement.requestlog [None req-dc64afef-aaaa-43d2-b63b-22159569cf7c 58bdf8709df8472cb65d471cd96a4e95 472e21763c2444769899a8199f621e86 - - 6b4dac9143bf4705ac71f4977eac439a 6b4dac9143bf4705ac71f4977eac439a] 10.0.0.31 "GET /resource_providers/99e74052-ea9c-4974-b417-39226ae27a93/aggregates" status: 404 len: 235 microversion: 1.1 [pid: 7|app: 0|req: 615/1239] 10.0.0.31 () {32 vars in 815 bytes} [Wed Sep 9 21:41:52 2026] GET /resource_providers/99e74052-ea9c-4974-b417-39226ae27a93/aggregates => generated 235 bytes in 127 msecs (HTTP/1.1 404) 5 headers in 202 bytes (1 switches on core 0)
2026-09-09 21:41:52.258 8 INFO placement.requestlog [None req-5d81ae23-818a-44e4-80b9-d6ff3b450f6f 58bdf8709df8472cb65d471cd96a4e95 472e21763c2444769899a8199f621e86 - - 6b4dac9143bf4705ac71f4977eac439a 6b4dac9143bf4705ac71f4977eac439a] 10.0.0.31 "DELETE /resource_providers/99e74052-ea9c-4974-b417-39226ae27a93" status: 404 len: 246 microversion: 1.1 [pid: 8|app: 0|req: 625/1240] 10.0.0.31 () {34 vars in 815 bytes} [Wed Sep 9 21:41:52 2026] DELETE /resource_providers/99e74052-ea9c-4974-b417-39226ae27a93 => generated 246 bytes in 7 msecs (HTTP/1.1 404) 6 headers in 231 bytes (1 switches on core 0)
2026-09-09 21:41:52.264 7 INFO placement.requestlog [None req-2f8dd718-d7e0-4169-8902-512eba6d81aa 58bdf8709df8472cb65d471cd96a4e95 472e21763c2444769899a8199f621e86 - - 6b4dac9143bf4705ac71f4977eac439a 6b4dac9143bf4705ac71f4977eac439a] 10.0.0.31 "DELETE /resource_providers/99e74052-ea9c-4974-b417-39226ae27a93" status: 404 len: 246 microversion: 1.1 [pid: 7|app: 0|req: 616/1241] 10.0.0.31 () {34 vars in 815 bytes} [Wed Sep 9 21:41:52 2026] DELETE /resource_providers/99e74052-ea9c-4974-b417-39226ae27a93 => generated 246 bytes in 9 msecs (HTTP/1.1 404) 6 headers in 231 bytes (1 switches on core 0)
2026-09-09 21:41:55.423 7 INFO placement.requestlog [None req-fbc6fab0-613c-46fa-95a2-3e85537e4607 - - - - - -] 10.0.0.93 "GET /" status: 200 len: 136 microversion: 1.0
2026-09-09 21:41:55.423 8 INFO placement.requestlog [None req-ffeecae0-97d3-41ec-b29f-53b45a62b660 - - - - - -] 10.0.0.93 "GET /" status: 200 len: 136 microversion: 1.0
2026-09-09 21:42:05.424 7 INFO placement.requestlog [None req-614ab702-4eff-4838-ae1d-77ba45c5dd3d - - - - - -] 10.0.0.93 "GET /" status: 200 len: 136 microversion: 1.0
2026-09-09 21:42:05.427 8 INFO placement.requestlog [None req-e3cd0bac-4927-4023-b032-0b5fb2e28863 - - - - - -] 10.0.0.93 "GET /" status: 200 len: 136 microversion: 1.0
2026-09-09 21:42:15.424 7 INFO placement.requestlog [None req-435f7d96-c3b1-44e0-b330-5ceaeb4de3ba - - - - - -] 10.0.0.93 "GET /" status: 200 len: 136 microversion: 1.0
2026-09-09 21:42:15.428 8 INFO placement.requestlog [None req-e26b553d-56a4-4683-9c1d-6adce2f44d45 - - - - - -] 10.0.0.93 "GET /" status: 200 len: 136 microversion: 1.0
2026-09-09 21:42:18.969 7 INFO placement.requestlog [req-c80a9057-e944-4cd4-bec5-0221d75ec9fe req-5754614a-9286-4c97-8674-09a0616b4e53 b869bae05e274250ab2bf1add890288d 472e21763c2444769899a8199f621e86 - - 6b4dac9143bf4705ac71f4977eac439a 6b4dac9143bf4705ac71f4977eac439a] 162.253.55.112 "GET /resource_providers/d0bfe84f-22db-4f59-9e22-7d6a69fe7d49/allocations" status: 200 len: 340 microversion: 1.0 [pid: 7|app: 0|req: 620/1248] 162.253.55.112 () {32 vars in 857 bytes} [Wed Sep 9 21:42:18 2026] GET /resource_providers/d0bfe84f-22db-4f59-9e22-7d6a69fe7d49/allocations => generated 340 bytes in 24 msecs (HTTP/1.1 200) 6 headers in 224 bytes (1 switches on core 0)
2026-09-09 21:42:18.988 8 INFO placement.requestlog [req-c80a9057-e944-4cd4-bec5-0221d75ec9fe req-ffe21dee-130c-42af-ac9d-0ae54a8e7325 b869bae05e274250ab2bf1add890288d 472e21763c2444769899a8199f621e86 - - 6b4dac9143bf4705ac71f4977eac439a 6b4dac9143bf4705ac71f4977eac439a] 162.253.55.112 "GET /resource_providers/d0bfe84f-22db-4f59-9e22-7d6a69fe7d49/allocations" status: 200 len: 340 microversion: 1.0 [pid: 8|app: 0|req: 629/1249] 162.253.55.112 () {32 vars in 857 bytes} [Wed Sep 9 21:42:18 2026] GET /resource_providers/d0bfe84f-22db-4f59-9e22-7d6a69fe7d49/allocations => generated 340 bytes in 14 msecs (HTTP/1.1 200) 6 headers in 224 bytes (1 switches on core 0)
2026-09-09 21:42:19.005 7 INFO placement.requestlog [req-c80a9057-e944-4cd4-bec5-0221d75ec9fe req-5b37699e-bf8c-4845-a4c3-dc2ad97e3cbc b869bae05e274250ab2bf1add890288d 472e21763c2444769899a8199f621e86 - - 6b4dac9143bf4705ac71f4977eac439a 6b4dac9143bf4705ac71f4977eac439a] 162.253.55.112 "GET /allocations/976de8ac-4a73-43b4-95b4-ed8783c7a699" status: 200 len: 258 microversion: 1.28 [pid: 7|app: 0|req: 621/1250] 162.253.55.112 () {34 vars in 863 bytes} [Wed Sep 9 21:42:18 2026] GET /allocations/976de8ac-4a73-43b4-95b4-ed8783c7a699 => generated 258 bytes in 14 msecs (HTTP/1.1 200) 8 headers in 296 bytes (1 switches on core 0)
2026-09-09 21:42:19.021 8 INFO placement.requestlog [req-c80a9057-e944-4cd4-bec5-0221d75ec9fe req-601f4c80-c34f-4575-9634-c5c28cb6e128 b869bae05e274250ab2bf1add890288d 472e21763c2444769899a8199f621e86 - - 6b4dac9143bf4705ac71f4977eac439a 6b4dac9143bf4705ac71f4977eac439a] 162.253.55.112 "GET /allocations/369ae046-ca8f-4b03-a8ef-1d28b9f8f4df" status: 200 len: 245 microversion: 1.28 [pid: 8|app: 0|req: 630/1251] 162.253.55.112 () {34 vars in 863 bytes} [Wed Sep 9 21:42:19 2026] GET /allocations/369ae046-ca8f-4b03-a8ef-1d28b9f8f4df => generated 245 bytes in 11 msecs (HTTP/1.1 200) 8 headers in 296 bytes (1 switches on core 0)
2026-09-09 21:42:19.044 7 INFO placement.requestlog [req-c80a9057-e944-4cd4-bec5-0221d75ec9fe req-81e8c526-4936-418d-8d2b-f36c1a09124d b869bae05e274250ab2bf1add890288d 472e21763c2444769899a8199f621e86 - - 6b4dac9143bf4705ac71f4977eac439a 6b4dac9143bf4705ac71f4977eac439a] 162.253.55.112 "GET /allocations/bfa1e8ad-edde-4446-a98c-387843639d14" status: 200 len: 258 microversion: 1.28 [pid: 7|app: 0|req: 622/1252] 162.253.55.112 () {34 vars in 863 bytes} [Wed Sep 9 21:42:19 2026] GET /allocations/bfa1e8ad-edde-4446-a98c-387843639d14 => generated 258 bytes in 21 msecs (HTTP/1.1 200) 8 headers in 296 bytes (1 switches on core 0)
2026-09-09 21:42:25.424 8 INFO placement.requestlog [None req-95552d86-1897-4dee-8195-50f7f9955d36 - - - - - -] 10.0.0.93 "GET /" status: 200 len: 136 microversion: 1.0
2026-09-09 21:42:25.424 7 INFO placement.requestlog [None req-ff039376-2f35-495a-9254-9af0d6babdae - - - - - -] 10.0.0.93 "GET /" status: 200 len: 136 microversion: 1.0
2026-09-09 21:42:35.424 8 INFO placement.requestlog [None req-65c95ce0-20e8-4ddb-8432-3f266b61fb91 - - - - - -] 10.0.0.93 "GET /" status: 200 len: 136 microversion: 1.0
2026-09-09 21:42:35.425 7 INFO placement.requestlog [None req-d5832825-69e2-4145-a17f-50d2b9a98df8 - - - - - -] 10.0.0.93 "GET /" status: 200 len: 136 microversion: 1.0
2026-09-09 21:42:45.424 7 INFO placement.requestlog [None req-3f09c688-1f36-44d2-a128-f82f4eac063e - - - - - -] 10.0.0.93 "GET /" status: 200 len: 136 microversion: 1.0
2026-09-09 21:42:45.430 8 INFO placement.requestlog [None req-d84c1af1-2f4b-4ff9-b7fb-91db0e2f3db2 - - - - - -] 10.0.0.93 "GET /" status: 200 len: 136 microversion: 1.0
2026-09-09 21:42:55.424 8 INFO placement.requestlog [None req-f20db2fb-36c7-401c-bcba-b8ae4c2a13bf - - - - - -] 10.0.0.93 "GET /" status: 200 len: 136 microversion: 1.0
2026-09-09 21:42:55.425 7 INFO placement.requestlog [None req-32373c9c-2e50-471a-b962-7b0d633914d1 - - - - - -] 10.0.0.93 "GET /" status: 200 len: 136 microversion: 1.0
2026-09-09 21:43:01.604 8 INFO placement.requestlog [req-27bf0ab2-42b6-47aa-a550-6cbe330dfcf2 req-fe73102f-1d20-4a29-a24e-983802005301 b869bae05e274250ab2bf1add890288d 472e21763c2444769899a8199f621e86 - - 6b4dac9143bf4705ac71f4977eac439a 6b4dac9143bf4705ac71f4977eac439a] 162.253.55.112 "GET /resource_providers/d0bfe84f-22db-4f59-9e22-7d6a69fe7d49/allocations" status: 200 len: 340 microversion: 1.0 [pid: 8|app: 0|req: 635/1261] 162.253.55.112 () {32 vars in 857 bytes} [Wed Sep 9 21:43:01 2026] GET /resource_providers/d0bfe84f-22db-4f59-9e22-7d6a69fe7d49/allocations => generated 340 bytes in 21 msecs (HTTP/1.1 200) 6 headers in 224 bytes (1 switches on core 0)
2026-09-09 21:43:01.628 7 INFO placement.requestlog [req-27bf0ab2-42b6-47aa-a550-6cbe330dfcf2 req-5d8cb0ad-69cf-48cc-a5a3-c5355e9abed9 b869bae05e274250ab2bf1add890288d 472e21763c2444769899a8199f621e86 - - 6b4dac9143bf4705ac71f4977eac439a 6b4dac9143bf4705ac71f4977eac439a] 162.253.55.112 "GET /allocations/976de8ac-4a73-43b4-95b4-ed8783c7a699" status: 200 len: 258 microversion: 1.28 [pid: 7|app: 0|req: 627/1262] 162.253.55.112 () {34 vars in 863 bytes} [Wed Sep 9 21:43:01 2026] GET /allocations/976de8ac-4a73-43b4-95b4-ed8783c7a699 => generated 258 bytes in 17 msecs (HTTP/1.1 200) 8 headers in 296 bytes (1 switches on core 0)
2026-09-09 21:43:01.654 8 INFO placement.requestlog [req-27bf0ab2-42b6-47aa-a550-6cbe330dfcf2 req-c2603c63-9cd7-45a3-add3-9039ddc65ad0 b869bae05e274250ab2bf1add890288d 472e21763c2444769899a8199f621e86 - - 6b4dac9143bf4705ac71f4977eac439a 6b4dac9143bf4705ac71f4977eac439a] 162.253.55.112 "GET /allocations/369ae046-ca8f-4b03-a8ef-1d28b9f8f4df" status: 200 len: 245 microversion: 1.28 [pid: 8|app: 0|req: 636/1263] 162.253.55.112 () {34 vars in 863 bytes} [Wed Sep 9 21:43:01 2026] GET /allocations/369ae046-ca8f-4b03-a8ef-1d28b9f8f4df => generated 245 bytes in 18 msecs (HTTP/1.1 200) 8 headers in 296 bytes (1 switches on core 0)
2026-09-09 21:43:01.678 7 INFO placement.requestlog [req-27bf0ab2-42b6-47aa-a550-6cbe330dfcf2 req-babac82f-82ba-4245-b730-5b52c59122a4 b869bae05e274250ab2bf1add890288d 472e21763c2444769899a8199f621e86 - - 6b4dac9143bf4705ac71f4977eac439a 6b4dac9143bf4705ac71f4977eac439a] 162.253.55.112 "GET /allocations/bfa1e8ad-edde-4446-a98c-387843639d14" status: 200 len: 258 microversion: 1.28 [pid: 7|app: 0|req: 628/1264] 162.253.55.112 () {34 vars in 863 bytes} [Wed Sep 9 21:43:01 2026] GET /allocations/bfa1e8ad-edde-4446-a98c-387843639d14 => generated 258 bytes in 17 msecs (HTTP/1.1 200) 8 headers in 296 bytes (1 switches on core 0)
2026-09-09 21:43:02.736 8 INFO placement.requestlog [req-27bf0ab2-42b6-47aa-a550-6cbe330dfcf2 req-ef13d5b0-fbab-4d4d-86b6-abf6e3b0e7fe b869bae05e274250ab2bf1add890288d 472e21763c2444769899a8199f621e86 - - 6b4dac9143bf4705ac71f4977eac439a 6b4dac9143bf4705ac71f4977eac439a] 162.253.55.112 "DELETE /allocations/369ae046-ca8f-4b03-a8ef-1d28b9f8f4df" status: 204 len: 0 microversion: 1.0 [pid: 8|app: 0|req: 637/1265] 162.253.55.112 () {34 vars in 841 bytes} [Wed Sep 9 21:43:02 2026] DELETE /allocations/369ae046-ca8f-4b03-a8ef-1d28b9f8f4df => generated 0 bytes in 31 msecs (HTTP/1.1 204) 5 headers in 198 bytes (1 switches on core 0)
2026-09-09 21:43:05.134 7 INFO placement.requestlog [req-bb571062-82cb-4807-9543-e88fc1f3a9c1 req-60e71322-585b-4bd5-890b-7c9da6dc6575 b869bae05e274250ab2bf1add890288d 472e21763c2444769899a8199f621e86 - - 6b4dac9143bf4705ac71f4977eac439a 6b4dac9143bf4705ac71f4977eac439a] 162.253.55.112 "GET /resource_providers/d0bfe84f-22db-4f59-9e22-7d6a69fe7d49/allocations" status: 200 len: 253 microversion: 1.0 [pid: 7|app: 0|req: 629/1266] 162.253.55.112 () {32 vars in 857 bytes} [Wed Sep 9 21:43:05 2026] GET /resource_providers/d0bfe84f-22db-4f59-9e22-7d6a69fe7d49/allocations => generated 253 bytes in 18 msecs (HTTP/1.1 200) 6 headers in 224 bytes (1 switches on core 0)
2026-09-09 21:43:05.153 8 INFO placement.requestlog [req-bb571062-82cb-4807-9543-e88fc1f3a9c1 req-01a6bfe3-13e4-451b-8d3d-4563d9ef2d52 b869bae05e274250ab2bf1add890288d 472e21763c2444769899a8199f621e86 - - 6b4dac9143bf4705ac71f4977eac439a 6b4dac9143bf4705ac71f4977eac439a] 162.253.55.112 "GET /allocations/976de8ac-4a73-43b4-95b4-ed8783c7a699" status: 200 len: 258 microversion: 1.28 [pid: 8|app: 0|req: 638/1267] 162.253.55.112 () {34 vars in 863 bytes} [Wed Sep 9 21:43:05 2026] GET /allocations/976de8ac-4a73-43b4-95b4-ed8783c7a699 => generated 258 bytes in 13 msecs (HTTP/1.1 200) 8 headers in 296 bytes (1 switches on core 0)
2026-09-09 21:43:05.177 7 INFO placement.requestlog [req-bb571062-82cb-4807-9543-e88fc1f3a9c1 req-9f630bbb-dbd3-479f-8c98-bfc73f57a171 b869bae05e274250ab2bf1add890288d 472e21763c2444769899a8199f621e86 - - 6b4dac9143bf4705ac71f4977eac439a 6b4dac9143bf4705ac71f4977eac439a] 162.253.55.112 "GET /allocations/bfa1e8ad-edde-4446-a98c-387843639d14" status: 200 len: 258 microversion: 1.28 [pid: 7|app: 0|req: 630/1268] 162.253.55.112 () {34 vars in 863 bytes} [Wed Sep 9 21:43:05 2026] GET /allocations/bfa1e8ad-edde-4446-a98c-387843639d14 => generated 258 bytes in 19 msecs (HTTP/1.1 200) 8 headers in 296 bytes (1 switches on core 0)
2026-09-09 21:43:05.424 8 INFO placement.requestlog [None req-b537b4b3-6e37-41bf-b0da-cfb33812e287 - - - - - -] 10.0.0.93 "GET /" status: 200 len: 136 microversion: 1.0
2026-09-09 21:43:05.425 7 INFO placement.requestlog [None req-7a28bc71-b047-4a64-ad62-6586ad2359dc - - - - - -] 10.0.0.93 "GET /" status: 200 len: 136 microversion: 1.0
2026-09-09 21:43:06.224 8 INFO placement.requestlog [req-bb571062-82cb-4807-9543-e88fc1f3a9c1 req-44096f92-9fdf-448b-966a-77f2d7fb1c2d b869bae05e274250ab2bf1add890288d 472e21763c2444769899a8199f621e86 - - 6b4dac9143bf4705ac71f4977eac439a 6b4dac9143bf4705ac71f4977eac439a] 162.253.55.112 "DELETE /allocations/976de8ac-4a73-43b4-95b4-ed8783c7a699" status: 204 len: 0 microversion: 1.0 [pid: 8|app: 0|req: 640/1271] 162.253.55.112 () {34 vars in 841 bytes} [Wed Sep 9 21:43:06 2026] DELETE /allocations/976de8ac-4a73-43b4-95b4-ed8783c7a699 => generated 0 bytes in 24 msecs (HTTP/1.1 204) 5 headers in 198 bytes (1 switches on core 0)
2026-09-09 21:43:15.424 8 INFO placement.requestlog [None req-57e6b632-58c5-4199-ac75-2dbdc973c702 - - - - - -] 10.0.0.93 "GET /" status: 200 len: 136 microversion: 1.0
2026-09-09 21:43:15.425 7 INFO placement.requestlog [None req-b759f472-8975-4c74-bb6c-771ef32e75cb - - - - - -] 10.0.0.93 "GET /" status: 200 len: 136 microversion: 1.0
2026-09-09 21:43:16.642 8 INFO placement.requestlog [req-441f85e1-bef3-4a1a-8f21-180cef7c77ed req-451e51a0-d2a1-4ba8-a108-fef28589e3df b869bae05e274250ab2bf1add890288d 472e21763c2444769899a8199f621e86 - - 6b4dac9143bf4705ac71f4977eac439a 6b4dac9143bf4705ac71f4977eac439a] 162.253.55.112 "GET /resource_providers?in_tree=d0bfe84f-22db-4f59-9e22-7d6a69fe7d49" status: 200 len: 798 microversion: 1.14 [pid: 8|app: 0|req: 642/1274] 162.253.55.112 () {34 vars in 892 bytes} [Wed Sep 9 21:43:16 2026] GET /resource_providers?in_tree=d0bfe84f-22db-4f59-9e22-7d6a69fe7d49 => generated 798 bytes in 182 msecs (HTTP/1.1 200) 6 headers in 225 bytes (1 switches on core 0)
2026-09-09 21:43:16.671 7 INFO placement.requestlog [req-441f85e1-bef3-4a1a-8f21-180cef7c77ed req-59017f8b-c324-474f-a365-0ce8a40f424c b869bae05e274250ab2bf1add890288d 472e21763c2444769899a8199f621e86 - - 6b4dac9143bf4705ac71f4977eac439a 6b4dac9143bf4705ac71f4977eac439a] 162.253.55.112 "GET /resource_providers/d0bfe84f-22db-4f59-9e22-7d6a69fe7d49/inventories" status: 200 len: 401 microversion: 1.0 [pid: 7|app: 0|req: 633/1275] 162.253.55.112 () {32 vars in 857 bytes} [Wed Sep 9 21:43:16 2026] GET /resource_providers/d0bfe84f-22db-4f59-9e22-7d6a69fe7d49/inventories => generated 401 bytes in 22 msecs (HTTP/1.1 200) 6 headers in 224 bytes (1 switches on core 0)
2026-09-09 21:43:16.691 8 INFO placement.requestlog [req-441f85e1-bef3-4a1a-8f21-180cef7c77ed req-ae140630-4a2f-4207-8275-841edcc75e64 b869bae05e274250ab2bf1add890288d 472e21763c2444769899a8199f621e86 - - 6b4dac9143bf4705ac71f4977eac439a 6b4dac9143bf4705ac71f4977eac439a] 162.253.55.112 "GET /resource_providers/d0bfe84f-22db-4f59-9e22-7d6a69fe7d49/aggregates" status: 200 len: 54 microversion: 1.19 [pid: 8|app: 0|req: 643/1276] 162.253.55.112 () {34 vars in 899 bytes} [Wed Sep 9 21:43:16 2026] GET /resource_providers/d0bfe84f-22db-4f59-9e22-7d6a69fe7d49/aggregates => generated 54 bytes in 14 msecs (HTTP/1.1 200) 8 headers in 295 bytes (1 switches on core 0)
2026-09-09 21:43:16.725 7 INFO placement.requestlog [req-441f85e1-bef3-4a1a-8f21-180cef7c77ed req-186ac549-1518-4869-8c1f-7a4343eb13f6 b869bae05e274250ab2bf1add890288d 472e21763c2444769899a8199f621e86 - - 6b4dac9143bf4705ac71f4977eac439a 6b4dac9143bf4705ac71f4977eac439a] 162.253.55.112 "GET /resource_providers/d0bfe84f-22db-4f59-9e22-7d6a69fe7d49/traits" status: 200 len: 1978 microversion: 1.6 [pid: 7|app: 0|req: 634/1277] 162.253.55.112 () {34 vars in 890 bytes} [Wed Sep 9 21:43:16 2026] GET /resource_providers/d0bfe84f-22db-4f59-9e22-7d6a69fe7d49/traits => generated 1978 bytes in 28 msecs (HTTP/1.1 200) 6 headers in 225 bytes (1 switches on core 0)
2026-09-09 21:43:16.749 8 INFO placement.requestlog [req-441f85e1-bef3-4a1a-8f21-180cef7c77ed req-1663be8f-0148-4bb8-973f-1398dbf5a0c7 b869bae05e274250ab2bf1add890288d 472e21763c2444769899a8199f621e86 - - 6b4dac9143bf4705ac71f4977eac439a 6b4dac9143bf4705ac71f4977eac439a] 162.253.55.112 "GET /resource_providers/d0bfe84f-22db-4f59-9e22-7d6a69fe7d49/allocations" status: 200 len: 153 microversion: 1.0 [pid: 8|app: 0|req: 644/1278] 162.253.55.112 () {32 vars in 857 bytes} [Wed Sep 9 21:43:16 2026] GET /resource_providers/d0bfe84f-22db-4f59-9e22-7d6a69fe7d49/allocations => generated 153 bytes in 18 msecs (HTTP/1.1 200) 6 headers in 224 bytes (1 switches on core 0)
2026-09-09 21:43:16.774 7 INFO placement.requestlog [req-441f85e1-bef3-4a1a-8f21-180cef7c77ed req-4c0e1820-e4a6-4790-b8ce-2072bc419a1b b869bae05e274250ab2bf1add890288d 472e21763c2444769899a8199f621e86 - - 6b4dac9143bf4705ac71f4977eac439a 6b4dac9143bf4705ac71f4977eac439a] 162.253.55.112 "GET /allocations/bfa1e8ad-edde-4446-a98c-387843639d14" status: 200 len: 258 microversion: 1.28 [pid: 7|app: 0|req: 635/1279] 162.253.55.112 () {34 vars in 863 bytes} [Wed Sep 9 21:43:16 2026] GET /allocations/bfa1e8ad-edde-4446-a98c-387843639d14 => generated 258 bytes in 18 msecs (HTTP/1.1 200) 8 headers in 296 bytes (1 switches on core 0)
2026-09-09 21:43:17.877 8 INFO placement.requestlog [req-441f85e1-bef3-4a1a-8f21-180cef7c77ed req-796aa0e5-cc60-4802-9317-99d6267a26c3 b869bae05e274250ab2bf1add890288d 472e21763c2444769899a8199f621e86 - - 6b4dac9143bf4705ac71f4977eac439a 6b4dac9143bf4705ac71f4977eac439a] 162.253.55.112 "DELETE /allocations/bfa1e8ad-edde-4446-a98c-387843639d14" status: 204 len: 0 microversion: 1.0 [pid: 8|app: 0|req: 645/1280] 162.253.55.112 () {34 vars in 841 bytes} [Wed Sep 9 21:43:17 2026] DELETE /allocations/bfa1e8ad-edde-4446-a98c-387843639d14 => generated 0 bytes in 78 msecs (HTTP/1.1 204) 5 headers in 198 bytes (1 switches on core 0)
2026-09-09 21:43:19.720 7 INFO placement.requestlog [req-6bc1a7f3-ee51-4546-b161-a71216a7c1f1 req-7c04f9bd-bece-4ea2-8cf6-b1426d266876 b869bae05e274250ab2bf1add890288d 472e21763c2444769899a8199f621e86 - - 6b4dac9143bf4705ac71f4977eac439a 6b4dac9143bf4705ac71f4977eac439a] 162.253.55.112 "GET /resource_providers/d0bfe84f-22db-4f59-9e22-7d6a69fe7d49/allocations" status: 200 len: 55 microversion: 1.0 [pid: 7|app: 0|req: 636/1281] 162.253.55.112 () {32 vars in 857 bytes} [Wed Sep 9 21:43:19 2026] GET /resource_providers/d0bfe84f-22db-4f59-9e22-7d6a69fe7d49/allocations => generated 55 bytes in 12 msecs (HTTP/1.1 200) 6 headers in 223 bytes (1 switches on core 0)
2026-09-09 21:43:19.739 8 INFO placement.requestlog [req-6bc1a7f3-ee51-4546-b161-a71216a7c1f1 req-2acc6ec0-b273-4496-9294-892a57d5ff4a b869bae05e274250ab2bf1add890288d 472e21763c2444769899a8199f621e86 - - 6b4dac9143bf4705ac71f4977eac439a 6b4dac9143bf4705ac71f4977eac439a] 162.253.55.112 "GET /resource_providers/d0bfe84f-22db-4f59-9e22-7d6a69fe7d49/allocations" status: 200 len: 55 microversion: 1.0 [pid: 8|app: 0|req: 646/1282] 162.253.55.112 () {32 vars in 857 bytes} [Wed Sep 9 21:43:19 2026] GET /resource_providers/d0bfe84f-22db-4f59-9e22-7d6a69fe7d49/allocations => generated 55 bytes in 16 msecs (HTTP/1.1 200) 6 headers in 223 bytes (1 switches on core 0)
2026-09-09 21:43:25.424 8 INFO placement.requestlog [None req-6e8976c3-c45d-4ad2-baed-132607c28da0 - - - - - -] 10.0.0.93 "GET /" status: 200 len: 136 microversion: 1.0
2026-09-09 21:43:25.424 7 INFO placement.requestlog [None req-d2058fc6-3df9-446e-b502-a0e26617c601 - - - - - -] 10.0.0.93 "GET /" status: 200 len: 136 microversion: 1.0
2026-09-09 21:43:28.310 8 INFO placement.requestlog [None req-0ec9bcba-779d-443a-ac4a-09125bc6cb95 58bdf8709df8472cb65d471cd96a4e95 472e21763c2444769899a8199f621e86 - - 6b4dac9143bf4705ac71f4977eac439a 6b4dac9143bf4705ac71f4977eac439a] 10.0.0.31 "GET /resource_providers/553af8f5-5121-4b57-9050-ee2c86ce3a96/aggregates" status: 404 len: 235 microversion: 1.1 [pid: 8|app: 0|req: 648/1285] 10.0.0.31 () {32 vars in 815 bytes} [Wed Sep 9 21:43:28 2026] GET /resource_providers/553af8f5-5121-4b57-9050-ee2c86ce3a96/aggregates => generated 235 bytes in 9 msecs (HTTP/1.1 404) 5 headers in 202 bytes (1 switches on core 0)
2026-09-09 21:43:28.318 7 INFO placement.requestlog [None req-82d813fd-526a-462f-996e-0d19010236bb 58bdf8709df8472cb65d471cd96a4e95 472e21763c2444769899a8199f621e86 - - 6b4dac9143bf4705ac71f4977eac439a 6b4dac9143bf4705ac71f4977eac439a] 10.0.0.31 "GET /resource_providers/553af8f5-5121-4b57-9050-ee2c86ce3a96/aggregates" status: 404 len: 235 microversion: 1.1 [pid: 7|app: 0|req: 638/1286] 10.0.0.31 () {32 vars in 815 bytes} [Wed Sep 9 21:43:28 2026] GET /resource_providers/553af8f5-5121-4b57-9050-ee2c86ce3a96/aggregates => generated 235 bytes in 12 msecs (HTTP/1.1 404) 5 headers in 202 bytes (1 switches on core 0)
2026-09-09 21:43:28.337 8 INFO placement.requestlog [None req-e7cf3526-2ebc-4b5a-b8dc-6a319d1543fe 58bdf8709df8472cb65d471cd96a4e95 472e21763c2444769899a8199f621e86 - - 6b4dac9143bf4705ac71f4977eac439a 6b4dac9143bf4705ac71f4977eac439a] 10.0.0.31 "DELETE /resource_providers/553af8f5-5121-4b57-9050-ee2c86ce3a96" status: 404 len: 246 microversion: 1.1 [pid: 8|app: 0|req: 649/1287] 10.0.0.31 () {34 vars in 815 bytes} [Wed Sep 9 21:43:28 2026] DELETE /resource_providers/553af8f5-5121-4b57-9050-ee2c86ce3a96 => generated 246 bytes in 9 msecs (HTTP/1.1 404) 6 headers in 231 bytes (1 switches on core 0)
2026-09-09 21:43:28.345 7 INFO placement.requestlog [None req-84032eb1-272d-4cb7-a1f4-a3d159edbeab 58bdf8709df8472cb65d471cd96a4e95 472e21763c2444769899a8199f621e86 - - 6b4dac9143bf4705ac71f4977eac439a 6b4dac9143bf4705ac71f4977eac439a] 10.0.0.31 "DELETE /resource_providers/553af8f5-5121-4b57-9050-ee2c86ce3a96" status: 404 len: 246 microversion: 1.1 [pid: 7|app: 0|req: 639/1288] 10.0.0.31 () {34 vars in 815 bytes} [Wed Sep 9 21:43:28 2026] DELETE /resource_providers/553af8f5-5121-4b57-9050-ee2c86ce3a96 => generated 246 bytes in 15 msecs (HTTP/1.1 404) 6 headers in 231 bytes (1 switches on core 0)
2026-09-09 21:43:30.371 7 INFO placement.requestlog [None req-a2f2c466-b34e-4016-abe9-de5d86ef86f1 58bdf8709df8472cb65d471cd96a4e95 472e21763c2444769899a8199f621e86 - - 6b4dac9143bf4705ac71f4977eac439a 6b4dac9143bf4705ac71f4977eac439a] 10.0.0.31 "GET /resource_providers/e5666aa1-df22-40c6-a16d-dc1a1dcd2edf/aggregates" status: 404 len: 235 microversion: 1.1 [pid: 7|app: 0|req: 640/1289] 10.0.0.31 () {32 vars in 815 bytes} [Wed Sep 9 21:43:30 2026] GET /resource_providers/e5666aa1-df22-40c6-a16d-dc1a1dcd2edf/aggregates => generated 235 bytes in 10 msecs (HTTP/1.1 404) 5 headers in 202 bytes (1 switches on core 0)
2026-09-09 21:43:30.375 8 INFO placement.requestlog [None req-6c18a239-6802-4bde-ba18-31edaebb730e 58bdf8709df8472cb65d471cd96a4e95 472e21763c2444769899a8199f621e86 - - 6b4dac9143bf4705ac71f4977eac439a 6b4dac9143bf4705ac71f4977eac439a] 10.0.0.31 "GET /resource_providers/e5666aa1-df22-40c6-a16d-dc1a1dcd2edf/aggregates" status: 404 len: 235 microversion: 1.1 [pid: 8|app: 0|req: 650/1290] 10.0.0.31 () {32 vars in 815 bytes} [Wed Sep 9 21:43:30 2026] GET /resource_providers/e5666aa1-df22-40c6-a16d-dc1a1dcd2edf/aggregates => generated 235 bytes in 15 msecs (HTTP/1.1 404) 5 headers in 202 bytes (1 switches on core 0)
2026-09-09 21:43:30.398 8 INFO placement.requestlog [None req-96ce0585-f5d2-486d-929a-6a73fbd26180 58bdf8709df8472cb65d471cd96a4e95 472e21763c2444769899a8199f621e86 - - 6b4dac9143bf4705ac71f4977eac439a 6b4dac9143bf4705ac71f4977eac439a] 10.0.0.31 "DELETE /resource_providers/e5666aa1-df22-40c6-a16d-dc1a1dcd2edf" status: 404 len: 246 microversion: 1.1 [pid: 8|app: 0|req: 651/1291] 10.0.0.31 () {34 vars in 815 bytes} [Wed Sep 9 21:43:30 2026] DELETE /resource_providers/e5666aa1-df22-40c6-a16d-dc1a1dcd2edf => generated 246 bytes in 11 msecs (HTTP/1.1 404) 6 headers in 231 bytes (1 switches on core 0)
2026-09-09 21:43:30.400 7 INFO placement.requestlog [None req-09291fd1-7452-40fc-bf9d-a1044f4ec09b 58bdf8709df8472cb65d471cd96a4e95 472e21763c2444769899a8199f621e86 - - 6b4dac9143bf4705ac71f4977eac439a 6b4dac9143bf4705ac71f4977eac439a] 10.0.0.31 "DELETE /resource_providers/e5666aa1-df22-40c6-a16d-dc1a1dcd2edf" status: 404 len: 246 microversion: 1.1 [pid: 7|app: 0|req: 641/1292] 10.0.0.31 () {34 vars in 815 bytes} [Wed Sep 9 21:43:30 2026] DELETE /resource_providers/e5666aa1-df22-40c6-a16d-dc1a1dcd2edf => generated 246 bytes in 15 msecs (HTTP/1.1 404) 6 headers in 231 bytes (1 switches on core 0)
2026-09-09 21:43:30.429 8 INFO placement.requestlog [None req-bb037aaf-ee86-44ae-81ca-4e08454b6fd6 58bdf8709df8472cb65d471cd96a4e95 472e21763c2444769899a8199f621e86 - - 6b4dac9143bf4705ac71f4977eac439a 6b4dac9143bf4705ac71f4977eac439a] 10.0.0.31 "GET /resource_providers/a35d9741-676b-4219-aeeb-8886b3c9c4fb/aggregates" status: 404 len: 235 microversion: 1.1 [pid: 8|app: 0|req: 652/1293] 10.0.0.31 () {32 vars in 815 bytes} [Wed Sep 9 21:43:30 2026] GET /resource_providers/a35d9741-676b-4219-aeeb-8886b3c9c4fb/aggregates => generated 235 bytes in 16 msecs (HTTP/1.1 404) 5 headers in 202 bytes (1 switches on core 0)
2026-09-09 21:43:30.438 7 INFO placement.requestlog [None req-274e0fbf-9985-4c72-a705-9995943139eb 58bdf8709df8472cb65d471cd96a4e95 472e21763c2444769899a8199f621e86 - - 6b4dac9143bf4705ac71f4977eac439a 6b4dac9143bf4705ac71f4977eac439a] 10.0.0.31 "GET /resource_providers/a35d9741-676b-4219-aeeb-8886b3c9c4fb/aggregates" status: 404 len: 235 microversion: 1.1 [pid: 7|app: 0|req: 642/1294] 10.0.0.31 () {32 vars in 815 bytes} [Wed Sep 9 21:43:30 2026] GET /resource_providers/a35d9741-676b-4219-aeeb-8886b3c9c4fb/aggregates => generated 235 bytes in 18 msecs (HTTP/1.1 404) 5 headers in 202 bytes (1 switches on core 0)
2026-09-09 21:43:30.441 8 INFO placement.requestlog [None req-afed74a2-de20-461b-a768-3d5b9ddabd74 58bdf8709df8472cb65d471cd96a4e95 472e21763c2444769899a8199f621e86 - - 6b4dac9143bf4705ac71f4977eac439a 6b4dac9143bf4705ac71f4977eac439a] 10.0.0.31 "DELETE /resource_providers/a35d9741-676b-4219-aeeb-8886b3c9c4fb" status: 404 len: 246 microversion: 1.1 [pid: 8|app: 0|req: 653/1295] 10.0.0.31 () {34 vars in 815 bytes} [Wed Sep 9 21:43:30 2026] DELETE /resource_providers/a35d9741-676b-4219-aeeb-8886b3c9c4fb => generated 246 bytes in 6 msecs (HTTP/1.1 404) 6 headers in 231 bytes (1 switches on core 0)
2026-09-09 21:43:30.457 7 INFO placement.requestlog [None req-ee11d1b6-011e-48e7-9116-be40dffb0a16 58bdf8709df8472cb65d471cd96a4e95 472e21763c2444769899a8199f621e86 - - 6b4dac9143bf4705ac71f4977eac439a 6b4dac9143bf4705ac71f4977eac439a] 10.0.0.31 "DELETE /resource_providers/a35d9741-676b-4219-aeeb-8886b3c9c4fb" status: 404 len: 246 microversion: 1.1 [pid: 7|app: 0|req: 643/1296] 10.0.0.31 () {34 vars in 815 bytes} [Wed Sep 9 21:43:30 2026] DELETE /resource_providers/a35d9741-676b-4219-aeeb-8886b3c9c4fb => generated 246 bytes in 10 msecs (HTTP/1.1 404) 6 headers in 231 bytes (1 switches on core 0)
2026-09-09 21:43:32.471 8 INFO placement.requestlog [None req-3cd1b568-925b-45ef-adba-e92397f0281c 58bdf8709df8472cb65d471cd96a4e95 472e21763c2444769899a8199f621e86 - - 6b4dac9143bf4705ac71f4977eac439a 6b4dac9143bf4705ac71f4977eac439a] 10.0.0.31 "GET /resource_providers/3ae61a1c-4838-445b-bcad-de354ad04aff/aggregates" status: 404 len: 235 microversion: 1.1 [pid: 8|app: 0|req: 654/1297] 10.0.0.31 () {32 vars in 815 bytes} [Wed Sep 9 21:43:32 2026] GET /resource_providers/3ae61a1c-4838-445b-bcad-de354ad04aff/aggregates => generated 235 bytes in 16 msecs (HTTP/1.1 404) 5 headers in 202 bytes (1 switches on core 0)
2026-09-09 21:43:32.485 7 INFO placement.requestlog [None req-a988ddc4-0990-49d2-bab5-21076624cec2 58bdf8709df8472cb65d471cd96a4e95 472e21763c2444769899a8199f621e86 - - 6b4dac9143bf4705ac71f4977eac439a 6b4dac9143bf4705ac71f4977eac439a] 10.0.0.31 "GET /resource_providers/3ae61a1c-4838-445b-bcad-de354ad04aff/aggregates" status: 404 len: 235 microversion: 1.1 [pid: 7|app: 0|req: 644/1298] 10.0.0.31 () {32 vars in 815 bytes} [Wed Sep 9 21:43:32 2026] GET /resource_providers/3ae61a1c-4838-445b-bcad-de354ad04aff/aggregates => generated 235 bytes in 14 msecs (HTTP/1.1 404) 5 headers in 202 bytes (1 switches on core 0)
2026-09-09 21:43:32.497 8 INFO placement.requestlog [None req-4e8ae985-3b42-4511-9634-eb0da724bde3 58bdf8709df8472cb65d471cd96a4e95 472e21763c2444769899a8199f621e86 - - 6b4dac9143bf4705ac71f4977eac439a 6b4dac9143bf4705ac71f4977eac439a] 10.0.0.31 "DELETE /resource_providers/3ae61a1c-4838-445b-bcad-de354ad04aff" status: 404 len: 246 microversion: 1.1 [pid: 8|app: 0|req: 655/1299] 10.0.0.31 () {34 vars in 815 bytes} [Wed Sep 9 21:43:32 2026] DELETE /resource_providers/3ae61a1c-4838-445b-bcad-de354ad04aff => generated 246 bytes in 17 msecs (HTTP/1.1 404) 6 headers in 231 bytes (1 switches on core 0)
2026-09-09 21:43:32.516 7 INFO placement.requestlog [None req-a123248c-d25b-4854-8ade-b725c83d3fe0 58bdf8709df8472cb65d471cd96a4e95 472e21763c2444769899a8199f621e86 - - 6b4dac9143bf4705ac71f4977eac439a 6b4dac9143bf4705ac71f4977eac439a] 10.0.0.31 "DELETE /resource_providers/3ae61a1c-4838-445b-bcad-de354ad04aff" status: 404 len: 246 microversion: 1.1 [pid: 7|app: 0|req: 645/1300] 10.0.0.31 () {34 vars in 815 bytes} [Wed Sep 9 21:43:32 2026] DELETE /resource_providers/3ae61a1c-4838-445b-bcad-de354ad04aff => generated 246 bytes in 22 msecs (HTTP/1.1 404) 6 headers in 231 bytes (1 switches on core 0)
2026-09-09 21:43:35.424 8 INFO placement.requestlog [None req-5dc75a65-7feb-4677-9c3e-84e3e80240f5 - - - - - -] 10.0.0.93 "GET /" status: 200 len: 136 microversion: 1.0
2026-09-09 21:43:35.424 7 INFO placement.requestlog [None req-eff97a3e-c08f-4c59-b15d-2a1e43398901 - - - - - -] 10.0.0.93 "GET /" status: 200 len: 136 microversion: 1.0
2026-09-09 21:43:45.424 8 INFO placement.requestlog [None req-6fcf08a3-765b-4d3e-b478-19a7d8ba0cfb - - - - - -] 10.0.0.93 "GET /" status: 200 len: 136 microversion: 1.0
2026-09-09 21:43:45.424 7 INFO placement.requestlog [None req-a4d0c814-8173-4437-ba83-6d5619f4802f - - - - - -] 10.0.0.93 "GET /" status: 200 len: 136 microversion: 1.0
2026-09-09 21:43:52.051 8 INFO placement.requestlog [None req-e7aea9b8-ab57-47f3-b86f-17cc1200b808 58bdf8709df8472cb65d471cd96a4e95 472e21763c2444769899a8199f621e86 - - 6b4dac9143bf4705ac71f4977eac439a 6b4dac9143bf4705ac71f4977eac439a] 10.0.0.31 "GET /resource_providers/3d46dcc4-9755-4482-8cc8-751fc808e229/aggregates" status: 404 len: 235 microversion: 1.1 [pid: 8|app: 0|req: 658/1305] 10.0.0.31 () {32 vars in 815 bytes} [Wed Sep 9 21:43:52 2026] GET /resource_providers/3d46dcc4-9755-4482-8cc8-751fc808e229/aggregates => generated 235 bytes in 14 msecs (HTTP/1.1 404) 5 headers in 202 bytes (1 switches on core 0)
2026-09-09 21:43:52.057 7 INFO placement.requestlog [None req-3929bd78-62b3-4574-aa5a-9b25972b0a3d 58bdf8709df8472cb65d471cd96a4e95 472e21763c2444769899a8199f621e86 - - 6b4dac9143bf4705ac71f4977eac439a 6b4dac9143bf4705ac71f4977eac439a] 10.0.0.31 "GET /resource_providers/3d46dcc4-9755-4482-8cc8-751fc808e229/aggregates" status: 404 len: 235 microversion: 1.1 [pid: 7|app: 0|req: 648/1306] 10.0.0.31 () {32 vars in 815 bytes} [Wed Sep 9 21:43:52 2026] GET /resource_providers/3d46dcc4-9755-4482-8cc8-751fc808e229/aggregates => generated 235 bytes in 17 msecs (HTTP/1.1 404) 5 headers in 202 bytes (1 switches on core 0)
2026-09-09 21:43:52.083 7 INFO placement.requestlog [None req-204aa6c9-8c10-4a31-8a57-89b3e8b862b7 58bdf8709df8472cb65d471cd96a4e95 472e21763c2444769899a8199f621e86 - - 6b4dac9143bf4705ac71f4977eac439a 6b4dac9143bf4705ac71f4977eac439a] 10.0.0.31 "DELETE /resource_providers/3d46dcc4-9755-4482-8cc8-751fc808e229" status: 404 len: 246 microversion: 1.1 [pid: 7|app: 0|req: 649/1307] 10.0.0.31 () {34 vars in 815 bytes} [Wed Sep 9 21:43:52 2026] DELETE /resource_providers/3d46dcc4-9755-4482-8cc8-751fc808e229 => generated 246 bytes in 14 msecs (HTTP/1.1 404) 6 headers in 231 bytes (1 switches on core 0)
2026-09-09 21:43:52.085 8 INFO placement.requestlog [None req-cd5405ef-0130-4fc0-ba94-025d6ee89983 58bdf8709df8472cb65d471cd96a4e95 472e21763c2444769899a8199f621e86 - - 6b4dac9143bf4705ac71f4977eac439a 6b4dac9143bf4705ac71f4977eac439a] 10.0.0.31 "DELETE /resource_providers/3d46dcc4-9755-4482-8cc8-751fc808e229" status: 404 len: 246 microversion: 1.1 [pid: 8|app: 0|req: 659/1308] 10.0.0.31 () {34 vars in 815 bytes} [Wed Sep 9 21:43:52 2026] DELETE /resource_providers/3d46dcc4-9755-4482-8cc8-751fc808e229 => generated 246 bytes in 16 msecs (HTTP/1.1 404) 6 headers in 231 bytes (1 switches on core 0)
2026-09-09 21:43:55.423 7 INFO placement.requestlog [None req-50d2f3e5-2c90-4b57-9bb0-05dee9e6225d - - - - - -] 10.0.0.93 "GET /" status: 200 len: 136 microversion: 1.0
2026-09-09 21:43:55.424 8 INFO placement.requestlog [None req-7cf5023e-81ff-450c-a9a5-ed62d25c53f2 - - - - - -] 10.0.0.93 "GET /" status: 200 len: 136 microversion: 1.0
2026-09-09 21:44:05.424 7 INFO placement.requestlog [None req-4af19617-e9a6-4e82-8193-ad018cc11e82 - - - - - -] 10.0.0.93 "GET /" status: 200 len: 136 microversion: 1.0
2026-09-09 21:44:05.424 8 INFO placement.requestlog [None req-2318e525-5241-40e9-aaec-95dfa390bfa4 - - - - - -] 10.0.0.93 "GET /" status: 200 len: 136 microversion: 1.0
2026-09-09 21:44:11.793 7 INFO placement.requestlog [None req-91ba2c9f-ff84-432d-8ff4-e9e2869eaeac 58bdf8709df8472cb65d471cd96a4e95 472e21763c2444769899a8199f621e86 - - 6b4dac9143bf4705ac71f4977eac439a 6b4dac9143bf4705ac71f4977eac439a] 10.0.0.31 "GET /resource_providers/9064b2de-7fb2-43bb-974b-790ecde23d78/aggregates" status: 404 len: 235 microversion: 1.1 [pid: 7|app: 0|req: 652/1313] 10.0.0.31 () {32 vars in 815 bytes} [Wed Sep 9 21:44:11 2026] GET /resource_providers/9064b2de-7fb2-43bb-974b-790ecde23d78/aggregates => generated 235 bytes in 10 msecs (HTTP/1.1 404) 5 headers in 202 bytes (1 switches on core 0)
2026-09-09 21:44:11.795 8 INFO placement.requestlog [None req-32256f58-fe90-43a4-a175-830c8592c403 58bdf8709df8472cb65d471cd96a4e95 472e21763c2444769899a8199f621e86 - - 6b4dac9143bf4705ac71f4977eac439a 6b4dac9143bf4705ac71f4977eac439a] 10.0.0.31 "GET /resource_providers/9064b2de-7fb2-43bb-974b-790ecde23d78/aggregates" status: 404 len: 235 microversion: 1.1 [pid: 8|app: 0|req: 662/1314] 10.0.0.31 () {32 vars in 815 bytes} [Wed Sep 9 21:44:11 2026] GET /resource_providers/9064b2de-7fb2-43bb-974b-790ecde23d78/aggregates => generated 235 bytes in 12 msecs (HTTP/1.1 404) 5 headers in 202 bytes (1 switches on core 0)
2026-09-09 21:44:11.816 7 INFO placement.requestlog [None req-8fd36f60-7e16-44f5-9734-3fa48bfcc602 58bdf8709df8472cb65d471cd96a4e95 472e21763c2444769899a8199f621e86 - - 6b4dac9143bf4705ac71f4977eac439a 6b4dac9143bf4705ac71f4977eac439a] 10.0.0.31 "DELETE /resource_providers/9064b2de-7fb2-43bb-974b-790ecde23d78" status: 404 len: 246 microversion: 1.1 [pid: 7|app: 0|req: 653/1315] 10.0.0.31 () {34 vars in 815 bytes} [Wed Sep 9 21:44:11 2026] DELETE /resource_providers/9064b2de-7fb2-43bb-974b-790ecde23d78 => generated 246 bytes in 9 msecs (HTTP/1.1 404) 6 headers in 231 bytes (1 switches on core 0)
2026-09-09 21:44:11.823 8 INFO placement.requestlog [None req-0eaf7108-6eaa-420c-afb2-99ff7acc2d89 58bdf8709df8472cb65d471cd96a4e95 472e21763c2444769899a8199f621e86 - - 6b4dac9143bf4705ac71f4977eac439a 6b4dac9143bf4705ac71f4977eac439a] 10.0.0.31 "DELETE /resource_providers/9064b2de-7fb2-43bb-974b-790ecde23d78" status: 404 len: 246 microversion: 1.1 [pid: 8|app: 0|req: 663/1316] 10.0.0.31 () {34 vars in 815 bytes} [Wed Sep 9 21:44:11 2026] DELETE /resource_providers/9064b2de-7fb2-43bb-974b-790ecde23d78 => generated 246 bytes in 14 msecs (HTTP/1.1 404) 6 headers in 231 bytes (1 switches on core 0)
2026-09-09 21:44:11.973 7 INFO placement.requestlog [None req-07385408-1718-4434-8484-71abff3ef004 58bdf8709df8472cb65d471cd96a4e95 472e21763c2444769899a8199f621e86 - - 6b4dac9143bf4705ac71f4977eac439a 6b4dac9143bf4705ac71f4977eac439a] 10.0.0.31 "GET /resource_providers/770643d9-2293-4db2-b3cc-ca57c336129e/aggregates" status: 404 len: 235 microversion: 1.1 [pid: 7|app: 0|req: 654/1317] 10.0.0.31 () {32 vars in 815 bytes} [Wed Sep 9 21:44:11 2026] GET /resource_providers/770643d9-2293-4db2-b3cc-ca57c336129e/aggregates => generated 235 bytes in 13 msecs (HTTP/1.1 404) 5 headers in 202 bytes (1 switches on core 0)
2026-09-09 21:44:11.981 8 INFO placement.requestlog [None req-1910e450-51ff-444c-9d1e-d9b902ea103f 58bdf8709df8472cb65d471cd96a4e95 472e21763c2444769899a8199f621e86 - - 6b4dac9143bf4705ac71f4977eac439a 6b4dac9143bf4705ac71f4977eac439a] 10.0.0.31 "GET /resource_providers/770643d9-2293-4db2-b3cc-ca57c336129e/aggregates" status: 404 len: 235 microversion: 1.1 [pid: 8|app: 0|req: 664/1318] 10.0.0.31 () {32 vars in 815 bytes} [Wed Sep 9 21:44:11 2026] GET /resource_providers/770643d9-2293-4db2-b3cc-ca57c336129e/aggregates => generated 235 bytes in 11 msecs (HTTP/1.1 404) 5 headers in 202 bytes (1 switches on core 0)
2026-09-09 21:44:11.998 7 INFO placement.requestlog [None req-9ac1cb31-2556-492a-9b59-c11ac31a3fd2 58bdf8709df8472cb65d471cd96a4e95 472e21763c2444769899a8199f621e86 - - 6b4dac9143bf4705ac71f4977eac439a 6b4dac9143bf4705ac71f4977eac439a] 10.0.0.31 "DELETE /resource_providers/770643d9-2293-4db2-b3cc-ca57c336129e" status: 404 len: 246 microversion: 1.1 [pid: 7|app: 0|req: 655/1319] 10.0.0.31 () {34 vars in 815 bytes} [Wed Sep 9 21:44:11 2026] DELETE /resource_providers/770643d9-2293-4db2-b3cc-ca57c336129e => generated 246 bytes in 11 msecs (HTTP/1.1 404) 6 headers in 231 bytes (1 switches on core 0)
2026-09-09 21:44:12.007 8 INFO placement.requestlog [None req-68c90a6b-8054-4776-a319-36e75117bd63 58bdf8709df8472cb65d471cd96a4e95 472e21763c2444769899a8199f621e86 - - 6b4dac9143bf4705ac71f4977eac439a 6b4dac9143bf4705ac71f4977eac439a] 10.0.0.31 "DELETE /resource_providers/770643d9-2293-4db2-b3cc-ca57c336129e" status: 404 len: 246 microversion: 1.1 [pid: 8|app: 0|req: 665/1320] 10.0.0.31 () {34 vars in 815 bytes} [Wed Sep 9 21:44:11 2026] DELETE /resource_providers/770643d9-2293-4db2-b3cc-ca57c336129e => generated 246 bytes in 10 msecs (HTTP/1.1 404) 6 headers in 231 bytes (1 switches on core 0)
2026-09-09 21:44:13.845 8 INFO placement.requestlog [None req-ef728c24-bf9b-4b2c-a2de-7ccc797728bf 58bdf8709df8472cb65d471cd96a4e95 472e21763c2444769899a8199f621e86 - - 6b4dac9143bf4705ac71f4977eac439a 6b4dac9143bf4705ac71f4977eac439a] 10.0.0.31 "GET /resource_providers/9cecf2a7-a58f-4f87-b27a-befe07c9da9e/aggregates" status: 404 len: 235 microversion: 1.1 [pid: 8|app: 0|req: 666/1321] 10.0.0.31 () {32 vars in 815 bytes} [Wed Sep 9 21:44:13 2026] GET /resource_providers/9cecf2a7-a58f-4f87-b27a-befe07c9da9e/aggregates => generated 235 bytes in 9 msecs (HTTP/1.1 404) 5 headers in 202 bytes (1 switches on core 0)
2026-09-09 21:44:13.854 7 INFO placement.requestlog [None req-92d7e9a3-965c-48e1-b8ff-8e8fc931d48c 58bdf8709df8472cb65d471cd96a4e95 472e21763c2444769899a8199f621e86 - - 6b4dac9143bf4705ac71f4977eac439a 6b4dac9143bf4705ac71f4977eac439a] 10.0.0.31 "GET /resource_providers/9cecf2a7-a58f-4f87-b27a-befe07c9da9e/aggregates" status: 404 len: 235 microversion: 1.1 [pid: 7|app: 0|req: 656/1322] 10.0.0.31 () {32 vars in 815 bytes} [Wed Sep 9 21:44:13 2026] GET /resource_providers/9cecf2a7-a58f-4f87-b27a-befe07c9da9e/aggregates => generated 235 bytes in 18 msecs (HTTP/1.1 404) 5 headers in 202 bytes (1 switches on core 0)
2026-09-09 21:44:13.871 8 INFO placement.requestlog [None req-eba2c59d-a454-4490-bbc1-4737b60a7f07 58bdf8709df8472cb65d471cd96a4e95 472e21763c2444769899a8199f621e86 - - 6b4dac9143bf4705ac71f4977eac439a 6b4dac9143bf4705ac71f4977eac439a] 10.0.0.31 "DELETE /resource_providers/9cecf2a7-a58f-4f87-b27a-befe07c9da9e" status: 404 len: 246 microversion: 1.1 [pid: 8|app: 0|req: 667/1323] 10.0.0.31 () {34 vars in 815 bytes} [Wed Sep 9 21:44:13 2026] DELETE /resource_providers/9cecf2a7-a58f-4f87-b27a-befe07c9da9e => generated 246 bytes in 9 msecs (HTTP/1.1 404) 6 headers in 231 bytes (1 switches on core 0)
2026-09-09 21:44:13.879 7 INFO placement.requestlog [None req-9d5d2a81-7514-4282-a48d-5b07d9e0378a 58bdf8709df8472cb65d471cd96a4e95 472e21763c2444769899a8199f621e86 - - 6b4dac9143bf4705ac71f4977eac439a 6b4dac9143bf4705ac71f4977eac439a] 10.0.0.31 "DELETE /resource_providers/9cecf2a7-a58f-4f87-b27a-befe07c9da9e" status: 404 len: 246 microversion: 1.1 [pid: 7|app: 0|req: 657/1324] 10.0.0.31 () {34 vars in 815 bytes} [Wed Sep 9 21:44:13 2026] DELETE /resource_providers/9cecf2a7-a58f-4f87-b27a-befe07c9da9e => generated 246 bytes in 13 msecs (HTTP/1.1 404) 6 headers in 231 bytes (1 switches on core 0)
