2026-09-09 21:32:45.424 7 INFO placement.requestlog [None req-1337642b-4429-43b0-bd52-f36d0e46b177 - - - - - -] 10.0.0.93 "GET /" status: 200 len: 136 microversion: 1.0
2026-09-09 21:32:45.424 8 INFO placement.requestlog [None req-a199d666-ee3a-428e-9fd7-5fb13a9b8f57 - - - - - -] 10.0.0.93 "GET /" status: 200 len: 136 microversion: 1.0
2026-09-09 21:32:55.424 8 INFO placement.requestlog [None req-a1da375a-368c-4409-91a5-86eb45acd394 - - - - - -] 10.0.0.93 "GET /" status: 200 len: 136 microversion: 1.0
2026-09-09 21:32:55.424 7 INFO placement.requestlog [None req-5aef2ce3-9571-48a9-8647-7efe5324bc67 - - - - - -] 10.0.0.93 "GET /" status: 200 len: 136 microversion: 1.0
2026-09-09 21:33:05.424 8 INFO placement.requestlog [None req-02944a48-e70e-423e-b866-1142f78c5e12 - - - - - -] 10.0.0.93 "GET /" status: 200 len: 136 microversion: 1.0
2026-09-09 21:33:05.424 7 INFO placement.requestlog [None req-dddabafc-f331-4683-aaff-9beac4cff3e1 - - - - - -] 10.0.0.93 "GET /" status: 200 len: 136 microversion: 1.0
2026-09-09 21:33:07.708 7 INFO placement.requestlog [req-6664f655-f85d-454f-988c-fa4ad8e43435 req-bc4e4090-a491-41cf-9b68-6bb63488e95b b869bae05e274250ab2bf1add890288d 472e21763c2444769899a8199f621e86 - - 6b4dac9143bf4705ac71f4977eac439a 6b4dac9143bf4705ac71f4977eac439a] 162.253.55.112 "GET /resource_providers/d0bfe84f-22db-4f59-9e22-7d6a69fe7d49/allocations" status: 200 len: 54 microversion: 1.0 [pid: 7|app: 0|req: 296/592] 162.253.55.112 () {32 vars in 857 bytes} [Wed Sep 9 21:33:07 2026] GET /resource_providers/d0bfe84f-22db-4f59-9e22-7d6a69fe7d49/allocations => generated 54 bytes in 166 msecs (HTTP/1.1 200) 6 headers in 223 bytes (1 switches on core 0)
2026-09-09 21:33:07.745 8 INFO placement.requestlog [req-6664f655-f85d-454f-988c-fa4ad8e43435 req-ad9c422c-1293-4aba-b861-0f5a21b8ee2f b869bae05e274250ab2bf1add890288d 472e21763c2444769899a8199f621e86 - - 6b4dac9143bf4705ac71f4977eac439a 6b4dac9143bf4705ac71f4977eac439a] 162.253.55.112 "GET /resource_providers?in_tree=d0bfe84f-22db-4f59-9e22-7d6a69fe7d49" status: 200 len: 797 microversion: 1.14 [pid: 8|app: 0|req: 297/593] 162.253.55.112 () {34 vars in 892 bytes} [Wed Sep 9 21:33:07 2026] GET /resource_providers?in_tree=d0bfe84f-22db-4f59-9e22-7d6a69fe7d49 => generated 797 bytes in 30 msecs (HTTP/1.1 200) 6 headers in 225 bytes (1 switches on core 0)
2026-09-09 21:33:07.770 7 INFO placement.requestlog [req-6664f655-f85d-454f-988c-fa4ad8e43435 req-04d42b73-d4e3-45bf-99d5-a99399a5e480 b869bae05e274250ab2bf1add890288d 472e21763c2444769899a8199f621e86 - - 6b4dac9143bf4705ac71f4977eac439a 6b4dac9143bf4705ac71f4977eac439a] 162.253.55.112 "GET /resource_providers/d0bfe84f-22db-4f59-9e22-7d6a69fe7d49/inventories" status: 200 len: 400 microversion: 1.0 [pid: 7|app: 0|req: 297/594] 162.253.55.112 () {32 vars in 857 bytes} [Wed Sep 9 21:33:07 2026] GET /resource_providers/d0bfe84f-22db-4f59-9e22-7d6a69fe7d49/inventories => generated 400 bytes in 19 msecs (HTTP/1.1 200) 6 headers in 224 bytes (1 switches on core 0)
2026-09-09 21:33:07.794 8 INFO placement.requestlog [req-6664f655-f85d-454f-988c-fa4ad8e43435 req-9a8833c2-2575-4ebb-bd57-61fd5ee6577a b869bae05e274250ab2bf1add890288d 472e21763c2444769899a8199f621e86 - - 6b4dac9143bf4705ac71f4977eac439a 6b4dac9143bf4705ac71f4977eac439a] 162.253.55.112 "GET /resource_providers/d0bfe84f-22db-4f59-9e22-7d6a69fe7d49/aggregates" status: 200 len: 53 microversion: 1.19 [pid: 8|app: 0|req: 298/595] 162.253.55.112 () {34 vars in 899 bytes} [Wed Sep 9 21:33:07 2026] GET /resource_providers/d0bfe84f-22db-4f59-9e22-7d6a69fe7d49/aggregates => generated 53 bytes in 16 msecs (HTTP/1.1 200) 8 headers in 295 bytes (1 switches on core 0)
2026-09-09 21:33:07.830 7 INFO placement.requestlog [req-6664f655-f85d-454f-988c-fa4ad8e43435 req-6c16d24c-525b-44a0-a96d-3c10e95e31df b869bae05e274250ab2bf1add890288d 472e21763c2444769899a8199f621e86 - - 6b4dac9143bf4705ac71f4977eac439a 6b4dac9143bf4705ac71f4977eac439a] 162.253.55.112 "GET /resource_providers/d0bfe84f-22db-4f59-9e22-7d6a69fe7d49/traits" status: 200 len: 1977 microversion: 1.6 [pid: 7|app: 0|req: 298/596] 162.253.55.112 () {34 vars in 890 bytes} [Wed Sep 9 21:33:07 2026] GET /resource_providers/d0bfe84f-22db-4f59-9e22-7d6a69fe7d49/traits => generated 1977 bytes in 30 msecs (HTTP/1.1 200) 6 headers in 225 bytes (1 switches on core 0)
2026-09-09 21:33:07.855 8 INFO placement.requestlog [req-6664f655-f85d-454f-988c-fa4ad8e43435 req-8416f829-f849-42e7-97f3-2c10ae625fd1 b869bae05e274250ab2bf1add890288d 472e21763c2444769899a8199f621e86 - - 6b4dac9143bf4705ac71f4977eac439a 6b4dac9143bf4705ac71f4977eac439a] 162.253.55.112 "GET /resource_providers/d0bfe84f-22db-4f59-9e22-7d6a69fe7d49/allocations" status: 200 len: 54 microversion: 1.0 [pid: 8|app: 0|req: 299/597] 162.253.55.112 () {32 vars in 857 bytes} [Wed Sep 9 21:33:07 2026] GET /resource_providers/d0bfe84f-22db-4f59-9e22-7d6a69fe7d49/allocations => generated 54 bytes in 18 msecs (HTTP/1.1 200) 6 headers in 223 bytes (1 switches on core 0)
2026-09-09 21:33:15.424 7 INFO placement.requestlog [None req-20bcf76d-7ff5-4b64-beeb-a8418b5452cb - - - - - -] 10.0.0.93 "GET /" status: 200 len: 136 microversion: 1.0
2026-09-09 21:33:15.426 8 INFO placement.requestlog [None req-d1e43fea-b964-4164-885f-2439869ffe5a - - - - - -] 10.0.0.93 "GET /" status: 200 len: 136 microversion: 1.0
2026-09-09 21:33:25.424 7 INFO placement.requestlog [None req-014244c0-110b-4e62-93a4-b84e9014674d - - - - - -] 10.0.0.93 "GET /" status: 200 len: 136 microversion: 1.0
2026-09-09 21:33:25.424 8 INFO placement.requestlog [None req-38efe0d2-fbbb-4335-8ea2-431acc3755e6 - - - - - -] 10.0.0.93 "GET /" status: 200 len: 136 microversion: 1.0
2026-09-09 21:33:35.424 8 INFO placement.requestlog [None req-0326b358-5933-4d6a-8b08-fe86e203369b - - - - - -] 10.0.0.93 "GET /" status: 200 len: 136 microversion: 1.0
2026-09-09 21:33:35.424 7 INFO placement.requestlog [None req-b1ca73fe-50dc-41bb-bc32-fb48d6565334 - - - - - -] 10.0.0.93 "GET /" status: 200 len: 136 microversion: 1.0
2026-09-09 21:33:45.424 8 INFO placement.requestlog [None req-638b75cb-680f-480a-a3f4-4f3bf599dea9 - - - - - -] 10.0.0.93 "GET /" status: 200 len: 136 microversion: 1.0
2026-09-09 21:33:45.429 7 INFO placement.requestlog [None req-4a3c70b6-ffb6-44c9-b95a-ede4590c2b96 - - - - - -] 10.0.0.93 "GET /" status: 200 len: 136 microversion: 1.0
2026-09-09 21:33:55.426 8 INFO placement.requestlog [None req-b0585f15-ddf0-415f-b7ee-209278e7d1ae - - - - - -] 10.0.0.93 "GET /" status: 200 len: 136 microversion: 1.0
2026-09-09 21:33:55.429 7 INFO placement.requestlog [None req-679572f8-d244-43d8-a2b8-1a70e963afc4 - - - - - -] 10.0.0.93 "GET /" status: 200 len: 136 microversion: 1.0
2026-09-09 21:34:05.424 8 INFO placement.requestlog [None req-880f0cbb-f924-4c38-91a7-09790ca33914 - - - - - -] 10.0.0.93 "GET /" status: 200 len: 136 microversion: 1.0
2026-09-09 21:34:05.426 7 INFO placement.requestlog [None req-21c761ab-b236-4636-b046-1f01404d0752 - - - - - -] 10.0.0.93 "GET /" status: 200 len: 136 microversion: 1.0
2026-09-09 21:34:07.636 8 INFO placement.requestlog [req-1557ec49-c565-44ee-9e0e-7de2c705682a req-cbbd7d76-223b-4ae6-a879-b8e2405ebc00 b869bae05e274250ab2bf1add890288d 472e21763c2444769899a8199f621e86 - - 6b4dac9143bf4705ac71f4977eac439a 6b4dac9143bf4705ac71f4977eac439a] 162.253.55.112 "GET /resource_providers/d0bfe84f-22db-4f59-9e22-7d6a69fe7d49/allocations" status: 200 len: 54 microversion: 1.0 [pid: 8|app: 0|req: 306/610] 162.253.55.112 () {32 vars in 857 bytes} [Wed Sep 9 21:34:07 2026] GET /resource_providers/d0bfe84f-22db-4f59-9e22-7d6a69fe7d49/allocations => generated 54 bytes in 21 msecs (HTTP/1.1 200) 6 headers in 223 bytes (1 switches on core 0)
2026-09-09 21:34:07.664 7 INFO placement.requestlog [req-1557ec49-c565-44ee-9e0e-7de2c705682a req-39edc1c5-083f-400f-85a4-aaedb4f2ff77 b869bae05e274250ab2bf1add890288d 472e21763c2444769899a8199f621e86 - - 6b4dac9143bf4705ac71f4977eac439a 6b4dac9143bf4705ac71f4977eac439a] 162.253.55.112 "GET /resource_providers/d0bfe84f-22db-4f59-9e22-7d6a69fe7d49/allocations" status: 200 len: 54 microversion: 1.0 [pid: 7|app: 0|req: 305/611] 162.253.55.112 () {32 vars in 857 bytes} [Wed Sep 9 21:34:07 2026] GET /resource_providers/d0bfe84f-22db-4f59-9e22-7d6a69fe7d49/allocations => generated 54 bytes in 21 msecs (HTTP/1.1 200) 6 headers in 223 bytes (1 switches on core 0)
2026-09-09 21:34:15.423 8 INFO placement.requestlog [None req-f06e1aba-d926-4596-bb3b-47d6e5af5173 - - - - - -] 10.0.0.93 "GET /" status: 200 len: 136 microversion: 1.0
2026-09-09 21:34:15.425 7 INFO placement.requestlog [None req-74e2d737-bfe9-4108-a3c5-a277d660e2e1 - - - - - -] 10.0.0.93 "GET /" status: 200 len: 136 microversion: 1.0
2026-09-09 21:34:25.424 7 INFO placement.requestlog [None req-3bd2d009-05c4-4752-8d1d-a7a6ccb10dde - - - - - -] 10.0.0.93 "GET /" status: 200 len: 136 microversion: 1.0
2026-09-09 21:34:25.424 8 INFO placement.requestlog [None req-ecbed3ec-6a93-4ba8-a5d1-f2d3e2fc5bca - - - - - -] 10.0.0.93 "GET /" status: 200 len: 136 microversion: 1.0
2026-09-09 21:34:35.424 7 INFO placement.requestlog [None req-8c0268dc-6ac3-4a2f-bea4-c6859af439ab - - - - - -] 10.0.0.93 "GET /" status: 200 len: 136 microversion: 1.0
2026-09-09 21:34:35.424 8 INFO placement.requestlog [None req-123c892e-1cfc-4724-8f55-334b484e5fc5 - - - - - -] 10.0.0.93 "GET /" status: 200 len: 136 microversion: 1.0
2026-09-09 21:34:45.424 7 INFO placement.requestlog [None req-1436ccea-47cf-4e97-a8bd-b75597eb71c2 - - - - - -] 10.0.0.93 "GET /" status: 200 len: 136 microversion: 1.0
2026-09-09 21:34:45.424 8 INFO placement.requestlog [None req-21724855-9039-4a38-8375-ea6beb86ef4a - - - - - -] 10.0.0.93 "GET /" status: 200 len: 136 microversion: 1.0
2026-09-09 21:34:55.424 7 INFO placement.requestlog [None req-38111d1c-0839-4b68-95b7-cdf16c359d69 - - - - - -] 10.0.0.93 "GET /" status: 200 len: 136 microversion: 1.0
2026-09-09 21:34:55.424 8 INFO placement.requestlog [None req-50ba7bb5-c791-4628-a22c-d26761a7d99e - - - - - -] 10.0.0.93 "GET /" status: 200 len: 136 microversion: 1.0
2026-09-09 21:35:05.424 7 INFO placement.requestlog [None req-dea05841-deea-40ba-bfe3-96da1a9e854e - - - - - -] 10.0.0.93 "GET /" status: 200 len: 136 microversion: 1.0
2026-09-09 21:35:05.425 8 INFO placement.requestlog [None req-1ff5f7fe-0001-476c-90e9-98f68129ddc5 - - - - - -] 10.0.0.93 "GET /" status: 200 len: 136 microversion: 1.0
2026-09-09 21:35:09.639 7 INFO placement.requestlog [req-e00be5f5-5e73-4eac-b6e1-7747e20dd85e req-0e4d06bb-3eea-42ea-87ce-ea4211858cc6 b869bae05e274250ab2bf1add890288d 472e21763c2444769899a8199f621e86 - - 6b4dac9143bf4705ac71f4977eac439a 6b4dac9143bf4705ac71f4977eac439a] 162.253.55.112 "GET /resource_providers/d0bfe84f-22db-4f59-9e22-7d6a69fe7d49/allocations" status: 200 len: 54 microversion: 1.0 [pid: 7|app: 0|req: 312/624] 162.253.55.112 () {32 vars in 857 bytes} [Wed Sep 9 21:35:09 2026] GET /resource_providers/d0bfe84f-22db-4f59-9e22-7d6a69fe7d49/allocations => generated 54 bytes in 14 msecs (HTTP/1.1 200) 6 headers in 223 bytes (1 switches on core 0)
2026-09-09 21:35:09.657 8 INFO placement.requestlog [req-e00be5f5-5e73-4eac-b6e1-7747e20dd85e req-3da2cebd-c848-4058-ae6d-17f8fc247920 b869bae05e274250ab2bf1add890288d 472e21763c2444769899a8199f621e86 - - 6b4dac9143bf4705ac71f4977eac439a 6b4dac9143bf4705ac71f4977eac439a] 162.253.55.112 "GET /resource_providers/d0bfe84f-22db-4f59-9e22-7d6a69fe7d49/allocations" status: 200 len: 54 microversion: 1.0 [pid: 8|app: 0|req: 313/625] 162.253.55.112 () {32 vars in 857 bytes} [Wed Sep 9 21:35:09 2026] GET /resource_providers/d0bfe84f-22db-4f59-9e22-7d6a69fe7d49/allocations => generated 54 bytes in 11 msecs (HTTP/1.1 200) 6 headers in 223 bytes (1 switches on core 0)
2026-09-09 21:35:15.424 8 INFO placement.requestlog [None req-6640a03d-edf7-4f40-84e1-a1ab8f0f97df - - - - - -] 10.0.0.93 "GET /" status: 200 len: 136 microversion: 1.0
2026-09-09 21:35:15.424 7 INFO placement.requestlog [None req-da926ea2-db79-4687-bf5b-9cc26373ed5f - - - - - -] 10.0.0.93 "GET /" status: 200 len: 136 microversion: 1.0
2026-09-09 21:35:25.424 8 INFO placement.requestlog [None req-d1f48430-4bc4-428c-9c4d-0b87ea5889c1 - - - - - -] 10.0.0.93 "GET /" status: 200 len: 136 microversion: 1.0
2026-09-09 21:35:25.424 7 INFO placement.requestlog [None req-bc6d4e1c-cfa6-4b64-b47e-f52619df90f5 - - - - - -] 10.0.0.93 "GET /" status: 200 len: 136 microversion: 1.0
2026-09-09 21:35:35.424 8 INFO placement.requestlog [None req-de98549c-32e8-46a9-b5b7-90e72c6d927e - - - - - -] 10.0.0.93 "GET /" status: 200 len: 136 microversion: 1.0
2026-09-09 21:35:35.424 7 INFO placement.requestlog [None req-741b10c7-29af-47a9-b686-fdb10a70b3ba - - - - - -] 10.0.0.93 "GET /" status: 200 len: 136 microversion: 1.0
2026-09-09 21:35:45.424 8 INFO placement.requestlog [None req-a5ea6660-8d44-44fe-b3d9-c46f9b7243ca - - - - - -] 10.0.0.93 "GET /" status: 200 len: 136 microversion: 1.0
2026-09-09 21:35:45.427 7 INFO placement.requestlog [None req-ab958076-fc60-4b4e-8b68-a2ce3d09e34e - - - - - -] 10.0.0.93 "GET /" status: 200 len: 136 microversion: 1.0
2026-09-09 21:35:55.423 7 INFO placement.requestlog [None req-b097236a-7d8d-4fd6-a44d-f192bab873a5 - - - - - -] 10.0.0.93 "GET /" status: 200 len: 136 microversion: 1.0
2026-09-09 21:35:55.424 8 INFO placement.requestlog [None req-e5b889bf-7f9e-414f-ab57-37bbfceabcb8 - - - - - -] 10.0.0.93 "GET /" status: 200 len: 136 microversion: 1.0
2026-09-09 21:36:05.423 8 INFO placement.requestlog [None req-34d89d0e-90f4-4af3-acaf-367fec078368 - - - - - -] 10.0.0.93 "GET /" status: 200 len: 136 microversion: 1.0
2026-09-09 21:36:05.424 7 INFO placement.requestlog [None req-d666a7ac-c764-41ed-b26c-128dfef97731 - - - - - -] 10.0.0.93 "GET /" status: 200 len: 136 microversion: 1.0
2026-09-09 21:36:10.073 8 INFO placement.requestlog [req-e51c1a70-515e-4d20-bc9a-2ca1b3b75e6d req-9f5f5f90-0a4b-43c6-a10c-4d86368c907f b869bae05e274250ab2bf1add890288d 472e21763c2444769899a8199f621e86 - - 6b4dac9143bf4705ac71f4977eac439a 6b4dac9143bf4705ac71f4977eac439a] 162.253.55.112 "GET /resource_providers/d0bfe84f-22db-4f59-9e22-7d6a69fe7d49/allocations" status: 200 len: 54 microversion: 1.0 [pid: 8|app: 0|req: 320/638] 162.253.55.112 () {32 vars in 857 bytes} [Wed Sep 9 21:36:10 2026] GET /resource_providers/d0bfe84f-22db-4f59-9e22-7d6a69fe7d49/allocations => generated 54 bytes in 18 msecs (HTTP/1.1 200) 6 headers in 223 bytes (1 switches on core 0)
2026-09-09 21:36:10.103 7 INFO placement.requestlog [req-e51c1a70-515e-4d20-bc9a-2ca1b3b75e6d req-6aab36d7-f5a3-4e10-b29b-46fdd9731795 b869bae05e274250ab2bf1add890288d 472e21763c2444769899a8199f621e86 - - 6b4dac9143bf4705ac71f4977eac439a 6b4dac9143bf4705ac71f4977eac439a] 162.253.55.112 "GET /resource_providers/d0bfe84f-22db-4f59-9e22-7d6a69fe7d49/allocations" status: 200 len: 54 microversion: 1.0 [pid: 7|app: 0|req: 319/639] 162.253.55.112 () {32 vars in 857 bytes} [Wed Sep 9 21:36:10 2026] GET /resource_providers/d0bfe84f-22db-4f59-9e22-7d6a69fe7d49/allocations => generated 54 bytes in 20 msecs (HTTP/1.1 200) 6 headers in 223 bytes (1 switches on core 0)
2026-09-09 21:36:15.424 8 INFO placement.requestlog [None req-411700db-6e8e-40f6-a9aa-e546a6187807 - - - - - -] 10.0.0.93 "GET /" status: 200 len: 136 microversion: 1.0
2026-09-09 21:36:15.425 7 INFO placement.requestlog [None req-40025133-1f41-4979-95cc-527cadea0ded - - - - - -] 10.0.0.93 "GET /" status: 200 len: 136 microversion: 1.0
2026-09-09 21:36:16.708 8 INFO placement.requestlog [None req-4a1fa282-4d2d-45c6-b23b-eb2aa263b49b 58bdf8709df8472cb65d471cd96a4e95 472e21763c2444769899a8199f621e86 - - 6b4dac9143bf4705ac71f4977eac439a 6b4dac9143bf4705ac71f4977eac439a] 10.0.0.31 "GET /resource_providers/9746c026-4973-4438-9e49-29be065fe9de/aggregates" status: 404 len: 235 microversion: 1.1 [pid: 8|app: 0|req: 322/642] 10.0.0.31 () {32 vars in 815 bytes} [Wed Sep 9 21:36:16 2026] GET /resource_providers/9746c026-4973-4438-9e49-29be065fe9de/aggregates => generated 235 bytes in 121 msecs (HTTP/1.1 404) 5 headers in 202 bytes (1 switches on core 0)
2026-09-09 21:36:16.727 8 INFO placement.requestlog [None req-934895d4-2fd1-4e03-b934-a9d2700ac9f9 58bdf8709df8472cb65d471cd96a4e95 472e21763c2444769899a8199f621e86 - - 6b4dac9143bf4705ac71f4977eac439a 6b4dac9143bf4705ac71f4977eac439a] 10.0.0.31 "DELETE /resource_providers/9746c026-4973-4438-9e49-29be065fe9de" status: 404 len: 246 microversion: 1.1 [pid: 8|app: 0|req: 323/643] 10.0.0.31 () {34 vars in 815 bytes} [Wed Sep 9 21:36:16 2026] DELETE /resource_providers/9746c026-4973-4438-9e49-29be065fe9de => generated 246 bytes in 6 msecs (HTTP/1.1 404) 6 headers in 231 bytes (1 switches on core 0)
2026-09-09 21:36:16.728 7 INFO placement.requestlog [None req-69e3de0e-f80f-4fd8-908a-2ebab0675704 58bdf8709df8472cb65d471cd96a4e95 472e21763c2444769899a8199f621e86 - - 6b4dac9143bf4705ac71f4977eac439a 6b4dac9143bf4705ac71f4977eac439a] 10.0.0.31 "GET /resource_providers/9746c026-4973-4438-9e49-29be065fe9de/aggregates" status: 404 len: 235 microversion: 1.1 [pid: 7|app: 0|req: 321/644] 10.0.0.31 () {32 vars in 815 bytes} [Wed Sep 9 21:36:16 2026] GET /resource_providers/9746c026-4973-4438-9e49-29be065fe9de/aggregates => generated 235 bytes in 115 msecs (HTTP/1.1 404) 5 headers in 202 bytes (1 switches on core 0)
2026-09-09 21:36:16.743 8 INFO placement.requestlog [None req-06770cd5-e7f4-44b8-b180-87a23cb95806 58bdf8709df8472cb65d471cd96a4e95 472e21763c2444769899a8199f621e86 - - 6b4dac9143bf4705ac71f4977eac439a 6b4dac9143bf4705ac71f4977eac439a] 10.0.0.31 "DELETE /resource_providers/9746c026-4973-4438-9e49-29be065fe9de" status: 404 len: 246 microversion: 1.1 [pid: 8|app: 0|req: 324/645] 10.0.0.31 () {34 vars in 815 bytes} [Wed Sep 9 21:36:16 2026] DELETE /resource_providers/9746c026-4973-4438-9e49-29be065fe9de => generated 246 bytes in 5 msecs (HTTP/1.1 404) 6 headers in 231 bytes (1 switches on core 0)
2026-09-09 21:36:17.704 7 INFO placement.requestlog [req-96c371ea-5019-416b-9a9e-92c91f79102f req-b1cf148b-5749-4934-b547-c9747a07e0ee b869bae05e274250ab2bf1add890288d 472e21763c2444769899a8199f621e86 - - 6b4dac9143bf4705ac71f4977eac439a 6b4dac9143bf4705ac71f4977eac439a] 10.0.0.244 "GET /allocation_candidates?limit=1000&resources=DISK_GB%3A1%2CMEMORY_MB%3A512%2CVCPU%3A1&root_required=%21COMPUTE_STATUS_DISABLED" status: 200 len: 2442 microversion: 1.36 [pid: 7|app: 0|req: 322/646] 10.0.0.244 () {34 vars in 1012 bytes} [Wed Sep 9 21:36:17 2026] GET /allocation_candidates?limit=1000&resources=DISK_GB%3A1%2CMEMORY_MB%3A512%2CVCPU%3A1&root_required=%21COMPUTE_STATUS_DISABLED => generated 2442 bytes in 185 msecs (HTTP/1.1 200) 8 headers in 297 bytes (1 switches on core 0)
2026-09-09 21:36:17.742 8 INFO placement.requestlog [req-96c371ea-5019-416b-9a9e-92c91f79102f req-a6abf326-9a8e-4dea-9e74-a0622ff62782 b869bae05e274250ab2bf1add890288d 472e21763c2444769899a8199f621e86 - - 6b4dac9143bf4705ac71f4977eac439a 6b4dac9143bf4705ac71f4977eac439a] 10.0.0.244 "GET /allocations/e241111c-94d9-463e-9f9f-63f8e363695f" status: 200 len: 19 microversion: 1.28 [pid: 8|app: 0|req: 325/647] 10.0.0.244 () {34 vars in 861 bytes} [Wed Sep 9 21:36:17 2026] GET /allocations/e241111c-94d9-463e-9f9f-63f8e363695f => generated 19 bytes in 13 msecs (HTTP/1.1 200) 8 headers in 295 bytes (1 switches on core 0)
2026-09-09 21:36:17.820 7 INFO placement.requestlog [req-96c371ea-5019-416b-9a9e-92c91f79102f req-eab01c62-52a3-42a2-823d-6b6462724f66 b869bae05e274250ab2bf1add890288d 472e21763c2444769899a8199f621e86 - - 6b4dac9143bf4705ac71f4977eac439a 6b4dac9143bf4705ac71f4977eac439a] 10.0.0.244 "PUT /allocations/e241111c-94d9-463e-9f9f-63f8e363695f" status: 204 len: 0 microversion: 1.36 [pid: 7|app: 0|req: 323/648] 10.0.0.244 () {38 vars in 914 bytes} [Wed Sep 9 21:36:17 2026] PUT /allocations/e241111c-94d9-463e-9f9f-63f8e363695f => generated 0 bytes in 70 msecs (HTTP/1.1 204) 5 headers in 199 bytes (1 switches on core 0)
2026-09-09 21:36:18.745 8 INFO placement.requestlog [None req-37d61445-85ae-4d78-820c-a8788d124d4c 58bdf8709df8472cb65d471cd96a4e95 472e21763c2444769899a8199f621e86 - - 6b4dac9143bf4705ac71f4977eac439a 6b4dac9143bf4705ac71f4977eac439a] 10.0.0.31 "GET /resource_providers/83d0131a-85c3-43ab-9cde-1acce787b0a7/aggregates" status: 404 len: 235 microversion: 1.1 [pid: 8|app: 0|req: 326/649] 10.0.0.31 () {32 vars in 815 bytes} [Wed Sep 9 21:36:18 2026] GET /resource_providers/83d0131a-85c3-43ab-9cde-1acce787b0a7/aggregates => generated 235 bytes in 5 msecs (HTTP/1.1 404) 5 headers in 202 bytes (1 switches on core 0)
2026-09-09 21:36:18.764 8 INFO placement.requestlog [None req-d26da60d-ba2a-4a92-9ff4-2eda32464bf3 58bdf8709df8472cb65d471cd96a4e95 472e21763c2444769899a8199f621e86 - - 6b4dac9143bf4705ac71f4977eac439a 6b4dac9143bf4705ac71f4977eac439a] 10.0.0.31 "DELETE /resource_providers/83d0131a-85c3-43ab-9cde-1acce787b0a7" status: 404 len: 246 microversion: 1.1 [pid: 8|app: 0|req: 327/650] 10.0.0.31 () {34 vars in 815 bytes} [Wed Sep 9 21:36:18 2026] DELETE /resource_providers/83d0131a-85c3-43ab-9cde-1acce787b0a7 => generated 246 bytes in 9 msecs (HTTP/1.1 404) 6 headers in 231 bytes (1 switches on core 0)
2026-09-09 21:36:18.765 7 INFO placement.requestlog [None req-210a9ae9-fa87-42c6-abd2-dbf915e54b79 58bdf8709df8472cb65d471cd96a4e95 472e21763c2444769899a8199f621e86 - - 6b4dac9143bf4705ac71f4977eac439a 6b4dac9143bf4705ac71f4977eac439a] 10.0.0.31 "GET /resource_providers/83d0131a-85c3-43ab-9cde-1acce787b0a7/aggregates" status: 404 len: 235 microversion: 1.1 [pid: 7|app: 0|req: 324/651] 10.0.0.31 () {32 vars in 815 bytes} [Wed Sep 9 21:36:18 2026] GET /resource_providers/83d0131a-85c3-43ab-9cde-1acce787b0a7/aggregates => generated 235 bytes in 12 msecs (HTTP/1.1 404) 5 headers in 202 bytes (1 switches on core 0)
2026-09-09 21:36:18.788 8 INFO placement.requestlog [None req-409ee6af-8c54-47c7-bc5a-ea3558bb11b2 58bdf8709df8472cb65d471cd96a4e95 472e21763c2444769899a8199f621e86 - - 6b4dac9143bf4705ac71f4977eac439a 6b4dac9143bf4705ac71f4977eac439a] 10.0.0.31 "DELETE /resource_providers/83d0131a-85c3-43ab-9cde-1acce787b0a7" status: 404 len: 246 microversion: 1.1 [pid: 8|app: 0|req: 328/652] 10.0.0.31 () {34 vars in 815 bytes} [Wed Sep 9 21:36:18 2026] DELETE /resource_providers/83d0131a-85c3-43ab-9cde-1acce787b0a7 => generated 246 bytes in 10 msecs (HTTP/1.1 404) 6 headers in 231 bytes (1 switches on core 0)
2026-09-09 21:36:19.379 7 INFO placement.requestlog [req-96c371ea-5019-416b-9a9e-92c91f79102f req-2f3fa41f-eebd-444d-8fc2-5f4434709867 b869bae05e274250ab2bf1add890288d 472e21763c2444769899a8199f621e86 - - 6b4dac9143bf4705ac71f4977eac439a 6b4dac9143bf4705ac71f4977eac439a] 162.253.55.112 "GET /allocations/e241111c-94d9-463e-9f9f-63f8e363695f" status: 200 len: 257 microversion: 1.28 [pid: 7|app: 0|req: 325/653] 162.253.55.112 () {34 vars in 863 bytes} [Wed Sep 9 21:36:19 2026] GET /allocations/e241111c-94d9-463e-9f9f-63f8e363695f => generated 257 bytes in 12 msecs (HTTP/1.1 200) 8 headers in 296 bytes (1 switches on core 0)
2026-09-09 21:36:20.279 8 INFO placement.requestlog [req-23cbe0e2-2a3c-4b13-b6c4-0f21df477be8 req-8564e641-53b8-44e5-aace-9fb2378131aa b869bae05e274250ab2bf1add890288d 472e21763c2444769899a8199f621e86 - - 6b4dac9143bf4705ac71f4977eac439a 6b4dac9143bf4705ac71f4977eac439a] 10.0.0.244 "GET /allocation_candidates?limit=1000&resources=MEMORY_MB%3A512%2CVCPU%3A1&root_required=%21COMPUTE_STATUS_DISABLED" status: 200 len: 2430 microversion: 1.36 [pid: 8|app: 0|req: 329/654] 10.0.0.244 () {34 vars in 984 bytes} [Wed Sep 9 21:36:20 2026] GET /allocation_candidates?limit=1000&resources=MEMORY_MB%3A512%2CVCPU%3A1&root_required=%21COMPUTE_STATUS_DISABLED => generated 2430 bytes in 58 msecs (HTTP/1.1 200) 8 headers in 297 bytes (1 switches on core 0)
2026-09-09 21:36:20.317 7 INFO placement.requestlog [req-23cbe0e2-2a3c-4b13-b6c4-0f21df477be8 req-a8f4ed59-4918-496b-a82c-b3f6ea07689c b869bae05e274250ab2bf1add890288d 472e21763c2444769899a8199f621e86 - - 6b4dac9143bf4705ac71f4977eac439a 6b4dac9143bf4705ac71f4977eac439a] 10.0.0.244 "GET /allocations/38111caf-5247-4b34-a481-1853e16960e6" status: 200 len: 19 microversion: 1.28 [pid: 7|app: 0|req: 326/655] 10.0.0.244 () {34 vars in 861 bytes} [Wed Sep 9 21:36:20 2026] GET /allocations/38111caf-5247-4b34-a481-1853e16960e6 => generated 19 bytes in 8 msecs (HTTP/1.1 200) 8 headers in 295 bytes (1 switches on core 0)
2026-09-09 21:36:20.411 7 INFO placement.requestlog [req-96c371ea-5019-416b-9a9e-92c91f79102f req-a40a23d4-646f-4c56-b31d-cc116b0ab77b b869bae05e274250ab2bf1add890288d 472e21763c2444769899a8199f621e86 - - 6b4dac9143bf4705ac71f4977eac439a 6b4dac9143bf4705ac71f4977eac439a] 162.253.55.112 "GET /resource_providers/d0bfe84f-22db-4f59-9e22-7d6a69fe7d49/allocations" status: 200 len: 152 microversion: 1.0 [pid: 7|app: 0|req: 327/656] 162.253.55.112 () {32 vars in 857 bytes} [Wed Sep 9 21:36:20 2026] GET /resource_providers/d0bfe84f-22db-4f59-9e22-7d6a69fe7d49/allocations => generated 152 bytes in 13 msecs (HTTP/1.1 200) 6 headers in 224 bytes (1 switches on core 0)
2026-09-09 21:36:20.427 7 INFO placement.requestlog [req-96c371ea-5019-416b-9a9e-92c91f79102f req-58501dd7-5a10-4516-97e7-b1f20e072172 b869bae05e274250ab2bf1add890288d 472e21763c2444769899a8199f621e86 - - 6b4dac9143bf4705ac71f4977eac439a 6b4dac9143bf4705ac71f4977eac439a] 162.253.55.112 "GET /allocations/e241111c-94d9-463e-9f9f-63f8e363695f" status: 200 len: 257 microversion: 1.28 [pid: 7|app: 0|req: 328/657] 162.253.55.112 () {34 vars in 863 bytes} [Wed Sep 9 21:36:20 2026] GET /allocations/e241111c-94d9-463e-9f9f-63f8e363695f => generated 257 bytes in 11 msecs (HTTP/1.1 200) 8 headers in 296 bytes (1 switches on core 0)
2026-09-09 21:36:20.432 8 INFO placement.requestlog [req-23cbe0e2-2a3c-4b13-b6c4-0f21df477be8 req-6d22c58b-a4ba-4372-a74f-05c69a79455c b869bae05e274250ab2bf1add890288d 472e21763c2444769899a8199f621e86 - - 6b4dac9143bf4705ac71f4977eac439a 6b4dac9143bf4705ac71f4977eac439a] 10.0.0.244 "PUT /allocations/38111caf-5247-4b34-a481-1853e16960e6" status: 204 len: 0 microversion: 1.36 [pid: 8|app: 0|req: 330/658] 10.0.0.244 () {38 vars in 914 bytes} [Wed Sep 9 21:36:20 2026] PUT /allocations/38111caf-5247-4b34-a481-1853e16960e6 => generated 0 bytes in 111 msecs (HTTP/1.1 204) 5 headers in 199 bytes (1 switches on core 0)
2026-09-09 21:36:20.791 7 INFO placement.requestlog [None req-bc0c64eb-72a6-4d41-afa3-aa5c870cb33b 58bdf8709df8472cb65d471cd96a4e95 472e21763c2444769899a8199f621e86 - - 6b4dac9143bf4705ac71f4977eac439a 6b4dac9143bf4705ac71f4977eac439a] 10.0.0.31 "GET /resource_providers/4e9cdac2-1b43-433a-88af-2887ec0adb51/aggregates" status: 404 len: 235 microversion: 1.1 [pid: 7|app: 0|req: 329/659] 10.0.0.31 () {32 vars in 815 bytes} [Wed Sep 9 21:36:20 2026] GET /resource_providers/4e9cdac2-1b43-433a-88af-2887ec0adb51/aggregates => generated 235 bytes in 22 msecs (HTTP/1.1 404) 5 headers in 202 bytes (1 switches on core 0)
2026-09-09 21:36:20.829 8 INFO placement.requestlog [None req-675e70c8-9d5e-475f-a688-494813050f01 58bdf8709df8472cb65d471cd96a4e95 472e21763c2444769899a8199f621e86 - - 6b4dac9143bf4705ac71f4977eac439a 6b4dac9143bf4705ac71f4977eac439a] 10.0.0.31 "GET /resource_providers/4e9cdac2-1b43-433a-88af-2887ec0adb51/aggregates" status: 404 len: 235 microversion: 1.1 [pid: 8|app: 0|req: 331/660] 10.0.0.31 () {32 vars in 815 bytes} [Wed Sep 9 21:36:20 2026] GET /resource_providers/4e9cdac2-1b43-433a-88af-2887ec0adb51/aggregates => generated 235 bytes in 26 msecs (HTTP/1.1 404) 5 headers in 202 bytes (1 switches on core 0)
2026-09-09 21:36:20.830 7 INFO placement.requestlog [None req-12eefd85-e25d-48f0-9c9d-be9e1133d0e1 58bdf8709df8472cb65d471cd96a4e95 472e21763c2444769899a8199f621e86 - - 6b4dac9143bf4705ac71f4977eac439a 6b4dac9143bf4705ac71f4977eac439a] 10.0.0.31 "DELETE /resource_providers/4e9cdac2-1b43-433a-88af-2887ec0adb51" status: 404 len: 246 microversion: 1.1 [pid: 7|app: 0|req: 330/661] 10.0.0.31 () {34 vars in 815 bytes} [Wed Sep 9 21:36:20 2026] DELETE /resource_providers/4e9cdac2-1b43-433a-88af-2887ec0adb51 => generated 246 bytes in 24 msecs (HTTP/1.1 404) 6 headers in 231 bytes (1 switches on core 0)
2026-09-09 21:36:20.847 8 INFO placement.requestlog [None req-d7aa2c12-8641-478a-b215-4f7225d18187 58bdf8709df8472cb65d471cd96a4e95 472e21763c2444769899a8199f621e86 - - 6b4dac9143bf4705ac71f4977eac439a 6b4dac9143bf4705ac71f4977eac439a] 10.0.0.31 "DELETE /resource_providers/4e9cdac2-1b43-433a-88af-2887ec0adb51" status: 404 len: 246 microversion: 1.1 [pid: 8|app: 0|req: 332/662] 10.0.0.31 () {34 vars in 815 bytes} [Wed Sep 9 21:36:20 2026] DELETE /resource_providers/4e9cdac2-1b43-433a-88af-2887ec0adb51 => generated 246 bytes in 11 msecs (HTTP/1.1 404) 6 headers in 231 bytes (1 switches on core 0)
2026-09-09 21:36:22.042 7 INFO placement.requestlog [req-23cbe0e2-2a3c-4b13-b6c4-0f21df477be8 req-4d663cba-f256-406a-b98c-d85bb6edffd0 b869bae05e274250ab2bf1add890288d 472e21763c2444769899a8199f621e86 - - 6b4dac9143bf4705ac71f4977eac439a 6b4dac9143bf4705ac71f4977eac439a] 162.253.55.112 "GET /allocations/38111caf-5247-4b34-a481-1853e16960e6" status: 200 len: 243 microversion: 1.28 [pid: 7|app: 0|req: 331/663] 162.253.55.112 () {34 vars in 863 bytes} [Wed Sep 9 21:36:22 2026] GET /allocations/38111caf-5247-4b34-a481-1853e16960e6 => generated 243 bytes in 22 msecs (HTTP/1.1 200) 8 headers in 296 bytes (1 switches on core 0)
2026-09-09 21:36:22.884 8 INFO placement.requestlog [None req-99ed161d-2b2b-4f17-bada-085b141c48b9 58bdf8709df8472cb65d471cd96a4e95 472e21763c2444769899a8199f621e86 - - 6b4dac9143bf4705ac71f4977eac439a 6b4dac9143bf4705ac71f4977eac439a] 10.0.0.31 "GET /resource_providers/3d0e0536-4317-4a09-b81d-52f8ceb081b7/aggregates" status: 404 len: 235 microversion: 1.1 [pid: 8|app: 0|req: 333/664] 10.0.0.31 () {32 vars in 815 bytes} [Wed Sep 9 21:36:22 2026] GET /resource_providers/3d0e0536-4317-4a09-b81d-52f8ceb081b7/aggregates => generated 235 bytes in 40 msecs (HTTP/1.1 404) 5 headers in 202 bytes (1 switches on core 0)
2026-09-09 21:36:22.892 7 INFO placement.requestlog [None req-6c102336-621a-4315-9591-5c6eb900c37e 58bdf8709df8472cb65d471cd96a4e95 472e21763c2444769899a8199f621e86 - - 6b4dac9143bf4705ac71f4977eac439a 6b4dac9143bf4705ac71f4977eac439a] 10.0.0.31 "GET /resource_providers/3d0e0536-4317-4a09-b81d-52f8ceb081b7/aggregates" status: 404 len: 235 microversion: 1.1 [pid: 7|app: 0|req: 332/665] 10.0.0.31 () {32 vars in 815 bytes} [Wed Sep 9 21:36:22 2026] GET /resource_providers/3d0e0536-4317-4a09-b81d-52f8ceb081b7/aggregates => generated 235 bytes in 21 msecs (HTTP/1.1 404) 5 headers in 202 bytes (1 switches on core 0)
2026-09-09 21:36:22.907 8 INFO placement.requestlog [None req-368285b3-c30d-461a-9bb6-98dea9c745e2 58bdf8709df8472cb65d471cd96a4e95 472e21763c2444769899a8199f621e86 - - 6b4dac9143bf4705ac71f4977eac439a 6b4dac9143bf4705ac71f4977eac439a] 10.0.0.31 "DELETE /resource_providers/3d0e0536-4317-4a09-b81d-52f8ceb081b7" status: 404 len: 246 microversion: 1.1 [pid: 8|app: 0|req: 334/666] 10.0.0.31 () {34 vars in 815 bytes} [Wed Sep 9 21:36:22 2026] DELETE /resource_providers/3d0e0536-4317-4a09-b81d-52f8ceb081b7 => generated 246 bytes in 17 msecs (HTTP/1.1 404) 6 headers in 231 bytes (1 switches on core 0)
2026-09-09 21:36:22.913 7 INFO placement.requestlog [None req-4c466b72-464c-4c6e-a709-5417e7344507 58bdf8709df8472cb65d471cd96a4e95 472e21763c2444769899a8199f621e86 - - 6b4dac9143bf4705ac71f4977eac439a 6b4dac9143bf4705ac71f4977eac439a] 10.0.0.31 "DELETE /resource_providers/3d0e0536-4317-4a09-b81d-52f8ceb081b7" status: 404 len: 246 microversion: 1.1 [pid: 7|app: 0|req: 333/667] 10.0.0.31 () {34 vars in 815 bytes} [Wed Sep 9 21:36:22 2026] DELETE /resource_providers/3d0e0536-4317-4a09-b81d-52f8ceb081b7 => generated 246 bytes in 11 msecs (HTTP/1.1 404) 6 headers in 231 bytes (1 switches on core 0)
2026-09-09 21:36:23.098 8 INFO placement.requestlog [req-23cbe0e2-2a3c-4b13-b6c4-0f21df477be8 req-2143a7fc-73da-4fde-998a-967d7d728557 b869bae05e274250ab2bf1add890288d 472e21763c2444769899a8199f621e86 - - 6b4dac9143bf4705ac71f4977eac439a 6b4dac9143bf4705ac71f4977eac439a] 162.253.55.112 "GET /resource_providers/d0bfe84f-22db-4f59-9e22-7d6a69fe7d49/allocations" status: 200 len: 238 microversion: 1.0 [pid: 8|app: 0|req: 335/668] 162.253.55.112 () {32 vars in 857 bytes} [Wed Sep 9 21:36:23 2026] GET /resource_providers/d0bfe84f-22db-4f59-9e22-7d6a69fe7d49/allocations => generated 238 bytes in 22 msecs (HTTP/1.1 200) 6 headers in 224 bytes (1 switches on core 0)
2026-09-09 21:36:23.114 7 INFO placement.requestlog [req-23cbe0e2-2a3c-4b13-b6c4-0f21df477be8 req-a78997f4-d3cb-4245-9a2c-3c7ef3778816 b869bae05e274250ab2bf1add890288d 472e21763c2444769899a8199f621e86 - - 6b4dac9143bf4705ac71f4977eac439a 6b4dac9143bf4705ac71f4977eac439a] 162.253.55.112 "GET /allocations/e241111c-94d9-463e-9f9f-63f8e363695f" status: 200 len: 257 microversion: 1.28 [pid: 7|app: 0|req: 334/669] 162.253.55.112 () {34 vars in 863 bytes} [Wed Sep 9 21:36:23 2026] GET /allocations/e241111c-94d9-463e-9f9f-63f8e363695f => generated 257 bytes in 11 msecs (HTTP/1.1 200) 8 headers in 296 bytes (1 switches on core 0)
2026-09-09 21:36:23.133 8 INFO placement.requestlog [req-23cbe0e2-2a3c-4b13-b6c4-0f21df477be8 req-b6d9f245-e33f-44c2-abc1-e93c30a125b1 b869bae05e274250ab2bf1add890288d 472e21763c2444769899a8199f621e86 - - 6b4dac9143bf4705ac71f4977eac439a 6b4dac9143bf4705ac71f4977eac439a] 162.253.55.112 "GET /allocations/38111caf-5247-4b34-a481-1853e16960e6" status: 200 len: 243 microversion: 1.28 [pid: 8|app: 0|req: 336/670] 162.253.55.112 () {34 vars in 863 bytes} [Wed Sep 9 21:36:23 2026] GET /allocations/38111caf-5247-4b34-a481-1853e16960e6 => generated 243 bytes in 16 msecs (HTTP/1.1 200) 8 headers in 296 bytes (1 switches on core 0)
2026-09-09 21:36:25.424 7 INFO placement.requestlog [None req-09ebe5be-f5af-45c3-944a-e94168d9be7c - - - - - -] 10.0.0.93 "GET /" status: 200 len: 136 microversion: 1.0
2026-09-09 21:36:25.426 8 INFO placement.requestlog [None req-1dd4223a-709a-4912-ad16-b9e905f587d4 - - - - - -] 10.0.0.93 "GET /" status: 200 len: 136 microversion: 1.0
2026-09-09 21:36:26.308 7 INFO placement.requestlog [req-06a74dba-5619-4ded-a773-d4adc77f1122 req-92147951-dc6a-40a9-a6f1-6886ac4b80a0 b869bae05e274250ab2bf1add890288d 472e21763c2444769899a8199f621e86 - - 6b4dac9143bf4705ac71f4977eac439a 6b4dac9143bf4705ac71f4977eac439a] 10.0.0.244 "GET /allocation_candidates?limit=1000&resources=DISK_GB%3A1%2CMEMORY_MB%3A512%2CVCPU%3A1&root_required=%21COMPUTE_STATUS_DISABLED" status: 200 len: 2445 microversion: 1.36 [pid: 7|app: 0|req: 336/673] 10.0.0.244 () {34 vars in 1012 bytes} [Wed Sep 9 21:36:26 2026] GET /allocation_candidates?limit=1000&resources=DISK_GB%3A1%2CMEMORY_MB%3A512%2CVCPU%3A1&root_required=%21COMPUTE_STATUS_DISABLED => generated 2445 bytes in 46 msecs (HTTP/1.1 200) 8 headers in 297 bytes (1 switches on core 0)
2026-09-09 21:36:26.341 8 INFO placement.requestlog [req-06a74dba-5619-4ded-a773-d4adc77f1122 req-28b6e6be-485f-4b33-ace4-768c0e7ce1ab b869bae05e274250ab2bf1add890288d 472e21763c2444769899a8199f621e86 - - 6b4dac9143bf4705ac71f4977eac439a 6b4dac9143bf4705ac71f4977eac439a] 10.0.0.244 "GET /allocations/f694f9b2-7aac-4d17-b00a-6b6d1ab4a642" status: 200 len: 19 microversion: 1.28 [pid: 8|app: 0|req: 338/674] 10.0.0.244 () {34 vars in 861 bytes} [Wed Sep 9 21:36:26 2026] GET /allocations/f694f9b2-7aac-4d17-b00a-6b6d1ab4a642 => generated 19 bytes in 9 msecs (HTTP/1.1 200) 8 headers in 295 bytes (1 switches on core 0)
2026-09-09 21:36:26.402 7 INFO placement.requestlog [req-06a74dba-5619-4ded-a773-d4adc77f1122 req-71966a98-2fb7-441c-bd6e-05c2d03acb97 b869bae05e274250ab2bf1add890288d 472e21763c2444769899a8199f621e86 - - 6b4dac9143bf4705ac71f4977eac439a 6b4dac9143bf4705ac71f4977eac439a] 10.0.0.244 "PUT /allocations/f694f9b2-7aac-4d17-b00a-6b6d1ab4a642" status: 204 len: 0 microversion: 1.36 [pid: 7|app: 0|req: 337/675] 10.0.0.244 () {38 vars in 914 bytes} [Wed Sep 9 21:36:26 2026] PUT /allocations/f694f9b2-7aac-4d17-b00a-6b6d1ab4a642 => generated 0 bytes in 56 msecs (HTTP/1.1 204) 5 headers in 199 bytes (1 switches on core 0)
2026-09-09 21:36:28.017 8 INFO placement.requestlog [req-06a74dba-5619-4ded-a773-d4adc77f1122 req-e67cb70e-ff3e-475d-b90a-e75c380350bd b869bae05e274250ab2bf1add890288d 472e21763c2444769899a8199f621e86 - - 6b4dac9143bf4705ac71f4977eac439a 6b4dac9143bf4705ac71f4977eac439a] 162.253.55.112 "GET /allocations/f694f9b2-7aac-4d17-b00a-6b6d1ab4a642" status: 200 len: 257 microversion: 1.28 [pid: 8|app: 0|req: 339/676] 162.253.55.112 () {34 vars in 863 bytes} [Wed Sep 9 21:36:27 2026] GET /allocations/f694f9b2-7aac-4d17-b00a-6b6d1ab4a642 => generated 257 bytes in 21 msecs (HTTP/1.1 200) 8 headers in 296 bytes (1 switches on core 0)
2026-09-09 21:36:29.120 7 INFO placement.requestlog [req-06a74dba-5619-4ded-a773-d4adc77f1122 req-eb0f61fa-bb1c-44e3-8ecd-9618adc01b07 b869bae05e274250ab2bf1add890288d 472e21763c2444769899a8199f621e86 - - 6b4dac9143bf4705ac71f4977eac439a 6b4dac9143bf4705ac71f4977eac439a] 162.253.55.112 "GET /resource_providers/d0bfe84f-22db-4f59-9e22-7d6a69fe7d49/allocations" status: 200 len: 338 microversion: 1.0 [pid: 7|app: 0|req: 338/677] 162.253.55.112 () {32 vars in 857 bytes} [Wed Sep 9 21:36:29 2026] GET /resource_providers/d0bfe84f-22db-4f59-9e22-7d6a69fe7d49/allocations => generated 338 bytes in 66 msecs (HTTP/1.1 200) 6 headers in 224 bytes (1 switches on core 0)
2026-09-09 21:36:29.144 8 INFO placement.requestlog [req-06a74dba-5619-4ded-a773-d4adc77f1122 req-051c8a3a-530e-4a00-84ab-a75593921c4d b869bae05e274250ab2bf1add890288d 472e21763c2444769899a8199f621e86 - - 6b4dac9143bf4705ac71f4977eac439a 6b4dac9143bf4705ac71f4977eac439a] 162.253.55.112 "GET /allocations/e241111c-94d9-463e-9f9f-63f8e363695f" status: 200 len: 257 microversion: 1.28 [pid: 8|app: 0|req: 340/678] 162.253.55.112 () {34 vars in 863 bytes} [Wed Sep 9 21:36:29 2026] GET /allocations/e241111c-94d9-463e-9f9f-63f8e363695f => generated 257 bytes in 15 msecs (HTTP/1.1 200) 8 headers in 296 bytes (1 switches on core 0)
2026-09-09 21:36:29.176 7 INFO placement.requestlog [req-06a74dba-5619-4ded-a773-d4adc77f1122 req-16ce3f36-ef74-49d0-be60-7ffc2b9b4618 b869bae05e274250ab2bf1add890288d 472e21763c2444769899a8199f621e86 - - 6b4dac9143bf4705ac71f4977eac439a 6b4dac9143bf4705ac71f4977eac439a] 162.253.55.112 "GET /allocations/f694f9b2-7aac-4d17-b00a-6b6d1ab4a642" status: 200 len: 257 microversion: 1.28 [pid: 7|app: 0|req: 339/679] 162.253.55.112 () {34 vars in 863 bytes} [Wed Sep 9 21:36:29 2026] GET /allocations/f694f9b2-7aac-4d17-b00a-6b6d1ab4a642 => generated 257 bytes in 23 msecs (HTTP/1.1 200) 8 headers in 296 bytes (1 switches on core 0)
2026-09-09 21:36:29.210 8 INFO placement.requestlog [req-06a74dba-5619-4ded-a773-d4adc77f1122 req-2979e8ba-1aa3-4767-88c6-561a02196508 b869bae05e274250ab2bf1add890288d 472e21763c2444769899a8199f621e86 - - 6b4dac9143bf4705ac71f4977eac439a 6b4dac9143bf4705ac71f4977eac439a] 162.253.55.112 "GET /allocations/38111caf-5247-4b34-a481-1853e16960e6" status: 200 len: 243 microversion: 1.28 [pid: 8|app: 0|req: 341/680] 162.253.55.112 () {34 vars in 863 bytes} [Wed Sep 9 21:36:29 2026] GET /allocations/38111caf-5247-4b34-a481-1853e16960e6 => generated 243 bytes in 26 msecs (HTTP/1.1 200) 8 headers in 296 bytes (1 switches on core 0)
2026-09-09 21:36:29.801 7 INFO placement.requestlog [req-1144e17f-559b-4f8e-a027-7f6d09174509 req-76f68daf-935d-4cd2-be9c-914e8cc56a3e b869bae05e274250ab2bf1add890288d 472e21763c2444769899a8199f621e86 - - 6b4dac9143bf4705ac71f4977eac439a 6b4dac9143bf4705ac71f4977eac439a] 10.0.0.244 "GET /allocation_candidates?limit=1000&resources=DISK_GB%3A1%2CMEMORY_MB%3A512%2CVCPU%3A1&root_required=%21COMPUTE_STATUS_DISABLED" status: 200 len: 2445 microversion: 1.36 [pid: 7|app: 0|req: 340/681] 10.0.0.244 () {34 vars in 1012 bytes} [Wed Sep 9 21:36:29 2026] GET /allocation_candidates?limit=1000&resources=DISK_GB%3A1%2CMEMORY_MB%3A512%2CVCPU%3A1&root_required=%21COMPUTE_STATUS_DISABLED => generated 2445 bytes in 83 msecs (HTTP/1.1 200) 8 headers in 297 bytes (1 switches on core 0)
2026-09-09 21:36:29.841 8 INFO placement.requestlog [req-1144e17f-559b-4f8e-a027-7f6d09174509 req-3df2befb-8f1a-4444-aaaa-787efa43300c b869bae05e274250ab2bf1add890288d 472e21763c2444769899a8199f621e86 - - 6b4dac9143bf4705ac71f4977eac439a 6b4dac9143bf4705ac71f4977eac439a] 10.0.0.244 "GET /allocations/8d6f1405-2877-4cdd-b734-ddd8d9bb67cd" status: 200 len: 19 microversion: 1.28 [pid: 8|app: 0|req: 342/682] 10.0.0.244 () {34 vars in 861 bytes} [Wed Sep 9 21:36:29 2026] GET /allocations/8d6f1405-2877-4cdd-b734-ddd8d9bb67cd => generated 19 bytes in 8 msecs (HTTP/1.1 200) 8 headers in 295 bytes (1 switches on core 0)
2026-09-09 21:36:29.920 7 INFO placement.requestlog [req-1144e17f-559b-4f8e-a027-7f6d09174509 req-8d007df7-e95d-4632-b20e-48eb57d2e195 b869bae05e274250ab2bf1add890288d 472e21763c2444769899a8199f621e86 - - 6b4dac9143bf4705ac71f4977eac439a 6b4dac9143bf4705ac71f4977eac439a] 10.0.0.244 "PUT /allocations/8d6f1405-2877-4cdd-b734-ddd8d9bb67cd" status: 204 len: 0 microversion: 1.36 [pid: 7|app: 0|req: 341/683] 10.0.0.244 () {38 vars in 914 bytes} [Wed Sep 9 21:36:29 2026] PUT /allocations/8d6f1405-2877-4cdd-b734-ddd8d9bb67cd => generated 0 bytes in 68 msecs (HTTP/1.1 204) 5 headers in 199 bytes (1 switches on core 0)
2026-09-09 21:36:31.497 8 INFO placement.requestlog [req-1144e17f-559b-4f8e-a027-7f6d09174509 req-75000162-1157-430f-a556-7b7cb741162e b869bae05e274250ab2bf1add890288d 472e21763c2444769899a8199f621e86 - - 6b4dac9143bf4705ac71f4977eac439a 6b4dac9143bf4705ac71f4977eac439a] 162.253.55.112 "GET /allocations/8d6f1405-2877-4cdd-b734-ddd8d9bb67cd" status: 200 len: 257 microversion: 1.28 [pid: 8|app: 0|req: 343/684] 162.253.55.112 () {34 vars in 863 bytes} [Wed Sep 9 21:36:31 2026] GET /allocations/8d6f1405-2877-4cdd-b734-ddd8d9bb67cd => generated 257 bytes in 15 msecs (HTTP/1.1 200) 8 headers in 296 bytes (1 switches on core 0)
2026-09-09 21:36:32.543 7 INFO placement.requestlog [req-1144e17f-559b-4f8e-a027-7f6d09174509 req-45b7577b-3020-434e-a30e-ba8d067b550f b869bae05e274250ab2bf1add890288d 472e21763c2444769899a8199f621e86 - - 6b4dac9143bf4705ac71f4977eac439a 6b4dac9143bf4705ac71f4977eac439a] 162.253.55.112 "GET /resource_providers/d0bfe84f-22db-4f59-9e22-7d6a69fe7d49/allocations" status: 200 len: 438 microversion: 1.0 [pid: 7|app: 0|req: 342/685] 162.253.55.112 () {32 vars in 857 bytes} [Wed Sep 9 21:36:32 2026] GET /resource_providers/d0bfe84f-22db-4f59-9e22-7d6a69fe7d49/allocations => generated 438 bytes in 23 msecs (HTTP/1.1 200) 6 headers in 224 bytes (1 switches on core 0)
2026-09-09 21:36:32.565 8 INFO placement.requestlog [req-1144e17f-559b-4f8e-a027-7f6d09174509 req-81eb5382-21b3-45ca-a7dd-f85e2ecfdd48 b869bae05e274250ab2bf1add890288d 472e21763c2444769899a8199f621e86 - - 6b4dac9143bf4705ac71f4977eac439a 6b4dac9143bf4705ac71f4977eac439a] 162.253.55.112 "GET /allocations/e241111c-94d9-463e-9f9f-63f8e363695f" status: 200 len: 257 microversion: 1.28 [pid: 8|app: 0|req: 344/686] 162.253.55.112 () {34 vars in 863 bytes} [Wed Sep 9 21:36:32 2026] GET /allocations/e241111c-94d9-463e-9f9f-63f8e363695f => generated 257 bytes in 16 msecs (HTTP/1.1 200) 8 headers in 296 bytes (1 switches on core 0)
2026-09-09 21:36:32.587 7 INFO placement.requestlog [req-1144e17f-559b-4f8e-a027-7f6d09174509 req-447a4316-5938-4cac-bbdf-1615c9649b3f b869bae05e274250ab2bf1add890288d 472e21763c2444769899a8199f621e86 - - 6b4dac9143bf4705ac71f4977eac439a 6b4dac9143bf4705ac71f4977eac439a] 162.253.55.112 "GET /allocations/f694f9b2-7aac-4d17-b00a-6b6d1ab4a642" status: 200 len: 257 microversion: 1.28 [pid: 7|app: 0|req: 343/687] 162.253.55.112 () {34 vars in 863 bytes} [Wed Sep 9 21:36:32 2026] GET /allocations/f694f9b2-7aac-4d17-b00a-6b6d1ab4a642 => generated 257 bytes in 17 msecs (HTTP/1.1 200) 8 headers in 296 bytes (1 switches on core 0)
2026-09-09 21:36:32.604 8 INFO placement.requestlog [req-1144e17f-559b-4f8e-a027-7f6d09174509 req-da5a2672-4f27-4318-9260-bbec538381ad b869bae05e274250ab2bf1add890288d 472e21763c2444769899a8199f621e86 - - 6b4dac9143bf4705ac71f4977eac439a 6b4dac9143bf4705ac71f4977eac439a] 162.253.55.112 "GET /allocations/8d6f1405-2877-4cdd-b734-ddd8d9bb67cd" status: 200 len: 257 microversion: 1.28 [pid: 8|app: 0|req: 345/688] 162.253.55.112 () {34 vars in 863 bytes} [Wed Sep 9 21:36:32 2026] GET /allocations/8d6f1405-2877-4cdd-b734-ddd8d9bb67cd => generated 257 bytes in 12 msecs (HTTP/1.1 200) 8 headers in 296 bytes (1 switches on core 0)
2026-09-09 21:36:32.636 7 INFO placement.requestlog [req-1144e17f-559b-4f8e-a027-7f6d09174509 req-cce3848f-f881-4cc4-a4c8-67d53f3675e8 b869bae05e274250ab2bf1add890288d 472e21763c2444769899a8199f621e86 - - 6b4dac9143bf4705ac71f4977eac439a 6b4dac9143bf4705ac71f4977eac439a] 162.253.55.112 "GET /allocations/38111caf-5247-4b34-a481-1853e16960e6" status: 200 len: 243 microversion: 1.28 [pid: 7|app: 0|req: 344/689] 162.253.55.112 () {34 vars in 863 bytes} [Wed Sep 9 21:36:32 2026] GET /allocations/38111caf-5247-4b34-a481-1853e16960e6 => generated 243 bytes in 28 msecs (HTTP/1.1 200) 8 headers in 296 bytes (1 switches on core 0)
2026-09-09 21:36:35.424 8 INFO placement.requestlog [None req-18af5a98-7dfe-4ec4-aa3c-d0c5b119a05e - - - - - -] 10.0.0.93 "GET /" status: 200 len: 136 microversion: 1.0
2026-09-09 21:36:35.424 7 INFO placement.requestlog [None req-5533709c-de07-49fb-8f0a-4c3a57429af1 - - - - - -] 10.0.0.93 "GET /" status: 200 len: 136 microversion: 1.0
2026-09-09 21:36:43.812 8 INFO placement.requestlog [req-70a9741f-8b8f-47cc-bf11-8f03160fe803 req-2ab1e0c6-c95e-47e2-b031-380ecce386d0 b869bae05e274250ab2bf1add890288d 472e21763c2444769899a8199f621e86 - - 6b4dac9143bf4705ac71f4977eac439a 6b4dac9143bf4705ac71f4977eac439a] 162.253.55.112 "GET /resource_providers/d0bfe84f-22db-4f59-9e22-7d6a69fe7d49/allocations" status: 200 len: 438 microversion: 1.0 [pid: 8|app: 0|req: 347/692] 162.253.55.112 () {32 vars in 857 bytes} [Wed Sep 9 21:36:43 2026] GET /resource_providers/d0bfe84f-22db-4f59-9e22-7d6a69fe7d49/allocations => generated 438 bytes in 22 msecs (HTTP/1.1 200) 6 headers in 224 bytes (1 switches on core 0)
2026-09-09 21:36:43.837 7 INFO placement.requestlog [req-70a9741f-8b8f-47cc-bf11-8f03160fe803 req-8c5df726-8e1f-4463-a7b1-2e65faffbf6d b869bae05e274250ab2bf1add890288d 472e21763c2444769899a8199f621e86 - - 6b4dac9143bf4705ac71f4977eac439a 6b4dac9143bf4705ac71f4977eac439a] 162.253.55.112 "GET /allocations/e241111c-94d9-463e-9f9f-63f8e363695f" status: 200 len: 257 microversion: 1.28 [pid: 7|app: 0|req: 346/693] 162.253.55.112 () {34 vars in 863 bytes} [Wed Sep 9 21:36:43 2026] GET /allocations/e241111c-94d9-463e-9f9f-63f8e363695f => generated 257 bytes in 15 msecs (HTTP/1.1 200) 8 headers in 296 bytes (1 switches on core 0)
2026-09-09 21:36:43.856 8 INFO placement.requestlog [req-70a9741f-8b8f-47cc-bf11-8f03160fe803 req-239ab843-de4d-4756-93d1-02f52122c267 b869bae05e274250ab2bf1add890288d 472e21763c2444769899a8199f621e86 - - 6b4dac9143bf4705ac71f4977eac439a 6b4dac9143bf4705ac71f4977eac439a] 162.253.55.112 "GET /allocations/f694f9b2-7aac-4d17-b00a-6b6d1ab4a642" status: 200 len: 257 microversion: 1.28 [pid: 8|app: 0|req: 348/694] 162.253.55.112 () {34 vars in 863 bytes} [Wed Sep 9 21:36:43 2026] GET /allocations/f694f9b2-7aac-4d17-b00a-6b6d1ab4a642 => generated 257 bytes in 12 msecs (HTTP/1.1 200) 8 headers in 296 bytes (1 switches on core 0)
2026-09-09 21:36:43.875 7 INFO placement.requestlog [req-70a9741f-8b8f-47cc-bf11-8f03160fe803 req-6e944501-9985-4766-bbda-4bf00dc54932 b869bae05e274250ab2bf1add890288d 472e21763c2444769899a8199f621e86 - - 6b4dac9143bf4705ac71f4977eac439a 6b4dac9143bf4705ac71f4977eac439a] 162.253.55.112 "GET /allocations/8d6f1405-2877-4cdd-b734-ddd8d9bb67cd" status: 200 len: 257 microversion: 1.28 [pid: 7|app: 0|req: 347/695] 162.253.55.112 () {34 vars in 863 bytes} [Wed Sep 9 21:36:43 2026] GET /allocations/8d6f1405-2877-4cdd-b734-ddd8d9bb67cd => generated 257 bytes in 13 msecs (HTTP/1.1 200) 8 headers in 296 bytes (1 switches on core 0)
2026-09-09 21:36:43.901 8 INFO placement.requestlog [req-70a9741f-8b8f-47cc-bf11-8f03160fe803 req-fc882642-46aa-49fd-860b-201c36911329 b869bae05e274250ab2bf1add890288d 472e21763c2444769899a8199f621e86 - - 6b4dac9143bf4705ac71f4977eac439a 6b4dac9143bf4705ac71f4977eac439a] 162.253.55.112 "GET /allocations/38111caf-5247-4b34-a481-1853e16960e6" status: 200 len: 243 microversion: 1.28 [pid: 8|app: 0|req: 349/696] 162.253.55.112 () {34 vars in 863 bytes} [Wed Sep 9 21:36:43 2026] GET /allocations/38111caf-5247-4b34-a481-1853e16960e6 => generated 243 bytes in 18 msecs (HTTP/1.1 200) 8 headers in 296 bytes (1 switches on core 0)
2026-09-09 21:36:44.939 7 INFO placement.requestlog [req-70a9741f-8b8f-47cc-bf11-8f03160fe803 req-5d2307f4-f787-4fc2-aac0-18fac1de226d b869bae05e274250ab2bf1add890288d 472e21763c2444769899a8199f621e86 - - 6b4dac9143bf4705ac71f4977eac439a 6b4dac9143bf4705ac71f4977eac439a] 162.253.55.112 "DELETE /allocations/38111caf-5247-4b34-a481-1853e16960e6" status: 204 len: 0 microversion: 1.0 [pid: 7|app: 0|req: 348/697] 162.253.55.112 () {34 vars in 841 bytes} [Wed Sep 9 21:36:44 2026] DELETE /allocations/38111caf-5247-4b34-a481-1853e16960e6 => generated 0 bytes in 20 msecs (HTTP/1.1 204) 5 headers in 198 bytes (1 switches on core 0)
2026-09-09 21:36:45.143 8 INFO placement.requestlog [req-36138d13-a0a8-40de-9735-af0197f86f87 req-f0b8c756-94d7-421a-a8c6-5210fa81d8ec b869bae05e274250ab2bf1add890288d 472e21763c2444769899a8199f621e86 - - 6b4dac9143bf4705ac71f4977eac439a 6b4dac9143bf4705ac71f4977eac439a] 162.253.55.112 "GET /resource_providers/d0bfe84f-22db-4f59-9e22-7d6a69fe7d49/allocations" status: 200 len: 352 microversion: 1.0 [pid: 8|app: 0|req: 350/698] 162.253.55.112 () {32 vars in 857 bytes} [Wed Sep 9 21:36:45 2026] GET /resource_providers/d0bfe84f-22db-4f59-9e22-7d6a69fe7d49/allocations => generated 352 bytes in 34 msecs (HTTP/1.1 200) 6 headers in 224 bytes (1 switches on core 0)
