Mar 06 22:15:05.799472 np0000158078 devstack@neutron-api.service[103114]: DEBUG neutron.api.extensions [None req-9177be28-ee9a-4923-88dc-fd2494ebcd37 None None] Ext name="Empty String Filtering Extension" alias="empty-string-filtering" description="Allow filtering by attributes with empty string value" updated="2018-05-01T10:00:00-00:00" {{(pid=103114) _check_extension /opt/stack/neutron/neutron/api/extensions.py:415}}
Mar 06 22:15:05.799572 np0000158078 devstack@neutron-api.service[103111]: INFO neutron.manager [None req-fde0a56b-65a8-4e43-9408-55c6e06f9327 None None] Loading Plugin: auto_allocate
Mar 06 22:15:05.799639 np0000158078 devstack@neutron-api.service[103114]: INFO neutron.api.extensions [None req-9177be28-ee9a-4923-88dc-fd2494ebcd37 None None] Loaded extension: empty-string-filtering
Mar 06 22:15:05.799727 np0000158078 devstack@neutron-api.service[103114]: DEBUG neutron.api.extensions [None req-9177be28-ee9a-4923-88dc-fd2494ebcd37 None None] Loading extension file: expose_l3_conntrack_helper.py {{(pid=103114) _load_all_extensions_from_path /opt/stack/neutron/neutron/api/extensions.py:449}}
Mar 06 22:15:05.799970 np0000158078 devstack@neutron-api.service[103114]: DEBUG neutron.api.extensions [None req-9177be28-ee9a-4923-88dc-fd2494ebcd37 None None] Ext name="Expose CT target rules for conntrack helper" alias="expose-l3-conntrack-helper" description="Expose allow adding CT target rules for conntrack helper" updated="2019-04-04T10:00:00-00:00" {{(pid=103114) _check_extension /opt/stack/neutron/neutron/api/extensions.py:415}}
Mar 06 22:15:05.800138 np0000158078 devstack@neutron-api.service[103114]: INFO neutron.api.extensions [None req-9177be28-ee9a-4923-88dc-fd2494ebcd37 None None] Extension expose-l3-conntrack-helper not supported by any of loaded plugins
Mar 06 22:15:05.800229 np0000158078 devstack@neutron-api.service[103114]: DEBUG neutron.api.extensions [None req-9177be28-ee9a-4923-88dc-fd2494ebcd37 None None] Loading extension file: expose_port_forwarding_in_fip.py {{(pid=103114) _load_all_extensions_from_path /opt/stack/neutron/neutron/api/extensions.py:449}}
Mar 06 22:15:05.800453 np0000158078 devstack@neutron-api.service[103114]: DEBUG neutron.api.extensions [None req-9177be28-ee9a-4923-88dc-fd2494ebcd37 None None] Ext name="Expose Floating IP port forwardings" alias="expose-port-forwarding-in-fip" description="Expose port forwarding fields in floating IP response" updated="2018-06-28T16:00:00-00:00" {{(pid=103114) _check_extension /opt/stack/neutron/neutron/api/extensions.py:415}}
Mar 06 22:15:05.800627 np0000158078 devstack@neutron-api.service[103114]: INFO neutron.api.extensions [None req-9177be28-ee9a-4923-88dc-fd2494ebcd37 None None] Extension expose-port-forwarding-in-fip not supported by any of loaded plugins
Mar 06 22:15:05.800709 np0000158078 devstack@neutron-api.service[103114]: DEBUG neutron.api.extensions [None req-9177be28-ee9a-4923-88dc-fd2494ebcd37 None None] Loading extension file: external_net.py {{(pid=103114) _load_all_extensions_from_path /opt/stack/neutron/neutron/api/extensions.py:449}}
Mar 06 22:15:05.800882 np0000158078 devstack@neutron-api.service[103111]: DEBUG neutron_lib.callbacks.manager [None req-fde0a56b-65a8-4e43-9408-55c6e06f9327 None None] Subscribe: network precommit_update 55550000, False {{(pid=103111) subscribe /opt/stack/data/venv/lib/python3.12/site-packages/neutron_lib/callbacks/manager.py:52}}
Mar 06 22:15:05.800966 np0000158078 devstack@neutron-api.service[103114]: DEBUG neutron.api.extensions [None req-9177be28-ee9a-4923-88dc-fd2494ebcd37 None None] Ext name="Neutron external network" alias="external-net" description="Adds external network attribute to network resource." updated="2013-01-14T10:00:00-00:00" {{(pid=103114) _check_extension /opt/stack/neutron/neutron/api/extensions.py:415}}
Mar 06 22:15:05.801062 np0000158078 devstack@neutron-api.service[103111]: DEBUG neutron_lib.callbacks.manager [None req-fde0a56b-65a8-4e43-9408-55c6e06f9327 None None] Subscribe: network precommit_create 55550000, False {{(pid=103111) subscribe /opt/stack/data/venv/lib/python3.12/site-packages/neutron_lib/callbacks/manager.py:52}}
Mar 06 22:15:05.801138 np0000158078 devstack@neutron-api.service[103114]: INFO neutron.api.extensions [None req-9177be28-ee9a-4923-88dc-fd2494ebcd37 None None] Loaded extension: external-net
Mar 06 22:15:05.801229 np0000158078 devstack@neutron-api.service[103114]: DEBUG neutron.api.extensions [None req-9177be28-ee9a-4923-88dc-fd2494ebcd37 None None] Loading extension file: extra_dhcp_opt.py {{(pid=103114) _load_all_extensions_from_path /opt/stack/neutron/neutron/api/extensions.py:449}}
Mar 06 22:15:05.801334 np0000158078 devstack@neutron-api.service[103111]: DEBUG neutron.manager [None req-fde0a56b-65a8-4e43-9408-55c6e06f9327 None None] Successfully loaded auto-allocated-topology plugin. Description: Auto Allocated Topology - aka get me a network. {{(pid=103111) _create_and_add_service_plugin /opt/stack/neutron/neutron/manager.py:229}}
Mar 06 22:15:05.801452 np0000158078 devstack@neutron-api.service[103114]: DEBUG neutron.api.extensions [None req-9177be28-ee9a-4923-88dc-fd2494ebcd37 None None] Ext name="Neutron Extra DHCP options" alias="extra_dhcp_opt" description="Extra options configuration for DHCP. For example PXE boot options to DHCP clients can be specified (e.g. tftp-server, server-ip-address, bootfile-name)" updated="2013-03-17T12:00:00-00:00" {{(pid=103114) _check_extension /opt/stack/neutron/neutron/api/extensions.py:415}}
Mar 06 22:15:05.801482 np0000158078 devstack@neutron-api.service[103111]: INFO neutron.manager [None req-fde0a56b-65a8-4e43-9408-55c6e06f9327 None None] Loading Plugin: tag
Mar 06 22:15:05.801623 np0000158078 devstack@neutron-api.service[103114]: INFO neutron.api.extensions [None req-9177be28-ee9a-4923-88dc-fd2494ebcd37 None None] Loaded extension: extra_dhcp_opt
Mar 06 22:15:05.801740 np0000158078 devstack@neutron-api.service[103114]: DEBUG neutron.api.extensions [None req-9177be28-ee9a-4923-88dc-fd2494ebcd37 None None] Loading extension file: extraroute.py {{(pid=103114) _load_all_extensions_from_path /opt/stack/neutron/neutron/api/extensions.py:449}}
Mar 06 22:15:05.801979 np0000158078 devstack@neutron-api.service[103114]: DEBUG neutron.api.extensions [None req-9177be28-ee9a-4923-88dc-fd2494ebcd37 None None] Ext name="Neutron Extra Route" alias="extraroute" description="Extra routes configuration for L3 router" updated="2013-02-01T10:00:00-00:00" {{(pid=103114) _check_extension /opt/stack/neutron/neutron/api/extensions.py:415}}
Mar 06 22:15:05.802114 np0000158078 devstack@neutron-api.service[103114]: INFO neutron.api.extensions [None req-9177be28-ee9a-4923-88dc-fd2494ebcd37 None None] Loaded extension: extraroute
Mar 06 22:15:05.802204 np0000158078 devstack@neutron-api.service[103114]: DEBUG neutron.api.extensions [None req-9177be28-ee9a-4923-88dc-fd2494ebcd37 None None] Loading extension file: extraroute_atomic.py {{(pid=103114) _load_all_extensions_from_path /opt/stack/neutron/neutron/api/extensions.py:449}}
Mar 06 22:15:05.802440 np0000158078 devstack@neutron-api.service[103114]: DEBUG neutron.api.extensions [None req-9177be28-ee9a-4923-88dc-fd2494ebcd37 None None] Ext name="Atomically add/remove extra routes" alias="extraroute-atomic" description="Edit extra routes of a router on server side by atomically adding/removing extra routes" updated="2019-07-10T00:00:00+00:00" {{(pid=103114) _check_extension /opt/stack/neutron/neutron/api/extensions.py:415}}
Mar 06 22:15:05.802611 np0000158078 devstack@neutron-api.service[103114]: INFO neutron.api.extensions [None req-9177be28-ee9a-4923-88dc-fd2494ebcd37 None None] Loaded extension: extraroute-atomic
Mar 06 22:15:05.802702 np0000158078 devstack@neutron-api.service[103114]: DEBUG neutron.api.extensions [None req-9177be28-ee9a-4923-88dc-fd2494ebcd37 None None] Loading extension file: filter_validation.py {{(pid=103114) _load_all_extensions_from_path /opt/stack/neutron/neutron/api/extensions.py:449}}
Mar 06 22:15:05.802959 np0000158078 devstack@neutron-api.service[103114]: DEBUG neutron.api.extensions [None req-9177be28-ee9a-4923-88dc-fd2494ebcd37 None None] Ext name="Filter parameters validation" alias="filter-validation" description="Provides validation on filter parameters." updated="2018-07-04T10:00:00-00:00" {{(pid=103114) _check_extension /opt/stack/neutron/neutron/api/extensions.py:415}}
Mar 06 22:15:05.803145 np0000158078 devstack@neutron-api.service[103114]: INFO neutron.api.extensions [None req-9177be28-ee9a-4923-88dc-fd2494ebcd37 None None] Loaded extension: filter-validation
Mar 06 22:15:05.803216 np0000158078 devstack@neutron-api.service[103114]: DEBUG neutron.api.extensions [None req-9177be28-ee9a-4923-88dc-fd2494ebcd37 None None] Loading extension file: fip_pf_description.py {{(pid=103114) _load_all_extensions_from_path /opt/stack/neutron/neutron/api/extensions.py:449}}
Mar 06 22:15:05.803519 np0000158078 devstack@neutron-api.service[103114]: DEBUG neutron.api.extensions [None req-9177be28-ee9a-4923-88dc-fd2494ebcd37 None None] Ext name="Floating IP Port Forwarding new attribute description" alias="floating-ip-port-forwarding-description" description="Add a description field to Port Forwarding rules" updated="2019-11-01T10:00:00-00:00" {{(pid=103114) _check_extension /opt/stack/neutron/neutron/api/extensions.py:415}}
Mar 06 22:15:05.803606 np0000158078 devstack@neutron-api.service[103114]: INFO neutron.api.extensions [None req-9177be28-ee9a-4923-88dc-fd2494ebcd37 None None] Extension floating-ip-port-forwarding-description not supported by any of loaded plugins
Mar 06 22:15:05.803687 np0000158078 devstack@neutron-api.service[103114]: DEBUG neutron.api.extensions [None req-9177be28-ee9a-4923-88dc-fd2494ebcd37 None None] Loading extension file: fip_pf_detail.py {{(pid=103114) _load_all_extensions_from_path /opt/stack/neutron/neutron/api/extensions.py:449}}
Mar 06 22:15:05.803933 np0000158078 devstack@neutron-api.service[103114]: DEBUG neutron.api.extensions [None req-9177be28-ee9a-4923-88dc-fd2494ebcd37 None None] Ext name="Floating IP port forwarding detail" alias="floating-ip-port-forwarding-detail" description="Allow list floating ip return more port forwarding data, include'id' and 'internal_port_id'" updated="2022-05-06T10:00:00-00:00" {{(pid=103114) _check_extension /opt/stack/neutron/neutron/api/extensions.py:415}}
Mar 06 22:15:05.804104 np0000158078 devstack@neutron-api.service[103114]: INFO neutron.api.extensions [None req-9177be28-ee9a-4923-88dc-fd2494ebcd37 None None] Loaded extension: floating-ip-port-forwarding-detail
Mar 06 22:15:05.804216 np0000158078 devstack@neutron-api.service[103114]: DEBUG neutron.api.extensions [None req-9177be28-ee9a-4923-88dc-fd2494ebcd37 None None] Loading extension file: fip_pf_port_range.py {{(pid=103114) _load_all_extensions_from_path /opt/stack/neutron/neutron/api/extensions.py:449}}
Mar 06 22:15:05.804413 np0000158078 devstack@neutron-api.service[103114]: DEBUG neutron.api.extensions [None req-9177be28-ee9a-4923-88dc-fd2494ebcd37 None None] Ext name="Floating IP Port Forwarding support port ranges" alias="floating-ip-port-forwarding-port-ranges" description="Add support to port ranges" updated="2020-07-01T10:00:00-00:00" {{(pid=103114) _check_extension /opt/stack/neutron/neutron/api/extensions.py:415}}
Mar 06 22:15:05.804581 np0000158078 devstack@neutron-api.service[103114]: INFO neutron.api.extensions [None req-9177be28-ee9a-4923-88dc-fd2494ebcd37 None None] Extension floating-ip-port-forwarding-port-ranges not supported by any of loaded plugins
Mar 06 22:15:05.804667 np0000158078 devstack@neutron-api.service[103114]: DEBUG neutron.api.extensions [None req-9177be28-ee9a-4923-88dc-fd2494ebcd37 None None] Loading extension file: fip_port_details.py {{(pid=103114) _load_all_extensions_from_path /opt/stack/neutron/neutron/api/extensions.py:449}}
Mar 06 22:15:05.804956 np0000158078 devstack@neutron-api.service[103114]: DEBUG neutron.api.extensions [None req-9177be28-ee9a-4923-88dc-fd2494ebcd37 None None] Ext name="Floating IP Port Details Extension" alias="fip-port-details" description="Add port_details attribute to Floating IP resource" updated="2018-04-09T10:00:00-00:00" {{(pid=103114) _check_extension /opt/stack/neutron/neutron/api/extensions.py:415}}
Mar 06 22:15:05.805125 np0000158078 devstack@neutron-api.service[103114]: INFO neutron.api.extensions [None req-9177be28-ee9a-4923-88dc-fd2494ebcd37 None None] Loaded extension: fip-port-details
Mar 06 22:15:05.805221 np0000158078 devstack@neutron-api.service[103114]: DEBUG neutron.api.extensions [None req-9177be28-ee9a-4923-88dc-fd2494ebcd37 None None] Loading extension file: flavors.py {{(pid=103114) _load_all_extensions_from_path /opt/stack/neutron/neutron/api/extensions.py:449}}
Mar 06 22:15:05.805335 np0000158078 devstack@neutron-api.service[103111]: DEBUG neutron.manager [None req-fde0a56b-65a8-4e43-9408-55c6e06f9327 None None] Successfully loaded TAG plugin. Description: Tag support {{(pid=103111) _create_and_add_service_plugin /opt/stack/neutron/neutron/manager.py:229}}
Mar 06 22:15:05.805437 np0000158078 devstack@neutron-api.service[103111]: INFO neutron.manager [None req-fde0a56b-65a8-4e43-9408-55c6e06f9327 None None] Loading Plugin: timestamp
Mar 06 22:15:05.805584 np0000158078 devstack@neutron-api.service[103114]: DEBUG neutron.api.extensions [None req-9177be28-ee9a-4923-88dc-fd2494ebcd37 None None] Ext name="Neutron Service Flavors" alias="flavors" description="Flavor specification for Neutron advanced services." updated="2015-09-17T10:00:00-00:00" {{(pid=103114) _check_extension /opt/stack/neutron/neutron/api/extensions.py:415}}
Mar 06 22:15:05.805801 np0000158078 devstack@neutron-api.service[103114]: INFO neutron.api.extensions [None req-9177be28-ee9a-4923-88dc-fd2494ebcd37 None None] Loaded extension: flavors
Mar 06 22:15:05.805898 np0000158078 devstack@neutron-api.service[103114]: DEBUG neutron.api.extensions [None req-9177be28-ee9a-4923-88dc-fd2494ebcd37 None None] Loading extension file: floating_ip_port_forwarding.py {{(pid=103114) _load_all_extensions_from_path /opt/stack/neutron/neutron/api/extensions.py:449}}
Mar 06 22:15:05.806215 np0000158078 devstack@neutron-api.service[103114]: DEBUG neutron.api.extensions [None req-9177be28-ee9a-4923-88dc-fd2494ebcd37 None None] Ext name="Floating IP Port Forwarding" alias="floating-ip-port-forwarding" description="Allow port forwarding from floating IP port to an internal port" updated="2018-01-19T10:00:00-00:00" {{(pid=103114) _check_extension /opt/stack/neutron/neutron/api/extensions.py:415}}
Mar 06 22:15:05.806403 np0000158078 devstack@neutron-api.service[103114]: INFO neutron.api.extensions [None req-9177be28-ee9a-4923-88dc-fd2494ebcd37 None None] Extension floating-ip-port-forwarding not supported by any of loaded plugins
Mar 06 22:15:05.806483 np0000158078 devstack@neutron-api.service[103114]: DEBUG neutron.api.extensions [None req-9177be28-ee9a-4923-88dc-fd2494ebcd37 None None] Loading extension file: floatingip_pools.py {{(pid=103114) _load_all_extensions_from_path /opt/stack/neutron/neutron/api/extensions.py:449}}
Mar 06 22:15:05.806607 np0000158078 devstack@neutron-api.service[103111]: DEBUG neutron.manager [None req-fde0a56b-65a8-4e43-9408-55c6e06f9327 None None] Successfully loaded timestamp plugin. Description: Adds timestamps to Neutron resources with standard attributes {{(pid=103111) _create_and_add_service_plugin /opt/stack/neutron/neutron/manager.py:229}}
Mar 06 22:15:05.806683 np0000158078 devstack@neutron-api.service[103111]: INFO neutron.manager [None req-fde0a56b-65a8-4e43-9408-55c6e06f9327 None None] Loading Plugin: network_ip_availability
Mar 06 22:15:05.806755 np0000158078 devstack@neutron-api.service[103114]: DEBUG neutron.api.extensions [None req-9177be28-ee9a-4923-88dc-fd2494ebcd37 None None] Ext name="Floating IP Pools Extension" alias="floatingip-pools" description="Provides a floating IP pools API." updated="2018-03-21T10:00:00-00:00" {{(pid=103114) _check_extension /opt/stack/neutron/neutron/api/extensions.py:415}}
Mar 06 22:15:05.806954 np0000158078 devstack@neutron-api.service[103114]: INFO neutron.api.extensions [None req-9177be28-ee9a-4923-88dc-fd2494ebcd37 None None] Loaded extension: floatingip-pools
Mar 06 22:15:05.807062 np0000158078 devstack@neutron-api.service[103114]: DEBUG neutron.api.extensions [None req-9177be28-ee9a-4923-88dc-fd2494ebcd37 None None] Loading extension file: ip_allocation.py {{(pid=103114) _load_all_extensions_from_path /opt/stack/neutron/neutron/api/extensions.py:449}}
Mar 06 22:15:05.807289 np0000158078 devstack@neutron-api.service[103114]: DEBUG neutron.api.extensions [None req-9177be28-ee9a-4923-88dc-fd2494ebcd37 None None] Ext name="IP Allocation" alias="ip_allocation" description="IP allocation extension." updated="2016-06-10T23:00:00-00:00" {{(pid=103114) _check_extension /opt/stack/neutron/neutron/api/extensions.py:415}}
Mar 06 22:15:05.807715 np0000158078 devstack@neutron-api.service[103114]: INFO neutron.api.extensions [None req-9177be28-ee9a-4923-88dc-fd2494ebcd37 None None] Extension ip_allocation not supported by any of loaded plugins
Mar 06 22:15:05.807715 np0000158078 devstack@neutron-api.service[103114]: DEBUG neutron.api.extensions [None req-9177be28-ee9a-4923-88dc-fd2494ebcd37 None None] Loading extension file: ip_substring_port_filtering.py {{(pid=103114) _load_all_extensions_from_path /opt/stack/neutron/neutron/api/extensions.py:449}}
Mar 06 22:15:05.807926 np0000158078 devstack@neutron-api.service[103114]: DEBUG neutron.api.extensions [None req-9177be28-ee9a-4923-88dc-fd2494ebcd37 None None] Ext name="IP address substring filtering" alias="ip-substring-filtering" description="Provides IP address substring filtering when listing ports" updated="2017-11-28T09:00:00-00:00" {{(pid=103114) _check_extension /opt/stack/neutron/neutron/api/extensions.py:415}}
Mar 06 22:15:05.807977 np0000158078 devstack@neutron-api.service[103114]: INFO neutron.api.extensions [None req-9177be28-ee9a-4923-88dc-fd2494ebcd37 None None] Extension ip-substring-filtering not supported by any of loaded plugins
Mar 06 22:15:05.808052 np0000158078 devstack@neutron-api.service[103114]: DEBUG neutron.api.extensions [None req-9177be28-ee9a-4923-88dc-fd2494ebcd37 None None] Loading extension file: l2_adjacency.py {{(pid=103114) _load_all_extensions_from_path /opt/stack/neutron/neutron/api/extensions.py:449}}
Mar 06 22:15:05.808286 np0000158078 devstack@neutron-api.service[103114]: DEBUG neutron.api.extensions [None req-9177be28-ee9a-4923-88dc-fd2494ebcd37 None None] Ext name="L2 Adjacency" alias="l2_adjacency" description="Display L2 Adjacency for Neutron Networks." updated="2016-04-12T16:00:00-00:00" {{(pid=103114) _check_extension /opt/stack/neutron/neutron/api/extensions.py:415}}
Mar 06 22:15:05.808460 np0000158078 devstack@neutron-api.service[103114]: INFO neutron.api.extensions [None req-9177be28-ee9a-4923-88dc-fd2494ebcd37 None None] Extension l2_adjacency not supported by any of loaded plugins
Mar 06 22:15:05.808568 np0000158078 devstack@neutron-api.service[103114]: DEBUG neutron.api.extensions [None req-9177be28-ee9a-4923-88dc-fd2494ebcd37 None None] Loading extension file: l3.py {{(pid=103114) _load_all_extensions_from_path /opt/stack/neutron/neutron/api/extensions.py:449}}
Mar 06 22:15:05.808705 np0000158078 devstack@neutron-api.service[103111]: DEBUG neutron_lib.callbacks.manager [None req-fde0a56b-65a8-4e43-9408-55c6e06f9327 None None] Subscribe: > rbac-policy before_create 55550000, False {{(pid=103111) subscribe /opt/stack/data/venv/lib/python3.12/site-packages/neutron_lib/callbacks/manager.py:52}}
Mar 06 22:15:05.808856 np0000158078 devstack@neutron-api.service[103111]: DEBUG neutron_lib.callbacks.manager [None req-fde0a56b-65a8-4e43-9408-55c6e06f9327 None None] Subscribe: > rbac-policy before_update 55550000, False {{(pid=103111) subscribe /opt/stack/data/venv/lib/python3.12/site-packages/neutron_lib/callbacks/manager.py:52}}
Mar 06 22:15:05.808926 np0000158078 devstack@neutron-api.service[103111]: DEBUG neutron_lib.callbacks.manager [None req-fde0a56b-65a8-4e43-9408-55c6e06f9327 None None] Subscribe: > rbac-policy before_delete 55550000, False {{(pid=103111) subscribe /opt/stack/data/venv/lib/python3.12/site-packages/neutron_lib/callbacks/manager.py:52}}
Mar 06 22:15:05.808983 np0000158078 devstack@neutron-api.service[103114]: DEBUG neutron.api.extensions [None req-9177be28-ee9a-4923-88dc-fd2494ebcd37 None None] Ext name="Neutron L3 Router" alias="router" description="Router abstraction for basic L3 forwarding between L2 Neutron networks and access to external networks via a NAT gateway." updated="2012-07-20T10:00:00-00:00" {{(pid=103114) _check_extension /opt/stack/neutron/neutron/api/extensions.py:415}}
Mar 06 22:15:05.809192 np0000158078 devstack@neutron-api.service[103114]: INFO neutron.api.extensions [None req-9177be28-ee9a-4923-88dc-fd2494ebcd37 None None] Loaded extension: router
Mar 06 22:15:05.809248 np0000158078 devstack@neutron-api.service[103111]: DEBUG neutron.manager [None req-fde0a56b-65a8-4e43-9408-55c6e06f9327 None None] Successfully loaded network-ip-availability plugin. Description: Provides IP availability data for each network and subnet. {{(pid=103111) _create_and_add_service_plugin /opt/stack/neutron/neutron/manager.py:229}}
Mar 06 22:15:05.809281 np0000158078 devstack@neutron-api.service[103114]: DEBUG neutron.api.extensions [None req-9177be28-ee9a-4923-88dc-fd2494ebcd37 None None] Loading extension file: l3_conntrack_helper.py {{(pid=103114) _load_all_extensions_from_path /opt/stack/neutron/neutron/api/extensions.py:449}}
Mar 06 22:15:05.809337 np0000158078 devstack@neutron-api.service[103111]: INFO neutron.manager [None req-fde0a56b-65a8-4e43-9408-55c6e06f9327 None None] Loading Plugin: flavors
Mar 06 22:15:05.809885 np0000158078 devstack@neutron-api.service[103114]: DEBUG neutron.api.extensions [None req-9177be28-ee9a-4923-88dc-fd2494ebcd37 None None] Ext name="L3 Conntrack helper" alias="l3-conntrack-helper" description="Allow adding CT target rules for conntrack helper" updated="2019-04-04T10:00:00-00:00" {{(pid=103114) _check_extension /opt/stack/neutron/neutron/api/extensions.py:415}}
Mar 06 22:15:05.810040 np0000158078 devstack@neutron-api.service[103114]: INFO neutron.api.extensions [None req-9177be28-ee9a-4923-88dc-fd2494ebcd37 None None] Extension l3-conntrack-helper not supported by any of loaded plugins
Mar 06 22:15:05.810132 np0000158078 devstack@neutron-api.service[103114]: DEBUG neutron.api.extensions [None req-9177be28-ee9a-4923-88dc-fd2494ebcd37 None None] Loading extension file: l3_enable_default_route_bfd.py {{(pid=103114) _load_all_extensions_from_path /opt/stack/neutron/neutron/api/extensions.py:449}}
Mar 06 22:15:05.810247 np0000158078 devstack@neutron-api.service[103111]: DEBUG neutron.manager [None req-fde0a56b-65a8-4e43-9408-55c6e06f9327 None None] Successfully loaded FLAVORS plugin. Description: Neutron Flavors and Service Profiles manager plugin {{(pid=103111) _create_and_add_service_plugin /opt/stack/neutron/neutron/manager.py:229}}
Mar 06 22:15:05.810328 np0000158078 devstack@neutron-api.service[103111]: INFO neutron.manager [None req-fde0a56b-65a8-4e43-9408-55c6e06f9327 None None] Loading Plugin: revisions
Mar 06 22:15:05.810384 np0000158078 devstack@neutron-api.service[103114]: DEBUG neutron.api.extensions [None req-9177be28-ee9a-4923-88dc-fd2494ebcd37 None None] Ext name="Enable Default Route BFD" alias="enable-default-route-bfd" description="Enables configurable BFD behavior for default routes" updated="2023-02-27T00:00:00-00:00" {{(pid=103114) _check_extension /opt/stack/neutron/neutron/api/extensions.py:415}}
Mar 06 22:15:05.810574 np0000158078 devstack@neutron-api.service[103114]: INFO neutron.api.extensions [None req-9177be28-ee9a-4923-88dc-fd2494ebcd37 None None] Loaded extension: enable-default-route-bfd
Mar 06 22:15:05.810652 np0000158078 devstack@neutron-api.service[103114]: DEBUG neutron.api.extensions [None req-9177be28-ee9a-4923-88dc-fd2494ebcd37 None None] Loading extension file: l3_enable_default_route_ecmp.py {{(pid=103114) _load_all_extensions_from_path /opt/stack/neutron/neutron/api/extensions.py:449}}
Mar 06 22:15:05.810912 np0000158078 devstack@neutron-api.service[103114]: DEBUG neutron.api.extensions [None req-9177be28-ee9a-4923-88dc-fd2494ebcd37 None None] Ext name="Enable Default Route ECMP" alias="enable-default-route-ecmp" description="Enables configurable ECMP behavior for default routes" updated="2023-02-27T00:00:00-00:00" {{(pid=103114) _check_extension /opt/stack/neutron/neutron/api/extensions.py:415}}
Mar 06 22:15:05.811090 np0000158078 devstack@neutron-api.service[103114]: INFO neutron.api.extensions [None req-9177be28-ee9a-4923-88dc-fd2494ebcd37 None None] Loaded extension: enable-default-route-ecmp
Mar 06 22:15:05.811190 np0000158078 devstack@neutron-api.service[103114]: DEBUG neutron.api.extensions [None req-9177be28-ee9a-4923-88dc-fd2494ebcd37 None None] Loading extension file: l3_ext_gw_mode.py {{(pid=103114) _load_all_extensions_from_path /opt/stack/neutron/neutron/api/extensions.py:449}}
Mar 06 22:15:05.811288 np0000158078 devstack@neutron-api.service[103111]: DEBUG neutron.manager [None req-fde0a56b-65a8-4e43-9408-55c6e06f9327 None None] Successfully loaded revision_plugin plugin. Description: Adds revision numbers to resources. {{(pid=103111) _create_and_add_service_plugin /opt/stack/neutron/neutron/manager.py:229}}
Mar 06 22:15:05.811416 np0000158078 devstack@neutron-api.service[103114]: DEBUG neutron.api.extensions [None req-9177be28-ee9a-4923-88dc-fd2494ebcd37 None None] Ext name="Neutron L3 Configurable external gateway mode" alias="ext-gw-mode" description="Extension of the router abstraction for specifying whether SNAT should occur on the external gateway" updated="2013-03-28T10:00:00-00:00" {{(pid=103114) _check_extension /opt/stack/neutron/neutron/api/extensions.py:415}}
Mar 06 22:15:05.811508 np0000158078 devstack@neutron-api.service[103111]: DEBUG oslo_concurrency.lockutils [None req-fde0a56b-65a8-4e43-9408-55c6e06f9327 None None] Lock "manager" "released" by "neutron.manager.NeutronManager._create_instance" :: held 4.637s {{(pid=103111) inner /opt/stack/data/venv/lib/python3.12/site-packages/oslo_concurrency/lockutils.py:538}}
Mar 06 22:15:05.811657 np0000158078 devstack@neutron-api.service[103114]: INFO neutron.api.extensions [None req-9177be28-ee9a-4923-88dc-fd2494ebcd37 None None] Loaded extension: ext-gw-mode
Mar 06 22:15:05.811685 np0000158078 devstack@neutron-api.service[103111]: DEBUG neutron.api.extensions [None req-fde0a56b-65a8-4e43-9408-55c6e06f9327 None None] get_extension_paths = OrderedDict({'/opt/stack/neutron/neutron/extensions': 1}) {{(pid=103111) get_extensions_path /opt/stack/neutron/neutron/api/extensions.py:640}}
Mar 06 22:15:05.811710 np0000158078 devstack@neutron-api.service[103114]: DEBUG neutron.api.extensions [None req-9177be28-ee9a-4923-88dc-fd2494ebcd37 None None] Loading extension file: l3_ext_ha_mode.py {{(pid=103114) _load_all_extensions_from_path /opt/stack/neutron/neutron/api/extensions.py:449}}
Mar 06 22:15:05.811813 np0000158078 devstack@neutron-api.service[103111]: INFO neutron.api.extensions [None req-fde0a56b-65a8-4e43-9408-55c6e06f9327 None None] Initializing extension manager.
Mar 06 22:15:05.811920 np0000158078 devstack@neutron-api.service[103114]: DEBUG neutron.api.extensions [None req-9177be28-ee9a-4923-88dc-fd2494ebcd37 None None] Ext name="HA Router extension" alias="l3-ha" description="Adds HA capability to routers." updated="2014-04-26T00:00:00-00:00" {{(pid=103114) _check_extension /opt/stack/neutron/neutron/api/extensions.py:415}}
Mar 06 22:15:05.811960 np0000158078 devstack@neutron-api.service[103111]: DEBUG neutron.api.extensions [None req-fde0a56b-65a8-4e43-9408-55c6e06f9327 None None] Loading extension file: __init__.py {{(pid=103111) _load_all_extensions_from_path /opt/stack/neutron/neutron/api/extensions.py:449}}
Mar 06 22:15:05.812062 np0000158078 devstack@neutron-api.service[103111]: DEBUG neutron.api.extensions [None req-fde0a56b-65a8-4e43-9408-55c6e06f9327 None None] Loading extension file: __pycache__ {{(pid=103111) _load_all_extensions_from_path /opt/stack/neutron/neutron/api/extensions.py:449}}
Mar 06 22:15:05.812091 np0000158078 devstack@neutron-api.service[103114]: INFO neutron.api.extensions [None req-9177be28-ee9a-4923-88dc-fd2494ebcd37 None None] Loaded extension: l3-ha
Mar 06 22:15:05.812157 np0000158078 devstack@neutron-api.service[103111]: DEBUG neutron.api.extensions [None req-fde0a56b-65a8-4e43-9408-55c6e06f9327 None None] Loading extension file: address_group.py {{(pid=103111) _load_all_extensions_from_path /opt/stack/neutron/neutron/api/extensions.py:449}}
Mar 06 22:15:05.812185 np0000158078 devstack@neutron-api.service[103114]: DEBUG neutron.api.extensions [None req-9177be28-ee9a-4923-88dc-fd2494ebcd37 None None] Loading extension file: l3_ext_ndp_proxy.py {{(pid=103114) _load_all_extensions_from_path /opt/stack/neutron/neutron/api/extensions.py:449}}
Mar 06 22:15:05.812411 np0000158078 devstack@neutron-api.service[103114]: DEBUG neutron.api.extensions [None req-9177be28-ee9a-4923-88dc-fd2494ebcd37 None None] Ext name="Router support to enable NDP proxy" alias="l3-ext-ndp-proxy" description="Router extension to enable ndp proxy" updated="2020-08-25T00:00:00-00:00" {{(pid=103114) _check_extension /opt/stack/neutron/neutron/api/extensions.py:415}}
Mar 06 22:15:05.812478 np0000158078 devstack@neutron-api.service[103111]: DEBUG neutron.api.extensions [None req-fde0a56b-65a8-4e43-9408-55c6e06f9327 None None] Ext name="Address group" alias="address-group" description="Support address group" updated="2020-07-15T10:00:00-00:00" {{(pid=103111) _check_extension /opt/stack/neutron/neutron/api/extensions.py:415}}
Mar 06 22:15:05.812584 np0000158078 devstack@neutron-api.service[103114]: INFO neutron.api.extensions [None req-9177be28-ee9a-4923-88dc-fd2494ebcd37 None None] Extension l3-ext-ndp-proxy not supported by any of loaded plugins
Mar 06 22:15:05.812696 np0000158078 devstack@neutron-api.service[103114]: DEBUG neutron.api.extensions [None req-9177be28-ee9a-4923-88dc-fd2494ebcd37 None None] Loading extension file: l3_extra_gws.py {{(pid=103114) _load_all_extensions_from_path /opt/stack/neutron/neutron/api/extensions.py:449}}
Mar 06 22:15:05.812749 np0000158078 devstack@neutron-api.service[103111]: INFO neutron.api.extensions [None req-fde0a56b-65a8-4e43-9408-55c6e06f9327 None None] Loaded extension: address-group
Mar 06 22:15:05.812857 np0000158078 devstack@neutron-api.service[103111]: DEBUG neutron.api.extensions [None req-fde0a56b-65a8-4e43-9408-55c6e06f9327 None None] Loading extension file: address_scope.py {{(pid=103111) _load_all_extensions_from_path /opt/stack/neutron/neutron/api/extensions.py:449}}
Mar 06 22:15:05.812989 np0000158078 devstack@neutron-api.service[103114]: DEBUG neutron.api.extensions [None req-9177be28-ee9a-4923-88dc-fd2494ebcd37 None None] Ext name="Neutron L3 External Gateway Multihoming" alias="external-gateway-multihoming" description="Allow multiple external gateway ports per router" updated="2023-01-18T00:00:00-00:00" {{(pid=103114) _check_extension /opt/stack/neutron/neutron/api/extensions.py:415}}
Mar 06 22:15:05.813153 np0000158078 devstack@neutron-api.service[103111]: DEBUG neutron.api.extensions [None req-fde0a56b-65a8-4e43-9408-55c6e06f9327 None None] Ext name="Address scope" alias="address-scope" description="Address scopes extension." updated="2015-07-26T10:00:00-00:00" {{(pid=103111) _check_extension /opt/stack/neutron/neutron/api/extensions.py:415}}
Mar 06 22:15:05.813182 np0000158078 devstack@neutron-api.service[103114]: INFO neutron.api.extensions [None req-9177be28-ee9a-4923-88dc-fd2494ebcd37 None None] Loaded extension: external-gateway-multihoming
Mar 06 22:15:05.813258 np0000158078 devstack@neutron-api.service[103114]: DEBUG neutron.api.extensions [None req-9177be28-ee9a-4923-88dc-fd2494ebcd37 None None] Loading extension file: l3_flavors.py {{(pid=103114) _load_all_extensions_from_path /opt/stack/neutron/neutron/api/extensions.py:449}}
Mar 06 22:15:05.813388 np0000158078 devstack@neutron-api.service[103111]: INFO neutron.api.extensions [None req-fde0a56b-65a8-4e43-9408-55c6e06f9327 None None] Loaded extension: address-scope
Mar 06 22:15:05.813421 np0000158078 devstack@neutron-api.service[103111]: DEBUG neutron.api.extensions [None req-fde0a56b-65a8-4e43-9408-55c6e06f9327 None None] Loading extension file: admin_state_down_before_update.py {{(pid=103111) _load_all_extensions_from_path /opt/stack/neutron/neutron/api/extensions.py:449}}
Mar 06 22:15:05.813511 np0000158078 devstack@neutron-api.service[103114]: DEBUG neutron.api.extensions [None req-9177be28-ee9a-4923-88dc-fd2494ebcd37 None None] Ext name="Router Flavor Extension" alias="l3-flavors" description="Flavor support for routers." updated="2016-05-17T00:00:00-00:00" {{(pid=103114) _check_extension /opt/stack/neutron/neutron/api/extensions.py:415}}
Mar 06 22:15:05.813686 np0000158078 devstack@neutron-api.service[103111]: DEBUG neutron.api.extensions [None req-fde0a56b-65a8-4e43-9408-55c6e06f9327 None None] Ext name="Enforce Router's Admin State Down Before Update Extension" alias="router-admin-state-down-before-update" description="Ensure that the admin state of a router is DOWN (admin_state_up=False) before updating the distributed attribute" updated="2019-07-02T15:56:00" {{(pid=103111) _check_extension /opt/stack/neutron/neutron/api/extensions.py:415}}
Mar 06 22:15:05.813720 np0000158078 devstack@neutron-api.service[103114]: INFO neutron.api.extensions [None req-9177be28-ee9a-4923-88dc-fd2494ebcd37 None None] Loaded extension: l3-flavors
Mar 06 22:15:05.813748 np0000158078 devstack@neutron-api.service[103114]: DEBUG neutron.api.extensions [None req-9177be28-ee9a-4923-88dc-fd2494ebcd37 None None] Loading extension file: l3_ndp_proxy.py {{(pid=103114) _load_all_extensions_from_path /opt/stack/neutron/neutron/api/extensions.py:449}}
Mar 06 22:15:05.813847 np0000158078 devstack@neutron-api.service[103111]: INFO neutron.api.extensions [None req-fde0a56b-65a8-4e43-9408-55c6e06f9327 None None] Extension router-admin-state-down-before-update not supported by any of loaded plugins
Mar 06 22:15:05.813934 np0000158078 devstack@neutron-api.service[103111]: DEBUG neutron.api.extensions [None req-fde0a56b-65a8-4e43-9408-55c6e06f9327 None None] Loading extension file: agent.py {{(pid=103111) _load_all_extensions_from_path /opt/stack/neutron/neutron/api/extensions.py:449}}
Mar 06 22:15:05.814089 np0000158078 devstack@neutron-api.service[103113]: INFO neutron.plugins.ml2.drivers.type_vlan [None req-1b606289-1382-4d4c-b78a-2a25f8514003 None None] VlanTypeDriver initialization complete
Mar 06 22:15:05.814294 np0000158078 devstack@neutron-api.service[103114]: DEBUG neutron.api.extensions [None req-9177be28-ee9a-4923-88dc-fd2494ebcd37 None None] Ext name="name" alias="l3-ndp-proxy" description="description" updated="2021-06-29T10:00:00-00:00" {{(pid=103114) _check_extension /opt/stack/neutron/neutron/api/extensions.py:415}}
Mar 06 22:15:05.814438 np0000158078 devstack@neutron-api.service[103111]: DEBUG neutron.api.extensions [None req-fde0a56b-65a8-4e43-9408-55c6e06f9327 None None] Ext name="agent" alias="agent" description="The agent management extension." updated="2013-02-03T10:00:00-00:00" {{(pid=103111) _check_extension /opt/stack/neutron/neutron/api/extensions.py:415}}
Mar 06 22:15:05.814534 np0000158078 devstack@neutron-api.service[103113]: INFO neutron.plugins.ml2.managers [None req-1b606289-1382-4d4c-b78a-2a25f8514003 None None] Initializing extension driver 'port_security'
Mar 06 22:15:05.814558 np0000158078 devstack@neutron-api.service[103114]: INFO neutron.api.extensions [None req-9177be28-ee9a-4923-88dc-fd2494ebcd37 None None] Extension l3-ndp-proxy not supported by any of loaded plugins
Mar 06 22:15:05.814606 np0000158078 devstack@neutron-api.service[103113]: INFO neutron.plugins.ml2.extensions.port_security [None req-1b606289-1382-4d4c-b78a-2a25f8514003 None None] PortSecurityExtensionDriver initialization complete
Mar 06 22:15:05.814685 np0000158078 devstack@neutron-api.service[103114]: DEBUG neutron.api.extensions [None req-9177be28-ee9a-4923-88dc-fd2494ebcd37 None None] Loading extension file: l3_port_ip_change_not_allowed.py {{(pid=103114) _load_all_extensions_from_path /opt/stack/neutron/neutron/api/extensions.py:449}}
Mar 06 22:15:05.814719 np0000158078 devstack@neutron-api.service[103111]: INFO neutron.api.extensions [None req-fde0a56b-65a8-4e43-9408-55c6e06f9327 None None] Loaded extension: agent
Mar 06 22:15:05.814749 np0000158078 devstack@neutron-api.service[103113]: INFO neutron.plugins.ml2.managers [None req-1b606289-1382-4d4c-b78a-2a25f8514003 None None] Initializing extension driver 'qos'
Mar 06 22:15:05.814798 np0000158078 devstack@neutron-api.service[103111]: DEBUG neutron.api.extensions [None req-fde0a56b-65a8-4e43-9408-55c6e06f9327 None None] Loading extension file: agent_resources_synced.py {{(pid=103111) _load_all_extensions_from_path /opt/stack/neutron/neutron/api/extensions.py:449}}
Mar 06 22:15:05.814826 np0000158078 devstack@neutron-api.service[103113]: DEBUG neutron.plugins.ml2.extensions.qos [None req-1b606289-1382-4d4c-b78a-2a25f8514003 None None] QosExtensionDriver initialization complete {{(pid=103113) initialize /opt/stack/neutron/neutron/plugins/ml2/extensions/qos.py:31}}
Mar 06 22:15:05.814826 np0000158078 devstack@neutron-api.service[103113]: INFO neutron.plugins.ml2.managers [None req-1b606289-1382-4d4c-b78a-2a25f8514003 None None] Initializing mechanism driver 'ovn'
Mar 06 22:15:05.814904 np0000158078 devstack@neutron-api.service[103114]: DEBUG neutron.api.extensions [None req-9177be28-ee9a-4923-88dc-fd2494ebcd37 None None] Ext name="Prevent L3 router ports IP address change extension" alias="l3-port-ip-change-not-allowed" description="Prevent change of IP address for some L3 router ports" updated="2018-10-09T10:00:00-00:00" {{(pid=103114) _check_extension /opt/stack/neutron/neutron/api/extensions.py:415}}
Mar 06 22:15:05.814934 np0000158078 devstack@neutron-api.service[103113]: INFO neutron.plugins.ml2.drivers.ovn.mech_driver.mech_driver [None req-1b606289-1382-4d4c-b78a-2a25f8514003 None None] Starting OVNMechanismDriver
Mar 06 22:15:05.815054 np0000158078 devstack@neutron-api.service[103111]: DEBUG neutron.api.extensions [None req-fde0a56b-65a8-4e43-9408-55c6e06f9327 None None] Ext name="Agent's Resource View Synced to Placement" alias="agent-resources-synced" description="Stores success/failure of last sync to Placement" updated="2018-12-19T00:00:00-00:00" {{(pid=103111) _check_extension /opt/stack/neutron/neutron/api/extensions.py:415}}
Mar 06 22:15:05.815082 np0000158078 devstack@neutron-api.service[103114]: INFO neutron.api.extensions [None req-9177be28-ee9a-4923-88dc-fd2494ebcd37 None None] Extension l3-port-ip-change-not-allowed not supported by any of loaded plugins
Mar 06 22:15:05.815082 np0000158078 devstack@neutron-api.service[103114]: DEBUG neutron.api.extensions [None req-9177be28-ee9a-4923-88dc-fd2494ebcd37 None None] Loading extension file: l3agentscheduler.py {{(pid=103114) _load_all_extensions_from_path /opt/stack/neutron/neutron/api/extensions.py:449}}
Mar 06 22:15:05.815143 np0000158078 devstack@neutron-api.service[103111]: INFO neutron.api.extensions [None req-fde0a56b-65a8-4e43-9408-55c6e06f9327 None None] Extension agent-resources-synced not supported by any of loaded plugins
Mar 06 22:15:05.815143 np0000158078 devstack@neutron-api.service[103111]: DEBUG neutron.api.extensions [None req-fde0a56b-65a8-4e43-9408-55c6e06f9327 None None] Loading extension file: allowedaddresspairs.py {{(pid=103111) _load_all_extensions_from_path /opt/stack/neutron/neutron/api/extensions.py:449}}
Mar 06 22:15:05.815604 np0000158078 devstack@neutron-api.service[103114]: DEBUG neutron.api.extensions [None req-9177be28-ee9a-4923-88dc-fd2494ebcd37 None None] Ext name="L3 Agent Scheduler" alias="l3_agent_scheduler" description="Schedule routers among l3 agents" updated="2013-02-07T10:00:00-00:00" {{(pid=103114) _check_extension /opt/stack/neutron/neutron/api/extensions.py:415}}
Mar 06 22:15:05.815690 np0000158078 devstack@neutron-api.service[103111]: DEBUG neutron.api.extensions [None req-fde0a56b-65a8-4e43-9408-55c6e06f9327 None None] Ext name="Allowed Address Pairs" alias="allowed-address-pairs" description="Provides allowed address pairs" updated="2013-07-23T10:00:00-00:00" {{(pid=103111) _check_extension /opt/stack/neutron/neutron/api/extensions.py:415}}
Mar 06 22:15:05.815843 np0000158078 devstack@neutron-api.service[103114]: INFO neutron.api.extensions [None req-9177be28-ee9a-4923-88dc-fd2494ebcd37 None None] Extension l3_agent_scheduler not supported by any of loaded plugins
Mar 06 22:15:05.815894 np0000158078 devstack@neutron-api.service[103111]: INFO neutron.api.extensions [None req-fde0a56b-65a8-4e43-9408-55c6e06f9327 None None] Loaded extension: allowed-address-pairs
Mar 06 22:15:05.815982 np0000158078 devstack@neutron-api.service[103114]: DEBUG neutron.api.extensions [None req-9177be28-ee9a-4923-88dc-fd2494ebcd37 None None] Loading extension file: local_ip.py {{(pid=103114) _load_all_extensions_from_path /opt/stack/neutron/neutron/api/extensions.py:449}}
Mar 06 22:15:05.816015 np0000158078 devstack@neutron-api.service[103111]: DEBUG neutron.api.extensions [None req-fde0a56b-65a8-4e43-9408-55c6e06f9327 None None] Loading extension file: auto_allocated_topology.py {{(pid=103111) _load_all_extensions_from_path /opt/stack/neutron/neutron/api/extensions.py:449}}
Mar 06 22:15:05.816155 np0000158078 devstack@neutron-api.service[103113]: DEBUG neutron_lib.callbacks.manager [None req-1b606289-1382-4d4c-b78a-2a25f8514003 None None] Subscribe: > process before_spawn 55550000, False {{(pid=103113) subscribe /opt/stack/data/venv/lib/python3.12/site-packages/neutron_lib/callbacks/manager.py:52}}
Mar 06 22:15:05.816233 np0000158078 devstack@neutron-api.service[103111]: DEBUG neutron.api.extensions [None req-fde0a56b-65a8-4e43-9408-55c6e06f9327 None None] Ext name="Auto Allocated Topology Services" alias="auto-allocated-topology" description="Auto Allocated Topology Services." updated="2016-01-01T00:00:00-00:00" {{(pid=103111) _check_extension /opt/stack/neutron/neutron/api/extensions.py:415}}
Mar 06 22:15:05.816314 np0000158078 devstack@neutron-api.service[103113]: DEBUG neutron_lib.callbacks.manager [None req-1b606289-1382-4d4c-b78a-2a25f8514003 None None] Subscribe: > process after_init 55550000, True {{(pid=103113) subscribe /opt/stack/data/venv/lib/python3.12/site-packages/neutron_lib/callbacks/manager.py:52}}
Mar 06 22:15:05.816347 np0000158078 devstack@neutron-api.service[103114]: DEBUG neutron.api.extensions [None req-9177be28-ee9a-4923-88dc-fd2494ebcd37 None None] Ext name="Local IP" alias="local_ip" description="Support Node Local Virtual IP" updated="2021-07-26T10:00:00-00:00" {{(pid=103114) _check_extension /opt/stack/neutron/neutron/api/extensions.py:415}}
Mar 06 22:15:05.816405 np0000158078 devstack@neutron-api.service[103113]: DEBUG neutron_lib.callbacks.manager [None req-1b606289-1382-4d4c-b78a-2a25f8514003 None None] Subscribe: > segment after_create 55550000, False {{(pid=103113) subscribe /opt/stack/data/venv/lib/python3.12/site-packages/neutron_lib/callbacks/manager.py:52}}
Mar 06 22:15:05.816433 np0000158078 devstack@neutron-api.service[103111]: INFO neutron.api.extensions [None req-fde0a56b-65a8-4e43-9408-55c6e06f9327 None None] Loaded extension: auto-allocated-topology
Mar 06 22:15:05.816520 np0000158078 devstack@neutron-api.service[103114]: INFO neutron.api.extensions [None req-9177be28-ee9a-4923-88dc-fd2494ebcd37 None None] Extension local_ip not supported by any of loaded plugins
Mar 06 22:15:05.816601 np0000158078 devstack@neutron-api.service[103111]: DEBUG neutron.api.extensions [None req-fde0a56b-65a8-4e43-9408-55c6e06f9327 None None] Loading extension file: availability_zone.py {{(pid=103111) _load_all_extensions_from_path /opt/stack/neutron/neutron/api/extensions.py:449}}
Mar 06 22:15:05.816657 np0000158078 devstack@neutron-api.service[103113]: DEBUG neutron_lib.callbacks.manager [None req-1b606289-1382-4d4c-b78a-2a25f8514003 None None] Subscribe: > segment after_create 55550000, False {{(pid=103113) subscribe /opt/stack/data/venv/lib/python3.12/site-packages/neutron_lib/callbacks/manager.py:52}}
Mar 06 22:15:05.816686 np0000158078 devstack@neutron-api.service[103114]: DEBUG neutron.api.extensions [None req-9177be28-ee9a-4923-88dc-fd2494ebcd37 None None] Loading extension file: logging.py {{(pid=103114) _load_all_extensions_from_path /opt/stack/neutron/neutron/api/extensions.py:449}}
Mar 06 22:15:05.816719 np0000158078 devstack@neutron-api.service[103113]: DEBUG neutron_lib.callbacks.manager [None req-1b606289-1382-4d4c-b78a-2a25f8514003 None None] Subscribe: > segment after_delete 55550000, False {{(pid=103113) subscribe /opt/stack/data/venv/lib/python3.12/site-packages/neutron_lib/callbacks/manager.py:52}}
Mar 06 22:15:05.816748 np0000158078 devstack@neutron-api.service[103113]: DEBUG neutron_lib.callbacks.manager [None req-1b606289-1382-4d4c-b78a-2a25f8514003 None None] Subscribe: > allowed_address_pair before_create 55550000, False {{(pid=103113) subscribe /opt/stack/data/venv/lib/python3.12/site-packages/neutron_lib/callbacks/manager.py:52}}
Mar 06 22:15:05.816852 np0000158078 devstack@neutron-api.service[103111]: DEBUG neutron.api.extensions [None req-fde0a56b-65a8-4e43-9408-55c6e06f9327 None None] Ext name="Availability Zone" alias="availability_zone" description="The availability zone extension." updated="2015-01-01T10:00:00-00:00" {{(pid=103111) _check_extension /opt/stack/neutron/neutron/api/extensions.py:415}}
Mar 06 22:15:05.816884 np0000158078 devstack@neutron-api.service[103113]: DEBUG neutron_lib.callbacks.manager [None req-1b606289-1382-4d4c-b78a-2a25f8514003 None None] Subscribe: > security_group precommit_create 55550000, False {{(pid=103113) subscribe /opt/stack/data/venv/lib/python3.12/site-packages/neutron_lib/callbacks/manager.py:52}}
Mar 06 22:15:05.816967 np0000158078 devstack@neutron-api.service[103114]: DEBUG neutron.api.extensions [None req-9177be28-ee9a-4923-88dc-fd2494ebcd37 None None] Ext name="Logging API Extension" alias="logging" description="Provides a logging API for resources such as security group and firewall." updated="2017-01-01T10:00:00-00:00" {{(pid=103114) _check_extension /opt/stack/neutron/neutron/api/extensions.py:415}}
Mar 06 22:15:05.817024 np0000158078 devstack@neutron-api.service[103113]: DEBUG neutron_lib.callbacks.manager [None req-1b606289-1382-4d4c-b78a-2a25f8514003 None None] Subscribe: > security_group after_update 55550000, False {{(pid=103113) subscribe /opt/stack/data/venv/lib/python3.12/site-packages/neutron_lib/callbacks/manager.py:52}}
Mar 06 22:15:05.817059 np0000158078 devstack@neutron-api.service[103111]: INFO neutron.api.extensions [None req-fde0a56b-65a8-4e43-9408-55c6e06f9327 None None] Loaded extension: availability_zone
Mar 06 22:15:05.817086 np0000158078 devstack@neutron-api.service[103113]: DEBUG neutron_lib.callbacks.manager [None req-1b606289-1382-4d4c-b78a-2a25f8514003 None None] Subscribe: > security_group after_create 55550000, False {{(pid=103113) subscribe /opt/stack/data/venv/lib/python3.12/site-packages/neutron_lib/callbacks/manager.py:52}}
Mar 06 22:15:05.817114 np0000158078 devstack@neutron-api.service[103111]: DEBUG neutron.api.extensions [None req-fde0a56b-65a8-4e43-9408-55c6e06f9327 None None] Loading extension file: availability_zone_filter.py {{(pid=103111) _load_all_extensions_from_path /opt/stack/neutron/neutron/api/extensions.py:449}}
Mar 06 22:15:05.817141 np0000158078 devstack@neutron-api.service[103114]: INFO neutron.api.extensions [None req-9177be28-ee9a-4923-88dc-fd2494ebcd37 None None] Extension logging not supported by any of loaded plugins
Mar 06 22:15:05.817198 np0000158078 devstack@neutron-api.service[103113]: DEBUG neutron_lib.callbacks.manager [None req-1b606289-1382-4d4c-b78a-2a25f8514003 None None] Subscribe: > security_group precommit_delete 55550000, False {{(pid=103113) subscribe /opt/stack/data/venv/lib/python3.12/site-packages/neutron_lib/callbacks/manager.py:52}}
Mar 06 22:15:05.817227 np0000158078 devstack@neutron-api.service[103114]: DEBUG neutron.api.extensions [None req-9177be28-ee9a-4923-88dc-fd2494ebcd37 None None] Loading extension file: metering.py {{(pid=103114) _load_all_extensions_from_path /opt/stack/neutron/neutron/api/extensions.py:449}}
Mar 06 22:15:05.817322 np0000158078 devstack@neutron-api.service[103113]: DEBUG neutron_lib.callbacks.manager [None req-1b606289-1382-4d4c-b78a-2a25f8514003 None None] Subscribe: > security_group after_delete 55550000, False {{(pid=103113) subscribe /opt/stack/data/venv/lib/python3.12/site-packages/neutron_lib/callbacks/manager.py:52}}
Mar 06 22:15:05.817354 np0000158078 devstack@neutron-api.service[103111]: DEBUG neutron.api.extensions [None req-fde0a56b-65a8-4e43-9408-55c6e06f9327 None None] Ext name="Availability Zone Filter Extension" alias="availability_zone_filter" description="Add filter parameters to AvailabilityZone resource" updated="2018-06-22T10:00:00-00:00" {{(pid=103111) _check_extension /opt/stack/neutron/neutron/api/extensions.py:415}}
Mar 06 22:15:05.817382 np0000158078 devstack@neutron-api.service[103113]: DEBUG neutron_lib.callbacks.manager [None req-1b606289-1382-4d4c-b78a-2a25f8514003 None None] Subscribe: > security_group_rule precommit_create 55550000, False {{(pid=103113) subscribe /opt/stack/data/venv/lib/python3.12/site-packages/neutron_lib/callbacks/manager.py:52}}
