May 20 19:00:33.487892 np0000175408 neutron-periodic-workers[105052]: DEBUG cotyledon.oslo_config_glue [-] database.connection_recycle_time = 3600 {{(pid=105052) log_opt_values /opt/stack/data/venv/lib/python3.12/site-packages/oslo_config/cfg.py:3256}}
May 20 19:00:33.487932 np0000175408 neutron-periodic-workers[105052]: DEBUG cotyledon.oslo_config_glue [-] database.connection_trace = False {{(pid=105052) log_opt_values /opt/stack/data/venv/lib/python3.12/site-packages/oslo_config/cfg.py:3256}}
May 20 19:00:33.487964 np0000175408 neutron-periodic-workers[105052]: DEBUG cotyledon.oslo_config_glue [-] database.db_inc_retry_interval = True {{(pid=105052) log_opt_values /opt/stack/data/venv/lib/python3.12/site-packages/oslo_config/cfg.py:3256}}
May 20 19:00:33.488007 np0000175408 neutron-periodic-workers[105052]: DEBUG cotyledon.oslo_config_glue [-] database.db_max_retries = 20 {{(pid=105052) log_opt_values /opt/stack/data/venv/lib/python3.12/site-packages/oslo_config/cfg.py:3256}}
May 20 19:00:33.488058 np0000175408 neutron-periodic-workers[105052]: DEBUG cotyledon.oslo_config_glue [-] database.db_max_retry_interval = 10 {{(pid=105052) log_opt_values /opt/stack/data/venv/lib/python3.12/site-packages/oslo_config/cfg.py:3256}}
May 20 19:00:33.488091 np0000175408 neutron-periodic-workers[105052]: DEBUG cotyledon.oslo_config_glue [-] database.db_retry_interval = 1 {{(pid=105052) log_opt_values /opt/stack/data/venv/lib/python3.12/site-packages/oslo_config/cfg.py:3256}}
May 20 19:00:33.488124 np0000175408 neutron-periodic-workers[105052]: DEBUG cotyledon.oslo_config_glue [-] database.max_overflow = 50 {{(pid=105052) log_opt_values /opt/stack/data/venv/lib/python3.12/site-packages/oslo_config/cfg.py:3256}}
May 20 19:00:33.488166 np0000175408 neutron-periodic-workers[105052]: DEBUG cotyledon.oslo_config_glue [-] database.max_pool_size = 5 {{(pid=105052) log_opt_values /opt/stack/data/venv/lib/python3.12/site-packages/oslo_config/cfg.py:3256}}
May 20 19:00:33.488197 np0000175408 neutron-periodic-workers[105052]: DEBUG cotyledon.oslo_config_glue [-] database.max_retries = 10 {{(pid=105052) log_opt_values /opt/stack/data/venv/lib/python3.12/site-packages/oslo_config/cfg.py:3256}}
May 20 19:00:33.488246 np0000175408 neutron-periodic-workers[105052]: DEBUG cotyledon.oslo_config_glue [-] database.mysql_sql_mode = TRADITIONAL {{(pid=105052) log_opt_values /opt/stack/data/venv/lib/python3.12/site-packages/oslo_config/cfg.py:3256}}
May 20 19:00:33.488287 np0000175408 neutron-periodic-workers[105052]: DEBUG cotyledon.oslo_config_glue [-] database.mysql_wsrep_sync_wait = None {{(pid=105052) log_opt_values /opt/stack/data/venv/lib/python3.12/site-packages/oslo_config/cfg.py:3256}}
May 20 19:00:33.488319 np0000175408 neutron-periodic-workers[105052]: DEBUG cotyledon.oslo_config_glue [-] database.pool_timeout = None {{(pid=105052) log_opt_values /opt/stack/data/venv/lib/python3.12/site-packages/oslo_config/cfg.py:3256}}
May 20 19:00:33.488382 np0000175408 neutron-periodic-workers[105052]: DEBUG cotyledon.oslo_config_glue [-] database.retry_interval = 10 {{(pid=105052) log_opt_values /opt/stack/data/venv/lib/python3.12/site-packages/oslo_config/cfg.py:3256}}
May 20 19:00:33.488426 np0000175408 neutron-periodic-workers[105052]: DEBUG cotyledon.oslo_config_glue [-] database.slave_connection = **** {{(pid=105052) log_opt_values /opt/stack/data/venv/lib/python3.12/site-packages/oslo_config/cfg.py:3256}}
May 20 19:00:33.488484 np0000175408 neutron-periodic-workers[105052]: DEBUG cotyledon.oslo_config_glue [-] database.sqlite_synchronous = True {{(pid=105052) log_opt_values /opt/stack/data/venv/lib/python3.12/site-packages/oslo_config/cfg.py:3256}}
May 20 19:00:33.488533 np0000175408 neutron-periodic-workers[105052]: DEBUG cotyledon.oslo_config_glue [-] database.synchronous_reader = True {{(pid=105052) log_opt_values /opt/stack/data/venv/lib/python3.12/site-packages/oslo_config/cfg.py:3256}}
May 20 19:00:33.488581 np0000175408 neutron-periodic-workers[105052]: DEBUG cotyledon.oslo_config_glue [-] database.use_db_reconnect = False {{(pid=105052) log_opt_values /opt/stack/data/venv/lib/python3.12/site-packages/oslo_config/cfg.py:3256}}
May 20 19:00:33.488649 np0000175408 neutron-periodic-workers[105052]: DEBUG cotyledon.oslo_config_glue [-] ovn.bfd_min_rx = 1000 {{(pid=105052) log_opt_values /opt/stack/data/venv/lib/python3.12/site-packages/oslo_config/cfg.py:3256}}
May 20 19:00:33.488682 np0000175408 neutron-periodic-workers[105052]: DEBUG cotyledon.oslo_config_glue [-] ovn.bfd_min_tx = 100 {{(pid=105052) log_opt_values /opt/stack/data/venv/lib/python3.12/site-packages/oslo_config/cfg.py:3256}}
May 20 19:00:33.488738 np0000175408 neutron-periodic-workers[105052]: DEBUG cotyledon.oslo_config_glue [-] ovn.bfd_mult = 3 {{(pid=105052) log_opt_values /opt/stack/data/venv/lib/python3.12/site-packages/oslo_config/cfg.py:3256}}
May 20 19:00:33.488787 np0000175408 neutron-periodic-workers[105052]: DEBUG cotyledon.oslo_config_glue [-] ovn.broadcast_arps_to_all_routers = True {{(pid=105052) log_opt_values /opt/stack/data/venv/lib/python3.12/site-packages/oslo_config/cfg.py:3256}}
May 20 19:00:33.488819 np0000175408 neutron-periodic-workers[105052]: DEBUG cotyledon.oslo_config_glue [-] ovn.dhcp_default_lease_time = 43200 {{(pid=105052) log_opt_values /opt/stack/data/venv/lib/python3.12/site-packages/oslo_config/cfg.py:3256}}
May 20 19:00:33.488874 np0000175408 neutron-periodic-workers[105052]: DEBUG cotyledon.oslo_config_glue [-] ovn.disable_ovn_dhcp_for_baremetal_ports = False {{(pid=105052) log_opt_values /opt/stack/data/venv/lib/python3.12/site-packages/oslo_config/cfg.py:3256}}
May 20 19:00:33.488912 np0000175408 neutron-periodic-workers[105052]: DEBUG cotyledon.oslo_config_glue [-] ovn.dns_records_ovn_owned = False {{(pid=105052) log_opt_values /opt/stack/data/venv/lib/python3.12/site-packages/oslo_config/cfg.py:3256}}
May 20 19:00:33.488962 np0000175408 neutron-periodic-workers[105052]: DEBUG cotyledon.oslo_config_glue [-] ovn.dns_servers = [] {{(pid=105052) log_opt_values /opt/stack/data/venv/lib/python3.12/site-packages/oslo_config/cfg.py:3256}}
May 20 19:00:33.488993 np0000175408 neutron-periodic-workers[105052]: DEBUG cotyledon.oslo_config_glue [-] ovn.enable_distributed_floating_ip = False {{(pid=105052) log_opt_values /opt/stack/data/venv/lib/python3.12/site-packages/oslo_config/cfg.py:3256}}
May 20 19:00:33.489041 np0000175408 neutron-periodic-workers[105052]: DEBUG cotyledon.oslo_config_glue [-] ovn.fdb_age_threshold = 300 {{(pid=105052) log_opt_values /opt/stack/data/venv/lib/python3.12/site-packages/oslo_config/cfg.py:3256}}
May 20 19:00:33.489074 np0000175408 neutron-periodic-workers[105052]: DEBUG cotyledon.oslo_config_glue [-] ovn.ha_failover_strategy = normal {{(pid=105052) log_opt_values /opt/stack/data/venv/lib/python3.12/site-packages/oslo_config/cfg.py:3256}}
May 20 19:00:33.489115 np0000175408 neutron-periodic-workers[105052]: DEBUG cotyledon.oslo_config_glue [-] ovn.live_migration_activation_strategy = rarp {{(pid=105052) log_opt_values /opt/stack/data/venv/lib/python3.12/site-packages/oslo_config/cfg.py:3256}}
May 20 19:00:33.489147 np0000175408 neutron-periodic-workers[105052]: DEBUG cotyledon.oslo_config_glue [-] ovn.localnet_learn_fdb = False {{(pid=105052) log_opt_values /opt/stack/data/venv/lib/python3.12/site-packages/oslo_config/cfg.py:3256}}
May 20 19:00:33.489198 np0000175408 neutron-periodic-workers[105052]: DEBUG cotyledon.oslo_config_glue [-] ovn.mac_binding_age_threshold = 300 {{(pid=105052) log_opt_values /opt/stack/data/venv/lib/python3.12/site-packages/oslo_config/cfg.py:3256}}
May 20 19:00:33.489234 np0000175408 neutron-periodic-workers[105052]: DEBUG cotyledon.oslo_config_glue [-] ovn.neutron_sync_mode = log {{(pid=105052) log_opt_values /opt/stack/data/venv/lib/python3.12/site-packages/oslo_config/cfg.py:3256}}
May 20 19:00:33.489288 np0000175408 neutron-periodic-workers[105052]: DEBUG cotyledon.oslo_config_glue [-] ovn.ovn_dhcp4_global_options = {} {{(pid=105052) log_opt_values /opt/stack/data/venv/lib/python3.12/site-packages/oslo_config/cfg.py:3256}}
May 20 19:00:33.489320 np0000175408 neutron-periodic-workers[105052]: DEBUG cotyledon.oslo_config_glue [-] ovn.ovn_dhcp6_global_options = {} {{(pid=105052) log_opt_values /opt/stack/data/venv/lib/python3.12/site-packages/oslo_config/cfg.py:3256}}
May 20 19:00:33.489385 np0000175408 neutron-periodic-workers[105052]: DEBUG cotyledon.oslo_config_glue [-] ovn.ovn_l3_scheduler = leastloaded {{(pid=105052) log_opt_values /opt/stack/data/venv/lib/python3.12/site-packages/oslo_config/cfg.py:3256}}
May 20 19:00:33.489429 np0000175408 neutron-periodic-workers[105052]: DEBUG cotyledon.oslo_config_glue [-] ovn.ovn_metadata_enabled = True {{(pid=105052) log_opt_values /opt/stack/data/venv/lib/python3.12/site-packages/oslo_config/cfg.py:3256}}
May 20 19:00:33.489480 np0000175408 neutron-periodic-workers[105052]: DEBUG cotyledon.oslo_config_glue [-] ovn.ovn_nb_ca_cert = /opt/stack/data/CA/int-ca/ca-chain.pem {{(pid=105052) log_opt_values /opt/stack/data/venv/lib/python3.12/site-packages/oslo_config/cfg.py:3256}}
May 20 19:00:33.489534 np0000175408 neutron-periodic-workers[105052]: DEBUG cotyledon.oslo_config_glue [-] ovn.ovn_nb_certificate = /opt/stack/data/CA/int-ca/devstack-cert.crt {{(pid=105052) log_opt_values /opt/stack/data/venv/lib/python3.12/site-packages/oslo_config/cfg.py:3256}}
May 20 19:00:33.489582 np0000175408 neutron-periodic-workers[105052]: DEBUG cotyledon.oslo_config_glue [-] ovn.ovn_nb_connection = ['ssl:199.19.213.223:6641'] {{(pid=105052) log_opt_values /opt/stack/data/venv/lib/python3.12/site-packages/oslo_config/cfg.py:3256}}
May 20 19:00:33.489622 np0000175408 neutron-periodic-workers[105052]: DEBUG cotyledon.oslo_config_glue [-] ovn.ovn_nb_private_key = /opt/stack/data/CA/int-ca/private/devstack-cert.key {{(pid=105052) log_opt_values /opt/stack/data/venv/lib/python3.12/site-packages/oslo_config/cfg.py:3256}}
May 20 19:00:33.489658 np0000175408 neutron-periodic-workers[105052]: DEBUG cotyledon.oslo_config_glue [-] ovn.ovn_router_indirect_snat = False {{(pid=105052) log_opt_values /opt/stack/data/venv/lib/python3.12/site-packages/oslo_config/cfg.py:3256}}
May 20 19:00:33.489689 np0000175408 neutron-periodic-workers[105052]: DEBUG cotyledon.oslo_config_glue [-] ovn.ovn_sb_ca_cert = /opt/stack/data/CA/int-ca/ca-chain.pem {{(pid=105052) log_opt_values /opt/stack/data/venv/lib/python3.12/site-packages/oslo_config/cfg.py:3256}}
May 20 19:00:33.489722 np0000175408 neutron-periodic-workers[105052]: DEBUG cotyledon.oslo_config_glue [-] ovn.ovn_sb_certificate = /opt/stack/data/CA/int-ca/devstack-cert.crt {{(pid=105052) log_opt_values /opt/stack/data/venv/lib/python3.12/site-packages/oslo_config/cfg.py:3256}}
May 20 19:00:33.489772 np0000175408 neutron-periodic-workers[105052]: DEBUG cotyledon.oslo_config_glue [-] ovn.ovn_sb_connection = ['ssl:199.19.213.223:6642'] {{(pid=105052) log_opt_values /opt/stack/data/venv/lib/python3.12/site-packages/oslo_config/cfg.py:3256}}
May 20 19:00:33.489805 np0000175408 neutron-periodic-workers[105052]: DEBUG cotyledon.oslo_config_glue [-] ovn.ovn_sb_private_key = /opt/stack/data/CA/int-ca/private/devstack-cert.key {{(pid=105052) log_opt_values /opt/stack/data/venv/lib/python3.12/site-packages/oslo_config/cfg.py:3256}}
May 20 19:00:33.489853 np0000175408 neutron-periodic-workers[105052]: DEBUG cotyledon.oslo_config_glue [-] ovn.ovs_create_tap = False {{(pid=105052) log_opt_values /opt/stack/data/venv/lib/python3.12/site-packages/oslo_config/cfg.py:3256}}
May 20 19:00:33.489887 np0000175408 neutron-periodic-workers[105052]: DEBUG cotyledon.oslo_config_glue [-] ovn.ovsdb_connection_timeout = 180 {{(pid=105052) log_opt_values /opt/stack/data/venv/lib/python3.12/site-packages/oslo_config/cfg.py:3256}}
May 20 19:00:33.489935 np0000175408 neutron-periodic-workers[105052]: DEBUG cotyledon.oslo_config_glue [-] ovn.ovsdb_log_level = INFO {{(pid=105052) log_opt_values /opt/stack/data/venv/lib/python3.12/site-packages/oslo_config/cfg.py:3256}}
May 20 19:00:33.489967 np0000175408 neutron-periodic-workers[105052]: DEBUG cotyledon.oslo_config_glue [-] ovn.ovsdb_probe_interval = 60000 {{(pid=105052) log_opt_values /opt/stack/data/venv/lib/python3.12/site-packages/oslo_config/cfg.py:3256}}
May 20 19:00:33.490007 np0000175408 neutron-periodic-workers[105052]: DEBUG cotyledon.oslo_config_glue [-] ovn.ovsdb_retry_max_interval = 180 {{(pid=105052) log_opt_values /opt/stack/data/venv/lib/python3.12/site-packages/oslo_config/cfg.py:3256}}
May 20 19:00:33.490049 np0000175408 neutron-periodic-workers[105052]: DEBUG cotyledon.oslo_config_glue [-] ovn.stateless_nat_enabled = False {{(pid=105052) log_opt_values /opt/stack/data/venv/lib/python3.12/site-packages/oslo_config/cfg.py:3256}}
May 20 19:00:33.490099 np0000175408 neutron-periodic-workers[105052]: DEBUG cotyledon.oslo_config_glue [-] ovn.vhost_sock_dir = /var/run/openvswitch {{(pid=105052) log_opt_values /opt/stack/data/venv/lib/python3.12/site-packages/oslo_config/cfg.py:3256}}
May 20 19:00:33.490154 np0000175408 neutron-periodic-workers[105052]: DEBUG cotyledon.oslo_config_glue [-] OVS.bridge_mac_table_size = 50000 {{(pid=105052) log_opt_values /opt/stack/data/venv/lib/python3.12/site-packages/oslo_config/cfg.py:3256}}
May 20 19:00:33.490218 np0000175408 neutron-periodic-workers[105052]: DEBUG cotyledon.oslo_config_glue [-] OVS.igmp_flood = False {{(pid=105052) log_opt_values /opt/stack/data/venv/lib/python3.12/site-packages/oslo_config/cfg.py:3256}}
May 20 19:00:33.490276 np0000175408 neutron-periodic-workers[105052]: DEBUG cotyledon.oslo_config_glue [-] OVS.igmp_flood_reports = True {{(pid=105052) log_opt_values /opt/stack/data/venv/lib/python3.12/site-packages/oslo_config/cfg.py:3256}}
May 20 19:00:33.490325 np0000175408 neutron-periodic-workers[105052]: DEBUG cotyledon.oslo_config_glue [-] OVS.igmp_flood_unregistered = False {{(pid=105052) log_opt_values /opt/stack/data/venv/lib/python3.12/site-packages/oslo_config/cfg.py:3256}}
May 20 19:00:33.490381 np0000175408 neutron-periodic-workers[105052]: DEBUG cotyledon.oslo_config_glue [-] OVS.igmp_snooping_enable = False {{(pid=105052) log_opt_values /opt/stack/data/venv/lib/python3.12/site-packages/oslo_config/cfg.py:3256}}
May 20 19:00:33.490433 np0000175408 neutron-periodic-workers[105052]: DEBUG cotyledon.oslo_config_glue [-] OVS.ovsdb_timeout = 10 {{(pid=105052) log_opt_values /opt/stack/data/venv/lib/python3.12/site-packages/oslo_config/cfg.py:3256}}
May 20 19:00:33.490486 np0000175408 neutron-periodic-workers[105052]: DEBUG cotyledon.oslo_config_glue [-] ovn_nb_global.fdb_removal_limit = 0 {{(pid=105052) log_opt_values /opt/stack/data/venv/lib/python3.12/site-packages/oslo_config/cfg.py:3256}}
May 20 19:00:33.490536 np0000175408 neutron-periodic-workers[105052]: DEBUG cotyledon.oslo_config_glue [-] ovn_nb_global.ignore_lsp_down = False {{(pid=105052) log_opt_values /opt/stack/data/venv/lib/python3.12/site-packages/oslo_config/cfg.py:3256}}
May 20 19:00:33.490584 np0000175408 neutron-periodic-workers[105052]: DEBUG cotyledon.oslo_config_glue [-] ovn_nb_global.mac_binding_removal_limit = 0 {{(pid=105052) log_opt_values /opt/stack/data/venv/lib/python3.12/site-packages/oslo_config/cfg.py:3256}}
May 20 19:00:33.490625 np0000175408 neutron-periodic-workers[105052]: DEBUG cotyledon.oslo_config_glue [-] ******************************************************************************** {{(pid=105052) log_opt_values /opt/stack/data/venv/lib/python3.12/site-packages/oslo_config/cfg.py:3263}}
May 20 19:00:33.490792 np0000175408 neutron-periodic-workers[105052]: DEBUG cotyledon._service_worker [-] Run service ServiceWrapper(0) [105052] {{(pid=105052) wait_forever /opt/stack/data/venv/lib/python3.12/site-packages/cotyledon/_service_worker.py:218}}
May 20 19:00:43.135333 np0000175408 neutron-periodic-workers[104309]: DEBUG dbcounter [-] [104309] Writing DB stats neutron:SELECT=4 {{(pid=104309) stat_writer /opt/stack/data/venv/lib/python3.12/site-packages/dbcounter.py:115}}
May 20 19:01:17.464552 np0000175408 neutron-periodic-workers[105033]: DEBUG oslo_db.sqlalchemy.engines [None req-439c4004-8cbd-4bee-b1bc-5ef1d8e8173c None None] Parent process 104309 forked (105033) with an open database connection, which is being discarded and recreated. {{(pid=105033) checkout /opt/stack/data/venv/lib/python3.12/site-packages/oslo_db/sqlalchemy/engines.py:402}}
May 20 19:01:17.472842 np0000175408 neutron-periodic-workers[105033]: DEBUG dbcounter [-] [105033] Writer thread running {{(pid=105033) stat_writer /opt/stack/data/venv/lib/python3.12/site-packages/dbcounter.py:102}}
May 20 19:01:17.482855 np0000175408 neutron-periodic-workers[105033]: DEBUG oslo.service.backend._threading.loopingcall [None req-439c4004-8cbd-4bee-b1bc-5ef1d8e8173c None None] Fixed interval looping call 'neutron.plugins.ml2.plugin.DhcpAgentSchedulerDbMixin.remove_networks_from_down_agents' sleeping for 36.97 seconds {{(pid=105033) _run_loop /opt/stack/data/venv/lib/python3.12/site-packages/oslo_service/backend/_threading/loopingcall.py:125}}
May 20 19:01:20.493820 np0000175408 neutron-periodic-workers[105043]: DEBUG dbcounter [-] [105043] Writer thread running {{(pid=105043) stat_writer /opt/stack/data/venv/lib/python3.12/site-packages/dbcounter.py:102}}
May 20 19:01:20.497790 np0000175408 neutron-periodic-workers[105043]: DEBUG neutron.db.agents_db [None req-6dddfeaf-6fcd-4041-8a3b-ada89d969d62 None None] Agent healthcheck: found 0 active agents {{(pid=105043) agent_health_check /opt/stack/neutron/neutron/db/agents_db.py:322}}
May 20 19:01:20.498017 np0000175408 neutron-periodic-workers[105043]: DEBUG oslo.service.backend._threading.loopingcall [None req-6dddfeaf-6fcd-4041-8a3b-ada89d969d62 None None] Fixed interval looping call 'neutron.plugins.ml2.plugin.AgentDbMixin.agent_health_check' sleeping for 36.98 seconds {{(pid=105043) _run_loop /opt/stack/data/venv/lib/python3.12/site-packages/oslo_service/backend/_threading/loopingcall.py:125}}
May 20 19:01:27.485017 np0000175408 neutron-periodic-workers[105033]: DEBUG dbcounter [-] [105033] Writing DB stats neutron:SELECT=3 {{(pid=105033) stat_writer /opt/stack/data/venv/lib/python3.12/site-packages/dbcounter.py:115}}
May 20 19:01:30.496553 np0000175408 neutron-periodic-workers[105043]: DEBUG dbcounter [-] [105043] Writing DB stats neutron:SELECT=1 {{(pid=105043) stat_writer /opt/stack/data/venv/lib/python3.12/site-packages/dbcounter.py:115}}
May 20 19:01:48.482707 np0000175408 neutron-periodic-workers[105026]: DEBUG dbcounter [-] [105026] Writer thread running {{(pid=105026) stat_writer /opt/stack/data/venv/lib/python3.12/site-packages/dbcounter.py:102}}
May 20 19:01:48.493835 np0000175408 neutron-periodic-workers[105026]: DEBUG oslo.service.backend._threading.loopingcall [None req-e0282a26-ec8b-4936-8a10-f23d5542f9a0 None None] Fixed interval looping call 'neutron.services.ovn_l3.plugin.L3_NAT_dbonly_mixin._clean_garbage' sleeping for 299.94 seconds {{(pid=105026) _run_loop /opt/stack/data/venv/lib/python3.12/site-packages/oslo_service/backend/_threading/loopingcall.py:125}}
May 20 19:01:54.464510 np0000175408 neutron-periodic-workers[105033]: DEBUG oslo.service.backend._threading.loopingcall [None req-439c4004-8cbd-4bee-b1bc-5ef1d8e8173c None None] Fixed interval looping call 'neutron.plugins.ml2.plugin.DhcpAgentSchedulerDbMixin.remove_networks_from_down_agents' sleeping for 36.99 seconds {{(pid=105033) _run_loop /opt/stack/data/venv/lib/python3.12/site-packages/oslo_service/backend/_threading/loopingcall.py:125}}
May 20 19:01:57.484534 np0000175408 neutron-periodic-workers[105043]: DEBUG neutron.db.agents_db [None req-6dddfeaf-6fcd-4041-8a3b-ada89d969d62 None None] Agent healthcheck: found 0 active agents {{(pid=105043) agent_health_check /opt/stack/neutron/neutron/db/agents_db.py:322}}
May 20 19:01:57.484534 np0000175408 neutron-periodic-workers[105043]: DEBUG oslo.service.backend._threading.loopingcall [None req-6dddfeaf-6fcd-4041-8a3b-ada89d969d62 None None] Fixed interval looping call 'neutron.plugins.ml2.plugin.AgentDbMixin.agent_health_check' sleeping for 36.99 seconds {{(pid=105043) _run_loop /opt/stack/data/venv/lib/python3.12/site-packages/oslo_service/backend/_threading/loopingcall.py:125}}
May 20 19:01:58.483457 np0000175408 neutron-periodic-workers[105026]: DEBUG dbcounter [-] [105026] Writing DB stats neutron:SELECT=1 {{(pid=105026) stat_writer /opt/stack/data/venv/lib/python3.12/site-packages/dbcounter.py:115}}
May 20 19:02:04.464595 np0000175408 neutron-periodic-workers[105033]: DEBUG dbcounter [-] [105033] Writing DB stats neutron:SELECT=3 {{(pid=105033) stat_writer /opt/stack/data/venv/lib/python3.12/site-packages/dbcounter.py:115}}
May 20 19:02:07.482658 np0000175408 neutron-periodic-workers[105043]: DEBUG dbcounter [-] [105043] Writing DB stats neutron:SELECT=1 {{(pid=105043) stat_writer /opt/stack/data/venv/lib/python3.12/site-packages/dbcounter.py:115}}
May 20 19:02:31.465714 np0000175408 neutron-periodic-workers[105033]: DEBUG oslo.service.backend._threading.loopingcall [None req-439c4004-8cbd-4bee-b1bc-5ef1d8e8173c None None] Fixed interval looping call 'neutron.plugins.ml2.plugin.DhcpAgentSchedulerDbMixin.remove_networks_from_down_agents' sleeping for 36.99 seconds {{(pid=105033) _run_loop /opt/stack/data/venv/lib/python3.12/site-packages/oslo_service/backend/_threading/loopingcall.py:125}}
May 20 19:02:33.505141 np0000175408 neutron-periodic-workers[105052]: DEBUG dbcounter [-] [105052] Writer thread running {{(pid=105052) stat_writer /opt/stack/data/venv/lib/python3.12/site-packages/dbcounter.py:102}}
May 20 19:02:33.506803 np0000175408 neutron-periodic-workers[105052]: DEBUG oslo.service.backend._threading.loopingcall [None req-876d3a05-2e27-4417-8dfd-311a6d284461 None None] Fixed interval looping call 'neutron.db.quota.driver_nolock.DbQuotaNoLockDriver._remove_expired_reservations' sleeping for 119.99 seconds {{(pid=105052) _run_loop /opt/stack/data/venv/lib/python3.12/site-packages/oslo_service/backend/_threading/loopingcall.py:125}}
May 20 19:02:34.480881 np0000175408 neutron-periodic-workers[105043]: DEBUG neutron.db.agents_db [None req-6dddfeaf-6fcd-4041-8a3b-ada89d969d62 None None] Agent healthcheck: found 0 active agents {{(pid=105043) agent_health_check /opt/stack/neutron/neutron/db/agents_db.py:322}}
May 20 19:02:34.481741 np0000175408 neutron-periodic-workers[105043]: DEBUG oslo.service.backend._threading.loopingcall [None req-6dddfeaf-6fcd-4041-8a3b-ada89d969d62 None None] Fixed interval looping call 'neutron.plugins.ml2.plugin.AgentDbMixin.agent_health_check' sleeping for 36.99 seconds {{(pid=105043) _run_loop /opt/stack/data/venv/lib/python3.12/site-packages/oslo_service/backend/_threading/loopingcall.py:125}}
May 20 19:02:41.464483 np0000175408 neutron-periodic-workers[105033]: DEBUG dbcounter [-] [105033] Writing DB stats neutron:SELECT=3 {{(pid=105033) stat_writer /opt/stack/data/venv/lib/python3.12/site-packages/dbcounter.py:115}}
May 20 19:02:43.505956 np0000175408 neutron-periodic-workers[105052]: DEBUG dbcounter [-] [105052] Writing DB stats neutron:DELETE=1 {{(pid=105052) stat_writer /opt/stack/data/venv/lib/python3.12/site-packages/dbcounter.py:115}}
May 20 19:02:44.479099 np0000175408 neutron-periodic-workers[105043]: DEBUG dbcounter [-] [105043] Writing DB stats neutron:SELECT=1 {{(pid=105043) stat_writer /opt/stack/data/venv/lib/python3.12/site-packages/dbcounter.py:115}}
May 20 19:03:08.466462 np0000175408 neutron-periodic-workers[105033]: DEBUG oslo.service.backend._threading.loopingcall [None req-439c4004-8cbd-4bee-b1bc-5ef1d8e8173c None None] Fixed interval looping call 'neutron.plugins.ml2.plugin.DhcpAgentSchedulerDbMixin.remove_networks_from_down_agents' sleeping for 36.99 seconds {{(pid=105033) _run_loop /opt/stack/data/venv/lib/python3.12/site-packages/oslo_service/backend/_threading/loopingcall.py:125}}
May 20 19:03:11.476681 np0000175408 neutron-periodic-workers[105043]: DEBUG neutron.db.agents_db [None req-6dddfeaf-6fcd-4041-8a3b-ada89d969d62 None None] Agent healthcheck: found 0 active agents {{(pid=105043) agent_health_check /opt/stack/neutron/neutron/db/agents_db.py:322}}
May 20 19:03:11.477422 np0000175408 neutron-periodic-workers[105043]: DEBUG oslo.service.backend._threading.loopingcall [None req-6dddfeaf-6fcd-4041-8a3b-ada89d969d62 None None] Fixed interval looping call 'neutron.plugins.ml2.plugin.AgentDbMixin.agent_health_check' sleeping for 36.99 seconds {{(pid=105043) _run_loop /opt/stack/data/venv/lib/python3.12/site-packages/oslo_service/backend/_threading/loopingcall.py:125}}
May 20 19:03:18.465787 np0000175408 neutron-periodic-workers[105033]: DEBUG dbcounter [-] [105033] Writing DB stats neutron:SELECT=3 {{(pid=105033) stat_writer /opt/stack/data/venv/lib/python3.12/site-packages/dbcounter.py:115}}
May 20 19:03:21.475172 np0000175408 neutron-periodic-workers[105043]: DEBUG dbcounter [-] [105043] Writing DB stats neutron:SELECT=1 {{(pid=105043) stat_writer /opt/stack/data/venv/lib/python3.12/site-packages/dbcounter.py:115}}
May 20 19:03:45.467497 np0000175408 neutron-periodic-workers[105033]: DEBUG oslo.service.backend._threading.loopingcall [None req-439c4004-8cbd-4bee-b1bc-5ef1d8e8173c None None] Fixed interval looping call 'neutron.plugins.ml2.plugin.DhcpAgentSchedulerDbMixin.remove_networks_from_down_agents' sleeping for 36.99 seconds {{(pid=105033) _run_loop /opt/stack/data/venv/lib/python3.12/site-packages/oslo_service/backend/_threading/loopingcall.py:125}}
May 20 19:03:48.472178 np0000175408 neutron-periodic-workers[105043]: DEBUG neutron.db.agents_db [None req-6dddfeaf-6fcd-4041-8a3b-ada89d969d62 None None] Agent healthcheck: found 0 active agents {{(pid=105043) agent_health_check /opt/stack/neutron/neutron/db/agents_db.py:322}}
May 20 19:03:48.472974 np0000175408 neutron-periodic-workers[105043]: DEBUG oslo.service.backend._threading.loopingcall [None req-6dddfeaf-6fcd-4041-8a3b-ada89d969d62 None None] Fixed interval looping call 'neutron.plugins.ml2.plugin.AgentDbMixin.agent_health_check' sleeping for 36.99 seconds {{(pid=105043) _run_loop /opt/stack/data/venv/lib/python3.12/site-packages/oslo_service/backend/_threading/loopingcall.py:125}}
May 20 19:03:55.470802 np0000175408 neutron-periodic-workers[105033]: DEBUG dbcounter [-] [105033] Writing DB stats neutron:SELECT=3 {{(pid=105033) stat_writer /opt/stack/data/venv/lib/python3.12/site-packages/dbcounter.py:115}}
May 20 19:03:58.470829 np0000175408 neutron-periodic-workers[105043]: DEBUG dbcounter [-] [105043] Writing DB stats neutron:SELECT=1 {{(pid=105043) stat_writer /opt/stack/data/venv/lib/python3.12/site-packages/dbcounter.py:115}}
May 20 19:04:22.468117 np0000175408 neutron-periodic-workers[105033]: DEBUG oslo.service.backend._threading.loopingcall [None req-439c4004-8cbd-4bee-b1bc-5ef1d8e8173c None None] Fixed interval looping call 'neutron.plugins.ml2.plugin.DhcpAgentSchedulerDbMixin.remove_networks_from_down_agents' sleeping for 36.99 seconds {{(pid=105033) _run_loop /opt/stack/data/venv/lib/python3.12/site-packages/oslo_service/backend/_threading/loopingcall.py:125}}
May 20 19:04:25.467617 np0000175408 neutron-periodic-workers[105043]: DEBUG neutron.db.agents_db [None req-6dddfeaf-6fcd-4041-8a3b-ada89d969d62 None None] Agent healthcheck: found 0 active agents {{(pid=105043) agent_health_check /opt/stack/neutron/neutron/db/agents_db.py:322}}
May 20 19:04:25.468425 np0000175408 neutron-periodic-workers[105043]: DEBUG oslo.service.backend._threading.loopingcall [None req-6dddfeaf-6fcd-4041-8a3b-ada89d969d62 None None] Fixed interval looping call 'neutron.plugins.ml2.plugin.AgentDbMixin.agent_health_check' sleeping for 36.99 seconds {{(pid=105043) _run_loop /opt/stack/data/venv/lib/python3.12/site-packages/oslo_service/backend/_threading/loopingcall.py:125}}
May 20 19:04:32.466517 np0000175408 neutron-periodic-workers[105033]: DEBUG dbcounter [-] [105033] Writing DB stats neutron:SELECT=3 {{(pid=105033) stat_writer /opt/stack/data/venv/lib/python3.12/site-packages/dbcounter.py:115}}
May 20 19:04:33.505507 np0000175408 neutron-periodic-workers[105052]: DEBUG oslo.service.backend._threading.loopingcall [None req-876d3a05-2e27-4417-8dfd-311a6d284461 None None] Fixed interval looping call 'neutron.db.quota.driver_nolock.DbQuotaNoLockDriver._remove_expired_reservations' sleeping for 119.99 seconds {{(pid=105052) _run_loop /opt/stack/data/venv/lib/python3.12/site-packages/oslo_service/backend/_threading/loopingcall.py:125}}
May 20 19:04:35.466587 np0000175408 neutron-periodic-workers[105043]: DEBUG dbcounter [-] [105043] Writing DB stats neutron:SELECT=1 {{(pid=105043) stat_writer /opt/stack/data/venv/lib/python3.12/site-packages/dbcounter.py:115}}
May 20 19:04:43.503058 np0000175408 neutron-periodic-workers[105052]: DEBUG dbcounter [-] [105052] Writing DB stats neutron:DELETE=1 {{(pid=105052) stat_writer /opt/stack/data/venv/lib/python3.12/site-packages/dbcounter.py:115}}
May 20 19:04:59.470862 np0000175408 neutron-periodic-workers[105033]: DEBUG oslo.service.backend._threading.loopingcall [None req-439c4004-8cbd-4bee-b1bc-5ef1d8e8173c None None] Fixed interval looping call 'neutron.plugins.ml2.plugin.DhcpAgentSchedulerDbMixin.remove_networks_from_down_agents' sleeping for 36.99 seconds {{(pid=105033) _run_loop /opt/stack/data/venv/lib/python3.12/site-packages/oslo_service/backend/_threading/loopingcall.py:125}}
May 20 19:05:02.463754 np0000175408 neutron-periodic-workers[105043]: DEBUG neutron.db.agents_db [None req-6dddfeaf-6fcd-4041-8a3b-ada89d969d62 None None] Agent healthcheck: found 0 active agents {{(pid=105043) agent_health_check /opt/stack/neutron/neutron/db/agents_db.py:322}}
May 20 19:05:02.464237 np0000175408 neutron-periodic-workers[105043]: DEBUG oslo.service.backend._threading.loopingcall [None req-6dddfeaf-6fcd-4041-8a3b-ada89d969d62 None None] Fixed interval looping call 'neutron.plugins.ml2.plugin.AgentDbMixin.agent_health_check' sleeping for 36.99 seconds {{(pid=105043) _run_loop /opt/stack/data/venv/lib/python3.12/site-packages/oslo_service/backend/_threading/loopingcall.py:125}}
May 20 19:05:09.469682 np0000175408 neutron-periodic-workers[105033]: DEBUG dbcounter [-] [105033] Writing DB stats neutron:SELECT=3 {{(pid=105033) stat_writer /opt/stack/data/venv/lib/python3.12/site-packages/dbcounter.py:115}}
May 20 19:05:12.462187 np0000175408 neutron-periodic-workers[105043]: DEBUG dbcounter [-] [105043] Writing DB stats neutron:SELECT=1 {{(pid=105043) stat_writer /opt/stack/data/venv/lib/python3.12/site-packages/dbcounter.py:115}}
May 20 19:05:36.471717 np0000175408 neutron-periodic-workers[105033]: DEBUG oslo.service.backend._threading.loopingcall [None req-439c4004-8cbd-4bee-b1bc-5ef1d8e8173c None None] Fixed interval looping call 'neutron.plugins.ml2.plugin.DhcpAgentSchedulerDbMixin.remove_networks_from_down_agents' sleeping for 36.99 seconds {{(pid=105033) _run_loop /opt/stack/data/venv/lib/python3.12/site-packages/oslo_service/backend/_threading/loopingcall.py:125}}
May 20 19:05:39.459390 np0000175408 neutron-periodic-workers[105043]: DEBUG neutron.db.agents_db [None req-6dddfeaf-6fcd-4041-8a3b-ada89d969d62 None None] Agent healthcheck: found 0 active agents {{(pid=105043) agent_health_check /opt/stack/neutron/neutron/db/agents_db.py:322}}
May 20 19:05:39.460253 np0000175408 neutron-periodic-workers[105043]: DEBUG oslo.service.backend._threading.loopingcall [None req-6dddfeaf-6fcd-4041-8a3b-ada89d969d62 None None] Fixed interval looping call 'neutron.plugins.ml2.plugin.AgentDbMixin.agent_health_check' sleeping for 36.99 seconds {{(pid=105043) _run_loop /opt/stack/data/venv/lib/python3.12/site-packages/oslo_service/backend/_threading/loopingcall.py:125}}
May 20 19:05:46.467416 np0000175408 neutron-periodic-workers[105033]: DEBUG dbcounter [-] [105033] Writing DB stats neutron:SELECT=3 {{(pid=105033) stat_writer /opt/stack/data/venv/lib/python3.12/site-packages/dbcounter.py:115}}
May 20 19:05:49.457977 np0000175408 neutron-periodic-workers[105043]: DEBUG dbcounter [-] [105043] Writing DB stats neutron:SELECT=1 {{(pid=105043) stat_writer /opt/stack/data/venv/lib/python3.12/site-packages/dbcounter.py:115}}