2026-06-10 11:37:54.684 8 INFO neutron.db.ovn_revision_numbers_db [None req-5a045a23-4bdd-41fe-97a3-41c6d727da8b - - - - - -] Successfully bumped revision number for resource cbab8764-256d-4ded-898d-12fa3e3ad708 (type: router_ports) to 2
2026-06-10 11:37:54.685 8 INFO neutron.plugins.ml2.drivers.ovn.mech_driver.mech_driver [None req-5a045a23-4bdd-41fe-97a3-41c6d727da8b - - - - - -] OVN reports status up for port: ddde6917-2e4d-4cfb-9d2e-eeca4c0648f8
2026-06-10 11:37:54.711 7 INFO neutron.db.ovn_revision_numbers_db [None req-5388d60a-45c2-4cf5-97aa-d64eeaa0313a - - - - - -] Successfully bumped revision number for resource d89e63ac-0b03-4f85-80a5-66b8e0ac82b6 (type: router_ports) to 2
2026-06-10 11:37:54.712 7 INFO neutron.plugins.ml2.drivers.ovn.mech_driver.mech_driver [None req-5388d60a-45c2-4cf5-97aa-d64eeaa0313a - - - - - -] OVN reports status down for port: 11599689-8d70-4f12-abff-c27291488e5e
2026-06-10 11:37:54.725 7 INFO neutron.plugins.ml2.drivers.ovn.mech_driver.mech_driver [None req-5388d60a-45c2-4cf5-97aa-d64eeaa0313a - - - - - -] OVN reports status down for port: 82524745-c250-4df4-ba81-7b3d5c723d81
2026-06-10 11:37:54.743 7 INFO neutron.plugins.ml2.drivers.ovn.mech_driver.mech_driver [None req-5388d60a-45c2-4cf5-97aa-d64eeaa0313a - - - - - -] OVN reports status down for port: ed07ada6-9c7a-4b89-bddd-3c3275cb62fd
2026-06-10 11:37:54.760 8 INFO neutron.plugins.ml2.plugin [None req-5a045a23-4bdd-41fe-97a3-41c6d727da8b - - - - - -] Attempt 1 to provision port ddde6917-2e4d-4cfb-9d2e-eeca4c0648f8
2026-06-10 11:37:55.062 8 INFO neutron.services.segments.plugin [-] Segment 5dd756ea-e93c-41bf-95c7-509e4244fca7 resource provider aggregate not found
2026-06-10 11:37:55.071 8 INFO neutron.services.segments.plugin [-] Segment 5dd756ea-e93c-41bf-95c7-509e4244fca7 resource provider aggregate not found
2026-06-10 11:37:55.091 8 INFO neutron.services.segments.plugin [-] Segment 5dd756ea-e93c-41bf-95c7-509e4244fca7 resource provider not found; error: Placement Client Error (4xx): {"errors": [{"status": 404, "title": "Not Found", "detail": "The resource could not be found.\n\n No resource provider with uuid 5dd756ea-e93c-41bf-95c7-509e4244fca7 found for delete ", "request_id": "req-d950bf26-f944-4eea-baed-bc01d8c7badc"}]}
2026-06-10 11:37:55.094 8 INFO neutron.services.segments.plugin [-] Segment 5dd756ea-e93c-41bf-95c7-509e4244fca7 resource provider not found; error: Placement Client Error (4xx): {"errors": [{"status": 404, "title": "Not Found", "detail": "The resource could not be found.\n\n No resource provider with uuid 5dd756ea-e93c-41bf-95c7-509e4244fca7 found for delete ", "request_id": "req-5a6c1998-933c-47cd-8593-e3dc69434f54"}]} [pid: 8|app: 0|req: 386/761] 10.0.0.143 () {32 vars in 725 bytes} [Wed Jun 10 11:37:54 2026] DELETE /v2.0/networks/dc67b2ce-5511-4ab7-ba92-bcd93a87350f => generated 0 bytes in 740 msecs (HTTP/1.1 204) 3 headers in 131 bytes (1 switches on core 0)
2026-06-10 11:37:55.264 7 INFO neutron.db.ovn_revision_numbers_db [None req-11eff589-6c26-4e87-afa1-a9c1c3cd8c72 b22ec18b8d2049d088e5b8d0d7b3c8e4 1bb3d7d03fbb448a86354ef77f641021 - - default default] Successfully bumped revision number for resource 537f8b02-bf2f-4785-a534-b50b8cf461e3 (type: security_groups) to 1
2026-06-10 11:37:55.277 7 INFO neutron.db.ovn_revision_numbers_db [None req-11eff589-6c26-4e87-afa1-a9c1c3cd8c72 b22ec18b8d2049d088e5b8d0d7b3c8e4 1bb3d7d03fbb448a86354ef77f641021 - - default default] Successfully bumped revision number for resource 1c89ab84-c32e-4d32-a2d1-f0f8f85daef9 (type: security_group_rules) to 0
2026-06-10 11:37:55.294 7 INFO neutron.db.ovn_revision_numbers_db [None req-11eff589-6c26-4e87-afa1-a9c1c3cd8c72 b22ec18b8d2049d088e5b8d0d7b3c8e4 1bb3d7d03fbb448a86354ef77f641021 - - default default] Successfully bumped revision number for resource 66b09814-1461-4a5a-9b91-c197b018d5b3 (type: security_group_rules) to 0
2026-06-10 11:37:55.308 7 INFO neutron.db.ovn_revision_numbers_db [None req-11eff589-6c26-4e87-afa1-a9c1c3cd8c72 b22ec18b8d2049d088e5b8d0d7b3c8e4 1bb3d7d03fbb448a86354ef77f641021 - - default default] Successfully bumped revision number for resource 8199aff8-2afb-412f-8fa4-4768ac297212 (type: security_group_rules) to 0
2026-06-10 11:37:55.327 7 INFO neutron.db.ovn_revision_numbers_db [None req-11eff589-6c26-4e87-afa1-a9c1c3cd8c72 b22ec18b8d2049d088e5b8d0d7b3c8e4 1bb3d7d03fbb448a86354ef77f641021 - - default default] Successfully bumped revision number for resource 915435ba-cfab-464f-8db5-cbfff555404e (type: security_group_rules) to 0
2026-06-10 11:37:55.397 8 INFO neutron_taas.services.taas.taas_plugin [None req-8c561009-7651-4baf-b59d-f20533929175 fb1caf1981804e328ccaf6b735449dfb 2f195d145d1b4267b1ac5443d6cf0c49 - - default default] TaaS: Handle Delete Port: b0d7204d-65be-4230-94f2-a9cf3c1b9ebc
2026-06-10 11:37:55.400 8 INFO neutron.db.ovn_revision_numbers_db [None req-5a045a23-4bdd-41fe-97a3-41c6d727da8b - - - - - -] Successfully bumped revision number for resource ddde6917-2e4d-4cfb-9d2e-eeca4c0648f8 (type: ports) to 7
2026-06-10 11:37:55.401 8 INFO neutron_taas.services.taas.tap_mirror_plugin [None req-8c561009-7651-4baf-b59d-f20533929175 fb1caf1981804e328ccaf6b735449dfb 2f195d145d1b4267b1ac5443d6cf0c49 - - default default] Tap Mirror: Handle Delete Port: b0d7204d-65be-4230-94f2-a9cf3c1b9ebc
2026-06-10 11:37:55.409 7 INFO neutron.db.segments_db [None req-11eff589-6c26-4e87-afa1-a9c1c3cd8c72 b22ec18b8d2049d088e5b8d0d7b3c8e4 1bb3d7d03fbb448a86354ef77f641021 - - default default] Added segment bce885e7-ed72-4cad-98d8-4ed0936e02cf of type geneve for network 5bf995f6-0506-40c8-91e3-b806fa565478
2026-06-10 11:37:55.517 7 INFO neutron.db.ovn_revision_numbers_db [None req-11eff589-6c26-4e87-afa1-a9c1c3cd8c72 b22ec18b8d2049d088e5b8d0d7b3c8e4 1bb3d7d03fbb448a86354ef77f641021 - - default default] Successfully bumped revision number for resource 5bf995f6-0506-40c8-91e3-b806fa565478 (type: networks) to 1
2026-06-10 11:37:55.668 8 INFO neutron.plugins.ml2.drivers.ovn.mech_driver.mech_driver [None req-6e04d2b5-2c83-4cda-8d56-37a1fbe95932 - - - - - -] OVN reports status down for port: 5de1a804-a401-42d0-b65d-8f8d5b726488
2026-06-10 11:37:55.681 7 WARNING neutron.scheduler.dhcp_agent_scheduler [None req-11eff589-6c26-4e87-afa1-a9c1c3cd8c72 b22ec18b8d2049d088e5b8d0d7b3c8e4 1bb3d7d03fbb448a86354ef77f641021 - - default default] No more DHCP agents
2026-06-10 11:37:55.683 7 WARNING neutron.api.rpc.agentnotifiers.dhcp_rpc_agent_api [None req-11eff589-6c26-4e87-afa1-a9c1c3cd8c72 b22ec18b8d2049d088e5b8d0d7b3c8e4 1bb3d7d03fbb448a86354ef77f641021 - - default default] Unable to schedule network 5bf995f6-0506-40c8-91e3-b806fa565478: no agents available; will retry on subsequent port and subnet creation events.
2026-06-10 11:37:55.768 7 INFO neutron.db.ovn_revision_numbers_db [None req-11eff589-6c26-4e87-afa1-a9c1c3cd8c72 b22ec18b8d2049d088e5b8d0d7b3c8e4 1bb3d7d03fbb448a86354ef77f641021 - - default default] Successfully bumped revision number for resource 5434e9d7-6876-46e6-80bc-ad436390e940 (type: ports) to 1 [pid: 7|app: 0|req: 376/762] 10.0.0.143 () {34 vars in 669 bytes} [Wed Jun 10 11:37:54 2026] POST /v2.0/networks => generated 664 bytes in 870 msecs (HTTP/1.1 201) 4 headers in 162 bytes (1 switches on core 0) [pid: 7|app: 0|req: 377/763] 10.0.0.140 () {34 vars in 989 bytes} [Wed Jun 10 11:37:55 2026] GET /v2.0/ports?device_id=feb1b264-0f75-428d-a8db-fcffa8f48c5a => generated 12 bytes in 47 msecs (HTTP/1.1 200) 4 headers in 156 bytes (1 switches on core 0) [pid: 8|app: 0|req: 387/764] 10.0.0.143 () {32 vars in 725 bytes} [Wed Jun 10 11:37:55 2026] DELETE /v2.0/networks/c7b2ce64-014e-4959-88f4-27cc700fb3a4 => generated 0 bytes in 707 msecs (HTTP/1.1 204) 3 headers in 131 bytes (1 switches on core 0)
2026-06-10 11:37:55.867 8 INFO neutron.plugins.ml2.drivers.ovn.mech_driver.mech_driver [None req-6e04d2b5-2c83-4cda-8d56-37a1fbe95932 - - - - - -] OVN reports status down for port: b0d7204d-65be-4230-94f2-a9cf3c1b9ebc [pid: 7|app: 0|req: 378/765] 10.0.0.140 () {34 vars in 1097 bytes} [Wed Jun 10 11:37:55 2026] GET /v2.0/security-groups?name=tempest-securitygroup--402093960&fields=id&tenant_id=c1fa5d4b30c84d7c9e420c4026898109 => generated 69 bytes in 25 msecs (HTTP/1.1 200) 4 headers in 156 bytes (1 switches on core 0)
2026-06-10 11:37:55.892 8 INFO neutron.plugins.ml2.drivers.ovn.mech_driver.mech_driver [None req-6e04d2b5-2c83-4cda-8d56-37a1fbe95932 - - - - - -] OVN reports status down for port: 23da9b43-f51a-4ff4-b6b9-9d42fa7524ed
2026-06-10 11:37:55.908 8 INFO neutron.plugins.ml2.drivers.ovn.mech_driver.mech_driver [None req-6e04d2b5-2c83-4cda-8d56-37a1fbe95932 - - - - - -] OVN reports status down for port: 5434e9d7-6876-46e6-80bc-ad436390e940
2026-06-10 11:37:55.974 7 INFO neutron_taas.services.taas.taas_plugin [None req-4fc4e9f0-f6d6-4762-b74c-4ffc265b29fe fb1caf1981804e328ccaf6b735449dfb 2f195d145d1b4267b1ac5443d6cf0c49 - - default default] TaaS: Handle Delete Port: 5de1a804-a401-42d0-b65d-8f8d5b726488
2026-06-10 11:37:55.977 7 INFO neutron_taas.services.taas.tap_mirror_plugin [None req-4fc4e9f0-f6d6-4762-b74c-4ffc265b29fe fb1caf1981804e328ccaf6b735449dfb 2f195d145d1b4267b1ac5443d6cf0c49 - - default default] Tap Mirror: Handle Delete Port: 5de1a804-a401-42d0-b65d-8f8d5b726488
2026-06-10 11:37:56.158 8 WARNING neutron.scheduler.dhcp_agent_scheduler [None req-52cf11e1-4b73-4d38-a7ee-a9b847b10091 b22ec18b8d2049d088e5b8d0d7b3c8e4 1bb3d7d03fbb448a86354ef77f641021 - - default default] No more DHCP agents
2026-06-10 11:37:56.159 8 WARNING neutron.api.rpc.agentnotifiers.dhcp_rpc_agent_api [None req-52cf11e1-4b73-4d38-a7ee-a9b847b10091 b22ec18b8d2049d088e5b8d0d7b3c8e4 1bb3d7d03fbb448a86354ef77f641021 - - default default] Unable to schedule network 5bf995f6-0506-40c8-91e3-b806fa565478: no agents available; will retry on subsequent port and subnet creation events. [pid: 7|app: 0|req: 379/766] 10.0.0.143 () {32 vars in 725 bytes} [Wed Jun 10 11:37:55 2026] DELETE /v2.0/networks/3cc3a130-4d81-426a-89b7-f8d2fcc3e6b6 => generated 0 bytes in 326 msecs (HTTP/1.1 204) 3 headers in 131 bytes (1 switches on core 0)
2026-06-10 11:37:56.231 7 INFO neutron.plugins.ml2.drivers.ovn.mech_driver.mech_driver [None req-5388d60a-45c2-4cf5-97aa-d64eeaa0313a - - - - - -] OVN reports status down for port: d81d8cae-d9e1-4792-a7fb-bd39439bfd2f
2026-06-10 11:37:56.252 8 INFO neutron.db.ovn_revision_numbers_db [None req-52cf11e1-4b73-4d38-a7ee-a9b847b10091 b22ec18b8d2049d088e5b8d0d7b3c8e4 1bb3d7d03fbb448a86354ef77f641021 - - default default] Successfully bumped revision number for resource d81d8cae-d9e1-4792-a7fb-bd39439bfd2f (type: ports) to 1 [pid: 7|app: 0|req: 380/767] 10.0.0.140 () {34 vars in 981 bytes} [Wed Jun 10 11:37:56 2026] GET /v2.0/networks?id=7d226f35-114f-4f63-8587-ad48001f8506 => generated 717 bytes in 99 msecs (HTTP/1.1 200) 4 headers in 157 bytes (1 switches on core 0) [pid: 8|app: 0|req: 388/768] 10.0.0.143 () {34 vars in 664 bytes} [Wed Jun 10 11:37:55 2026] POST /v2.0/ports => generated 775 bytes in 453 msecs (HTTP/1.1 201) 4 headers in 162 bytes (1 switches on core 0) /var/lib/openstack/lib/python3.12/site-packages/pycadf/identifier.py:70: UserWarning: Invalid uuid: neutron. To ensure interoperability, identifiers should be a valid uuid. warnings.warn(('Invalid uuid: %s. To ensure interoperability, ' [pid: 7|app: 0|req: 381/769] 10.0.0.140 () {34 vars in 964 bytes} [Wed Jun 10 11:37:56 2026] GET /v2.0/quotas/c1fa5d4b30c84d7c9e420c4026898109 => generated 292 bytes in 24 msecs (HTTP/1.1 200) 4 headers in 157 bytes (1 switches on core 0)
2026-06-10 11:37:56.371 7 INFO neutron.services.segments.plugin [-] Segment aa15e582-465c-4ac1-80f6-2b2cb06c3399 resource provider aggregate not found
2026-06-10 11:37:56.378 7 INFO neutron.services.segments.plugin [-] Segment aa15e582-465c-4ac1-80f6-2b2cb06c3399 resource provider aggregate not found
2026-06-10 11:37:56.402 7 INFO neutron.services.segments.plugin [-] Segment aa15e582-465c-4ac1-80f6-2b2cb06c3399 resource provider not found; error: Placement Client Error (4xx): {"errors": [{"status": 404, "title": "Not Found", "detail": "The resource could not be found.\n\n No resource provider with uuid aa15e582-465c-4ac1-80f6-2b2cb06c3399 found for delete ", "request_id": "req-c97e9ae5-464f-4869-802f-7d6d5fa78a9f"}]}
2026-06-10 11:37:56.406 7 INFO neutron.services.segments.plugin [-] Segment aa15e582-465c-4ac1-80f6-2b2cb06c3399 resource provider not found; error: Placement Client Error (4xx): {"errors": [{"status": 404, "title": "Not Found", "detail": "The resource could not be found.\n\n No resource provider with uuid aa15e582-465c-4ac1-80f6-2b2cb06c3399 found for delete ", "request_id": "req-d2333155-568a-495f-a4d1-98e76bd9a8d6"}]}
2026-06-10 11:37:56.412 8 INFO neutron.db.segments_db [None req-4e134000-e166-402b-b29e-d883cd7c80bd b22ec18b8d2049d088e5b8d0d7b3c8e4 1bb3d7d03fbb448a86354ef77f641021 - - default default] Added segment 09232c76-9d8a-4257-94bf-999254af7262 of type geneve for network 4c529518-9d13-43df-844a-799063dd3960 [pid: 7|app: 0|req: 382/770] 10.0.0.140 () {34 vars in 1001 bytes} [Wed Jun 10 11:37:56 2026] GET /v2.0/ports?tenant_id=c1fa5d4b30c84d7c9e420c4026898109&fields=id => generated 103 bytes in 173 msecs (HTTP/1.1 200) 4 headers in 157 bytes (1 switches on core 0)
2026-06-10 11:37:56.535 8 INFO neutron.db.ovn_revision_numbers_db [None req-4e134000-e166-402b-b29e-d883cd7c80bd b22ec18b8d2049d088e5b8d0d7b3c8e4 1bb3d7d03fbb448a86354ef77f641021 - - default default] Successfully bumped revision number for resource 4c529518-9d13-43df-844a-799063dd3960 (type: networks) to 1
2026-06-10 11:37:56.790 8 WARNING neutron.scheduler.dhcp_agent_scheduler [None req-4e134000-e166-402b-b29e-d883cd7c80bd b22ec18b8d2049d088e5b8d0d7b3c8e4 1bb3d7d03fbb448a86354ef77f641021 - - default default] No more DHCP agents
2026-06-10 11:37:56.800 8 WARNING neutron.api.rpc.agentnotifiers.dhcp_rpc_agent_api [None req-4e134000-e166-402b-b29e-d883cd7c80bd b22ec18b8d2049d088e5b8d0d7b3c8e4 1bb3d7d03fbb448a86354ef77f641021 - - default default] Unable to schedule network 4c529518-9d13-43df-844a-799063dd3960: no agents available; will retry on subsequent port and subnet creation events.
2026-06-10 11:37:56.888 8 INFO neutron.plugins.ml2.drivers.ovn.mech_driver.mech_driver [None req-6e04d2b5-2c83-4cda-8d56-37a1fbe95932 - - - - - -] OVN reports status down for port: a4b6d9a1-965d-4862-a19f-cb848cd63db1
2026-06-10 11:37:56.944 8 INFO neutron.db.ovn_revision_numbers_db [None req-4e134000-e166-402b-b29e-d883cd7c80bd b22ec18b8d2049d088e5b8d0d7b3c8e4 1bb3d7d03fbb448a86354ef77f641021 - - default default] Successfully bumped revision number for resource a4b6d9a1-965d-4862-a19f-cb848cd63db1 (type: ports) to 1 [pid: 7|app: 0|req: 383/771] 10.0.0.143 () {32 vars in 773 bytes} [Wed Jun 10 11:37:56 2026] GET /v2.0/security-groups?tenant_id=2f195d145d1b4267b1ac5443d6cf0c49&name=default => generated 2925 bytes in 168 msecs (HTTP/1.1 200) 4 headers in 158 bytes (1 switches on core 0) [pid: 8|app: 0|req: 389/772] 10.0.0.143 () {34 vars in 669 bytes} [Wed Jun 10 11:37:56 2026] POST /v2.0/networks => generated 651 bytes in 680 msecs (HTTP/1.1 201) 4 headers in 162 bytes (1 switches on core 0) [pid: 7|app: 0|req: 384/773] 10.0.0.140 () {34 vars in 906 bytes} [Wed Jun 10 11:37:56 2026] GET /v2.0/extensions => generated 20541 bytes in 42 msecs (HTTP/1.1 200) 4 headers in 159 bytes (1 switches on core 0) [pid: 8|app: 0|req: 390/774] 10.0.0.140 () {34 vars in 989 bytes} [Wed Jun 10 11:37:56 2026] GET /v2.0/ports?device_id=feb1b264-0f75-428d-a8db-fcffa8f48c5a => generated 12 bytes in 27 msecs (HTTP/1.1 200) 4 headers in 156 bytes (1 switches on core 0)
2026-06-10 11:37:57.120 8 INFO neutron.services.segments.plugin [-] Segment ef3bb163-9a03-416d-a05f-8943f4d6309e resource provider aggregate not found
2026-06-10 11:37:57.124 8 INFO neutron.services.segments.plugin [-] Segment ef3bb163-9a03-416d-a05f-8943f4d6309e resource provider aggregate not found
2026-06-10 11:37:57.142 8 INFO neutron.services.segments.plugin [-] Segment ef3bb163-9a03-416d-a05f-8943f4d6309e resource provider not found; error: Placement Client Error (4xx): {"errors": [{"status": 404, "title": "Not Found", "detail": "The resource could not be found.\n\n No resource provider with uuid ef3bb163-9a03-416d-a05f-8943f4d6309e found for delete ", "request_id": "req-f2d4f200-0010-4b82-8aac-5e95e5ecdc80"}]}
2026-06-10 11:37:57.150 8 INFO neutron.services.segments.plugin [-] Segment ef3bb163-9a03-416d-a05f-8943f4d6309e resource provider not found; error: Placement Client Error (4xx): {"errors": [{"status": 404, "title": "Not Found", "detail": "The resource could not be found.\n\n No resource provider with uuid ef3bb163-9a03-416d-a05f-8943f4d6309e found for delete ", "request_id": "req-4ad2a328-2b30-4e7c-9ba1-3bf5412aafca"}]} [pid: 7|app: 0|req: 385/775] 10.0.0.143 () {32 vars in 739 bytes} [Wed Jun 10 11:37:56 2026] DELETE /v2.0/security-groups/6c083d4e-8386-49b2-a7e9-cbcd0240efb7 => generated 0 bytes in 222 msecs (HTTP/1.1 204) 2 headers in 112 bytes (1 switches on core 0) [pid: 7|app: 0|req: 386/776] 10.0.0.140 () {34 vars in 1007 bytes} [Wed Jun 10 11:37:57 2026] GET /v2.0/networks/7d226f35-114f-4f63-8587-ad48001f8506?fields=segments => generated 14 bytes in 37 msecs (HTTP/1.1 200) 4 headers in 156 bytes (1 switches on core 0)
2026-06-10 11:37:57.267 8 WARNING neutron.scheduler.dhcp_agent_scheduler [None req-5b7a4513-4681-4688-bb40-923c7b4b0fef b22ec18b8d2049d088e5b8d0d7b3c8e4 1bb3d7d03fbb448a86354ef77f641021 - - default default] No more DHCP agents
2026-06-10 11:37:57.268 8 WARNING neutron.api.rpc.agentnotifiers.dhcp_rpc_agent_api [None req-5b7a4513-4681-4688-bb40-923c7b4b0fef b22ec18b8d2049d088e5b8d0d7b3c8e4 1bb3d7d03fbb448a86354ef77f641021 - - default default] Unable to schedule network 4c529518-9d13-43df-844a-799063dd3960: no agents available; will retry on subsequent port and subnet creation events. [pid: 7|app: 0|req: 387/777] 10.0.0.140 () {34 vars in 1107 bytes} [Wed Jun 10 11:37:57 2026] GET /v2.0/networks/7d226f35-114f-4f63-8587-ad48001f8506?fields=provider%3Aphysical_network&fields=provider%3Anetwork_type => generated 79 bytes in 47 msecs (HTTP/1.1 200) 4 headers in 156 bytes (1 switches on core 0) [pid: 7|app: 0|req: 388/778] 10.0.0.140 () {34 vars in 989 bytes} [Wed Jun 10 11:37:57 2026] GET /v2.0/ports?device_id=c9be4714-b113-44ff-a7b7-8952a2171267 => generated 12 bytes in 29 msecs (HTTP/1.1 200) 4 headers in 156 bytes (1 switches on core 0)
2026-06-10 11:37:57.777 8 INFO neutron.db.ovn_revision_numbers_db [None req-e15b28c2-e94e-4201-9127-aacb2516324b - - - - - -] Successfully bumped revision number for resource a4b6d9a1-965d-4862-a19f-cb848cd63db1 (type: ports) to 2
2026-06-10 11:37:57.813 8 INFO neutron.db.ovn_revision_numbers_db [None req-e15b28c2-e94e-4201-9127-aacb2516324b - - - - - -] Successfully bumped revision number for resource 02c22fd0-ac13-43a7-9e85-584e95c23292 (type: subnets) to 0 [pid: 8|app: 0|req: 391/779] 10.0.0.143 () {34 vars in 668 bytes} [Wed Jun 10 11:37:57 2026] POST /v2.0/subnets => generated 626 bytes in 807 msecs (HTTP/1.1 201) 4 headers in 162 bytes (1 switches on core 0)
2026-06-10 11:37:58.124 7 WARNING neutron.scheduler.dhcp_agent_scheduler [None req-518259ea-c3a3-4394-8770-f8545e3190e7 b22ec18b8d2049d088e5b8d0d7b3c8e4 1bb3d7d03fbb448a86354ef77f641021 - - default default] No more DHCP agents
2026-06-10 11:37:58.127 7 WARNING neutron.api.rpc.agentnotifiers.dhcp_rpc_agent_api [None req-518259ea-c3a3-4394-8770-f8545e3190e7 b22ec18b8d2049d088e5b8d0d7b3c8e4 1bb3d7d03fbb448a86354ef77f641021 - - default default] Unable to schedule network 4c529518-9d13-43df-844a-799063dd3960: no agents available; will retry on subsequent port and subnet creation events. [pid: 8|app: 0|req: 392/780] 10.0.0.140 () {34 vars in 989 bytes} [Wed Jun 10 11:37:58 2026] GET /v2.0/ports?device_id=feb1b264-0f75-428d-a8db-fcffa8f48c5a => generated 12 bytes in 27 msecs (HTTP/1.1 200) 4 headers in 156 bytes (1 switches on core 0)
2026-06-10 11:37:58.274 8 INFO neutron.plugins.ml2.drivers.ovn.mech_driver.mech_driver [None req-6e04d2b5-2c83-4cda-8d56-37a1fbe95932 - - - - - -] OVN reports status down for port: c0e9dccd-0754-4847-aa56-2ef8a7d800e3
2026-06-10 11:37:58.310 7 INFO neutron.db.ovn_revision_numbers_db [None req-518259ea-c3a3-4394-8770-f8545e3190e7 b22ec18b8d2049d088e5b8d0d7b3c8e4 1bb3d7d03fbb448a86354ef77f641021 - - default default] Successfully bumped revision number for resource c0e9dccd-0754-4847-aa56-2ef8a7d800e3 (type: ports) to 1 [pid: 7|app: 0|req: 389/781] 10.0.0.143 () {34 vars in 664 bytes} [Wed Jun 10 11:37:57 2026] POST /v2.0/ports => generated 949 bytes in 539 msecs (HTTP/1.1 201) 4 headers in 162 bytes (1 switches on core 0)
2026-06-10 11:37:58.518 8 INFO neutron_taas.services.taas.taas_plugin [None req-d66242ff-a60d-44b7-bae3-f6f818db0e2e b22ec18b8d2049d088e5b8d0d7b3c8e4 1bb3d7d03fbb448a86354ef77f641021 - - default default] TaaS: Handle Delete Port: c0e9dccd-0754-4847-aa56-2ef8a7d800e3
2026-06-10 11:37:58.521 8 INFO neutron_taas.services.taas.tap_mirror_plugin [None req-d66242ff-a60d-44b7-bae3-f6f818db0e2e b22ec18b8d2049d088e5b8d0d7b3c8e4 1bb3d7d03fbb448a86354ef77f641021 - - default default] Tap Mirror: Handle Delete Port: c0e9dccd-0754-4847-aa56-2ef8a7d800e3 [pid: 8|app: 0|req: 393/782] 10.0.0.143 () {32 vars in 719 bytes} [Wed Jun 10 11:37:58 2026] DELETE /v2.0/ports/c0e9dccd-0754-4847-aa56-2ef8a7d800e3 => generated 0 bytes in 327 msecs (HTTP/1.1 204) 3 headers in 131 bytes (1 switches on core 0) [pid: 8|app: 0|req: 394/783] 10.0.0.140 () {34 vars in 989 bytes} [Wed Jun 10 11:37:58 2026] GET /v2.0/ports?device_id=c9be4714-b113-44ff-a7b7-8952a2171267 => generated 12 bytes in 22 msecs (HTTP/1.1 200) 4 headers in 156 bytes (1 switches on core 0)
2026-06-10 11:37:58.748 8 INFO neutron.pecan_wsgi.hooks.translation [None req-8623f94d-4014-4ca7-ad25-3bd2a7bfccfe b22ec18b8d2049d088e5b8d0d7b3c8e4 1bb3d7d03fbb448a86354ef77f641021 - - default default] DELETE failed (client error): The resource could not be found. [pid: 8|app: 0|req: 395/784] 10.0.0.143 () {32 vars in 719 bytes} [Wed Jun 10 11:37:58 2026] DELETE /v2.0/ports/c0e9dccd-0754-4847-aa56-2ef8a7d800e3 => generated 132 bytes in 27 msecs (HTTP/1.1 404) 4 headers in 164 bytes (1 switches on core 0) /var/lib/openstack/lib/python3.12/site-packages/pycadf/identifier.py:70: UserWarning: Invalid uuid: neutron. To ensure interoperability, identifiers should be a valid uuid. warnings.warn(('Invalid uuid: %s. To ensure interoperability, '
2026-06-10 11:37:58.778 8 INFO neutron.pecan_wsgi.hooks.translation [None req-cc92df37-823c-477a-8632-3736f34d3fb9 b22ec18b8d2049d088e5b8d0d7b3c8e4 1bb3d7d03fbb448a86354ef77f641021 - - default default] GET failed (client error): The resource could not be found. [pid: 8|app: 0|req: 396/785] 10.0.0.143 () {32 vars in 716 bytes} [Wed Jun 10 11:37:58 2026] GET /v2.0/ports/c0e9dccd-0754-4847-aa56-2ef8a7d800e3 => generated 132 bytes in 21 msecs (HTTP/1.1 404) 4 headers in 164 bytes (1 switches on core 0) [pid: 7|app: 0|req: 390/786] 199.204.45.235 () {34 vars in 985 bytes} [Wed Jun 10 11:37:58 2026] GET /v2.0/networks?id=1eb4b2b7-c690-4590-88f6-71181fb86bb5 => generated 721 bytes in 289 msecs (HTTP/1.1 200) 4 headers in 157 bytes (1 switches on core 0) [pid: 7|app: 0|req: 391/787] 199.204.45.235 () {34 vars in 910 bytes} [Wed Jun 10 11:37:58 2026] GET /v2.0/extensions => generated 20541 bytes in 10 msecs (HTTP/1.1 200) 4 headers in 159 bytes (1 switches on core 0) [pid: 8|app: 0|req: 397/788] 10.0.0.143 () {32 vars in 723 bytes} [Wed Jun 10 11:37:58 2026] DELETE /v2.0/subnets/02c22fd0-ac13-43a7-9e85-584e95c23292 => generated 0 bytes in 212 msecs (HTTP/1.1 204) 3 headers in 131 bytes (1 switches on core 0)
2026-06-10 11:37:59.246 8 INFO neutron.db.ovn_revision_numbers_db [None req-d1ccbdde-21ef-4cf6-9359-6286579a30f0 b7ece088c2df482b83f7de8806f0adea 638154688d244093921667e67e8c1b1a - - default default] Successfully bumped revision number for resource ecc3da29-4254-477b-88bd-0923e5ac5882 (type: security_groups) to 1
2026-06-10 11:37:59.257 8 INFO neutron.db.ovn_revision_numbers_db [None req-d1ccbdde-21ef-4cf6-9359-6286579a30f0 b7ece088c2df482b83f7de8806f0adea 638154688d244093921667e67e8c1b1a - - default default] Successfully bumped revision number for resource 0d2c5cee-6ce6-43f0-9c0f-594220c32da9 (type: security_group_rules) to 0
2026-06-10 11:37:59.270 8 INFO neutron.db.ovn_revision_numbers_db [None req-d1ccbdde-21ef-4cf6-9359-6286579a30f0 b7ece088c2df482b83f7de8806f0adea 638154688d244093921667e67e8c1b1a - - default default] Successfully bumped revision number for resource 2a71b39b-6a95-4261-8ebc-2963e20310f7 (type: security_group_rules) to 0
2026-06-10 11:37:59.282 8 INFO neutron.db.ovn_revision_numbers_db [None req-d1ccbdde-21ef-4cf6-9359-6286579a30f0 b7ece088c2df482b83f7de8806f0adea 638154688d244093921667e67e8c1b1a - - default default] Successfully bumped revision number for resource 5fba0f3c-712e-4b36-a385-7096f919bd55 (type: security_group_rules) to 0
2026-06-10 11:37:59.294 8 INFO neutron.db.ovn_revision_numbers_db [None req-d1ccbdde-21ef-4cf6-9359-6286579a30f0 b7ece088c2df482b83f7de8806f0adea 638154688d244093921667e67e8c1b1a - - default default] Successfully bumped revision number for resource 7fa97202-c375-451a-986f-9df910e3b574 (type: security_group_rules) to 0
2026-06-10 11:37:59.383 8 INFO neutron.db.segments_db [None req-d1ccbdde-21ef-4cf6-9359-6286579a30f0 b7ece088c2df482b83f7de8806f0adea 638154688d244093921667e67e8c1b1a - - default default] Added segment da79a25c-78b7-4353-ad9a-5d01bf8bc120 of type geneve for network 8da4a964-56d4-4b13-a1ac-cc7228fc487d [pid: 7|app: 0|req: 392/789] 199.204.45.235 () {34 vars in 1049 bytes} [Wed Jun 10 11:37:58 2026] GET /v2.0/security-groups?fields=id&fields=name&tenant_id=021b7edf37a240cf971e459496991dc3 => generated 180 bytes in 518 msecs (HTTP/1.1 200) 4 headers in 157 bytes (1 switches on core 0)
2026-06-10 11:37:59.492 8 INFO neutron.db.segments_db [None req-d1ccbdde-21ef-4cf6-9359-6286579a30f0 b7ece088c2df482b83f7de8806f0adea 638154688d244093921667e67e8c1b1a - - default default] Added segment ca21a470-c2c9-4587-bfed-f3fbe607fc4c of type geneve for network feccac0f-338e-44bd-bd9f-3719100b9d10
2026-06-10 11:37:59.541 7 INFO neutron_taas.services.taas.taas_plugin [None req-81c080df-883a-48b6-8d5d-e7a2e3bd96a9 b22ec18b8d2049d088e5b8d0d7b3c8e4 1bb3d7d03fbb448a86354ef77f641021 - - default default] TaaS: Handle Delete Port: a4b6d9a1-965d-4862-a19f-cb848cd63db1
2026-06-10 11:37:59.543 7 INFO neutron_taas.services.taas.tap_mirror_plugin [None req-81c080df-883a-48b6-8d5d-e7a2e3bd96a9 b22ec18b8d2049d088e5b8d0d7b3c8e4 1bb3d7d03fbb448a86354ef77f641021 - - default default] Tap Mirror: Handle Delete Port: a4b6d9a1-965d-4862-a19f-cb848cd63db1
2026-06-10 11:37:59.610 8 INFO neutron.db.ovn_revision_numbers_db [None req-d1ccbdde-21ef-4cf6-9359-6286579a30f0 b7ece088c2df482b83f7de8806f0adea 638154688d244093921667e67e8c1b1a - - default default] Successfully bumped revision number for resource 8da4a964-56d4-4b13-a1ac-cc7228fc487d (type: networks) to 1
2026-06-10 11:37:59.727 7 INFO neutron.services.segments.plugin [-] Segment 09232c76-9d8a-4257-94bf-999254af7262 resource provider aggregate not found
2026-06-10 11:37:59.730 7 INFO neutron.services.segments.plugin [-] Segment 09232c76-9d8a-4257-94bf-999254af7262 resource provider aggregate not found
2026-06-10 11:37:59.750 7 INFO neutron.services.segments.plugin [-] Segment 09232c76-9d8a-4257-94bf-999254af7262 resource provider not found; error: Placement Client Error (4xx): {"errors": [{"status": 404, "title": "Not Found", "detail": "The resource could not be found.\n\n No resource provider with uuid 09232c76-9d8a-4257-94bf-999254af7262 found for delete ", "request_id": "req-73d9b363-a717-463f-8bba-bf339a8795e9"}]}
2026-06-10 11:37:59.753 7 INFO neutron.services.segments.plugin [-] Segment 09232c76-9d8a-4257-94bf-999254af7262 resource provider not found; error: Placement Client Error (4xx): {"errors": [{"status": 404, "title": "Not Found", "detail": "The resource could not be found.\n\n No resource provider with uuid 09232c76-9d8a-4257-94bf-999254af7262 found for delete ", "request_id": "req-ec9f3ed3-55d6-4bd8-bced-b2d958807fd6"}]} [pid: 7|app: 0|req: 393/790] 10.0.0.143 () {32 vars in 725 bytes} [Wed Jun 10 11:37:59 2026] DELETE /v2.0/networks/4c529518-9d13-43df-844a-799063dd3960 => generated 0 bytes in 393 msecs (HTTP/1.1 204) 3 headers in 131 bytes (1 switches on core 0) [pid: 7|app: 0|req: 394/791] 10.0.0.140 () {34 vars in 989 bytes} [Wed Jun 10 11:37:59 2026] GET /v2.0/ports?device_id=feb1b264-0f75-428d-a8db-fcffa8f48c5a => generated 12 bytes in 23 msecs (HTTP/1.1 200) 4 headers in 156 bytes (1 switches on core 0)
2026-06-10 11:37:59.878 8 WARNING neutron.scheduler.dhcp_agent_scheduler [None req-d1ccbdde-21ef-4cf6-9359-6286579a30f0 b7ece088c2df482b83f7de8806f0adea 638154688d244093921667e67e8c1b1a - - default default] No more DHCP agents
2026-06-10 11:37:59.879 8 WARNING neutron.api.rpc.agentnotifiers.dhcp_rpc_agent_api [None req-d1ccbdde-21ef-4cf6-9359-6286579a30f0 b7ece088c2df482b83f7de8806f0adea 638154688d244093921667e67e8c1b1a - - default default] Unable to schedule network 8da4a964-56d4-4b13-a1ac-cc7228fc487d: no agents available; will retry on subsequent port and subnet creation events.
2026-06-10 11:37:59.935 8 INFO neutron.plugins.ml2.drivers.ovn.mech_driver.mech_driver [None req-6e04d2b5-2c83-4cda-8d56-37a1fbe95932 - - - - - -] OVN reports status down for port: d2acdbef-e0ba-4279-bc66-b2c3affd8a31
2026-06-10 11:37:59.987 8 INFO neutron.db.ovn_revision_numbers_db [None req-d1ccbdde-21ef-4cf6-9359-6286579a30f0 b7ece088c2df482b83f7de8806f0adea 638154688d244093921667e67e8c1b1a - - default default] Successfully bumped revision number for resource d2acdbef-e0ba-4279-bc66-b2c3affd8a31 (type: ports) to 1
2026-06-10 11:38:00.078 8 INFO neutron.db.ovn_revision_numbers_db [None req-d1ccbdde-21ef-4cf6-9359-6286579a30f0 b7ece088c2df482b83f7de8806f0adea 638154688d244093921667e67e8c1b1a - - default default] Successfully bumped revision number for resource feccac0f-338e-44bd-bd9f-3719100b9d10 (type: networks) to 1
2026-06-10 11:38:00.110 7 WARNING neutron.scheduler.dhcp_agent_scheduler [req-2a4dbf3c-1e6f-4c13-a25d-2e369fd745a9 req-8d8bf78a-7c7a-4f58-a125-30c23b5094a9 5b869fd85a6643d5b4e38575dc7ef7ee 021b7edf37a240cf971e459496991dc3 - - default default] No more DHCP agents
2026-06-10 11:38:00.111 7 WARNING neutron.api.rpc.agentnotifiers.dhcp_rpc_agent_api [req-2a4dbf3c-1e6f-4c13-a25d-2e369fd745a9 req-8d8bf78a-7c7a-4f58-a125-30c23b5094a9 5b869fd85a6643d5b4e38575dc7ef7ee 021b7edf37a240cf971e459496991dc3 - - default default] Unable to schedule network 1eb4b2b7-c690-4590-88f6-71181fb86bb5: no agents available; will retry on subsequent port and subnet creation events.
2026-06-10 11:38:00.252 7 INFO neutron.db.ovn_revision_numbers_db [req-2a4dbf3c-1e6f-4c13-a25d-2e369fd745a9 req-8d8bf78a-7c7a-4f58-a125-30c23b5094a9 5b869fd85a6643d5b4e38575dc7ef7ee 021b7edf37a240cf971e459496991dc3 - - default default] Successfully bumped revision number for resource f37a3b1c-fc1d-4e9d-91e8-d2aa96f703ff (type: ports) to 1
2026-06-10 11:38:00.271 8 INFO neutron.plugins.ml2.drivers.ovn.mech_driver.mech_driver [None req-6e04d2b5-2c83-4cda-8d56-37a1fbe95932 - - - - - -] OVN reports status down for port: f37a3b1c-fc1d-4e9d-91e8-d2aa96f703ff
2026-06-10 11:38:00.311 8 WARNING neutron.scheduler.dhcp_agent_scheduler [None req-d1ccbdde-21ef-4cf6-9359-6286579a30f0 b7ece088c2df482b83f7de8806f0adea 638154688d244093921667e67e8c1b1a - - default default] No more DHCP agents
2026-06-10 11:38:00.315 8 WARNING neutron.api.rpc.agentnotifiers.dhcp_rpc_agent_api [None req-d1ccbdde-21ef-4cf6-9359-6286579a30f0 b7ece088c2df482b83f7de8806f0adea 638154688d244093921667e67e8c1b1a - - default default] Unable to schedule network feccac0f-338e-44bd-bd9f-3719100b9d10: no agents available; will retry on subsequent port and subnet creation events. [pid: 7|app: 0|req: 395/792] 199.204.45.235 () {38 vars in 954 bytes} [Wed Jun 10 11:37:59 2026] POST /v2.0/ports => generated 958 bytes in 525 msecs (HTTP/1.1 201) 4 headers in 162 bytes (1 switches on core 0) /var/lib/openstack/lib/python3.12/site-packages/pycadf/identifier.py:70: UserWarning: Invalid uuid: neutron. To ensure interoperability, identifiers should be a valid uuid. warnings.warn(('Invalid uuid: %s. To ensure interoperability, '
2026-06-10 11:38:00.476 7 INFO neutron.db.segments_db [None req-3d9b64bd-1434-4cba-8ffb-7030cc84f958 b22ec18b8d2049d088e5b8d0d7b3c8e4 1bb3d7d03fbb448a86354ef77f641021 - - default default] Added segment aa79a6ab-a3b2-4140-b3c9-97d92b0461a5 of type geneve for network 6b8baf83-1372-477a-9b77-fcebf4b450c1
2026-06-10 11:38:00.487 8 INFO neutron.plugins.ml2.drivers.ovn.mech_driver.mech_driver [None req-6e04d2b5-2c83-4cda-8d56-37a1fbe95932 - - - - - -] OVN reports status down for port: 9c5c01cc-0eb7-4fc5-9f31-9ccfc5df7c44
2026-06-10 11:38:00.494 8 INFO neutron.db.ovn_revision_numbers_db [None req-d1ccbdde-21ef-4cf6-9359-6286579a30f0 b7ece088c2df482b83f7de8806f0adea 638154688d244093921667e67e8c1b1a - - default default] Successfully bumped revision number for resource 9c5c01cc-0eb7-4fc5-9f31-9ccfc5df7c44 (type: ports) to 1 [pid: 8|app: 0|req: 398/793] 10.0.0.143 () {34 vars in 669 bytes} [Wed Jun 10 11:37:58 2026] POST /v2.0/networks => generated 1282 bytes in 1569 msecs (HTTP/1.1 201) 4 headers in 163 bytes (1 switches on core 0)
2026-06-10 11:38:00.620 7 INFO neutron.db.ovn_revision_numbers_db [None req-3d9b64bd-1434-4cba-8ffb-7030cc84f958 b22ec18b8d2049d088e5b8d0d7b3c8e4 1bb3d7d03fbb448a86354ef77f641021 - - default default] Successfully bumped revision number for resource 6b8baf83-1372-477a-9b77-fcebf4b450c1 (type: networks) to 1 [pid: 8|app: 0|req: 399/794] 10.0.0.140 () {34 vars in 989 bytes} [Wed Jun 10 11:38:00 2026] GET /v2.0/ports?device_id=c9be4714-b113-44ff-a7b7-8952a2171267 => generated 12 bytes in 62 msecs (HTTP/1.1 200) 4 headers in 156 bytes (1 switches on core 0) [pid: 8|app: 0|req: 400/795] 10.0.0.143 () {32 vars in 648 bytes} [Wed Jun 10 11:38:00 2026] GET /v2.0/networks => generated 1969 bytes in 64 msecs (HTTP/1.1 200) 4 headers in 158 bytes (1 switches on core 0)
2026-06-10 11:38:00.807 7 WARNING neutron.scheduler.dhcp_agent_scheduler [None req-3d9b64bd-1434-4cba-8ffb-7030cc84f958 b22ec18b8d2049d088e5b8d0d7b3c8e4 1bb3d7d03fbb448a86354ef77f641021 - - default default] No more DHCP agents
2026-06-10 11:38:00.808 7 WARNING neutron.api.rpc.agentnotifiers.dhcp_rpc_agent_api [None req-3d9b64bd-1434-4cba-8ffb-7030cc84f958 b22ec18b8d2049d088e5b8d0d7b3c8e4 1bb3d7d03fbb448a86354ef77f641021 - - default default] Unable to schedule network 6b8baf83-1372-477a-9b77-fcebf4b450c1: no agents available; will retry on subsequent port and subnet creation events.
2026-06-10 11:38:00.859 7 INFO neutron.plugins.ml2.drivers.ovn.mech_driver.mech_driver [None req-5388d60a-45c2-4cf5-97aa-d64eeaa0313a - - - - - -] OVN reports status down for port: f7f7dde2-4cfd-4f78-8364-c40cc86bff79
2026-06-10 11:38:00.884 8 INFO neutron_taas.services.taas.taas_plugin [None req-d93149b6-6051-4928-9aac-3c46b24c6cbd b7ece088c2df482b83f7de8806f0adea 638154688d244093921667e67e8c1b1a - - default default] TaaS: Handle Delete Port: d2acdbef-e0ba-4279-bc66-b2c3affd8a31
2026-06-10 11:38:00.889 8 INFO neutron_taas.services.taas.tap_mirror_plugin [None req-d93149b6-6051-4928-9aac-3c46b24c6cbd b7ece088c2df482b83f7de8806f0adea 638154688d244093921667e67e8c1b1a - - default default] Tap Mirror: Handle Delete Port: d2acdbef-e0ba-4279-bc66-b2c3affd8a31
2026-06-10 11:38:00.932 7 INFO neutron.db.ovn_revision_numbers_db [None req-3d9b64bd-1434-4cba-8ffb-7030cc84f958 b22ec18b8d2049d088e5b8d0d7b3c8e4 1bb3d7d03fbb448a86354ef77f641021 - - default default] Successfully bumped revision number for resource f7f7dde2-4cfd-4f78-8364-c40cc86bff79 (type: ports) to 1 [pid: 7|app: 0|req: 396/796] 10.0.0.143 () {34 vars in 669 bytes} [Wed Jun 10 11:38:00 2026] POST /v2.0/networks => generated 650 bytes in 696 msecs (HTTP/1.1 201) 4 headers in 162 bytes (1 switches on core 0)
2026-06-10 11:38:01.169 8 INFO neutron.services.segments.plugin [-] Segment da79a25c-78b7-4353-ad9a-5d01bf8bc120 resource provider aggregate not found
2026-06-10 11:38:01.181 8 INFO neutron.services.segments.plugin [-] Segment da79a25c-78b7-4353-ad9a-5d01bf8bc120 resource provider aggregate not found
2026-06-10 11:38:01.189 8 INFO neutron.services.segments.plugin [-] Segment da79a25c-78b7-4353-ad9a-5d01bf8bc120 resource provider not found; error: Placement Client Error (4xx): {"errors": [{"status": 404, "title": "Not Found", "detail": "The resource could not be found.\n\n No resource provider with uuid da79a25c-78b7-4353-ad9a-5d01bf8bc120 found for delete ", "request_id": "req-e9b8d28f-a35e-4368-8394-2cc9eff9ede2"}]}
2026-06-10 11:38:01.202 8 INFO neutron.services.segments.plugin [-] Segment da79a25c-78b7-4353-ad9a-5d01bf8bc120 resource provider not found; error: Placement Client Error (4xx): {"errors": [{"status": 404, "title": "Not Found", "detail": "The resource could not be found.\n\n No resource provider with uuid da79a25c-78b7-4353-ad9a-5d01bf8bc120 found for delete ", "request_id": "req-bc49c136-bfb7-4016-ad21-ac75f550790e"}]} [pid: 8|app: 0|req: 401/797] 10.0.0.143 () {32 vars in 725 bytes} [Wed Jun 10 11:38:00 2026] DELETE /v2.0/networks/8da4a964-56d4-4b13-a1ac-cc7228fc487d => generated 0 bytes in 548 msecs (HTTP/1.1 204) 3 headers in 131 bytes (1 switches on core 0) [pid: 8|app: 0|req: 402/798] 10.0.0.140 () {34 vars in 989 bytes} [Wed Jun 10 11:38:01 2026] GET /v2.0/ports?device_id=feb1b264-0f75-428d-a8db-fcffa8f48c5a => generated 961 bytes in 66 msecs (HTTP/1.1 200) 4 headers in 157 bytes (1 switches on core 0)
2026-06-10 11:38:01.530 7 INFO neutron.db.ovn_revision_numbers_db [req-2a4dbf3c-1e6f-4c13-a25d-2e369fd745a9 req-5b006cd7-f4d5-44ce-aa6d-6fb12e23468d 8f23f7d71202431fa0a7b623680b1a9a 724686469de9416384b46ce6f0461d8c - - 4bffb750f13540818c77bc1854048831 4bffb750f13540818c77bc1854048831] Successfully bumped revision number for resource f37a3b1c-fc1d-4e9d-91e8-d2aa96f703ff (type: ports) to 2
2026-06-10 11:38:01.536 8 WARNING neutron.scheduler.dhcp_agent_scheduler [None req-6562f3e9-0d3b-4def-8710-035e721411ff b22ec18b8d2049d088e5b8d0d7b3c8e4 1bb3d7d03fbb448a86354ef77f641021 - - default default] No more DHCP agents
2026-06-10 11:38:01.538 8 WARNING neutron.api.rpc.agentnotifiers.dhcp_rpc_agent_api [None req-6562f3e9-0d3b-4def-8710-035e721411ff b22ec18b8d2049d088e5b8d0d7b3c8e4 1bb3d7d03fbb448a86354ef77f641021 - - default default] Unable to schedule network 6b8baf83-1372-477a-9b77-fcebf4b450c1: no agents available; will retry on subsequent port and subnet creation events.
2026-06-10 11:38:01.790 7 INFO neutron.db.ovn_revision_numbers_db [req-2a4dbf3c-1e6f-4c13-a25d-2e369fd745a9 req-5b006cd7-f4d5-44ce-aa6d-6fb12e23468d 8f23f7d71202431fa0a7b623680b1a9a 724686469de9416384b46ce6f0461d8c - - 4bffb750f13540818c77bc1854048831 4bffb750f13540818c77bc1854048831] Successfully bumped revision number for resource f37a3b1c-fc1d-4e9d-91e8-d2aa96f703ff (type: ports) to 4 [pid: 7|app: 0|req: 397/799] 199.204.45.235 () {38 vars in 1027 bytes} [Wed Jun 10 11:38:01 2026] PUT /v2.0/ports/f37a3b1c-fc1d-4e9d-91e8-d2aa96f703ff => generated 1208 bytes in 784 msecs (HTTP/1.1 200) 4 headers in 158 bytes (1 switches on core 0) /var/lib/openstack/lib/python3.12/site-packages/pycadf/identifier.py:70: UserWarning: Invalid uuid: neutron. To ensure interoperability, identifiers should be a valid uuid. warnings.warn(('Invalid uuid: %s. To ensure interoperability, '
2026-06-10 11:38:01.935 7 INFO neutron_taas.services.taas.taas_plugin [None req-30f92443-3d80-451d-9dad-c86ae203b482 b7ece088c2df482b83f7de8806f0adea 638154688d244093921667e67e8c1b1a - - default default] TaaS: Handle Delete Port: 9c5c01cc-0eb7-4fc5-9f31-9ccfc5df7c44
2026-06-10 11:38:01.938 7 INFO neutron_taas.services.taas.tap_mirror_plugin [None req-30f92443-3d80-451d-9dad-c86ae203b482 b7ece088c2df482b83f7de8806f0adea 638154688d244093921667e67e8c1b1a - - default default] Tap Mirror: Handle Delete Port: 9c5c01cc-0eb7-4fc5-9f31-9ccfc5df7c44
2026-06-10 11:38:02.075 8 INFO neutron.db.ovn_revision_numbers_db [None req-e4a9cd96-e8f1-434e-9f4c-7c2ec3bb3f5a - - - - - -] Successfully bumped revision number for resource f7f7dde2-4cfd-4f78-8364-c40cc86bff79 (type: ports) to 2
2026-06-10 11:38:02.116 8 INFO neutron.db.ovn_revision_numbers_db [None req-e4a9cd96-e8f1-434e-9f4c-7c2ec3bb3f5a - - - - - -] Successfully bumped revision number for resource 0a27613d-863d-457c-b89c-d851f84dbe4e (type: subnets) to 0 [pid: 8|app: 0|req: 403/800] 10.0.0.143 () {34 vars in 668 bytes} [Wed Jun 10 11:38:01 2026] POST /v2.0/subnets => generated 626 bytes in 818 msecs (HTTP/1.1 201) 4 headers in 162 bytes (1 switches on core 0)
2026-06-10 11:38:02.160 7 INFO neutron.services.segments.plugin [-] Segment ca21a470-c2c9-4587-bfed-f3fbe607fc4c resource provider aggregate not found
2026-06-10 11:38:02.169 7 INFO neutron.services.segments.plugin [-] Segment ca21a470-c2c9-4587-bfed-f3fbe607fc4c resource provider aggregate not found
2026-06-10 11:38:02.179 7 INFO neutron.services.segments.plugin [-] Segment ca21a470-c2c9-4587-bfed-f3fbe607fc4c resource provider not found; error: Placement Client Error (4xx): {"errors": [{"status": 404, "title": "Not Found", "detail": "The resource could not be found.\n\n No resource provider with uuid ca21a470-c2c9-4587-bfed-f3fbe607fc4c found for delete ", "request_id": "req-2045b771-6d6f-4dfb-8a2f-1f2e51e03ad8"}]} [pid: 8|app: 0|req: 404/801] 10.0.0.140 () {34 vars in 1039 bytes} [Wed Jun 10 11:38:02 2026] GET /v2.0/security-groups?id=74a0de20-b6d3-46d5-aa21-c8c71ec52020&fields=id&fields=name => generated 113 bytes in 45 msecs (HTTP/1.1 200) 4 headers in 157 bytes (1 switches on core 0)
2026-06-10 11:38:02.186 7 INFO neutron.services.segments.plugin [-] Segment ca21a470-c2c9-4587-bfed-f3fbe607fc4c resource provider not found; error: Placement Client Error (4xx): {"errors": [{"status": 404, "title": "Not Found", "detail": "The resource could not be found.\n\n No resource provider with uuid ca21a470-c2c9-4587-bfed-f3fbe607fc4c found for delete ", "request_id": "req-3f057505-509f-426a-9ea3-1da30749824c"}]} [pid: 8|app: 0|req: 407/804] 10.0.0.140 () {34 vars in 989 bytes} [Wed Jun 10 11:38:02 2026] GET /v2.0/ports?device_id=c9be4714-b113-44ff-a7b7-8952a2171267 => generated 12 bytes in 26 msecs (HTTP/1.1 200) 4 headers in 156 bytes (1 switches on core 0) [pid: 7|app: 0|req: 398/805] 10.0.0.143 () {32 vars in 725 bytes} [Wed Jun 10 11:38:01 2026] DELETE /v2.0/networks/feccac0f-338e-44bd-bd9f-3719100b9d10 => generated 0 bytes in 412 msecs (HTTP/1.1 204) 3 headers in 131 bytes (1 switches on core 0) [pid: 8|app: 0|req: 408/806] 199.204.45.235 () {34 vars in 985 bytes} [Wed Jun 10 11:38:02 2026] GET /v2.0/networks?id=7d226f35-114f-4f63-8587-ad48001f8506 => generated 717 bytes in 65 msecs (HTTP/1.1 200) 4 headers in 157 bytes (1 switches on core 0)
2026-06-10 11:38:02.310 7 INFO neutron.notifiers.nova [-] Nova event matching ['req-208fbefa-7897-4249-a802-704cd04263b4'] response: {'name': 'network-changed', 'server_uuid': 'feb1b264-0f75-428d-a8db-fcffa8f48c5a', 'tag': 'f37a3b1c-fc1d-4e9d-91e8-d2aa96f703ff', 'status': 'completed', 'code': 200} [pid: 8|app: 0|req: 409/807] 10.0.0.143 () {32 vars in 648 bytes} [Wed Jun 10 11:38:02 2026] GET /v2.0/networks => generated 689 bytes in 40 msecs (HTTP/1.1 200) 4 headers in 157 bytes (1 switches on core 0) [pid: 8|app: 0|req: 410/808] 199.204.45.235 () {34 vars in 1049 bytes} [Wed Jun 10 11:38:02 2026] GET /v2.0/security-groups?fields=id&fields=name&tenant_id=c1fa5d4b30c84d7c9e420c4026898109 => generated 180 bytes in 32 msecs (HTTP/1.1 200) 4 headers in 157 bytes (1 switches on core 0)
2026-06-10 11:38:02.439 8 INFO neutron.db.segments_db [None req-7c0b3eb9-35e8-4415-925a-40c628ee1440 b7ece088c2df482b83f7de8806f0adea 638154688d244093921667e67e8c1b1a - - default default] Added segment 03ea2531-e6ed-4b1d-a119-fd5b2f37879a of type geneve for network c243727f-6a28-4f6e-bb87-1bd83d192951
2026-06-10 11:38:02.481 7 WARNING neutron.scheduler.dhcp_agent_scheduler [None req-790c037e-6310-446d-906e-1f9b9b2c18ae b22ec18b8d2049d088e5b8d0d7b3c8e4 1bb3d7d03fbb448a86354ef77f641021 - - default default] No more DHCP agents
2026-06-10 11:38:02.482 7 WARNING neutron.api.rpc.agentnotifiers.dhcp_rpc_agent_api [None req-790c037e-6310-446d-906e-1f9b9b2c18ae b22ec18b8d2049d088e5b8d0d7b3c8e4 1bb3d7d03fbb448a86354ef77f641021 - - default default] Unable to schedule network 6b8baf83-1372-477a-9b77-fcebf4b450c1: no agents available; will retry on subsequent port and subnet creation events.
2026-06-10 11:38:02.549 8 INFO neutron.db.ovn_revision_numbers_db [None req-7c0b3eb9-35e8-4415-925a-40c628ee1440 b7ece088c2df482b83f7de8806f0adea 638154688d244093921667e67e8c1b1a - - default default] Successfully bumped revision number for resource c243727f-6a28-4f6e-bb87-1bd83d192951 (type: networks) to 1
2026-06-10 11:38:02.619 7 INFO neutron.plugins.ml2.drivers.ovn.mech_driver.mech_driver [None req-5388d60a-45c2-4cf5-97aa-d64eeaa0313a - - - - - -] OVN reports status down for port: 7c8274f3-81e1-44b7-a380-48a967c953e3
2026-06-10 11:38:02.686 7 INFO neutron.db.ovn_revision_numbers_db [None req-790c037e-6310-446d-906e-1f9b9b2c18ae b22ec18b8d2049d088e5b8d0d7b3c8e4 1bb3d7d03fbb448a86354ef77f641021 - - default default] Successfully bumped revision number for resource 7c8274f3-81e1-44b7-a380-48a967c953e3 (type: ports) to 1
2026-06-10 11:38:02.796 8 WARNING neutron.scheduler.dhcp_agent_scheduler [None req-7c0b3eb9-35e8-4415-925a-40c628ee1440 b7ece088c2df482b83f7de8806f0adea 638154688d244093921667e67e8c1b1a - - default default] No more DHCP agents
2026-06-10 11:38:02.798 8 WARNING neutron.api.rpc.agentnotifiers.dhcp_rpc_agent_api [None req-7c0b3eb9-35e8-4415-925a-40c628ee1440 b7ece088c2df482b83f7de8806f0adea 638154688d244093921667e67e8c1b1a - - default default] Unable to schedule network c243727f-6a28-4f6e-bb87-1bd83d192951: no agents available; will retry on subsequent port and subnet creation events. [pid: 7|app: 0|req: 399/809] 10.0.0.143 () {34 vars in 664 bytes} [Wed Jun 10 11:38:02 2026] POST /v2.0/ports => generated 915 bytes in 578 msecs (HTTP/1.1 201) 4 headers in 162 bytes (1 switches on core 0)
2026-06-10 11:38:02.874 7 INFO neutron.plugins.ml2.drivers.ovn.mech_driver.mech_driver [None req-5388d60a-45c2-4cf5-97aa-d64eeaa0313a - - - - - -] OVN reports status down for port: 0e428b97-c853-4c43-8fd3-df780484c416
2026-06-10 11:38:02.879 8 INFO neutron.db.ovn_revision_numbers_db [None req-7c0b3eb9-35e8-4415-925a-40c628ee1440 b7ece088c2df482b83f7de8806f0adea 638154688d244093921667e67e8c1b1a - - default default] Successfully bumped revision number for resource 0e428b97-c853-4c43-8fd3-df780484c416 (type: ports) to 1 [pid: 8|app: 0|req: 411/810] 10.0.0.143 () {34 vars in 669 bytes} [Wed Jun 10 11:38:02 2026] POST /v2.0/networks => generated 668 bytes in 557 msecs (HTTP/1.1 201) 4 headers in 162 bytes (1 switches on core 0)
2026-06-10 11:38:03.075 8 INFO neutron_taas.services.taas.taas_plugin [None req-9a1bd765-5bbc-430c-9439-b3adf8aaebda b22ec18b8d2049d088e5b8d0d7b3c8e4 1bb3d7d03fbb448a86354ef77f641021 - - default default] TaaS: Handle Delete Port: 7c8274f3-81e1-44b7-a380-48a967c953e3
2026-06-10 11:38:03.079 8 INFO neutron_taas.services.taas.tap_mirror_plugin [None req-9a1bd765-5bbc-430c-9439-b3adf8aaebda b22ec18b8d2049d088e5b8d0d7b3c8e4 1bb3d7d03fbb448a86354ef77f641021 - - default default] Tap Mirror: Handle Delete Port: 7c8274f3-81e1-44b7-a380-48a967c953e3
2026-06-10 11:38:03.147 7 WARNING neutron.scheduler.dhcp_agent_scheduler [req-9ac832cf-e362-4979-9276-7b2a67678714 req-bed8c9bc-ff63-4bab-81bf-8f9aa9040cb9 ae0b4374c6ed4331973ea7b577924906 c1fa5d4b30c84d7c9e420c4026898109 - - default default] No more DHCP agents
2026-06-10 11:38:03.149 7 WARNING neutron.api.rpc.agentnotifiers.dhcp_rpc_agent_api [req-9ac832cf-e362-4979-9276-7b2a67678714 req-bed8c9bc-ff63-4bab-81bf-8f9aa9040cb9 ae0b4374c6ed4331973ea7b577924906 c1fa5d4b30c84d7c9e420c4026898109 - - default default] Unable to schedule network 7d226f35-114f-4f63-8587-ad48001f8506: no agents available; will retry on subsequent port and subnet creation events. [pid: 8|app: 0|req: 412/811] 10.0.0.143 () {32 vars in 719 bytes} [Wed Jun 10 11:38:02 2026] DELETE /v2.0/ports/7c8274f3-81e1-44b7-a380-48a967c953e3 => generated 0 bytes in 351 msecs (HTTP/1.1 204) 3 headers in 131 bytes (1 switches on core 0)
2026-06-10 11:38:03.276 7 INFO neutron.plugins.ml2.drivers.ovn.mech_driver.mech_driver [None req-5388d60a-45c2-4cf5-97aa-d64eeaa0313a - - - - - -] OVN reports status down for port: 64f7d6c6-0029-48e3-8b7d-f4860cdd9f6f
2026-06-10 11:38:03.345 7 INFO neutron.db.ovn_revision_numbers_db [req-9ac832cf-e362-4979-9276-7b2a67678714 req-bed8c9bc-ff63-4bab-81bf-8f9aa9040cb9 ae0b4374c6ed4331973ea7b577924906 c1fa5d4b30c84d7c9e420c4026898109 - - default default] Successfully bumped revision number for resource 64f7d6c6-0029-48e3-8b7d-f4860cdd9f6f (type: ports) to 1 [pid: 8|app: 0|req: 413/812] 199.204.45.235 () {34 vars in 1079 bytes} [Wed Jun 10 11:38:03 2026] GET /v2.0/ports?tenant_id=021b7edf37a240cf971e459496991dc3&device_id=feb1b264-0f75-428d-a8db-fcffa8f48c5a => generated 1211 bytes in 92 msecs (HTTP/1.1 200) 4 headers in 158 bytes (1 switches on core 0)
