2026-06-10 11:37:42.850 8 INFO neutron.db.ovn_revision_numbers_db [None req-5f10452f-663a-4da4-8c49-de3855904bb9 9760e958345948da8aa55d20486162d7 c34cd82e83434e75baa9e16610972c81 - - default default] Successfully bumped revision number for resource 5803063c-0bdd-49b0-8acc-b993347c12e2 (type: security_group_rules) to 0
2026-06-10 11:37:42.861 8 INFO neutron.db.ovn_revision_numbers_db [None req-5f10452f-663a-4da4-8c49-de3855904bb9 9760e958345948da8aa55d20486162d7 c34cd82e83434e75baa9e16610972c81 - - default default] Successfully bumped revision number for resource 794658e7-05e3-4027-a3c7-2887abc852b4 (type: security_group_rules) to 0
2026-06-10 11:37:42.872 8 INFO neutron.db.ovn_revision_numbers_db [None req-5f10452f-663a-4da4-8c49-de3855904bb9 9760e958345948da8aa55d20486162d7 c34cd82e83434e75baa9e16610972c81 - - default default] Successfully bumped revision number for resource ab9e0765-af67-43f5-8d45-f10286fb2eb7 (type: security_group_rules) to 0
2026-06-10 11:37:42.883 8 INFO neutron.db.ovn_revision_numbers_db [None req-5f10452f-663a-4da4-8c49-de3855904bb9 9760e958345948da8aa55d20486162d7 c34cd82e83434e75baa9e16610972c81 - - default default] Successfully bumped revision number for resource df145191-4979-4f28-bd0e-7ff1949de9b1 (type: security_group_rules) to 0
2026-06-10 11:37:42.956 8 INFO neutron.db.segments_db [None req-5f10452f-663a-4da4-8c49-de3855904bb9 9760e958345948da8aa55d20486162d7 c34cd82e83434e75baa9e16610972c81 - - default default] Added segment 95e7e38a-6a99-40b3-8433-8aa4bcf36e9e of type geneve for network 1eb4b2b7-c690-4590-88f6-71181fb86bb5
2026-06-10 11:37:43.068 8 INFO neutron.db.ovn_revision_numbers_db [None req-5f10452f-663a-4da4-8c49-de3855904bb9 9760e958345948da8aa55d20486162d7 c34cd82e83434e75baa9e16610972c81 - - default default] Successfully bumped revision number for resource 1eb4b2b7-c690-4590-88f6-71181fb86bb5 (type: networks) to 1
2026-06-10 11:37:43.215 8 WARNING neutron.scheduler.dhcp_agent_scheduler [None req-5f10452f-663a-4da4-8c49-de3855904bb9 9760e958345948da8aa55d20486162d7 c34cd82e83434e75baa9e16610972c81 - - default default] No more DHCP agents
2026-06-10 11:37:43.217 8 WARNING neutron.api.rpc.agentnotifiers.dhcp_rpc_agent_api [None req-5f10452f-663a-4da4-8c49-de3855904bb9 9760e958345948da8aa55d20486162d7 c34cd82e83434e75baa9e16610972c81 - - default default] Unable to schedule network 1eb4b2b7-c690-4590-88f6-71181fb86bb5: no agents available; will retry on subsequent port and subnet creation events.
2026-06-10 11:37:43.273 8 INFO neutron.plugins.ml2.drivers.ovn.mech_driver.mech_driver [None req-7a879a61-9a2c-4faa-a9d3-f5d67b27f344 - - - - - -] OVN reports status down for port: 4cd1b2ef-b073-4a32-9434-b3b966dd251b
2026-06-10 11:37:43.323 8 INFO neutron.db.ovn_revision_numbers_db [None req-5f10452f-663a-4da4-8c49-de3855904bb9 9760e958345948da8aa55d20486162d7 c34cd82e83434e75baa9e16610972c81 - - default default] Successfully bumped revision number for resource 4cd1b2ef-b073-4a32-9434-b3b966dd251b (type: ports) to 1 [pid: 8|app: 0|req: 363/714] 10.0.0.143 () {34 vars in 670 bytes} [Wed Jun 10 11:37:42 2026] POST /v2.0/networks => generated 773 bytes in 939 msecs (HTTP/1.1 201) 4 headers in 162 bytes (1 switches on core 0)
2026-06-10 11:37:43.368 7 INFO neutron.plugins.ml2.drivers.ovn.mech_driver.ovsdb.commands [None req-ebd9983d-6bc8-49e4-9c89-67142b0f0f7f - - - - - -] Schedule LRP lrp-b16c3a98-3283-4c92-87bb-ac4324d4d3a3 on gateway 82893e95-3038-4d34-b7cc-1d66a0868367 with priority 1
2026-06-10 11:37:43.398 7 INFO neutron.plugins.ml2.drivers.ovn.mech_driver.ovsdb.ovsdb_monitor [-] Router 767846bd-4dca-4bad-a0e5-81bd0808b807 is bound to host instance
2026-06-10 11:37:43.424 8 INFO neutron.plugins.ml2.drivers.ovn.mech_driver.mech_driver [None req-7a879a61-9a2c-4faa-a9d3-f5d67b27f344 - - - - - -] OVN reports status up for port: b16c3a98-3283-4c92-87bb-ac4324d4d3a3
2026-06-10 11:37:43.453 8 INFO neutron.plugins.ml2.plugin [None req-7a879a61-9a2c-4faa-a9d3-f5d67b27f344 - - - - - -] Attempt 1 to provision port b16c3a98-3283-4c92-87bb-ac4324d4d3a3
2026-06-10 11:37:43.538 7 INFO neutron.db.ovn_revision_numbers_db [None req-90e3453d-8b49-4ab6-a8d9-2a4b640caf10 9760e958345948da8aa55d20486162d7 c34cd82e83434e75baa9e16610972c81 - - default default] Successfully bumped revision number for resource b16c3a98-3283-4c92-87bb-ac4324d4d3a3 (type: router_ports) to 1
2026-06-10 11:37:43.594 8 INFO neutron_taas.services.taas.taas_plugin [None req-41ec10ea-0dd6-474c-acea-da29d514e5d8 fb1caf1981804e328ccaf6b735449dfb 2f195d145d1b4267b1ac5443d6cf0c49 - - default default] TaaS: Handle Delete Port: 347555d8-fdc3-49bb-9cff-fc5dd9b7043e
2026-06-10 11:37:43.597 8 INFO neutron_taas.services.taas.tap_mirror_plugin [None req-41ec10ea-0dd6-474c-acea-da29d514e5d8 fb1caf1981804e328ccaf6b735449dfb 2f195d145d1b4267b1ac5443d6cf0c49 - - default default] Tap Mirror: Handle Delete Port: 347555d8-fdc3-49bb-9cff-fc5dd9b7043e
2026-06-10 11:37:43.681 7 INFO neutron.db.ovn_revision_numbers_db [None req-90e3453d-8b49-4ab6-a8d9-2a4b640caf10 9760e958345948da8aa55d20486162d7 c34cd82e83434e75baa9e16610972c81 - - default default] Successfully bumped revision number for resource 767846bd-4dca-4bad-a0e5-81bd0808b807 (type: routers) to 2 [pid: 7|app: 0|req: 352/715] 10.0.0.143 () {34 vars in 668 bytes} [Wed Jun 10 11:37:42 2026] POST /v2.0/routers => generated 972 bytes in 1645 msecs (HTTP/1.1 201) 4 headers in 162 bytes (1 switches on core 0) [pid: 8|app: 0|req: 364/716] 10.0.0.143 () {32 vars in 725 bytes} [Wed Jun 10 11:37:43 2026] DELETE /v2.0/networks/cf7c3d79-8700-45f8-a5a2-f0862737556d => generated 0 bytes in 480 msecs (HTTP/1.1 204) 3 headers in 131 bytes (1 switches on core 0)
2026-06-10 11:37:43.976 8 WARNING neutron.scheduler.dhcp_agent_scheduler [None req-836089a0-a688-42ed-8b0a-498dc847cfd6 9760e958345948da8aa55d20486162d7 c34cd82e83434e75baa9e16610972c81 - - default default] No more DHCP agents
2026-06-10 11:37:43.977 8 WARNING neutron.api.rpc.agentnotifiers.dhcp_rpc_agent_api [None req-836089a0-a688-42ed-8b0a-498dc847cfd6 9760e958345948da8aa55d20486162d7 c34cd82e83434e75baa9e16610972c81 - - default default] Unable to schedule network 1eb4b2b7-c690-4590-88f6-71181fb86bb5: no agents available; will retry on subsequent port and subnet creation events.
2026-06-10 11:37:44.435 8 INFO neutron.services.segments.plugin [-] Segment e52e7ba7-b735-4266-8d06-1bf2575012bc resource provider aggregate not found
2026-06-10 11:37:44.444 8 INFO neutron.services.segments.plugin [-] Segment e52e7ba7-b735-4266-8d06-1bf2575012bc resource provider aggregate not found
2026-06-10 11:37:44.452 8 INFO neutron.db.ovn_revision_numbers_db [None req-added52c-cbdb-45c8-9f7f-7754a555da62 - - - - - -] Successfully bumped revision number for resource 4cd1b2ef-b073-4a32-9434-b3b966dd251b (type: ports) to 2
2026-06-10 11:37:44.463 8 INFO neutron.services.segments.plugin [-] Segment e52e7ba7-b735-4266-8d06-1bf2575012bc resource provider not found; error: Placement Client Error (4xx): {"errors": [{"status": 404, "title": "Not Found", "detail": "The resource could not be found.\n\n No resource provider with uuid e52e7ba7-b735-4266-8d06-1bf2575012bc found for delete ", "request_id": "req-e8c5fec7-9f47-47c9-b343-7a1c4c5e73bf"}]}
2026-06-10 11:37:44.463 8 INFO neutron.services.segments.plugin [-] Segment e52e7ba7-b735-4266-8d06-1bf2575012bc resource provider not found; error: Placement Client Error (4xx): {"errors": [{"status": 404, "title": "Not Found", "detail": "The resource could not be found.\n\n No resource provider with uuid e52e7ba7-b735-4266-8d06-1bf2575012bc found for delete ", "request_id": "req-974779e8-baa5-4a7a-af9a-2e7dfb306789"}]}
2026-06-10 11:37:44.469 7 INFO neutron.db.ovn_revision_numbers_db [None req-4c9a8cf7-0301-4c66-95ce-f97dd2883d95 9760e958345948da8aa55d20486162d7 c34cd82e83434e75baa9e16610972c81 - - default default] Successfully bumped revision number for resource c1be154f-84ba-48bf-a2c9-894cedafe288 (type: security_groups) to 1
2026-06-10 11:37:44.490 8 INFO neutron.db.ovn_revision_numbers_db [None req-added52c-cbdb-45c8-9f7f-7754a555da62 - - - - - -] Successfully bumped revision number for resource 3ad2e716-445e-43d6-a7cf-154a0054c1dc (type: subnets) to 0
2026-06-10 11:37:44.494 7 INFO neutron.db.ovn_revision_numbers_db [None req-4c9a8cf7-0301-4c66-95ce-f97dd2883d95 9760e958345948da8aa55d20486162d7 c34cd82e83434e75baa9e16610972c81 - - default default] Successfully bumped revision number for resource 4379c45e-1f7a-4d48-b70d-397aa98fb7cb (type: security_group_rules) to 0 [pid: 8|app: 0|req: 365/717] 10.0.0.143 () {34 vars in 668 bytes} [Wed Jun 10 11:37:43 2026] POST /v2.0/subnets => generated 698 bytes in 664 msecs (HTTP/1.1 201) 4 headers in 162 bytes (1 switches on core 0)
2026-06-10 11:37:44.516 7 INFO neutron.db.ovn_revision_numbers_db [None req-4c9a8cf7-0301-4c66-95ce-f97dd2883d95 9760e958345948da8aa55d20486162d7 c34cd82e83434e75baa9e16610972c81 - - default default] Successfully bumped revision number for resource a1eaf7b1-55d4-4ec2-b287-a624587d6ea5 (type: security_group_rules) to 0
2026-06-10 11:37:44.537 7 INFO neutron.db.ovn_revision_numbers_db [None req-4c9a8cf7-0301-4c66-95ce-f97dd2883d95 9760e958345948da8aa55d20486162d7 c34cd82e83434e75baa9e16610972c81 - - default default] Successfully bumped revision number for resource acacd066-7bb6-4271-a319-d7cb54b912b9 (type: security_group_rules) to 0
2026-06-10 11:37:44.562 7 INFO neutron.db.ovn_revision_numbers_db [None req-4c9a8cf7-0301-4c66-95ce-f97dd2883d95 9760e958345948da8aa55d20486162d7 c34cd82e83434e75baa9e16610972c81 - - default default] Successfully bumped revision number for resource dc7f1976-0965-4d80-bc08-79e1b35c6d3a (type: security_group_rules) to 0 [pid: 7|app: 0|req: 353/718] 10.0.0.143 () {32 vars in 773 bytes} [Wed Jun 10 11:37:43 2026] GET /v2.0/security-groups?tenant_id=f4346b335a374c46ae65658ac7275c93&name=default => generated 2925 bytes in 907 msecs (HTTP/1.1 200) 4 headers in 158 bytes (1 switches on core 0) [pid: 7|app: 0|req: 354/719] 10.0.0.143 () {32 vars in 648 bytes} [Wed Jun 10 11:37:44 2026] GET /v2.0/networks => generated 689 bytes in 121 msecs (HTTP/1.1 200) 4 headers in 157 bytes (1 switches on core 0)
2026-06-10 11:37:45.018 8 WARNING neutron.scheduler.dhcp_agent_scheduler [None req-08035ad1-3279-44b3-b5af-068084f65d55 9760e958345948da8aa55d20486162d7 c34cd82e83434e75baa9e16610972c81 - - default default] No more DHCP agents
2026-06-10 11:37:45.020 8 WARNING neutron.api.rpc.agentnotifiers.dhcp_rpc_agent_api [None req-08035ad1-3279-44b3-b5af-068084f65d55 9760e958345948da8aa55d20486162d7 c34cd82e83434e75baa9e16610972c81 - - default default] Unable to schedule network 7d226f35-114f-4f63-8587-ad48001f8506: no agents available; will retry on subsequent port and subnet creation events.
2026-06-10 11:37:45.164 8 INFO neutron.db.ovn_revision_numbers_db [None req-08035ad1-3279-44b3-b5af-068084f65d55 9760e958345948da8aa55d20486162d7 c34cd82e83434e75baa9e16610972c81 - - default default] Successfully bumped revision number for resource cbab8764-256d-4ded-898d-12fa3e3ad708 (type: ports) to 1
2026-06-10 11:37:45.513 7 INFO neutron.db.ovn_revision_numbers_db [None req-3250c329-65fc-411a-98fd-4377fdd653bc - - - - - -] Successfully bumped revision number for resource b16c3a98-3283-4c92-87bb-ac4324d4d3a3 (type: ports) to 4
2026-06-10 11:37:45.555 7 WARNING neutron.scheduler.dhcp_agent_scheduler [None req-827a7a6c-869f-49f7-bff7-053db7e53681 9760e958345948da8aa55d20486162d7 c34cd82e83434e75baa9e16610972c81 - - default default] No more DHCP agents
2026-06-10 11:37:45.558 7 WARNING neutron.api.rpc.agentnotifiers.dhcp_rpc_agent_api [None req-827a7a6c-869f-49f7-bff7-053db7e53681 9760e958345948da8aa55d20486162d7 c34cd82e83434e75baa9e16610972c81 - - default default] Unable to schedule network 3d8d55ae-7179-4463-bd88-18677c1f1747: no agents available; will retry on subsequent port and subnet creation events.
2026-06-10 11:37:45.847 7 INFO neutron.db.ovn_revision_numbers_db [None req-827a7a6c-869f-49f7-bff7-053db7e53681 9760e958345948da8aa55d20486162d7 c34cd82e83434e75baa9e16610972c81 - - default default] Successfully bumped revision number for resource ddde6917-2e4d-4cfb-9d2e-eeca4c0648f8 (type: ports) to 1
2026-06-10 11:37:45.878 8 INFO neutron.plugins.ml2.drivers.ovn.mech_driver.mech_driver [None req-7a879a61-9a2c-4faa-a9d3-f5d67b27f344 - - - - - -] OVN reports status down for port: cbab8764-256d-4ded-898d-12fa3e3ad708
2026-06-10 11:37:45.893 8 WARNING neutron.scheduler.dhcp_agent_scheduler [None req-08035ad1-3279-44b3-b5af-068084f65d55 9760e958345948da8aa55d20486162d7 c34cd82e83434e75baa9e16610972c81 - - default default] No more DHCP agents
2026-06-10 11:37:45.895 8 WARNING neutron.api.rpc.agentnotifiers.dhcp_rpc_agent_api [None req-08035ad1-3279-44b3-b5af-068084f65d55 9760e958345948da8aa55d20486162d7 c34cd82e83434e75baa9e16610972c81 - - default default] Unable to schedule network 7d226f35-114f-4f63-8587-ad48001f8506: no agents available; will retry on subsequent port and subnet creation events.
2026-06-10 11:37:46.001 8 WARNING neutron.plugins.ml2.drivers.ovn.mech_driver.ovsdb.ovn_client [None req-7a879a61-9a2c-4faa-a9d3-f5d67b27f344 - - - - - -] Logical_Switch_Port %s host information not removed, the port state is up
2026-06-10 11:37:46.001 8 INFO neutron.plugins.ml2.drivers.ovn.mech_driver.mech_driver [None req-7a879a61-9a2c-4faa-a9d3-f5d67b27f344 - - - - - -] OVN reports status up for port: cbab8764-256d-4ded-898d-12fa3e3ad708
2026-06-10 11:37:46.020 8 INFO neutron.plugins.ml2.plugin [None req-7a879a61-9a2c-4faa-a9d3-f5d67b27f344 - - - - - -] Attempt 1 to provision port cbab8764-256d-4ded-898d-12fa3e3ad708
2026-06-10 11:37:46.142 7 INFO neutron.db.ovn_revision_numbers_db [None req-3250c329-65fc-411a-98fd-4377fdd653bc - - - - - -] Successfully bumped revision number for resource b16c3a98-3283-4c92-87bb-ac4324d4d3a3 (type: ports) to 5
2026-06-10 11:37:46.721 7 INFO neutron.plugins.ml2.drivers.ovn.mech_driver.ovsdb.commands [None req-ebd9983d-6bc8-49e4-9c89-67142b0f0f7f - - - - - -] Schedule LRP lrp-ddde6917-2e4d-4cfb-9d2e-eeca4c0648f8 on gateway 82893e95-3038-4d34-b7cc-1d66a0868367 with priority 1
2026-06-10 11:37:46.744 8 INFO neutron.plugins.ml2.drivers.ovn.mech_driver.ovsdb.ovsdb_monitor [None req-691ca24e-d771-4eb4-b12e-5f4237f763d0 - - - - - -] Router 32405161-08a9-46c7-9204-9ef9b5491361 is bound to host instance
2026-06-10 11:37:46.791 7 INFO neutron.db.ovn_revision_numbers_db [None req-827a7a6c-869f-49f7-bff7-053db7e53681 9760e958345948da8aa55d20486162d7 c34cd82e83434e75baa9e16610972c81 - - default default] Successfully bumped revision number for resource ddde6917-2e4d-4cfb-9d2e-eeca4c0648f8 (type: router_ports) to 1
2026-06-10 11:37:46.865 7 INFO neutron.db.ovn_revision_numbers_db [None req-827a7a6c-869f-49f7-bff7-053db7e53681 9760e958345948da8aa55d20486162d7 c34cd82e83434e75baa9e16610972c81 - - default default] Successfully bumped revision number for resource 32405161-08a9-46c7-9204-9ef9b5491361 (type: routers) to 2 [pid: 7|app: 0|req: 355/720] 10.0.0.143 () {34 vars in 668 bytes} [Wed Jun 10 11:37:44 2026] POST /v2.0/routers => generated 976 bytes in 2117 msecs (HTTP/1.1 201) 4 headers in 162 bytes (1 switches on core 0)
2026-06-10 11:37:47.010 8 INFO neutron.db.ovn_revision_numbers_db [None req-08035ad1-3279-44b3-b5af-068084f65d55 9760e958345948da8aa55d20486162d7 c34cd82e83434e75baa9e16610972c81 - - default default] Successfully bumped revision number for resource cbab8764-256d-4ded-898d-12fa3e3ad708 (type: router_ports) to 1 [pid: 8|app: 0|req: 366/721] 10.0.0.143 () {34 vars in 782 bytes} [Wed Jun 10 11:37:44 2026] PUT /v2.0/routers/767846bd-4dca-4bad-a0e5-81bd0808b807/add_router_interface => generated 309 bytes in 2518 msecs (HTTP/1.1 200) 4 headers in 157 bytes (1 switches on core 0) [pid: 7|app: 0|req: 356/722] 10.0.0.143 () {32 vars in 739 bytes} [Wed Jun 10 11:37:46 2026] DELETE /v2.0/security-groups/c1be154f-84ba-48bf-a2c9-894cedafe288 => generated 0 bytes in 248 msecs (HTTP/1.1 204) 2 headers in 112 bytes (1 switches on core 0)
2026-06-10 11:37:47.164 8 INFO neutron.db.segments_db [None req-23b84eea-f8f8-478f-9e8c-81065ce252f9 fb1caf1981804e328ccaf6b735449dfb 2f195d145d1b4267b1ac5443d6cf0c49 - - default default] Added segment aa15e582-465c-4ac1-80f6-2b2cb06c3399 of type geneve for network 3cc3a130-4d81-426a-89b7-f8d2fcc3e6b6
2026-06-10 11:37:47.203 8 INFO neutron.db.ovn_revision_numbers_db [None req-7a879a61-9a2c-4faa-a9d3-f5d67b27f344 - - - - - -] Successfully bumped revision number for resource cbab8764-256d-4ded-898d-12fa3e3ad708 (type: ports) to 2
2026-06-10 11:37:47.524 8 INFO neutron.db.ovn_revision_numbers_db [None req-23b84eea-f8f8-478f-9e8c-81065ce252f9 fb1caf1981804e328ccaf6b735449dfb 2f195d145d1b4267b1ac5443d6cf0c49 - - default default] Successfully bumped revision number for resource 3cc3a130-4d81-426a-89b7-f8d2fcc3e6b6 (type: networks) to 1
2026-06-10 11:37:47.568 7 WARNING neutron.scheduler.dhcp_agent_scheduler [None req-9b8e757f-a44d-45f1-bc88-19491e94e76c 9760e958345948da8aa55d20486162d7 c34cd82e83434e75baa9e16610972c81 - - default default] No more DHCP agents
2026-06-10 11:37:47.569 7 WARNING neutron.api.rpc.agentnotifiers.dhcp_rpc_agent_api [None req-9b8e757f-a44d-45f1-bc88-19491e94e76c 9760e958345948da8aa55d20486162d7 c34cd82e83434e75baa9e16610972c81 - - default default] Unable to schedule network 1eb4b2b7-c690-4590-88f6-71181fb86bb5: no agents available; will retry on subsequent port and subnet creation events.
2026-06-10 11:37:47.666 7 INFO neutron.plugins.ml2.drivers.ovn.mech_driver.mech_driver [None req-daf666bb-a17b-42a9-ad7d-ae1430c1d8fa - - - - - -] OVN reports status down for port: d89e63ac-0b03-4f85-80a5-66b8e0ac82b6
2026-06-10 11:37:47.740 7 INFO neutron.db.ovn_revision_numbers_db [None req-9b8e757f-a44d-45f1-bc88-19491e94e76c 9760e958345948da8aa55d20486162d7 c34cd82e83434e75baa9e16610972c81 - - default default] Successfully bumped revision number for resource d89e63ac-0b03-4f85-80a5-66b8e0ac82b6 (type: ports) to 1
2026-06-10 11:37:47.900 8 WARNING neutron.scheduler.dhcp_agent_scheduler [None req-23b84eea-f8f8-478f-9e8c-81065ce252f9 fb1caf1981804e328ccaf6b735449dfb 2f195d145d1b4267b1ac5443d6cf0c49 - - default default] No more DHCP agents
2026-06-10 11:37:47.902 8 WARNING neutron.api.rpc.agentnotifiers.dhcp_rpc_agent_api [None req-23b84eea-f8f8-478f-9e8c-81065ce252f9 fb1caf1981804e328ccaf6b735449dfb 2f195d145d1b4267b1ac5443d6cf0c49 - - default default] Unable to schedule network 3cc3a130-4d81-426a-89b7-f8d2fcc3e6b6: no agents available; will retry on subsequent port and subnet creation events.
2026-06-10 11:37:48.041 8 INFO neutron.db.ovn_revision_numbers_db [None req-23b84eea-f8f8-478f-9e8c-81065ce252f9 fb1caf1981804e328ccaf6b735449dfb 2f195d145d1b4267b1ac5443d6cf0c49 - - default default] Successfully bumped revision number for resource 5de1a804-a401-42d0-b65d-8f8d5b726488 (type: ports) to 1 [pid: 8|app: 0|req: 367/725] 10.0.0.143 () {34 vars in 669 bytes} [Wed Jun 10 11:37:47 2026] POST /v2.0/networks => generated 672 bytes in 1067 msecs (HTTP/1.1 201) 4 headers in 162 bytes (1 switches on core 0)
2026-06-10 11:37:48.335 8 INFO neutron.db.ovn_revision_numbers_db [None req-476b4b3e-2c86-42c2-9df2-0435ff1f987a 9760e958345948da8aa55d20486162d7 c34cd82e83434e75baa9e16610972c81 - - default default] Successfully bumped revision number for resource 026e22c7-e0cc-4681-b4c2-0f3b62293645 (type: security_groups) to 1
2026-06-10 11:37:48.357 8 INFO neutron.db.ovn_revision_numbers_db [None req-476b4b3e-2c86-42c2-9df2-0435ff1f987a 9760e958345948da8aa55d20486162d7 c34cd82e83434e75baa9e16610972c81 - - default default] Successfully bumped revision number for resource 2fdd39b4-fe29-4cac-8667-772ff364b409 (type: security_group_rules) to 0
2026-06-10 11:37:48.390 8 INFO neutron.db.ovn_revision_numbers_db [None req-476b4b3e-2c86-42c2-9df2-0435ff1f987a 9760e958345948da8aa55d20486162d7 c34cd82e83434e75baa9e16610972c81 - - default default] Successfully bumped revision number for resource 584db52c-c0b5-4259-8dfd-5a04fca79f7f (type: security_group_rules) to 0
2026-06-10 11:37:48.428 8 INFO neutron.db.ovn_revision_numbers_db [None req-476b4b3e-2c86-42c2-9df2-0435ff1f987a 9760e958345948da8aa55d20486162d7 c34cd82e83434e75baa9e16610972c81 - - default default] Successfully bumped revision number for resource 8a190141-55e8-4de0-af0b-5e9835f35d02 (type: security_group_rules) to 0
2026-06-10 11:37:48.434 7 INFO neutron.plugins.ml2.drivers.ovn.mech_driver.mech_driver [None req-daf666bb-a17b-42a9-ad7d-ae1430c1d8fa - - - - - -] OVN reports status up for port: d89e63ac-0b03-4f85-80a5-66b8e0ac82b6
2026-06-10 11:37:48.451 8 INFO neutron.db.ovn_revision_numbers_db [None req-476b4b3e-2c86-42c2-9df2-0435ff1f987a 9760e958345948da8aa55d20486162d7 c34cd82e83434e75baa9e16610972c81 - - default default] Successfully bumped revision number for resource a8551b9d-00c8-47f5-84b7-b513cfa9261e (type: security_group_rules) to 0
2026-06-10 11:37:48.459 7 INFO neutron.plugins.ml2.plugin [None req-daf666bb-a17b-42a9-ad7d-ae1430c1d8fa - - - - - -] Attempt 1 to provision port d89e63ac-0b03-4f85-80a5-66b8e0ac82b6 [pid: 8|app: 0|req: 368/726] 10.0.0.143 () {32 vars in 773 bytes} [Wed Jun 10 11:37:48 2026] GET /v2.0/security-groups?tenant_id=95fca3fd833a46ea98a6a0039012454f&name=default => generated 2925 bytes in 439 msecs (HTTP/1.1 200) 4 headers in 158 bytes (1 switches on core 0)
2026-06-10 11:37:48.556 8 INFO neutron.db.ovn_revision_numbers_db [None req-52f77797-39dc-4777-9c30-7a40dcf1e18d - - - - - -] Successfully bumped revision number for resource ddde6917-2e4d-4cfb-9d2e-eeca4c0648f8 (type: ports) to 4
2026-06-10 11:37:48.589 7 WARNING neutron.scheduler.dhcp_agent_scheduler [None req-9b8e757f-a44d-45f1-bc88-19491e94e76c 9760e958345948da8aa55d20486162d7 c34cd82e83434e75baa9e16610972c81 - - default default] No more DHCP agents
2026-06-10 11:37:48.617 7 WARNING neutron.api.rpc.agentnotifiers.dhcp_rpc_agent_api [None req-9b8e757f-a44d-45f1-bc88-19491e94e76c 9760e958345948da8aa55d20486162d7 c34cd82e83434e75baa9e16610972c81 - - default default] Unable to schedule network 1eb4b2b7-c690-4590-88f6-71181fb86bb5: no agents available; will retry on subsequent port and subnet creation events.
2026-06-10 11:37:48.825 8 INFO neutron.db.ovn_revision_numbers_db [None req-067c6202-f788-4767-9f8c-4a1a01cf6b96 ae0b4374c6ed4331973ea7b577924906 c1fa5d4b30c84d7c9e420c4026898109 - - default default] Successfully bumped revision number for resource 731921dd-a3d9-4060-b9a5-2c75c04b2c3c (type: security_groups) to 1
2026-06-10 11:37:48.849 8 INFO neutron.db.ovn_revision_numbers_db [None req-067c6202-f788-4767-9f8c-4a1a01cf6b96 ae0b4374c6ed4331973ea7b577924906 c1fa5d4b30c84d7c9e420c4026898109 - - default default] Successfully bumped revision number for resource 100f9826-a03c-48ec-ae25-7780a9c9088f (type: security_group_rules) to 0
2026-06-10 11:37:48.874 8 INFO neutron.db.ovn_revision_numbers_db [None req-067c6202-f788-4767-9f8c-4a1a01cf6b96 ae0b4374c6ed4331973ea7b577924906 c1fa5d4b30c84d7c9e420c4026898109 - - default default] Successfully bumped revision number for resource ec94f5a2-c56f-4c06-8bfc-e52346d74aa9 (type: security_group_rules) to 0 [pid: 8|app: 0|req: 369/727] 10.0.0.143 () {34 vars in 684 bytes} [Wed Jun 10 11:37:48 2026] POST /v2.0/security-groups => generated 1659 bytes in 413 msecs (HTTP/1.1 201) 4 headers in 163 bytes (1 switches on core 0)
2026-06-10 11:37:49.081 8 INFO neutron.db.segments_db [None req-1dbf37f6-fe23-4d6d-bc51-979113b387d7 fb1caf1981804e328ccaf6b735449dfb 2f195d145d1b4267b1ac5443d6cf0c49 - - default default] Added segment ef3bb163-9a03-416d-a05f-8943f4d6309e of type geneve for network c7b2ce64-014e-4959-88f4-27cc700fb3a4
2026-06-10 11:37:49.180 8 INFO neutron.db.ovn_revision_numbers_db [None req-52f77797-39dc-4777-9c30-7a40dcf1e18d - - - - - -] Successfully bumped revision number for resource ddde6917-2e4d-4cfb-9d2e-eeca4c0648f8 (type: ports) to 5
2026-06-10 11:37:49.242 7 INFO neutron.db.ovn_revision_numbers_db [None req-daf666bb-a17b-42a9-ad7d-ae1430c1d8fa - - - - - -] Successfully bumped revision number for resource d89e63ac-0b03-4f85-80a5-66b8e0ac82b6 (type: ports) to 2
2026-06-10 11:37:49.260 8 INFO neutron.db.ovn_revision_numbers_db [None req-1dbf37f6-fe23-4d6d-bc51-979113b387d7 fb1caf1981804e328ccaf6b735449dfb 2f195d145d1b4267b1ac5443d6cf0c49 - - default default] Successfully bumped revision number for resource c7b2ce64-014e-4959-88f4-27cc700fb3a4 (type: networks) to 1
2026-06-10 11:37:49.474 8 WARNING neutron.scheduler.dhcp_agent_scheduler [None req-1dbf37f6-fe23-4d6d-bc51-979113b387d7 fb1caf1981804e328ccaf6b735449dfb 2f195d145d1b4267b1ac5443d6cf0c49 - - default default] No more DHCP agents
2026-06-10 11:37:49.480 8 WARNING neutron.api.rpc.agentnotifiers.dhcp_rpc_agent_api [None req-1dbf37f6-fe23-4d6d-bc51-979113b387d7 fb1caf1981804e328ccaf6b735449dfb 2f195d145d1b4267b1ac5443d6cf0c49 - - default default] Unable to schedule network c7b2ce64-014e-4959-88f4-27cc700fb3a4: no agents available; will retry on subsequent port and subnet creation events.
2026-06-10 11:37:49.581 8 INFO neutron.db.ovn_revision_numbers_db [None req-1dbf37f6-fe23-4d6d-bc51-979113b387d7 fb1caf1981804e328ccaf6b735449dfb 2f195d145d1b4267b1ac5443d6cf0c49 - - default default] Successfully bumped revision number for resource b0d7204d-65be-4230-94f2-a9cf3c1b9ebc (type: ports) to 1 [pid: 8|app: 0|req: 370/728] 10.0.0.143 () {34 vars in 669 bytes} [Wed Jun 10 11:37:48 2026] POST /v2.0/networks => generated 673 bytes in 661 msecs (HTTP/1.1 201) 4 headers in 162 bytes (1 switches on core 0)
2026-06-10 11:37:49.609 7 INFO neutron.db.ovn_revision_numbers_db [None req-9b8e757f-a44d-45f1-bc88-19491e94e76c 9760e958345948da8aa55d20486162d7 c34cd82e83434e75baa9e16610972c81 - - default default] Successfully bumped revision number for resource d89e63ac-0b03-4f85-80a5-66b8e0ac82b6 (type: router_ports) to 1 [pid: 7|app: 0|req: 359/729] 10.0.0.143 () {34 vars in 782 bytes} [Wed Jun 10 11:37:47 2026] PUT /v2.0/routers/32405161-08a9-46c7-9204-9ef9b5491361/add_router_interface => generated 309 bytes in 2479 msecs (HTTP/1.1 200) 4 headers in 157 bytes (1 switches on core 0)
2026-06-10 11:37:49.779 7 INFO neutron.db.ovn_revision_numbers_db [None req-5b5cbdf6-06b6-4298-8d39-f09e51e8f87d ae0b4374c6ed4331973ea7b577924906 c1fa5d4b30c84d7c9e420c4026898109 - - default default] Successfully bumped revision number for resource 1505bdd7-73a9-4fa8-8cfe-2c6dd0306de3 (type: security_group_rules) to 0 [pid: 7|app: 0|req: 360/730] 10.0.0.143 () {34 vars in 694 bytes} [Wed Jun 10 11:37:49 2026] POST /v2.0/security-group-rules => generated 597 bytes in 209 msecs (HTTP/1.1 201) 4 headers in 162 bytes (1 switches on core 0) [pid: 8|app: 0|req: 371/731] 10.0.0.143 () {32 vars in 739 bytes} [Wed Jun 10 11:37:49 2026] DELETE /v2.0/security-groups/026e22c7-e0cc-4681-b4c2-0f3b62293645 => generated 0 bytes in 256 msecs (HTTP/1.1 204) 2 headers in 112 bytes (1 switches on core 0)
2026-06-10 11:37:49.984 8 INFO neutron.db.ovn_revision_numbers_db [None req-2b6175cb-8746-47a9-84b5-3ec77e540866 ae0b4374c6ed4331973ea7b577924906 c1fa5d4b30c84d7c9e420c4026898109 - - default default] Successfully bumped revision number for resource 3d15443a-7c4f-4952-bc59-99c5145eca6a (type: security_group_rules) to 0 [pid: 8|app: 0|req: 372/732] 10.0.0.143 () {34 vars in 694 bytes} [Wed Jun 10 11:37:49 2026] POST /v2.0/security-group-rules => generated 602 bytes in 148 msecs (HTTP/1.1 201) 4 headers in 162 bytes (1 switches on core 0)
2026-06-10 11:37:50.231 8 WARNING neutron.scheduler.dhcp_agent_scheduler [None req-48204c4c-f2a8-4bb4-b552-b6c54ce3e8e0 ae0b4374c6ed4331973ea7b577924906 c1fa5d4b30c84d7c9e420c4026898109 - - default default] No more DHCP agents
2026-06-10 11:37:50.232 8 WARNING neutron.api.rpc.agentnotifiers.dhcp_rpc_agent_api [None req-48204c4c-f2a8-4bb4-b552-b6c54ce3e8e0 ae0b4374c6ed4331973ea7b577924906 c1fa5d4b30c84d7c9e420c4026898109 - - default default] Unable to schedule network 3d8d55ae-7179-4463-bd88-18677c1f1747: no agents available; will retry on subsequent port and subnet creation events.
2026-06-10 11:37:50.296 7 WARNING neutron.scheduler.dhcp_agent_scheduler [None req-05c43f04-4271-4491-a67b-9a46d9fa45d5 fb1caf1981804e328ccaf6b735449dfb 2f195d145d1b4267b1ac5443d6cf0c49 - - default default] No more DHCP agents
2026-06-10 11:37:50.297 7 WARNING neutron.api.rpc.agentnotifiers.dhcp_rpc_agent_api [None req-05c43f04-4271-4491-a67b-9a46d9fa45d5 fb1caf1981804e328ccaf6b735449dfb 2f195d145d1b4267b1ac5443d6cf0c49 - - default default] Unable to schedule network 3cc3a130-4d81-426a-89b7-f8d2fcc3e6b6: no agents available; will retry on subsequent port and subnet creation events.
2026-06-10 11:37:50.422 7 INFO neutron.db.ovn_revision_numbers_db [None req-05c43f04-4271-4491-a67b-9a46d9fa45d5 fb1caf1981804e328ccaf6b735449dfb 2f195d145d1b4267b1ac5443d6cf0c49 - - default default] Successfully bumped revision number for resource 11599689-8d70-4f12-abff-c27291488e5e (type: ports) to 1
2026-06-10 11:37:50.480 7 WARNING neutron.scheduler.dhcp_agent_scheduler [None req-05c43f04-4271-4491-a67b-9a46d9fa45d5 fb1caf1981804e328ccaf6b735449dfb 2f195d145d1b4267b1ac5443d6cf0c49 - - default default] No more DHCP agents
2026-06-10 11:37:50.482 7 WARNING neutron.api.rpc.agentnotifiers.dhcp_rpc_agent_api [None req-05c43f04-4271-4491-a67b-9a46d9fa45d5 fb1caf1981804e328ccaf6b735449dfb 2f195d145d1b4267b1ac5443d6cf0c49 - - default default] Unable to schedule network c7b2ce64-014e-4959-88f4-27cc700fb3a4: no agents available; will retry on subsequent port and subnet creation events.
2026-06-10 11:37:50.603 7 INFO neutron.db.ovn_revision_numbers_db [None req-05c43f04-4271-4491-a67b-9a46d9fa45d5 fb1caf1981804e328ccaf6b735449dfb 2f195d145d1b4267b1ac5443d6cf0c49 - - default default] Successfully bumped revision number for resource 82524745-c250-4df4-ba81-7b3d5c723d81 (type: ports) to 1 [pid: 7|app: 0|req: 361/733] 10.0.0.143 () {34 vars in 664 bytes} [Wed Jun 10 11:37:49 2026] POST /v2.0/ports => generated 1506 bytes in 850 msecs (HTTP/1.1 201) 4 headers in 163 bytes (1 switches on core 0) /var/lib/openstack/lib/python3.12/site-packages/pycadf/identifier.py:70: UserWarning: Invalid uuid: neutron. To ensure interoperability, identifiers should be a valid uuid. warnings.warn(('Invalid uuid: %s. To ensure interoperability, ' [pid: 8|app: 0|req: 373/734] 10.0.0.143 () {34 vars in 675 bytes} [Wed Jun 10 11:37:50 2026] POST /v2.0/floatingips => generated 552 bytes in 713 msecs (HTTP/1.1 201) 4 headers in 162 bytes (1 switches on core 0)
2026-06-10 11:37:50.835 7 INFO neutron.db.ovn_revision_numbers_db [None req-0c86b837-29b5-4435-a377-f13b074b7c84 5b869fd85a6643d5b4e38575dc7ef7ee 021b7edf37a240cf971e459496991dc3 - - default default] Successfully bumped revision number for resource 74a0de20-b6d3-46d5-aa21-c8c71ec52020 (type: security_groups) to 1
2026-06-10 11:37:50.845 7 INFO neutron.db.ovn_revision_numbers_db [None req-0c86b837-29b5-4435-a377-f13b074b7c84 5b869fd85a6643d5b4e38575dc7ef7ee 021b7edf37a240cf971e459496991dc3 - - default default] Successfully bumped revision number for resource 4b2f916f-fc72-47ac-b8e1-7977de85b8d8 (type: security_group_rules) to 0
2026-06-10 11:37:50.855 7 INFO neutron.db.ovn_revision_numbers_db [None req-0c86b837-29b5-4435-a377-f13b074b7c84 5b869fd85a6643d5b4e38575dc7ef7ee 021b7edf37a240cf971e459496991dc3 - - default default] Successfully bumped revision number for resource 5bbfdca1-a5cb-4887-917c-14006b56e137 (type: security_group_rules) to 0 [pid: 7|app: 0|req: 362/735] 10.0.0.143 () {34 vars in 684 bytes} [Wed Jun 10 11:37:50 2026] POST /v2.0/security-groups => generated 1660 bytes in 217 msecs (HTTP/1.1 201) 4 headers in 163 bytes (1 switches on core 0) [pid: 8|app: 0|req: 374/736] 10.0.0.143 () {32 vars in 642 bytes} [Wed Jun 10 11:37:50 2026] GET /v2.0/ports => generated 3018 bytes in 167 msecs (HTTP/1.1 200) 4 headers in 158 bytes (1 switches on core 0)
2026-06-10 11:37:51.052 7 INFO neutron.db.ovn_revision_numbers_db [None req-a2c28ea4-5ab6-4c85-8757-30af137a20b7 5b869fd85a6643d5b4e38575dc7ef7ee 021b7edf37a240cf971e459496991dc3 - - default default] Successfully bumped revision number for resource 03dc1351-d219-4bdb-a4c1-66715b3cfef4 (type: security_group_rules) to 0 [pid: 7|app: 0|req: 363/737] 10.0.0.143 () {34 vars in 694 bytes} [Wed Jun 10 11:37:50 2026] POST /v2.0/security-group-rules => generated 597 bytes in 177 msecs (HTTP/1.1 201) 4 headers in 162 bytes (1 switches on core 0)
2026-06-10 11:37:51.094 8 INFO neutron_taas.services.taas.taas_plugin [None req-ed3542cf-df6c-4839-91aa-3265850f2142 fb1caf1981804e328ccaf6b735449dfb 2f195d145d1b4267b1ac5443d6cf0c49 - - default default] TaaS: Handle Delete Port: 11599689-8d70-4f12-abff-c27291488e5e
2026-06-10 11:37:51.100 8 INFO neutron_taas.services.taas.tap_mirror_plugin [None req-ed3542cf-df6c-4839-91aa-3265850f2142 fb1caf1981804e328ccaf6b735449dfb 2f195d145d1b4267b1ac5443d6cf0c49 - - default default] Tap Mirror: Handle Delete Port: 11599689-8d70-4f12-abff-c27291488e5e [pid: 8|app: 0|req: 375/738] 10.0.0.143 () {32 vars in 719 bytes} [Wed Jun 10 11:37:50 2026] DELETE /v2.0/ports/11599689-8d70-4f12-abff-c27291488e5e => generated 0 bytes in 334 msecs (HTTP/1.1 204) 3 headers in 131 bytes (1 switches on core 0)
2026-06-10 11:37:51.256 7 INFO neutron.db.ovn_revision_numbers_db [None req-0734ef4a-b257-43df-aa5a-54769f1b41d8 5b869fd85a6643d5b4e38575dc7ef7ee 021b7edf37a240cf971e459496991dc3 - - default default] Successfully bumped revision number for resource 55272ed5-5edd-4ce5-bbf8-eb11cdd32769 (type: security_group_rules) to 0 [pid: 7|app: 0|req: 364/739] 10.0.0.143 () {34 vars in 694 bytes} [Wed Jun 10 11:37:51 2026] POST /v2.0/security-group-rules => generated 602 bytes in 211 msecs (HTTP/1.1 201) 4 headers in 162 bytes (1 switches on core 0)
2026-06-10 11:37:51.376 8 INFO neutron_taas.services.taas.taas_plugin [None req-ebd1cdd3-980f-4181-aaf7-c40a131b42d8 fb1caf1981804e328ccaf6b735449dfb 2f195d145d1b4267b1ac5443d6cf0c49 - - default default] TaaS: Handle Delete Port: 82524745-c250-4df4-ba81-7b3d5c723d81
2026-06-10 11:37:51.379 8 INFO neutron_taas.services.taas.tap_mirror_plugin [None req-ebd1cdd3-980f-4181-aaf7-c40a131b42d8 fb1caf1981804e328ccaf6b735449dfb 2f195d145d1b4267b1ac5443d6cf0c49 - - default default] Tap Mirror: Handle Delete Port: 82524745-c250-4df4-ba81-7b3d5c723d81 [pid: 8|app: 0|req: 376/740] 10.0.0.143 () {32 vars in 719 bytes} [Wed Jun 10 11:37:51 2026] DELETE /v2.0/ports/82524745-c250-4df4-ba81-7b3d5c723d81 => generated 0 bytes in 239 msecs (HTTP/1.1 204) 3 headers in 131 bytes (1 switches on core 0) [pid: 8|app: 0|req: 377/741] 10.0.0.143 () {32 vars in 642 bytes} [Wed Jun 10 11:37:51 2026] GET /v2.0/ports => generated 1523 bytes in 40 msecs (HTTP/1.1 200) 4 headers in 158 bytes (1 switches on core 0)
2026-06-10 11:37:51.623 7 WARNING neutron.scheduler.dhcp_agent_scheduler [None req-c47a5ed9-a276-4e82-9bcf-22c06e20f328 5b869fd85a6643d5b4e38575dc7ef7ee 021b7edf37a240cf971e459496991dc3 - - default default] No more DHCP agents
2026-06-10 11:37:51.624 7 WARNING neutron.api.rpc.agentnotifiers.dhcp_rpc_agent_api [None req-c47a5ed9-a276-4e82-9bcf-22c06e20f328 5b869fd85a6643d5b4e38575dc7ef7ee 021b7edf37a240cf971e459496991dc3 - - default default] Unable to schedule network 3d8d55ae-7179-4463-bd88-18677c1f1747: no agents available; will retry on subsequent port and subnet creation events.
2026-06-10 11:37:51.655 8 INFO neutron.db.segments_db [None req-e6586676-b753-40ca-afa5-14fd2a65af22 fb1caf1981804e328ccaf6b735449dfb 2f195d145d1b4267b1ac5443d6cf0c49 - - default default] Added segment 5dd756ea-e93c-41bf-95c7-509e4244fca7 of type geneve for network dc67b2ce-5511-4ab7-ba92-bcd93a87350f
2026-06-10 11:37:51.788 8 INFO neutron.db.ovn_revision_numbers_db [None req-e6586676-b753-40ca-afa5-14fd2a65af22 fb1caf1981804e328ccaf6b735449dfb 2f195d145d1b4267b1ac5443d6cf0c49 - - default default] Successfully bumped revision number for resource dc67b2ce-5511-4ab7-ba92-bcd93a87350f (type: networks) to 1
2026-06-10 11:37:51.959 8 WARNING neutron.scheduler.dhcp_agent_scheduler [None req-e6586676-b753-40ca-afa5-14fd2a65af22 fb1caf1981804e328ccaf6b735449dfb 2f195d145d1b4267b1ac5443d6cf0c49 - - default default] No more DHCP agents
2026-06-10 11:37:51.961 8 WARNING neutron.api.rpc.agentnotifiers.dhcp_rpc_agent_api [None req-e6586676-b753-40ca-afa5-14fd2a65af22 fb1caf1981804e328ccaf6b735449dfb 2f195d145d1b4267b1ac5443d6cf0c49 - - default default] Unable to schedule network dc67b2ce-5511-4ab7-ba92-bcd93a87350f: no agents available; will retry on subsequent port and subnet creation events. [pid: 7|app: 0|req: 365/742] 10.0.0.143 () {34 vars in 675 bytes} [Wed Jun 10 11:37:51 2026] POST /v2.0/floatingips => generated 552 bytes in 728 msecs (HTTP/1.1 201) 4 headers in 162 bytes (1 switches on core 0)
2026-06-10 11:37:52.044 8 INFO neutron.db.ovn_revision_numbers_db [None req-e6586676-b753-40ca-afa5-14fd2a65af22 fb1caf1981804e328ccaf6b735449dfb 2f195d145d1b4267b1ac5443d6cf0c49 - - default default] Successfully bumped revision number for resource 23da9b43-f51a-4ff4-b6b9-9d42fa7524ed (type: ports) to 1 [pid: 8|app: 0|req: 378/743] 10.0.0.143 () {34 vars in 669 bytes} [Wed Jun 10 11:37:51 2026] POST /v2.0/networks => generated 673 bytes in 522 msecs (HTTP/1.1 201) 4 headers in 162 bytes (1 switches on core 0)
2026-06-10 11:37:52.159 7 INFO neutron.db.segments_db [None req-948ae49f-2833-4b2f-98b1-aeba74072bd6 fb1caf1981804e328ccaf6b735449dfb 2f195d145d1b4267b1ac5443d6cf0c49 - - default default] Added segment ed7f98ae-b7f5-4fff-87c3-b71d68db8824 of type geneve for network 434fcde5-ccdc-458e-aeac-ab725a5bb204
2026-06-10 11:37:52.261 7 INFO neutron.db.ovn_revision_numbers_db [None req-948ae49f-2833-4b2f-98b1-aeba74072bd6 fb1caf1981804e328ccaf6b735449dfb 2f195d145d1b4267b1ac5443d6cf0c49 - - default default] Successfully bumped revision number for resource 434fcde5-ccdc-458e-aeac-ab725a5bb204 (type: networks) to 1
2026-06-10 11:37:52.488 7 WARNING neutron.scheduler.dhcp_agent_scheduler [None req-948ae49f-2833-4b2f-98b1-aeba74072bd6 fb1caf1981804e328ccaf6b735449dfb 2f195d145d1b4267b1ac5443d6cf0c49 - - default default] No more DHCP agents
2026-06-10 11:37:52.489 7 WARNING neutron.api.rpc.agentnotifiers.dhcp_rpc_agent_api [None req-948ae49f-2833-4b2f-98b1-aeba74072bd6 fb1caf1981804e328ccaf6b735449dfb 2f195d145d1b4267b1ac5443d6cf0c49 - - default default] Unable to schedule network 434fcde5-ccdc-458e-aeac-ab725a5bb204: no agents available; will retry on subsequent port and subnet creation events.
2026-06-10 11:37:52.594 7 INFO neutron.db.ovn_revision_numbers_db [None req-948ae49f-2833-4b2f-98b1-aeba74072bd6 fb1caf1981804e328ccaf6b735449dfb 2f195d145d1b4267b1ac5443d6cf0c49 - - default default] Successfully bumped revision number for resource ed07ada6-9c7a-4b89-bddd-3c3275cb62fd (type: ports) to 1 [pid: 7|app: 0|req: 366/744] 10.0.0.143 () {34 vars in 669 bytes} [Wed Jun 10 11:37:52 2026] POST /v2.0/networks => generated 672 bytes in 555 msecs (HTTP/1.1 201) 4 headers in 162 bytes (1 switches on core 0)
2026-06-10 11:37:52.679 8 INFO neutron.db.ovn_revision_numbers_db [None req-7ea58c29-2382-41ed-a51e-a922ff4f3d6f 9760e958345948da8aa55d20486162d7 c34cd82e83434e75baa9e16610972c81 - - default default] Successfully bumped revision number for resource bffa701a-f3a0-4354-9947-4c40e0d5b826 (type: security_groups) to 1 [pid: 7|app: 0|req: 367/745] 10.0.0.140 () {34 vars in 1097 bytes} [Wed Jun 10 11:37:52 2026] GET /v2.0/security-groups?name=tempest-securitygroup--138841078&fields=id&tenant_id=021b7edf37a240cf971e459496991dc3 => generated 69 bytes in 56 msecs (HTTP/1.1 200) 4 headers in 156 bytes (1 switches on core 0)
2026-06-10 11:37:52.704 8 INFO neutron.db.ovn_revision_numbers_db [None req-7ea58c29-2382-41ed-a51e-a922ff4f3d6f 9760e958345948da8aa55d20486162d7 c34cd82e83434e75baa9e16610972c81 - - default default] Successfully bumped revision number for resource 216b0c6f-c3c7-4c75-99c5-375068ad95af (type: security_group_rules) to 0
2026-06-10 11:37:52.721 8 INFO neutron.db.ovn_revision_numbers_db [None req-7ea58c29-2382-41ed-a51e-a922ff4f3d6f 9760e958345948da8aa55d20486162d7 c34cd82e83434e75baa9e16610972c81 - - default default] Successfully bumped revision number for resource 54b070b9-9bf8-4364-b7fc-75c6b99f38e9 (type: security_group_rules) to 0
2026-06-10 11:37:52.736 8 INFO neutron.db.ovn_revision_numbers_db [None req-7ea58c29-2382-41ed-a51e-a922ff4f3d6f 9760e958345948da8aa55d20486162d7 c34cd82e83434e75baa9e16610972c81 - - default default] Successfully bumped revision number for resource eb3317ff-a60f-4dc1-ab14-c1089bfa3051 (type: security_group_rules) to 0
2026-06-10 11:37:52.749 8 INFO neutron.db.ovn_revision_numbers_db [None req-7ea58c29-2382-41ed-a51e-a922ff4f3d6f 9760e958345948da8aa55d20486162d7 c34cd82e83434e75baa9e16610972c81 - - default default] Successfully bumped revision number for resource f92d1700-2875-403e-8d0b-4df1dc1e7b03 (type: security_group_rules) to 0 [pid: 7|app: 0|req: 368/746] 10.0.0.140 () {34 vars in 981 bytes} [Wed Jun 10 11:37:52 2026] GET /v2.0/networks?id=1eb4b2b7-c690-4590-88f6-71181fb86bb5 => generated 721 bytes in 74 msecs (HTTP/1.1 200) 4 headers in 157 bytes (1 switches on core 0) [pid: 8|app: 0|req: 379/747] 10.0.0.143 () {32 vars in 773 bytes} [Wed Jun 10 11:37:52 2026] GET /v2.0/security-groups?tenant_id=0d0818e8d685483984ed4d44391cfba5&name=default => generated 2925 bytes in 433 msecs (HTTP/1.1 200) 4 headers in 158 bytes (1 switches on core 0) [pid: 7|app: 0|req: 369/748] 10.0.0.140 () {34 vars in 964 bytes} [Wed Jun 10 11:37:52 2026] GET /v2.0/quotas/021b7edf37a240cf971e459496991dc3 => generated 292 bytes in 18 msecs (HTTP/1.1 200) 4 headers in 157 bytes (1 switches on core 0) [pid: 7|app: 0|req: 370/749] 10.0.0.140 () {34 vars in 1001 bytes} [Wed Jun 10 11:37:52 2026] GET /v2.0/ports?tenant_id=021b7edf37a240cf971e459496991dc3&fields=id => generated 103 bytes in 111 msecs (HTTP/1.1 200) 4 headers in 157 bytes (1 switches on core 0) [pid: 8|app: 0|req: 380/750] 10.0.0.143 () {32 vars in 739 bytes} [Wed Jun 10 11:37:52 2026] DELETE /v2.0/security-groups/bffa701a-f3a0-4354-9947-4c40e0d5b826 => generated 0 bytes in 282 msecs (HTTP/1.1 204) 2 headers in 112 bytes (1 switches on core 0) [pid: 8|app: 0|req: 381/751] 10.0.0.140 () {34 vars in 906 bytes} [Wed Jun 10 11:37:53 2026] GET /v2.0/extensions => generated 20541 bytes in 53 msecs (HTTP/1.1 200) 4 headers in 159 bytes (1 switches on core 0)
2026-06-10 11:37:53.409 8 WARNING neutron.plugins.ml2.drivers.ovn.mech_driver.ovsdb.ovn_client [None req-185e95c9-80a1-4e74-a843-c94fbb254867 - - - - - -] No hosting information found for port cbab8764-256d-4ded-898d-12fa3e3ad708: RuntimeError: No hosting information found for port cbab8764-256d-4ded-898d-12fa3e3ad708
2026-06-10 11:37:53.410 8 INFO neutron.plugins.ml2.drivers.ovn.mech_driver.mech_driver [None req-185e95c9-80a1-4e74-a843-c94fbb254867 - - - - - -] OVN reports status down for port: ddde6917-2e4d-4cfb-9d2e-eeca4c0648f8 [pid: 8|app: 0|req: 382/752] 10.0.0.140 () {34 vars in 1007 bytes} [Wed Jun 10 11:37:53 2026] GET /v2.0/networks/1eb4b2b7-c690-4590-88f6-71181fb86bb5?fields=segments => generated 14 bytes in 68 msecs (HTTP/1.1 200) 4 headers in 156 bytes (1 switches on core 0)
2026-06-10 11:37:53.446 7 WARNING neutron.scheduler.dhcp_agent_scheduler [None req-47a46fb1-cd43-4b51-80ef-e20f2ae121d9 fb1caf1981804e328ccaf6b735449dfb 2f195d145d1b4267b1ac5443d6cf0c49 - - default default] No more DHCP agents
2026-06-10 11:37:53.447 7 WARNING neutron.api.rpc.agentnotifiers.dhcp_rpc_agent_api [None req-47a46fb1-cd43-4b51-80ef-e20f2ae121d9 fb1caf1981804e328ccaf6b735449dfb 2f195d145d1b4267b1ac5443d6cf0c49 - - default default] Unable to schedule network dc67b2ce-5511-4ab7-ba92-bcd93a87350f: no agents available; will retry on subsequent port and subnet creation events.
2026-06-10 11:37:53.470 7 INFO neutron.db.ovn_revision_numbers_db [None req-47a46fb1-cd43-4b51-80ef-e20f2ae121d9 fb1caf1981804e328ccaf6b735449dfb 2f195d145d1b4267b1ac5443d6cf0c49 - - default default] Successfully bumped revision number for resource 15a0012e-6c06-4184-aeb4-8c992ebb56c9 (type: subnets) to 0
2026-06-10 11:37:53.497 7 WARNING neutron.scheduler.dhcp_agent_scheduler [None req-47a46fb1-cd43-4b51-80ef-e20f2ae121d9 fb1caf1981804e328ccaf6b735449dfb 2f195d145d1b4267b1ac5443d6cf0c49 - - default default] No more DHCP agents
2026-06-10 11:37:53.499 7 WARNING neutron.api.rpc.agentnotifiers.dhcp_rpc_agent_api [None req-47a46fb1-cd43-4b51-80ef-e20f2ae121d9 fb1caf1981804e328ccaf6b735449dfb 2f195d145d1b4267b1ac5443d6cf0c49 - - default default] Unable to schedule network 434fcde5-ccdc-458e-aeac-ab725a5bb204: no agents available; will retry on subsequent port and subnet creation events.
2026-06-10 11:37:53.540 7 INFO neutron.db.ovn_revision_numbers_db [None req-47a46fb1-cd43-4b51-80ef-e20f2ae121d9 fb1caf1981804e328ccaf6b735449dfb 2f195d145d1b4267b1ac5443d6cf0c49 - - default default] Successfully bumped revision number for resource 2448dab1-e2f0-4e9c-bba1-f682fe6c2bf6 (type: subnets) to 0 [pid: 8|app: 0|req: 383/753] 10.0.0.140 () {34 vars in 1107 bytes} [Wed Jun 10 11:37:53 2026] GET /v2.0/networks/1eb4b2b7-c690-4590-88f6-71181fb86bb5?fields=provider%3Aphysical_network&fields=provider%3Anetwork_type => generated 79 bytes in 93 msecs (HTTP/1.1 200) 4 headers in 156 bytes (1 switches on core 0) [pid: 7|app: 0|req: 371/754] 10.0.0.143 () {34 vars in 668 bytes} [Wed Jun 10 11:37:53 2026] POST /v2.0/subnets => generated 1324 bytes in 450 msecs (HTTP/1.1 201) 4 headers in 163 bytes (1 switches on core 0) [pid: 8|app: 0|req: 384/755] 10.0.0.143 () {32 vars in 646 bytes} [Wed Jun 10 11:37:53 2026] GET /v2.0/subnets => generated 1960 bytes in 70 msecs (HTTP/1.1 200) 4 headers in 158 bytes (1 switches on core 0) [pid: 7|app: 0|req: 372/756] 10.0.0.143 () {32 vars in 723 bytes} [Wed Jun 10 11:37:53 2026] DELETE /v2.0/subnets/15a0012e-6c06-4184-aeb4-8c992ebb56c9 => generated 0 bytes in 192 msecs (HTTP/1.1 204) 3 headers in 131 bytes (1 switches on core 0) [pid: 7|app: 0|req: 373/757] 10.0.0.143 () {32 vars in 723 bytes} [Wed Jun 10 11:37:53 2026] DELETE /v2.0/subnets/2448dab1-e2f0-4e9c-bba1-f682fe6c2bf6 => generated 0 bytes in 166 msecs (HTTP/1.1 204) 3 headers in 131 bytes (1 switches on core 0) [pid: 7|app: 0|req: 374/758] 10.0.0.143 () {32 vars in 646 bytes} [Wed Jun 10 11:37:54 2026] GET /v2.0/subnets => generated 649 bytes in 36 msecs (HTTP/1.1 200) 4 headers in 157 bytes (1 switches on core 0)
2026-06-10 11:37:54.148 7 INFO neutron_taas.services.taas.taas_plugin [None req-727819ad-dfe4-4c2c-b362-5de1217d57b1 fb1caf1981804e328ccaf6b735449dfb 2f195d145d1b4267b1ac5443d6cf0c49 - - default default] TaaS: Handle Delete Port: ed07ada6-9c7a-4b89-bddd-3c3275cb62fd
2026-06-10 11:37:54.150 7 INFO neutron_taas.services.taas.tap_mirror_plugin [None req-727819ad-dfe4-4c2c-b362-5de1217d57b1 fb1caf1981804e328ccaf6b735449dfb 2f195d145d1b4267b1ac5443d6cf0c49 - - default default] Tap Mirror: Handle Delete Port: ed07ada6-9c7a-4b89-bddd-3c3275cb62fd [pid: 8|app: 0|req: 385/759] 10.0.0.140 () {34 vars in 989 bytes} [Wed Jun 10 11:37:53 2026] GET /v2.0/ports?device_id=feb1b264-0f75-428d-a8db-fcffa8f48c5a => generated 12 bytes in 554 msecs (HTTP/1.1 200) 4 headers in 156 bytes (1 switches on core 0)
2026-06-10 11:37:54.320 7 INFO neutron.services.segments.plugin [-] Segment ed7f98ae-b7f5-4fff-87c3-b71d68db8824 resource provider aggregate not found
2026-06-10 11:37:54.326 7 INFO neutron.services.segments.plugin [-] Segment ed7f98ae-b7f5-4fff-87c3-b71d68db8824 resource provider aggregate not found
2026-06-10 11:37:54.342 7 INFO neutron.services.segments.plugin [-] Segment ed7f98ae-b7f5-4fff-87c3-b71d68db8824 resource provider not found; error: Placement Client Error (4xx): {"errors": [{"status": 404, "title": "Not Found", "detail": "The resource could not be found.\n\n No resource provider with uuid ed7f98ae-b7f5-4fff-87c3-b71d68db8824 found for delete ", "request_id": "req-d7ce4113-a3ec-4354-a607-f351a081fec4"}]}
2026-06-10 11:37:54.349 7 INFO neutron.services.segments.plugin [-] Segment ed7f98ae-b7f5-4fff-87c3-b71d68db8824 resource provider not found; error: Placement Client Error (4xx): {"errors": [{"status": 404, "title": "Not Found", "detail": "The resource could not be found.\n\n No resource provider with uuid ed7f98ae-b7f5-4fff-87c3-b71d68db8824 found for delete ", "request_id": "req-1dbba405-669a-493c-8072-2f859b31f4aa"}]} [pid: 7|app: 0|req: 375/760] 10.0.0.143 () {32 vars in 725 bytes} [Wed Jun 10 11:37:54 2026] DELETE /v2.0/networks/434fcde5-ccdc-458e-aeac-ab725a5bb204 => generated 0 bytes in 340 msecs (HTTP/1.1 204) 3 headers in 131 bytes (1 switches on core 0)
2026-06-10 11:37:54.423 8 INFO neutron.db.ovn_revision_numbers_db [None req-185e95c9-80a1-4e74-a843-c94fbb254867 - - - - - -] Successfully bumped revision number for resource ddde6917-2e4d-4cfb-9d2e-eeca4c0648f8 (type: ports) to 6
2026-06-10 11:37:54.557 8 WARNING neutron.plugins.ml2.drivers.ovn.mech_driver.ovsdb.ovn_client [None req-5a045a23-4bdd-41fe-97a3-41c6d727da8b - - - - - -] Logical_Switch_Port %s host information not removed, the port state is up
2026-06-10 11:37:54.635 7 WARNING neutron.plugins.ml2.drivers.ovn.mech_driver.ovsdb.ovn_client [None req-5388d60a-45c2-4cf5-97aa-d64eeaa0313a - - - - - -] No hosting information found for port d89e63ac-0b03-4f85-80a5-66b8e0ac82b6: RuntimeError: No hosting information found for port d89e63ac-0b03-4f85-80a5-66b8e0ac82b6
2026-06-10 11:37:54.641 8 INFO neutron_taas.services.taas.taas_plugin [None req-fb7c9497-a44a-42b1-b186-bfbea6114b91 fb1caf1981804e328ccaf6b735449dfb 2f195d145d1b4267b1ac5443d6cf0c49 - - default default] TaaS: Handle Delete Port: 23da9b43-f51a-4ff4-b6b9-9d42fa7524ed
2026-06-10 11:37:54.651 8 INFO neutron_taas.services.taas.tap_mirror_plugin [None req-fb7c9497-a44a-42b1-b186-bfbea6114b91 fb1caf1981804e328ccaf6b735449dfb 2f195d145d1b4267b1ac5443d6cf0c49 - - default default] Tap Mirror: Handle Delete Port: 23da9b43-f51a-4ff4-b6b9-9d42fa7524ed
