2026-06-10 11:42:42.081 7 INFO neutron.db.ovn_revision_numbers_db [None req-a5d67ce0-cbc8-406d-ac4c-6cc2c9caa2ac 9760e958345948da8aa55d20486162d7 c34cd82e83434e75baa9e16610972c81 - - default default] Successfully bumped revision number for resource 049351c4-b09e-4191-a643-0f2c72ab4a2b (type: security_group_rules) to 0
2026-06-10 11:42:42.104 7 INFO neutron.db.ovn_revision_numbers_db [None req-a5d67ce0-cbc8-406d-ac4c-6cc2c9caa2ac 9760e958345948da8aa55d20486162d7 c34cd82e83434e75baa9e16610972c81 - - default default] Successfully bumped revision number for resource 63160ca8-bca7-475f-9c1d-dafeb3bcbb2a (type: security_group_rules) to 0
2026-06-10 11:42:42.120 7 INFO neutron.db.ovn_revision_numbers_db [None req-a5d67ce0-cbc8-406d-ac4c-6cc2c9caa2ac 9760e958345948da8aa55d20486162d7 c34cd82e83434e75baa9e16610972c81 - - default default] Successfully bumped revision number for resource a5b8c1bf-347c-470a-8b28-74ca219e4e5a (type: security_group_rules) to 0
2026-06-10 11:42:42.140 7 INFO neutron.db.ovn_revision_numbers_db [None req-a5d67ce0-cbc8-406d-ac4c-6cc2c9caa2ac 9760e958345948da8aa55d20486162d7 c34cd82e83434e75baa9e16610972c81 - - default default] Successfully bumped revision number for resource d7591fc7-8583-4433-b31f-9ed5a5ccd72f (type: security_group_rules) to 0
2026-06-10 11:42:42.197 8 WARNING neutron.scheduler.dhcp_agent_scheduler [None req-d268b71c-267c-4f36-ae8f-132f9bdde7ea f6fd61e6d331423bbac16bd29717b02b 77a03425424a460eabb27003db45c8cc - - default default] No more DHCP agents
2026-06-10 11:42:42.199 8 WARNING neutron.api.rpc.agentnotifiers.dhcp_rpc_agent_api [None req-d268b71c-267c-4f36-ae8f-132f9bdde7ea f6fd61e6d331423bbac16bd29717b02b 77a03425424a460eabb27003db45c8cc - - default default] Unable to schedule network be371de2-3cbc-48e0-a965-45e2ac56e715: no agents available; will retry on subsequent port and subnet creation events. [pid: 7|app: 0|req: 1366/2684] 10.0.0.143 () {32 vars in 773 bytes} [Wed Jun 10 11:42:41 2026] GET /v2.0/security-groups?tenant_id=fe32f67f13414638a8cec489feae2463&name=default => generated 2929 bytes in 422 msecs (HTTP/1.1 200) 4 headers in 158 bytes (1 switches on core 0) [pid: 7|app: 0|req: 1367/2685] 10.0.0.143 () {32 vars in 739 bytes} [Wed Jun 10 11:42:42 2026] DELETE /v2.0/security-groups/91dc77a6-f9c4-44f2-a4e6-9a955b086349 => generated 0 bytes in 232 msecs (HTTP/1.1 204) 2 headers in 112 bytes (1 switches on core 0)
2026-06-10 11:42:42.680 7 INFO neutron.db.ovn_revision_numbers_db [None req-c180dc6f-5157-4b4a-b316-7922ffb85b46 9760e958345948da8aa55d20486162d7 c34cd82e83434e75baa9e16610972c81 - - default default] Successfully bumped revision number for resource 088d0031-fbac-4056-9c11-d50b0af7c138 (type: security_groups) to 1
2026-06-10 11:42:42.695 7 INFO neutron.db.ovn_revision_numbers_db [None req-c180dc6f-5157-4b4a-b316-7922ffb85b46 9760e958345948da8aa55d20486162d7 c34cd82e83434e75baa9e16610972c81 - - default default] Successfully bumped revision number for resource 1cc55a97-6c71-4abc-a0a6-f262d71533e1 (type: security_group_rules) to 0
2026-06-10 11:42:42.709 7 INFO neutron.db.ovn_revision_numbers_db [None req-c180dc6f-5157-4b4a-b316-7922ffb85b46 9760e958345948da8aa55d20486162d7 c34cd82e83434e75baa9e16610972c81 - - default default] Successfully bumped revision number for resource 2b968345-cd00-4056-ad4a-92d2a408e0a9 (type: security_group_rules) to 0
2026-06-10 11:42:42.725 7 INFO neutron.db.ovn_revision_numbers_db [None req-c180dc6f-5157-4b4a-b316-7922ffb85b46 9760e958345948da8aa55d20486162d7 c34cd82e83434e75baa9e16610972c81 - - default default] Successfully bumped revision number for resource 63cca9c6-dfa2-4f15-aac3-db48636e33b9 (type: security_group_rules) to 0
2026-06-10 11:42:42.742 7 INFO neutron.db.ovn_revision_numbers_db [None req-c180dc6f-5157-4b4a-b316-7922ffb85b46 9760e958345948da8aa55d20486162d7 c34cd82e83434e75baa9e16610972c81 - - default default] Successfully bumped revision number for resource 6ab250ce-29e5-466c-acf2-b3cd49d33bd2 (type: security_group_rules) to 0 [pid: 7|app: 0|req: 1368/2686] 10.0.0.143 () {32 vars in 773 bytes} [Wed Jun 10 11:42:42 2026] GET /v2.0/security-groups?tenant_id=092a9f1c8dcd48beb5b10e8f75178487&name=default => generated 2929 bytes in 262 msecs (HTTP/1.1 200) 4 headers in 158 bytes (1 switches on core 0)
2026-06-10 11:42:42.985 7 INFO neutron.plugins.ml2.drivers.ovn.mech_driver.mech_driver [None req-58a89e85-bb4d-4b1b-abf4-e8ee73636a1f - - - - - -] OVN reports status down for port: 413b98dd-81a2-4d8e-bf2d-587dab901904
2026-06-10 11:42:43.008 8 INFO neutron.db.ovn_revision_numbers_db [None req-d268b71c-267c-4f36-ae8f-132f9bdde7ea f6fd61e6d331423bbac16bd29717b02b 77a03425424a460eabb27003db45c8cc - - default default] Successfully bumped revision number for resource 413b98dd-81a2-4d8e-bf2d-587dab901904 (type: ports) to 1 [pid: 8|app: 0|req: 1319/2687] 10.0.0.143 () {34 vars in 669 bytes} [Wed Jun 10 11:42:41 2026] POST /v2.0/networks => generated 657 bytes in 1319 msecs (HTTP/1.1 201) 4 headers in 162 bytes (1 switches on core 0) [pid: 7|app: 0|req: 1369/2688] 10.0.0.143 () {32 vars in 739 bytes} [Wed Jun 10 11:42:42 2026] DELETE /v2.0/security-groups/088d0031-fbac-4056-9c11-d50b0af7c138 => generated 0 bytes in 314 msecs (HTTP/1.1 204) 2 headers in 112 bytes (1 switches on core 0)
2026-06-10 11:42:43.232 8 WARNING neutron.scheduler.dhcp_agent_scheduler [None req-01645d36-41f5-485d-aa51-5b3b514df762 f6fd61e6d331423bbac16bd29717b02b 77a03425424a460eabb27003db45c8cc - - default default] No more DHCP agents
2026-06-10 11:42:43.234 8 WARNING neutron.api.rpc.agentnotifiers.dhcp_rpc_agent_api [None req-01645d36-41f5-485d-aa51-5b3b514df762 f6fd61e6d331423bbac16bd29717b02b 77a03425424a460eabb27003db45c8cc - - default default] Unable to schedule network be371de2-3cbc-48e0-a965-45e2ac56e715: no agents available; will retry on subsequent port and subnet creation events.
2026-06-10 11:42:43.408 7 INFO neutron.db.ovn_revision_numbers_db [None req-b80eb239-35c1-45a4-aa0c-7c01ffd6aeb8 9760e958345948da8aa55d20486162d7 c34cd82e83434e75baa9e16610972c81 - - default default] Successfully bumped revision number for resource 8c9811b7-cd55-46b2-8c04-0d59f7b0ad6d (type: security_groups) to 1
2026-06-10 11:42:43.425 7 INFO neutron.db.ovn_revision_numbers_db [None req-b80eb239-35c1-45a4-aa0c-7c01ffd6aeb8 9760e958345948da8aa55d20486162d7 c34cd82e83434e75baa9e16610972c81 - - default default] Successfully bumped revision number for resource 1530b53f-68f7-4f36-9188-91a11a251387 (type: security_group_rules) to 0
2026-06-10 11:42:43.441 7 INFO neutron.db.ovn_revision_numbers_db [None req-b80eb239-35c1-45a4-aa0c-7c01ffd6aeb8 9760e958345948da8aa55d20486162d7 c34cd82e83434e75baa9e16610972c81 - - default default] Successfully bumped revision number for resource 1c473bf2-c612-493e-8d23-93ad62742829 (type: security_group_rules) to 0
2026-06-10 11:42:43.455 7 INFO neutron.db.ovn_revision_numbers_db [None req-b80eb239-35c1-45a4-aa0c-7c01ffd6aeb8 9760e958345948da8aa55d20486162d7 c34cd82e83434e75baa9e16610972c81 - - default default] Successfully bumped revision number for resource 928b7dbc-f159-4f25-bea2-8f673a8cfe25 (type: security_group_rules) to 0
2026-06-10 11:42:43.469 7 INFO neutron.db.ovn_revision_numbers_db [None req-b80eb239-35c1-45a4-aa0c-7c01ffd6aeb8 9760e958345948da8aa55d20486162d7 c34cd82e83434e75baa9e16610972c81 - - default default] Successfully bumped revision number for resource e306fc6a-aaee-4ae3-852c-4a17d38a3f6d (type: security_group_rules) to 0 [pid: 7|app: 0|req: 1370/2689] 10.0.0.143 () {32 vars in 773 bytes} [Wed Jun 10 11:42:43 2026] GET /v2.0/security-groups?tenant_id=e6285e285acc47c7b8fc58e3bb23697f&name=default => generated 2929 bytes in 241 msecs (HTTP/1.1 200) 4 headers in 158 bytes (1 switches on core 0) [pid: 7|app: 0|req: 1371/2690] 10.0.0.143 () {32 vars in 739 bytes} [Wed Jun 10 11:42:43 2026] DELETE /v2.0/security-groups/8c9811b7-cd55-46b2-8c04-0d59f7b0ad6d => generated 0 bytes in 296 msecs (HTTP/1.1 204) 2 headers in 112 bytes (1 switches on core 0)
2026-06-10 11:42:43.824 8 INFO neutron.db.ovn_revision_numbers_db [None req-784186cf-b890-4925-8714-7ed2320046c1 - - - - - -] Successfully bumped revision number for resource 413b98dd-81a2-4d8e-bf2d-587dab901904 (type: ports) to 2
2026-06-10 11:42:43.887 8 INFO neutron.db.ovn_revision_numbers_db [None req-784186cf-b890-4925-8714-7ed2320046c1 - - - - - -] Successfully bumped revision number for resource 015a6f60-7d94-40a6-8573-afe47aca14ad (type: subnets) to 0 [pid: 8|app: 0|req: 1320/2691] 10.0.0.143 () {34 vars in 668 bytes} [Wed Jun 10 11:42:43 2026] POST /v2.0/subnets => generated 656 bytes in 858 msecs (HTTP/1.1 201) 4 headers in 162 bytes (1 switches on core 0)
2026-06-10 11:42:44.204 7 WARNING neutron.scheduler.dhcp_agent_scheduler [None req-eec9b1d3-70a2-4e9e-9c78-c03ed46a1f43 f6fd61e6d331423bbac16bd29717b02b 77a03425424a460eabb27003db45c8cc - - default default] No more DHCP agents
2026-06-10 11:42:44.205 7 WARNING neutron.api.rpc.agentnotifiers.dhcp_rpc_agent_api [None req-eec9b1d3-70a2-4e9e-9c78-c03ed46a1f43 f6fd61e6d331423bbac16bd29717b02b 77a03425424a460eabb27003db45c8cc - - default default] Unable to schedule network be371de2-3cbc-48e0-a965-45e2ac56e715: no agents available; will retry on subsequent port and subnet creation events.
2026-06-10 11:42:44.244 7 INFO neutron.db.ovn_revision_numbers_db [None req-eec9b1d3-70a2-4e9e-9c78-c03ed46a1f43 f6fd61e6d331423bbac16bd29717b02b 77a03425424a460eabb27003db45c8cc - - default default] Successfully bumped revision number for resource 910dffb9-0bff-4602-8de4-3cc87d95d710 (type: subnets) to 0 [pid: 7|app: 0|req: 1372/2692] 10.0.0.143 () {34 vars in 668 bytes} [Wed Jun 10 11:42:43 2026] POST /v2.0/subnets => generated 725 bytes in 348 msecs (HTTP/1.1 201) 4 headers in 162 bytes (1 switches on core 0)
2026-06-10 11:42:44.366 8 INFO neutron.db.segments_db [None req-f879671c-e9be-4532-a452-e8a7d8dfaa69 f6fd61e6d331423bbac16bd29717b02b 77a03425424a460eabb27003db45c8cc - - default default] Added segment 9a4d8d89-63c1-48ea-ab90-e644b2b20b8c of type geneve for network 5303ce37-27f5-4395-a1bc-737251c4671f
2026-06-10 11:42:44.489 8 INFO neutron.db.ovn_revision_numbers_db [None req-f879671c-e9be-4532-a452-e8a7d8dfaa69 f6fd61e6d331423bbac16bd29717b02b 77a03425424a460eabb27003db45c8cc - - default default] Successfully bumped revision number for resource 5303ce37-27f5-4395-a1bc-737251c4671f (type: networks) to 1
2026-06-10 11:42:44.670 8 WARNING neutron.scheduler.dhcp_agent_scheduler [None req-f879671c-e9be-4532-a452-e8a7d8dfaa69 f6fd61e6d331423bbac16bd29717b02b 77a03425424a460eabb27003db45c8cc - - default default] No more DHCP agents
2026-06-10 11:42:44.672 8 WARNING neutron.api.rpc.agentnotifiers.dhcp_rpc_agent_api [None req-f879671c-e9be-4532-a452-e8a7d8dfaa69 f6fd61e6d331423bbac16bd29717b02b 77a03425424a460eabb27003db45c8cc - - default default] Unable to schedule network 5303ce37-27f5-4395-a1bc-737251c4671f: no agents available; will retry on subsequent port and subnet creation events.
2026-06-10 11:42:44.752 8 INFO neutron.plugins.ml2.drivers.ovn.mech_driver.mech_driver [None req-09f7bc8d-bd92-45a0-8b22-29d98b59fcc3 - - - - - -] OVN reports status down for port: aa8c2ec1-8bfd-4415-8887-bfef2c0350d9
2026-06-10 11:42:44.834 8 INFO neutron.db.ovn_revision_numbers_db [None req-f879671c-e9be-4532-a452-e8a7d8dfaa69 f6fd61e6d331423bbac16bd29717b02b 77a03425424a460eabb27003db45c8cc - - default default] Successfully bumped revision number for resource aa8c2ec1-8bfd-4415-8887-bfef2c0350d9 (type: ports) to 1 [pid: 8|app: 0|req: 1321/2693] 10.0.0.143 () {34 vars in 669 bytes} [Wed Jun 10 11:42:44 2026] POST /v2.0/networks => generated 656 bytes in 645 msecs (HTTP/1.1 201) 4 headers in 162 bytes (1 switches on core 0)
2026-06-10 11:42:45.169 7 WARNING neutron.scheduler.dhcp_agent_scheduler [None req-55f59c4e-4e76-418c-9103-cfe3b793476c f6fd61e6d331423bbac16bd29717b02b 77a03425424a460eabb27003db45c8cc - - default default] No more DHCP agents
2026-06-10 11:42:45.170 7 WARNING neutron.api.rpc.agentnotifiers.dhcp_rpc_agent_api [None req-55f59c4e-4e76-418c-9103-cfe3b793476c f6fd61e6d331423bbac16bd29717b02b 77a03425424a460eabb27003db45c8cc - - default default] Unable to schedule network 5303ce37-27f5-4395-a1bc-737251c4671f: no agents available; will retry on subsequent port and subnet creation events.
2026-06-10 11:42:45.758 7 INFO neutron.db.ovn_revision_numbers_db [None req-5af3dbd7-b5fb-48ff-bc0a-65270ea7fc88 - - - - - -] Successfully bumped revision number for resource aa8c2ec1-8bfd-4415-8887-bfef2c0350d9 (type: ports) to 2
2026-06-10 11:42:45.813 7 INFO neutron.db.ovn_revision_numbers_db [None req-5af3dbd7-b5fb-48ff-bc0a-65270ea7fc88 - - - - - -] Successfully bumped revision number for resource 365d5964-8d76-4be3-be4a-eca25855fa5d (type: subnets) to 0 [pid: 7|app: 0|req: 1373/2694] 10.0.0.143 () {34 vars in 668 bytes} [Wed Jun 10 11:42:44 2026] POST /v2.0/subnets => generated 654 bytes in 918 msecs (HTTP/1.1 201) 4 headers in 162 bytes (1 switches on core 0)
2026-06-10 11:42:46.120 8 WARNING neutron.scheduler.dhcp_agent_scheduler [None req-2ce2655f-96d7-414b-a072-f8f2890ec40a f6fd61e6d331423bbac16bd29717b02b 77a03425424a460eabb27003db45c8cc - - default default] No more DHCP agents
2026-06-10 11:42:46.122 8 WARNING neutron.api.rpc.agentnotifiers.dhcp_rpc_agent_api [None req-2ce2655f-96d7-414b-a072-f8f2890ec40a f6fd61e6d331423bbac16bd29717b02b 77a03425424a460eabb27003db45c8cc - - default default] Unable to schedule network 5303ce37-27f5-4395-a1bc-737251c4671f: no agents available; will retry on subsequent port and subnet creation events.
2026-06-10 11:42:46.164 8 INFO neutron.db.ovn_revision_numbers_db [None req-2ce2655f-96d7-414b-a072-f8f2890ec40a f6fd61e6d331423bbac16bd29717b02b 77a03425424a460eabb27003db45c8cc - - default default] Successfully bumped revision number for resource 2cdb7689-e270-4cb5-a8bd-08ee5b4efc11 (type: subnets) to 0 [pid: 8|app: 0|req: 1322/2695] 10.0.0.143 () {34 vars in 668 bytes} [Wed Jun 10 11:42:45 2026] POST /v2.0/subnets => generated 729 bytes in 339 msecs (HTTP/1.1 201) 4 headers in 162 bytes (1 switches on core 0)
2026-06-10 11:42:46.636 7 WARNING neutron.scheduler.dhcp_agent_scheduler [None req-c4ea2d62-fe5e-47ed-bb06-abf2aa18f102 f6fd61e6d331423bbac16bd29717b02b 77a03425424a460eabb27003db45c8cc - - default default] No more DHCP agents
2026-06-10 11:42:46.638 7 WARNING neutron.api.rpc.agentnotifiers.dhcp_rpc_agent_api [None req-c4ea2d62-fe5e-47ed-bb06-abf2aa18f102 f6fd61e6d331423bbac16bd29717b02b 77a03425424a460eabb27003db45c8cc - - default default] Unable to schedule network 3d8d55ae-7179-4463-bd88-18677c1f1747: no agents available; will retry on subsequent port and subnet creation events.
2026-06-10 11:42:46.845 8 INFO neutron.plugins.ml2.drivers.ovn.mech_driver.mech_driver [None req-09f7bc8d-bd92-45a0-8b22-29d98b59fcc3 - - - - - -] OVN reports status down for port: c26fc2b7-316f-40dc-8d3f-321ad77bf83c
2026-06-10 11:42:46.872 7 INFO neutron.db.ovn_revision_numbers_db [None req-c4ea2d62-fe5e-47ed-bb06-abf2aa18f102 f6fd61e6d331423bbac16bd29717b02b 77a03425424a460eabb27003db45c8cc - - default default] Successfully bumped revision number for resource c26fc2b7-316f-40dc-8d3f-321ad77bf83c (type: ports) to 1
2026-06-10 11:42:47.520 7 INFO neutron.plugins.ml2.drivers.ovn.mech_driver.ovsdb.commands [None req-ebd9983d-6bc8-49e4-9c89-67142b0f0f7f - - - - - -] Schedule LRP lrp-c26fc2b7-316f-40dc-8d3f-321ad77bf83c on gateway 82893e95-3038-4d34-b7cc-1d66a0868367 with priority 1
2026-06-10 11:42:47.547 8 INFO neutron.plugins.ml2.drivers.ovn.mech_driver.ovsdb.ovsdb_monitor [None req-e0e06ecd-6730-44d5-b010-93ebbba9333d - - - - - -] Router 67943cc7-6647-4e65-a88f-4ea601d6c225 is bound to host instance
2026-06-10 11:42:47.582 7 INFO neutron.db.ovn_revision_numbers_db [None req-c4ea2d62-fe5e-47ed-bb06-abf2aa18f102 f6fd61e6d331423bbac16bd29717b02b 77a03425424a460eabb27003db45c8cc - - default default] Successfully bumped revision number for resource c26fc2b7-316f-40dc-8d3f-321ad77bf83c (type: router_ports) to 1
2026-06-10 11:42:47.648 7 INFO neutron.db.ovn_revision_numbers_db [None req-c4ea2d62-fe5e-47ed-bb06-abf2aa18f102 f6fd61e6d331423bbac16bd29717b02b 77a03425424a460eabb27003db45c8cc - - default default] Successfully bumped revision number for resource 67943cc7-6647-4e65-a88f-4ea601d6c225 (type: routers) to 2
2026-06-10 11:42:47.656 8 INFO neutron.plugins.ml2.drivers.ovn.mech_driver.mech_driver [None req-09f7bc8d-bd92-45a0-8b22-29d98b59fcc3 - - - - - -] OVN reports status up for port: c26fc2b7-316f-40dc-8d3f-321ad77bf83c [pid: 7|app: 0|req: 1374/2698] 10.0.0.143 () {34 vars in 668 bytes} [Wed Jun 10 11:42:46 2026] POST /v2.0/routers => generated 945 bytes in 1474 msecs (HTTP/1.1 201) 4 headers in 162 bytes (1 switches on core 0)
2026-06-10 11:42:47.736 8 INFO neutron.plugins.ml2.plugin [None req-09f7bc8d-bd92-45a0-8b22-29d98b59fcc3 - - - - - -] Attempt 1 to provision port c26fc2b7-316f-40dc-8d3f-321ad77bf83c
2026-06-10 11:42:48.229 8 WARNING neutron.scheduler.dhcp_agent_scheduler [None req-d07769f8-f03d-4799-91e7-9bb6747e2fa5 857a721ce48349c0a41f45dafcfcb27f c730cdc24ac944c7bb241520d3afeced - - default default] No more DHCP agents
2026-06-10 11:42:48.232 8 WARNING neutron.api.rpc.agentnotifiers.dhcp_rpc_agent_api [None req-d07769f8-f03d-4799-91e7-9bb6747e2fa5 857a721ce48349c0a41f45dafcfcb27f c730cdc24ac944c7bb241520d3afeced - - default default] Unable to schedule network 3d8d55ae-7179-4463-bd88-18677c1f1747: no agents available; will retry on subsequent port and subnet creation events.
2026-06-10 11:42:48.268 7 WARNING neutron.scheduler.dhcp_agent_scheduler [None req-e6be9013-06d1-4478-b68d-732d64832a17 f6fd61e6d331423bbac16bd29717b02b 77a03425424a460eabb27003db45c8cc - - default default] No more DHCP agents
2026-06-10 11:42:48.269 7 WARNING neutron.api.rpc.agentnotifiers.dhcp_rpc_agent_api [None req-e6be9013-06d1-4478-b68d-732d64832a17 f6fd61e6d331423bbac16bd29717b02b 77a03425424a460eabb27003db45c8cc - - default default] Unable to schedule network f8a0925e-0ff5-4e69-85c7-4115a2cc3f96: no agents available; will retry on subsequent port and subnet creation events.
2026-06-10 11:42:48.395 7 INFO neutron.plugins.ml2.drivers.ovn.mech_driver.mech_driver [None req-58a89e85-bb4d-4b1b-abf4-e8ee73636a1f - - - - - -] OVN reports status down for port: ca104d23-14aa-43bd-aafe-a3dce588e08d
2026-06-10 11:42:48.465 7 INFO neutron.db.ovn_revision_numbers_db [None req-e6be9013-06d1-4478-b68d-732d64832a17 f6fd61e6d331423bbac16bd29717b02b 77a03425424a460eabb27003db45c8cc - - default default] Successfully bumped revision number for resource ca104d23-14aa-43bd-aafe-a3dce588e08d (type: ports) to 1 [pid: 8|app: 0|req: 1325/2699] 10.0.0.143 () {34 vars in 675 bytes} [Wed Jun 10 11:42:47 2026] POST /v2.0/floatingips => generated 552 bytes in 1523 msecs (HTTP/1.1 201) 4 headers in 162 bytes (1 switches on core 0) [pid: 8|app: 0|req: 1326/2700] 10.0.0.143 () {34 vars in 758 bytes} [Wed Jun 10 11:42:48 2026] PUT /v2.0/floatingips/e82881b4-f1d8-460f-93dc-4006c235a702/tags => generated 25 bytes in 118 msecs (HTTP/1.1 200) 4 headers in 156 bytes (1 switches on core 0) [pid: 8|app: 0|req: 1327/2701] 10.0.0.143 () {32 vars in 738 bytes} [Wed Jun 10 11:42:48 2026] GET /v2.0/floatingips/e82881b4-f1d8-460f-93dc-4006c235a702/tags => generated 25 bytes in 79 msecs (HTTP/1.1 200) 4 headers in 156 bytes (1 switches on core 0) [pid: 8|app: 0|req: 1328/2702] 10.0.0.143 () {34 vars in 769 bytes} [Wed Jun 10 11:42:49 2026] PUT /v2.0/floatingips/e82881b4-f1d8-460f-93dc-4006c235a702/tags/green => generated 4 bytes in 130 msecs (HTTP/1.1 201) 4 headers in 160 bytes (1 switches on core 0)
2026-06-10 11:42:49.225 7 INFO neutron.plugins.ml2.drivers.ovn.mech_driver.mech_driver [None req-58a89e85-bb4d-4b1b-abf4-e8ee73636a1f - - - - - -] OVN reports status up for port: ca104d23-14aa-43bd-aafe-a3dce588e08d
2026-06-10 11:42:49.255 7 INFO neutron.plugins.ml2.plugin [None req-58a89e85-bb4d-4b1b-abf4-e8ee73636a1f - - - - - -] Attempt 1 to provision port ca104d23-14aa-43bd-aafe-a3dce588e08d [pid: 8|app: 0|req: 1329/2703] 10.0.0.143 () {32 vars in 738 bytes} [Wed Jun 10 11:42:49 2026] GET /v2.0/floatingips/e82881b4-f1d8-460f-93dc-4006c235a702/tags => generated 34 bytes in 111 msecs (HTTP/1.1 200) 4 headers in 156 bytes (1 switches on core 0)
2026-06-10 11:42:49.413 8 INFO neutron.db.ovn_revision_numbers_db [None req-d0c98576-b701-45d0-ab52-f1b83f7cec5e - - - - - -] Successfully bumped revision number for resource c26fc2b7-316f-40dc-8d3f-321ad77bf83c (type: ports) to 4
2026-06-10 11:42:49.428 7 WARNING neutron.scheduler.dhcp_agent_scheduler [None req-e6be9013-06d1-4478-b68d-732d64832a17 f6fd61e6d331423bbac16bd29717b02b 77a03425424a460eabb27003db45c8cc - - default default] No more DHCP agents
2026-06-10 11:42:49.431 7 WARNING neutron.api.rpc.agentnotifiers.dhcp_rpc_agent_api [None req-e6be9013-06d1-4478-b68d-732d64832a17 f6fd61e6d331423bbac16bd29717b02b 77a03425424a460eabb27003db45c8cc - - default default] Unable to schedule network f8a0925e-0ff5-4e69-85c7-4115a2cc3f96: no agents available; will retry on subsequent port and subnet creation events. [pid: 8|app: 0|req: 1330/2704] 10.0.0.143 () {34 vars in 765 bytes} [Wed Jun 10 11:42:49 2026] PUT /v2.0/floatingips/e82881b4-f1d8-460f-93dc-4006c235a702/tags/red => generated 4 bytes in 128 msecs (HTTP/1.1 201) 4 headers in 160 bytes (1 switches on core 0) [pid: 8|app: 0|req: 1331/2705] 10.0.0.143 () {32 vars in 738 bytes} [Wed Jun 10 11:42:49 2026] GET /v2.0/floatingips/e82881b4-f1d8-460f-93dc-4006c235a702/tags => generated 34 bytes in 78 msecs (HTTP/1.1 200) 4 headers in 156 bytes (1 switches on core 0) [pid: 8|app: 0|req: 1332/2706] 10.0.0.143 () {34 vars in 787 bytes} [Wed Jun 10 11:42:49 2026] PUT /v2.0/floatingips/e82881b4-f1d8-460f-93dc-4006c235a702/tags/black.or.white => generated 4 bytes in 158 msecs (HTTP/1.1 201) 4 headers in 160 bytes (1 switches on core 0) [pid: 8|app: 0|req: 1333/2707] 10.0.0.143 () {32 vars in 738 bytes} [Wed Jun 10 11:42:49 2026] GET /v2.0/floatingips/e82881b4-f1d8-460f-93dc-4006c235a702/tags => generated 52 bytes in 102 msecs (HTTP/1.1 200) 4 headers in 156 bytes (1 switches on core 0) [pid: 8|app: 0|req: 1334/2708] 10.0.0.143 () {34 vars in 758 bytes} [Wed Jun 10 11:42:49 2026] PUT /v2.0/floatingips/e82881b4-f1d8-460f-93dc-4006c235a702/tags => generated 37 bytes in 122 msecs (HTTP/1.1 200) 4 headers in 156 bytes (1 switches on core 0) [pid: 8|app: 0|req: 1335/2709] 10.0.0.143 () {32 vars in 738 bytes} [Wed Jun 10 11:42:49 2026] GET /v2.0/floatingips/e82881b4-f1d8-460f-93dc-4006c235a702/tags => generated 37 bytes in 100 msecs (HTTP/1.1 200) 4 headers in 156 bytes (1 switches on core 0)
2026-06-10 11:42:50.083 7 INFO neutron.db.ovn_revision_numbers_db [None req-58a89e85-bb4d-4b1b-abf4-e8ee73636a1f - - - - - -] Successfully bumped revision number for resource ca104d23-14aa-43bd-aafe-a3dce588e08d (type: ports) to 2 [pid: 8|app: 0|req: 1336/2710] 10.0.0.143 () {32 vars in 746 bytes} [Wed Jun 10 11:42:50 2026] GET /v2.0/floatingips/e82881b4-f1d8-460f-93dc-4006c235a702/tags/red => generated 0 bytes in 93 msecs (HTTP/1.1 204) 2 headers in 112 bytes (1 switches on core 0)
2026-06-10 11:42:50.210 8 INFO neutron.api.v2.resource [None req-4cbc17c8-6bdf-4705-899b-be2cb215951f 857a721ce48349c0a41f45dafcfcb27f c730cdc24ac944c7bb241520d3afeced - - default default] show failed (client error): The resource could not be found. [pid: 8|app: 0|req: 1337/2711] 10.0.0.143 () {32 vars in 750 bytes} [Wed Jun 10 11:42:50 2026] GET /v2.0/floatingips/e82881b4-f1d8-460f-93dc-4006c235a702/tags/green => generated 99 bytes in 73 msecs (HTTP/1.1 404) 4 headers in 163 bytes (1 switches on core 0)
2026-06-10 11:42:50.213 8 INFO neutron.db.ovn_revision_numbers_db [None req-d0c98576-b701-45d0-ab52-f1b83f7cec5e - - - - - -] Successfully bumped revision number for resource c26fc2b7-316f-40dc-8d3f-321ad77bf83c (type: ports) to 5
2026-06-10 11:42:50.314 7 INFO neutron.db.ovn_revision_numbers_db [None req-e6be9013-06d1-4478-b68d-732d64832a17 f6fd61e6d331423bbac16bd29717b02b 77a03425424a460eabb27003db45c8cc - - default default] Successfully bumped revision number for resource ca104d23-14aa-43bd-aafe-a3dce588e08d (type: router_ports) to 1 [pid: 7|app: 0|req: 1375/2712] 10.0.0.143 () {34 vars in 782 bytes} [Wed Jun 10 11:42:47 2026] PUT /v2.0/routers/67943cc7-6647-4e65-a88f-4ea601d6c225/add_router_interface => generated 309 bytes in 2648 msecs (HTTP/1.1 200) 4 headers in 157 bytes (1 switches on core 0) [pid: 8|app: 0|req: 1338/2713] 10.0.0.143 () {32 vars in 749 bytes} [Wed Jun 10 11:42:50 2026] DELETE /v2.0/floatingips/e82881b4-f1d8-460f-93dc-4006c235a702/tags/red => generated 0 bytes in 108 msecs (HTTP/1.1 204) 2 headers in 112 bytes (1 switches on core 0) [pid: 8|app: 0|req: 1339/2714] 10.0.0.143 () {32 vars in 738 bytes} [Wed Jun 10 11:42:50 2026] GET /v2.0/floatingips/e82881b4-f1d8-460f-93dc-4006c235a702/tags => generated 30 bytes in 66 msecs (HTTP/1.1 200) 4 headers in 156 bytes (1 switches on core 0)
2026-06-10 11:42:50.441 8 INFO neutron.api.v2.resource [None req-99dd477d-43a8-4ee4-aab3-82e0260676aa 857a721ce48349c0a41f45dafcfcb27f c730cdc24ac944c7bb241520d3afeced - - default default] delete failed (client error): The resource could not be found. [pid: 8|app: 0|req: 1340/2715] 10.0.0.143 () {32 vars in 753 bytes} [Wed Jun 10 11:42:50 2026] DELETE /v2.0/floatingips/e82881b4-f1d8-460f-93dc-4006c235a702/tags/green => generated 99 bytes in 43 msecs (HTTP/1.1 404) 4 headers in 163 bytes (1 switches on core 0) [pid: 8|app: 0|req: 1341/2716] 10.0.0.143 () {32 vars in 741 bytes} [Wed Jun 10 11:42:50 2026] DELETE /v2.0/floatingips/e82881b4-f1d8-460f-93dc-4006c235a702/tags => generated 0 bytes in 55 msecs (HTTP/1.1 204) 2 headers in 112 bytes (1 switches on core 0) [pid: 8|app: 0|req: 1342/2717] 10.0.0.143 () {32 vars in 738 bytes} [Wed Jun 10 11:42:50 2026] GET /v2.0/floatingips/e82881b4-f1d8-460f-93dc-4006c235a702/tags => generated 12 bytes in 39 msecs (HTTP/1.1 200) 4 headers in 156 bytes (1 switches on core 0)
2026-06-10 11:42:50.723 8 INFO neutron_taas.services.taas.taas_plugin [None req-b3d58d38-13a8-4bfa-a086-2ff1d460e779 857a721ce48349c0a41f45dafcfcb27f c730cdc24ac944c7bb241520d3afeced - - default default] TaaS: Handle Delete Port: 5017c486-2948-406a-b042-00f11f59a872
2026-06-10 11:42:50.727 8 INFO neutron_taas.services.taas.tap_mirror_plugin [None req-b3d58d38-13a8-4bfa-a086-2ff1d460e779 857a721ce48349c0a41f45dafcfcb27f c730cdc24ac944c7bb241520d3afeced - - default default] Tap Mirror: Handle Delete Port: 5017c486-2948-406a-b042-00f11f59a872
2026-06-10 11:42:50.950 7 WARNING neutron.scheduler.dhcp_agent_scheduler [None req-6da529a3-8f75-4083-b0d8-5bf2e711d83b f6fd61e6d331423bbac16bd29717b02b 77a03425424a460eabb27003db45c8cc - - default default] No more DHCP agents
2026-06-10 11:42:50.952 7 WARNING neutron.api.rpc.agentnotifiers.dhcp_rpc_agent_api [None req-6da529a3-8f75-4083-b0d8-5bf2e711d83b f6fd61e6d331423bbac16bd29717b02b 77a03425424a460eabb27003db45c8cc - - default default] Unable to schedule network be371de2-3cbc-48e0-a965-45e2ac56e715: no agents available; will retry on subsequent port and subnet creation events. [pid: 8|app: 0|req: 1343/2718] 10.0.0.143 () {32 vars in 731 bytes} [Wed Jun 10 11:42:50 2026] DELETE /v2.0/floatingips/e82881b4-f1d8-460f-93dc-4006c235a702 => generated 0 bytes in 424 msecs (HTTP/1.1 204) 2 headers in 112 bytes (1 switches on core 0)
2026-06-10 11:42:51.086 8 INFO neutron.plugins.ml2.drivers.ovn.mech_driver.mech_driver [None req-09f7bc8d-bd92-45a0-8b22-29d98b59fcc3 - - - - - -] OVN reports status down for port: 37d97a58-7c46-4332-9cce-0a3445bc4c5b
2026-06-10 11:42:51.132 7 INFO neutron.db.ovn_revision_numbers_db [None req-6da529a3-8f75-4083-b0d8-5bf2e711d83b f6fd61e6d331423bbac16bd29717b02b 77a03425424a460eabb27003db45c8cc - - default default] Successfully bumped revision number for resource 37d97a58-7c46-4332-9cce-0a3445bc4c5b (type: ports) to 1
2026-06-10 11:42:51.950 8 INFO neutron.plugins.ml2.drivers.ovn.mech_driver.mech_driver [None req-09f7bc8d-bd92-45a0-8b22-29d98b59fcc3 - - - - - -] OVN reports status up for port: 37d97a58-7c46-4332-9cce-0a3445bc4c5b
2026-06-10 11:42:51.984 8 INFO neutron.plugins.ml2.plugin [None req-09f7bc8d-bd92-45a0-8b22-29d98b59fcc3 - - - - - -] Attempt 1 to provision port 37d97a58-7c46-4332-9cce-0a3445bc4c5b
2026-06-10 11:42:52.055 7 WARNING neutron.scheduler.dhcp_agent_scheduler [None req-6da529a3-8f75-4083-b0d8-5bf2e711d83b f6fd61e6d331423bbac16bd29717b02b 77a03425424a460eabb27003db45c8cc - - default default] No more DHCP agents
2026-06-10 11:42:52.056 7 WARNING neutron.api.rpc.agentnotifiers.dhcp_rpc_agent_api [None req-6da529a3-8f75-4083-b0d8-5bf2e711d83b f6fd61e6d331423bbac16bd29717b02b 77a03425424a460eabb27003db45c8cc - - default default] Unable to schedule network be371de2-3cbc-48e0-a965-45e2ac56e715: no agents available; will retry on subsequent port and subnet creation events.
2026-06-10 11:42:52.068 8 INFO neutron.db.ovn_revision_numbers_db [None req-c0c2aa34-0b73-4ec0-8fba-d0925a662043 9760e958345948da8aa55d20486162d7 c34cd82e83434e75baa9e16610972c81 - - default default] Successfully bumped revision number for resource a7238458-887f-4922-b500-0845ecee131b (type: security_groups) to 1
2026-06-10 11:42:52.093 8 INFO neutron.db.ovn_revision_numbers_db [None req-c0c2aa34-0b73-4ec0-8fba-d0925a662043 9760e958345948da8aa55d20486162d7 c34cd82e83434e75baa9e16610972c81 - - default default] Successfully bumped revision number for resource 5ed5b6a0-85ef-4580-83af-033190c61597 (type: security_group_rules) to 0
2026-06-10 11:42:52.118 8 INFO neutron.db.ovn_revision_numbers_db [None req-c0c2aa34-0b73-4ec0-8fba-d0925a662043 9760e958345948da8aa55d20486162d7 c34cd82e83434e75baa9e16610972c81 - - default default] Successfully bumped revision number for resource 89954f24-cbb7-4e6c-903d-a2ed648af120 (type: security_group_rules) to 0
2026-06-10 11:42:52.145 8 INFO neutron.db.ovn_revision_numbers_db [None req-c0c2aa34-0b73-4ec0-8fba-d0925a662043 9760e958345948da8aa55d20486162d7 c34cd82e83434e75baa9e16610972c81 - - default default] Successfully bumped revision number for resource 999f0877-aa4c-4b4c-959c-a61aee3c47ae (type: security_group_rules) to 0
2026-06-10 11:42:52.177 8 INFO neutron.db.ovn_revision_numbers_db [None req-c0c2aa34-0b73-4ec0-8fba-d0925a662043 9760e958345948da8aa55d20486162d7 c34cd82e83434e75baa9e16610972c81 - - default default] Successfully bumped revision number for resource f27406de-c6f5-439c-b5ea-31508a9b3578 (type: security_group_rules) to 0 [pid: 8|app: 0|req: 1344/2719] 10.0.0.143 () {32 vars in 773 bytes} [Wed Jun 10 11:42:51 2026] GET /v2.0/security-groups?tenant_id=c730cdc24ac944c7bb241520d3afeced&name=default => generated 2929 bytes in 514 msecs (HTTP/1.1 200) 4 headers in 158 bytes (1 switches on core 0)
2026-06-10 11:42:52.440 7 INFO neutron.db.ovn_revision_numbers_db [None req-6da529a3-8f75-4083-b0d8-5bf2e711d83b f6fd61e6d331423bbac16bd29717b02b 77a03425424a460eabb27003db45c8cc - - default default] Successfully bumped revision number for resource 37d97a58-7c46-4332-9cce-0a3445bc4c5b (type: router_ports) to 1 [pid: 7|app: 0|req: 1376/2720] 10.0.0.143 () {34 vars in 782 bytes} [Wed Jun 10 11:42:50 2026] PUT /v2.0/routers/67943cc7-6647-4e65-a88f-4ea601d6c225/add_router_interface => generated 309 bytes in 2120 msecs (HTTP/1.1 200) 4 headers in 157 bytes (1 switches on core 0) [pid: 8|app: 0|req: 1345/2721] 10.0.0.143 () {32 vars in 739 bytes} [Wed Jun 10 11:42:52 2026] DELETE /v2.0/security-groups/a7238458-887f-4922-b500-0845ecee131b => generated 0 bytes in 566 msecs (HTTP/1.1 204) 2 headers in 112 bytes (1 switches on core 0)
2026-06-10 11:42:52.908 8 INFO neutron.db.ovn_revision_numbers_db [None req-09f7bc8d-bd92-45a0-8b22-29d98b59fcc3 - - - - - -] Successfully bumped revision number for resource 37d97a58-7c46-4332-9cce-0a3445bc4c5b (type: ports) to 2
2026-06-10 11:42:53.130 8 INFO neutron.db.ovn_revision_numbers_db [None req-0f310907-a938-4d87-ba9d-d0a207195b7f 9760e958345948da8aa55d20486162d7 c34cd82e83434e75baa9e16610972c81 - - default default] Successfully bumped revision number for resource 12a160bb-8281-4bd9-9453-f0a8df3db7ba (type: security_groups) to 1
2026-06-10 11:42:53.143 8 INFO neutron.db.ovn_revision_numbers_db [None req-0f310907-a938-4d87-ba9d-d0a207195b7f 9760e958345948da8aa55d20486162d7 c34cd82e83434e75baa9e16610972c81 - - default default] Successfully bumped revision number for resource 06c478c0-1988-4688-bc09-3234f06793c4 (type: security_group_rules) to 0
2026-06-10 11:42:53.155 8 INFO neutron.db.ovn_revision_numbers_db [None req-0f310907-a938-4d87-ba9d-d0a207195b7f 9760e958345948da8aa55d20486162d7 c34cd82e83434e75baa9e16610972c81 - - default default] Successfully bumped revision number for resource 3f61edfa-93b8-4ee4-8c04-f2f084f380af (type: security_group_rules) to 0
2026-06-10 11:42:53.162 7 WARNING neutron.scheduler.dhcp_agent_scheduler [None req-12a7dd06-915e-4877-b3b4-7e1edf13378c f6fd61e6d331423bbac16bd29717b02b 77a03425424a460eabb27003db45c8cc - - default default] No more DHCP agents
2026-06-10 11:42:53.164 7 WARNING neutron.api.rpc.agentnotifiers.dhcp_rpc_agent_api [None req-12a7dd06-915e-4877-b3b4-7e1edf13378c f6fd61e6d331423bbac16bd29717b02b 77a03425424a460eabb27003db45c8cc - - default default] Unable to schedule network 5303ce37-27f5-4395-a1bc-737251c4671f: no agents available; will retry on subsequent port and subnet creation events.
2026-06-10 11:42:53.172 8 INFO neutron.db.ovn_revision_numbers_db [None req-0f310907-a938-4d87-ba9d-d0a207195b7f 9760e958345948da8aa55d20486162d7 c34cd82e83434e75baa9e16610972c81 - - default default] Successfully bumped revision number for resource 86066299-2f28-4cad-890b-3f54823db24d (type: security_group_rules) to 0
2026-06-10 11:42:53.189 8 INFO neutron.db.ovn_revision_numbers_db [None req-0f310907-a938-4d87-ba9d-d0a207195b7f 9760e958345948da8aa55d20486162d7 c34cd82e83434e75baa9e16610972c81 - - default default] Successfully bumped revision number for resource fda883d7-40eb-462e-85a4-690d53f1a8f5 (type: security_group_rules) to 0 [pid: 8|app: 0|req: 1346/2722] 10.0.0.143 () {32 vars in 773 bytes} [Wed Jun 10 11:42:52 2026] GET /v2.0/security-groups?tenant_id=ec12b9348b3046b6bd306e825a1a482a&name=default => generated 2929 bytes in 294 msecs (HTTP/1.1 200) 4 headers in 158 bytes (1 switches on core 0)
2026-06-10 11:42:53.336 7 INFO neutron.db.ovn_revision_numbers_db [None req-12a7dd06-915e-4877-b3b4-7e1edf13378c f6fd61e6d331423bbac16bd29717b02b 77a03425424a460eabb27003db45c8cc - - default default] Successfully bumped revision number for resource ee2fadd3-ff1b-4d23-9342-d8a321b35921 (type: ports) to 1 [pid: 8|app: 0|req: 1347/2723] 10.0.0.143 () {32 vars in 739 bytes} [Wed Jun 10 11:42:53 2026] DELETE /v2.0/security-groups/12a160bb-8281-4bd9-9453-f0a8df3db7ba => generated 0 bytes in 265 msecs (HTTP/1.1 204) 2 headers in 112 bytes (1 switches on core 0)
2026-06-10 11:42:54.455 7 WARNING neutron.scheduler.dhcp_agent_scheduler [None req-12a7dd06-915e-4877-b3b4-7e1edf13378c f6fd61e6d331423bbac16bd29717b02b 77a03425424a460eabb27003db45c8cc - - default default] No more DHCP agents
2026-06-10 11:42:54.456 7 WARNING neutron.api.rpc.agentnotifiers.dhcp_rpc_agent_api [None req-12a7dd06-915e-4877-b3b4-7e1edf13378c f6fd61e6d331423bbac16bd29717b02b 77a03425424a460eabb27003db45c8cc - - default default] Unable to schedule network 5303ce37-27f5-4395-a1bc-737251c4671f: no agents available; will retry on subsequent port and subnet creation events.
2026-06-10 11:42:55.031 7 INFO neutron.db.ovn_revision_numbers_db [None req-12a7dd06-915e-4877-b3b4-7e1edf13378c f6fd61e6d331423bbac16bd29717b02b 77a03425424a460eabb27003db45c8cc - - default default] Successfully bumped revision number for resource ee2fadd3-ff1b-4d23-9342-d8a321b35921 (type: router_ports) to 1 [pid: 7|app: 0|req: 1377/2724] 10.0.0.143 () {34 vars in 782 bytes} [Wed Jun 10 11:42:52 2026] PUT /v2.0/routers/67943cc7-6647-4e65-a88f-4ea601d6c225/add_router_interface => generated 309 bytes in 2585 msecs (HTTP/1.1 200) 4 headers in 157 bytes (1 switches on core 0)
2026-06-10 11:42:55.293 8 INFO neutron.db.ovn_revision_numbers_db [None req-6f73f45f-7fdd-4220-b39d-10ea96dd2182 f6fd61e6d331423bbac16bd29717b02b 77a03425424a460eabb27003db45c8cc - - default default] Successfully bumped revision number for resource 714cdbc0-5678-42d4-872f-7d1c64f0cdbe (type: security_groups) to 1
2026-06-10 11:42:55.309 8 INFO neutron.db.ovn_revision_numbers_db [None req-6f73f45f-7fdd-4220-b39d-10ea96dd2182 f6fd61e6d331423bbac16bd29717b02b 77a03425424a460eabb27003db45c8cc - - default default] Successfully bumped revision number for resource aaa61403-82a8-49d7-bab6-e48696f41881 (type: security_group_rules) to 0
2026-06-10 11:42:55.324 8 INFO neutron.db.ovn_revision_numbers_db [None req-6f73f45f-7fdd-4220-b39d-10ea96dd2182 f6fd61e6d331423bbac16bd29717b02b 77a03425424a460eabb27003db45c8cc - - default default] Successfully bumped revision number for resource b904edaa-70e4-42a7-8b74-93849a5b3a6c (type: security_group_rules) to 0 [pid: 8|app: 0|req: 1348/2725] 10.0.0.143 () {34 vars in 683 bytes} [Wed Jun 10 11:42:55 2026] POST /v2.0/security-groups => generated 1629 bytes in 249 msecs (HTTP/1.1 201) 4 headers in 163 bytes (1 switches on core 0)
2026-06-10 11:42:55.516 7 INFO neutron.db.ovn_revision_numbers_db [None req-6215e0bc-6c3d-4fbc-b0b0-1cd357d36f10 f6fd61e6d331423bbac16bd29717b02b 77a03425424a460eabb27003db45c8cc - - default default] Successfully bumped revision number for resource 70b3a9a2-3b8c-4649-88e0-0ada6deafde1 (type: security_group_rules) to 0 [pid: 7|app: 0|req: 1378/2726] 10.0.0.143 () {34 vars in 694 bytes} [Wed Jun 10 11:42:55 2026] POST /v2.0/security-group-rules => generated 597 bytes in 186 msecs (HTTP/1.1 201) 4 headers in 162 bytes (1 switches on core 0)
2026-06-10 11:42:55.585 7 WARNING neutron.plugins.ml2.drivers.ovn.mech_driver.ovsdb.ovn_client [None req-3cac8b9a-0bef-45d7-830a-de9c3f91ee4b - - - - - -] No hosting information found for port ca104d23-14aa-43bd-aafe-a3dce588e08d: RuntimeError: No hosting information found for port ca104d23-14aa-43bd-aafe-a3dce588e08d
2026-06-10 11:42:55.678 7 INFO neutron.db.ovn_revision_numbers_db [None req-3cac8b9a-0bef-45d7-830a-de9c3f91ee4b - - - - - -] Successfully bumped revision number for resource ca104d23-14aa-43bd-aafe-a3dce588e08d (type: router_ports) to 2
2026-06-10 11:42:55.679 7 INFO neutron.plugins.ml2.drivers.ovn.mech_driver.mech_driver [None req-3cac8b9a-0bef-45d7-830a-de9c3f91ee4b - - - - - -] OVN reports status down for port: ee2fadd3-ff1b-4d23-9342-d8a321b35921
2026-06-10 11:42:55.742 8 INFO neutron.db.ovn_revision_numbers_db [None req-e81f3678-a178-46d8-966d-bca9dd5bb282 f6fd61e6d331423bbac16bd29717b02b 77a03425424a460eabb27003db45c8cc - - default default] Successfully bumped revision number for resource e86dd192-51ba-4192-8c4b-e5c835f17890 (type: security_group_rules) to 0
2026-06-10 11:42:55.784 7 WARNING neutron.plugins.ml2.drivers.ovn.mech_driver.ovsdb.ovn_client [None req-3cac8b9a-0bef-45d7-830a-de9c3f91ee4b - - - - - -] Logical_Switch_Port %s host information not removed, the port state is up
2026-06-10 11:42:55.784 7 INFO neutron.plugins.ml2.drivers.ovn.mech_driver.mech_driver [None req-3cac8b9a-0bef-45d7-830a-de9c3f91ee4b - - - - - -] OVN reports status up for port: ee2fadd3-ff1b-4d23-9342-d8a321b35921 [pid: 8|app: 0|req: 1349/2727] 10.0.0.143 () {34 vars in 694 bytes} [Wed Jun 10 11:42:55 2026] POST /v2.0/security-group-rules => generated 597 bytes in 230 msecs (HTTP/1.1 201) 4 headers in 162 bytes (1 switches on core 0)
2026-06-10 11:42:55.799 7 INFO neutron.plugins.ml2.plugin [None req-3cac8b9a-0bef-45d7-830a-de9c3f91ee4b - - - - - -] Attempt 1 to provision port ee2fadd3-ff1b-4d23-9342-d8a321b35921
2026-06-10 11:42:56.121 7 INFO neutron.db.ovn_revision_numbers_db [None req-57b82440-975d-426f-9a02-55689c8ec5e7 f6fd61e6d331423bbac16bd29717b02b 77a03425424a460eabb27003db45c8cc - - default default] Successfully bumped revision number for resource 07250bff-5a6c-4f15-a491-6b4f2e5bc47f (type: security_group_rules) to 0 [pid: 7|app: 0|req: 1379/2728] 10.0.0.143 () {34 vars in 694 bytes} [Wed Jun 10 11:42:55 2026] POST /v2.0/security-group-rules => generated 599 bytes in 393 msecs (HTTP/1.1 201) 4 headers in 162 bytes (1 switches on core 0)
2026-06-10 11:42:56.361 8 INFO neutron.db.ovn_revision_numbers_db [None req-66a6537b-6040-4d3c-9c74-2b0690dba0ce f6fd61e6d331423bbac16bd29717b02b 77a03425424a460eabb27003db45c8cc - - default default] Successfully bumped revision number for resource 14adf43e-7e1a-40af-bce0-82f5fb1946a5 (type: security_group_rules) to 0 [pid: 8|app: 0|req: 1350/2729] 10.0.0.143 () {34 vars in 694 bytes} [Wed Jun 10 11:42:56 2026] POST /v2.0/security-group-rules => generated 601 bytes in 207 msecs (HTTP/1.1 201) 4 headers in 162 bytes (1 switches on core 0)
2026-06-10 11:42:56.418 7 INFO neutron.db.ovn_revision_numbers_db [None req-3cac8b9a-0bef-45d7-830a-de9c3f91ee4b - - - - - -] Successfully bumped revision number for resource ee2fadd3-ff1b-4d23-9342-d8a321b35921 (type: ports) to 2
2026-06-10 11:42:56.679 7 INFO neutron.db.ovn_revision_numbers_db [None req-9156156e-14b6-4b79-9c65-46505002af40 f6fd61e6d331423bbac16bd29717b02b 77a03425424a460eabb27003db45c8cc - - default default] Successfully bumped revision number for resource a926863d-895b-4cd7-b8cb-87cba27da172 (type: security_group_rules) to 0 [pid: 7|app: 0|req: 1380/2730] 10.0.0.143 () {34 vars in 694 bytes} [Wed Jun 10 11:42:56 2026] POST /v2.0/security-group-rules => generated 601 bytes in 316 msecs (HTTP/1.1 201) 4 headers in 162 bytes (1 switches on core 0)
2026-06-10 11:42:56.923 8 INFO neutron.db.ovn_revision_numbers_db [None req-11e0569c-69d5-4fe1-8942-7f86b548d671 f6fd61e6d331423bbac16bd29717b02b 77a03425424a460eabb27003db45c8cc - - default default] Successfully bumped revision number for resource 1aeaa39b-9129-4d01-9ea8-e52890ec059f (type: security_group_rules) to 0 [pid: 8|app: 0|req: 1351/2731] 10.0.0.143 () {34 vars in 694 bytes} [Wed Jun 10 11:42:56 2026] POST /v2.0/security-group-rules => generated 597 bytes in 231 msecs (HTTP/1.1 201) 4 headers in 162 bytes (1 switches on core 0)
2026-06-10 11:42:57.128 7 INFO neutron.db.ovn_revision_numbers_db [None req-4ef02205-4787-48f8-a6ce-44c98a09d200 f6fd61e6d331423bbac16bd29717b02b 77a03425424a460eabb27003db45c8cc - - default default] Successfully bumped revision number for resource 0ecb116f-6c2b-4f96-8364-74d18a8c2003 (type: security_group_rules) to 0 [pid: 7|app: 0|req: 1381/2732] 10.0.0.143 () {34 vars in 694 bytes} [Wed Jun 10 11:42:56 2026] POST /v2.0/security-group-rules => generated 597 bytes in 196 msecs (HTTP/1.1 201) 4 headers in 162 bytes (1 switches on core 0)
2026-06-10 11:42:57.334 8 INFO neutron.db.ovn_revision_numbers_db [None req-b4b62dc1-ca66-4cec-bd9a-83b928f678e2 3d366d7caa54495cbbaf1a5a35ac94d9 269526b4b2ff4bf1b2a0c1e9f904e4fc - - default default] Successfully bumped revision number for resource 7f77bdfb-363e-4995-8080-089934c8a5c2 (type: security_groups) to 1
2026-06-10 11:42:57.348 8 INFO neutron.db.ovn_revision_numbers_db [None req-b4b62dc1-ca66-4cec-bd9a-83b928f678e2 3d366d7caa54495cbbaf1a5a35ac94d9 269526b4b2ff4bf1b2a0c1e9f904e4fc - - default default] Successfully bumped revision number for resource 2711eac4-b1c9-4e86-a2a0-f63e128112aa (type: security_group_rules) to 0
2026-06-10 11:42:57.361 8 INFO neutron.db.ovn_revision_numbers_db [None req-b4b62dc1-ca66-4cec-bd9a-83b928f678e2 3d366d7caa54495cbbaf1a5a35ac94d9 269526b4b2ff4bf1b2a0c1e9f904e4fc - - default default] Successfully bumped revision number for resource 9bd8534e-428b-45fe-81ff-fa21f87bacde (type: security_group_rules) to 0
2026-06-10 11:42:57.373 8 INFO neutron.db.ovn_revision_numbers_db [None req-b4b62dc1-ca66-4cec-bd9a-83b928f678e2 3d366d7caa54495cbbaf1a5a35ac94d9 269526b4b2ff4bf1b2a0c1e9f904e4fc - - default default] Successfully bumped revision number for resource bf1dd0c9-f9bf-456f-a50d-bee2b6436eac (type: security_group_rules) to 0
2026-06-10 11:42:57.378 7 INFO neutron.db.ovn_revision_numbers_db [None req-cb6c3aaa-3d85-49b9-b472-4a62a8e63421 f6fd61e6d331423bbac16bd29717b02b 77a03425424a460eabb27003db45c8cc - - default default] Successfully bumped revision number for resource dc0eff64-09f4-47ec-bdc9-21875cc0ee3e (type: security_group_rules) to 0
2026-06-10 11:42:57.386 8 INFO neutron.db.ovn_revision_numbers_db [None req-b4b62dc1-ca66-4cec-bd9a-83b928f678e2 3d366d7caa54495cbbaf1a5a35ac94d9 269526b4b2ff4bf1b2a0c1e9f904e4fc - - default default] Successfully bumped revision number for resource e44396ba-9627-4258-aa4e-8d181535859c (type: security_group_rules) to 0 [pid: 7|app: 0|req: 1382/2733] 10.0.0.143 () {34 vars in 694 bytes} [Wed Jun 10 11:42:57 2026] POST /v2.0/security-group-rules => generated 597 bytes in 242 msecs (HTTP/1.1 201) 4 headers in 162 bytes (1 switches on core 0)
2026-06-10 11:42:57.440 8 WARNING neutron.plugins.ml2.drivers.ovn.mech_driver.ovsdb.ovn_client [None req-57f58241-0492-4c79-9ca1-73edbb01d5d7 - - - - - -] No hosting information found for port 37d97a58-7c46-4332-9cce-0a3445bc4c5b: RuntimeError: No hosting information found for port 37d97a58-7c46-4332-9cce-0a3445bc4c5b
2026-06-10 11:42:57.493 8 INFO neutron.db.segments_db [None req-b4b62dc1-ca66-4cec-bd9a-83b928f678e2 3d366d7caa54495cbbaf1a5a35ac94d9 269526b4b2ff4bf1b2a0c1e9f904e4fc - - default default] Added segment ad888e03-8cfc-46f5-bf36-34bd10a06b94 of type geneve for network 5d92b590-92a5-4bdb-be2d-c5a10c295a58
2026-06-10 11:42:57.609 8 INFO neutron.db.ovn_revision_numbers_db [None req-57f58241-0492-4c79-9ca1-73edbb01d5d7 - - - - - -] Successfully bumped revision number for resource 37d97a58-7c46-4332-9cce-0a3445bc4c5b (type: router_ports) to 2
2026-06-10 11:42:57.647 7 INFO neutron.db.ovn_revision_numbers_db [None req-72be48aa-f868-4dc7-be73-492a153c31a7 f6fd61e6d331423bbac16bd29717b02b 77a03425424a460eabb27003db45c8cc - - default default] Successfully bumped revision number for resource 468e901a-9899-430d-a3f0-395a8e4cc6ba (type: security_group_rules) to 0 [pid: 7|app: 0|req: 1383/2734] 10.0.0.143 () {34 vars in 694 bytes} [Wed Jun 10 11:42:57 2026] POST /v2.0/security-group-rules => generated 599 bytes in 261 msecs (HTTP/1.1 201) 4 headers in 162 bytes (1 switches on core 0)
2026-06-10 11:42:57.765 8 INFO neutron.db.ovn_revision_numbers_db [None req-b4b62dc1-ca66-4cec-bd9a-83b928f678e2 3d366d7caa54495cbbaf1a5a35ac94d9 269526b4b2ff4bf1b2a0c1e9f904e4fc - - default default] Successfully bumped revision number for resource 5d92b590-92a5-4bdb-be2d-c5a10c295a58 (type: networks) to 1
2026-06-10 11:42:57.916 7 INFO neutron.db.ovn_revision_numbers_db [None req-2d10ba8f-7780-4251-907e-32ce6366e4f0 f6fd61e6d331423bbac16bd29717b02b 77a03425424a460eabb27003db45c8cc - - default default] Successfully bumped revision number for resource fc41a70b-efb7-4a3c-a00f-5f25e377ca7b (type: security_group_rules) to 0 [pid: 7|app: 0|req: 1384/2735] 10.0.0.143 () {34 vars in 694 bytes} [Wed Jun 10 11:42:57 2026] POST /v2.0/security-group-rules => generated 601 bytes in 259 msecs (HTTP/1.1 201) 4 headers in 162 bytes (1 switches on core 0)
2026-06-10 11:42:57.988 8 WARNING neutron.scheduler.dhcp_agent_scheduler [None req-b4b62dc1-ca66-4cec-bd9a-83b928f678e2 3d366d7caa54495cbbaf1a5a35ac94d9 269526b4b2ff4bf1b2a0c1e9f904e4fc - - default default] No more DHCP agents
2026-06-10 11:42:57.989 8 WARNING neutron.api.rpc.agentnotifiers.dhcp_rpc_agent_api [None req-b4b62dc1-ca66-4cec-bd9a-83b928f678e2 3d366d7caa54495cbbaf1a5a35ac94d9 269526b4b2ff4bf1b2a0c1e9f904e4fc - - default default] Unable to schedule network 5d92b590-92a5-4bdb-be2d-c5a10c295a58: no agents available; will retry on subsequent port and subnet creation events.
2026-06-10 11:42:58.044 8 INFO neutron.plugins.ml2.drivers.ovn.mech_driver.mech_driver [None req-57f58241-0492-4c79-9ca1-73edbb01d5d7 - - - - - -] OVN reports status down for port: 51f30af3-0edf-4723-b21c-3b5529f5a1ab
2026-06-10 11:42:58.120 8 INFO neutron.db.ovn_revision_numbers_db [None req-b4b62dc1-ca66-4cec-bd9a-83b928f678e2 3d366d7caa54495cbbaf1a5a35ac94d9 269526b4b2ff4bf1b2a0c1e9f904e4fc - - default default] Successfully bumped revision number for resource 51f30af3-0edf-4723-b21c-3b5529f5a1ab (type: ports) to 1 [pid: 8|app: 0|req: 1352/2736] 10.0.0.143 () {34 vars in 669 bytes} [Wed Jun 10 11:42:57 2026] POST /v2.0/networks => generated 651 bytes in 1193 msecs (HTTP/1.1 201) 4 headers in 162 bytes (1 switches on core 0)
2026-06-10 11:42:58.213 7 INFO neutron.db.ovn_revision_numbers_db [None req-4f0f4112-67bc-43ae-b7fa-085393a5bce5 f6fd61e6d331423bbac16bd29717b02b 77a03425424a460eabb27003db45c8cc - - default default] Successfully bumped revision number for resource e6eb61e3-3b86-4398-bb87-ea3db9917026 (type: security_group_rules) to 0 [pid: 7|app: 0|req: 1385/2737] 10.0.0.143 () {34 vars in 694 bytes} [Wed Jun 10 11:42:57 2026] POST /v2.0/security-group-rules => generated 597 bytes in 313 msecs (HTTP/1.1 201) 4 headers in 162 bytes (1 switches on core 0)
2026-06-10 11:42:58.428 8 WARNING neutron.scheduler.dhcp_agent_scheduler [None req-c1d3a469-6889-434c-9bb1-dff0d39496c1 3d366d7caa54495cbbaf1a5a35ac94d9 269526b4b2ff4bf1b2a0c1e9f904e4fc - - default default] No more DHCP agents
2026-06-10 11:42:58.429 8 WARNING neutron.api.rpc.agentnotifiers.dhcp_rpc_agent_api [None req-c1d3a469-6889-434c-9bb1-dff0d39496c1 3d366d7caa54495cbbaf1a5a35ac94d9 269526b4b2ff4bf1b2a0c1e9f904e4fc - - default default] Unable to schedule network 5d92b590-92a5-4bdb-be2d-c5a10c295a58: no agents available; will retry on subsequent port and subnet creation events.
2026-06-10 11:42:58.489 8 INFO neutron.plugins.ml2.drivers.ovn.mech_driver.mech_driver [None req-57f58241-0492-4c79-9ca1-73edbb01d5d7 - - - - - -] OVN reports status down for port: 00b3225c-9487-444f-8fdf-e1f517fad009
