2026-05-05 18:06:06.490 10 INFO neutron.wsgi [None req-9acdbba8-8dff-4960-ab95-8f0aec13741b 39295fafe31e48d89479c14f9909abc3 e2089c7d683e496da360a84670680e6c - - default default] 10.0.0.6 "POST /v2.0/floatingips HTTP/1.1" status: 201 len: 751 time: 1.6676757
2026-05-05 18:06:06.533 9 INFO neutron.db.ovn_revision_numbers_db [None req-3aaed41f-f876-4a3b-a60c-7072397b7118 0fc1ddbbfef842cd8690e9e4647b3700 41495e3cdf38491fa7ab4473bf534ee1 - - default default] Successfully bumped revision number for resource e19bb7e7-07fe-4411-b6f2-7160c2100b5c (type: ports) to 1
2026-05-05 18:06:06.555 9 INFO neutron.wsgi [None req-3aaed41f-f876-4a3b-a60c-7072397b7118 0fc1ddbbfef842cd8690e9e4647b3700 41495e3cdf38491fa7ab4473bf534ee1 - - default default] 10.0.0.6 "POST /v2.0/networks HTTP/1.1" status: 201 len: 829 time: 0.8590472
2026-05-05 18:06:06.565 9 WARNING neutron_lib.context [None req-fa980ae1-c65e-4942-8027-6542ef8c559f 0fc1ddbbfef842cd8690e9e4647b3700 41495e3cdf38491fa7ab4473bf534ee1 - - default default] Method 'is_advsvc' is deprecated since 2023.2 release (neutron-lib 3.8.0) and will be removed once support for the old RBAC API policies will be removed from Neutron. Please use method 'is_service_role' instead.
2026-05-05 18:06:06.613 10 INFO neutron.db.ovn_revision_numbers_db [None req-8fb06365-86d4-4649-9cbc-f8573d5ce1e5 5931d99a7c454f73965f79fd80545a26 d0833e4929084ff9a8a3b6f55e33a894 - - default default] Successfully bumped revision number for resource ba7f75d4-99bc-40c0-9e4e-cff6bd35e7d2 (type: router_ports) to 1
2026-05-05 18:06:06.789 9 WARNING neutron.scheduler.dhcp_agent_scheduler [None req-fa980ae1-c65e-4942-8027-6542ef8c559f 0fc1ddbbfef842cd8690e9e4647b3700 41495e3cdf38491fa7ab4473bf534ee1 - - default default] No more DHCP agents
2026-05-05 18:06:06.792 9 WARNING neutron.api.rpc.agentnotifiers.dhcp_rpc_agent_api [None req-fa980ae1-c65e-4942-8027-6542ef8c559f 0fc1ddbbfef842cd8690e9e4647b3700 41495e3cdf38491fa7ab4473bf534ee1 - - default default] Unable to schedule network f4c5b1db-b075-4fe8-aa40-025a826e3f1c: no agents available; will retry on subsequent port and subnet creation events.
2026-05-05 18:06:06.799 10 INFO neutron.db.ovn_revision_numbers_db [None req-8fb06365-86d4-4649-9cbc-f8573d5ce1e5 5931d99a7c454f73965f79fd80545a26 d0833e4929084ff9a8a3b6f55e33a894 - - default default] Successfully bumped revision number for resource ba7f75d4-99bc-40c0-9e4e-cff6bd35e7d2 (type: ports) to 1
2026-05-05 18:06:06.846 10 WARNING neutron.scheduler.dhcp_agent_scheduler [None req-9615b8e3-c9e7-417e-b04d-16a87155d59d e939774fe9434a12a769ff42cbb7935b 9dcecb642bb441b2a497ec3f4e080394 - - default default] No more DHCP agents
2026-05-05 18:06:06.850 10 WARNING neutron.api.rpc.agentnotifiers.dhcp_rpc_agent_api [None req-9615b8e3-c9e7-417e-b04d-16a87155d59d e939774fe9434a12a769ff42cbb7935b 9dcecb642bb441b2a497ec3f4e080394 - - default default] Unable to schedule network 210cc3a6-6e20-45fb-bd08-810136018304: no agents available; will retry on subsequent port and subnet creation events.
2026-05-05 18:06:06.892 10 WARNING neutron.scheduler.dhcp_agent_scheduler [None req-8fb06365-86d4-4649-9cbc-f8573d5ce1e5 5931d99a7c454f73965f79fd80545a26 d0833e4929084ff9a8a3b6f55e33a894 - - default default] No more DHCP agents
2026-05-05 18:06:06.901 10 WARNING neutron.api.rpc.agentnotifiers.dhcp_rpc_agent_api [None req-8fb06365-86d4-4649-9cbc-f8573d5ce1e5 5931d99a7c454f73965f79fd80545a26 d0833e4929084ff9a8a3b6f55e33a894 - - default default] Unable to schedule network 14cf0b44-875d-4987-95fe-3454b6e5bafd: no agents available; will retry on subsequent port and subnet creation events.
2026-05-05 18:06:06.940 9 INFO neutron.wsgi [req-a9387afd-622c-4872-aa92-5ac762023cd4 req-b333e632-2b20-472f-bd6c-c8fd7040ff15 39295fafe31e48d89479c14f9909abc3 e2089c7d683e496da360a84670680e6c - - default default] 10.0.0.112 "GET /v2.0/security-groups?name=tempest-securitygroup--2014169177&fields=id&tenant_id=e2089c7d683e496da360a84670680e6c HTTP/1.1" status: 200 len: 267 time: 0.0616541
2026-05-05 18:06:07.046 9 INFO neutron.wsgi [req-a9387afd-622c-4872-aa92-5ac762023cd4 req-ea2f9f14-9ac9-4ca2-89c8-25a45af26422 39295fafe31e48d89479c14f9909abc3 e2089c7d683e496da360a84670680e6c - - default default] 10.0.0.112 "GET /v2.0/networks?id=697bb5ab-3d13-4c7b-88f8-0d2f816d1664 HTTP/1.1" status: 200 len: 874 time: 0.0910621
2026-05-05 18:06:07.063 10 INFO neutron.db.ovn_revision_numbers_db [None req-9615b8e3-c9e7-417e-b04d-16a87155d59d e939774fe9434a12a769ff42cbb7935b 9dcecb642bb441b2a497ec3f4e080394 - - default default] Successfully bumped revision number for resource c2d8b06b-fead-4a31-9e93-a67acf465b6b (type: ports) to 1
2026-05-05 18:06:07.069 9 INFO neutron.wsgi [req-a9387afd-622c-4872-aa92-5ac762023cd4 req-c1ba7fa0-3ee8-4270-a55d-59f86724dc78 39295fafe31e48d89479c14f9909abc3 e2089c7d683e496da360a84670680e6c - - default default] 10.0.0.112 "GET /v2.0/quotas/e2089c7d683e496da360a84670680e6c HTTP/1.1" status: 200 len: 386 time: 0.0119126
2026-05-05 18:06:07.184 9 INFO neutron.wsgi [req-a9387afd-622c-4872-aa92-5ac762023cd4 req-1aa811c0-dd99-42f3-95e2-a8ade5f4c95a 39295fafe31e48d89479c14f9909abc3 e2089c7d683e496da360a84670680e6c - - default default] 10.0.0.112 "GET /v2.0/ports?tenant_id=e2089c7d683e496da360a84670680e6c&fields=id HTTP/1.1" status: 200 len: 302 time: 0.1070170
2026-05-05 18:06:07.277 9 INFO neutron.wsgi [req-a9387afd-622c-4872-aa92-5ac762023cd4 req-4cc92a7c-a99c-4a35-9990-24c1c930aae0 c57a0dfb1fb04642a0ff9a045ab80d8f e30a28b3690b4d20b2c56350811c33a8 - - ce137fb0ec75421bbc675cf3716309ac ce137fb0ec75421bbc675cf3716309ac] 10.0.0.112 "GET /v2.0/networks/697bb5ab-3d13-4c7b-88f8-0d2f816d1664?fields=segments HTTP/1.1" status: 200 len: 212 time: 0.0785697
2026-05-05 18:06:07.365 9 INFO neutron.wsgi [req-a9387afd-622c-4872-aa92-5ac762023cd4 req-efcd7109-0012-4037-9947-8472462be9bc c57a0dfb1fb04642a0ff9a045ab80d8f e30a28b3690b4d20b2c56350811c33a8 - - ce137fb0ec75421bbc675cf3716309ac ce137fb0ec75421bbc675cf3716309ac] 10.0.0.112 "GET /v2.0/networks/697bb5ab-3d13-4c7b-88f8-0d2f816d1664?fields=provider%3Aphysical_network&fields=provider%3Anetwork_type HTTP/1.1" status: 200 len: 277 time: 0.0708649
2026-05-05 18:06:07.434 9 INFO neutron.db.ovn_revision_numbers_db [None req-fa980ae1-c65e-4942-8027-6542ef8c559f 0fc1ddbbfef842cd8690e9e4647b3700 41495e3cdf38491fa7ab4473bf534ee1 - - default default] Successfully bumped revision number for resource e19bb7e7-07fe-4411-b6f2-7160c2100b5c (type: ports) to 2
2026-05-05 18:06:07.495 9 INFO neutron.db.ovn_revision_numbers_db [None req-fa980ae1-c65e-4942-8027-6542ef8c559f 0fc1ddbbfef842cd8690e9e4647b3700 41495e3cdf38491fa7ab4473bf534ee1 - - default default] Successfully bumped revision number for resource 646e629f-b927-4c5c-bce4-12be3f2a2f73 (type: subnets) to 0
2026-05-05 18:06:07.515 9 INFO neutron.wsgi [None req-fa980ae1-c65e-4942-8027-6542ef8c559f 0fc1ddbbfef842cd8690e9e4647b3700 41495e3cdf38491fa7ab4473bf534ee1 - - default default] 10.0.0.6 "POST /v2.0/subnets HTTP/1.1" status: 201 len: 801 time: 0.9548178
2026-05-05 18:06:07.526 9 WARNING neutron_lib.context [None req-c8a84c14-9f4b-4550-9fa6-64fac668b7ea 0fc1ddbbfef842cd8690e9e4647b3700 41495e3cdf38491fa7ab4473bf534ee1 - - default default] Method 'is_advsvc' is deprecated since 2023.2 release (neutron-lib 3.8.0) and will be removed once support for the old RBAC API policies will be removed from Neutron. Please use method 'is_service_role' instead.
2026-05-05 18:06:07.565 9 INFO neutron.wsgi [req-325954a0-e384-4b58-bebd-192ee6552000 req-3b83a7aa-2e65-435c-886c-ef6334ed6a91 39295fafe31e48d89479c14f9909abc3 e2089c7d683e496da360a84670680e6c - - default default] 10.0.0.112 "GET /v2.0/ports?device_id=d652ecc0-ec99-4378-8fec-135a9c868e1d HTTP/1.1" status: 200 len: 210 time: 0.0446913
2026-05-05 18:06:07.874 9 WARNING neutron.scheduler.dhcp_agent_scheduler [None req-c8a84c14-9f4b-4550-9fa6-64fac668b7ea 0fc1ddbbfef842cd8690e9e4647b3700 41495e3cdf38491fa7ab4473bf534ee1 - - default default] No more DHCP agents
2026-05-05 18:06:07.878 9 WARNING neutron.api.rpc.agentnotifiers.dhcp_rpc_agent_api [None req-c8a84c14-9f4b-4550-9fa6-64fac668b7ea 0fc1ddbbfef842cd8690e9e4647b3700 41495e3cdf38491fa7ab4473bf534ee1 - - default default] Unable to schedule network f4c5b1db-b075-4fe8-aa40-025a826e3f1c: no agents available; will retry on subsequent port and subnet creation events.
2026-05-05 18:06:08.092 9 INFO neutron.db.ovn_revision_numbers_db [None req-c8a84c14-9f4b-4550-9fa6-64fac668b7ea 0fc1ddbbfef842cd8690e9e4647b3700 41495e3cdf38491fa7ab4473bf534ee1 - - default default] Successfully bumped revision number for resource e61e94bf-6019-4b7c-93a2-0885cf8e40d6 (type: ports) to 1
2026-05-05 18:06:08.113 9 INFO neutron.wsgi [None req-c8a84c14-9f4b-4550-9fa6-64fac668b7ea 0fc1ddbbfef842cd8690e9e4647b3700 41495e3cdf38491fa7ab4473bf534ee1 - - default default] 10.0.0.6 "POST /v2.0/ports HTTP/1.1" status: 201 len: 1115 time: 0.5936475
2026-05-05 18:06:08.262 10 INFO neutron.db.ovn_revision_numbers_db [None req-8fb06365-86d4-4649-9cbc-f8573d5ce1e5 5931d99a7c454f73965f79fd80545a26 d0833e4929084ff9a8a3b6f55e33a894 - - default default] Successfully bumped revision number for resource ba7f75d4-99bc-40c0-9e4e-cff6bd35e7d2 (type: router_ports) to 1
2026-05-05 18:06:08.264 10 INFO neutron.wsgi [None req-8fb06365-86d4-4649-9cbc-f8573d5ce1e5 5931d99a7c454f73965f79fd80545a26 d0833e4929084ff9a8a3b6f55e33a894 - - default default] 10.0.0.6 "PUT /v2.0/routers/7c4d8aa1-4fd3-4e3d-bf40-06cc97f9a789/add_router_interface HTTP/1.1" status: 200 len: 503 time: 4.1143737
2026-05-05 18:06:08.274 10 INFO neutron.db.ovn_revision_numbers_db [None req-9615b8e3-c9e7-417e-b04d-16a87155d59d e939774fe9434a12a769ff42cbb7935b 9dcecb642bb441b2a497ec3f4e080394 - - default default] Successfully bumped revision number for resource c2d8b06b-fead-4a31-9e93-a67acf465b6b (type: router_ports) to 1
2026-05-05 18:06:08.337 10 INFO neutron.db.ovn_revision_numbers_db [None req-9615b8e3-c9e7-417e-b04d-16a87155d59d e939774fe9434a12a769ff42cbb7935b 9dcecb642bb441b2a497ec3f4e080394 - - default default] Successfully bumped revision number for resource f5eab624-bfb3-4284-ac23-54236f5f7e67 (type: routers) to 2
2026-05-05 18:06:08.352 9 INFO neutron.wsgi [req-a9387afd-622c-4872-aa92-5ac762023cd4 req-3cbc9899-8169-4c19-a719-dc60debd37bd 39295fafe31e48d89479c14f9909abc3 e2089c7d683e496da360a84670680e6c - - default default] 199.204.45.72 "GET /v2.0/networks?id=697bb5ab-3d13-4c7b-88f8-0d2f816d1664 HTTP/1.1" status: 200 len: 874 time: 0.0988834
2026-05-05 18:06:08.353 10 INFO neutron.wsgi [None req-9615b8e3-c9e7-417e-b04d-16a87155d59d e939774fe9434a12a769ff42cbb7935b 9dcecb642bb441b2a497ec3f4e080394 - - default default] 10.0.0.6 "POST /v2.0/routers HTTP/1.1" status: 201 len: 868 time: 2.1656077
2026-05-05 18:06:08.427 9 INFO neutron.wsgi [req-a9387afd-622c-4872-aa92-5ac762023cd4 req-b351cae8-e884-44ed-bd80-ca9ce4dcbf05 39295fafe31e48d89479c14f9909abc3 e2089c7d683e496da360a84670680e6c - - default default] 199.204.45.72 "GET /v2.0/security-groups?fields=id&fields=name&tenant_id=e2089c7d683e496da360a84670680e6c HTTP/1.1" status: 200 len: 380 time: 0.0633781
2026-05-05 18:06:08.437 10 INFO neutron.wsgi [None req-5407a86f-4cf5-4275-a6f0-08d15daf7902 e939774fe9434a12a769ff42cbb7935b 9dcecb642bb441b2a497ec3f4e080394 - - default default] 10.0.0.6 "GET /v2.0/routers/f5eab624-bfb3-4284-ac23-54236f5f7e67 HTTP/1.1" status: 200 len: 869 time: 0.0769787
2026-05-05 18:06:08.447 9 WARNING neutron_lib.context [req-a9387afd-622c-4872-aa92-5ac762023cd4 req-574a3197-63f6-4fed-aa0f-96133c90faf8 39295fafe31e48d89479c14f9909abc3 e2089c7d683e496da360a84670680e6c - - default default] Method 'is_advsvc' is deprecated since 2023.2 release (neutron-lib 3.8.0) and will be removed once support for the old RBAC API policies will be removed from Neutron. Please use method 'is_service_role' instead.
2026-05-05 18:06:08.487 10 WARNING neutron.plugins.ml2.drivers.ovn.mech_driver.ovsdb.ovn_client [None req-899a9e77-8652-4142-b3dd-edbaf3a03c5e - - - - - -] No port found with ID 5f7092c8-ca43-4ddf-a55a-796ab6f69e37: RuntimeError: No port found with ID 5f7092c8-ca43-4ddf-a55a-796ab6f69e37
2026-05-05 18:06:08.488 10 INFO neutron.plugins.ml2.drivers.ovn.mech_driver.mech_driver [None req-899a9e77-8652-4142-b3dd-edbaf3a03c5e - - - - - -] OVN reports status up for port: ba7f75d4-99bc-40c0-9e4e-cff6bd35e7d2
2026-05-05 18:06:08.505 10 INFO neutron.plugins.ml2.plugin [None req-899a9e77-8652-4142-b3dd-edbaf3a03c5e - - - - - -] Attempt 1 to provision port ba7f75d4-99bc-40c0-9e4e-cff6bd35e7d2
2026-05-05 18:06:08.548 10 INFO neutron.wsgi [None req-ab945674-3da1-4293-9924-cde3987a35d1 e939774fe9434a12a769ff42cbb7935b 9dcecb642bb441b2a497ec3f4e080394 - - default default] 10.0.0.6 "GET /v2.0/routers HTTP/1.1" status: 200 len: 872 time: 0.0976665
2026-05-05 18:06:08.600 9 INFO neutron.wsgi [None req-aca2ff4e-a1b6-4cad-a268-30ccb4a71c93 0fc1ddbbfef842cd8690e9e4647b3700 41495e3cdf38491fa7ab4473bf534ee1 - - default default] 10.0.0.6 "DELETE /v2.0/ports/e61e94bf-6019-4b7c-93a2-0885cf8e40d6 HTTP/1.1" status: 204 len: 168 time: 0.4813526
2026-05-05 18:06:08.636 10 INFO neutron.pecan_wsgi.hooks.translation [None req-6c53d8da-0d27-4ed6-862e-bd39fd70985d 0fc1ddbbfef842cd8690e9e4647b3700 41495e3cdf38491fa7ab4473bf534ee1 - - default default] GET failed (client error): The resource could not be found.
2026-05-05 18:06:08.638 10 INFO neutron.wsgi [None req-6c53d8da-0d27-4ed6-862e-bd39fd70985d 0fc1ddbbfef842cd8690e9e4647b3700 41495e3cdf38491fa7ab4473bf534ee1 - - default default] 10.0.0.6 "GET /v2.0/ports/e61e94bf-6019-4b7c-93a2-0885cf8e40d6 HTTP/1.1" status: 404 len: 333 time: 0.0268590
2026-05-05 18:06:08.689 9 INFO neutron.wsgi [req-6ba535f8-1d76-4f60-87d2-77b29b46a1a1 req-1ddef29a-80ce-4453-aac4-a1bbd286f2c1 39295fafe31e48d89479c14f9909abc3 e2089c7d683e496da360a84670680e6c - - default default] 10.0.0.112 "GET /v2.0/ports?device_id=d652ecc0-ec99-4378-8fec-135a9c868e1d HTTP/1.1" status: 200 len: 210 time: 0.0238285 /var/lib/openstack/lib/python3.10/site-packages/pycadf/identifier.py:71: UserWarning: Invalid uuid: neutron. To ensure interoperability, identifiers should be a valid uuid. warnings.warn(('Invalid uuid: %s. To ensure interoperability, '
2026-05-05 18:06:08.840 9 WARNING neutron_lib.context [None req-60a8a14b-09f7-475d-a83e-10f9e1cec138 1af09fbaa9ca4808b046879ec8491f0f eebf1230485e4a4d97e7baab2daf8522 - - default default] Method 'is_advsvc' is deprecated since 2023.2 release (neutron-lib 3.8.0) and will be removed once support for the old RBAC API policies will be removed from Neutron. Please use method 'is_service_role' instead.
2026-05-05 18:06:08.885 9 WARNING neutron.scheduler.dhcp_agent_scheduler [req-a9387afd-622c-4872-aa92-5ac762023cd4 req-574a3197-63f6-4fed-aa0f-96133c90faf8 39295fafe31e48d89479c14f9909abc3 e2089c7d683e496da360a84670680e6c - - default default] No more DHCP agents
2026-05-05 18:06:08.893 9 WARNING neutron.api.rpc.agentnotifiers.dhcp_rpc_agent_api [req-a9387afd-622c-4872-aa92-5ac762023cd4 req-574a3197-63f6-4fed-aa0f-96133c90faf8 39295fafe31e48d89479c14f9909abc3 e2089c7d683e496da360a84670680e6c - - default default] Unable to schedule network 697bb5ab-3d13-4c7b-88f8-0d2f816d1664: no agents available; will retry on subsequent port and subnet creation events.
2026-05-05 18:06:08.998 9 INFO neutron.wsgi [None req-e5ff40c9-2b0b-4312-b868-664bb286687f 0fc1ddbbfef842cd8690e9e4647b3700 41495e3cdf38491fa7ab4473bf534ee1 - - default default] 10.0.0.6 "DELETE /v2.0/subnets/646e629f-b927-4c5c-bce4-12be3f2a2f73 HTTP/1.1" status: 204 len: 168 time: 0.3535380 /var/lib/openstack/lib/python3.10/site-packages/pycadf/identifier.py:71: UserWarning: Invalid uuid: neutron. To ensure interoperability, identifiers should be a valid uuid. warnings.warn(('Invalid uuid: %s. To ensure interoperability, '
2026-05-05 18:06:09.087 9 INFO neutron.db.ovn_revision_numbers_db [None req-60a8a14b-09f7-475d-a83e-10f9e1cec138 1af09fbaa9ca4808b046879ec8491f0f eebf1230485e4a4d97e7baab2daf8522 - - default default] Successfully bumped revision number for resource 87893fe1-da9e-4c6a-ab84-52a5e50752ba (type: security_groups) to 1
2026-05-05 18:06:09.106 9 INFO neutron.db.ovn_revision_numbers_db [None req-60a8a14b-09f7-475d-a83e-10f9e1cec138 1af09fbaa9ca4808b046879ec8491f0f eebf1230485e4a4d97e7baab2daf8522 - - default default] Successfully bumped revision number for resource 5e7778c1-d0ae-47ef-9ea3-3d5caea9613c (type: security_group_rules) to 0
2026-05-05 18:06:09.146 9 INFO neutron.db.ovn_revision_numbers_db [None req-60a8a14b-09f7-475d-a83e-10f9e1cec138 1af09fbaa9ca4808b046879ec8491f0f eebf1230485e4a4d97e7baab2daf8522 - - default default] Successfully bumped revision number for resource 876a707d-d368-4e05-bcfa-cc02611e3479 (type: security_group_rules) to 0
2026-05-05 18:06:09.183 9 INFO neutron.wsgi [None req-60a8a14b-09f7-475d-a83e-10f9e1cec138 1af09fbaa9ca4808b046879ec8491f0f eebf1230485e4a4d97e7baab2daf8522 - - default default] 10.0.0.6 "POST /v2.0/security-groups HTTP/1.1" status: 201 len: 1811 time: 0.3494270
2026-05-05 18:06:09.205 9 WARNING neutron_lib.context [None req-5a07b047-cc87-4008-85fb-8a4cc1550350 1af09fbaa9ca4808b046879ec8491f0f eebf1230485e4a4d97e7baab2daf8522 - - default default] Method 'is_advsvc' is deprecated since 2023.2 release (neutron-lib 3.8.0) and will be removed once support for the old RBAC API policies will be removed from Neutron. Please use method 'is_service_role' instead.
2026-05-05 18:06:09.228 10 INFO neutron.db.ovn_revision_numbers_db [None req-899a9e77-8652-4142-b3dd-edbaf3a03c5e - - - - - -] Successfully bumped revision number for resource ba7f75d4-99bc-40c0-9e4e-cff6bd35e7d2 (type: ports) to 2
2026-05-05 18:06:09.242 9 INFO neutron.db.ovn_revision_numbers_db [req-a9387afd-622c-4872-aa92-5ac762023cd4 req-574a3197-63f6-4fed-aa0f-96133c90faf8 39295fafe31e48d89479c14f9909abc3 e2089c7d683e496da360a84670680e6c - - default default] Successfully bumped revision number for resource 43e6cb79-45c0-44b1-8792-abda00cdc7cc (type: ports) to 1
2026-05-05 18:06:09.316 9 INFO neutron.wsgi [req-a9387afd-622c-4872-aa92-5ac762023cd4 req-574a3197-63f6-4fed-aa0f-96133c90faf8 39295fafe31e48d89479c14f9909abc3 e2089c7d683e496da360a84670680e6c - - default default] 199.204.45.72 "POST /v2.0/ports HTTP/1.1" status: 201 len: 1162 time: 0.8765833
2026-05-05 18:06:09.368 10 INFO neutron.db.ovn_revision_numbers_db [None req-899a9e77-8652-4142-b3dd-edbaf3a03c5e - - - - - -] Successfully bumped revision number for resource ba7f75d4-99bc-40c0-9e4e-cff6bd35e7d2 (type: router_ports) to 2
2026-05-05 18:06:09.425 10 INFO neutron.db.ovn_revision_numbers_db [None req-62759d79-4707-4aff-a035-49f98e0ca944 e939774fe9434a12a769ff42cbb7935b 9dcecb642bb441b2a497ec3f4e080394 - - default default] Successfully bumped revision number for resource f5eab624-bfb3-4284-ac23-54236f5f7e67 (type: routers) to 3
2026-05-05 18:06:09.428 10 INFO neutron.wsgi [None req-62759d79-4707-4aff-a035-49f98e0ca944 e939774fe9434a12a769ff42cbb7935b 9dcecb642bb441b2a497ec3f4e080394 - - default default] 10.0.0.6 "PUT /v2.0/routers/f5eab624-bfb3-4284-ac23-54236f5f7e67 HTTP/1.1" status: 200 len: 876 time: 0.8732007
2026-05-05 18:06:09.934 9 INFO neutron.db.ovn_revision_numbers_db [None req-5a07b047-cc87-4008-85fb-8a4cc1550350 1af09fbaa9ca4808b046879ec8491f0f eebf1230485e4a4d97e7baab2daf8522 - - default default] Successfully bumped revision number for resource e66faaab-d585-4949-a331-5410880f0c01 (type: security_group_rules) to 0
2026-05-05 18:06:09.975 9 INFO neutron.wsgi [None req-e2b9094b-7345-44f4-bacd-8ae2db1c4b4a e939774fe9434a12a769ff42cbb7935b 9dcecb642bb441b2a497ec3f4e080394 - - default default] 10.0.0.6 "GET /v2.0/routers/f5eab624-bfb3-4284-ac23-54236f5f7e67 HTTP/1.1" status: 200 len: 876 time: 0.5396161
2026-05-05 18:06:10.010 10 INFO neutron.wsgi [None req-e897bd53-8573-4027-a1da-23376ce0241d e939774fe9434a12a769ff42cbb7935b 9dcecb642bb441b2a497ec3f4e080394 - - default default] 10.0.0.6 "GET /v2.0/ports?device_id=f5eab624-bfb3-4284-ac23-54236f5f7e67 HTTP/1.1" status: 200 len: 205 time: 0.0283213
2026-05-05 18:06:10.017 9 WARNING neutron.plugins.ml2.drivers.ovn.mech_driver.ovsdb.ovn_client [None req-c96f15d0-b626-40da-861b-b2acedf8928e - - - - - -] No hosting information found for port fb6fbca7-f88c-49aa-8525-870c86db9d46: RuntimeError: No hosting information found for port fb6fbca7-f88c-49aa-8525-870c86db9d46
2026-05-05 18:06:10.018 9 INFO neutron.plugins.ml2.drivers.ovn.mech_driver.mech_driver [None req-c96f15d0-b626-40da-861b-b2acedf8928e - - - - - -] OVN reports status up for port: 684777d1-6058-48a4-b65e-1c54d06b7dc8
2026-05-05 18:06:10.056 9 INFO neutron.wsgi [None req-5a07b047-cc87-4008-85fb-8a4cc1550350 1af09fbaa9ca4808b046879ec8491f0f eebf1230485e4a4d97e7baab2daf8522 - - default default] 10.0.0.6 "POST /v2.0/security-group-rules HTTP/1.1" status: 201 len: 764 time: 0.8638127
2026-05-05 18:06:10.064 9 INFO neutron.plugins.ml2.plugin [None req-c96f15d0-b626-40da-861b-b2acedf8928e - - - - - -] Attempt 1 to provision port 684777d1-6058-48a4-b65e-1c54d06b7dc8
2026-05-05 18:06:10.081 9 INFO neutron.wsgi [req-68715625-8c0a-480e-9892-fcf92ebbb3e3 req-1e22ce7a-5d6c-4427-aedb-63ee4c36960c 39295fafe31e48d89479c14f9909abc3 e2089c7d683e496da360a84670680e6c - - default default] 10.0.0.112 "GET /v2.0/ports?device_id=d652ecc0-ec99-4378-8fec-135a9c868e1d HTTP/1.1" status: 200 len: 1160 time: 0.1558778
2026-05-05 18:06:10.102 10 WARNING neutron_lib.context [None req-6ea3a1da-dd0c-43cd-b617-53f47c9b43d6 1af09fbaa9ca4808b046879ec8491f0f eebf1230485e4a4d97e7baab2daf8522 - - default default] Method 'is_advsvc' is deprecated since 2023.2 release (neutron-lib 3.8.0) and will be removed once support for the old RBAC API policies will be removed from Neutron. Please use method 'is_service_role' instead.
2026-05-05 18:06:10.149 9 INFO neutron.services.segments.plugin [-] Segment 3c9224a3-05ee-4620-98e2-c053e2aa867d resource provider aggregate not found
2026-05-05 18:06:10.154 9 INFO neutron.services.segments.plugin [-] Segment 3c9224a3-05ee-4620-98e2-c053e2aa867d resource provider aggregate not found
2026-05-05 18:06:10.175 9 INFO neutron.services.segments.plugin [-] Segment 3c9224a3-05ee-4620-98e2-c053e2aa867d resource provider not found; error: Placement Client Error (4xx): {"errors": [{"status": 404, "title": "Not Found", "detail": "The resource could not be found.\n\n No resource provider with uuid 3c9224a3-05ee-4620-98e2-c053e2aa867d found for delete ", "request_id": "req-6f5550b4-3140-46e5-9b8b-bed65a1c292f"}]}
2026-05-05 18:06:10.179 9 INFO neutron.services.segments.plugin [-] Segment 3c9224a3-05ee-4620-98e2-c053e2aa867d resource provider not found; error: Placement Client Error (4xx): {"errors": [{"status": 404, "title": "Not Found", "detail": "The resource could not be found.\n\n No resource provider with uuid 3c9224a3-05ee-4620-98e2-c053e2aa867d found for delete ", "request_id": "req-a26451c3-662d-4948-9516-5332c2d8d57c"}]}
2026-05-05 18:06:10.209 9 INFO neutron.wsgi [req-68715625-8c0a-480e-9892-fcf92ebbb3e3 req-7f6221df-05fb-4ac9-949c-7b3d777ec0b2 39295fafe31e48d89479c14f9909abc3 e2089c7d683e496da360a84670680e6c - - default default] 10.0.0.112 "GET /v2.0/security-groups?id=e31f161b-cb9d-4858-8298-df2fad4c6160&fields=id&fields=name HTTP/1.1" status: 200 len: 313 time: 0.1194346
2026-05-05 18:06:10.242 9 INFO neutron.wsgi [None req-2b9bb072-3772-4534-a7dd-acc1649abc6c 0fc1ddbbfef842cd8690e9e4647b3700 41495e3cdf38491fa7ab4473bf534ee1 - - default default] 10.0.0.6 "DELETE /v2.0/networks/f4c5b1db-b075-4fe8-aa40-025a826e3f1c HTTP/1.1" status: 204 len: 168 time: 1.2358248
2026-05-05 18:06:10.259 9 WARNING neutron_lib.context [None req-9e0c659a-95c6-4457-b55b-f9cc83b635a6 0fc1ddbbfef842cd8690e9e4647b3700 41495e3cdf38491fa7ab4473bf534ee1 - - default default] Method 'is_advsvc' is deprecated since 2023.2 release (neutron-lib 3.8.0) and will be removed once support for the old RBAC API policies will be removed from Neutron. Please use method 'is_service_role' instead.
2026-05-05 18:06:10.272 9 INFO neutron.plugins.ml2.drivers.ovn.mech_driver.mech_driver [None req-c96f15d0-b626-40da-861b-b2acedf8928e - - - - - -] OVN reports status up for port: c2d8b06b-fead-4a31-9e93-a67acf465b6b
2026-05-05 18:06:10.310 9 INFO neutron.plugins.ml2.plugin [None req-c96f15d0-b626-40da-861b-b2acedf8928e - - - - - -] Attempt 1 to provision port c2d8b06b-fead-4a31-9e93-a67acf465b6b
2026-05-05 18:06:10.346 10 INFO neutron.db.ovn_revision_numbers_db [None req-6ea3a1da-dd0c-43cd-b617-53f47c9b43d6 1af09fbaa9ca4808b046879ec8491f0f eebf1230485e4a4d97e7baab2daf8522 - - default default] Successfully bumped revision number for resource 529d89a5-61e5-4bbd-8eac-1786c86a347a (type: security_group_rules) to 0
2026-05-05 18:06:10.425 10 INFO neutron.wsgi [None req-6ea3a1da-dd0c-43cd-b617-53f47c9b43d6 1af09fbaa9ca4808b046879ec8491f0f eebf1230485e4a4d97e7baab2daf8522 - - default default] 10.0.0.6 "POST /v2.0/security-group-rules HTTP/1.1" status: 201 len: 763 time: 0.3295314 /var/lib/openstack/lib/python3.10/site-packages/pycadf/identifier.py:71: UserWarning: Invalid uuid: neutron. To ensure interoperability, identifiers should be a valid uuid. warnings.warn(('Invalid uuid: %s. To ensure interoperability, '
2026-05-05 18:06:10.442 9 WARNING neutron_lib.context [None req-bf7e81d9-d206-4506-a8d4-1136ae40c39e 1af09fbaa9ca4808b046879ec8491f0f eebf1230485e4a4d97e7baab2daf8522 - - default default] Method 'is_advsvc' is deprecated since 2023.2 release (neutron-lib 3.8.0) and will be removed once support for the old RBAC API policies will be removed from Neutron. Please use method 'is_service_role' instead.
2026-05-05 18:06:10.552 10 INFO neutron.wsgi [None req-3ba98d20-c854-4dfc-8e59-23e4826b232f 5931d99a7c454f73965f79fd80545a26 d0833e4929084ff9a8a3b6f55e33a894 - - default default] 10.0.0.9 "GET /v2.0/routers HTTP/1.1" status: 200 len: 2875 time: 0.3576469
2026-05-05 18:06:10.565 10 INFO neutron.wsgi [None req-f62f52aa-a040-44ab-8ca5-36605116ce75 5931d99a7c454f73965f79fd80545a26 d0833e4929084ff9a8a3b6f55e33a894 - - default default] 10.0.0.9 "GET /v2.0/agents?binary=ovn-controller HTTP/1.1" status: 200 len: 591 time: 0.0100689
2026-05-05 18:06:10.589 10 INFO neutron.wsgi [None req-76e61829-3dbc-40ef-b3ea-a28a94b2dd0f 5931d99a7c454f73965f79fd80545a26 d0833e4929084ff9a8a3b6f55e33a894 - - default default] 10.0.0.9 "GET /v2.0/network-ip-availabilities HTTP/1.1" status: 200 len: 2978 time: 0.0225956
2026-05-05 18:06:10.679 10 INFO neutron.wsgi [None req-7bf7a3ef-530c-4a22-9c7a-f9d93c497419 5931d99a7c454f73965f79fd80545a26 d0833e4929084ff9a8a3b6f55e33a894 - - default default] 10.0.0.9 "GET /v2.0/security-groups HTTP/1.1" status: 200 len: 36195 time: 0.0887332
2026-05-05 18:06:10.688 9 INFO neutron.db.ovn_revision_numbers_db [req-a9387afd-622c-4872-aa92-5ac762023cd4 req-0cc20343-799a-4d1a-8f4f-7ae6dec51290 c57a0dfb1fb04642a0ff9a045ab80d8f e30a28b3690b4d20b2c56350811c33a8 - - ce137fb0ec75421bbc675cf3716309ac ce137fb0ec75421bbc675cf3716309ac] Successfully bumped revision number for resource 43e6cb79-45c0-44b1-8792-abda00cdc7cc (type: ports) to 2
2026-05-05 18:06:10.706 9 WARNING neutron.scheduler.dhcp_agent_scheduler [None req-9e0c659a-95c6-4457-b55b-f9cc83b635a6 0fc1ddbbfef842cd8690e9e4647b3700 41495e3cdf38491fa7ab4473bf534ee1 - - default default] No more DHCP agents
2026-05-05 18:06:10.707 10 INFO neutron.wsgi [None req-01f5a0ed-60f8-406a-82e3-779df3355a01 5931d99a7c454f73965f79fd80545a26 d0833e4929084ff9a8a3b6f55e33a894 - - default default] 10.0.0.9 "GET /v2.0/agents HTTP/1.1" status: 200 len: 997 time: 0.0184548
2026-05-05 18:06:10.713 9 WARNING neutron.api.rpc.agentnotifiers.dhcp_rpc_agent_api [None req-9e0c659a-95c6-4457-b55b-f9cc83b635a6 0fc1ddbbfef842cd8690e9e4647b3700 41495e3cdf38491fa7ab4473bf534ee1 - - default default] Unable to schedule network fc95c25e-09ab-4714-83b0-8b1c71c60ca9: no agents available; will retry on subsequent port and subnet creation events.
2026-05-05 18:06:10.731 9 INFO neutron.db.ovn_revision_numbers_db [None req-bf7e81d9-d206-4506-a8d4-1136ae40c39e 1af09fbaa9ca4808b046879ec8491f0f eebf1230485e4a4d97e7baab2daf8522 - - default default] Successfully bumped revision number for resource 7a9f7bfc-f0dd-497e-8f4e-64f2d9d733d5 (type: security_group_rules) to 0
2026-05-05 18:06:10.797 9 INFO neutron.wsgi [None req-bf7e81d9-d206-4506-a8d4-1136ae40c39e 1af09fbaa9ca4808b046879ec8491f0f eebf1230485e4a4d97e7baab2daf8522 - - default default] 10.0.0.6 "POST /v2.0/security-group-rules HTTP/1.1" status: 201 len: 769 time: 0.3637660 /var/lib/openstack/lib/python3.10/site-packages/pycadf/identifier.py:71: UserWarning: Invalid uuid: neutron. To ensure interoperability, identifiers should be a valid uuid. warnings.warn(('Invalid uuid: %s. To ensure interoperability, '
2026-05-05 18:06:10.806 9 WARNING neutron_lib.context [None req-662d5104-a85e-4884-be98-b68d96c09213 1af09fbaa9ca4808b046879ec8491f0f eebf1230485e4a4d97e7baab2daf8522 - - default default] Method 'is_advsvc' is deprecated since 2023.2 release (neutron-lib 3.8.0) and will be removed once support for the old RBAC API policies will be removed from Neutron. Please use method 'is_service_role' instead.
2026-05-05 18:06:10.835 10 INFO neutron.wsgi [None req-bb01f975-e065-42b6-8abd-7a7769e4350e 5931d99a7c454f73965f79fd80545a26 d0833e4929084ff9a8a3b6f55e33a894 - - default default] 10.0.0.9 "GET /v2.0/ports HTTP/1.1" status: 200 len: 20758 time: 0.1261303
2026-05-05 18:06:10.850 9 INFO neutron.db.ovn_revision_numbers_db [None req-9e0c659a-95c6-4457-b55b-f9cc83b635a6 0fc1ddbbfef842cd8690e9e4647b3700 41495e3cdf38491fa7ab4473bf534ee1 - - default default] Successfully bumped revision number for resource 29419899-15d8-4736-ad89-548efd5bba24 (type: ports) to 1
2026-05-05 18:06:10.906 9 INFO neutron.wsgi [None req-9e0c659a-95c6-4457-b55b-f9cc83b635a6 0fc1ddbbfef842cd8690e9e4647b3700 41495e3cdf38491fa7ab4473bf534ee1 - - default default] 10.0.0.6 "POST /v2.0/ports HTTP/1.1" status: 201 len: 973 time: 0.6547232
2026-05-05 18:06:10.972 10 INFO neutron.wsgi [None req-9a387104-85e9-43f9-8037-9b590b9e0373 5931d99a7c454f73965f79fd80545a26 d0833e4929084ff9a8a3b6f55e33a894 - - default default] 10.0.0.9 "GET /v2.0/networks HTTP/1.1" status: 200 len: 5341 time: 0.1200931
2026-05-05 18:06:11.022 10 INFO neutron.wsgi [None req-bb02108f-3ed4-4dd8-b545-11b86a35ee67 5931d99a7c454f73965f79fd80545a26 d0833e4929084ff9a8a3b6f55e33a894 - - default default] 10.0.0.9 "GET /v2.0/subnets HTTP/1.1" status: 200 len: 3400 time: 0.0465465
2026-05-05 18:06:11.043 10 INFO neutron.wsgi [None req-c3ad54ba-6a8e-4f9e-a25c-9451ffd8863d 5931d99a7c454f73965f79fd80545a26 d0833e4929084ff9a8a3b6f55e33a894 - - default default] 10.0.0.9 "GET /v2.0/subnetpools HTTP/1.1" status: 200 len: 193 time: 0.0189176
2026-05-05 18:06:11.048 9 INFO neutron.db.ovn_revision_numbers_db [req-a9387afd-622c-4872-aa92-5ac762023cd4 req-0cc20343-799a-4d1a-8f4f-7ae6dec51290 c57a0dfb1fb04642a0ff9a045ab80d8f e30a28b3690b4d20b2c56350811c33a8 - - ce137fb0ec75421bbc675cf3716309ac ce137fb0ec75421bbc675cf3716309ac] Successfully bumped revision number for resource 43e6cb79-45c0-44b1-8792-abda00cdc7cc (type: ports) to 2
2026-05-05 18:06:11.050 9 INFO neutron.db.ovn_revision_numbers_db [None req-662d5104-a85e-4884-be98-b68d96c09213 1af09fbaa9ca4808b046879ec8491f0f eebf1230485e4a4d97e7baab2daf8522 - - default default] Successfully bumped revision number for resource 4cfe8539-1746-4ec6-a4d7-8aea33a63169 (type: security_group_rules) to 0
2026-05-05 18:06:11.082 9 INFO neutron.wsgi [req-a9387afd-622c-4872-aa92-5ac762023cd4 req-0cc20343-799a-4d1a-8f4f-7ae6dec51290 c57a0dfb1fb04642a0ff9a045ab80d8f e30a28b3690b4d20b2c56350811c33a8 - - ce137fb0ec75421bbc675cf3716309ac ce137fb0ec75421bbc675cf3716309ac] 199.204.45.72 "PUT /v2.0/ports/43e6cb79-45c0-44b1-8792-abda00cdc7cc HTTP/1.1" status: 200 len: 1380 time: 1.7423825
2026-05-05 18:06:11.091 10 INFO neutron.wsgi [None req-148eb0e3-5389-4e57-87aa-bfa272276434 5931d99a7c454f73965f79fd80545a26 d0833e4929084ff9a8a3b6f55e33a894 - - default default] 10.0.0.9 "GET /v2.0/floatingips HTTP/1.1" status: 200 len: 730 time: 0.0399091
2026-05-05 18:06:11.100 9 INFO neutron.wsgi [None req-662d5104-a85e-4884-be98-b68d96c09213 1af09fbaa9ca4808b046879ec8491f0f eebf1230485e4a4d97e7baab2daf8522 - - default default] 10.0.0.6 "POST /v2.0/security-group-rules HTTP/1.1" status: 201 len: 768 time: 0.2982218
2026-05-05 18:06:11.115 10 WARNING neutron_lib.context [None req-4a895840-3ef4-45ff-9a46-c58e39729e02 1af09fbaa9ca4808b046879ec8491f0f eebf1230485e4a4d97e7baab2daf8522 - - default default] Method 'is_advsvc' is deprecated since 2023.2 release (neutron-lib 3.8.0) and will be removed once support for the old RBAC API policies will be removed from Neutron. Please use method 'is_service_role' instead.
2026-05-05 18:06:11.128 9 INFO neutron.notifiers.nova [-] Nova event matching ['req-c6eb0253-5f69-4915-a3fb-11e6e019aa9d'] response: {'name': 'network-changed', 'server_uuid': 'd652ecc0-ec99-4378-8fec-135a9c868e1d', 'tag': '43e6cb79-45c0-44b1-8792-abda00cdc7cc', 'status': 'completed', 'code': 200} /var/lib/openstack/lib/python3.10/site-packages/pycadf/identifier.py:71: UserWarning: Invalid uuid: neutron. To ensure interoperability, identifiers should be a valid uuid. warnings.warn(('Invalid uuid: %s. To ensure interoperability, '
2026-05-05 18:06:11.151 10 INFO neutron.wsgi [None req-16f8bdb3-e49c-423c-9247-ef6a8b36332b 5931d99a7c454f73965f79fd80545a26 d0833e4929084ff9a8a3b6f55e33a894 - - default default] 10.0.0.9 "GET /v2.0/subnets HTTP/1.1" status: 200 len: 3400 time: 0.0585341
2026-05-05 18:06:11.152 10 INFO neutron.db.securitygroups_db [None req-4a895840-3ef4-45ff-9a46-c58e39729e02 1af09fbaa9ca4808b046879ec8491f0f eebf1230485e4a4d97e7baab2daf8522 - - default default] Project eebf1230485e4a4d97e7baab2daf8522 added a security group rule with legacy IPv6 ICMP protocol name icmp, ipv6-icmp should be used instead. It was automatically converted.
2026-05-05 18:06:11.198 9 INFO neutron.wsgi [req-a9387afd-622c-4872-aa92-5ac762023cd4 req-6f0adfb0-edd8-47fa-b12a-2395e7b3187a c57a0dfb1fb04642a0ff9a045ab80d8f e30a28b3690b4d20b2c56350811c33a8 - - ce137fb0ec75421bbc675cf3716309ac ce137fb0ec75421bbc675cf3716309ac] 199.204.45.72 "GET /v2.0/ports?tenant_id=e2089c7d683e496da360a84670680e6c&device_id=d652ecc0-ec99-4378-8fec-135a9c868e1d HTTP/1.1" status: 200 len: 1411 time: 0.0597944 /var/lib/openstack/lib/python3.10/site-packages/pycadf/identifier.py:71: UserWarning: Invalid uuid: neutron. To ensure interoperability, identifiers should be a valid uuid. warnings.warn(('Invalid uuid: %s. To ensure interoperability, '
2026-05-05 18:06:11.237 9 INFO neutron.wsgi [req-a9387afd-622c-4872-aa92-5ac762023cd4 req-393c82cb-d2d0-4fc8-be20-54930b6166dc c57a0dfb1fb04642a0ff9a045ab80d8f e30a28b3690b4d20b2c56350811c33a8 - - ce137fb0ec75421bbc675cf3716309ac ce137fb0ec75421bbc675cf3716309ac] 199.204.45.72 "GET /v2.0/floatingips?fixed_ip_address=10.100.0.12&port_id=43e6cb79-45c0-44b1-8792-abda00cdc7cc HTTP/1.1" status: 200 len: 217 time: 0.0242264
2026-05-05 18:06:11.281 9 INFO neutron.wsgi [req-a9387afd-622c-4872-aa92-5ac762023cd4 req-83e9f277-9be4-4d6e-b6fe-8303cc4aa009 c57a0dfb1fb04642a0ff9a045ab80d8f e30a28b3690b4d20b2c56350811c33a8 - - ce137fb0ec75421bbc675cf3716309ac ce137fb0ec75421bbc675cf3716309ac] 199.204.45.72 "GET /v2.0/subnets?id=4654c6ce-cda1-4e44-b837-d59fab05cf3f HTTP/1.1" status: 200 len: 868 time: 0.0366108
2026-05-05 18:06:11.286 9 INFO neutron.db.ovn_revision_numbers_db [None req-eff19200-bd5e-4341-bf04-883700443b59 0fc1ddbbfef842cd8690e9e4647b3700 41495e3cdf38491fa7ab4473bf534ee1 - - default default] Successfully bumped revision number for resource 29419899-15d8-4736-ad89-548efd5bba24 (type: ports) to 2
2026-05-05 18:06:11.295 9 INFO neutron.wsgi [None req-eff19200-bd5e-4341-bf04-883700443b59 0fc1ddbbfef842cd8690e9e4647b3700 41495e3cdf38491fa7ab4473bf534ee1 - - default default] 10.0.0.6 "PUT /v2.0/ports/29419899-15d8-4736-ad89-548efd5bba24 HTTP/1.1" status: 200 len: 946 time: 0.3800316
2026-05-05 18:06:11.326 9 INFO neutron.wsgi [req-a9387afd-622c-4872-aa92-5ac762023cd4 req-1f9b9fe3-a738-47da-845a-f06faead8c69 c57a0dfb1fb04642a0ff9a045ab80d8f e30a28b3690b4d20b2c56350811c33a8 - - ce137fb0ec75421bbc675cf3716309ac ce137fb0ec75421bbc675cf3716309ac] 199.204.45.72 "GET /v2.0/ports?network_id=697bb5ab-3d13-4c7b-88f8-0d2f816d1664&device_owner=network%3Adhcp HTTP/1.1" status: 200 len: 210 time: 0.0300691
2026-05-05 18:06:11.333 10 INFO neutron.db.ovn_revision_numbers_db [None req-4a895840-3ef4-45ff-9a46-c58e39729e02 1af09fbaa9ca4808b046879ec8491f0f eebf1230485e4a4d97e7baab2daf8522 - - default default] Successfully bumped revision number for resource 88f2308c-c644-41d2-acd5-88ed19d6201c (type: security_group_rules) to 0
2026-05-05 18:06:11.357 9 INFO neutron.wsgi [req-9692bf54-656e-4c79-8516-be856f05e87c req-477b89ea-88f6-4d7e-894a-3687321a857d 39295fafe31e48d89479c14f9909abc3 e2089c7d683e496da360a84670680e6c - - default default] 10.0.0.112 "GET /v2.0/ports?device_id=d652ecc0-ec99-4378-8fec-135a9c868e1d HTTP/1.1" status: 200 len: 1172 time: 0.0593412
2026-05-05 18:06:11.416 9 INFO neutron.wsgi [req-a9387afd-622c-4872-aa92-5ac762023cd4 req-83fd1ea9-e132-47e5-91f5-9c86ca9487a8 c57a0dfb1fb04642a0ff9a045ab80d8f e30a28b3690b4d20b2c56350811c33a8 - - ce137fb0ec75421bbc675cf3716309ac ce137fb0ec75421bbc675cf3716309ac] 199.204.45.72 "GET /v2.0/networks/697bb5ab-3d13-4c7b-88f8-0d2f816d1664?fields=segments HTTP/1.1" status: 200 len: 212 time: 0.0844843
2026-05-05 18:06:11.424 9 INFO neutron.wsgi [req-9692bf54-656e-4c79-8516-be856f05e87c req-b9b8fdee-1b98-41ee-bc9f-799c9a44f16d 39295fafe31e48d89479c14f9909abc3 e2089c7d683e496da360a84670680e6c - - default default] 10.0.0.112 "GET /v2.0/security-groups?id=e31f161b-cb9d-4858-8298-df2fad4c6160&fields=id&fields=name HTTP/1.1" status: 200 len: 313 time: 0.0565619
2026-05-05 18:06:11.480 9 INFO neutron.wsgi [req-a9387afd-622c-4872-aa92-5ac762023cd4 req-cca44cd3-f49f-42fe-991f-4c9371a49fa9 c57a0dfb1fb04642a0ff9a045ab80d8f e30a28b3690b4d20b2c56350811c33a8 - - ce137fb0ec75421bbc675cf3716309ac ce137fb0ec75421bbc675cf3716309ac] 199.204.45.72 "GET /v2.0/networks/697bb5ab-3d13-4c7b-88f8-0d2f816d1664?fields=provider%3Aphysical_network&fields=provider%3Anetwork_type HTTP/1.1" status: 200 len: 277 time: 0.0559800
2026-05-05 18:06:11.570 9 INFO neutron.wsgi [req-9ad92903-0ea6-4779-bbf4-19b9378ee517 req-c73ea3ed-e183-4920-b4c7-4d29d1694354 c57a0dfb1fb04642a0ff9a045ab80d8f e30a28b3690b4d20b2c56350811c33a8 - - ce137fb0ec75421bbc675cf3716309ac ce137fb0ec75421bbc675cf3716309ac] 199.204.45.72 "GET /v2.0/ports?tenant_id=e2089c7d683e496da360a84670680e6c&device_id=d652ecc0-ec99-4378-8fec-135a9c868e1d HTTP/1.1" status: 200 len: 1411 time: 0.0433645
2026-05-05 18:06:11.663 9 INFO neutron.wsgi [req-9ad92903-0ea6-4779-bbf4-19b9378ee517 req-96d31258-7d89-4ed5-bbe9-aff95b5b57f1 c57a0dfb1fb04642a0ff9a045ab80d8f e30a28b3690b4d20b2c56350811c33a8 - - ce137fb0ec75421bbc675cf3716309ac ce137fb0ec75421bbc675cf3716309ac] 199.204.45.72 "GET /v2.0/networks?id=697bb5ab-3d13-4c7b-88f8-0d2f816d1664 HTTP/1.1" status: 200 len: 973 time: 0.0831163
2026-05-05 18:06:11.706 9 INFO neutron.wsgi [req-9ad92903-0ea6-4779-bbf4-19b9378ee517 req-8345b270-328a-437a-9d28-d32e3ac66d7f c57a0dfb1fb04642a0ff9a045ab80d8f e30a28b3690b4d20b2c56350811c33a8 - - ce137fb0ec75421bbc675cf3716309ac ce137fb0ec75421bbc675cf3716309ac] 199.204.45.72 "GET /v2.0/floatingips?fixed_ip_address=10.100.0.12&port_id=43e6cb79-45c0-44b1-8792-abda00cdc7cc HTTP/1.1" status: 200 len: 217 time: 0.0323634
2026-05-05 18:06:11.743 10 INFO neutron.wsgi [None req-4a895840-3ef4-45ff-9a46-c58e39729e02 1af09fbaa9ca4808b046879ec8491f0f eebf1230485e4a4d97e7baab2daf8522 - - default default] 10.0.0.6 "POST /v2.0/security-group-rules HTTP/1.1" status: 201 len: 774 time: 0.6335163
2026-05-05 18:06:11.752 9 WARNING neutron_lib.context [None req-1e613457-0a67-4ad3-b87b-f94196057ab6 1af09fbaa9ca4808b046879ec8491f0f eebf1230485e4a4d97e7baab2daf8522 - - default default] Method 'is_advsvc' is deprecated since 2023.2 release (neutron-lib 3.8.0) and will be removed once support for the old RBAC API policies will be removed from Neutron. Please use method 'is_service_role' instead.
2026-05-05 18:06:11.774 9 INFO neutron.wsgi [req-9ad92903-0ea6-4779-bbf4-19b9378ee517 req-8c81303d-5c9b-455a-a6ce-c07546612f9c c57a0dfb1fb04642a0ff9a045ab80d8f e30a28b3690b4d20b2c56350811c33a8 - - ce137fb0ec75421bbc675cf3716309ac ce137fb0ec75421bbc675cf3716309ac] 199.204.45.72 "GET /v2.0/subnets?id=4654c6ce-cda1-4e44-b837-d59fab05cf3f HTTP/1.1" status: 200 len: 868 time: 0.0596282
2026-05-05 18:06:11.788 9 INFO neutron.db.securitygroups_db [None req-1e613457-0a67-4ad3-b87b-f94196057ab6 1af09fbaa9ca4808b046879ec8491f0f eebf1230485e4a4d97e7baab2daf8522 - - default default] Project eebf1230485e4a4d97e7baab2daf8522 added a security group rule with legacy IPv6 ICMP protocol name icmp, ipv6-icmp should be used instead. It was automatically converted.
2026-05-05 18:06:11.802 9 INFO neutron.wsgi [req-9ad92903-0ea6-4779-bbf4-19b9378ee517 req-5eabd138-4462-4455-83c1-41cb7b9b84ca c57a0dfb1fb04642a0ff9a045ab80d8f e30a28b3690b4d20b2c56350811c33a8 - - ce137fb0ec75421bbc675cf3716309ac ce137fb0ec75421bbc675cf3716309ac] 199.204.45.72 "GET /v2.0/ports?network_id=697bb5ab-3d13-4c7b-88f8-0d2f816d1664&device_owner=network%3Adhcp HTTP/1.1" status: 200 len: 210 time: 0.0222981
2026-05-05 18:06:11.802 10 INFO neutron.wsgi [None req-1b1641b7-b3d2-4c00-95e4-8a1a9e15977d e939774fe9434a12a769ff42cbb7935b 9dcecb642bb441b2a497ec3f4e080394 - - default default] 10.0.0.6 "DELETE /v2.0/routers/f5eab624-bfb3-4284-ac23-54236f5f7e67 HTTP/1.1" status: 204 len: 168 time: 1.7875392
2026-05-05 18:06:11.849 10 INFO neutron.wsgi [None req-a6e828df-e3fa-4d11-b206-43d23734b3b8 e939774fe9434a12a769ff42cbb7935b 9dcecb642bb441b2a497ec3f4e080394 - - default default] 10.0.0.6 "GET /v2.0/ports?device_id=f5eab624-bfb3-4284-ac23-54236f5f7e67 HTTP/1.1" status: 200 len: 205 time: 0.0341191
2026-05-05 18:06:11.883 10 INFO neutron.api.v2.resource [None req-f7a6b45d-af82-4111-a5a4-522cab762372 e939774fe9434a12a769ff42cbb7935b 9dcecb642bb441b2a497ec3f4e080394 - - default default] delete failed (client error): The resource could not be found.
2026-05-05 18:06:11.884 10 INFO neutron.wsgi [None req-f7a6b45d-af82-4111-a5a4-522cab762372 e939774fe9434a12a769ff42cbb7935b 9dcecb642bb441b2a497ec3f4e080394 - - default default] 10.0.0.6 "DELETE /v2.0/routers/f5eab624-bfb3-4284-ac23-54236f5f7e67 HTTP/1.1" status: 404 len: 336 time: 0.0258346
2026-05-05 18:06:11.892 9 INFO neutron.wsgi [req-9ad92903-0ea6-4779-bbf4-19b9378ee517 req-40be2fbb-23ad-4603-87db-6dc35e57dfa1 c57a0dfb1fb04642a0ff9a045ab80d8f e30a28b3690b4d20b2c56350811c33a8 - - ce137fb0ec75421bbc675cf3716309ac ce137fb0ec75421bbc675cf3716309ac] 199.204.45.72 "GET /v2.0/networks/697bb5ab-3d13-4c7b-88f8-0d2f816d1664?fields=segments HTTP/1.1" status: 200 len: 212 time: 0.0811558
2026-05-05 18:06:11.921 9 INFO neutron.wsgi [None req-0434bdf1-77de-4eab-8b67-a6043d40ccf2 e939774fe9434a12a769ff42cbb7935b 9dcecb642bb441b2a497ec3f4e080394 - - default default] 10.0.0.6 "GET /v2.0/ports?device_id=dc03f661-5774-4584-954e-c5993d602b0d HTTP/1.1" status: 200 len: 205 time: 0.0320847
2026-05-05 18:06:11.946 10 INFO neutron.api.v2.resource [None req-38033dac-0a5e-4c09-9935-e84deacd950b e939774fe9434a12a769ff42cbb7935b 9dcecb642bb441b2a497ec3f4e080394 - - default default] delete failed (client error): The resource could not be found.
2026-05-05 18:06:11.947 10 INFO neutron.wsgi [None req-38033dac-0a5e-4c09-9935-e84deacd950b e939774fe9434a12a769ff42cbb7935b 9dcecb642bb441b2a497ec3f4e080394 - - default default] 10.0.0.6 "DELETE /v2.0/routers/dc03f661-5774-4584-954e-c5993d602b0d HTTP/1.1" status: 404 len: 336 time: 0.0193899
2026-05-05 18:06:11.970 10 INFO neutron.pecan_wsgi.hooks.translation [None req-08e1461c-6605-482e-b59c-feb93292be56 e939774fe9434a12a769ff42cbb7935b 9dcecb642bb441b2a497ec3f4e080394 - - default default] DELETE failed (client error): The resource could not be found.
2026-05-05 18:06:11.972 10 INFO neutron.wsgi [None req-08e1461c-6605-482e-b59c-feb93292be56 e939774fe9434a12a769ff42cbb7935b 9dcecb642bb441b2a497ec3f4e080394 - - default default] 10.0.0.6 "DELETE /v2.0/subnets/fa3fdcba-b38e-402d-9889-e6bb8ea20e52 HTTP/1.1" status: 404 len: 337 time: 0.0175719
2026-05-05 18:06:12.006 9 INFO neutron.db.ovn_revision_numbers_db [None req-1e613457-0a67-4ad3-b87b-f94196057ab6 1af09fbaa9ca4808b046879ec8491f0f eebf1230485e4a4d97e7baab2daf8522 - - default default] Successfully bumped revision number for resource 02d81799-15b8-49cc-87d6-cde69dc85355 (type: security_group_rules) to 0
2026-05-05 18:06:12.011 9 INFO neutron.wsgi [None req-37466318-ea84-4373-afc0-bb4087b05409 e939774fe9434a12a769ff42cbb7935b 9dcecb642bb441b2a497ec3f4e080394 - - default default] 10.0.0.6 "GET /v2.0/ports?device_id=17b83c45-807e-4a0e-8647-a159e391a138 HTTP/1.1" status: 200 len: 205 time: 0.0315380
2026-05-05 18:06:12.019 9 INFO neutron.wsgi [req-9ad92903-0ea6-4779-bbf4-19b9378ee517 req-37df551b-edab-4bea-87eb-b044c0823df9 c57a0dfb1fb04642a0ff9a045ab80d8f e30a28b3690b4d20b2c56350811c33a8 - - ce137fb0ec75421bbc675cf3716309ac ce137fb0ec75421bbc675cf3716309ac] 199.204.45.72 "GET /v2.0/networks/697bb5ab-3d13-4c7b-88f8-0d2f816d1664?fields=provider%3Aphysical_network&fields=provider%3Anetwork_type HTTP/1.1" status: 200 len: 277 time: 0.1152956
2026-05-05 18:06:12.030 10 INFO neutron.wsgi [None req-5da60f6d-ba13-4a22-a8e1-dc8a8cd31a43 0fc1ddbbfef842cd8690e9e4647b3700 41495e3cdf38491fa7ab4473bf534ee1 - - default default] 10.0.0.6 "DELETE /v2.0/ports/29419899-15d8-4736-ad89-548efd5bba24 HTTP/1.1" status: 204 len: 168 time: 0.7252710
2026-05-05 18:06:12.035 9 INFO neutron.wsgi [None req-1e613457-0a67-4ad3-b87b-f94196057ab6 1af09fbaa9ca4808b046879ec8491f0f eebf1230485e4a4d97e7baab2daf8522 - - default default] 10.0.0.6 "POST /v2.0/security-group-rules HTTP/1.1" status: 201 len: 773 time: 0.2866912
2026-05-05 18:06:12.048 10 INFO neutron.api.v2.resource [None req-0f376fb0-261e-4fc2-b91f-788be6c650a3 e939774fe9434a12a769ff42cbb7935b 9dcecb642bb441b2a497ec3f4e080394 - - default default] delete failed (client error): The resource could not be found.
2026-05-05 18:06:12.049 10 INFO neutron.wsgi [None req-0f376fb0-261e-4fc2-b91f-788be6c650a3 e939774fe9434a12a769ff42cbb7935b 9dcecb642bb441b2a497ec3f4e080394 - - default default] 10.0.0.6 "DELETE /v2.0/routers/17b83c45-807e-4a0e-8647-a159e391a138 HTTP/1.1" status: 404 len: 336 time: 0.0287192
2026-05-05 18:06:12.067 10 INFO neutron.pecan_wsgi.hooks.translation [None req-db83d8d9-488a-4fc7-82c6-95e251106f76 e939774fe9434a12a769ff42cbb7935b 9dcecb642bb441b2a497ec3f4e080394 - - default default] DELETE failed (client error): The resource could not be found.
2026-05-05 18:06:12.069 10 INFO neutron.wsgi [None req-db83d8d9-488a-4fc7-82c6-95e251106f76 e939774fe9434a12a769ff42cbb7935b 9dcecb642bb441b2a497ec3f4e080394 - - default default] 10.0.0.6 "DELETE /v2.0/subnets/34eea572-b14f-4f79-847f-a02ec986a292 HTTP/1.1" status: 404 len: 337 time: 0.0167851
2026-05-05 18:06:12.097 10 INFO neutron.wsgi [None req-a20e55a7-e691-402e-add8-0cca12097a39 e939774fe9434a12a769ff42cbb7935b 9dcecb642bb441b2a497ec3f4e080394 - - default default] 10.0.0.6 "GET /v2.0/ports?device_id=595dcf2d-a1e1-4aa3-b41e-24663d2cd896 HTTP/1.1" status: 200 len: 205 time: 0.0209537
2026-05-05 18:06:12.135 10 INFO neutron.api.v2.resource [None req-b1f56158-c887-42b3-9e2d-59af25b8829a e939774fe9434a12a769ff42cbb7935b 9dcecb642bb441b2a497ec3f4e080394 - - default default] delete failed (client error): The resource could not be found.
2026-05-05 18:06:12.136 10 INFO neutron.wsgi [None req-b1f56158-c887-42b3-9e2d-59af25b8829a e939774fe9434a12a769ff42cbb7935b 9dcecb642bb441b2a497ec3f4e080394 - - default default] 10.0.0.6 "DELETE /v2.0/routers/595dcf2d-a1e1-4aa3-b41e-24663d2cd896 HTTP/1.1" status: 404 len: 336 time: 0.0322297
2026-05-05 18:06:12.143 9 INFO neutron.wsgi [None req-76cedaa3-aabf-4db2-ac21-d356cfb74503 0fc1ddbbfef842cd8690e9e4647b3700 41495e3cdf38491fa7ab4473bf534ee1 - - default default] 10.0.0.6 "GET /v2.0/ports HTTP/1.1" status: 200 len: 1728 time: 0.1073909
2026-05-05 18:06:12.162 10 INFO neutron.pecan_wsgi.hooks.translation [None req-cf12df64-e456-4db5-a64b-33b99503c7f4 e939774fe9434a12a769ff42cbb7935b 9dcecb642bb441b2a497ec3f4e080394 - - default default] DELETE failed (client error): The resource could not be found.
2026-05-05 18:06:12.167 10 INFO neutron.wsgi [None req-cf12df64-e456-4db5-a64b-33b99503c7f4 e939774fe9434a12a769ff42cbb7935b 9dcecb642bb441b2a497ec3f4e080394 - - default default] 10.0.0.6 "DELETE /v2.0/subnets/c200c757-52b7-405e-aa9b-fe6244ade534 HTTP/1.1" status: 404 len: 337 time: 0.0242133
2026-05-05 18:06:12.171 9 INFO neutron.pecan_wsgi.hooks.translation [None req-103764b9-2dc4-44df-81f4-eb1f12d86fc2 0fc1ddbbfef842cd8690e9e4647b3700 41495e3cdf38491fa7ab4473bf534ee1 - - default default] GET failed (client error): The resource could not be found.
2026-05-05 18:06:12.173 9 INFO neutron.wsgi [None req-103764b9-2dc4-44df-81f4-eb1f12d86fc2 0fc1ddbbfef842cd8690e9e4647b3700 41495e3cdf38491fa7ab4473bf534ee1 - - default default] 10.0.0.6 "GET /v2.0/ports/29419899-15d8-4736-ad89-548efd5bba24 HTTP/1.1" status: 404 len: 333 time: 0.0218153
2026-05-05 18:06:12.196 10 INFO neutron.pecan_wsgi.hooks.translation [None req-147e248e-1c9b-42ae-b90f-10705ba38f37 e939774fe9434a12a769ff42cbb7935b 9dcecb642bb441b2a497ec3f4e080394 - - default default] DELETE failed (client error): The resource could not be found.
2026-05-05 18:06:12.199 10 INFO neutron.wsgi [None req-147e248e-1c9b-42ae-b90f-10705ba38f37 e939774fe9434a12a769ff42cbb7935b 9dcecb642bb441b2a497ec3f4e080394 - - default default] 10.0.0.6 "DELETE /v2.0/subnets/e41070c7-b42d-44c7-9a72-9a1427206f5b HTTP/1.1" status: 404 len: 337 time: 0.0274479
2026-05-05 18:06:12.224 9 INFO neutron.wsgi [None req-8f96548c-6d2a-41d9-8b2e-22f822be209b 0fc1ddbbfef842cd8690e9e4647b3700 41495e3cdf38491fa7ab4473bf534ee1 - - default default] 10.0.0.6 "GET /v2.0/ports HTTP/1.1" status: 200 len: 1728 time: 0.0439880
