2026-05-05 18:07:57.638 10 INFO neutron.wsgi [None req-9986f4d3-d127-4163-b519-3ad4bfaae55e 36cfeb05ba484fdcaca96ed4988d0773 815aed662ee14e04a96a7f4c63832f02 - - default default] 10.0.0.6 "PUT /v2.0/subnets/a99b5e90-f70d-40b0-aa68-a7e42192199b/tags HTTP/1.1" status: 200 len: 218 time: 0.0477772
2026-05-05 18:07:57.720 9 INFO neutron.wsgi [None req-cf1b5d23-1838-4329-a864-52cc1612d0b5 36cfeb05ba484fdcaca96ed4988d0773 815aed662ee14e04a96a7f4c63832f02 - - default default] 10.0.0.6 "PUT /v2.0/subnets/f31182ae-79c1-4adc-afe6-49afeca1d3c5/tags HTTP/1.1" status: 200 len: 227 time: 0.0748916
2026-05-05 18:07:57.787 9 INFO neutron.wsgi [None req-c3121388-cf10-4e2a-b209-b5dccd7226c0 36cfeb05ba484fdcaca96ed4988d0773 815aed662ee14e04a96a7f4c63832f02 - - default default] 10.0.0.6 "PUT /v2.0/subnets/77025816-129e-4a80-89d1-4259391db633/tags HTTP/1.1" status: 200 len: 212 time: 0.0601246
2026-05-05 18:07:57.854 9 INFO neutron.wsgi [None req-9a887454-a2f2-40ce-a02a-69092d7c188c 36cfeb05ba484fdcaca96ed4988d0773 815aed662ee14e04a96a7f4c63832f02 - - default default] 10.0.0.6 "GET /v2.0/subnets?tags=red HTTP/1.1" status: 200 len: 2027 time: 0.0603456
2026-05-05 18:07:57.925 9 INFO neutron.wsgi [None req-2b8f7012-9f36-4e2b-8ee6-a7f72b6f85cf 36cfeb05ba484fdcaca96ed4988d0773 815aed662ee14e04a96a7f4c63832f02 - - default default] 10.0.0.6 "GET /v2.0/subnets?tags=red%2Cblue HTTP/1.1" status: 200 len: 1430 time: 0.0646629
2026-05-05 18:07:57.990 9 INFO neutron.wsgi [None req-591951b1-6040-482b-ae04-25289f9eadf3 36cfeb05ba484fdcaca96ed4988d0773 815aed662ee14e04a96a7f4c63832f02 - - default default] 10.0.0.6 "GET /v2.0/subnets?tags-any=blue HTTP/1.1" status: 200 len: 1430 time: 0.0578935
2026-05-05 18:07:58.050 9 INFO neutron.wsgi [None req-6915ec8b-1e14-438e-90dc-55b802d1e3e8 36cfeb05ba484fdcaca96ed4988d0773 815aed662ee14e04a96a7f4c63832f02 - - default default] 10.0.0.6 "GET /v2.0/subnets?tags-any=red%2Cblue HTTP/1.1" status: 200 len: 2027 time: 0.0559728
2026-05-05 18:07:58.116 9 INFO neutron.wsgi [None req-35833414-8e60-4053-8d95-5085c1f3e05c 36cfeb05ba484fdcaca96ed4988d0773 815aed662ee14e04a96a7f4c63832f02 - - default default] 10.0.0.6 "GET /v2.0/subnets?not-tags=red HTTP/1.1" status: 200 len: 2018 time: 0.0608227
2026-05-05 18:07:58.182 9 INFO neutron.wsgi [None req-a517c979-27cd-4b0e-8507-01a19073d808 36cfeb05ba484fdcaca96ed4988d0773 815aed662ee14e04a96a7f4c63832f02 - - default default] 10.0.0.6 "GET /v2.0/subnets?not-tags=red%2Cblue HTTP/1.1" status: 200 len: 2615 time: 0.0614221
2026-05-05 18:07:58.207 10 WARNING neutron_lib.context [None req-5026cdfb-f6c2-4b68-bb22-f89b2c2b4cc8 cb4b1a9ab1c54a4d9e2f507b2663903d c327ce8f0d6144acb6940b2059c32989 - - default default] Method 'is_advsvc' is deprecated since 2023.2 release (neutron-lib 3.8.0) and will be removed once support for the old RBAC API policies will be removed from Neutron. Please use method 'is_service_role' instead.
2026-05-05 18:07:58.253 9 INFO neutron.wsgi [None req-9ab20c57-99d8-418b-a2d6-cfbad6f66839 36cfeb05ba484fdcaca96ed4988d0773 815aed662ee14e04a96a7f4c63832f02 - - default default] 10.0.0.6 "GET /v2.0/subnets?not-tags-any=blue HTTP/1.1" status: 200 len: 2615 time: 0.0647862
2026-05-05 18:07:58.303 9 INFO neutron.wsgi [None req-9012e6f1-db2c-493b-8f9a-c148e18a344a 36cfeb05ba484fdcaca96ed4988d0773 815aed662ee14e04a96a7f4c63832f02 - - default default] 10.0.0.6 "GET /v2.0/subnets?not-tags-any=red%2Cblue HTTP/1.1" status: 200 len: 2018 time: 0.0445168
2026-05-05 18:07:58.363 10 INFO neutron.db.ovn_revision_numbers_db [None req-5026cdfb-f6c2-4b68-bb22-f89b2c2b4cc8 cb4b1a9ab1c54a4d9e2f507b2663903d c327ce8f0d6144acb6940b2059c32989 - - default default] Successfully bumped revision number for resource 3f6a10d5-d246-45da-967a-307a8e5bae97 (type: security_groups) to 1
2026-05-05 18:07:58.377 10 INFO neutron.db.ovn_revision_numbers_db [None req-5026cdfb-f6c2-4b68-bb22-f89b2c2b4cc8 cb4b1a9ab1c54a4d9e2f507b2663903d c327ce8f0d6144acb6940b2059c32989 - - default default] Successfully bumped revision number for resource 06fd65e4-1643-43f1-8a71-4082af7201ff (type: security_group_rules) to 0
2026-05-05 18:07:58.390 10 INFO neutron.db.ovn_revision_numbers_db [None req-5026cdfb-f6c2-4b68-bb22-f89b2c2b4cc8 cb4b1a9ab1c54a4d9e2f507b2663903d c327ce8f0d6144acb6940b2059c32989 - - default default] Successfully bumped revision number for resource 1784b908-9d69-4d03-991e-978c7de66af3 (type: security_group_rules) to 0
2026-05-05 18:07:58.405 10 INFO neutron.db.ovn_revision_numbers_db [None req-5026cdfb-f6c2-4b68-bb22-f89b2c2b4cc8 cb4b1a9ab1c54a4d9e2f507b2663903d c327ce8f0d6144acb6940b2059c32989 - - default default] Successfully bumped revision number for resource 66bef007-8968-44ed-abad-f5b0b7339734 (type: security_group_rules) to 0
2026-05-05 18:07:58.418 10 INFO neutron.db.ovn_revision_numbers_db [None req-5026cdfb-f6c2-4b68-bb22-f89b2c2b4cc8 cb4b1a9ab1c54a4d9e2f507b2663903d c327ce8f0d6144acb6940b2059c32989 - - default default] Successfully bumped revision number for resource 7a6b9c06-b716-425f-8052-329fb58260ed (type: security_group_rules) to 0
2026-05-05 18:07:58.466 10 INFO neutron.db.segments_db [None req-5026cdfb-f6c2-4b68-bb22-f89b2c2b4cc8 cb4b1a9ab1c54a4d9e2f507b2663903d c327ce8f0d6144acb6940b2059c32989 - - default default] Added segment 35172adc-7996-4995-b065-6adce955c40c of type geneve for network b575efbe-9f74-4f4f-8df9-e31f4702c761
2026-05-05 18:07:58.543 9 INFO neutron.wsgi [None req-a5e5eb68-d597-410c-b955-da3c48194f70 36cfeb05ba484fdcaca96ed4988d0773 815aed662ee14e04a96a7f4c63832f02 - - default default] 10.0.0.6 "DELETE /v2.0/subnets/93114563-663e-4f15-830e-4c91f14c0beb HTTP/1.1" status: 204 len: 168 time: 0.2312376
2026-05-05 18:07:58.639 10 INFO neutron.db.ovn_revision_numbers_db [None req-5026cdfb-f6c2-4b68-bb22-f89b2c2b4cc8 cb4b1a9ab1c54a4d9e2f507b2663903d c327ce8f0d6144acb6940b2059c32989 - - default default] Successfully bumped revision number for resource b575efbe-9f74-4f4f-8df9-e31f4702c761 (type: networks) to 1
2026-05-05 18:07:58.857 10 WARNING neutron.scheduler.dhcp_agent_scheduler [None req-5026cdfb-f6c2-4b68-bb22-f89b2c2b4cc8 cb4b1a9ab1c54a4d9e2f507b2663903d c327ce8f0d6144acb6940b2059c32989 - - default default] No more DHCP agents
2026-05-05 18:07:58.859 10 WARNING neutron.api.rpc.agentnotifiers.dhcp_rpc_agent_api [None req-5026cdfb-f6c2-4b68-bb22-f89b2c2b4cc8 cb4b1a9ab1c54a4d9e2f507b2663903d c327ce8f0d6144acb6940b2059c32989 - - default default] Unable to schedule network b575efbe-9f74-4f4f-8df9-e31f4702c761: no agents available; will retry on subsequent port and subnet creation events.
2026-05-05 18:07:58.950 10 INFO neutron.db.ovn_revision_numbers_db [None req-5026cdfb-f6c2-4b68-bb22-f89b2c2b4cc8 cb4b1a9ab1c54a4d9e2f507b2663903d c327ce8f0d6144acb6940b2059c32989 - - default default] Successfully bumped revision number for resource 4c510fcc-eed5-4650-964b-288a2c37e73d (type: ports) to 1
2026-05-05 18:07:58.977 10 INFO neutron.wsgi [None req-5026cdfb-f6c2-4b68-bb22-f89b2c2b4cc8 cb4b1a9ab1c54a4d9e2f507b2663903d c327ce8f0d6144acb6940b2059c32989 - - default default] 10.0.0.6 "POST /v2.0/networks HTTP/1.1" status: 201 len: 830 time: 0.9693069
2026-05-05 18:07:58.987 10 WARNING neutron_lib.context [None req-23c327a2-37d3-46d2-a699-19f11b698a3c cb4b1a9ab1c54a4d9e2f507b2663903d c327ce8f0d6144acb6940b2059c32989 - - default default] Method 'is_advsvc' is deprecated since 2023.2 release (neutron-lib 3.8.0) and will be removed once support for the old RBAC API policies will be removed from Neutron. Please use method 'is_service_role' instead.
2026-05-05 18:07:59.129 9 INFO neutron.wsgi [None req-adee4c22-1162-4f7c-be15-98e5038a46f5 36cfeb05ba484fdcaca96ed4988d0773 815aed662ee14e04a96a7f4c63832f02 - - default default] 10.0.0.6 "DELETE /v2.0/subnets/a99b5e90-f70d-40b0-aa68-a7e42192199b HTTP/1.1" status: 204 len: 168 time: 0.5797262
2026-05-05 18:07:59.246 10 WARNING neutron.scheduler.dhcp_agent_scheduler [None req-23c327a2-37d3-46d2-a699-19f11b698a3c cb4b1a9ab1c54a4d9e2f507b2663903d c327ce8f0d6144acb6940b2059c32989 - - default default] No more DHCP agents
2026-05-05 18:07:59.248 10 WARNING neutron.api.rpc.agentnotifiers.dhcp_rpc_agent_api [None req-23c327a2-37d3-46d2-a699-19f11b698a3c cb4b1a9ab1c54a4d9e2f507b2663903d c327ce8f0d6144acb6940b2059c32989 - - default default] Unable to schedule network b575efbe-9f74-4f4f-8df9-e31f4702c761: no agents available; will retry on subsequent port and subnet creation events. /var/lib/openstack/lib/python3.10/site-packages/pycadf/identifier.py:71: UserWarning: Invalid uuid: neutron. To ensure interoperability, identifiers should be a valid uuid. warnings.warn(('Invalid uuid: %s. To ensure interoperability, '
2026-05-05 18:07:59.314 10 INFO neutron.wsgi [None req-b9716547-9c93-437e-ac39-e8aa0822070d 1592929042ca4a6196b8323b2d369549 4396eac210094d538e5c3640bde0ef90 - - default default] 10.0.0.6 "GET /v2.0/subnets/90804a36-e14c-4af8-90a0-00e315393bf6 HTTP/1.1" status: 200 len: 845 time: 0.0463872
2026-05-05 18:07:59.342 10 INFO neutron.db.ovn_revision_numbers_db [None req-23c327a2-37d3-46d2-a699-19f11b698a3c cb4b1a9ab1c54a4d9e2f507b2663903d c327ce8f0d6144acb6940b2059c32989 - - default default] Successfully bumped revision number for resource a4f30c2e-9530-4c6c-9835-22de12279285 (type: ports) to 1
2026-05-05 18:07:59.362 9 INFO neutron.wsgi [None req-0913c0d7-2817-45ca-8fb7-b0d513f6d780 36cfeb05ba484fdcaca96ed4988d0773 815aed662ee14e04a96a7f4c63832f02 - - default default] 10.0.0.6 "DELETE /v2.0/subnets/f31182ae-79c1-4adc-afe6-49afeca1d3c5 HTTP/1.1" status: 204 len: 168 time: 0.2265952
2026-05-05 18:07:59.362 10 INFO neutron.wsgi [None req-23c327a2-37d3-46d2-a699-19f11b698a3c cb4b1a9ab1c54a4d9e2f507b2663903d c327ce8f0d6144acb6940b2059c32989 - - default default] 10.0.0.6 "POST /v2.0/ports HTTP/1.1" status: 201 len: 942 time: 0.3800135
2026-05-05 18:07:59.372 9 WARNING neutron_lib.context [None req-d6a9705f-6639-4bca-9305-ab4770d2ca51 cb4b1a9ab1c54a4d9e2f507b2663903d c327ce8f0d6144acb6940b2059c32989 - - default default] Method 'is_advsvc' is deprecated since 2023.2 release (neutron-lib 3.8.0) and will be removed once support for the old RBAC API policies will be removed from Neutron. Please use method 'is_service_role' instead.
2026-05-05 18:07:59.608 10 INFO neutron.wsgi [None req-0ffdd1ad-635a-4164-ba7e-ec7e22dc757f 36cfeb05ba484fdcaca96ed4988d0773 815aed662ee14e04a96a7f4c63832f02 - - default default] 10.0.0.6 "DELETE /v2.0/subnets/77025816-129e-4a80-89d1-4259391db633 HTTP/1.1" status: 204 len: 168 time: 0.2399492
2026-05-05 18:07:59.684 9 INFO neutron.wsgi [None req-d6a9705f-6639-4bca-9305-ab4770d2ca51 cb4b1a9ab1c54a4d9e2f507b2663903d c327ce8f0d6144acb6940b2059c32989 - - default default] 10.0.0.6 "POST /v2.0/trunks HTTP/1.1" status: 201 len: 608 time: 0.3161485
2026-05-05 18:07:59.698 10 WARNING neutron_lib.context [None req-49009d99-f14a-4d0e-b5b1-c161a539951e cb4b1a9ab1c54a4d9e2f507b2663903d c327ce8f0d6144acb6940b2059c32989 - - default default] Method 'is_advsvc' is deprecated since 2023.2 release (neutron-lib 3.8.0) and will be removed once support for the old RBAC API policies will be removed from Neutron. Please use method 'is_service_role' instead.
2026-05-05 18:07:59.793 10 INFO neutron.db.segments_db [None req-49009d99-f14a-4d0e-b5b1-c161a539951e cb4b1a9ab1c54a4d9e2f507b2663903d c327ce8f0d6144acb6940b2059c32989 - - default default] Added segment 153aa090-c073-4294-aeec-4d6a5641448e of type geneve for network cb44c05a-b197-46cb-83d3-5141e0189229
2026-05-05 18:07:59.900 9 INFO neutron.wsgi [None req-98d604b6-bd74-4618-8745-adc7e1405fdf 36cfeb05ba484fdcaca96ed4988d0773 815aed662ee14e04a96a7f4c63832f02 - - default default] 10.0.0.6 "DELETE /v2.0/subnets/2e6c4c1c-2428-4c94-9ce9-e0ef61496c60 HTTP/1.1" status: 204 len: 168 time: 0.2753875
2026-05-05 18:07:59.945 10 INFO neutron.db.ovn_revision_numbers_db [None req-49009d99-f14a-4d0e-b5b1-c161a539951e cb4b1a9ab1c54a4d9e2f507b2663903d c327ce8f0d6144acb6940b2059c32989 - - default default] Successfully bumped revision number for resource cb44c05a-b197-46cb-83d3-5141e0189229 (type: networks) to 1
2026-05-05 18:08:00.148 10 WARNING neutron.scheduler.dhcp_agent_scheduler [None req-49009d99-f14a-4d0e-b5b1-c161a539951e cb4b1a9ab1c54a4d9e2f507b2663903d c327ce8f0d6144acb6940b2059c32989 - - default default] No more DHCP agents
2026-05-05 18:08:00.149 10 WARNING neutron.api.rpc.agentnotifiers.dhcp_rpc_agent_api [None req-49009d99-f14a-4d0e-b5b1-c161a539951e cb4b1a9ab1c54a4d9e2f507b2663903d c327ce8f0d6144acb6940b2059c32989 - - default default] Unable to schedule network cb44c05a-b197-46cb-83d3-5141e0189229: no agents available; will retry on subsequent port and subnet creation events.
2026-05-05 18:08:00.261 10 INFO neutron.db.ovn_revision_numbers_db [None req-49009d99-f14a-4d0e-b5b1-c161a539951e cb4b1a9ab1c54a4d9e2f507b2663903d c327ce8f0d6144acb6940b2059c32989 - - default default] Successfully bumped revision number for resource 5dd85547-9805-47c5-96b5-e4227a5c9be8 (type: ports) to 1
2026-05-05 18:08:00.289 9 INFO neutron.services.segments.plugin [-] Segment 097ac313-7f54-4904-a08c-13982a403d84 resource provider aggregate not found
2026-05-05 18:08:00.291 10 INFO neutron.wsgi [None req-e9aae765-1b54-4dba-940a-238b4575e7e7 5931d99a7c454f73965f79fd80545a26 d0833e4929084ff9a8a3b6f55e33a894 - - default default] 10.0.0.98 "GET /v2.0/extensions/security-group HTTP/1.1" status: 200 len: 369 time: 0.0584528
2026-05-05 18:08:00.294 9 INFO neutron.services.segments.plugin [-] Segment 097ac313-7f54-4904-a08c-13982a403d84 resource provider aggregate not found
2026-05-05 18:08:00.303 10 INFO neutron.wsgi [None req-9c38a158-905a-44f1-bb87-68821c8855e0 5931d99a7c454f73965f79fd80545a26 d0833e4929084ff9a8a3b6f55e33a894 - - default default] 10.0.0.98 "GET /v2.0/extensions/dns-integration HTTP/1.1" status: 200 len: 371 time: 0.0037999
2026-05-05 18:08:00.306 10 INFO neutron.wsgi [None req-49009d99-f14a-4d0e-b5b1-c161a539951e cb4b1a9ab1c54a4d9e2f507b2663903d c327ce8f0d6144acb6940b2059c32989 - - default default] 10.0.0.6 "POST /v2.0/networks HTTP/1.1" status: 201 len: 831 time: 0.6165643
2026-05-05 18:08:00.310 10 INFO neutron.wsgi [None req-3f39cc5d-e6b3-4a38-8778-93acfce142f1 5931d99a7c454f73965f79fd80545a26 d0833e4929084ff9a8a3b6f55e33a894 - - default default] 10.0.0.98 "GET /v2.0/extensions/qos HTTP/1.1" status: 200 len: 365 time: 0.0032692
2026-05-05 18:08:00.311 9 INFO neutron.services.segments.plugin [-] Segment 097ac313-7f54-4904-a08c-13982a403d84 resource provider not found; error: Placement Client Error (4xx): {"errors": [{"status": 404, "title": "Not Found", "detail": "The resource could not be found.\n\n No resource provider with uuid 097ac313-7f54-4904-a08c-13982a403d84 found for delete ", "request_id": "req-d7750b4e-5d08-4035-9d03-96f9656fc0d7"}]}
2026-05-05 18:08:00.313 9 INFO neutron.services.segments.plugin [-] Segment 097ac313-7f54-4904-a08c-13982a403d84 resource provider not found; error: Placement Client Error (4xx): {"errors": [{"status": 404, "title": "Not Found", "detail": "The resource could not be found.\n\n No resource provider with uuid 097ac313-7f54-4904-a08c-13982a403d84 found for delete ", "request_id": "req-1767c917-b989-4c58-b67f-650c9a2fac19"}]}
2026-05-05 18:08:00.318 10 INFO neutron.wsgi [None req-f4e95643-c0c2-457b-a884-0a101c6d5c90 5931d99a7c454f73965f79fd80545a26 d0833e4929084ff9a8a3b6f55e33a894 - - default default] 10.0.0.98 "GET /v2.0/extensions/allowed-address-pairs HTTP/1.1" status: 200 len: 383 time: 0.0028930
2026-05-05 18:08:00.324 9 WARNING neutron_lib.context [None req-e7bae22d-d98c-440e-b2b9-ddf1a4162915 cb4b1a9ab1c54a4d9e2f507b2663903d c327ce8f0d6144acb6940b2059c32989 - - default default] Method 'is_advsvc' is deprecated since 2023.2 release (neutron-lib 3.8.0) and will be removed once support for the old RBAC API policies will be removed from Neutron. Please use method 'is_service_role' instead.
2026-05-05 18:08:00.368 9 INFO neutron.wsgi [None req-6393b4d4-81a5-4e10-a713-64449aa60bff 36cfeb05ba484fdcaca96ed4988d0773 815aed662ee14e04a96a7f4c63832f02 - - default default] 10.0.0.6 "DELETE /v2.0/networks/a426019b-7816-462d-84c6-d9d71fbd6048 HTTP/1.1" status: 204 len: 168 time: 0.4610472
2026-05-05 18:08:00.601 9 WARNING neutron.scheduler.dhcp_agent_scheduler [None req-e7bae22d-d98c-440e-b2b9-ddf1a4162915 cb4b1a9ab1c54a4d9e2f507b2663903d c327ce8f0d6144acb6940b2059c32989 - - default default] No more DHCP agents
2026-05-05 18:08:00.603 9 WARNING neutron.api.rpc.agentnotifiers.dhcp_rpc_agent_api [None req-e7bae22d-d98c-440e-b2b9-ddf1a4162915 cb4b1a9ab1c54a4d9e2f507b2663903d c327ce8f0d6144acb6940b2059c32989 - - default default] Unable to schedule network cb44c05a-b197-46cb-83d3-5141e0189229: no agents available; will retry on subsequent port and subnet creation events.
2026-05-05 18:08:00.686 9 INFO neutron.db.ovn_revision_numbers_db [None req-e7bae22d-d98c-440e-b2b9-ddf1a4162915 cb4b1a9ab1c54a4d9e2f507b2663903d c327ce8f0d6144acb6940b2059c32989 - - default default] Successfully bumped revision number for resource a8c08eb7-002e-48fd-b3f6-ff2ed1cd7c36 (type: ports) to 1
2026-05-05 18:08:00.708 9 INFO neutron.wsgi [None req-e7bae22d-d98c-440e-b2b9-ddf1a4162915 cb4b1a9ab1c54a4d9e2f507b2663903d c327ce8f0d6144acb6940b2059c32989 - - default default] 10.0.0.6 "POST /v2.0/ports HTTP/1.1" status: 201 len: 942 time: 0.3917584 /var/lib/openstack/lib/python3.10/site-packages/pycadf/identifier.py:71: UserWarning: Invalid uuid: neutron. To ensure interoperability, identifiers should be a valid uuid. warnings.warn(('Invalid uuid: %s. To ensure interoperability, '
2026-05-05 18:08:00.720 9 WARNING neutron_lib.context [None req-c927c3b6-3858-4137-b63e-43c0fdb0eb85 cb4b1a9ab1c54a4d9e2f507b2663903d c327ce8f0d6144acb6940b2059c32989 - - default default] Method 'is_advsvc' is deprecated since 2023.2 release (neutron-lib 3.8.0) and will be removed once support for the old RBAC API policies will be removed from Neutron. Please use method 'is_service_role' instead.
2026-05-05 18:08:00.736 10 INFO neutron.services.segments.plugin [-] Segment 8b3ea9fb-a8ca-471d-81f2-77e9f3817447 resource provider aggregate not found
2026-05-05 18:08:00.741 10 INFO neutron.services.segments.plugin [-] Segment 8b3ea9fb-a8ca-471d-81f2-77e9f3817447 resource provider aggregate not found
2026-05-05 18:08:00.760 10 INFO neutron.services.segments.plugin [-] Segment 8b3ea9fb-a8ca-471d-81f2-77e9f3817447 resource provider not found; error: Placement Client Error (4xx): {"errors": [{"status": 404, "title": "Not Found", "detail": "The resource could not be found.\n\n No resource provider with uuid 8b3ea9fb-a8ca-471d-81f2-77e9f3817447 found for delete ", "request_id": "req-787d6dcf-1251-40de-afd5-c614bef496ff"}]}
2026-05-05 18:08:00.763 10 INFO neutron.services.segments.plugin [-] Segment 8b3ea9fb-a8ca-471d-81f2-77e9f3817447 resource provider not found; error: Placement Client Error (4xx): {"errors": [{"status": 404, "title": "Not Found", "detail": "The resource could not be found.\n\n No resource provider with uuid 8b3ea9fb-a8ca-471d-81f2-77e9f3817447 found for delete ", "request_id": "req-61b5869e-801f-4356-b557-fa6138926305"}]}
2026-05-05 18:08:00.783 10 INFO neutron.wsgi [-] 10.0.0.98 "GET / HTTP/1.1" status: 200 len: 284 time: 0.0029171
2026-05-05 18:08:00.791 10 INFO neutron.wsgi [None req-159d9ce2-9c8b-46f8-9b87-f4ded571939c 36cfeb05ba484fdcaca96ed4988d0773 815aed662ee14e04a96a7f4c63832f02 - - default default] 10.0.0.6 "DELETE /v2.0/networks/c7b6ac2c-0c8c-47ae-b743-c8632d4228bb HTTP/1.1" status: 204 len: 168 time: 0.4175937
2026-05-05 18:08:00.867 9 INFO neutron.wsgi [None req-fda66414-31ea-47bf-ae10-9fdaa2d20c20 965066e2e4224251b632ed959d9c874a 5605e5827d614d24a4781c1588e9761e - - default default] 10.0.0.98 "GET /v2.0/subnets/90804a36-e14c-4af8-90a0-00e315393bf6 HTTP/1.1" status: 200 len: 832 time: 0.0635145
2026-05-05 18:08:00.883 10 INFO neutron.wsgi [None req-c9b94320-35aa-44c2-9c8f-95c769546373 5931d99a7c454f73965f79fd80545a26 d0833e4929084ff9a8a3b6f55e33a894 - - default default] 10.0.0.98 "GET /v2.0/extensions/security-group HTTP/1.1" status: 200 len: 369 time: 0.0057311
2026-05-05 18:08:00.891 10 INFO neutron.wsgi [None req-6b0bbbb4-3f07-4f6d-83e0-74de9e100415 5931d99a7c454f73965f79fd80545a26 d0833e4929084ff9a8a3b6f55e33a894 - - default default] 10.0.0.98 "GET /v2.0/extensions/dns-integration HTTP/1.1" status: 200 len: 371 time: 0.0044522
2026-05-05 18:08:00.899 10 INFO neutron.wsgi [None req-e7fd985b-db9e-4268-a9e8-56c63cbadc2a 5931d99a7c454f73965f79fd80545a26 d0833e4929084ff9a8a3b6f55e33a894 - - default default] 10.0.0.98 "GET /v2.0/extensions/qos HTTP/1.1" status: 200 len: 365 time: 0.0031190
2026-05-05 18:08:00.906 10 INFO neutron.wsgi [None req-8e5379b5-74de-4ed8-b8f7-b23449e2737c 5931d99a7c454f73965f79fd80545a26 d0833e4929084ff9a8a3b6f55e33a894 - - default default] 10.0.0.98 "GET /v2.0/extensions/allowed-address-pairs HTTP/1.1" status: 200 len: 383 time: 0.0029359
2026-05-05 18:08:00.956 10 INFO neutron.wsgi [None req-2a4aeaa8-6fd6-49bc-a16c-474a22c17de9 5931d99a7c454f73965f79fd80545a26 d0833e4929084ff9a8a3b6f55e33a894 - - default default] 10.0.0.98 "GET /v2.0/subnets/90804a36-e14c-4af8-90a0-00e315393bf6 HTTP/1.1" status: 200 len: 850 time: 0.0426309
2026-05-05 18:08:00.978 9 INFO neutron.wsgi [None req-c927c3b6-3858-4137-b63e-43c0fdb0eb85 cb4b1a9ab1c54a4d9e2f507b2663903d c327ce8f0d6144acb6940b2059c32989 - - default default] 10.0.0.6 "POST /v2.0/trunks HTTP/1.1" status: 201 len: 608 time: 0.2628610
2026-05-05 18:08:00.988 9 WARNING neutron_lib.context [None req-2c080a08-bfd6-4623-9402-79c1efdafd2f cb4b1a9ab1c54a4d9e2f507b2663903d c327ce8f0d6144acb6940b2059c32989 - - default default] Method 'is_advsvc' is deprecated since 2023.2 release (neutron-lib 3.8.0) and will be removed once support for the old RBAC API policies will be removed from Neutron. Please use method 'is_service_role' instead.
2026-05-05 18:08:01.040 10 INFO neutron.wsgi [None req-a9bbcd1f-4fb7-4146-a8b4-9d260bd12c1e 5931d99a7c454f73965f79fd80545a26 d0833e4929084ff9a8a3b6f55e33a894 - - default default] 10.0.0.98 "GET /v2.0/extensions/security-group HTTP/1.1" status: 200 len: 369 time: 0.0051486
2026-05-05 18:08:01.056 10 INFO neutron.wsgi [None req-d4ac2770-245e-4ca8-bef1-20a2b19e9c43 5931d99a7c454f73965f79fd80545a26 d0833e4929084ff9a8a3b6f55e33a894 - - default default] 10.0.0.98 "GET /v2.0/extensions/dns-integration HTTP/1.1" status: 200 len: 371 time: 0.0040629
2026-05-05 18:08:01.064 10 INFO neutron.wsgi [None req-ace6bb03-7c8a-4219-9aa2-339809e433d6 5931d99a7c454f73965f79fd80545a26 d0833e4929084ff9a8a3b6f55e33a894 - - default default] 10.0.0.98 "GET /v2.0/extensions/qos HTTP/1.1" status: 200 len: 365 time: 0.0034299
2026-05-05 18:08:01.072 9 INFO neutron.db.segments_db [None req-2c080a08-bfd6-4623-9402-79c1efdafd2f cb4b1a9ab1c54a4d9e2f507b2663903d c327ce8f0d6144acb6940b2059c32989 - - default default] Added segment 89f052f9-5423-4536-a179-1e8fe18778ad of type geneve for network 5ec04abb-c99d-4dad-8c5a-a2f14e73fb21
2026-05-05 18:08:01.076 10 INFO neutron.wsgi [None req-814afd4d-0c19-429d-8312-0a3e231783cb 5931d99a7c454f73965f79fd80545a26 d0833e4929084ff9a8a3b6f55e33a894 - - default default] 10.0.0.98 "GET /v2.0/extensions/allowed-address-pairs HTTP/1.1" status: 200 len: 383 time: 0.0054235
2026-05-05 18:08:01.164 10 INFO neutron.wsgi [None req-db524c79-3596-4903-a2b0-d3d7e61faf20 5931d99a7c454f73965f79fd80545a26 d0833e4929084ff9a8a3b6f55e33a894 - - default default] 10.0.0.98 "GET /v2.0/networks/aeaa8cc1-91df-4e17-9a95-698f36a83c83 HTTP/1.1" status: 200 len: 1000 time: 0.0802324
2026-05-05 18:08:01.181 10 INFO neutron.wsgi [None req-70f25857-e7e5-412a-a4e5-dd30c3bccbe3 5931d99a7c454f73965f79fd80545a26 d0833e4929084ff9a8a3b6f55e33a894 - - default default] 10.0.0.98 "GET /v2.0/extensions/project-id HTTP/1.1" status: 200 len: 403 time: 0.0097160
2026-05-05 18:08:01.236 9 INFO neutron.db.ovn_revision_numbers_db [None req-2c080a08-bfd6-4623-9402-79c1efdafd2f cb4b1a9ab1c54a4d9e2f507b2663903d c327ce8f0d6144acb6940b2059c32989 - - default default] Successfully bumped revision number for resource 5ec04abb-c99d-4dad-8c5a-a2f14e73fb21 (type: networks) to 1
2026-05-05 18:08:01.267 10 INFO neutron.wsgi [None req-dbc9ffbe-739d-4ea2-9d9b-7e1f5f3caea5 36cfeb05ba484fdcaca96ed4988d0773 815aed662ee14e04a96a7f4c63832f02 - - default default] 10.0.0.6 "DELETE /v2.0/networks/725f31a0-8c1e-4405-8d27-34b2a0548c01 HTTP/1.1" status: 204 len: 168 time: 0.4693816
2026-05-05 18:08:01.496 9 WARNING neutron.scheduler.dhcp_agent_scheduler [None req-2c080a08-bfd6-4623-9402-79c1efdafd2f cb4b1a9ab1c54a4d9e2f507b2663903d c327ce8f0d6144acb6940b2059c32989 - - default default] No more DHCP agents
2026-05-05 18:08:01.510 9 WARNING neutron.api.rpc.agentnotifiers.dhcp_rpc_agent_api [None req-2c080a08-bfd6-4623-9402-79c1efdafd2f cb4b1a9ab1c54a4d9e2f507b2663903d c327ce8f0d6144acb6940b2059c32989 - - default default] Unable to schedule network 5ec04abb-c99d-4dad-8c5a-a2f14e73fb21: no agents available; will retry on subsequent port and subnet creation events.
2026-05-05 18:08:01.566 10 WARNING neutron.scheduler.dhcp_agent_scheduler [None req-aa48bdf8-d35a-4162-8c28-b3df851b21d3 5931d99a7c454f73965f79fd80545a26 d0833e4929084ff9a8a3b6f55e33a894 - - default default] No more DHCP agents
2026-05-05 18:08:01.570 10 WARNING neutron.api.rpc.agentnotifiers.dhcp_rpc_agent_api [None req-aa48bdf8-d35a-4162-8c28-b3df851b21d3 5931d99a7c454f73965f79fd80545a26 d0833e4929084ff9a8a3b6f55e33a894 - - default default] Unable to schedule network aeaa8cc1-91df-4e17-9a95-698f36a83c83: no agents available; will retry on subsequent port and subnet creation events.
2026-05-05 18:08:01.611 9 INFO neutron.db.ovn_revision_numbers_db [None req-2c080a08-bfd6-4623-9402-79c1efdafd2f cb4b1a9ab1c54a4d9e2f507b2663903d c327ce8f0d6144acb6940b2059c32989 - - default default] Successfully bumped revision number for resource 102a9c51-4eae-4f19-9a95-4702ef02c300 (type: ports) to 1
2026-05-05 18:08:01.640 9 INFO neutron.wsgi [None req-2c080a08-bfd6-4623-9402-79c1efdafd2f cb4b1a9ab1c54a4d9e2f507b2663903d c327ce8f0d6144acb6940b2059c32989 - - default default] 10.0.0.6 "POST /v2.0/networks HTTP/1.1" status: 201 len: 831 time: 0.6570454
2026-05-05 18:08:01.664 9 WARNING neutron_lib.context [None req-820c3f7f-a67f-4aae-9833-0d09abeaef28 cb4b1a9ab1c54a4d9e2f507b2663903d c327ce8f0d6144acb6940b2059c32989 - - default default] Method 'is_advsvc' is deprecated since 2023.2 release (neutron-lib 3.8.0) and will be removed once support for the old RBAC API policies will be removed from Neutron. Please use method 'is_service_role' instead.
2026-05-05 18:08:01.805 9 INFO neutron.wsgi [None req-def485df-f513-444d-bb4a-9008da8f7497 36cfeb05ba484fdcaca96ed4988d0773 815aed662ee14e04a96a7f4c63832f02 - - default default] 10.0.0.6 "DELETE /v2.0/networks/6a081f43-ab57-44a9-875b-40b128ed4e94 HTTP/1.1" status: 204 len: 168 time: 0.5305207
2026-05-05 18:08:01.950 9 WARNING neutron.scheduler.dhcp_agent_scheduler [None req-820c3f7f-a67f-4aae-9833-0d09abeaef28 cb4b1a9ab1c54a4d9e2f507b2663903d c327ce8f0d6144acb6940b2059c32989 - - default default] No more DHCP agents
2026-05-05 18:08:01.954 9 WARNING neutron.api.rpc.agentnotifiers.dhcp_rpc_agent_api [None req-820c3f7f-a67f-4aae-9833-0d09abeaef28 cb4b1a9ab1c54a4d9e2f507b2663903d c327ce8f0d6144acb6940b2059c32989 - - default default] Unable to schedule network 5ec04abb-c99d-4dad-8c5a-a2f14e73fb21: no agents available; will retry on subsequent port and subnet creation events.
2026-05-05 18:08:02.055 10 INFO neutron.db.ovn_revision_numbers_db [None req-aa48bdf8-d35a-4162-8c28-b3df851b21d3 5931d99a7c454f73965f79fd80545a26 d0833e4929084ff9a8a3b6f55e33a894 - - default default] Successfully bumped revision number for resource 6cb1270b-8d2c-4e6f-8266-dbbeaee9aa34 (type: ports) to 1
2026-05-05 18:08:02.079 10 INFO neutron.wsgi [None req-aa48bdf8-d35a-4162-8c28-b3df851b21d3 5931d99a7c454f73965f79fd80545a26 d0833e4929084ff9a8a3b6f55e33a894 - - default default] 10.0.0.98 "POST /v2.0/ports HTTP/1.1" status: 201 len: 1329 time: 0.8897145
2026-05-05 18:08:02.095 9 INFO neutron.db.ovn_revision_numbers_db [None req-820c3f7f-a67f-4aae-9833-0d09abeaef28 cb4b1a9ab1c54a4d9e2f507b2663903d c327ce8f0d6144acb6940b2059c32989 - - default default] Successfully bumped revision number for resource 00cecdc3-ac0c-48e9-87ba-4ecf8611da58 (type: ports) to 1
2026-05-05 18:08:02.126 9 INFO neutron.wsgi [None req-820c3f7f-a67f-4aae-9833-0d09abeaef28 cb4b1a9ab1c54a4d9e2f507b2663903d c327ce8f0d6144acb6940b2059c32989 - - default default] 10.0.0.6 "POST /v2.0/ports HTTP/1.1" status: 201 len: 942 time: 0.4676847 /var/lib/openstack/lib/python3.10/site-packages/pycadf/identifier.py:71: UserWarning: Invalid uuid: neutron. To ensure interoperability, identifiers should be a valid uuid. warnings.warn(('Invalid uuid: %s. To ensure interoperability, '
2026-05-05 18:08:02.140 9 WARNING neutron_lib.context [None req-d0d5d7cc-3daf-415b-a62e-d74a5d59d27b cb4b1a9ab1c54a4d9e2f507b2663903d c327ce8f0d6144acb6940b2059c32989 - - default default] Method 'is_advsvc' is deprecated since 2023.2 release (neutron-lib 3.8.0) and will be removed once support for the old RBAC API policies will be removed from Neutron. Please use method 'is_service_role' instead.
2026-05-05 18:08:02.335 9 INFO neutron.services.segments.plugin [-] Segment 9ec8177e-fc01-429e-819d-428e53f92f84 resource provider aggregate not found
2026-05-05 18:08:02.341 9 INFO neutron.services.segments.plugin [-] Segment 9ec8177e-fc01-429e-819d-428e53f92f84 resource provider aggregate not found
2026-05-05 18:08:02.355 9 INFO neutron.services.segments.plugin [-] Segment 9ec8177e-fc01-429e-819d-428e53f92f84 resource provider not found; error: Placement Client Error (4xx): {"errors": [{"status": 404, "title": "Not Found", "detail": "The resource could not be found.\n\n No resource provider with uuid 9ec8177e-fc01-429e-819d-428e53f92f84 found for delete ", "request_id": "req-2e6f42e0-a918-4a71-bcca-90c7a42a7fc2"}]}
2026-05-05 18:08:02.363 9 INFO neutron.wsgi [None req-8052dcbb-69fb-485b-85d7-e02aea72945f 36cfeb05ba484fdcaca96ed4988d0773 815aed662ee14e04a96a7f4c63832f02 - - default default] 10.0.0.6 "DELETE /v2.0/networks/274073ae-13a9-4c0d-b321-646a46d63d8b HTTP/1.1" status: 204 len: 168 time: 0.5496950
2026-05-05 18:08:02.374 9 INFO neutron.services.segments.plugin [-] Segment 9ec8177e-fc01-429e-819d-428e53f92f84 resource provider not found; error: Placement Client Error (4xx): {"errors": [{"status": 404, "title": "Not Found", "detail": "The resource could not be found.\n\n No resource provider with uuid 9ec8177e-fc01-429e-819d-428e53f92f84 found for delete ", "request_id": "req-577c4972-4ad7-4f7f-8c84-55004dae1b29"}]}
2026-05-05 18:08:02.378 9 INFO neutron.services.segments.plugin [-] Segment 02558e63-4557-4124-9944-8ba7bc10536e resource provider aggregate not found
2026-05-05 18:08:02.393 9 INFO neutron.services.segments.plugin [-] Segment 02558e63-4557-4124-9944-8ba7bc10536e resource provider aggregate not found
2026-05-05 18:08:02.399 9 INFO neutron.services.segments.plugin [-] Segment 02558e63-4557-4124-9944-8ba7bc10536e resource provider not found; error: Placement Client Error (4xx): {"errors": [{"status": 404, "title": "Not Found", "detail": "The resource could not be found.\n\n No resource provider with uuid 02558e63-4557-4124-9944-8ba7bc10536e found for delete ", "request_id": "req-08b6e100-962c-4195-9e11-9360d8f9fc88"}]}
2026-05-05 18:08:02.409 9 INFO neutron.services.segments.plugin [-] Segment 02558e63-4557-4124-9944-8ba7bc10536e resource provider not found; error: Placement Client Error (4xx): {"errors": [{"status": 404, "title": "Not Found", "detail": "The resource could not be found.\n\n No resource provider with uuid 02558e63-4557-4124-9944-8ba7bc10536e found for delete ", "request_id": "req-300610b1-caf1-431e-99db-493fa130d9ac"}]}
2026-05-05 18:08:02.437 9 INFO neutron.wsgi [None req-d0d5d7cc-3daf-415b-a62e-d74a5d59d27b cb4b1a9ab1c54a4d9e2f507b2663903d c327ce8f0d6144acb6940b2059c32989 - - default default] 10.0.0.6 "POST /v2.0/trunks HTTP/1.1" status: 201 len: 608 time: 0.3023353
2026-05-05 18:08:02.454 9 WARNING neutron_lib.context [None req-e955b98f-c1b0-4da0-9025-568ffe580e3d cb4b1a9ab1c54a4d9e2f507b2663903d c327ce8f0d6144acb6940b2059c32989 - - default default] Method 'is_advsvc' is deprecated since 2023.2 release (neutron-lib 3.8.0) and will be removed once support for the old RBAC API policies will be removed from Neutron. Please use method 'is_service_role' instead.
2026-05-05 18:08:02.457 10 INFO neutron.wsgi [-] 10.0.0.30 "GET / HTTP/1.1" status: 200 len: 247 time: 0.0024886
2026-05-05 18:08:02.460 10 INFO neutron.wsgi [-] 10.0.0.30 "GET / HTTP/1.1" status: 200 len: 247 time: 0.0015144
2026-05-05 18:08:02.560 9 INFO neutron.db.segments_db [None req-e955b98f-c1b0-4da0-9025-568ffe580e3d cb4b1a9ab1c54a4d9e2f507b2663903d c327ce8f0d6144acb6940b2059c32989 - - default default] Added segment 50c3df66-7a89-4d6f-b25b-6d6bf16b5adb of type geneve for network cc8a64eb-4871-4687-8244-241fd0428566
2026-05-05 18:08:02.706 9 INFO neutron.db.ovn_revision_numbers_db [None req-e955b98f-c1b0-4da0-9025-568ffe580e3d cb4b1a9ab1c54a4d9e2f507b2663903d c327ce8f0d6144acb6940b2059c32989 - - default default] Successfully bumped revision number for resource cc8a64eb-4871-4687-8244-241fd0428566 (type: networks) to 1
2026-05-05 18:08:02.789 10 INFO neutron.services.segments.plugin [-] Segment 0af0f901-6705-4610-a858-ea8340730817 resource provider aggregate not found
2026-05-05 18:08:02.800 10 INFO neutron.services.segments.plugin [-] Segment 0af0f901-6705-4610-a858-ea8340730817 resource provider aggregate not found
2026-05-05 18:08:02.820 10 INFO neutron.services.segments.plugin [-] Segment 0af0f901-6705-4610-a858-ea8340730817 resource provider not found; error: Placement Client Error (4xx): {"errors": [{"status": 404, "title": "Not Found", "detail": "The resource could not be found.\n\n No resource provider with uuid 0af0f901-6705-4610-a858-ea8340730817 found for delete ", "request_id": "req-0f9f464d-d46e-4b2a-8a82-5a0f3545d6ae"}]}
2026-05-05 18:08:02.821 10 INFO neutron.services.segments.plugin [-] Segment 0af0f901-6705-4610-a858-ea8340730817 resource provider not found; error: Placement Client Error (4xx): {"errors": [{"status": 404, "title": "Not Found", "detail": "The resource could not be found.\n\n No resource provider with uuid 0af0f901-6705-4610-a858-ea8340730817 found for delete ", "request_id": "req-afb55d1d-ab63-45c9-a8da-f772b11ef999"}]}
2026-05-05 18:08:02.880 9 WARNING neutron.scheduler.dhcp_agent_scheduler [None req-e955b98f-c1b0-4da0-9025-568ffe580e3d cb4b1a9ab1c54a4d9e2f507b2663903d c327ce8f0d6144acb6940b2059c32989 - - default default] No more DHCP agents
2026-05-05 18:08:02.881 9 WARNING neutron.api.rpc.agentnotifiers.dhcp_rpc_agent_api [None req-e955b98f-c1b0-4da0-9025-568ffe580e3d cb4b1a9ab1c54a4d9e2f507b2663903d c327ce8f0d6144acb6940b2059c32989 - - default default] Unable to schedule network cc8a64eb-4871-4687-8244-241fd0428566: no agents available; will retry on subsequent port and subnet creation events.
2026-05-05 18:08:03.007 9 INFO neutron.db.ovn_revision_numbers_db [None req-e955b98f-c1b0-4da0-9025-568ffe580e3d cb4b1a9ab1c54a4d9e2f507b2663903d c327ce8f0d6144acb6940b2059c32989 - - default default] Successfully bumped revision number for resource c2f3ecaa-c9fd-4ea8-811b-ea2ac7d1d73b (type: ports) to 1
2026-05-05 18:08:03.028 9 INFO neutron.wsgi [None req-e955b98f-c1b0-4da0-9025-568ffe580e3d cb4b1a9ab1c54a4d9e2f507b2663903d c327ce8f0d6144acb6940b2059c32989 - - default default] 10.0.0.6 "POST /v2.0/networks HTTP/1.1" status: 201 len: 831 time: 0.5830541
2026-05-05 18:08:03.043 9 WARNING neutron_lib.context [None req-99f2b881-7030-496b-8b56-9d1fd64f1329 cb4b1a9ab1c54a4d9e2f507b2663903d c327ce8f0d6144acb6940b2059c32989 - - default default] Method 'is_advsvc' is deprecated since 2023.2 release (neutron-lib 3.8.0) and will be removed once support for the old RBAC API policies will be removed from Neutron. Please use method 'is_service_role' instead.
2026-05-05 18:08:03.300 9 WARNING neutron.scheduler.dhcp_agent_scheduler [None req-99f2b881-7030-496b-8b56-9d1fd64f1329 cb4b1a9ab1c54a4d9e2f507b2663903d c327ce8f0d6144acb6940b2059c32989 - - default default] No more DHCP agents
2026-05-05 18:08:03.303 9 WARNING neutron.api.rpc.agentnotifiers.dhcp_rpc_agent_api [None req-99f2b881-7030-496b-8b56-9d1fd64f1329 cb4b1a9ab1c54a4d9e2f507b2663903d c327ce8f0d6144acb6940b2059c32989 - - default default] Unable to schedule network cc8a64eb-4871-4687-8244-241fd0428566: no agents available; will retry on subsequent port and subnet creation events.
2026-05-05 18:08:03.398 9 INFO neutron.db.ovn_revision_numbers_db [None req-99f2b881-7030-496b-8b56-9d1fd64f1329 cb4b1a9ab1c54a4d9e2f507b2663903d c327ce8f0d6144acb6940b2059c32989 - - default default] Successfully bumped revision number for resource 6884e239-577b-431e-ba18-20a4ae832380 (type: ports) to 1
2026-05-05 18:08:03.448 9 INFO neutron.wsgi [None req-99f2b881-7030-496b-8b56-9d1fd64f1329 cb4b1a9ab1c54a4d9e2f507b2663903d c327ce8f0d6144acb6940b2059c32989 - - default default] 10.0.0.6 "POST /v2.0/ports HTTP/1.1" status: 201 len: 942 time: 0.4101756 /var/lib/openstack/lib/python3.10/site-packages/pycadf/identifier.py:71: UserWarning: Invalid uuid: neutron. To ensure interoperability, identifiers should be a valid uuid. warnings.warn(('Invalid uuid: %s. To ensure interoperability, '
2026-05-05 18:08:03.465 9 WARNING neutron_lib.context [None req-47e2c0be-1f52-421c-bdde-721238bd204e cb4b1a9ab1c54a4d9e2f507b2663903d c327ce8f0d6144acb6940b2059c32989 - - default default] Method 'is_advsvc' is deprecated since 2023.2 release (neutron-lib 3.8.0) and will be removed once support for the old RBAC API policies will be removed from Neutron. Please use method 'is_service_role' instead. /var/lib/openstack/lib/python3.10/site-packages/pycadf/identifier.py:71: UserWarning: Invalid uuid: neutron. To ensure interoperability, identifiers should be a valid uuid. warnings.warn(('Invalid uuid: %s. To ensure interoperability, '
2026-05-05 18:08:03.704 9 INFO neutron.wsgi [None req-47e2c0be-1f52-421c-bdde-721238bd204e cb4b1a9ab1c54a4d9e2f507b2663903d c327ce8f0d6144acb6940b2059c32989 - - default default] 10.0.0.6 "POST /v2.0/trunks HTTP/1.1" status: 201 len: 608 time: 0.2468138
2026-05-05 18:08:03.714 9 WARNING neutron_lib.context [None req-31f6b52e-6ad0-4faa-9ad8-de888636d77e cb4b1a9ab1c54a4d9e2f507b2663903d c327ce8f0d6144acb6940b2059c32989 - - default default] Method 'is_advsvc' is deprecated since 2023.2 release (neutron-lib 3.8.0) and will be removed once support for the old RBAC API policies will be removed from Neutron. Please use method 'is_service_role' instead.
2026-05-05 18:08:03.722 10 INFO neutron.db.ovn_revision_numbers_db [None req-e726da3d-a697-484c-ab8c-c7c574253c8a 5931d99a7c454f73965f79fd80545a26 d0833e4929084ff9a8a3b6f55e33a894 - - default default] Successfully bumped revision number for resource 587806fb-5c81-4ef8-8c84-b6cf08eab6bc (type: security_groups) to 1
2026-05-05 18:08:03.745 10 INFO neutron.db.ovn_revision_numbers_db [None req-e726da3d-a697-484c-ab8c-c7c574253c8a 5931d99a7c454f73965f79fd80545a26 d0833e4929084ff9a8a3b6f55e33a894 - - default default] Successfully bumped revision number for resource 11956ad7-db4f-4fd5-8ede-d402117a1990 (type: security_group_rules) to 0
2026-05-05 18:08:03.779 10 INFO neutron.db.ovn_revision_numbers_db [None req-e726da3d-a697-484c-ab8c-c7c574253c8a 5931d99a7c454f73965f79fd80545a26 d0833e4929084ff9a8a3b6f55e33a894 - - default default] Successfully bumped revision number for resource 2716cbec-237c-4686-85fb-605d423e14a1 (type: security_group_rules) to 0
2026-05-05 18:08:03.793 9 INFO neutron.db.segments_db [None req-31f6b52e-6ad0-4faa-9ad8-de888636d77e cb4b1a9ab1c54a4d9e2f507b2663903d c327ce8f0d6144acb6940b2059c32989 - - default default] Added segment cf598df6-05e8-4eab-9a91-e280a2702071 of type geneve for network 549159fa-52a2-493e-a75d-c32401e49ad4
2026-05-05 18:08:03.802 10 INFO neutron.db.ovn_revision_numbers_db [None req-e726da3d-a697-484c-ab8c-c7c574253c8a 5931d99a7c454f73965f79fd80545a26 d0833e4929084ff9a8a3b6f55e33a894 - - default default] Successfully bumped revision number for resource 76387163-8f27-4e98-ac33-69a3a4def4b2 (type: security_group_rules) to 0
2026-05-05 18:08:03.837 10 INFO neutron.db.ovn_revision_numbers_db [None req-e726da3d-a697-484c-ab8c-c7c574253c8a 5931d99a7c454f73965f79fd80545a26 d0833e4929084ff9a8a3b6f55e33a894 - - default default] Successfully bumped revision number for resource e38106d0-63be-4376-b97e-9456916943f0 (type: security_group_rules) to 0
2026-05-05 18:08:03.874 10 INFO neutron.wsgi [None req-e726da3d-a697-484c-ab8c-c7c574253c8a 5931d99a7c454f73965f79fd80545a26 d0833e4929084ff9a8a3b6f55e33a894 - - default default] 10.0.0.6 "GET /v2.0/security-groups?tenant_id=4e2d804bfe7042ceb0d8765658a818c3&name=default HTTP/1.1" status: 200 len: 2996 time: 0.5931499
2026-05-05 18:08:03.964 9 INFO neutron.db.ovn_revision_numbers_db [None req-31f6b52e-6ad0-4faa-9ad8-de888636d77e cb4b1a9ab1c54a4d9e2f507b2663903d c327ce8f0d6144acb6940b2059c32989 - - default default] Successfully bumped revision number for resource 549159fa-52a2-493e-a75d-c32401e49ad4 (type: networks) to 1
2026-05-05 18:08:04.072 10 INFO neutron.db.ovn_revision_numbers_db [None req-718958b6-ecb0-4179-8f80-48731a030003 5931d99a7c454f73965f79fd80545a26 d0833e4929084ff9a8a3b6f55e33a894 - - default default] Successfully bumped revision number for resource b8876f9e-d237-413c-90ac-c957130c7739 (type: security_groups) to 1
2026-05-05 18:08:04.102 10 INFO neutron.db.ovn_revision_numbers_db [None req-718958b6-ecb0-4179-8f80-48731a030003 5931d99a7c454f73965f79fd80545a26 d0833e4929084ff9a8a3b6f55e33a894 - - default default] Successfully bumped revision number for resource 93b666b6-d21f-4d20-aabf-93a9bf0912f2 (type: security_group_rules) to 0
2026-05-05 18:08:04.124 10 INFO neutron.db.ovn_revision_numbers_db [None req-718958b6-ecb0-4179-8f80-48731a030003 5931d99a7c454f73965f79fd80545a26 d0833e4929084ff9a8a3b6f55e33a894 - - default default] Successfully bumped revision number for resource a1637168-eab3-489a-9490-af369df14ff5 (type: security_group_rules) to 0
2026-05-05 18:08:04.142 10 INFO neutron.wsgi [None req-e7f2f3a2-1483-48da-9128-3b88eef3949f 5931d99a7c454f73965f79fd80545a26 d0833e4929084ff9a8a3b6f55e33a894 - - default default] 10.0.0.6 "DELETE /v2.0/security-groups/587806fb-5c81-4ef8-8c84-b6cf08eab6bc HTTP/1.1" status: 204 len: 168 time: 0.2601607
2026-05-05 18:08:04.152 10 INFO neutron.db.ovn_revision_numbers_db [None req-718958b6-ecb0-4179-8f80-48731a030003 5931d99a7c454f73965f79fd80545a26 d0833e4929084ff9a8a3b6f55e33a894 - - default default] Successfully bumped revision number for resource a1b61033-ce19-4c68-bc7c-ba252430ea03 (type: security_group_rules) to 0
2026-05-05 18:08:04.172 10 INFO neutron.db.ovn_revision_numbers_db [None req-718958b6-ecb0-4179-8f80-48731a030003 5931d99a7c454f73965f79fd80545a26 d0833e4929084ff9a8a3b6f55e33a894 - - default default] Successfully bumped revision number for resource ed3bb64f-60c3-4519-acef-6b12aed71e60 (type: security_group_rules) to 0
2026-05-05 18:08:04.176 9 WARNING neutron.scheduler.dhcp_agent_scheduler [None req-31f6b52e-6ad0-4faa-9ad8-de888636d77e cb4b1a9ab1c54a4d9e2f507b2663903d c327ce8f0d6144acb6940b2059c32989 - - default default] No more DHCP agents
2026-05-05 18:08:04.178 9 WARNING neutron.api.rpc.agentnotifiers.dhcp_rpc_agent_api [None req-31f6b52e-6ad0-4faa-9ad8-de888636d77e cb4b1a9ab1c54a4d9e2f507b2663903d c327ce8f0d6144acb6940b2059c32989 - - default default] Unable to schedule network 549159fa-52a2-493e-a75d-c32401e49ad4: no agents available; will retry on subsequent port and subnet creation events.
2026-05-05 18:08:04.193 10 INFO neutron.wsgi [None req-718958b6-ecb0-4179-8f80-48731a030003 5931d99a7c454f73965f79fd80545a26 d0833e4929084ff9a8a3b6f55e33a894 - - default default] 10.0.0.6 "GET /v2.0/security-groups?tenant_id=7f78b9b138c14c729b596da0b79d91fd&name=default HTTP/1.1" status: 200 len: 2996 time: 0.4945765
2026-05-05 18:08:04.276 9 INFO neutron.db.ovn_revision_numbers_db [None req-31f6b52e-6ad0-4faa-9ad8-de888636d77e cb4b1a9ab1c54a4d9e2f507b2663903d c327ce8f0d6144acb6940b2059c32989 - - default default] Successfully bumped revision number for resource 2291e035-dbd9-46f5-b357-41c98c00a70f (type: ports) to 1
2026-05-05 18:08:04.296 9 INFO neutron.wsgi [None req-31f6b52e-6ad0-4faa-9ad8-de888636d77e cb4b1a9ab1c54a4d9e2f507b2663903d c327ce8f0d6144acb6940b2059c32989 - - default default] 10.0.0.6 "POST /v2.0/networks HTTP/1.1" status: 201 len: 830 time: 0.5867043
2026-05-05 18:08:04.310 10 WARNING neutron_lib.context [None req-bec65669-a1f7-4ed4-8eb8-809aec8938c6 cb4b1a9ab1c54a4d9e2f507b2663903d c327ce8f0d6144acb6940b2059c32989 - - default default] Method 'is_advsvc' is deprecated since 2023.2 release (neutron-lib 3.8.0) and will be removed once support for the old RBAC API policies will be removed from Neutron. Please use method 'is_service_role' instead.
2026-05-05 18:08:04.345 9 INFO neutron.wsgi [None req-4038b52b-3078-4b3d-8c3d-cf7a3beb690f 5931d99a7c454f73965f79fd80545a26 d0833e4929084ff9a8a3b6f55e33a894 - - default default] 10.0.0.6 "GET /v2.0/security-groups?tenant_id=815aed662ee14e04a96a7f4c63832f02&name=default HTTP/1.1" status: 200 len: 2996 time: 0.0444944
2026-05-05 18:08:04.454 10 INFO neutron.wsgi [None req-f4cadc8c-4a3e-450e-ae2d-cf6ecbc9b225 5931d99a7c454f73965f79fd80545a26 d0833e4929084ff9a8a3b6f55e33a894 - - default default] 10.0.0.6 "DELETE /v2.0/security-groups/b8876f9e-d237-413c-90ac-c957130c7739 HTTP/1.1" status: 204 len: 168 time: 0.2515030
2026-05-05 18:08:04.551 9 INFO neutron.wsgi [None req-58a0ed1b-08e3-4ae4-8cb3-a6c45a59ab14 5931d99a7c454f73965f79fd80545a26 d0833e4929084ff9a8a3b6f55e33a894 - - default default] 10.0.0.6 "DELETE /v2.0/security-groups/e4c4f977-9afa-413f-9f39-e2622be7aaad HTTP/1.1" status: 204 len: 168 time: 0.1993282
2026-05-05 18:08:04.595 10 WARNING neutron.scheduler.dhcp_agent_scheduler [None req-bec65669-a1f7-4ed4-8eb8-809aec8938c6 cb4b1a9ab1c54a4d9e2f507b2663903d c327ce8f0d6144acb6940b2059c32989 - - default default] No more DHCP agents
2026-05-05 18:08:04.598 10 WARNING neutron.api.rpc.agentnotifiers.dhcp_rpc_agent_api [None req-bec65669-a1f7-4ed4-8eb8-809aec8938c6 cb4b1a9ab1c54a4d9e2f507b2663903d c327ce8f0d6144acb6940b2059c32989 - - default default] Unable to schedule network 549159fa-52a2-493e-a75d-c32401e49ad4: no agents available; will retry on subsequent port and subnet creation events.
2026-05-05 18:08:04.715 10 INFO neutron.db.ovn_revision_numbers_db [None req-bec65669-a1f7-4ed4-8eb8-809aec8938c6 cb4b1a9ab1c54a4d9e2f507b2663903d c327ce8f0d6144acb6940b2059c32989 - - default default] Successfully bumped revision number for resource 5122d417-25b1-4333-a470-0f0e523aa2e1 (type: ports) to 1
2026-05-05 18:08:04.751 10 INFO neutron.wsgi [None req-bec65669-a1f7-4ed4-8eb8-809aec8938c6 cb4b1a9ab1c54a4d9e2f507b2663903d c327ce8f0d6144acb6940b2059c32989 - - default default] 10.0.0.6 "POST /v2.0/ports HTTP/1.1" status: 201 len: 942 time: 0.4476001 /var/lib/openstack/lib/python3.10/site-packages/pycadf/identifier.py:71: UserWarning: Invalid uuid: neutron. To ensure interoperability, identifiers should be a valid uuid. warnings.warn(('Invalid uuid: %s. To ensure interoperability, '
2026-05-05 18:08:04.765 10 WARNING neutron_lib.context [None req-223d9982-acd0-42bc-bcb7-1dd5f450a898 cb4b1a9ab1c54a4d9e2f507b2663903d c327ce8f0d6144acb6940b2059c32989 - - default default] Method 'is_advsvc' is deprecated since 2023.2 release (neutron-lib 3.8.0) and will be removed once support for the old RBAC API policies will be removed from Neutron. Please use method 'is_service_role' instead.
2026-05-05 18:08:04.862 9 INFO neutron.db.ovn_revision_numbers_db [None req-2a6805eb-f2c3-4c98-bc8c-9b2aea77a850 5931d99a7c454f73965f79fd80545a26 d0833e4929084ff9a8a3b6f55e33a894 - - default default] Successfully bumped revision number for resource 003ed1b6-b410-4551-90eb-63e8b56c2b21 (type: security_groups) to 1
2026-05-05 18:08:04.893 9 INFO neutron.db.ovn_revision_numbers_db [None req-2a6805eb-f2c3-4c98-bc8c-9b2aea77a850 5931d99a7c454f73965f79fd80545a26 d0833e4929084ff9a8a3b6f55e33a894 - - default default] Successfully bumped revision number for resource 3627387d-a8ce-4413-87c5-4f64ff848444 (type: security_group_rules) to 0
2026-05-05 18:08:04.908 9 INFO neutron.db.ovn_revision_numbers_db [None req-2a6805eb-f2c3-4c98-bc8c-9b2aea77a850 5931d99a7c454f73965f79fd80545a26 d0833e4929084ff9a8a3b6f55e33a894 - - default default] Successfully bumped revision number for resource 3d01a0d3-4709-4dc0-9b9f-ed60c0cef35f (type: security_group_rules) to 0
2026-05-05 18:08:04.923 9 INFO neutron.db.ovn_revision_numbers_db [None req-2a6805eb-f2c3-4c98-bc8c-9b2aea77a850 5931d99a7c454f73965f79fd80545a26 d0833e4929084ff9a8a3b6f55e33a894 - - default default] Successfully bumped revision number for resource 6925eb9e-ff5f-4f2c-aa28-4cf70c3d9ded (type: security_group_rules) to 0
2026-05-05 18:08:04.929 10 INFO neutron.wsgi [None req-045a9a00-f745-4635-a290-821f25498715 5931d99a7c454f73965f79fd80545a26 d0833e4929084ff9a8a3b6f55e33a894 - - default default] 199.204.45.72 "GET /v2.0/extensions/security-group HTTP/1.1" status: 200 len: 369 time: 0.3110886
2026-05-05 18:08:04.942 10 INFO neutron.wsgi [None req-4c0d9b28-b550-44da-83bd-993bdbd495e9 5931d99a7c454f73965f79fd80545a26 d0833e4929084ff9a8a3b6f55e33a894 - - default default] 199.204.45.72 "GET /v2.0/extensions/dns-integration HTTP/1.1" status: 200 len: 371 time: 0.0062356
2026-05-05 18:08:04.952 9 INFO neutron.db.ovn_revision_numbers_db [None req-2a6805eb-f2c3-4c98-bc8c-9b2aea77a850 5931d99a7c454f73965f79fd80545a26 d0833e4929084ff9a8a3b6f55e33a894 - - default default] Successfully bumped revision number for resource 748382d9-8ee1-4a2f-8ced-8852a08365a3 (type: security_group_rules) to 0
