2026-05-05 18:04:47.563 10 INFO neutron.wsgi [req-b2fa9037-7944-4a75-93c2-5cdae2719706 req-08cadd5a-c0de-4057-9655-37dcaf8ca125 c57a0dfb1fb04642a0ff9a045ab80d8f e30a28b3690b4d20b2c56350811c33a8 - - ce137fb0ec75421bbc675cf3716309ac ce137fb0ec75421bbc675cf3716309ac] 199.204.45.72 "GET /v2.0/floatingips?fixed_ip_address=10.100.0.6&port_id=963e9805-b776-4821-bba5-2d10a208cb55 HTTP/1.1" status: 200 len: 1059 time: 0.0566931
2026-05-05 18:04:47.610 10 INFO neutron.wsgi [req-b2fa9037-7944-4a75-93c2-5cdae2719706 req-778015da-adc0-4090-95e4-7b8cc7ba582b c57a0dfb1fb04642a0ff9a045ab80d8f e30a28b3690b4d20b2c56350811c33a8 - - ce137fb0ec75421bbc675cf3716309ac ce137fb0ec75421bbc675cf3716309ac] 199.204.45.72 "GET /v2.0/subnets?id=aa5683f0-8413-4dae-895d-1e398e233326 HTTP/1.1" status: 200 len: 877 time: 0.0421946
2026-05-05 18:04:47.643 10 INFO neutron.wsgi [req-b2fa9037-7944-4a75-93c2-5cdae2719706 req-0028557c-35cc-4a3c-8f1a-921f516b11d2 c57a0dfb1fb04642a0ff9a045ab80d8f e30a28b3690b4d20b2c56350811c33a8 - - ce137fb0ec75421bbc675cf3716309ac ce137fb0ec75421bbc675cf3716309ac] 199.204.45.72 "GET /v2.0/ports?network_id=8dbc5ae6-0f72-4fd1-805d-5dd9d7a05285&device_owner=network%3Adhcp HTTP/1.1" status: 200 len: 210 time: 0.0253708
2026-05-05 18:04:47.726 10 INFO neutron.wsgi [req-b2fa9037-7944-4a75-93c2-5cdae2719706 req-7791f2fb-3ed3-4c6f-aea7-a380c498cfd0 c57a0dfb1fb04642a0ff9a045ab80d8f e30a28b3690b4d20b2c56350811c33a8 - - ce137fb0ec75421bbc675cf3716309ac ce137fb0ec75421bbc675cf3716309ac] 199.204.45.72 "GET /v2.0/networks/8dbc5ae6-0f72-4fd1-805d-5dd9d7a05285?fields=segments HTTP/1.1" status: 200 len: 212 time: 0.0751779
2026-05-05 18:04:47.801 9 INFO neutron.wsgi [req-e6f8c89d-a20f-417f-9b5c-7e60e791613e req-734b7013-7987-4f38-8f41-e0a737c72aca c4d03c1fb6974eb2acd971acd53f6c56 ac00182b2ec0486aa53d33ff56a1b1dc - - default default] 10.0.0.112 "GET /v2.0/ports?device_id=de768829-a27f-40d3-8a26-b4def23c738b HTTP/1.1" status: 200 len: 1174 time: 0.0481923
2026-05-05 18:04:47.818 10 INFO neutron.wsgi [req-b2fa9037-7944-4a75-93c2-5cdae2719706 req-cd664337-172b-4cae-a576-77d7b7f003b0 c57a0dfb1fb04642a0ff9a045ab80d8f e30a28b3690b4d20b2c56350811c33a8 - - ce137fb0ec75421bbc675cf3716309ac ce137fb0ec75421bbc675cf3716309ac] 199.204.45.72 "GET /v2.0/networks/8dbc5ae6-0f72-4fd1-805d-5dd9d7a05285?fields=provider%3Aphysical_network&fields=provider%3Anetwork_type HTTP/1.1" status: 200 len: 277 time: 0.0789430
2026-05-05 18:04:47.855 9 INFO neutron.wsgi [req-e6f8c89d-a20f-417f-9b5c-7e60e791613e req-51c53205-c357-4764-b605-163297d39721 c4d03c1fb6974eb2acd971acd53f6c56 ac00182b2ec0486aa53d33ff56a1b1dc - - default default] 10.0.0.112 "GET /v2.0/security-groups?id=4840157f-3ef7-4446-a5f3-4eefc224ac4b&fields=id&fields=name HTTP/1.1" status: 200 len: 313 time: 0.0472927
2026-05-05 18:04:47.907 10 INFO neutron.wsgi [req-69cf73df-8d13-4b06-a0a5-16adc91c79e2 req-9c5d90ed-cd79-4c25-a7dc-0542b43e47f6 c57a0dfb1fb04642a0ff9a045ab80d8f e30a28b3690b4d20b2c56350811c33a8 - - ce137fb0ec75421bbc675cf3716309ac ce137fb0ec75421bbc675cf3716309ac] 199.204.45.72 "GET /v2.0/ports?tenant_id=9007c34d7d1345868891ad26f9be3704&device_id=0abe3248-4417-4b30-b804-b0d2e7e2e75f HTTP/1.1" status: 200 len: 1586 time: 0.0493615
2026-05-05 18:04:47.978 10 INFO neutron.wsgi [req-69cf73df-8d13-4b06-a0a5-16adc91c79e2 req-bd0c0c56-6625-4607-acfa-736cbdd2ba74 c57a0dfb1fb04642a0ff9a045ab80d8f e30a28b3690b4d20b2c56350811c33a8 - - ce137fb0ec75421bbc675cf3716309ac ce137fb0ec75421bbc675cf3716309ac] 199.204.45.72 "GET /v2.0/networks?id=8dbc5ae6-0f72-4fd1-805d-5dd9d7a05285 HTTP/1.1" status: 200 len: 982 time: 0.0660820
2026-05-05 18:04:47.987 9 INFO neutron.wsgi [req-e8889ec0-ac4c-43e5-9d23-454c985fa32c req-f8fb5682-964e-40bc-96fc-18380f596ecc c4d03c1fb6974eb2acd971acd53f6c56 ac00182b2ec0486aa53d33ff56a1b1dc - - default default] 10.0.0.112 "GET /v2.0/ports?device_id=de768829-a27f-40d3-8a26-b4def23c738b HTTP/1.1" status: 200 len: 1174 time: 0.0484841
2026-05-05 18:04:48.012 10 INFO neutron.wsgi [req-69cf73df-8d13-4b06-a0a5-16adc91c79e2 req-d60a04c0-6747-4b28-98f0-3f65e6802259 c57a0dfb1fb04642a0ff9a045ab80d8f e30a28b3690b4d20b2c56350811c33a8 - - ce137fb0ec75421bbc675cf3716309ac ce137fb0ec75421bbc675cf3716309ac] 199.204.45.72 "GET /v2.0/floatingips?fixed_ip_address=10.100.0.4&port_id=963e9805-b776-4821-bba5-2d10a208cb55 HTTP/1.1" status: 200 len: 217 time: 0.0266004
2026-05-05 18:04:48.063 10 INFO neutron.wsgi [req-69cf73df-8d13-4b06-a0a5-16adc91c79e2 req-d924981a-2aee-4ac3-9d4f-902f7575cc49 c57a0dfb1fb04642a0ff9a045ab80d8f e30a28b3690b4d20b2c56350811c33a8 - - ce137fb0ec75421bbc675cf3716309ac ce137fb0ec75421bbc675cf3716309ac] 199.204.45.72 "GET /v2.0/floatingips?fixed_ip_address=10.100.0.6&port_id=963e9805-b776-4821-bba5-2d10a208cb55 HTTP/1.1" status: 200 len: 1059 time: 0.0437782
2026-05-05 18:04:48.114 10 INFO neutron.wsgi [req-69cf73df-8d13-4b06-a0a5-16adc91c79e2 req-df620ea9-9ca4-4e65-bcde-05365f4de46f c57a0dfb1fb04642a0ff9a045ab80d8f e30a28b3690b4d20b2c56350811c33a8 - - ce137fb0ec75421bbc675cf3716309ac ce137fb0ec75421bbc675cf3716309ac] 199.204.45.72 "GET /v2.0/subnets?id=aa5683f0-8413-4dae-895d-1e398e233326 HTTP/1.1" status: 200 len: 877 time: 0.0472457
2026-05-05 18:04:48.148 10 INFO neutron.wsgi [req-69cf73df-8d13-4b06-a0a5-16adc91c79e2 req-2137b3ca-3b23-441e-be0c-c454a71c6f73 c57a0dfb1fb04642a0ff9a045ab80d8f e30a28b3690b4d20b2c56350811c33a8 - - ce137fb0ec75421bbc675cf3716309ac ce137fb0ec75421bbc675cf3716309ac] 199.204.45.72 "GET /v2.0/ports?network_id=8dbc5ae6-0f72-4fd1-805d-5dd9d7a05285&device_owner=network%3Adhcp HTTP/1.1" status: 200 len: 210 time: 0.0267003
2026-05-05 18:04:48.228 10 INFO neutron.wsgi [req-69cf73df-8d13-4b06-a0a5-16adc91c79e2 req-6c97e29d-fe09-47d2-8d1a-277c5a2879a9 c57a0dfb1fb04642a0ff9a045ab80d8f e30a28b3690b4d20b2c56350811c33a8 - - ce137fb0ec75421bbc675cf3716309ac ce137fb0ec75421bbc675cf3716309ac] 199.204.45.72 "GET /v2.0/networks/8dbc5ae6-0f72-4fd1-805d-5dd9d7a05285?fields=segments HTTP/1.1" status: 200 len: 212 time: 0.0733178
2026-05-05 18:04:48.265 9 INFO neutron.db.l3_db [None req-69fedf2e-20aa-400a-808b-d977d21be338 c4d03c1fb6974eb2acd971acd53f6c56 ac00182b2ec0486aa53d33ff56a1b1dc - - default default] Floating IP 3100f2b3-a078-448f-8974-b3ee082cfc59 associated. External IP: 10.96.250.218, port: ba9d4721-dade-4126-b3f2-aec6ea396b10.
2026-05-05 18:04:48.291 10 INFO neutron.wsgi [req-69cf73df-8d13-4b06-a0a5-16adc91c79e2 req-b0e8b36c-43a1-4d31-81dc-29625627a670 c57a0dfb1fb04642a0ff9a045ab80d8f e30a28b3690b4d20b2c56350811c33a8 - - ce137fb0ec75421bbc675cf3716309ac ce137fb0ec75421bbc675cf3716309ac] 199.204.45.72 "GET /v2.0/networks/8dbc5ae6-0f72-4fd1-805d-5dd9d7a05285?fields=provider%3Aphysical_network&fields=provider%3Anetwork_type HTTP/1.1" status: 200 len: 277 time: 0.0571761
2026-05-05 18:04:48.523 9 INFO neutron.db.ovn_revision_numbers_db [None req-69fedf2e-20aa-400a-808b-d977d21be338 c4d03c1fb6974eb2acd971acd53f6c56 ac00182b2ec0486aa53d33ff56a1b1dc - - default default] Successfully bumped revision number for resource 3100f2b3-a078-448f-8974-b3ee082cfc59 (type: floatingips) to 1 /var/lib/openstack/lib/python3.10/site-packages/pycadf/identifier.py:71: UserWarning: Invalid uuid: neutron. To ensure interoperability, identifiers should be a valid uuid. warnings.warn(('Invalid uuid: %s. To ensure interoperability, '
2026-05-05 18:04:48.590 9 INFO neutron.wsgi [req-481ce24a-ce31-4991-bbdd-781a3ee06fc7 req-41f8b566-bb8e-475b-8836-c4be003c5c5d 973513b4222b4a889f322bcd49604742 9007c34d7d1345868891ad26f9be3704 - - default default] 10.0.0.112 "GET /v2.0/ports?device_id=0abe3248-4417-4b30-b804-b0d2e7e2e75f HTTP/1.1" status: 200 len: 1348 time: 0.0495422
2026-05-05 18:04:48.663 9 INFO neutron.wsgi [req-481ce24a-ce31-4991-bbdd-781a3ee06fc7 req-1dab9d2a-1dcc-422d-96df-5e11594427b1 973513b4222b4a889f322bcd49604742 9007c34d7d1345868891ad26f9be3704 - - default default] 10.0.0.112 "GET /v2.0/security-groups?id=813bd02f-acef-4e5e-8fc4-ea80a61d3be5&fields=id&fields=name HTTP/1.1" status: 200 len: 312 time: 0.0608993
2026-05-05 18:04:48.748 9 INFO neutron.db.ovn_revision_numbers_db [None req-69fedf2e-20aa-400a-808b-d977d21be338 c4d03c1fb6974eb2acd971acd53f6c56 ac00182b2ec0486aa53d33ff56a1b1dc - - default default] Successfully bumped revision number for resource 3100f2b3-a078-448f-8974-b3ee082cfc59 (type: floatingips) to 2
2026-05-05 18:04:48.775 9 INFO neutron.wsgi [None req-69fedf2e-20aa-400a-808b-d977d21be338 c4d03c1fb6974eb2acd971acd53f6c56 ac00182b2ec0486aa53d33ff56a1b1dc - - default default] 10.0.0.6 "PUT /v2.0/floatingips/3100f2b3-a078-448f-8974-b3ee082cfc59 HTTP/1.1" status: 200 len: 1050 time: 0.7708910
2026-05-05 18:04:48.880 10 INFO neutron.wsgi [req-a787a2a8-209b-4b3c-ae9b-28068508baf7 req-a80fd113-49fb-4be6-a652-e2a7e4add8a4 973513b4222b4a889f322bcd49604742 9007c34d7d1345868891ad26f9be3704 - - default default] 199.204.45.72 "GET /v2.0/ports?device_id=0abe3248-4417-4b30-b804-b0d2e7e2e75f&device_owner=compute%3Anova&fixed_ips=ip_address%3D10.100.0.4 HTTP/1.1" status: 200 len: 1348 time: 0.0762849
2026-05-05 18:04:48.895 9 INFO neutron.wsgi [req-d058e00e-7211-4d35-884e-11bb8ca86de7 req-523c43b8-0e44-43b4-91c8-d43982abcbfa c4d03c1fb6974eb2acd971acd53f6c56 ac00182b2ec0486aa53d33ff56a1b1dc - - default default] 10.0.0.112 "GET /v2.0/ports?device_id=de768829-a27f-40d3-8a26-b4def23c738b HTTP/1.1" status: 200 len: 1174 time: 0.0524886
2026-05-05 18:04:48.951 9 INFO neutron.wsgi [req-d058e00e-7211-4d35-884e-11bb8ca86de7 req-53a568bd-6e08-4431-ad37-1c3c8c7d6206 c4d03c1fb6974eb2acd971acd53f6c56 ac00182b2ec0486aa53d33ff56a1b1dc - - default default] 10.0.0.112 "GET /v2.0/security-groups?id=4840157f-3ef7-4446-a5f3-4eefc224ac4b&fields=id&fields=name HTTP/1.1" status: 200 len: 313 time: 0.0482936
2026-05-05 18:04:49.237 9 INFO neutron.notifiers.nova [-] Nova event matching ['req-5fb30777-c76e-44a5-8d0b-61b014a9c295'] response: {'name': 'network-changed', 'server_uuid': 'de768829-a27f-40d3-8a26-b4def23c738b', 'tag': 'ba9d4721-dade-4126-b3f2-aec6ea396b10', 'status': 'completed', 'code': 200}
2026-05-05 18:04:49.359 9 INFO neutron.wsgi [req-9d6415f1-fb22-4cc2-a46d-cdcf1b49e345 req-5586a0cc-a537-4072-a74b-80690e579be5 c4d03c1fb6974eb2acd971acd53f6c56 ac00182b2ec0486aa53d33ff56a1b1dc - - default default] 10.0.0.112 "GET /v2.0/ports?device_id=de768829-a27f-40d3-8a26-b4def23c738b HTTP/1.1" status: 200 len: 1174 time: 0.0597386
2026-05-05 18:04:49.389 9 INFO neutron.plugins.ml2.drivers.ovn.mech_driver.mech_driver [None req-c96f15d0-b626-40da-861b-b2acedf8928e - - - - - -] OVN reports status down for port: ba9d4721-dade-4126-b3f2-aec6ea396b10
2026-05-05 18:04:49.445 9 INFO neutron.wsgi [req-9d6415f1-fb22-4cc2-a46d-cdcf1b49e345 req-31a1b39c-6b2a-4bf1-9769-b477e38417be c4d03c1fb6974eb2acd971acd53f6c56 ac00182b2ec0486aa53d33ff56a1b1dc - - default default] 10.0.0.112 "GET /v2.0/security-groups?id=4840157f-3ef7-4446-a5f3-4eefc224ac4b&fields=id&fields=name HTTP/1.1" status: 200 len: 313 time: 0.0774488
2026-05-05 18:04:49.456 10 INFO neutron.wsgi [req-13e6b87a-9681-4ade-9df0-8a4fa3eed709 req-6fcbb239-cb65-4b31-9fdb-d049736ad279 c57a0dfb1fb04642a0ff9a045ab80d8f e30a28b3690b4d20b2c56350811c33a8 - - ce137fb0ec75421bbc675cf3716309ac ce137fb0ec75421bbc675cf3716309ac] 199.204.45.72 "GET /v2.0/ports?tenant_id=ac00182b2ec0486aa53d33ff56a1b1dc&device_id=de768829-a27f-40d3-8a26-b4def23c738b HTTP/1.1" status: 200 len: 1413 time: 0.0509336
2026-05-05 18:04:49.577 10 INFO neutron.wsgi [req-13e6b87a-9681-4ade-9df0-8a4fa3eed709 req-ed022730-eb70-42bd-b041-cf27e1510155 c57a0dfb1fb04642a0ff9a045ab80d8f e30a28b3690b4d20b2c56350811c33a8 - - ce137fb0ec75421bbc675cf3716309ac ce137fb0ec75421bbc675cf3716309ac] 199.204.45.72 "GET /v2.0/networks?id=de334adf-fac6-4c1e-8941-3b93256151c5 HTTP/1.1" status: 200 len: 977 time: 0.1106558
2026-05-05 18:04:49.644 10 INFO neutron.wsgi [req-13e6b87a-9681-4ade-9df0-8a4fa3eed709 req-01a471cf-50e7-48ff-9ecb-7b11ba010a55 c57a0dfb1fb04642a0ff9a045ab80d8f e30a28b3690b4d20b2c56350811c33a8 - - ce137fb0ec75421bbc675cf3716309ac ce137fb0ec75421bbc675cf3716309ac] 199.204.45.72 "GET /v2.0/floatingips?fixed_ip_address=10.100.0.11&port_id=ba9d4721-dade-4126-b3f2-aec6ea396b10 HTTP/1.1" status: 200 len: 1058 time: 0.0595484
2026-05-05 18:04:49.703 10 INFO neutron.wsgi [req-13e6b87a-9681-4ade-9df0-8a4fa3eed709 req-4ef4a31f-34d8-49a1-9465-4e8e6e8591fe c57a0dfb1fb04642a0ff9a045ab80d8f e30a28b3690b4d20b2c56350811c33a8 - - ce137fb0ec75421bbc675cf3716309ac ce137fb0ec75421bbc675cf3716309ac] 199.204.45.72 "GET /v2.0/subnets?id=d5723d02-578e-4dfd-9ab0-87504758fa80 HTTP/1.1" status: 200 len: 872 time: 0.0508199
2026-05-05 18:04:49.741 10 INFO neutron.wsgi [req-13e6b87a-9681-4ade-9df0-8a4fa3eed709 req-38a97a83-2255-4ba2-9ea4-e383f73abb8b c57a0dfb1fb04642a0ff9a045ab80d8f e30a28b3690b4d20b2c56350811c33a8 - - ce137fb0ec75421bbc675cf3716309ac ce137fb0ec75421bbc675cf3716309ac] 199.204.45.72 "GET /v2.0/ports?network_id=de334adf-fac6-4c1e-8941-3b93256151c5&device_owner=network%3Adhcp HTTP/1.1" status: 200 len: 210 time: 0.0300753
2026-05-05 18:04:49.742 9 INFO neutron.wsgi [req-53ea9e6d-4532-4328-8eb4-7297af1dfafd req-3f3536a9-c6c2-4f73-81d5-b6626d88c11f c4d03c1fb6974eb2acd971acd53f6c56 ac00182b2ec0486aa53d33ff56a1b1dc - - default default] 199.204.45.72 "GET /v2.0/ports?device_id=de768829-a27f-40d3-8a26-b4def23c738b HTTP/1.1" status: 200 len: 1172 time: 0.0526590 /var/lib/openstack/lib/python3.10/site-packages/pycadf/identifier.py:71: UserWarning: Invalid uuid: neutron. To ensure interoperability, identifiers should be a valid uuid. warnings.warn(('Invalid uuid: %s. To ensure interoperability, '
2026-05-05 18:04:49.845 10 INFO neutron.wsgi [req-13e6b87a-9681-4ade-9df0-8a4fa3eed709 req-12381f66-ad94-4713-880d-c63fbb5a0078 c57a0dfb1fb04642a0ff9a045ab80d8f e30a28b3690b4d20b2c56350811c33a8 - - ce137fb0ec75421bbc675cf3716309ac ce137fb0ec75421bbc675cf3716309ac] 199.204.45.72 "GET /v2.0/networks/de334adf-fac6-4c1e-8941-3b93256151c5?fields=segments HTTP/1.1" status: 200 len: 212 time: 0.0885718
2026-05-05 18:04:49.850 9 INFO neutron.db.ovn_revision_numbers_db [None req-c96f15d0-b626-40da-861b-b2acedf8928e - - - - - -] Successfully bumped revision number for resource ba9d4721-dade-4126-b3f2-aec6ea396b10 (type: ports) to 5
2026-05-05 18:04:49.910 10 INFO neutron.db.ovn_revision_numbers_db [req-a787a2a8-209b-4b3c-ae9b-28068508baf7 req-c695c832-794a-4ada-beff-85d71c8bb4a0 973513b4222b4a889f322bcd49604742 9007c34d7d1345868891ad26f9be3704 - - default default] Successfully bumped revision number for resource 963e9805-b776-4821-bba5-2d10a208cb55 (type: ports) to 6
2026-05-05 18:04:49.926 10 INFO neutron.wsgi [req-a787a2a8-209b-4b3c-ae9b-28068508baf7 req-c695c832-794a-4ada-beff-85d71c8bb4a0 973513b4222b4a889f322bcd49604742 9007c34d7d1345868891ad26f9be3704 - - default default] 199.204.45.72 "PUT /v2.0/ports/963e9805-b776-4821-bba5-2d10a208cb55 HTTP/1.1" status: 200 len: 1167 time: 1.0412092
2026-05-05 18:04:49.957 10 INFO neutron.wsgi [req-13e6b87a-9681-4ade-9df0-8a4fa3eed709 req-b9326693-7a96-4f32-b374-5050fc18259e c57a0dfb1fb04642a0ff9a045ab80d8f e30a28b3690b4d20b2c56350811c33a8 - - ce137fb0ec75421bbc675cf3716309ac ce137fb0ec75421bbc675cf3716309ac] 199.204.45.72 "GET /v2.0/networks/de334adf-fac6-4c1e-8941-3b93256151c5?fields=provider%3Aphysical_network&fields=provider%3Anetwork_type HTTP/1.1" status: 200 len: 277 time: 0.1054475
2026-05-05 18:04:49.963 10 INFO neutron.notifiers.nova [-] Nova event matching ['req-6b6623e1-f47b-4b88-83b3-fe60856f1365'] response: {'name': 'network-changed', 'server_uuid': '0abe3248-4417-4b30-b804-b0d2e7e2e75f', 'tag': '963e9805-b776-4821-bba5-2d10a208cb55', 'status': 'completed', 'code': 200}
2026-05-05 18:04:50.025 10 INFO neutron.wsgi [req-a787a2a8-209b-4b3c-ae9b-28068508baf7 req-5c52e712-1dfc-4935-8879-7dd40cb08aad c57a0dfb1fb04642a0ff9a045ab80d8f e30a28b3690b4d20b2c56350811c33a8 - - ce137fb0ec75421bbc675cf3716309ac ce137fb0ec75421bbc675cf3716309ac] 199.204.45.72 "GET /v2.0/ports?tenant_id=9007c34d7d1345868891ad26f9be3704&device_id=0abe3248-4417-4b30-b804-b0d2e7e2e75f HTTP/1.1" status: 200 len: 1409 time: 0.0550454
2026-05-05 18:04:50.107 10 INFO neutron.wsgi [req-a787a2a8-209b-4b3c-ae9b-28068508baf7 req-a01f0c56-24b9-483f-a58a-9956bcc8b1d9 c57a0dfb1fb04642a0ff9a045ab80d8f e30a28b3690b4d20b2c56350811c33a8 - - ce137fb0ec75421bbc675cf3716309ac ce137fb0ec75421bbc675cf3716309ac] 199.204.45.72 "GET /v2.0/networks?id=8dbc5ae6-0f72-4fd1-805d-5dd9d7a05285 HTTP/1.1" status: 200 len: 982 time: 0.0736146
2026-05-05 18:04:50.172 10 INFO neutron.wsgi [req-a787a2a8-209b-4b3c-ae9b-28068508baf7 req-8626062f-3bfc-4fbd-aba3-fa8fb2247544 c57a0dfb1fb04642a0ff9a045ab80d8f e30a28b3690b4d20b2c56350811c33a8 - - ce137fb0ec75421bbc675cf3716309ac ce137fb0ec75421bbc675cf3716309ac] 199.204.45.72 "GET /v2.0/floatingips?fixed_ip_address=10.100.0.6&port_id=963e9805-b776-4821-bba5-2d10a208cb55 HTTP/1.1" status: 200 len: 1059 time: 0.0541220
2026-05-05 18:04:50.221 9 INFO neutron.db.l3_db [req-53ea9e6d-4532-4328-8eb4-7297af1dfafd req-679240de-a977-466a-a4b9-bf7c0b84bd0d c4d03c1fb6974eb2acd971acd53f6c56 ac00182b2ec0486aa53d33ff56a1b1dc - - default default] Floating IP 3100f2b3-a078-448f-8974-b3ee082cfc59 disassociated. External IP: 10.96.250.218, port: ba9d4721-dade-4126-b3f2-aec6ea396b10.
2026-05-05 18:04:50.222 10 INFO neutron.wsgi [req-a787a2a8-209b-4b3c-ae9b-28068508baf7 req-cb7321ca-40ad-449a-96c4-f0122b679b55 c57a0dfb1fb04642a0ff9a045ab80d8f e30a28b3690b4d20b2c56350811c33a8 - - ce137fb0ec75421bbc675cf3716309ac ce137fb0ec75421bbc675cf3716309ac] 199.204.45.72 "GET /v2.0/subnets?id=aa5683f0-8413-4dae-895d-1e398e233326 HTTP/1.1" status: 200 len: 877 time: 0.0415950
2026-05-05 18:04:50.251 10 INFO neutron.wsgi [req-a787a2a8-209b-4b3c-ae9b-28068508baf7 req-89a76bad-006e-46b8-a3f2-74a80b20f567 c57a0dfb1fb04642a0ff9a045ab80d8f e30a28b3690b4d20b2c56350811c33a8 - - ce137fb0ec75421bbc675cf3716309ac ce137fb0ec75421bbc675cf3716309ac] 199.204.45.72 "GET /v2.0/ports?network_id=8dbc5ae6-0f72-4fd1-805d-5dd9d7a05285&device_owner=network%3Adhcp HTTP/1.1" status: 200 len: 210 time: 0.0229301
2026-05-05 18:04:50.316 10 INFO neutron.wsgi [req-a787a2a8-209b-4b3c-ae9b-28068508baf7 req-8580ace0-775e-4a79-9408-da165af0e650 c57a0dfb1fb04642a0ff9a045ab80d8f e30a28b3690b4d20b2c56350811c33a8 - - ce137fb0ec75421bbc675cf3716309ac ce137fb0ec75421bbc675cf3716309ac] 199.204.45.72 "GET /v2.0/networks/8dbc5ae6-0f72-4fd1-805d-5dd9d7a05285?fields=segments HTTP/1.1" status: 200 len: 212 time: 0.0581245
2026-05-05 18:04:50.378 10 INFO neutron.wsgi [req-a787a2a8-209b-4b3c-ae9b-28068508baf7 req-804671ef-ddf5-4322-aa80-8208f21236ec c57a0dfb1fb04642a0ff9a045ab80d8f e30a28b3690b4d20b2c56350811c33a8 - - ce137fb0ec75421bbc675cf3716309ac ce137fb0ec75421bbc675cf3716309ac] 199.204.45.72 "GET /v2.0/networks/8dbc5ae6-0f72-4fd1-805d-5dd9d7a05285?fields=provider%3Aphysical_network&fields=provider%3Anetwork_type HTTP/1.1" status: 200 len: 277 time: 0.0578983 /var/lib/openstack/lib/python3.10/site-packages/pycadf/identifier.py:71: UserWarning: Invalid uuid: neutron. To ensure interoperability, identifiers should be a valid uuid. warnings.warn(('Invalid uuid: %s. To ensure interoperability, '
2026-05-05 18:04:50.437 9 INFO neutron.wsgi [req-53ea9e6d-4532-4328-8eb4-7297af1dfafd req-679240de-a977-466a-a4b9-bf7c0b84bd0d c4d03c1fb6974eb2acd971acd53f6c56 ac00182b2ec0486aa53d33ff56a1b1dc - - default default] 199.204.45.72 "DELETE /v2.0/ports/ba9d4721-dade-4126-b3f2-aec6ea396b10 HTTP/1.1" status: 204 len: 173 time: 0.6851628
2026-05-05 18:04:50.505 10 INFO neutron.wsgi [req-649ae28d-0e8c-4305-a2d2-899688551f8a req-dea716d6-280a-493d-9ca4-4cb1a2aa8e2e c57a0dfb1fb04642a0ff9a045ab80d8f e30a28b3690b4d20b2c56350811c33a8 - - ce137fb0ec75421bbc675cf3716309ac ce137fb0ec75421bbc675cf3716309ac] 199.204.45.72 "GET /v2.0/ports?tenant_id=9007c34d7d1345868891ad26f9be3704&device_id=0abe3248-4417-4b30-b804-b0d2e7e2e75f HTTP/1.1" status: 200 len: 1409 time: 0.0648901
2026-05-05 18:04:50.552 9 INFO neutron.wsgi [req-fb6ad421-6f59-4f9a-865e-bcc9aaadd1c9 req-e8c6b19d-210a-40f6-a0e6-c36e6811e80a c4d03c1fb6974eb2acd971acd53f6c56 ac00182b2ec0486aa53d33ff56a1b1dc - - default default] 10.0.0.112 "GET /v2.0/ports?device_id=de768829-a27f-40d3-8a26-b4def23c738b HTTP/1.1" status: 200 len: 210 time: 0.0267022
2026-05-05 18:04:50.589 10 INFO neutron.wsgi [req-649ae28d-0e8c-4305-a2d2-899688551f8a req-0bbfa849-7227-4e98-8d47-9af35bac387e c57a0dfb1fb04642a0ff9a045ab80d8f e30a28b3690b4d20b2c56350811c33a8 - - ce137fb0ec75421bbc675cf3716309ac ce137fb0ec75421bbc675cf3716309ac] 199.204.45.72 "GET /v2.0/networks?id=8dbc5ae6-0f72-4fd1-805d-5dd9d7a05285 HTTP/1.1" status: 200 len: 982 time: 0.0738394
2026-05-05 18:04:50.605 9 INFO neutron.db.ovn_revision_numbers_db [None req-b9f470b9-0980-4f43-b71f-604dedec9432 5931d99a7c454f73965f79fd80545a26 d0833e4929084ff9a8a3b6f55e33a894 - - default default] Successfully bumped revision number for resource bb3325e5-01bd-4334-a5e5-81158427f042 (type: security_groups) to 1
2026-05-05 18:04:50.628 9 INFO neutron.db.ovn_revision_numbers_db [None req-b9f470b9-0980-4f43-b71f-604dedec9432 5931d99a7c454f73965f79fd80545a26 d0833e4929084ff9a8a3b6f55e33a894 - - default default] Successfully bumped revision number for resource f08ecb49-28e5-48dc-9d62-fb40245d101e (type: security_group_rules) to 0
2026-05-05 18:04:50.637 10 INFO neutron.wsgi [req-649ae28d-0e8c-4305-a2d2-899688551f8a req-50b33243-f915-4b8a-9218-b78bb92d146e c57a0dfb1fb04642a0ff9a045ab80d8f e30a28b3690b4d20b2c56350811c33a8 - - ce137fb0ec75421bbc675cf3716309ac ce137fb0ec75421bbc675cf3716309ac] 199.204.45.72 "GET /v2.0/floatingips?fixed_ip_address=10.100.0.6&port_id=963e9805-b776-4821-bba5-2d10a208cb55 HTTP/1.1" status: 200 len: 1059 time: 0.0416427
2026-05-05 18:04:50.643 9 INFO neutron.db.ovn_revision_numbers_db [None req-b9f470b9-0980-4f43-b71f-604dedec9432 5931d99a7c454f73965f79fd80545a26 d0833e4929084ff9a8a3b6f55e33a894 - - default default] Successfully bumped revision number for resource fae92a8a-a94a-461b-8007-cb789c2c1461 (type: security_group_rules) to 0
2026-05-05 18:04:50.660 9 INFO neutron.db.ovn_revision_numbers_db [None req-b9f470b9-0980-4f43-b71f-604dedec9432 5931d99a7c454f73965f79fd80545a26 d0833e4929084ff9a8a3b6f55e33a894 - - default default] Successfully bumped revision number for resource ff065897-90fb-49e2-9d60-1fa05e492674 (type: security_group_rules) to 0
2026-05-05 18:04:50.676 9 INFO neutron.db.ovn_revision_numbers_db [None req-b9f470b9-0980-4f43-b71f-604dedec9432 5931d99a7c454f73965f79fd80545a26 d0833e4929084ff9a8a3b6f55e33a894 - - default default] Successfully bumped revision number for resource ff74b89f-e1d0-4ccd-bb6a-d8343467b850 (type: security_group_rules) to 0
2026-05-05 18:04:50.683 10 INFO neutron.wsgi [req-649ae28d-0e8c-4305-a2d2-899688551f8a req-4853c0b8-21c9-400f-91f4-aef5e789857a c57a0dfb1fb04642a0ff9a045ab80d8f e30a28b3690b4d20b2c56350811c33a8 - - ce137fb0ec75421bbc675cf3716309ac ce137fb0ec75421bbc675cf3716309ac] 199.204.45.72 "GET /v2.0/subnets?id=aa5683f0-8413-4dae-895d-1e398e233326 HTTP/1.1" status: 200 len: 877 time: 0.0420082
2026-05-05 18:04:50.701 9 INFO neutron.wsgi [None req-b9f470b9-0980-4f43-b71f-604dedec9432 5931d99a7c454f73965f79fd80545a26 d0833e4929084ff9a8a3b6f55e33a894 - - default default] 10.0.0.6 "GET /v2.0/security-groups?tenant_id=045937cae5a04d539a9cd05d7c022e02&name=default HTTP/1.1" status: 200 len: 2996 time: 0.5291812
2026-05-05 18:04:50.719 10 INFO neutron.wsgi [req-649ae28d-0e8c-4305-a2d2-899688551f8a req-8ecf7144-ad45-4afa-b1d4-e238a9abdb28 c57a0dfb1fb04642a0ff9a045ab80d8f e30a28b3690b4d20b2c56350811c33a8 - - ce137fb0ec75421bbc675cf3716309ac ce137fb0ec75421bbc675cf3716309ac] 199.204.45.72 "GET /v2.0/ports?network_id=8dbc5ae6-0f72-4fd1-805d-5dd9d7a05285&device_owner=network%3Adhcp HTTP/1.1" status: 200 len: 210 time: 0.0240467
2026-05-05 18:04:50.796 10 INFO neutron.wsgi [req-649ae28d-0e8c-4305-a2d2-899688551f8a req-75f3e128-0c4b-4bff-b107-cbc87523b235 c57a0dfb1fb04642a0ff9a045ab80d8f e30a28b3690b4d20b2c56350811c33a8 - - ce137fb0ec75421bbc675cf3716309ac ce137fb0ec75421bbc675cf3716309ac] 199.204.45.72 "GET /v2.0/networks/8dbc5ae6-0f72-4fd1-805d-5dd9d7a05285?fields=segments HTTP/1.1" status: 200 len: 212 time: 0.0709655
2026-05-05 18:04:50.929 10 INFO neutron.wsgi [req-649ae28d-0e8c-4305-a2d2-899688551f8a req-1df22cdd-54f4-4713-9292-64571489324b c57a0dfb1fb04642a0ff9a045ab80d8f e30a28b3690b4d20b2c56350811c33a8 - - ce137fb0ec75421bbc675cf3716309ac ce137fb0ec75421bbc675cf3716309ac] 199.204.45.72 "GET /v2.0/networks/8dbc5ae6-0f72-4fd1-805d-5dd9d7a05285?fields=provider%3Aphysical_network&fields=provider%3Anetwork_type HTTP/1.1" status: 200 len: 277 time: 0.1148810
2026-05-05 18:04:51.121 9 INFO neutron.wsgi [req-bf97b4db-b375-4161-832b-dc4036982c2f req-efe4e90e-7eaa-4c38-9df5-8b629d496a9a 973513b4222b4a889f322bcd49604742 9007c34d7d1345868891ad26f9be3704 - - default default] 10.0.0.112 "GET /v2.0/ports?device_id=0abe3248-4417-4b30-b804-b0d2e7e2e75f HTTP/1.1" status: 200 len: 1170 time: 0.0581121
2026-05-05 18:04:51.126 10 INFO neutron.plugins.ml2.drivers.ovn.mech_driver.mech_driver [None req-899a9e77-8652-4142-b3dd-edbaf3a03c5e - - - - - -] OVN reports status down for port: 963e9805-b776-4821-bba5-2d10a208cb55
2026-05-05 18:04:51.210 9 INFO neutron.wsgi [req-bf97b4db-b375-4161-832b-dc4036982c2f req-7dba2d6c-342b-4135-afee-b8b552bc9f62 973513b4222b4a889f322bcd49604742 9007c34d7d1345868891ad26f9be3704 - - default default] 10.0.0.112 "GET /v2.0/security-groups?id=813bd02f-acef-4e5e-8fc4-ea80a61d3be5&fields=id&fields=name HTTP/1.1" status: 200 len: 312 time: 0.0763154
2026-05-05 18:04:51.220 9 INFO neutron.wsgi [None req-b461a3d8-27e2-427f-9e0b-e4187f76d8c1 5931d99a7c454f73965f79fd80545a26 d0833e4929084ff9a8a3b6f55e33a894 - - default default] 10.0.0.6 "DELETE /v2.0/security-groups/bb3325e5-01bd-4334-a5e5-81158427f042 HTTP/1.1" status: 204 len: 168 time: 0.5136328
2026-05-05 18:04:51.285 9 INFO neutron.notifiers.nova [-] Nova event matching ['req-8ddb5968-7748-40d3-9171-df508a1c5572'] response: {'server_uuid': 'de768829-a27f-40d3-8a26-b4def23c738b', 'name': 'network-vif-unplugged', 'status': 'completed', 'tag': 'ba9d4721-dade-4126-b3f2-aec6ea396b10', 'code': 200}
2026-05-05 18:04:51.286 9 INFO neutron.notifiers.nova [-] Nova event matching ['req-8ddb5968-7748-40d3-9171-df508a1c5572'] response: {'server_uuid': 'de768829-a27f-40d3-8a26-b4def23c738b', 'name': 'network-vif-plugged', 'status': 'completed', 'tag': 'ba9d4721-dade-4126-b3f2-aec6ea396b10', 'code': 200}
2026-05-05 18:04:51.286 9 INFO neutron.notifiers.nova [-] Nova event matching ['req-8ddb5968-7748-40d3-9171-df508a1c5572'] response: {'server_uuid': 'de768829-a27f-40d3-8a26-b4def23c738b', 'name': 'network-vif-deleted', 'tag': 'ba9d4721-dade-4126-b3f2-aec6ea396b10', 'status': 'completed', 'code': 200}
2026-05-05 18:04:51.451 10 INFO neutron.wsgi [req-668d01d6-5952-4c7e-930f-e4276d4e51aa req-a6b62a00-82bb-49b8-b561-653003b93e11 973513b4222b4a889f322bcd49604742 9007c34d7d1345868891ad26f9be3704 - - default default] 199.204.45.72 "GET /v2.0/ports?device_id=0abe3248-4417-4b30-b804-b0d2e7e2e75f HTTP/1.1" status: 200 len: 1168 time: 0.0517418
2026-05-05 18:04:51.554 10 INFO neutron.db.ovn_revision_numbers_db [None req-899a9e77-8652-4142-b3dd-edbaf3a03c5e - - - - - -] Successfully bumped revision number for resource 963e9805-b776-4821-bba5-2d10a208cb55 (type: ports) to 7
2026-05-05 18:04:51.666 9 INFO neutron.db.ovn_revision_numbers_db [None req-f8b5e3c6-6da1-49a8-888f-16c820d120e2 5931d99a7c454f73965f79fd80545a26 d0833e4929084ff9a8a3b6f55e33a894 - - default default] Successfully bumped revision number for resource 7b8f60e5-33bd-4f41-aa78-82742c0abae0 (type: security_groups) to 1
2026-05-05 18:04:51.688 9 INFO neutron.db.ovn_revision_numbers_db [None req-f8b5e3c6-6da1-49a8-888f-16c820d120e2 5931d99a7c454f73965f79fd80545a26 d0833e4929084ff9a8a3b6f55e33a894 - - default default] Successfully bumped revision number for resource 2e7bbe3e-6807-4acc-a716-a83b7b9add79 (type: security_group_rules) to 0
2026-05-05 18:04:51.706 9 INFO neutron.db.ovn_revision_numbers_db [None req-f8b5e3c6-6da1-49a8-888f-16c820d120e2 5931d99a7c454f73965f79fd80545a26 d0833e4929084ff9a8a3b6f55e33a894 - - default default] Successfully bumped revision number for resource 6feb2192-2bda-46c0-848d-3614d428689e (type: security_group_rules) to 0
2026-05-05 18:04:51.732 9 INFO neutron.db.ovn_revision_numbers_db [None req-f8b5e3c6-6da1-49a8-888f-16c820d120e2 5931d99a7c454f73965f79fd80545a26 d0833e4929084ff9a8a3b6f55e33a894 - - default default] Successfully bumped revision number for resource 841db54f-1074-4c0f-a31b-af03cad9923e (type: security_group_rules) to 0
2026-05-05 18:04:51.750 9 INFO neutron.db.ovn_revision_numbers_db [None req-f8b5e3c6-6da1-49a8-888f-16c820d120e2 5931d99a7c454f73965f79fd80545a26 d0833e4929084ff9a8a3b6f55e33a894 - - default default] Successfully bumped revision number for resource 866a798c-0e41-4ee0-9b49-11c9b236db8e (type: security_group_rules) to 0
2026-05-05 18:04:51.778 9 INFO neutron.wsgi [None req-f8b5e3c6-6da1-49a8-888f-16c820d120e2 5931d99a7c454f73965f79fd80545a26 d0833e4929084ff9a8a3b6f55e33a894 - - default default] 10.0.0.6 "GET /v2.0/security-groups?tenant_id=9f2d4f4bcf764edfb3cbf42f7df2130e&name=default HTTP/1.1" status: 200 len: 2996 time: 0.2763071
2026-05-05 18:04:51.809 9 INFO neutron.wsgi [None req-10e4aabc-ae4e-4aaa-bf9f-edcbdbb83120 c4d03c1fb6974eb2acd971acd53f6c56 ac00182b2ec0486aa53d33ff56a1b1dc - - default default] 10.0.0.6 "DELETE /v2.0/security-groups/4840157f-3ef7-4446-a5f3-4eefc224ac4b HTTP/1.1" status: 204 len: 168 time: 0.1557791 /var/lib/openstack/lib/python3.10/site-packages/pycadf/identifier.py:71: UserWarning: Invalid uuid: neutron. To ensure interoperability, identifiers should be a valid uuid. warnings.warn(('Invalid uuid: %s. To ensure interoperability, '
2026-05-05 18:04:51.830 10 INFO neutron.api.v2.resource [None req-75cc5454-5b11-475f-aef1-bd1135d12a08 c4d03c1fb6974eb2acd971acd53f6c56 ac00182b2ec0486aa53d33ff56a1b1dc - - default default] show failed (client error): The resource could not be found.
2026-05-05 18:04:51.832 10 INFO neutron.wsgi [None req-75cc5454-5b11-475f-aef1-bd1135d12a08 c4d03c1fb6974eb2acd971acd53f6c56 ac00182b2ec0486aa53d33ff56a1b1dc - - default default] 10.0.0.6 "GET /v2.0/security-groups/4840157f-3ef7-4446-a5f3-4eefc224ac4b HTTP/1.1" status: 404 len: 347 time: 0.0170157
2026-05-05 18:04:51.839 10 INFO neutron.db.l3_db [req-668d01d6-5952-4c7e-930f-e4276d4e51aa req-48ba3306-c76e-4340-beb0-0b608945f2d4 973513b4222b4a889f322bcd49604742 9007c34d7d1345868891ad26f9be3704 - - default default] Floating IP 0130248d-e2b9-4bc0-b8f3-6c3fdcfe1d21 disassociated. External IP: 10.96.250.219, port: 963e9805-b776-4821-bba5-2d10a208cb55.
2026-05-05 18:04:52.001 10 INFO neutron.notifiers.nova [-] Nova event matching ['req-49478f58-062b-4d53-a8fc-9228370d07eb'] response: {'server_uuid': '0abe3248-4417-4b30-b804-b0d2e7e2e75f', 'name': 'network-vif-unplugged', 'status': 'completed', 'tag': '963e9805-b776-4821-bba5-2d10a208cb55', 'code': 200}
2026-05-05 18:04:52.002 10 INFO neutron.notifiers.nova [-] Nova event matching ['req-49478f58-062b-4d53-a8fc-9228370d07eb'] response: {'server_uuid': '0abe3248-4417-4b30-b804-b0d2e7e2e75f', 'name': 'network-vif-plugged', 'status': 'completed', 'tag': '963e9805-b776-4821-bba5-2d10a208cb55', 'code': 200}
2026-05-05 18:04:52.027 10 INFO neutron.wsgi [req-668d01d6-5952-4c7e-930f-e4276d4e51aa req-48ba3306-c76e-4340-beb0-0b608945f2d4 973513b4222b4a889f322bcd49604742 9007c34d7d1345868891ad26f9be3704 - - default default] 199.204.45.72 "DELETE /v2.0/ports/963e9805-b776-4821-bba5-2d10a208cb55 HTTP/1.1" status: 204 len: 173 time: 0.5621190
2026-05-05 18:04:52.131 9 INFO neutron.wsgi [None req-a1930a99-d06e-4265-a9e0-0d1a90191302 5931d99a7c454f73965f79fd80545a26 d0833e4929084ff9a8a3b6f55e33a894 - - default default] 10.0.0.6 "DELETE /v2.0/security-groups/7b8f60e5-33bd-4f41-aa78-82742c0abae0 HTTP/1.1" status: 204 len: 168 time: 0.3472102
2026-05-05 18:04:52.284 9 INFO neutron.wsgi [None req-a62f0036-b163-4243-b72c-66aff02c4897 c4d03c1fb6974eb2acd971acd53f6c56 ac00182b2ec0486aa53d33ff56a1b1dc - - default default] 10.0.0.6 "DELETE /v2.0/floatingips/3100f2b3-a078-448f-8974-b3ee082cfc59 HTTP/1.1" status: 204 len: 168 time: 0.4478753 /var/lib/openstack/lib/python3.10/site-packages/pycadf/identifier.py:71: UserWarning: Invalid uuid: neutron. To ensure interoperability, identifiers should be a valid uuid. warnings.warn(('Invalid uuid: %s. To ensure interoperability, '
2026-05-05 18:04:52.335 9 INFO neutron.wsgi [req-16cc4c08-de09-4871-a1b2-25897deb006f req-e43f4e99-024a-4955-8798-394d2b08f1ef 973513b4222b4a889f322bcd49604742 9007c34d7d1345868891ad26f9be3704 - - default default] 10.0.0.112 "GET /v2.0/ports?device_id=0abe3248-4417-4b30-b804-b0d2e7e2e75f HTTP/1.1" status: 200 len: 210 time: 0.0390270
2026-05-05 18:04:53.434 9 INFO neutron.wsgi [None req-1d79f3ab-9334-407e-a387-fac85d8e7b4a 5931d99a7c454f73965f79fd80545a26 d0833e4929084ff9a8a3b6f55e33a894 - - default default] 10.0.0.6 "PUT /v2.0/routers/59a9201e-de19-4f50-9d47-b6d9dca7648f/remove_router_interface HTTP/1.1" status: 200 len: 503 time: 1.1443446 /var/lib/openstack/lib/python3.10/site-packages/pycadf/identifier.py:71: UserWarning: Invalid uuid: neutron. To ensure interoperability, identifiers should be a valid uuid. warnings.warn(('Invalid uuid: %s. To ensure interoperability, '
2026-05-05 18:04:53.568 9 INFO neutron.wsgi [None req-c90b6a09-f69c-4c63-8ae5-9d945eaf4fae 973513b4222b4a889f322bcd49604742 9007c34d7d1345868891ad26f9be3704 - - default default] 10.0.0.6 "DELETE /v2.0/security-groups/813bd02f-acef-4e5e-8fc4-ea80a61d3be5 HTTP/1.1" status: 204 len: 168 time: 0.1321027
2026-05-05 18:04:53.585 9 INFO neutron.api.v2.resource [None req-b3a94ddb-e6dc-4808-9d68-8a9b51ac9886 973513b4222b4a889f322bcd49604742 9007c34d7d1345868891ad26f9be3704 - - default default] show failed (client error): The resource could not be found.
2026-05-05 18:04:53.586 9 INFO neutron.wsgi [None req-b3a94ddb-e6dc-4808-9d68-8a9b51ac9886 973513b4222b4a889f322bcd49604742 9007c34d7d1345868891ad26f9be3704 - - default default] 10.0.0.6 "GET /v2.0/security-groups/813bd02f-acef-4e5e-8fc4-ea80a61d3be5 HTTP/1.1" status: 404 len: 347 time: 0.0114815
2026-05-05 18:04:53.659 9 INFO neutron.db.ovn_revision_numbers_db [None req-af5944e2-8cf1-4f9a-b3a0-ab1a136e83df 5931d99a7c454f73965f79fd80545a26 d0833e4929084ff9a8a3b6f55e33a894 - - default default] Successfully bumped revision number for resource f187b44a-35e1-4a14-87ab-b7f9dfe7791b (type: security_groups) to 1
2026-05-05 18:04:53.676 9 INFO neutron.db.ovn_revision_numbers_db [None req-af5944e2-8cf1-4f9a-b3a0-ab1a136e83df 5931d99a7c454f73965f79fd80545a26 d0833e4929084ff9a8a3b6f55e33a894 - - default default] Successfully bumped revision number for resource 01596f18-2e33-4608-80c0-9898ee9d56d6 (type: security_group_rules) to 0
2026-05-05 18:04:53.688 9 INFO neutron.db.ovn_revision_numbers_db [None req-af5944e2-8cf1-4f9a-b3a0-ab1a136e83df 5931d99a7c454f73965f79fd80545a26 d0833e4929084ff9a8a3b6f55e33a894 - - default default] Successfully bumped revision number for resource 60203733-6d24-4e5f-bb7d-badc05d744ad (type: security_group_rules) to 0
2026-05-05 18:04:53.705 9 INFO neutron.db.ovn_revision_numbers_db [None req-af5944e2-8cf1-4f9a-b3a0-ab1a136e83df 5931d99a7c454f73965f79fd80545a26 d0833e4929084ff9a8a3b6f55e33a894 - - default default] Successfully bumped revision number for resource 7e55cb28-b994-4abc-903f-5e4b3613bddc (type: security_group_rules) to 0
2026-05-05 18:04:53.726 9 INFO neutron.db.ovn_revision_numbers_db [None req-af5944e2-8cf1-4f9a-b3a0-ab1a136e83df 5931d99a7c454f73965f79fd80545a26 d0833e4929084ff9a8a3b6f55e33a894 - - default default] Successfully bumped revision number for resource afc8942b-c478-4b6a-8564-f454794f001c (type: security_group_rules) to 0
2026-05-05 18:04:53.752 9 INFO neutron.wsgi [None req-af5944e2-8cf1-4f9a-b3a0-ab1a136e83df 5931d99a7c454f73965f79fd80545a26 d0833e4929084ff9a8a3b6f55e33a894 - - default default] 10.0.0.6 "GET /v2.0/security-groups?tenant_id=74f37f316697492b86e04abe35a9c03e&name=default HTTP/1.1" status: 200 len: 2996 time: 0.4226391
2026-05-05 18:04:53.979 9 INFO neutron.wsgi [None req-24dedb77-dc1b-449c-ba61-ad829b58f35d 5931d99a7c454f73965f79fd80545a26 d0833e4929084ff9a8a3b6f55e33a894 - - default default] 10.0.0.6 "DELETE /v2.0/security-groups/f187b44a-35e1-4a14-87ab-b7f9dfe7791b HTTP/1.1" status: 204 len: 168 time: 0.2144167
2026-05-05 18:04:54.137 10 INFO neutron.notifiers.nova [-] Nova event matching ['req-0ebea0cf-a203-46ae-a3c0-8926e21ff8d1'] response: {'server_uuid': '0abe3248-4417-4b30-b804-b0d2e7e2e75f', 'name': 'network-vif-deleted', 'tag': '963e9805-b776-4821-bba5-2d10a208cb55', 'status': 'completed', 'code': 200}
2026-05-05 18:04:54.274 9 WARNING neutron_lib.context [None req-08a0c6f4-880c-4430-b5ac-68423bb689b8 d698bec00fc3413c9ee9b7e7f051641f 9fc419c310e043e98ec4c77c786796ee - - default default] Method 'is_advsvc' is deprecated since 2023.2 release (neutron-lib 3.8.0) and will be removed once support for the old RBAC API policies will be removed from Neutron. Please use method 'is_service_role' instead.
2026-05-05 18:04:54.281 9 INFO neutron.db.ovn_revision_numbers_db [None req-6ce36c77-1841-4c71-8d21-cc20eda48e8f 5931d99a7c454f73965f79fd80545a26 d0833e4929084ff9a8a3b6f55e33a894 - - default default] Successfully bumped revision number for resource d8b46f00-9871-467e-a2d3-ef7b53386783 (type: security_groups) to 1
2026-05-05 18:04:54.300 9 INFO neutron.db.ovn_revision_numbers_db [None req-6ce36c77-1841-4c71-8d21-cc20eda48e8f 5931d99a7c454f73965f79fd80545a26 d0833e4929084ff9a8a3b6f55e33a894 - - default default] Successfully bumped revision number for resource 1c2a7d50-bfdd-4708-b29d-79602777baf7 (type: security_group_rules) to 0
2026-05-05 18:04:54.316 9 INFO neutron.db.ovn_revision_numbers_db [None req-6ce36c77-1841-4c71-8d21-cc20eda48e8f 5931d99a7c454f73965f79fd80545a26 d0833e4929084ff9a8a3b6f55e33a894 - - default default] Successfully bumped revision number for resource 35056870-d5c0-4f9f-b032-51d5812fe94a (type: security_group_rules) to 0
2026-05-05 18:04:54.331 9 INFO neutron.db.ovn_revision_numbers_db [None req-6ce36c77-1841-4c71-8d21-cc20eda48e8f 5931d99a7c454f73965f79fd80545a26 d0833e4929084ff9a8a3b6f55e33a894 - - default default] Successfully bumped revision number for resource 6b27300a-98a6-4c1b-9bc7-7b527877c052 (type: security_group_rules) to 0
2026-05-05 18:04:54.349 9 INFO neutron.db.ovn_revision_numbers_db [None req-6ce36c77-1841-4c71-8d21-cc20eda48e8f 5931d99a7c454f73965f79fd80545a26 d0833e4929084ff9a8a3b6f55e33a894 - - default default] Successfully bumped revision number for resource ec9e5e60-8180-4c47-9858-06f17f44ee36 (type: security_group_rules) to 0
2026-05-05 18:04:54.377 9 INFO neutron.wsgi [None req-6ce36c77-1841-4c71-8d21-cc20eda48e8f 5931d99a7c454f73965f79fd80545a26 d0833e4929084ff9a8a3b6f55e33a894 - - default default] 10.0.0.6 "GET /v2.0/security-groups?tenant_id=a40a0ad27ed342f499e12aea9c852786&name=default HTTP/1.1" status: 200 len: 2996 time: 0.2280402
2026-05-05 18:04:54.418 9 INFO neutron.db.ovn_revision_numbers_db [None req-08a0c6f4-880c-4430-b5ac-68423bb689b8 d698bec00fc3413c9ee9b7e7f051641f 9fc419c310e043e98ec4c77c786796ee - - default default] Successfully bumped revision number for resource 698d8f05-b071-4193-a959-cbbaf02966dd (type: security_groups) to 1
2026-05-05 18:04:54.428 10 INFO neutron.wsgi [None req-1b0338ba-b6aa-409e-975c-e608f31a7a6a 973513b4222b4a889f322bcd49604742 9007c34d7d1345868891ad26f9be3704 - - default default] 10.0.0.6 "DELETE /v2.0/floatingips/0130248d-e2b9-4bc0-b8f3-6c3fdcfe1d21 HTTP/1.1" status: 204 len: 168 time: 0.8352585
2026-05-05 18:04:54.436 9 INFO neutron.db.ovn_revision_numbers_db [None req-08a0c6f4-880c-4430-b5ac-68423bb689b8 d698bec00fc3413c9ee9b7e7f051641f 9fc419c310e043e98ec4c77c786796ee - - default default] Successfully bumped revision number for resource 09571e69-46fe-42ee-bd18-772e5a604599 (type: security_group_rules) to 0
2026-05-05 18:04:54.452 9 INFO neutron.db.ovn_revision_numbers_db [None req-08a0c6f4-880c-4430-b5ac-68423bb689b8 d698bec00fc3413c9ee9b7e7f051641f 9fc419c310e043e98ec4c77c786796ee - - default default] Successfully bumped revision number for resource 81222605-ccf3-40d4-b3f0-c0d4b7cbafd0 (type: security_group_rules) to 0
2026-05-05 18:04:54.467 9 INFO neutron.db.ovn_revision_numbers_db [None req-08a0c6f4-880c-4430-b5ac-68423bb689b8 d698bec00fc3413c9ee9b7e7f051641f 9fc419c310e043e98ec4c77c786796ee - - default default] Successfully bumped revision number for resource e3126f30-0fec-429a-8e8e-58e6b4bc12ec (type: security_group_rules) to 0
2026-05-05 18:04:54.486 9 INFO neutron.db.ovn_revision_numbers_db [None req-08a0c6f4-880c-4430-b5ac-68423bb689b8 d698bec00fc3413c9ee9b7e7f051641f 9fc419c310e043e98ec4c77c786796ee - - default default] Successfully bumped revision number for resource fc962ae4-056a-4fe7-8548-6cb3cf60e98b (type: security_group_rules) to 0
2026-05-05 18:04:54.562 9 INFO neutron.db.segments_db [None req-08a0c6f4-880c-4430-b5ac-68423bb689b8 d698bec00fc3413c9ee9b7e7f051641f 9fc419c310e043e98ec4c77c786796ee - - default default] Added segment e365aea4-4687-4e9d-8566-facf18bd5455 of type geneve for network 7b1b9581-55bf-431f-9481-59c86d4ff246
2026-05-05 18:04:54.741 9 INFO neutron.wsgi [None req-d089296b-6257-4cca-9d88-b062c5c929ee 5931d99a7c454f73965f79fd80545a26 d0833e4929084ff9a8a3b6f55e33a894 - - default default] 10.0.0.6 "DELETE /v2.0/security-groups/d8b46f00-9871-467e-a2d3-ef7b53386783 HTTP/1.1" status: 204 len: 168 time: 0.3498275
2026-05-05 18:04:54.761 9 INFO neutron.db.ovn_revision_numbers_db [None req-08a0c6f4-880c-4430-b5ac-68423bb689b8 d698bec00fc3413c9ee9b7e7f051641f 9fc419c310e043e98ec4c77c786796ee - - default default] Successfully bumped revision number for resource 7b1b9581-55bf-431f-9481-59c86d4ff246 (type: networks) to 1
2026-05-05 18:04:54.811 10 INFO neutron.wsgi [None req-8669ed96-c124-433d-a5a9-ce058fdd7516 5931d99a7c454f73965f79fd80545a26 d0833e4929084ff9a8a3b6f55e33a894 - - default default] 10.0.0.6 "DELETE /v2.0/routers/59a9201e-de19-4f50-9d47-b6d9dca7648f HTTP/1.1" status: 204 len: 168 time: 1.3712089
2026-05-05 18:04:55.057 10 INFO neutron.wsgi [None req-3815805a-4c1f-47c3-94a1-eae559335ab9 5931d99a7c454f73965f79fd80545a26 d0833e4929084ff9a8a3b6f55e33a894 - - default default] 10.0.0.6 "DELETE /v2.0/subnets/d5723d02-578e-4dfd-9ab0-87504758fa80 HTTP/1.1" status: 204 len: 168 time: 0.2399659
2026-05-05 18:04:55.057 9 WARNING neutron.scheduler.dhcp_agent_scheduler [None req-08a0c6f4-880c-4430-b5ac-68423bb689b8 d698bec00fc3413c9ee9b7e7f051641f 9fc419c310e043e98ec4c77c786796ee - - default default] No more DHCP agents
2026-05-05 18:04:55.080 9 WARNING neutron.api.rpc.agentnotifiers.dhcp_rpc_agent_api [None req-08a0c6f4-880c-4430-b5ac-68423bb689b8 d698bec00fc3413c9ee9b7e7f051641f 9fc419c310e043e98ec4c77c786796ee - - default default] Unable to schedule network 7b1b9581-55bf-431f-9481-59c86d4ff246: no agents available; will retry on subsequent port and subnet creation events.
2026-05-05 18:04:55.208 9 INFO neutron.db.ovn_revision_numbers_db [None req-08a0c6f4-880c-4430-b5ac-68423bb689b8 d698bec00fc3413c9ee9b7e7f051641f 9fc419c310e043e98ec4c77c786796ee - - default default] Successfully bumped revision number for resource 613dfc1e-6b0c-4da8-967c-ded2a852e745 (type: ports) to 1
2026-05-05 18:04:55.243 9 INFO neutron.wsgi [None req-08a0c6f4-880c-4430-b5ac-68423bb689b8 d698bec00fc3413c9ee9b7e7f051641f 9fc419c310e043e98ec4c77c786796ee - - default default] 10.0.0.6 "POST /v2.0/networks HTTP/1.1" status: 201 len: 833 time: 1.1409266
2026-05-05 18:04:55.256 9 WARNING neutron_lib.context [None req-6a072471-379e-4152-966d-b95823514a4f d698bec00fc3413c9ee9b7e7f051641f 9fc419c310e043e98ec4c77c786796ee - - default default] Method 'is_advsvc' is deprecated since 2023.2 release (neutron-lib 3.8.0) and will be removed once support for the old RBAC API policies will be removed from Neutron. Please use method 'is_service_role' instead.
2026-05-05 18:04:55.429 10 INFO neutron.services.segments.plugin [-] Segment 69458d0e-f3b1-4a66-a46d-ac72153d050b resource provider aggregate not found
2026-05-05 18:04:55.436 10 INFO neutron.services.segments.plugin [-] Segment 69458d0e-f3b1-4a66-a46d-ac72153d050b resource provider aggregate not found
2026-05-05 18:04:55.460 10 INFO neutron.services.segments.plugin [-] Segment 69458d0e-f3b1-4a66-a46d-ac72153d050b resource provider not found; error: Placement Client Error (4xx): {"errors": [{"status": 404, "title": "Not Found", "detail": "The resource could not be found.\n\n No resource provider with uuid 69458d0e-f3b1-4a66-a46d-ac72153d050b found for delete ", "request_id": "req-a3678693-c74f-490f-a5ea-4f2f71813711"}]}
2026-05-05 18:04:55.462 10 INFO neutron.services.segments.plugin [-] Segment 69458d0e-f3b1-4a66-a46d-ac72153d050b resource provider not found; error: Placement Client Error (4xx): {"errors": [{"status": 404, "title": "Not Found", "detail": "The resource could not be found.\n\n No resource provider with uuid 69458d0e-f3b1-4a66-a46d-ac72153d050b found for delete ", "request_id": "req-4267a96e-d02f-4347-9c6b-6b286d561893"}]}
2026-05-05 18:04:55.476 10 INFO neutron.wsgi [None req-011cb652-4d71-497f-b190-61059f81ef8b 5931d99a7c454f73965f79fd80545a26 d0833e4929084ff9a8a3b6f55e33a894 - - default default] 10.0.0.6 "DELETE /v2.0/networks/de334adf-fac6-4c1e-8941-3b93256151c5 HTTP/1.1" status: 204 len: 168 time: 0.4117591
2026-05-05 18:04:55.624 9 INFO neutron.db.segments_db [None req-6a072471-379e-4152-966d-b95823514a4f d698bec00fc3413c9ee9b7e7f051641f 9fc419c310e043e98ec4c77c786796ee - - default default] Added segment b4502c16-c5c6-4e0b-b4e4-cc69b24f6ff9 of type geneve for network d3957f81-8d8d-4e0d-b964-870a803437c8
2026-05-05 18:04:55.624 10 INFO neutron.wsgi [None req-f75abda8-a41d-4496-9336-ad1db88119a4 5931d99a7c454f73965f79fd80545a26 d0833e4929084ff9a8a3b6f55e33a894 - - default default] 10.0.0.6 "GET /v2.0/security-groups?tenant_id=ac00182b2ec0486aa53d33ff56a1b1dc&name=default HTTP/1.1" status: 200 len: 2996 time: 0.0396085
2026-05-05 18:04:55.800 9 INFO neutron.db.ovn_revision_numbers_db [None req-6a072471-379e-4152-966d-b95823514a4f d698bec00fc3413c9ee9b7e7f051641f 9fc419c310e043e98ec4c77c786796ee - - default default] Successfully bumped revision number for resource d3957f81-8d8d-4e0d-b964-870a803437c8 (type: networks) to 1
2026-05-05 18:04:55.874 10 INFO neutron.wsgi [None req-a9d80233-983e-4a36-8d4d-abe9877adb85 5931d99a7c454f73965f79fd80545a26 d0833e4929084ff9a8a3b6f55e33a894 - - default default] 10.0.0.6 "DELETE /v2.0/security-groups/9f38b967-6f3d-447b-977b-c1c26718c77f HTTP/1.1" status: 204 len: 168 time: 0.2421227
2026-05-05 18:04:56.053 9 WARNING neutron.scheduler.dhcp_agent_scheduler [None req-6a072471-379e-4152-966d-b95823514a4f d698bec00fc3413c9ee9b7e7f051641f 9fc419c310e043e98ec4c77c786796ee - - default default] No more DHCP agents
2026-05-05 18:04:56.061 9 WARNING neutron.api.rpc.agentnotifiers.dhcp_rpc_agent_api [None req-6a072471-379e-4152-966d-b95823514a4f d698bec00fc3413c9ee9b7e7f051641f 9fc419c310e043e98ec4c77c786796ee - - default default] Unable to schedule network d3957f81-8d8d-4e0d-b964-870a803437c8: no agents available; will retry on subsequent port and subnet creation events.
2026-05-05 18:04:56.197 9 INFO neutron.wsgi [None req-2a2452ed-4b94-40b4-b2ec-21dc6770bc8c 5931d99a7c454f73965f79fd80545a26 d0833e4929084ff9a8a3b6f55e33a894 - - default default] 10.0.0.6 "PUT /v2.0/routers/28f46d74-add1-4683-b7d8-276fe0eda867/remove_router_interface HTTP/1.1" status: 200 len: 503 time: 1.6856785 /var/lib/openstack/lib/python3.10/site-packages/pycadf/identifier.py:71: UserWarning: Invalid uuid: neutron. To ensure interoperability, identifiers should be a valid uuid. warnings.warn(('Invalid uuid: %s. To ensure interoperability, '
2026-05-05 18:04:56.210 9 INFO neutron.db.ovn_revision_numbers_db [None req-6a072471-379e-4152-966d-b95823514a4f d698bec00fc3413c9ee9b7e7f051641f 9fc419c310e043e98ec4c77c786796ee - - default default] Successfully bumped revision number for resource 609c1af5-c417-46f5-b830-55c11e24fe3c (type: ports) to 1
2026-05-05 18:04:56.259 9 INFO neutron.wsgi [None req-6a072471-379e-4152-966d-b95823514a4f d698bec00fc3413c9ee9b7e7f051641f 9fc419c310e043e98ec4c77c786796ee - - default default] 10.0.0.6 "POST /v2.0/networks HTTP/1.1" status: 201 len: 832 time: 1.0097210
2026-05-05 18:04:56.275 10 WARNING neutron_lib.context [None req-42edc617-f543-4f94-8c2b-fcefbd1b3d11 d698bec00fc3413c9ee9b7e7f051641f 9fc419c310e043e98ec4c77c786796ee - - default default] Method 'is_advsvc' is deprecated since 2023.2 release (neutron-lib 3.8.0) and will be removed once support for the old RBAC API policies will be removed from Neutron. Please use method 'is_service_role' instead.
2026-05-05 18:04:56.539 10 WARNING neutron.scheduler.dhcp_agent_scheduler [None req-42edc617-f543-4f94-8c2b-fcefbd1b3d11 d698bec00fc3413c9ee9b7e7f051641f 9fc419c310e043e98ec4c77c786796ee - - default default] No more DHCP agents
2026-05-05 18:04:56.541 10 WARNING neutron.api.rpc.agentnotifiers.dhcp_rpc_agent_api [None req-42edc617-f543-4f94-8c2b-fcefbd1b3d11 d698bec00fc3413c9ee9b7e7f051641f 9fc419c310e043e98ec4c77c786796ee - - default default] Unable to schedule network 7b1b9581-55bf-431f-9481-59c86d4ff246: no agents available; will retry on subsequent port and subnet creation events.
2026-05-05 18:04:56.572 10 INFO neutron.db.ovn_revision_numbers_db [None req-42edc617-f543-4f94-8c2b-fcefbd1b3d11 d698bec00fc3413c9ee9b7e7f051641f 9fc419c310e043e98ec4c77c786796ee - - default default] Successfully bumped revision number for resource e9242783-f986-43bc-8593-1cf4bf61cb68 (type: subnets) to 0
2026-05-05 18:04:56.588 10 INFO neutron.wsgi [None req-42edc617-f543-4f94-8c2b-fcefbd1b3d11 d698bec00fc3413c9ee9b7e7f051641f 9fc419c310e043e98ec4c77c786796ee - - default default] 10.0.0.6 "POST /v2.0/subnets HTTP/1.1" status: 201 len: 821 time: 0.3217542
