2026-05-05 18:05:57.704 10 WARNING neutron.plugins.ml2.drivers.ovn.mech_driver.ovsdb.ovn_client [None req-899a9e77-8652-4142-b3dd-edbaf3a03c5e - - - - - -] No port found with ID ecbd8202-a622-4b5b-ac38-44429dfad465: RuntimeError: No port found with ID ecbd8202-a622-4b5b-ac38-44429dfad465
2026-05-05 18:05:57.704 10 INFO neutron.plugins.ml2.drivers.ovn.mech_driver.mech_driver [None req-899a9e77-8652-4142-b3dd-edbaf3a03c5e - - - - - -] OVN reports status up for port: 0adb304c-2092-42f0-b139-e12cabbccfa8
2026-05-05 18:05:57.730 10 INFO neutron.plugins.ml2.plugin [None req-899a9e77-8652-4142-b3dd-edbaf3a03c5e - - - - - -] Attempt 1 to provision port 0adb304c-2092-42f0-b139-e12cabbccfa8
2026-05-05 18:05:57.807 10 INFO neutron.db.ovn_revision_numbers_db [None req-99d69df5-8516-4d33-af37-1cec84709244 0fc1ddbbfef842cd8690e9e4647b3700 41495e3cdf38491fa7ab4473bf534ee1 - - default default] Successfully bumped revision number for resource 70b982f6-1de2-48ef-8cbd-cecef97536d1 (type: security_groups) to 1
2026-05-05 18:05:57.854 10 INFO neutron.db.ovn_revision_numbers_db [None req-99d69df5-8516-4d33-af37-1cec84709244 0fc1ddbbfef842cd8690e9e4647b3700 41495e3cdf38491fa7ab4473bf534ee1 - - default default] Successfully bumped revision number for resource 08da5f9e-730f-40a9-88e4-0179c6a4476f (type: security_group_rules) to 0
2026-05-05 18:05:57.914 9 INFO neutron.services.segments.plugin [-] Segment 49318c4a-15fd-4227-829b-809fcfa43a5a resource provider aggregate not found
2026-05-05 18:05:57.919 9 INFO neutron.services.segments.plugin [-] Segment 49318c4a-15fd-4227-829b-809fcfa43a5a resource provider aggregate not found
2026-05-05 18:05:57.927 9 INFO neutron.services.segments.plugin [-] Segment 49318c4a-15fd-4227-829b-809fcfa43a5a resource provider not found; error: Placement Client Error (4xx): {"errors": [{"status": 404, "title": "Not Found", "detail": "The resource could not be found.\n\n No resource provider with uuid 49318c4a-15fd-4227-829b-809fcfa43a5a found for delete ", "request_id": "req-c2b1ea14-249a-4276-87aa-969db82a77b3"}]}
2026-05-05 18:05:57.933 9 INFO neutron.services.segments.plugin [-] Segment 49318c4a-15fd-4227-829b-809fcfa43a5a resource provider not found; error: Placement Client Error (4xx): {"errors": [{"status": 404, "title": "Not Found", "detail": "The resource could not be found.\n\n No resource provider with uuid 49318c4a-15fd-4227-829b-809fcfa43a5a found for delete ", "request_id": "req-a5a05411-6369-46cd-81d2-ec10b4e9f73f"}]}
2026-05-05 18:05:58.198 10 INFO neutron.db.ovn_revision_numbers_db [None req-99d69df5-8516-4d33-af37-1cec84709244 0fc1ddbbfef842cd8690e9e4647b3700 41495e3cdf38491fa7ab4473bf534ee1 - - default default] Successfully bumped revision number for resource 26dbfd34-a303-4c4b-ab77-e2d942766e54 (type: security_group_rules) to 0
2026-05-05 18:05:58.235 10 INFO neutron.db.ovn_revision_numbers_db [None req-99d69df5-8516-4d33-af37-1cec84709244 0fc1ddbbfef842cd8690e9e4647b3700 41495e3cdf38491fa7ab4473bf534ee1 - - default default] Successfully bumped revision number for resource 49a9d54e-b1df-445a-96cc-f435a9a3ba6c (type: security_group_rules) to 0
2026-05-05 18:05:58.270 10 INFO neutron.db.ovn_revision_numbers_db [None req-99d69df5-8516-4d33-af37-1cec84709244 0fc1ddbbfef842cd8690e9e4647b3700 41495e3cdf38491fa7ab4473bf534ee1 - - default default] Successfully bumped revision number for resource d50ac337-cef2-42bb-abc8-d9fe7965a261 (type: security_group_rules) to 0
2026-05-05 18:05:58.335 10 INFO neutron.db.segments_db [None req-99d69df5-8516-4d33-af37-1cec84709244 0fc1ddbbfef842cd8690e9e4647b3700 41495e3cdf38491fa7ab4473bf534ee1 - - default default] Added segment d9cda3ac-5298-41c6-9d1a-50be1d83d2e9 of type geneve for network fc95c25e-09ab-4714-83b0-8b1c71c60ca9
2026-05-05 18:05:58.502 9 INFO neutron.db.ovn_revision_numbers_db [None req-0448feed-9045-4c3c-8109-1581565c1616 5931d99a7c454f73965f79fd80545a26 d0833e4929084ff9a8a3b6f55e33a894 - - default default] Successfully bumped revision number for resource 763ddf18-2e4b-4529-801e-bbe8a3122c3e (type: security_groups) to 1
2026-05-05 18:05:58.523 9 INFO neutron.db.ovn_revision_numbers_db [None req-0448feed-9045-4c3c-8109-1581565c1616 5931d99a7c454f73965f79fd80545a26 d0833e4929084ff9a8a3b6f55e33a894 - - default default] Successfully bumped revision number for resource 13bd61b5-9a2b-4552-b75b-9864b030d411 (type: security_group_rules) to 0
2026-05-05 18:05:58.539 9 INFO neutron.db.ovn_revision_numbers_db [None req-0448feed-9045-4c3c-8109-1581565c1616 5931d99a7c454f73965f79fd80545a26 d0833e4929084ff9a8a3b6f55e33a894 - - default default] Successfully bumped revision number for resource 9ded24e1-6f70-46b5-9142-cdcd6dbdec38 (type: security_group_rules) to 0
2026-05-05 18:05:58.546 10 INFO neutron.db.ovn_revision_numbers_db [None req-293d4cec-9a98-4a0f-8aea-74ae1d8623ec 5931d99a7c454f73965f79fd80545a26 d0833e4929084ff9a8a3b6f55e33a894 - - default default] Successfully bumped revision number for resource 99d556c9-3d3c-4c8c-b168-5f8e76c1da55 (type: ports) to 2
2026-05-05 18:05:58.555 9 INFO neutron.db.ovn_revision_numbers_db [None req-0448feed-9045-4c3c-8109-1581565c1616 5931d99a7c454f73965f79fd80545a26 d0833e4929084ff9a8a3b6f55e33a894 - - default default] Successfully bumped revision number for resource d0d2c7d7-1a42-4adc-9fed-ee4fff2e8926 (type: security_group_rules) to 0
2026-05-05 18:05:58.566 10 INFO neutron.db.ovn_revision_numbers_db [None req-99d69df5-8516-4d33-af37-1cec84709244 0fc1ddbbfef842cd8690e9e4647b3700 41495e3cdf38491fa7ab4473bf534ee1 - - default default] Successfully bumped revision number for resource fc95c25e-09ab-4714-83b0-8b1c71c60ca9 (type: networks) to 1
2026-05-05 18:05:58.570 9 INFO neutron.db.ovn_revision_numbers_db [None req-0448feed-9045-4c3c-8109-1581565c1616 5931d99a7c454f73965f79fd80545a26 d0833e4929084ff9a8a3b6f55e33a894 - - default default] Successfully bumped revision number for resource dcd2673d-5620-447b-a862-97f9b4ad3980 (type: security_group_rules) to 0
2026-05-05 18:05:58.636 9 INFO neutron.db.segments_db [None req-0448feed-9045-4c3c-8109-1581565c1616 5931d99a7c454f73965f79fd80545a26 d0833e4929084ff9a8a3b6f55e33a894 - - default default] Added segment 26d1921b-eccb-464e-aec7-781300ed33a2 of type geneve for network 14cf0b44-875d-4987-95fe-3454b6e5bafd
2026-05-05 18:05:58.643 10 INFO neutron.db.ovn_revision_numbers_db [None req-293d4cec-9a98-4a0f-8aea-74ae1d8623ec 5931d99a7c454f73965f79fd80545a26 d0833e4929084ff9a8a3b6f55e33a894 - - default default] Successfully bumped revision number for resource 4654c6ce-cda1-4e44-b837-d59fab05cf3f (type: subnets) to 0
2026-05-05 18:05:58.676 10 INFO neutron.wsgi [None req-293d4cec-9a98-4a0f-8aea-74ae1d8623ec 5931d99a7c454f73965f79fd80545a26 d0833e4929084ff9a8a3b6f55e33a894 - - default default] 10.0.0.6 "POST /v2.0/subnets HTTP/1.1" status: 201 len: 865 time: 1.5005841
2026-05-05 18:05:58.783 10 WARNING neutron.scheduler.dhcp_agent_scheduler [None req-99d69df5-8516-4d33-af37-1cec84709244 0fc1ddbbfef842cd8690e9e4647b3700 41495e3cdf38491fa7ab4473bf534ee1 - - default default] No more DHCP agents
2026-05-05 18:05:58.787 10 WARNING neutron.api.rpc.agentnotifiers.dhcp_rpc_agent_api [None req-99d69df5-8516-4d33-af37-1cec84709244 0fc1ddbbfef842cd8690e9e4647b3700 41495e3cdf38491fa7ab4473bf534ee1 - - default default] Unable to schedule network fc95c25e-09ab-4714-83b0-8b1c71c60ca9: no agents available; will retry on subsequent port and subnet creation events.
2026-05-05 18:05:58.807 10 INFO neutron.db.ovn_revision_numbers_db [None req-eab897a3-9cc1-4c1b-b05a-990877aec963 e939774fe9434a12a769ff42cbb7935b 9dcecb642bb441b2a497ec3f4e080394 - - default default] Successfully bumped revision number for resource 7aa21396-02a1-4161-a041-fe1042447901 (type: ports) to 2
2026-05-05 18:05:58.859 10 INFO neutron.db.ovn_revision_numbers_db [None req-eab897a3-9cc1-4c1b-b05a-990877aec963 e939774fe9434a12a769ff42cbb7935b 9dcecb642bb441b2a497ec3f4e080394 - - default default] Successfully bumped revision number for resource fa3fdcba-b38e-402d-9889-e6bb8ea20e52 (type: subnets) to 0
2026-05-05 18:05:58.879 9 INFO neutron.db.ovn_revision_numbers_db [None req-0448feed-9045-4c3c-8109-1581565c1616 5931d99a7c454f73965f79fd80545a26 d0833e4929084ff9a8a3b6f55e33a894 - - default default] Successfully bumped revision number for resource 14cf0b44-875d-4987-95fe-3454b6e5bafd (type: networks) to 1
2026-05-05 18:05:58.887 10 INFO neutron.wsgi [None req-eab897a3-9cc1-4c1b-b05a-990877aec963 e939774fe9434a12a769ff42cbb7935b 9dcecb642bb441b2a497ec3f4e080394 - - default default] 10.0.0.6 "POST /v2.0/subnets HTTP/1.1" status: 201 len: 801 time: 1.5836837
2026-05-05 18:05:58.892 10 INFO neutron.db.ovn_revision_numbers_db [None req-99d69df5-8516-4d33-af37-1cec84709244 0fc1ddbbfef842cd8690e9e4647b3700 41495e3cdf38491fa7ab4473bf534ee1 - - default default] Successfully bumped revision number for resource bbaef871-537c-4575-b478-156c8fd3f2de (type: ports) to 1
2026-05-05 18:05:58.899 10 WARNING neutron_lib.context [None req-dfdcc6e1-95c8-4f70-9b66-c4295c32fc20 e939774fe9434a12a769ff42cbb7935b 9dcecb642bb441b2a497ec3f4e080394 - - default default] Method 'is_advsvc' is deprecated since 2023.2 release (neutron-lib 3.8.0) and will be removed once support for the old RBAC API policies will be removed from Neutron. Please use method 'is_service_role' instead.
2026-05-05 18:05:58.929 10 INFO neutron.wsgi [None req-99d69df5-8516-4d33-af37-1cec84709244 0fc1ddbbfef842cd8690e9e4647b3700 41495e3cdf38491fa7ab4473bf534ee1 - - default default] 10.0.0.6 "POST /v2.0/networks HTTP/1.1" status: 201 len: 843 time: 1.5937018
2026-05-05 18:05:58.941 9 WARNING neutron_lib.context [None req-0d54574d-1e57-4b42-9455-94fb3af113e6 0fc1ddbbfef842cd8690e9e4647b3700 41495e3cdf38491fa7ab4473bf534ee1 - - default default] Method 'is_advsvc' is deprecated since 2023.2 release (neutron-lib 3.8.0) and will be removed once support for the old RBAC API policies will be removed from Neutron. Please use method 'is_service_role' instead.
2026-05-05 18:05:59.060 10 INFO neutron.db.ovn_revision_numbers_db [None req-dfdcc6e1-95c8-4f70-9b66-c4295c32fc20 e939774fe9434a12a769ff42cbb7935b 9dcecb642bb441b2a497ec3f4e080394 - - default default] Successfully bumped revision number for resource dc03f661-5774-4584-954e-c5993d602b0d (type: routers) to 1
2026-05-05 18:05:59.072 10 INFO neutron.wsgi [None req-dfdcc6e1-95c8-4f70-9b66-c4295c32fc20 e939774fe9434a12a769ff42cbb7935b 9dcecb642bb441b2a497ec3f4e080394 - - default default] 10.0.0.6 "POST /v2.0/routers HTTP/1.1" status: 201 len: 686 time: 0.1778436
2026-05-05 18:05:59.197 9 WARNING neutron.scheduler.dhcp_agent_scheduler [None req-0448feed-9045-4c3c-8109-1581565c1616 5931d99a7c454f73965f79fd80545a26 d0833e4929084ff9a8a3b6f55e33a894 - - default default] No more DHCP agents
2026-05-05 18:05:59.203 9 WARNING neutron.api.rpc.agentnotifiers.dhcp_rpc_agent_api [None req-0448feed-9045-4c3c-8109-1581565c1616 5931d99a7c454f73965f79fd80545a26 d0833e4929084ff9a8a3b6f55e33a894 - - default default] Unable to schedule network 14cf0b44-875d-4987-95fe-3454b6e5bafd: no agents available; will retry on subsequent port and subnet creation events.
2026-05-05 18:05:59.399 9 INFO neutron.db.ovn_revision_numbers_db [None req-0448feed-9045-4c3c-8109-1581565c1616 5931d99a7c454f73965f79fd80545a26 d0833e4929084ff9a8a3b6f55e33a894 - - default default] Successfully bumped revision number for resource 67c38070-9772-41c2-be50-9fe8a1d1aae5 (type: ports) to 1
2026-05-05 18:05:59.411 10 WARNING neutron.scheduler.dhcp_agent_scheduler [None req-04d68245-3e08-46bc-bfd1-6afec8fe1692 e939774fe9434a12a769ff42cbb7935b 9dcecb642bb441b2a497ec3f4e080394 - - default default] No more DHCP agents
2026-05-05 18:05:59.413 10 WARNING neutron.api.rpc.agentnotifiers.dhcp_rpc_agent_api [None req-04d68245-3e08-46bc-bfd1-6afec8fe1692 e939774fe9434a12a769ff42cbb7935b 9dcecb642bb441b2a497ec3f4e080394 - - default default] Unable to schedule network e42fc1a6-7f72-46c2-816a-4b4550560d09: no agents available; will retry on subsequent port and subnet creation events.
2026-05-05 18:05:59.437 9 INFO neutron.wsgi [None req-0448feed-9045-4c3c-8109-1581565c1616 5931d99a7c454f73965f79fd80545a26 d0833e4929084ff9a8a3b6f55e33a894 - - default default] 10.0.0.6 "POST /v2.0/networks HTTP/1.1" status: 201 len: 941 time: 1.0870218
2026-05-05 18:05:59.490 9 WARNING neutron.scheduler.dhcp_agent_scheduler [None req-0d54574d-1e57-4b42-9455-94fb3af113e6 0fc1ddbbfef842cd8690e9e4647b3700 41495e3cdf38491fa7ab4473bf534ee1 - - default default] No more DHCP agents
2026-05-05 18:05:59.493 9 WARNING neutron.api.rpc.agentnotifiers.dhcp_rpc_agent_api [None req-0d54574d-1e57-4b42-9455-94fb3af113e6 0fc1ddbbfef842cd8690e9e4647b3700 41495e3cdf38491fa7ab4473bf534ee1 - - default default] Unable to schedule network fc95c25e-09ab-4714-83b0-8b1c71c60ca9: no agents available; will retry on subsequent port and subnet creation events.
2026-05-05 18:05:59.540 9 WARNING neutron.scheduler.dhcp_agent_scheduler [None req-ecb30c36-208a-4e0f-94cd-1cd694f30c59 5931d99a7c454f73965f79fd80545a26 d0833e4929084ff9a8a3b6f55e33a894 - - default default] No more DHCP agents
2026-05-05 18:05:59.545 9 WARNING neutron.api.rpc.agentnotifiers.dhcp_rpc_agent_api [None req-ecb30c36-208a-4e0f-94cd-1cd694f30c59 5931d99a7c454f73965f79fd80545a26 d0833e4929084ff9a8a3b6f55e33a894 - - default default] Unable to schedule network 210cc3a6-6e20-45fb-bd08-810136018304: no agents available; will retry on subsequent port and subnet creation events.
2026-05-05 18:05:59.622 10 INFO neutron.db.ovn_revision_numbers_db [None req-04d68245-3e08-46bc-bfd1-6afec8fe1692 e939774fe9434a12a769ff42cbb7935b 9dcecb642bb441b2a497ec3f4e080394 - - default default] Successfully bumped revision number for resource 5f7092c8-ca43-4ddf-a55a-796ab6f69e37 (type: ports) to 1
2026-05-05 18:05:59.625 9 INFO neutron.db.ovn_revision_numbers_db [None req-0d54574d-1e57-4b42-9455-94fb3af113e6 0fc1ddbbfef842cd8690e9e4647b3700 41495e3cdf38491fa7ab4473bf534ee1 - - default default] Successfully bumped revision number for resource 87f18119-06a5-4e26-a7a0-c333750860ad (type: ports) to 1
2026-05-05 18:05:59.657 9 INFO neutron.wsgi [None req-0d54574d-1e57-4b42-9455-94fb3af113e6 0fc1ddbbfef842cd8690e9e4647b3700 41495e3cdf38491fa7ab4473bf534ee1 - - default default] 10.0.0.6 "POST /v2.0/ports HTTP/1.1" status: 201 len: 973 time: 0.7217577
2026-05-05 18:05:59.663 10 WARNING neutron.scheduler.dhcp_agent_scheduler [None req-2b916555-6684-4e02-ac17-38661b7ab8a2 5931d99a7c454f73965f79fd80545a26 d0833e4929084ff9a8a3b6f55e33a894 - - default default] No more DHCP agents
2026-05-05 18:05:59.671 10 WARNING neutron.api.rpc.agentnotifiers.dhcp_rpc_agent_api [None req-2b916555-6684-4e02-ac17-38661b7ab8a2 5931d99a7c454f73965f79fd80545a26 d0833e4929084ff9a8a3b6f55e33a894 - - default default] Unable to schedule network 14cf0b44-875d-4987-95fe-3454b6e5bafd: no agents available; will retry on subsequent port and subnet creation events.
2026-05-05 18:05:59.677 10 WARNING neutron_lib.context [None req-d7c7f903-06f2-40ce-b64f-781dfaa7e59f 0fc1ddbbfef842cd8690e9e4647b3700 41495e3cdf38491fa7ab4473bf534ee1 - - default default] Method 'is_advsvc' is deprecated since 2023.2 release (neutron-lib 3.8.0) and will be removed once support for the old RBAC API policies will be removed from Neutron. Please use method 'is_service_role' instead.
2026-05-05 18:05:59.737 9 INFO neutron.db.ovn_revision_numbers_db [None req-ecb30c36-208a-4e0f-94cd-1cd694f30c59 5931d99a7c454f73965f79fd80545a26 d0833e4929084ff9a8a3b6f55e33a894 - - default default] Successfully bumped revision number for resource 896acfb2-9a49-4047-9daa-6bb023e94ccf (type: ports) to 1
2026-05-05 18:05:59.807 10 INFO neutron.db.segments_db [None req-d7c7f903-06f2-40ce-b64f-781dfaa7e59f 0fc1ddbbfef842cd8690e9e4647b3700 41495e3cdf38491fa7ab4473bf534ee1 - - default default] Added segment 9949a226-4bdb-4671-9d7e-8f81778bdf63 of type geneve for network 3b4377bc-eb2f-4003-837a-51390e40b564
2026-05-05 18:06:00.343 10 INFO neutron.db.ovn_revision_numbers_db [None req-d7c7f903-06f2-40ce-b64f-781dfaa7e59f 0fc1ddbbfef842cd8690e9e4647b3700 41495e3cdf38491fa7ab4473bf534ee1 - - default default] Successfully bumped revision number for resource 3b4377bc-eb2f-4003-837a-51390e40b564 (type: networks) to 1
2026-05-05 18:06:00.366 10 INFO neutron.plugins.ml2.drivers.ovn.mech_driver.mech_driver [None req-899a9e77-8652-4142-b3dd-edbaf3a03c5e - - - - - -] OVN reports status up for port: 896acfb2-9a49-4047-9daa-6bb023e94ccf
2026-05-05 18:06:00.374 9 INFO neutron.plugins.ml2.drivers.ovn.mech_driver.ovsdb.ovsdb_monitor [None req-1ce209e2-d67c-43f5-8729-405f1ff15eb6 - - - - - -] Router e34f8924-f851-4d20-8aff-4d53d79a0b33 is bound to host instance
2026-05-05 18:06:00.386 10 INFO neutron.plugins.ml2.plugin [None req-899a9e77-8652-4142-b3dd-edbaf3a03c5e - - - - - -] Attempt 1 to provision port 896acfb2-9a49-4047-9daa-6bb023e94ccf
2026-05-05 18:06:00.621 10 INFO neutron.db.ovn_revision_numbers_db [None req-04d68245-3e08-46bc-bfd1-6afec8fe1692 e939774fe9434a12a769ff42cbb7935b 9dcecb642bb441b2a497ec3f4e080394 - - default default] Successfully bumped revision number for resource 5f7092c8-ca43-4ddf-a55a-796ab6f69e37 (type: router_ports) to 1
2026-05-05 18:06:00.731 10 WARNING neutron.scheduler.dhcp_agent_scheduler [None req-d7c7f903-06f2-40ce-b64f-781dfaa7e59f 0fc1ddbbfef842cd8690e9e4647b3700 41495e3cdf38491fa7ab4473bf534ee1 - - default default] No more DHCP agents
2026-05-05 18:06:00.735 9 INFO neutron.db.ovn_revision_numbers_db [None req-ecb30c36-208a-4e0f-94cd-1cd694f30c59 5931d99a7c454f73965f79fd80545a26 d0833e4929084ff9a8a3b6f55e33a894 - - default default] Successfully bumped revision number for resource 896acfb2-9a49-4047-9daa-6bb023e94ccf (type: router_ports) to 1
2026-05-05 18:06:00.741 10 WARNING neutron.api.rpc.agentnotifiers.dhcp_rpc_agent_api [None req-d7c7f903-06f2-40ce-b64f-781dfaa7e59f 0fc1ddbbfef842cd8690e9e4647b3700 41495e3cdf38491fa7ab4473bf534ee1 - - default default] Unable to schedule network 3b4377bc-eb2f-4003-837a-51390e40b564: no agents available; will retry on subsequent port and subnet creation events.
2026-05-05 18:06:00.841 9 INFO neutron.db.ovn_revision_numbers_db [None req-ecb30c36-208a-4e0f-94cd-1cd694f30c59 5931d99a7c454f73965f79fd80545a26 d0833e4929084ff9a8a3b6f55e33a894 - - default default] Successfully bumped revision number for resource e34f8924-f851-4d20-8aff-4d53d79a0b33 (type: routers) to 2
2026-05-05 18:06:00.865 9 INFO neutron.wsgi [None req-ecb30c36-208a-4e0f-94cd-1cd694f30c59 5931d99a7c454f73965f79fd80545a26 d0833e4929084ff9a8a3b6f55e33a894 - - default default] 10.0.0.6 "POST /v2.0/routers HTTP/1.1" status: 201 len: 876 time: 2.1836276
2026-05-05 18:06:00.884 10 INFO neutron.db.ovn_revision_numbers_db [None req-d7c7f903-06f2-40ce-b64f-781dfaa7e59f 0fc1ddbbfef842cd8690e9e4647b3700 41495e3cdf38491fa7ab4473bf534ee1 - - default default] Successfully bumped revision number for resource dd954f8c-d778-45ed-b0fa-94e327efa033 (type: ports) to 1
2026-05-05 18:06:00.938 10 INFO neutron.db.ovn_revision_numbers_db [None req-04d68245-3e08-46bc-bfd1-6afec8fe1692 e939774fe9434a12a769ff42cbb7935b 9dcecb642bb441b2a497ec3f4e080394 - - default default] Successfully bumped revision number for resource 5f7092c8-ca43-4ddf-a55a-796ab6f69e37 (type: ports) to 1
2026-05-05 18:06:00.950 10 INFO neutron.wsgi [None req-d7c7f903-06f2-40ce-b64f-781dfaa7e59f 0fc1ddbbfef842cd8690e9e4647b3700 41495e3cdf38491fa7ab4473bf534ee1 - - default default] 10.0.0.6 "POST /v2.0/networks HTTP/1.1" status: 201 len: 830 time: 1.2855875
2026-05-05 18:06:00.951 10 INFO neutron.db.ovn_revision_numbers_db [None req-2b916555-6684-4e02-ac17-38661b7ab8a2 5931d99a7c454f73965f79fd80545a26 d0833e4929084ff9a8a3b6f55e33a894 - - default default] Successfully bumped revision number for resource 67c38070-9772-41c2-be50-9fe8a1d1aae5 (type: ports) to 2 /var/lib/openstack/lib/python3.10/site-packages/pycadf/identifier.py:71: UserWarning: Invalid uuid: neutron. To ensure interoperability, identifiers should be a valid uuid. warnings.warn(('Invalid uuid: %s. To ensure interoperability, '
2026-05-05 18:06:00.963 9 WARNING neutron_lib.context [None req-fdfd789e-4e23-4175-b4d8-aa839a09f395 0fc1ddbbfef842cd8690e9e4647b3700 41495e3cdf38491fa7ab4473bf534ee1 - - default default] Method 'is_advsvc' is deprecated since 2023.2 release (neutron-lib 3.8.0) and will be removed once support for the old RBAC API policies will be removed from Neutron. Please use method 'is_service_role' instead.
2026-05-05 18:06:01.029 10 INFO neutron.db.ovn_revision_numbers_db [None req-2b916555-6684-4e02-ac17-38661b7ab8a2 5931d99a7c454f73965f79fd80545a26 d0833e4929084ff9a8a3b6f55e33a894 - - default default] Successfully bumped revision number for resource d7db20ec-946e-44c5-b11c-975a059290f2 (type: subnets) to 0
2026-05-05 18:06:01.050 10 INFO neutron.wsgi [None req-2b916555-6684-4e02-ac17-38661b7ab8a2 5931d99a7c454f73965f79fd80545a26 d0833e4929084ff9a8a3b6f55e33a894 - - default default] 10.0.0.6 "POST /v2.0/subnets HTTP/1.1" status: 201 len: 862 time: 1.6001196
2026-05-05 18:06:01.067 10 WARNING neutron.scheduler.dhcp_agent_scheduler [None req-04d68245-3e08-46bc-bfd1-6afec8fe1692 e939774fe9434a12a769ff42cbb7935b 9dcecb642bb441b2a497ec3f4e080394 - - default default] No more DHCP agents
2026-05-05 18:06:01.070 10 WARNING neutron.api.rpc.agentnotifiers.dhcp_rpc_agent_api [None req-04d68245-3e08-46bc-bfd1-6afec8fe1692 e939774fe9434a12a769ff42cbb7935b 9dcecb642bb441b2a497ec3f4e080394 - - default default] Unable to schedule network e42fc1a6-7f72-46c2-816a-4b4550560d09: no agents available; will retry on subsequent port and subnet creation events.
2026-05-05 18:06:01.248 10 INFO neutron.db.ovn_revision_numbers_db [None req-04d68245-3e08-46bc-bfd1-6afec8fe1692 e939774fe9434a12a769ff42cbb7935b 9dcecb642bb441b2a497ec3f4e080394 - - default default] Successfully bumped revision number for resource 5f7092c8-ca43-4ddf-a55a-796ab6f69e37 (type: router_ports) to 1
2026-05-05 18:06:01.250 10 INFO neutron.wsgi [None req-04d68245-3e08-46bc-bfd1-6afec8fe1692 e939774fe9434a12a769ff42cbb7935b 9dcecb642bb441b2a497ec3f4e080394 - - default default] 10.0.0.6 "PUT /v2.0/routers/dc03f661-5774-4584-954e-c5993d602b0d/add_router_interface HTTP/1.1" status: 200 len: 503 time: 2.1721051
2026-05-05 18:06:01.294 10 INFO neutron.wsgi [None req-b99f958b-abc7-4ef0-9b74-7cedec5cba5a e939774fe9434a12a769ff42cbb7935b 9dcecb642bb441b2a497ec3f4e080394 - - default default] 10.0.0.6 "GET /v2.0/ports/5f7092c8-ca43-4ddf-a55a-796ab6f69e37 HTTP/1.1" status: 200 len: 1135 time: 0.0373726
2026-05-05 18:06:01.341 10 INFO neutron.wsgi [None req-7e2cf2e2-6852-48ba-8780-ad562169b530 e939774fe9434a12a769ff42cbb7935b 9dcecb642bb441b2a497ec3f4e080394 - - default default] 10.0.0.6 "GET /v2.0/ports/5f7092c8-ca43-4ddf-a55a-796ab6f69e37 HTTP/1.1" status: 200 len: 1135 time: 0.0425436
2026-05-05 18:06:01.415 9 WARNING neutron.scheduler.dhcp_agent_scheduler [None req-fdfd789e-4e23-4175-b4d8-aa839a09f395 0fc1ddbbfef842cd8690e9e4647b3700 41495e3cdf38491fa7ab4473bf534ee1 - - default default] No more DHCP agents
2026-05-05 18:06:01.421 9 WARNING neutron.api.rpc.agentnotifiers.dhcp_rpc_agent_api [None req-fdfd789e-4e23-4175-b4d8-aa839a09f395 0fc1ddbbfef842cd8690e9e4647b3700 41495e3cdf38491fa7ab4473bf534ee1 - - default default] Unable to schedule network 3b4377bc-eb2f-4003-837a-51390e40b564: no agents available; will retry on subsequent port and subnet creation events.
2026-05-05 18:06:01.422 10 WARNING neutron.scheduler.dhcp_agent_scheduler [None req-6b33cd49-0b60-4e46-94eb-7f605e4a4400 5931d99a7c454f73965f79fd80545a26 d0833e4929084ff9a8a3b6f55e33a894 - - default default] No more DHCP agents
2026-05-05 18:06:01.424 10 WARNING neutron.api.rpc.agentnotifiers.dhcp_rpc_agent_api [None req-6b33cd49-0b60-4e46-94eb-7f605e4a4400 5931d99a7c454f73965f79fd80545a26 d0833e4929084ff9a8a3b6f55e33a894 - - default default] Unable to schedule network 697bb5ab-3d13-4c7b-88f8-0d2f816d1664: no agents available; will retry on subsequent port and subnet creation events.
2026-05-05 18:06:01.438 9 INFO neutron.db.ovn_revision_numbers_db [None req-1ce209e2-d67c-43f5-8729-405f1ff15eb6 - - - - - -] Successfully bumped revision number for resource 896acfb2-9a49-4047-9daa-6bb023e94ccf (type: ports) to 1
2026-05-05 18:06:01.573 10 INFO neutron.db.ovn_revision_numbers_db [None req-6b33cd49-0b60-4e46-94eb-7f605e4a4400 5931d99a7c454f73965f79fd80545a26 d0833e4929084ff9a8a3b6f55e33a894 - - default default] Successfully bumped revision number for resource fb6fbca7-f88c-49aa-8525-870c86db9d46 (type: ports) to 1
2026-05-05 18:06:01.859 9 WARNING neutron.scheduler.dhcp_agent_scheduler [None req-c3ae8251-000e-4fed-9ee3-dfb5a671f61c 5931d99a7c454f73965f79fd80545a26 d0833e4929084ff9a8a3b6f55e33a894 - - default default] No more DHCP agents
2026-05-05 18:06:01.866 9 WARNING neutron.api.rpc.agentnotifiers.dhcp_rpc_agent_api [None req-c3ae8251-000e-4fed-9ee3-dfb5a671f61c 5931d99a7c454f73965f79fd80545a26 d0833e4929084ff9a8a3b6f55e33a894 - - default default] Unable to schedule network 210cc3a6-6e20-45fb-bd08-810136018304: no agents available; will retry on subsequent port and subnet creation events.
2026-05-05 18:06:01.953 9 INFO neutron.db.ovn_revision_numbers_db [None req-1ce209e2-d67c-43f5-8729-405f1ff15eb6 - - - - - -] Successfully bumped revision number for resource 896acfb2-9a49-4047-9daa-6bb023e94ccf (type: router_ports) to 3
2026-05-05 18:06:01.964 10 INFO neutron.db.ovn_revision_numbers_db [None req-6b33cd49-0b60-4e46-94eb-7f605e4a4400 5931d99a7c454f73965f79fd80545a26 d0833e4929084ff9a8a3b6f55e33a894 - - default default] Successfully bumped revision number for resource fb6fbca7-f88c-49aa-8525-870c86db9d46 (type: router_ports) to 1
2026-05-05 18:06:02.154 10 INFO neutron.db.ovn_revision_numbers_db [None req-6b33cd49-0b60-4e46-94eb-7f605e4a4400 5931d99a7c454f73965f79fd80545a26 d0833e4929084ff9a8a3b6f55e33a894 - - default default] Successfully bumped revision number for resource fb6fbca7-f88c-49aa-8525-870c86db9d46 (type: ports) to 1
2026-05-05 18:06:02.219 10 WARNING neutron.scheduler.dhcp_agent_scheduler [None req-6b33cd49-0b60-4e46-94eb-7f605e4a4400 5931d99a7c454f73965f79fd80545a26 d0833e4929084ff9a8a3b6f55e33a894 - - default default] No more DHCP agents
2026-05-05 18:06:02.221 10 WARNING neutron.api.rpc.agentnotifiers.dhcp_rpc_agent_api [None req-6b33cd49-0b60-4e46-94eb-7f605e4a4400 5931d99a7c454f73965f79fd80545a26 d0833e4929084ff9a8a3b6f55e33a894 - - default default] Unable to schedule network 697bb5ab-3d13-4c7b-88f8-0d2f816d1664: no agents available; will retry on subsequent port and subnet creation events.
2026-05-05 18:06:02.388 10 INFO neutron.wsgi [None req-1bddd2fe-0d17-42bc-b257-c60f3cbe318e e939774fe9434a12a769ff42cbb7935b 9dcecb642bb441b2a497ec3f4e080394 - - default default] 10.0.0.6 "GET /v2.0/ports/5f7092c8-ca43-4ddf-a55a-796ab6f69e37 HTTP/1.1" status: 200 len: 1135 time: 0.0398440
2026-05-05 18:06:02.458 9 INFO neutron.wsgi [-] 10.0.0.30 "GET / HTTP/1.1" status: 200 len: 247 time: 0.0015798
2026-05-05 18:06:02.459 9 INFO neutron.wsgi [-] 10.0.0.30 "GET / HTTP/1.1" status: 200 len: 247 time: 0.0008926
2026-05-05 18:06:02.486 9 INFO neutron.db.ovn_revision_numbers_db [None req-c3ae8251-000e-4fed-9ee3-dfb5a671f61c 5931d99a7c454f73965f79fd80545a26 d0833e4929084ff9a8a3b6f55e33a894 - - default default] Successfully bumped revision number for resource 684777d1-6058-48a4-b65e-1c54d06b7dc8 (type: ports) to 1
2026-05-05 18:06:02.578 9 INFO neutron.db.ovn_revision_numbers_db [None req-1ce209e2-d67c-43f5-8729-405f1ff15eb6 - - - - - -] Successfully bumped revision number for resource 896acfb2-9a49-4047-9daa-6bb023e94ccf (type: ports) to 2
2026-05-05 18:06:02.681 9 INFO neutron.db.ovn_revision_numbers_db [None req-fdfd789e-4e23-4175-b4d8-aa839a09f395 0fc1ddbbfef842cd8690e9e4647b3700 41495e3cdf38491fa7ab4473bf534ee1 - - default default] Successfully bumped revision number for resource dd954f8c-d778-45ed-b0fa-94e327efa033 (type: ports) to 2
2026-05-05 18:06:02.759 9 INFO neutron.db.ovn_revision_numbers_db [None req-fdfd789e-4e23-4175-b4d8-aa839a09f395 0fc1ddbbfef842cd8690e9e4647b3700 41495e3cdf38491fa7ab4473bf534ee1 - - default default] Successfully bumped revision number for resource b4d21e64-20d8-4af5-8799-ffcc06217151 (type: subnets) to 0
2026-05-05 18:06:02.783 9 INFO neutron.wsgi [None req-fdfd789e-4e23-4175-b4d8-aa839a09f395 0fc1ddbbfef842cd8690e9e4647b3700 41495e3cdf38491fa7ab4473bf534ee1 - - default default] 10.0.0.6 "POST /v2.0/subnets HTTP/1.1" status: 201 len: 801 time: 1.8269081
2026-05-05 18:06:02.795 9 WARNING neutron_lib.context [None req-39a0356a-bdbd-475b-b121-5b3b47c38882 0fc1ddbbfef842cd8690e9e4647b3700 41495e3cdf38491fa7ab4473bf534ee1 - - default default] Method 'is_advsvc' is deprecated since 2023.2 release (neutron-lib 3.8.0) and will be removed once support for the old RBAC API policies will be removed from Neutron. Please use method 'is_service_role' instead.
2026-05-05 18:06:02.930 10 INFO neutron.plugins.ml2.drivers.ovn.mech_driver.mech_driver [None req-899a9e77-8652-4142-b3dd-edbaf3a03c5e - - - - - -] OVN reports status up for port: 5f7092c8-ca43-4ddf-a55a-796ab6f69e37
2026-05-05 18:06:02.949 10 INFO neutron.plugins.ml2.plugin [None req-899a9e77-8652-4142-b3dd-edbaf3a03c5e - - - - - -] Attempt 1 to provision port 5f7092c8-ca43-4ddf-a55a-796ab6f69e37
2026-05-05 18:06:03.040 9 INFO neutron.db.ovn_revision_numbers_db [None req-1ce209e2-d67c-43f5-8729-405f1ff15eb6 - - - - - -] Successfully bumped revision number for resource 896acfb2-9a49-4047-9daa-6bb023e94ccf (type: ports) to 4
2026-05-05 18:06:03.132 10 INFO neutron.db.ovn_revision_numbers_db [None req-6b33cd49-0b60-4e46-94eb-7f605e4a4400 5931d99a7c454f73965f79fd80545a26 d0833e4929084ff9a8a3b6f55e33a894 - - default default] Successfully bumped revision number for resource fb6fbca7-f88c-49aa-8525-870c86db9d46 (type: router_ports) to 1
2026-05-05 18:06:03.135 10 INFO neutron.wsgi [None req-6b33cd49-0b60-4e46-94eb-7f605e4a4400 5931d99a7c454f73965f79fd80545a26 d0833e4929084ff9a8a3b6f55e33a894 - - default default] 10.0.0.6 "PUT /v2.0/routers/e34f8924-f851-4d20-8aff-4d53d79a0b33/add_router_interface HTTP/1.1" status: 200 len: 503 time: 2.2624846
2026-05-05 18:06:03.257 10 INFO neutron.db.ovn_revision_numbers_db [None req-899a9e77-8652-4142-b3dd-edbaf3a03c5e - - - - - -] Successfully bumped revision number for resource 5f7092c8-ca43-4ddf-a55a-796ab6f69e37 (type: ports) to 2
2026-05-05 18:06:03.332 10 INFO neutron.db.ovn_revision_numbers_db [None req-899a9e77-8652-4142-b3dd-edbaf3a03c5e - - - - - -] Successfully bumped revision number for resource 5f7092c8-ca43-4ddf-a55a-796ab6f69e37 (type: router_ports) to 2
2026-05-05 18:06:03.372 9 WARNING neutron.scheduler.dhcp_agent_scheduler [None req-39a0356a-bdbd-475b-b121-5b3b47c38882 0fc1ddbbfef842cd8690e9e4647b3700 41495e3cdf38491fa7ab4473bf534ee1 - - default default] No more DHCP agents
2026-05-05 18:06:03.382 9 WARNING neutron.api.rpc.agentnotifiers.dhcp_rpc_agent_api [None req-39a0356a-bdbd-475b-b121-5b3b47c38882 0fc1ddbbfef842cd8690e9e4647b3700 41495e3cdf38491fa7ab4473bf534ee1 - - default default] Unable to schedule network 3b4377bc-eb2f-4003-837a-51390e40b564: no agents available; will retry on subsequent port and subnet creation events.
2026-05-05 18:06:03.396 9 INFO neutron.db.ovn_revision_numbers_db [None req-1ce209e2-d67c-43f5-8729-405f1ff15eb6 - - - - - -] Successfully bumped revision number for resource 896acfb2-9a49-4047-9daa-6bb023e94ccf (type: router_ports) to 4
2026-05-05 18:06:03.397 9 WARNING neutron.plugins.ml2.drivers.ovn.mech_driver.ovsdb.ovn_client [None req-c96f15d0-b626-40da-861b-b2acedf8928e - - - - - -] No hosting information found for port 48dbbdfc-9c58-40d8-8a36-e3b3f7f1d7e7: RuntimeError: No hosting information found for port 48dbbdfc-9c58-40d8-8a36-e3b3f7f1d7e7
2026-05-05 18:06:03.398 9 INFO neutron.plugins.ml2.drivers.ovn.mech_driver.mech_driver [None req-c96f15d0-b626-40da-861b-b2acedf8928e - - - - - -] OVN reports status up for port: fb6fbca7-f88c-49aa-8525-870c86db9d46
2026-05-05 18:06:03.417 9 INFO neutron.plugins.ml2.plugin [None req-c96f15d0-b626-40da-861b-b2acedf8928e - - - - - -] Attempt 1 to provision port fb6fbca7-f88c-49aa-8525-870c86db9d46
2026-05-05 18:06:03.474 10 INFO neutron.wsgi [None req-17b338ef-d92a-4547-b017-3356916126dc e939774fe9434a12a769ff42cbb7935b 9dcecb642bb441b2a497ec3f4e080394 - - default default] 10.0.0.6 "GET /v2.0/ports/5f7092c8-ca43-4ddf-a55a-796ab6f69e37 HTTP/1.1" status: 200 len: 1137 time: 0.0784485
2026-05-05 18:06:03.576 9 INFO neutron.plugins.ml2.drivers.ovn.mech_driver.ovsdb.ovsdb_monitor [None req-1ce209e2-d67c-43f5-8729-405f1ff15eb6 - - - - - -] Router 7c4d8aa1-4fd3-4e3d-bf40-06cc97f9a789 is bound to host instance
2026-05-05 18:06:03.741 10 WARNING neutron_lib.context [None req-e4709cf4-25a7-49ce-8e99-0d8428207683 39295fafe31e48d89479c14f9909abc3 e2089c7d683e496da360a84670680e6c - - default default] Method 'is_advsvc' is deprecated since 2023.2 release (neutron-lib 3.8.0) and will be removed once support for the old RBAC API policies will be removed from Neutron. Please use method 'is_service_role' instead.
2026-05-05 18:06:03.902 9 INFO neutron.db.ovn_revision_numbers_db [None req-c3ae8251-000e-4fed-9ee3-dfb5a671f61c 5931d99a7c454f73965f79fd80545a26 d0833e4929084ff9a8a3b6f55e33a894 - - default default] Successfully bumped revision number for resource 684777d1-6058-48a4-b65e-1c54d06b7dc8 (type: router_ports) to 1
2026-05-05 18:06:03.958 10 INFO neutron.db.ovn_revision_numbers_db [None req-e4709cf4-25a7-49ce-8e99-0d8428207683 39295fafe31e48d89479c14f9909abc3 e2089c7d683e496da360a84670680e6c - - default default] Successfully bumped revision number for resource e31f161b-cb9d-4858-8298-df2fad4c6160 (type: security_groups) to 1
2026-05-05 18:06:03.984 10 INFO neutron.db.ovn_revision_numbers_db [None req-e4709cf4-25a7-49ce-8e99-0d8428207683 39295fafe31e48d89479c14f9909abc3 e2089c7d683e496da360a84670680e6c - - default default] Successfully bumped revision number for resource 379fd764-0b98-4242-98d3-49bca3559f64 (type: security_group_rules) to 0
2026-05-05 18:06:04.003 10 INFO neutron.db.ovn_revision_numbers_db [None req-e4709cf4-25a7-49ce-8e99-0d8428207683 39295fafe31e48d89479c14f9909abc3 e2089c7d683e496da360a84670680e6c - - default default] Successfully bumped revision number for resource 6cb996ee-4340-4b98-b4e3-aee5b851da9e (type: security_group_rules) to 0
2026-05-05 18:06:04.027 9 INFO neutron.db.ovn_revision_numbers_db [None req-39a0356a-bdbd-475b-b121-5b3b47c38882 0fc1ddbbfef842cd8690e9e4647b3700 41495e3cdf38491fa7ab4473bf534ee1 - - default default] Successfully bumped revision number for resource 377f7fde-021a-4dae-9693-04456e3d07f6 (type: ports) to 1
2026-05-05 18:06:04.032 10 INFO neutron.wsgi [None req-e4709cf4-25a7-49ce-8e99-0d8428207683 39295fafe31e48d89479c14f9909abc3 e2089c7d683e496da360a84670680e6c - - default default] 10.0.0.6 "POST /v2.0/security-groups HTTP/1.1" status: 201 len: 1797 time: 0.3033509
2026-05-05 18:06:04.044 10 WARNING neutron_lib.context [None req-23cb445b-5136-4363-897a-a032100a5324 39295fafe31e48d89479c14f9909abc3 e2089c7d683e496da360a84670680e6c - - default default] Method 'is_advsvc' is deprecated since 2023.2 release (neutron-lib 3.8.0) and will be removed once support for the old RBAC API policies will be removed from Neutron. Please use method 'is_service_role' instead.
2026-05-05 18:06:04.084 9 INFO neutron.wsgi [None req-39a0356a-bdbd-475b-b121-5b3b47c38882 0fc1ddbbfef842cd8690e9e4647b3700 41495e3cdf38491fa7ab4473bf534ee1 - - default default] 10.0.0.6 "POST /v2.0/ports HTTP/1.1" status: 201 len: 1152 time: 1.2932017
2026-05-05 18:06:04.089 9 INFO neutron.db.ovn_revision_numbers_db [None req-c3ae8251-000e-4fed-9ee3-dfb5a671f61c 5931d99a7c454f73965f79fd80545a26 d0833e4929084ff9a8a3b6f55e33a894 - - default default] Successfully bumped revision number for resource 7c4d8aa1-4fd3-4e3d-bf40-06cc97f9a789 (type: routers) to 2 /var/lib/openstack/lib/python3.10/site-packages/pycadf/identifier.py:71: UserWarning: Invalid uuid: neutron. To ensure interoperability, identifiers should be a valid uuid. warnings.warn(('Invalid uuid: %s. To ensure interoperability, '
2026-05-05 18:06:04.138 9 INFO neutron.wsgi [None req-c3ae8251-000e-4fed-9ee3-dfb5a671f61c 5931d99a7c454f73965f79fd80545a26 d0833e4929084ff9a8a3b6f55e33a894 - - default default] 10.0.0.6 "POST /v2.0/routers HTTP/1.1" status: 201 len: 873 time: 3.0816996
2026-05-05 18:06:04.239 10 INFO neutron.wsgi [None req-6eedc854-7c12-4b69-a5d1-31f1f3efeea0 e939774fe9434a12a769ff42cbb7935b 9dcecb642bb441b2a497ec3f4e080394 - - default default] 10.0.0.6 "PUT /v2.0/routers/dc03f661-5774-4584-954e-c5993d602b0d/remove_router_interface HTTP/1.1" status: 200 len: 503 time: 0.7583218 /var/lib/openstack/lib/python3.10/site-packages/pycadf/identifier.py:71: UserWarning: Invalid uuid: neutron. To ensure interoperability, identifiers should be a valid uuid. warnings.warn(('Invalid uuid: %s. To ensure interoperability, '
2026-05-05 18:06:04.276 10 INFO neutron.wsgi [None req-c8823bef-8e71-45a2-8589-bc73e31151c8 e939774fe9434a12a769ff42cbb7935b 9dcecb642bb441b2a497ec3f4e080394 - - default default] 10.0.0.6 "GET /v2.0/ports?device_id=dc03f661-5774-4584-954e-c5993d602b0d HTTP/1.1" status: 200 len: 205 time: 0.0290234
2026-05-05 18:06:04.319 9 INFO neutron.db.ovn_revision_numbers_db [None req-c96f15d0-b626-40da-861b-b2acedf8928e - - - - - -] Successfully bumped revision number for resource fb6fbca7-f88c-49aa-8525-870c86db9d46 (type: ports) to 2
2026-05-05 18:06:04.414 10 INFO neutron.db.ovn_revision_numbers_db [None req-23cb445b-5136-4363-897a-a032100a5324 39295fafe31e48d89479c14f9909abc3 e2089c7d683e496da360a84670680e6c - - default default] Successfully bumped revision number for resource 86795bb0-07ff-4531-a041-507f7dba7cf2 (type: security_group_rules) to 0
2026-05-05 18:06:04.475 10 INFO neutron.wsgi [None req-23cb445b-5136-4363-897a-a032100a5324 39295fafe31e48d89479c14f9909abc3 e2089c7d683e496da360a84670680e6c - - default default] 10.0.0.6 "POST /v2.0/security-group-rules HTTP/1.1" status: 201 len: 764 time: 0.4354551
2026-05-05 18:06:04.493 10 WARNING neutron_lib.context [None req-639d4313-80a1-4114-be23-891c9646c15a 39295fafe31e48d89479c14f9909abc3 e2089c7d683e496da360a84670680e6c - - default default] Method 'is_advsvc' is deprecated since 2023.2 release (neutron-lib 3.8.0) and will be removed once support for the old RBAC API policies will be removed from Neutron. Please use method 'is_service_role' instead.
2026-05-05 18:06:04.509 9 INFO neutron.db.ovn_revision_numbers_db [None req-c96f15d0-b626-40da-861b-b2acedf8928e - - - - - -] Successfully bumped revision number for resource fb6fbca7-f88c-49aa-8525-870c86db9d46 (type: router_ports) to 2
2026-05-05 18:06:04.673 10 INFO neutron.wsgi [None req-cb1720c7-bc6a-4ba1-83f6-3b1a924eeeed e939774fe9434a12a769ff42cbb7935b 9dcecb642bb441b2a497ec3f4e080394 - - default default] 10.0.0.6 "DELETE /v2.0/routers/dc03f661-5774-4584-954e-c5993d602b0d HTTP/1.1" status: 204 len: 168 time: 0.3889384
2026-05-05 18:06:04.693 9 INFO neutron.wsgi [None req-83a96a0a-b2e8-4ab9-be2f-1e0709ec1602 0fc1ddbbfef842cd8690e9e4647b3700 41495e3cdf38491fa7ab4473bf534ee1 - - default default] 10.0.0.6 "DELETE /v2.0/ports/377f7fde-021a-4dae-9693-04456e3d07f6 HTTP/1.1" status: 204 len: 168 time: 0.6003692
2026-05-05 18:06:04.721 10 INFO neutron.pecan_wsgi.hooks.translation [None req-ff3e7435-f519-4c80-a4b4-80b0f8d3a178 0fc1ddbbfef842cd8690e9e4647b3700 41495e3cdf38491fa7ab4473bf534ee1 - - default default] DELETE failed (client error): The resource could not be found.
2026-05-05 18:06:04.723 10 INFO neutron.wsgi [None req-ff3e7435-f519-4c80-a4b4-80b0f8d3a178 0fc1ddbbfef842cd8690e9e4647b3700 41495e3cdf38491fa7ab4473bf534ee1 - - default default] 10.0.0.6 "DELETE /v2.0/ports/377f7fde-021a-4dae-9693-04456e3d07f6 HTTP/1.1" status: 404 len: 333 time: 0.0239229
2026-05-05 18:06:04.758 10 INFO neutron.pecan_wsgi.hooks.translation [None req-6a2d12b6-5c5f-40c6-b217-e4dc37d66dc7 0fc1ddbbfef842cd8690e9e4647b3700 41495e3cdf38491fa7ab4473bf534ee1 - - default default] GET failed (client error): The resource could not be found.
2026-05-05 18:06:04.760 10 INFO neutron.wsgi [None req-6a2d12b6-5c5f-40c6-b217-e4dc37d66dc7 0fc1ddbbfef842cd8690e9e4647b3700 41495e3cdf38491fa7ab4473bf534ee1 - - default default] 10.0.0.6 "GET /v2.0/ports/377f7fde-021a-4dae-9693-04456e3d07f6 HTTP/1.1" status: 404 len: 333 time: 0.0309880
2026-05-05 18:06:04.762 10 INFO neutron.db.ovn_revision_numbers_db [None req-639d4313-80a1-4114-be23-891c9646c15a 39295fafe31e48d89479c14f9909abc3 e2089c7d683e496da360a84670680e6c - - default default] Successfully bumped revision number for resource 1a2bd719-1f77-4a0d-bca9-175194a6217b (type: security_group_rules) to 0
2026-05-05 18:06:04.789 9 INFO neutron.db.ovn_revision_numbers_db [None req-1ce209e2-d67c-43f5-8729-405f1ff15eb6 - - - - - -] Successfully bumped revision number for resource 684777d1-6058-48a4-b65e-1c54d06b7dc8 (type: ports) to 1
2026-05-05 18:06:04.815 10 INFO neutron.wsgi [None req-639d4313-80a1-4114-be23-891c9646c15a 39295fafe31e48d89479c14f9909abc3 e2089c7d683e496da360a84670680e6c - - default default] 10.0.0.6 "POST /v2.0/security-group-rules HTTP/1.1" status: 201 len: 769 time: 0.3340123
2026-05-05 18:06:04.835 10 WARNING neutron_lib.context [None req-9acdbba8-8dff-4960-ab95-8f0aec13741b 39295fafe31e48d89479c14f9909abc3 e2089c7d683e496da360a84670680e6c - - default default] Method 'is_advsvc' is deprecated since 2023.2 release (neutron-lib 3.8.0) and will be removed once support for the old RBAC API policies will be removed from Neutron. Please use method 'is_service_role' instead.
2026-05-05 18:06:04.964 9 INFO neutron.wsgi [None req-1b9267c7-117d-4ab6-b390-66f4a6557c2b e939774fe9434a12a769ff42cbb7935b 9dcecb642bb441b2a497ec3f4e080394 - - default default] 10.0.0.6 "DELETE /v2.0/subnets/fa3fdcba-b38e-402d-9889-e6bb8ea20e52 HTTP/1.1" status: 204 len: 168 time: 0.2837296
2026-05-05 18:06:05.053 10 WARNING neutron.scheduler.dhcp_agent_scheduler [None req-8fb06365-86d4-4649-9cbc-f8573d5ce1e5 5931d99a7c454f73965f79fd80545a26 d0833e4929084ff9a8a3b6f55e33a894 - - default default] No more DHCP agents
2026-05-05 18:06:05.059 10 WARNING neutron.api.rpc.agentnotifiers.dhcp_rpc_agent_api [None req-8fb06365-86d4-4649-9cbc-f8573d5ce1e5 5931d99a7c454f73965f79fd80545a26 d0833e4929084ff9a8a3b6f55e33a894 - - default default] Unable to schedule network 14cf0b44-875d-4987-95fe-3454b6e5bafd: no agents available; will retry on subsequent port and subnet creation events.
2026-05-05 18:06:05.084 9 INFO neutron.db.ovn_revision_numbers_db [None req-1ce209e2-d67c-43f5-8729-405f1ff15eb6 - - - - - -] Successfully bumped revision number for resource 684777d1-6058-48a4-b65e-1c54d06b7dc8 (type: router_ports) to 3
2026-05-05 18:06:05.176 10 INFO neutron.wsgi [None req-694ec7f7-6d55-4ada-8549-7dc9e07815ce 0fc1ddbbfef842cd8690e9e4647b3700 41495e3cdf38491fa7ab4473bf534ee1 - - default default] 10.0.0.6 "DELETE /v2.0/subnets/b4d21e64-20d8-4af5-8799-ffcc06217151 HTTP/1.1" status: 204 len: 168 time: 0.4097898
2026-05-05 18:06:05.279 9 INFO neutron.db.ovn_revision_numbers_db [None req-1ce209e2-d67c-43f5-8729-405f1ff15eb6 - - - - - -] Successfully bumped revision number for resource 684777d1-6058-48a4-b65e-1c54d06b7dc8 (type: ports) to 2
2026-05-05 18:06:05.604 9 INFO neutron.services.segments.plugin [-] Segment 9949a226-4bdb-4671-9d7e-8f81778bdf63 resource provider aggregate not found
2026-05-05 18:06:05.611 9 INFO neutron.services.segments.plugin [-] Segment 9949a226-4bdb-4671-9d7e-8f81778bdf63 resource provider aggregate not found
2026-05-05 18:06:05.624 9 INFO neutron.services.segments.plugin [-] Segment 9949a226-4bdb-4671-9d7e-8f81778bdf63 resource provider not found; error: Placement Client Error (4xx): {"errors": [{"status": 404, "title": "Not Found", "detail": "The resource could not be found.\n\n No resource provider with uuid 9949a226-4bdb-4671-9d7e-8f81778bdf63 found for delete ", "request_id": "req-49c8d068-7506-40a6-8105-8bf85a93ae1f"}]}
2026-05-05 18:06:05.626 9 INFO neutron.db.ovn_revision_numbers_db [None req-1ce209e2-d67c-43f5-8729-405f1ff15eb6 - - - - - -] Successfully bumped revision number for resource 684777d1-6058-48a4-b65e-1c54d06b7dc8 (type: ports) to 4
2026-05-05 18:06:05.629 9 INFO neutron.services.segments.plugin [-] Segment 9949a226-4bdb-4671-9d7e-8f81778bdf63 resource provider not found; error: Placement Client Error (4xx): {"errors": [{"status": 404, "title": "Not Found", "detail": "The resource could not be found.\n\n No resource provider with uuid 9949a226-4bdb-4671-9d7e-8f81778bdf63 found for delete ", "request_id": "req-bad6f160-628f-4d5c-9faa-b9752e549bf3"}]}
2026-05-05 18:06:05.686 9 INFO neutron.wsgi [None req-5ef02bfc-cbdb-4a52-9f85-92e6d582d1c0 0fc1ddbbfef842cd8690e9e4647b3700 41495e3cdf38491fa7ab4473bf534ee1 - - default default] 10.0.0.6 "DELETE /v2.0/networks/3b4377bc-eb2f-4003-837a-51390e40b564 HTTP/1.1" status: 204 len: 168 time: 0.5017145
2026-05-05 18:06:05.703 9 WARNING neutron_lib.context [None req-3aaed41f-f876-4a3b-a60c-7072397b7118 0fc1ddbbfef842cd8690e9e4647b3700 41495e3cdf38491fa7ab4473bf534ee1 - - default default] Method 'is_advsvc' is deprecated since 2023.2 release (neutron-lib 3.8.0) and will be removed once support for the old RBAC API policies will be removed from Neutron. Please use method 'is_service_role' instead.
2026-05-05 18:06:05.744 10 WARNING neutron.scheduler.dhcp_agent_scheduler [None req-9acdbba8-8dff-4960-ab95-8f0aec13741b 39295fafe31e48d89479c14f9909abc3 e2089c7d683e496da360a84670680e6c - - default default] No more DHCP agents
2026-05-05 18:06:05.750 10 WARNING neutron.api.rpc.agentnotifiers.dhcp_rpc_agent_api [None req-9acdbba8-8dff-4960-ab95-8f0aec13741b 39295fafe31e48d89479c14f9909abc3 e2089c7d683e496da360a84670680e6c - - default default] Unable to schedule network 210cc3a6-6e20-45fb-bd08-810136018304: no agents available; will retry on subsequent port and subnet creation events.
2026-05-05 18:06:05.781 10 INFO neutron.db.ovn_revision_numbers_db [None req-8fb06365-86d4-4649-9cbc-f8573d5ce1e5 5931d99a7c454f73965f79fd80545a26 d0833e4929084ff9a8a3b6f55e33a894 - - default default] Successfully bumped revision number for resource ba7f75d4-99bc-40c0-9e4e-cff6bd35e7d2 (type: ports) to 1
2026-05-05 18:06:06.077 10 INFO neutron.services.segments.plugin [-] Segment bde6cc4d-4d6e-42dc-9601-8b5b60d7c3e2 resource provider aggregate not found
2026-05-05 18:06:06.081 10 INFO neutron.services.segments.plugin [-] Segment bde6cc4d-4d6e-42dc-9601-8b5b60d7c3e2 resource provider aggregate not found
2026-05-05 18:06:06.106 10 INFO neutron.services.segments.plugin [-] Segment bde6cc4d-4d6e-42dc-9601-8b5b60d7c3e2 resource provider not found; error: Placement Client Error (4xx): {"errors": [{"status": 404, "title": "Not Found", "detail": "The resource could not be found.\n\n No resource provider with uuid bde6cc4d-4d6e-42dc-9601-8b5b60d7c3e2 found for delete ", "request_id": "req-3905ffe0-febe-4e88-9f60-49ffdb1d4c8a"}]}
2026-05-05 18:06:06.108 10 INFO neutron.services.segments.plugin [-] Segment bde6cc4d-4d6e-42dc-9601-8b5b60d7c3e2 resource provider not found; error: Placement Client Error (4xx): {"errors": [{"status": 404, "title": "Not Found", "detail": "The resource could not be found.\n\n No resource provider with uuid bde6cc4d-4d6e-42dc-9601-8b5b60d7c3e2 found for delete ", "request_id": "req-3725e057-fd96-4645-b237-4dfe870c104a"}]}
2026-05-05 18:06:06.112 9 INFO neutron.db.ovn_revision_numbers_db [None req-1ce209e2-d67c-43f5-8729-405f1ff15eb6 - - - - - -] Successfully bumped revision number for resource 684777d1-6058-48a4-b65e-1c54d06b7dc8 (type: router_ports) to 4
2026-05-05 18:06:06.124 9 INFO neutron.db.segments_db [None req-3aaed41f-f876-4a3b-a60c-7072397b7118 0fc1ddbbfef842cd8690e9e4647b3700 41495e3cdf38491fa7ab4473bf534ee1 - - default default] Added segment 3c9224a3-05ee-4620-98e2-c053e2aa867d of type geneve for network f4c5b1db-b075-4fe8-aa40-025a826e3f1c
2026-05-05 18:06:06.170 10 INFO neutron.wsgi [None req-d3c94b21-8a92-4403-91e0-f1825733260a e939774fe9434a12a769ff42cbb7935b 9dcecb642bb441b2a497ec3f4e080394 - - default default] 10.0.0.6 "DELETE /v2.0/networks/e42fc1a6-7f72-46c2-816a-4b4550560d09 HTTP/1.1" status: 204 len: 168 time: 1.1934795
2026-05-05 18:06:06.194 10 WARNING neutron_lib.context [None req-9615b8e3-c9e7-417e-b04d-16a87155d59d e939774fe9434a12a769ff42cbb7935b 9dcecb642bb441b2a497ec3f4e080394 - - default default] Method 'is_advsvc' is deprecated since 2023.2 release (neutron-lib 3.8.0) and will be removed once support for the old RBAC API policies will be removed from Neutron. Please use method 'is_service_role' instead.
2026-05-05 18:06:06.272 9 INFO neutron.db.ovn_revision_numbers_db [None req-3aaed41f-f876-4a3b-a60c-7072397b7118 0fc1ddbbfef842cd8690e9e4647b3700 41495e3cdf38491fa7ab4473bf534ee1 - - default default] Successfully bumped revision number for resource f4c5b1db-b075-4fe8-aa40-025a826e3f1c (type: networks) to 1
2026-05-05 18:06:06.455 9 WARNING neutron.scheduler.dhcp_agent_scheduler [None req-3aaed41f-f876-4a3b-a60c-7072397b7118 0fc1ddbbfef842cd8690e9e4647b3700 41495e3cdf38491fa7ab4473bf534ee1 - - default default] No more DHCP agents
2026-05-05 18:06:06.457 10 INFO neutron.db.ovn_revision_numbers_db [None req-9acdbba8-8dff-4960-ab95-8f0aec13741b 39295fafe31e48d89479c14f9909abc3 e2089c7d683e496da360a84670680e6c - - default default] Successfully bumped revision number for resource 22605dcf-3f48-47bd-820d-ebbd21474d81 (type: floatingips) to 0
2026-05-05 18:06:06.458 9 WARNING neutron.api.rpc.agentnotifiers.dhcp_rpc_agent_api [None req-3aaed41f-f876-4a3b-a60c-7072397b7118 0fc1ddbbfef842cd8690e9e4647b3700 41495e3cdf38491fa7ab4473bf534ee1 - - default default] Unable to schedule network f4c5b1db-b075-4fe8-aa40-025a826e3f1c: no agents available; will retry on subsequent port and subnet creation events.
