2026-05-13 02:10:45.280 7 INFO placement.requestlog [None req-d5f17180-f54a-4fb0-beaf-327962795fc5 b659663df2a04d23964e67dc1739b783 c0ecf53a847f421da6691b2467ea7b41 - - 9b5da0f38d8842d2a3643e627e57f14f 9b5da0f38d8842d2a3643e627e57f14f] 10.0.0.247 "GET /resource_providers/81d03ea4-0e7f-4f47-b0b9-1ade6b20a1f4/aggregates" status: 404 len: 235 microversion: 1.1 [pid: 7|app: 0|req: 420/843] 10.0.0.247 () {32 vars in 816 bytes} [Wed May 13 02:10:45 2026] GET /resource_providers/81d03ea4-0e7f-4f47-b0b9-1ade6b20a1f4/aggregates => generated 235 bytes in 14 msecs (HTTP/1.1 404) 5 headers in 202 bytes (1 switches on core 0)
2026-05-13 02:10:45.297 8 INFO placement.requestlog [None req-b31618e7-5ca2-46ee-ac87-41ffba5c39a2 b659663df2a04d23964e67dc1739b783 c0ecf53a847f421da6691b2467ea7b41 - - 9b5da0f38d8842d2a3643e627e57f14f 9b5da0f38d8842d2a3643e627e57f14f] 10.0.0.247 "GET /resource_providers/a7fa1c85-02fa-417d-aaa6-61ed05e3ac70/aggregates" status: 404 len: 235 microversion: 1.1 [pid: 8|app: 0|req: 424/844] 10.0.0.247 () {32 vars in 816 bytes} [Wed May 13 02:10:45 2026] GET /resource_providers/a7fa1c85-02fa-417d-aaa6-61ed05e3ac70/aggregates => generated 235 bytes in 11 msecs (HTTP/1.1 404) 5 headers in 202 bytes (1 switches on core 0)
2026-05-13 02:10:45.302 7 INFO placement.requestlog [None req-8399201b-c67b-4e50-81cd-3fc8db052190 b659663df2a04d23964e67dc1739b783 c0ecf53a847f421da6691b2467ea7b41 - - 9b5da0f38d8842d2a3643e627e57f14f 9b5da0f38d8842d2a3643e627e57f14f] 10.0.0.247 "GET /resource_providers/a7fa1c85-02fa-417d-aaa6-61ed05e3ac70/aggregates" status: 404 len: 235 microversion: 1.1 [pid: 7|app: 0|req: 421/845] 10.0.0.247 () {32 vars in 816 bytes} [Wed May 13 02:10:45 2026] GET /resource_providers/a7fa1c85-02fa-417d-aaa6-61ed05e3ac70/aggregates => generated 235 bytes in 9 msecs (HTTP/1.1 404) 5 headers in 202 bytes (1 switches on core 0)
2026-05-13 02:10:45.304 8 INFO placement.requestlog [None req-1bb403e1-2148-4524-93bb-6a31a3bc18f0 b659663df2a04d23964e67dc1739b783 c0ecf53a847f421da6691b2467ea7b41 - - 9b5da0f38d8842d2a3643e627e57f14f 9b5da0f38d8842d2a3643e627e57f14f] 10.0.0.247 "GET /resource_providers/897416d6-609e-451b-9767-a1604ab69bc1/aggregates" status: 404 len: 235 microversion: 1.1 [pid: 8|app: 0|req: 425/846] 10.0.0.247 () {32 vars in 816 bytes} [Wed May 13 02:10:45 2026] GET /resource_providers/897416d6-609e-451b-9767-a1604ab69bc1/aggregates => generated 235 bytes in 6 msecs (HTTP/1.1 404) 5 headers in 202 bytes (1 switches on core 0)
2026-05-13 02:10:45.309 7 INFO placement.requestlog [None req-4b7070d4-03b7-4718-8753-fca9c3b78553 b659663df2a04d23964e67dc1739b783 c0ecf53a847f421da6691b2467ea7b41 - - 9b5da0f38d8842d2a3643e627e57f14f 9b5da0f38d8842d2a3643e627e57f14f] 10.0.0.247 "DELETE /resource_providers/81d03ea4-0e7f-4f47-b0b9-1ade6b20a1f4" status: 404 len: 246 microversion: 1.1 [pid: 7|app: 0|req: 422/847] 10.0.0.247 () {34 vars in 816 bytes} [Wed May 13 02:10:45 2026] DELETE /resource_providers/81d03ea4-0e7f-4f47-b0b9-1ade6b20a1f4 => generated 246 bytes in 6 msecs (HTTP/1.1 404) 6 headers in 231 bytes (1 switches on core 0)
2026-05-13 02:10:45.318 8 INFO placement.requestlog [None req-dc6efb5c-d269-4a35-9dac-43d5e9885337 b659663df2a04d23964e67dc1739b783 c0ecf53a847f421da6691b2467ea7b41 - - 9b5da0f38d8842d2a3643e627e57f14f 9b5da0f38d8842d2a3643e627e57f14f] 10.0.0.247 "DELETE /resource_providers/a7fa1c85-02fa-417d-aaa6-61ed05e3ac70" status: 404 len: 246 microversion: 1.1
2026-05-13 02:10:45.319 7 INFO placement.requestlog [None req-7bc8496e-4c12-4611-8630-e949bb8932b3 b659663df2a04d23964e67dc1739b783 c0ecf53a847f421da6691b2467ea7b41 - - 9b5da0f38d8842d2a3643e627e57f14f 9b5da0f38d8842d2a3643e627e57f14f] 10.0.0.247 "DELETE /resource_providers/a7fa1c85-02fa-417d-aaa6-61ed05e3ac70" status: 404 len: 246 microversion: 1.1 [pid: 7|app: 0|req: 423/848] 10.0.0.247 () {34 vars in 816 bytes} [Wed May 13 02:10:45 2026] DELETE /resource_providers/a7fa1c85-02fa-417d-aaa6-61ed05e3ac70 => generated 246 bytes in 7 msecs (HTTP/1.1 404) 6 headers in 231 bytes (1 switches on core 0) [pid: 8|app: 0|req: 426/849] 10.0.0.247 () {34 vars in 816 bytes} [Wed May 13 02:10:45 2026] DELETE /resource_providers/a7fa1c85-02fa-417d-aaa6-61ed05e3ac70 => generated 246 bytes in 8 msecs (HTTP/1.1 404) 6 headers in 231 bytes (1 switches on core 0)
2026-05-13 02:10:45.326 7 INFO placement.requestlog [None req-3a4ee1b7-caae-4ee8-90d5-a8b958a97d98 b659663df2a04d23964e67dc1739b783 c0ecf53a847f421da6691b2467ea7b41 - - 9b5da0f38d8842d2a3643e627e57f14f 9b5da0f38d8842d2a3643e627e57f14f] 10.0.0.247 "DELETE /resource_providers/897416d6-609e-451b-9767-a1604ab69bc1" status: 404 len: 246 microversion: 1.1 [pid: 7|app: 0|req: 424/850] 10.0.0.247 () {34 vars in 816 bytes} [Wed May 13 02:10:45 2026] DELETE /resource_providers/897416d6-609e-451b-9767-a1604ab69bc1 => generated 246 bytes in 6 msecs (HTTP/1.1 404) 6 headers in 231 bytes (1 switches on core 0)
2026-05-13 02:10:45.328 8 INFO placement.requestlog [None req-e85442db-5131-4a45-8bb4-590eed7f7a10 b659663df2a04d23964e67dc1739b783 c0ecf53a847f421da6691b2467ea7b41 - - 9b5da0f38d8842d2a3643e627e57f14f 9b5da0f38d8842d2a3643e627e57f14f] 10.0.0.247 "GET /resource_providers/897416d6-609e-451b-9767-a1604ab69bc1/aggregates" status: 404 len: 235 microversion: 1.1 [pid: 8|app: 0|req: 427/851] 10.0.0.247 () {32 vars in 816 bytes} [Wed May 13 02:10:45 2026] GET /resource_providers/897416d6-609e-451b-9767-a1604ab69bc1/aggregates => generated 235 bytes in 8 msecs (HTTP/1.1 404) 5 headers in 202 bytes (1 switches on core 0)
2026-05-13 02:10:45.339 7 INFO placement.requestlog [None req-0aea24f6-ebdd-457b-abe5-61598e59b0da b659663df2a04d23964e67dc1739b783 c0ecf53a847f421da6691b2467ea7b41 - - 9b5da0f38d8842d2a3643e627e57f14f 9b5da0f38d8842d2a3643e627e57f14f] 10.0.0.247 "GET /resource_providers/fae136b5-ec98-4b40-86ee-1322005e6936/aggregates" status: 404 len: 235 microversion: 1.1 [pid: 7|app: 0|req: 425/852] 10.0.0.247 () {32 vars in 816 bytes} [Wed May 13 02:10:45 2026] GET /resource_providers/fae136b5-ec98-4b40-86ee-1322005e6936/aggregates => generated 235 bytes in 7 msecs (HTTP/1.1 404) 5 headers in 202 bytes (1 switches on core 0)
2026-05-13 02:10:45.342 8 INFO placement.requestlog [None req-fb84ca4f-1f9e-43de-89f6-3829e25115a7 b659663df2a04d23964e67dc1739b783 c0ecf53a847f421da6691b2467ea7b41 - - 9b5da0f38d8842d2a3643e627e57f14f 9b5da0f38d8842d2a3643e627e57f14f] 10.0.0.247 "GET /resource_providers/fae136b5-ec98-4b40-86ee-1322005e6936/aggregates" status: 404 len: 235 microversion: 1.1 [pid: 8|app: 0|req: 428/853] 10.0.0.247 () {32 vars in 816 bytes} [Wed May 13 02:10:45 2026] GET /resource_providers/fae136b5-ec98-4b40-86ee-1322005e6936/aggregates => generated 235 bytes in 9 msecs (HTTP/1.1 404) 5 headers in 202 bytes (1 switches on core 0)
2026-05-13 02:10:45.347 7 INFO placement.requestlog [None req-b6eaa22b-583f-4df2-9244-52d23ca24b8d b659663df2a04d23964e67dc1739b783 c0ecf53a847f421da6691b2467ea7b41 - - 9b5da0f38d8842d2a3643e627e57f14f 9b5da0f38d8842d2a3643e627e57f14f] 10.0.0.247 "DELETE /resource_providers/897416d6-609e-451b-9767-a1604ab69bc1" status: 404 len: 246 microversion: 1.1 [pid: 7|app: 0|req: 426/854] 10.0.0.247 () {34 vars in 816 bytes} [Wed May 13 02:10:45 2026] DELETE /resource_providers/897416d6-609e-451b-9767-a1604ab69bc1 => generated 246 bytes in 7 msecs (HTTP/1.1 404) 6 headers in 231 bytes (1 switches on core 0)
2026-05-13 02:10:45.362 7 INFO placement.requestlog [None req-65323adf-16c0-4ddf-ae73-4b1611e291ab b659663df2a04d23964e67dc1739b783 c0ecf53a847f421da6691b2467ea7b41 - - 9b5da0f38d8842d2a3643e627e57f14f 9b5da0f38d8842d2a3643e627e57f14f] 10.0.0.247 "DELETE /resource_providers/fae136b5-ec98-4b40-86ee-1322005e6936" status: 404 len: 246 microversion: 1.1
2026-05-13 02:10:45.363 8 INFO placement.requestlog [None req-4edfa4e8-30a1-40c4-8352-1a8e252e3800 b659663df2a04d23964e67dc1739b783 c0ecf53a847f421da6691b2467ea7b41 - - 9b5da0f38d8842d2a3643e627e57f14f 9b5da0f38d8842d2a3643e627e57f14f] 10.0.0.247 "DELETE /resource_providers/fae136b5-ec98-4b40-86ee-1322005e6936" status: 404 len: 246 microversion: 1.1 [pid: 7|app: 0|req: 427/855] 10.0.0.247 () {34 vars in 816 bytes} [Wed May 13 02:10:45 2026] DELETE /resource_providers/fae136b5-ec98-4b40-86ee-1322005e6936 => generated 246 bytes in 7 msecs (HTTP/1.1 404) 6 headers in 231 bytes (1 switches on core 0) [pid: 8|app: 0|req: 429/856] 10.0.0.247 () {34 vars in 816 bytes} [Wed May 13 02:10:45 2026] DELETE /resource_providers/fae136b5-ec98-4b40-86ee-1322005e6936 => generated 246 bytes in 10 msecs (HTTP/1.1 404) 6 headers in 231 bytes (1 switches on core 0)
2026-05-13 02:10:45.382 7 INFO placement.requestlog [None req-f0bfc61a-608d-4dc8-92ff-bcc230c196cb b659663df2a04d23964e67dc1739b783 c0ecf53a847f421da6691b2467ea7b41 - - 9b5da0f38d8842d2a3643e627e57f14f 9b5da0f38d8842d2a3643e627e57f14f] 10.0.0.247 "GET /resource_providers/85102761-b342-4715-8150-0200ddef4831/aggregates" status: 404 len: 235 microversion: 1.1 [pid: 7|app: 0|req: 428/857] 10.0.0.247 () {32 vars in 816 bytes} [Wed May 13 02:10:45 2026] GET /resource_providers/85102761-b342-4715-8150-0200ddef4831/aggregates => generated 235 bytes in 7 msecs (HTTP/1.1 404) 5 headers in 202 bytes (1 switches on core 0)
2026-05-13 02:10:45.386 8 INFO placement.requestlog [None req-550cf596-9728-45d4-a1f0-fa501b56db3c b659663df2a04d23964e67dc1739b783 c0ecf53a847f421da6691b2467ea7b41 - - 9b5da0f38d8842d2a3643e627e57f14f 9b5da0f38d8842d2a3643e627e57f14f] 10.0.0.247 "GET /resource_providers/85102761-b342-4715-8150-0200ddef4831/aggregates" status: 404 len: 235 microversion: 1.1 [pid: 8|app: 0|req: 430/858] 10.0.0.247 () {32 vars in 816 bytes} [Wed May 13 02:10:45 2026] GET /resource_providers/85102761-b342-4715-8150-0200ddef4831/aggregates => generated 235 bytes in 8 msecs (HTTP/1.1 404) 5 headers in 202 bytes (1 switches on core 0)
2026-05-13 02:10:45.403 7 INFO placement.requestlog [None req-c9f634a4-6dae-4371-9bc3-378bd19074af b659663df2a04d23964e67dc1739b783 c0ecf53a847f421da6691b2467ea7b41 - - 9b5da0f38d8842d2a3643e627e57f14f 9b5da0f38d8842d2a3643e627e57f14f] 10.0.0.247 "DELETE /resource_providers/85102761-b342-4715-8150-0200ddef4831" status: 404 len: 246 microversion: 1.1 [pid: 7|app: 0|req: 429/859] 10.0.0.247 () {34 vars in 816 bytes} [Wed May 13 02:10:45 2026] DELETE /resource_providers/85102761-b342-4715-8150-0200ddef4831 => generated 246 bytes in 8 msecs (HTTP/1.1 404) 6 headers in 231 bytes (1 switches on core 0)
2026-05-13 02:10:45.405 8 INFO placement.requestlog [None req-ecb1a1bc-5bc3-4de6-9df8-98739b6e049e b659663df2a04d23964e67dc1739b783 c0ecf53a847f421da6691b2467ea7b41 - - 9b5da0f38d8842d2a3643e627e57f14f 9b5da0f38d8842d2a3643e627e57f14f] 10.0.0.247 "DELETE /resource_providers/85102761-b342-4715-8150-0200ddef4831" status: 404 len: 246 microversion: 1.1 [pid: 8|app: 0|req: 431/860] 10.0.0.247 () {34 vars in 816 bytes} [Wed May 13 02:10:45 2026] DELETE /resource_providers/85102761-b342-4715-8150-0200ddef4831 => generated 246 bytes in 11 msecs (HTTP/1.1 404) 6 headers in 231 bytes (1 switches on core 0)
2026-05-13 02:10:45.430 8 INFO placement.requestlog [None req-612d0061-845a-40f6-94ae-0585e114c82b b659663df2a04d23964e67dc1739b783 c0ecf53a847f421da6691b2467ea7b41 - - 9b5da0f38d8842d2a3643e627e57f14f 9b5da0f38d8842d2a3643e627e57f14f] 10.0.0.247 "GET /resource_providers/02adbe48-3de5-4fef-bcb4-f5a8a86b597f/aggregates" status: 404 len: 235 microversion: 1.1 [pid: 8|app: 0|req: 432/861] 10.0.0.247 () {32 vars in 816 bytes} [Wed May 13 02:10:45 2026] GET /resource_providers/02adbe48-3de5-4fef-bcb4-f5a8a86b597f/aggregates => generated 235 bytes in 11 msecs (HTTP/1.1 404) 5 headers in 202 bytes (1 switches on core 0)
2026-05-13 02:10:45.435 7 INFO placement.requestlog [None req-7434dbe7-8569-44d9-ba1a-566d684f7960 b659663df2a04d23964e67dc1739b783 c0ecf53a847f421da6691b2467ea7b41 - - 9b5da0f38d8842d2a3643e627e57f14f 9b5da0f38d8842d2a3643e627e57f14f] 10.0.0.247 "GET /resource_providers/02adbe48-3de5-4fef-bcb4-f5a8a86b597f/aggregates" status: 404 len: 235 microversion: 1.1 [pid: 7|app: 0|req: 430/862] 10.0.0.247 () {32 vars in 816 bytes} [Wed May 13 02:10:45 2026] GET /resource_providers/02adbe48-3de5-4fef-bcb4-f5a8a86b597f/aggregates => generated 235 bytes in 15 msecs (HTTP/1.1 404) 5 headers in 202 bytes (1 switches on core 0)
2026-05-13 02:10:45.448 8 INFO placement.requestlog [None req-2090aa36-d91d-4497-b947-8a1c4b2709f8 b659663df2a04d23964e67dc1739b783 c0ecf53a847f421da6691b2467ea7b41 - - 9b5da0f38d8842d2a3643e627e57f14f 9b5da0f38d8842d2a3643e627e57f14f] 10.0.0.247 "DELETE /resource_providers/02adbe48-3de5-4fef-bcb4-f5a8a86b597f" status: 404 len: 246 microversion: 1.1 [pid: 8|app: 0|req: 433/863] 10.0.0.247 () {34 vars in 816 bytes} [Wed May 13 02:10:45 2026] DELETE /resource_providers/02adbe48-3de5-4fef-bcb4-f5a8a86b597f => generated 246 bytes in 7 msecs (HTTP/1.1 404) 6 headers in 231 bytes (1 switches on core 0)
2026-05-13 02:10:45.460 7 INFO placement.requestlog [None req-13660ef8-9676-44f2-8a35-a1a70a7689c2 b659663df2a04d23964e67dc1739b783 c0ecf53a847f421da6691b2467ea7b41 - - 9b5da0f38d8842d2a3643e627e57f14f 9b5da0f38d8842d2a3643e627e57f14f] 10.0.0.247 "DELETE /resource_providers/02adbe48-3de5-4fef-bcb4-f5a8a86b597f" status: 404 len: 246 microversion: 1.1 [pid: 7|app: 0|req: 431/864] 10.0.0.247 () {34 vars in 816 bytes} [Wed May 13 02:10:45 2026] DELETE /resource_providers/02adbe48-3de5-4fef-bcb4-f5a8a86b597f => generated 246 bytes in 10 msecs (HTTP/1.1 404) 6 headers in 231 bytes (1 switches on core 0)
2026-05-13 02:10:47.340 8 INFO placement.requestlog [None req-888f8368-f590-403f-9b5c-7b7fa6182f0b b659663df2a04d23964e67dc1739b783 c0ecf53a847f421da6691b2467ea7b41 - - 9b5da0f38d8842d2a3643e627e57f14f 9b5da0f38d8842d2a3643e627e57f14f] 10.0.0.247 "GET /resource_providers/2121a420-bddb-4be2-a118-a0075f32929a/aggregates" status: 404 len: 235 microversion: 1.1 [pid: 8|app: 0|req: 434/865] 10.0.0.247 () {32 vars in 816 bytes} [Wed May 13 02:10:47 2026] GET /resource_providers/2121a420-bddb-4be2-a118-a0075f32929a/aggregates => generated 235 bytes in 7 msecs (HTTP/1.1 404) 5 headers in 202 bytes (1 switches on core 0)
2026-05-13 02:10:47.358 7 INFO placement.requestlog [None req-5fed59eb-7372-4d1b-921e-5fa118e84176 b659663df2a04d23964e67dc1739b783 c0ecf53a847f421da6691b2467ea7b41 - - 9b5da0f38d8842d2a3643e627e57f14f 9b5da0f38d8842d2a3643e627e57f14f] 10.0.0.247 "DELETE /resource_providers/2121a420-bddb-4be2-a118-a0075f32929a" status: 404 len: 246 microversion: 1.1 [pid: 7|app: 0|req: 432/866] 10.0.0.247 () {34 vars in 816 bytes} [Wed May 13 02:10:47 2026] DELETE /resource_providers/2121a420-bddb-4be2-a118-a0075f32929a => generated 246 bytes in 12 msecs (HTTP/1.1 404) 6 headers in 231 bytes (1 switches on core 0)
2026-05-13 02:10:47.365 8 INFO placement.requestlog [None req-cd17ede0-fc7d-453e-acf2-43627228d436 b659663df2a04d23964e67dc1739b783 c0ecf53a847f421da6691b2467ea7b41 - - 9b5da0f38d8842d2a3643e627e57f14f 9b5da0f38d8842d2a3643e627e57f14f] 10.0.0.247 "GET /resource_providers/2121a420-bddb-4be2-a118-a0075f32929a/aggregates" status: 404 len: 235 microversion: 1.1 [pid: 8|app: 0|req: 435/867] 10.0.0.247 () {32 vars in 816 bytes} [Wed May 13 02:10:47 2026] GET /resource_providers/2121a420-bddb-4be2-a118-a0075f32929a/aggregates => generated 235 bytes in 8 msecs (HTTP/1.1 404) 5 headers in 202 bytes (1 switches on core 0)
2026-05-13 02:10:47.382 7 INFO placement.requestlog [None req-ad3a8378-b419-41c7-bc13-e599a1df2a07 b659663df2a04d23964e67dc1739b783 c0ecf53a847f421da6691b2467ea7b41 - - 9b5da0f38d8842d2a3643e627e57f14f 9b5da0f38d8842d2a3643e627e57f14f] 10.0.0.247 "DELETE /resource_providers/2121a420-bddb-4be2-a118-a0075f32929a" status: 404 len: 246 microversion: 1.1 [pid: 7|app: 0|req: 433/868] 10.0.0.247 () {34 vars in 816 bytes} [Wed May 13 02:10:47 2026] DELETE /resource_providers/2121a420-bddb-4be2-a118-a0075f32929a => generated 246 bytes in 10 msecs (HTTP/1.1 404) 6 headers in 231 bytes (1 switches on core 0)
2026-05-13 02:10:50.333 7 INFO placement.requestlog [None req-0124d578-4aad-466b-ad50-23f4b4a8a51c - - - - - -] 10.0.0.177 "GET /" status: 200 len: 136 microversion: 1.0
2026-05-13 02:10:50.333 8 INFO placement.requestlog [None req-eb4288d7-e097-41b2-8a59-37a8d67640cb - - - - - -] 10.0.0.177 "GET /" status: 200 len: 136 microversion: 1.0
2026-05-13 02:10:52.471 7 INFO placement.requestlog [req-2ebacb6c-5bcc-469f-bc8a-c3548a7eb1b7 req-5699473f-61ef-4002-a8d1-bd0b081d600d aa0f5fcd941748a0b84751b2a798b11c c0ecf53a847f421da6691b2467ea7b41 - - 9b5da0f38d8842d2a3643e627e57f14f 9b5da0f38d8842d2a3643e627e57f14f] 10.0.0.62 "GET /allocation_candidates?limit=1000&resources=DISK_GB%3A1%2CMEMORY_MB%3A512%2CVCPU%3A1&root_required=%21COMPUTE_STATUS_DISABLED" status: 200 len: 2783 microversion: 1.36 [pid: 7|app: 0|req: 435/871] 10.0.0.62 () {34 vars in 1011 bytes} [Wed May 13 02:10:52 2026] GET /allocation_candidates?limit=1000&resources=DISK_GB%3A1%2CMEMORY_MB%3A512%2CVCPU%3A1&root_required=%21COMPUTE_STATUS_DISABLED => generated 2783 bytes in 67 msecs (HTTP/1.1 200) 8 headers in 297 bytes (1 switches on core 0)
2026-05-13 02:10:52.517 8 INFO placement.requestlog [req-2ebacb6c-5bcc-469f-bc8a-c3548a7eb1b7 req-70c9ef10-4151-4069-878f-789c9b058807 aa0f5fcd941748a0b84751b2a798b11c c0ecf53a847f421da6691b2467ea7b41 - - 9b5da0f38d8842d2a3643e627e57f14f 9b5da0f38d8842d2a3643e627e57f14f] 10.0.0.62 "GET /allocations/1d97077a-7ad6-4b91-981b-381ab34779bb" status: 200 len: 19 microversion: 1.28 [pid: 8|app: 0|req: 437/872] 10.0.0.62 () {34 vars in 860 bytes} [Wed May 13 02:10:52 2026] GET /allocations/1d97077a-7ad6-4b91-981b-381ab34779bb => generated 19 bytes in 23 msecs (HTTP/1.1 200) 8 headers in 295 bytes (1 switches on core 0)
2026-05-13 02:10:52.607 7 INFO placement.requestlog [req-2ebacb6c-5bcc-469f-bc8a-c3548a7eb1b7 req-29321625-2942-4042-a895-f3331ea19e0b aa0f5fcd941748a0b84751b2a798b11c c0ecf53a847f421da6691b2467ea7b41 - - 9b5da0f38d8842d2a3643e627e57f14f 9b5da0f38d8842d2a3643e627e57f14f] 10.0.0.62 "PUT /allocations/1d97077a-7ad6-4b91-981b-381ab34779bb" status: 204 len: 0 microversion: 1.36 [pid: 7|app: 0|req: 436/873] 10.0.0.62 () {38 vars in 913 bytes} [Wed May 13 02:10:52 2026] PUT /allocations/1d97077a-7ad6-4b91-981b-381ab34779bb => generated 0 bytes in 82 msecs (HTTP/1.1 204) 5 headers in 199 bytes (1 switches on core 0)
2026-05-13 02:10:54.078 8 INFO placement.requestlog [req-2ebacb6c-5bcc-469f-bc8a-c3548a7eb1b7 req-8a71f720-a267-44e6-9d60-032f122dd00c aa0f5fcd941748a0b84751b2a798b11c c0ecf53a847f421da6691b2467ea7b41 - - 9b5da0f38d8842d2a3643e627e57f14f 9b5da0f38d8842d2a3643e627e57f14f] 199.204.45.74 "GET /allocations/1d97077a-7ad6-4b91-981b-381ab34779bb" status: 200 len: 257 microversion: 1.28 [pid: 8|app: 0|req: 438/874] 199.204.45.74 () {34 vars in 862 bytes} [Wed May 13 02:10:54 2026] GET /allocations/1d97077a-7ad6-4b91-981b-381ab34779bb => generated 257 bytes in 12 msecs (HTTP/1.1 200) 8 headers in 296 bytes (1 switches on core 0)
2026-05-13 02:10:55.132 7 INFO placement.requestlog [req-2ebacb6c-5bcc-469f-bc8a-c3548a7eb1b7 req-8c16c1af-9c5b-4704-aaad-2b4d92f94d69 aa0f5fcd941748a0b84751b2a798b11c c0ecf53a847f421da6691b2467ea7b41 - - 9b5da0f38d8842d2a3643e627e57f14f 9b5da0f38d8842d2a3643e627e57f14f] 199.204.45.74 "GET /resource_providers/1fe32522-f14f-4f5a-ae6b-1db4e2529c83/allocations" status: 200 len: 252 microversion: 1.0 [pid: 7|app: 0|req: 437/875] 199.204.45.74 () {32 vars in 856 bytes} [Wed May 13 02:10:55 2026] GET /resource_providers/1fe32522-f14f-4f5a-ae6b-1db4e2529c83/allocations => generated 252 bytes in 14 msecs (HTTP/1.1 200) 6 headers in 224 bytes (1 switches on core 0)
2026-05-13 02:10:55.152 8 INFO placement.requestlog [req-2ebacb6c-5bcc-469f-bc8a-c3548a7eb1b7 req-2aeaeacc-08ea-4d55-a838-a2af4babd076 aa0f5fcd941748a0b84751b2a798b11c c0ecf53a847f421da6691b2467ea7b41 - - 9b5da0f38d8842d2a3643e627e57f14f 9b5da0f38d8842d2a3643e627e57f14f] 199.204.45.74 "GET /allocations/77650fd0-beb6-4021-8fb6-a52f67e19424" status: 200 len: 257 microversion: 1.28 [pid: 8|app: 0|req: 439/876] 199.204.45.74 () {34 vars in 862 bytes} [Wed May 13 02:10:55 2026] GET /allocations/77650fd0-beb6-4021-8fb6-a52f67e19424 => generated 257 bytes in 15 msecs (HTTP/1.1 200) 8 headers in 296 bytes (1 switches on core 0)
2026-05-13 02:10:55.177 7 INFO placement.requestlog [req-2ebacb6c-5bcc-469f-bc8a-c3548a7eb1b7 req-537be807-19de-4dd4-b368-2e47ce202a85 aa0f5fcd941748a0b84751b2a798b11c c0ecf53a847f421da6691b2467ea7b41 - - 9b5da0f38d8842d2a3643e627e57f14f 9b5da0f38d8842d2a3643e627e57f14f] 199.204.45.74 "GET /allocations/1d97077a-7ad6-4b91-981b-381ab34779bb" status: 200 len: 257 microversion: 1.28 [pid: 7|app: 0|req: 438/877] 199.204.45.74 () {34 vars in 862 bytes} [Wed May 13 02:10:55 2026] GET /allocations/1d97077a-7ad6-4b91-981b-381ab34779bb => generated 257 bytes in 14 msecs (HTTP/1.1 200) 8 headers in 296 bytes (1 switches on core 0)
2026-05-13 02:11:00.333 8 INFO placement.requestlog [None req-f2700df9-6a6f-4636-88d7-841557ccf6f7 - - - - - -] 10.0.0.177 "GET /" status: 200 len: 136 microversion: 1.0
2026-05-13 02:11:00.333 7 INFO placement.requestlog [None req-6851bf0e-a26a-4af4-9c6e-449f0b9c638a - - - - - -] 10.0.0.177 "GET /" status: 200 len: 136 microversion: 1.0
2026-05-13 02:11:01.852 8 INFO placement.requestlog [None req-9fa11a64-8358-452c-bd3e-3bcd54b84fd7 b659663df2a04d23964e67dc1739b783 c0ecf53a847f421da6691b2467ea7b41 - - 9b5da0f38d8842d2a3643e627e57f14f 9b5da0f38d8842d2a3643e627e57f14f] 10.0.0.247 "GET /resource_providers/b6489ff2-bf17-4bea-9164-5044d566dcc6/aggregates" status: 404 len: 235 microversion: 1.1 [pid: 8|app: 0|req: 441/880] 10.0.0.247 () {32 vars in 816 bytes} [Wed May 13 02:11:01 2026] GET /resource_providers/b6489ff2-bf17-4bea-9164-5044d566dcc6/aggregates => generated 235 bytes in 9 msecs (HTTP/1.1 404) 5 headers in 202 bytes (1 switches on core 0)
2026-05-13 02:11:01.857 7 INFO placement.requestlog [None req-38f90873-9753-4a9c-af9e-e9d020f08d0f b659663df2a04d23964e67dc1739b783 c0ecf53a847f421da6691b2467ea7b41 - - 9b5da0f38d8842d2a3643e627e57f14f 9b5da0f38d8842d2a3643e627e57f14f] 10.0.0.247 "GET /resource_providers/b6489ff2-bf17-4bea-9164-5044d566dcc6/aggregates" status: 404 len: 235 microversion: 1.1 [pid: 7|app: 0|req: 440/881] 10.0.0.247 () {32 vars in 816 bytes} [Wed May 13 02:11:01 2026] GET /resource_providers/b6489ff2-bf17-4bea-9164-5044d566dcc6/aggregates => generated 235 bytes in 10 msecs (HTTP/1.1 404) 5 headers in 202 bytes (1 switches on core 0)
2026-05-13 02:11:01.875 8 INFO placement.requestlog [None req-09d71ce2-3833-4eeb-9caa-b128265262fc b659663df2a04d23964e67dc1739b783 c0ecf53a847f421da6691b2467ea7b41 - - 9b5da0f38d8842d2a3643e627e57f14f 9b5da0f38d8842d2a3643e627e57f14f] 10.0.0.247 "DELETE /resource_providers/b6489ff2-bf17-4bea-9164-5044d566dcc6" status: 404 len: 246 microversion: 1.1 [pid: 8|app: 0|req: 442/882] 10.0.0.247 () {34 vars in 816 bytes} [Wed May 13 02:11:01 2026] DELETE /resource_providers/b6489ff2-bf17-4bea-9164-5044d566dcc6 => generated 246 bytes in 9 msecs (HTTP/1.1 404) 6 headers in 231 bytes (1 switches on core 0)
2026-05-13 02:11:01.881 7 INFO placement.requestlog [None req-2c4fd166-1ecb-458b-ba19-7b94185c80a7 b659663df2a04d23964e67dc1739b783 c0ecf53a847f421da6691b2467ea7b41 - - 9b5da0f38d8842d2a3643e627e57f14f 9b5da0f38d8842d2a3643e627e57f14f] 10.0.0.247 "DELETE /resource_providers/b6489ff2-bf17-4bea-9164-5044d566dcc6" status: 404 len: 246 microversion: 1.1 [pid: 7|app: 0|req: 441/883] 10.0.0.247 () {34 vars in 816 bytes} [Wed May 13 02:11:01 2026] DELETE /resource_providers/b6489ff2-bf17-4bea-9164-5044d566dcc6 => generated 246 bytes in 10 msecs (HTTP/1.1 404) 6 headers in 231 bytes (1 switches on core 0)
2026-05-13 02:11:02.671 8 INFO placement.requestlog [None req-1b3bea61-efa9-4b55-96bb-ae8bea9e5495 b659663df2a04d23964e67dc1739b783 c0ecf53a847f421da6691b2467ea7b41 - - 9b5da0f38d8842d2a3643e627e57f14f 9b5da0f38d8842d2a3643e627e57f14f] 10.0.0.247 "GET /resource_providers/21e32407-f37e-432c-bea3-1eb80f136d2b/aggregates" status: 404 len: 235 microversion: 1.1 [pid: 8|app: 0|req: 443/884] 10.0.0.247 () {32 vars in 816 bytes} [Wed May 13 02:11:02 2026] GET /resource_providers/21e32407-f37e-432c-bea3-1eb80f136d2b/aggregates => generated 235 bytes in 8 msecs (HTTP/1.1 404) 5 headers in 202 bytes (1 switches on core 0)
2026-05-13 02:11:02.687 7 INFO placement.requestlog [None req-1a32487c-70b8-47c2-984f-93d6f2c6d972 b659663df2a04d23964e67dc1739b783 c0ecf53a847f421da6691b2467ea7b41 - - 9b5da0f38d8842d2a3643e627e57f14f 9b5da0f38d8842d2a3643e627e57f14f] 10.0.0.247 "GET /resource_providers/21e32407-f37e-432c-bea3-1eb80f136d2b/aggregates" status: 404 len: 235 microversion: 1.1 [pid: 7|app: 0|req: 442/885] 10.0.0.247 () {32 vars in 816 bytes} [Wed May 13 02:11:02 2026] GET /resource_providers/21e32407-f37e-432c-bea3-1eb80f136d2b/aggregates => generated 235 bytes in 20 msecs (HTTP/1.1 404) 5 headers in 202 bytes (1 switches on core 0)
2026-05-13 02:11:02.691 8 INFO placement.requestlog [None req-096db3b7-86a9-4abe-bb8e-c48be85d109d b659663df2a04d23964e67dc1739b783 c0ecf53a847f421da6691b2467ea7b41 - - 9b5da0f38d8842d2a3643e627e57f14f 9b5da0f38d8842d2a3643e627e57f14f] 10.0.0.247 "DELETE /resource_providers/21e32407-f37e-432c-bea3-1eb80f136d2b" status: 404 len: 246 microversion: 1.1 [pid: 8|app: 0|req: 444/886] 10.0.0.247 () {34 vars in 816 bytes} [Wed May 13 02:11:02 2026] DELETE /resource_providers/21e32407-f37e-432c-bea3-1eb80f136d2b => generated 246 bytes in 9 msecs (HTTP/1.1 404) 6 headers in 231 bytes (1 switches on core 0)
2026-05-13 02:11:02.709 7 INFO placement.requestlog [None req-2bb0500f-e936-4dcd-ada9-c35318e444d0 b659663df2a04d23964e67dc1739b783 c0ecf53a847f421da6691b2467ea7b41 - - 9b5da0f38d8842d2a3643e627e57f14f 9b5da0f38d8842d2a3643e627e57f14f] 10.0.0.247 "DELETE /resource_providers/21e32407-f37e-432c-bea3-1eb80f136d2b" status: 404 len: 246 microversion: 1.1 [pid: 7|app: 0|req: 443/887] 10.0.0.247 () {34 vars in 816 bytes} [Wed May 13 02:11:02 2026] DELETE /resource_providers/21e32407-f37e-432c-bea3-1eb80f136d2b => generated 246 bytes in 14 msecs (HTTP/1.1 404) 6 headers in 231 bytes (1 switches on core 0)
2026-05-13 02:11:04.672 8 INFO placement.requestlog [req-ef58cc6c-9080-4e4b-90c8-eaa54090f6dd req-1ec64c71-9712-4278-84f3-6914d7a9f40a aa0f5fcd941748a0b84751b2a798b11c c0ecf53a847f421da6691b2467ea7b41 - - 9b5da0f38d8842d2a3643e627e57f14f 9b5da0f38d8842d2a3643e627e57f14f] 199.204.45.74 "GET /resource_providers/1fe32522-f14f-4f5a-ae6b-1db4e2529c83/allocations" status: 200 len: 252 microversion: 1.0 [pid: 8|app: 0|req: 445/888] 199.204.45.74 () {32 vars in 856 bytes} [Wed May 13 02:11:04 2026] GET /resource_providers/1fe32522-f14f-4f5a-ae6b-1db4e2529c83/allocations => generated 252 bytes in 16 msecs (HTTP/1.1 200) 6 headers in 224 bytes (1 switches on core 0)
2026-05-13 02:11:04.700 7 INFO placement.requestlog [req-ef58cc6c-9080-4e4b-90c8-eaa54090f6dd req-046f2a61-059b-49bb-a034-9245c59c127f aa0f5fcd941748a0b84751b2a798b11c c0ecf53a847f421da6691b2467ea7b41 - - 9b5da0f38d8842d2a3643e627e57f14f 9b5da0f38d8842d2a3643e627e57f14f] 199.204.45.74 "GET /resource_providers/1fe32522-f14f-4f5a-ae6b-1db4e2529c83/allocations" status: 200 len: 252 microversion: 1.0 [pid: 7|app: 0|req: 444/889] 199.204.45.74 () {32 vars in 856 bytes} [Wed May 13 02:11:04 2026] GET /resource_providers/1fe32522-f14f-4f5a-ae6b-1db4e2529c83/allocations => generated 252 bytes in 14 msecs (HTTP/1.1 200) 6 headers in 224 bytes (1 switches on core 0)
2026-05-13 02:11:04.726 8 INFO placement.requestlog [req-ef58cc6c-9080-4e4b-90c8-eaa54090f6dd req-2948fa5a-775a-4da0-9a20-b2884b8ea2d4 aa0f5fcd941748a0b84751b2a798b11c c0ecf53a847f421da6691b2467ea7b41 - - 9b5da0f38d8842d2a3643e627e57f14f 9b5da0f38d8842d2a3643e627e57f14f] 199.204.45.74 "GET /allocations/77650fd0-beb6-4021-8fb6-a52f67e19424" status: 200 len: 257 microversion: 1.28 [pid: 8|app: 0|req: 446/890] 199.204.45.74 () {34 vars in 862 bytes} [Wed May 13 02:11:04 2026] GET /allocations/77650fd0-beb6-4021-8fb6-a52f67e19424 => generated 257 bytes in 21 msecs (HTTP/1.1 200) 8 headers in 296 bytes (1 switches on core 0)
2026-05-13 02:11:04.751 7 INFO placement.requestlog [req-ef58cc6c-9080-4e4b-90c8-eaa54090f6dd req-c27fdfa3-eecf-48af-8572-51357eba4cce aa0f5fcd941748a0b84751b2a798b11c c0ecf53a847f421da6691b2467ea7b41 - - 9b5da0f38d8842d2a3643e627e57f14f 9b5da0f38d8842d2a3643e627e57f14f] 199.204.45.74 "GET /allocations/1d97077a-7ad6-4b91-981b-381ab34779bb" status: 200 len: 257 microversion: 1.28 [pid: 7|app: 0|req: 445/891] 199.204.45.74 () {34 vars in 862 bytes} [Wed May 13 02:11:04 2026] GET /allocations/1d97077a-7ad6-4b91-981b-381ab34779bb => generated 257 bytes in 15 msecs (HTTP/1.1 200) 8 headers in 296 bytes (1 switches on core 0)
2026-05-13 02:11:09.236 7 INFO placement.requestlog [None req-398b2934-1914-4a46-9a4f-e0d476c6ec1f b659663df2a04d23964e67dc1739b783 c0ecf53a847f421da6691b2467ea7b41 - - 9b5da0f38d8842d2a3643e627e57f14f 9b5da0f38d8842d2a3643e627e57f14f] 10.0.0.247 "GET /resource_providers/a6888f43-2372-4e96-b011-5f8ef8eb3d77/aggregates" status: 404 len: 235 microversion: 1.1 [pid: 7|app: 0|req: 446/892] 10.0.0.247 () {32 vars in 816 bytes} [Wed May 13 02:11:09 2026] GET /resource_providers/a6888f43-2372-4e96-b011-5f8ef8eb3d77/aggregates => generated 235 bytes in 12 msecs (HTTP/1.1 404) 5 headers in 202 bytes (1 switches on core 0)
2026-05-13 02:11:09.239 8 INFO placement.requestlog [None req-a64e3990-face-4be3-97c0-50e8329b34c0 b659663df2a04d23964e67dc1739b783 c0ecf53a847f421da6691b2467ea7b41 - - 9b5da0f38d8842d2a3643e627e57f14f 9b5da0f38d8842d2a3643e627e57f14f] 10.0.0.247 "GET /resource_providers/a6888f43-2372-4e96-b011-5f8ef8eb3d77/aggregates" status: 404 len: 235 microversion: 1.1 [pid: 8|app: 0|req: 447/893] 10.0.0.247 () {32 vars in 816 bytes} [Wed May 13 02:11:09 2026] GET /resource_providers/a6888f43-2372-4e96-b011-5f8ef8eb3d77/aggregates => generated 235 bytes in 16 msecs (HTTP/1.1 404) 5 headers in 202 bytes (1 switches on core 0)
2026-05-13 02:11:09.261 8 INFO placement.requestlog [None req-bc4de09b-380b-4c69-b328-ae285665a08c b659663df2a04d23964e67dc1739b783 c0ecf53a847f421da6691b2467ea7b41 - - 9b5da0f38d8842d2a3643e627e57f14f 9b5da0f38d8842d2a3643e627e57f14f] 10.0.0.247 "DELETE /resource_providers/a6888f43-2372-4e96-b011-5f8ef8eb3d77" status: 404 len: 246 microversion: 1.1 [pid: 8|app: 0|req: 448/894] 10.0.0.247 () {34 vars in 816 bytes} [Wed May 13 02:11:09 2026] DELETE /resource_providers/a6888f43-2372-4e96-b011-5f8ef8eb3d77 => generated 246 bytes in 9 msecs (HTTP/1.1 404) 6 headers in 231 bytes (1 switches on core 0)
2026-05-13 02:11:09.262 7 INFO placement.requestlog [None req-c4041c6e-c04a-4e38-9d03-6dbe784eb456 b659663df2a04d23964e67dc1739b783 c0ecf53a847f421da6691b2467ea7b41 - - 9b5da0f38d8842d2a3643e627e57f14f 9b5da0f38d8842d2a3643e627e57f14f] 10.0.0.247 "DELETE /resource_providers/a6888f43-2372-4e96-b011-5f8ef8eb3d77" status: 404 len: 246 microversion: 1.1 [pid: 7|app: 0|req: 447/895] 10.0.0.247 () {34 vars in 816 bytes} [Wed May 13 02:11:09 2026] DELETE /resource_providers/a6888f43-2372-4e96-b011-5f8ef8eb3d77 => generated 246 bytes in 12 msecs (HTTP/1.1 404) 6 headers in 231 bytes (1 switches on core 0)
2026-05-13 02:11:10.336 8 INFO placement.requestlog [None req-1e41daeb-d27a-4b48-91e5-d638cc35abc9 - - - - - -] 10.0.0.177 "GET /" status: 200 len: 136 microversion: 1.0
2026-05-13 02:11:10.337 7 INFO placement.requestlog [None req-348b0cae-d602-43bf-8be0-d0163ff1379c - - - - - -] 10.0.0.177 "GET /" status: 200 len: 136 microversion: 1.0
2026-05-13 02:11:10.626 8 INFO placement.requestlog [req-2b5a71fd-6300-47de-9f85-a8e8a7d83c42 req-5c6acad3-26b7-4627-9aaf-084cbf9a82aa aa0f5fcd941748a0b84751b2a798b11c c0ecf53a847f421da6691b2467ea7b41 - - 9b5da0f38d8842d2a3643e627e57f14f 9b5da0f38d8842d2a3643e627e57f14f] 199.204.45.74 "GET /resource_providers/1fe32522-f14f-4f5a-ae6b-1db4e2529c83/allocations" status: 200 len: 252 microversion: 1.0 [pid: 8|app: 0|req: 450/898] 199.204.45.74 () {32 vars in 856 bytes} [Wed May 13 02:11:10 2026] GET /resource_providers/1fe32522-f14f-4f5a-ae6b-1db4e2529c83/allocations => generated 252 bytes in 18 msecs (HTTP/1.1 200) 6 headers in 224 bytes (1 switches on core 0)
2026-05-13 02:11:10.655 7 INFO placement.requestlog [req-2b5a71fd-6300-47de-9f85-a8e8a7d83c42 req-6e199494-698e-46bb-9b5f-0c32f6996515 aa0f5fcd941748a0b84751b2a798b11c c0ecf53a847f421da6691b2467ea7b41 - - 9b5da0f38d8842d2a3643e627e57f14f 9b5da0f38d8842d2a3643e627e57f14f] 199.204.45.74 "GET /allocations/77650fd0-beb6-4021-8fb6-a52f67e19424" status: 200 len: 257 microversion: 1.28 [pid: 7|app: 0|req: 449/899] 199.204.45.74 () {34 vars in 862 bytes} [Wed May 13 02:11:10 2026] GET /allocations/77650fd0-beb6-4021-8fb6-a52f67e19424 => generated 257 bytes in 20 msecs (HTTP/1.1 200) 8 headers in 296 bytes (1 switches on core 0)
2026-05-13 02:11:10.675 8 INFO placement.requestlog [req-2b5a71fd-6300-47de-9f85-a8e8a7d83c42 req-8c2d50f5-dfa1-449e-a4f2-8e67042be95c aa0f5fcd941748a0b84751b2a798b11c c0ecf53a847f421da6691b2467ea7b41 - - 9b5da0f38d8842d2a3643e627e57f14f 9b5da0f38d8842d2a3643e627e57f14f] 199.204.45.74 "GET /allocations/1d97077a-7ad6-4b91-981b-381ab34779bb" status: 200 len: 257 microversion: 1.28 [pid: 8|app: 0|req: 451/900] 199.204.45.74 () {34 vars in 862 bytes} [Wed May 13 02:11:10 2026] GET /allocations/1d97077a-7ad6-4b91-981b-381ab34779bb => generated 257 bytes in 11 msecs (HTTP/1.1 200) 8 headers in 296 bytes (1 switches on core 0)
2026-05-13 02:11:11.348 8 INFO placement.requestlog [None req-37e13046-2899-400f-8061-f07105a06293 b659663df2a04d23964e67dc1739b783 c0ecf53a847f421da6691b2467ea7b41 - - 9b5da0f38d8842d2a3643e627e57f14f 9b5da0f38d8842d2a3643e627e57f14f] 10.0.0.247 "GET /resource_providers/ad66f3cc-4a09-43ff-9610-4e1b87701c31/aggregates" status: 404 len: 235 microversion: 1.1 [pid: 8|app: 0|req: 452/901] 10.0.0.247 () {32 vars in 816 bytes} [Wed May 13 02:11:11 2026] GET /resource_providers/ad66f3cc-4a09-43ff-9610-4e1b87701c31/aggregates => generated 235 bytes in 9 msecs (HTTP/1.1 404) 5 headers in 202 bytes (1 switches on core 0)
2026-05-13 02:11:11.348 7 INFO placement.requestlog [None req-7ec2c2fc-cc70-4b6d-a057-f7881a46eeef b659663df2a04d23964e67dc1739b783 c0ecf53a847f421da6691b2467ea7b41 - - 9b5da0f38d8842d2a3643e627e57f14f 9b5da0f38d8842d2a3643e627e57f14f] 10.0.0.247 "GET /resource_providers/ad66f3cc-4a09-43ff-9610-4e1b87701c31/aggregates" status: 404 len: 235 microversion: 1.1 [pid: 7|app: 0|req: 450/902] 10.0.0.247 () {32 vars in 816 bytes} [Wed May 13 02:11:11 2026] GET /resource_providers/ad66f3cc-4a09-43ff-9610-4e1b87701c31/aggregates => generated 235 bytes in 10 msecs (HTTP/1.1 404) 5 headers in 202 bytes (1 switches on core 0)
2026-05-13 02:11:11.365 7 INFO placement.requestlog [None req-4daf16d0-20f8-4b9d-abe8-df80449c7e03 b659663df2a04d23964e67dc1739b783 c0ecf53a847f421da6691b2467ea7b41 - - 9b5da0f38d8842d2a3643e627e57f14f 9b5da0f38d8842d2a3643e627e57f14f] 10.0.0.247 "DELETE /resource_providers/ad66f3cc-4a09-43ff-9610-4e1b87701c31" status: 404 len: 246 microversion: 1.1 [pid: 7|app: 0|req: 451/903] 10.0.0.247 () {34 vars in 816 bytes} [Wed May 13 02:11:11 2026] DELETE /resource_providers/ad66f3cc-4a09-43ff-9610-4e1b87701c31 => generated 246 bytes in 8 msecs (HTTP/1.1 404) 6 headers in 231 bytes (1 switches on core 0)
2026-05-13 02:11:11.366 8 INFO placement.requestlog [None req-a75ddc1a-ee36-428c-bc22-ebf31286dc0b b659663df2a04d23964e67dc1739b783 c0ecf53a847f421da6691b2467ea7b41 - - 9b5da0f38d8842d2a3643e627e57f14f 9b5da0f38d8842d2a3643e627e57f14f] 10.0.0.247 "DELETE /resource_providers/ad66f3cc-4a09-43ff-9610-4e1b87701c31" status: 404 len: 246 microversion: 1.1 [pid: 8|app: 0|req: 453/904] 10.0.0.247 () {34 vars in 816 bytes} [Wed May 13 02:11:11 2026] DELETE /resource_providers/ad66f3cc-4a09-43ff-9610-4e1b87701c31 => generated 246 bytes in 10 msecs (HTTP/1.1 404) 6 headers in 231 bytes (1 switches on core 0)
2026-05-13 02:11:11.738 7 INFO placement.requestlog [req-2b5a71fd-6300-47de-9f85-a8e8a7d83c42 req-0d8e4c95-6cf1-4315-a7ec-40778b47efd6 aa0f5fcd941748a0b84751b2a798b11c c0ecf53a847f421da6691b2467ea7b41 - - 9b5da0f38d8842d2a3643e627e57f14f 9b5da0f38d8842d2a3643e627e57f14f] 199.204.45.74 "DELETE /allocations/77650fd0-beb6-4021-8fb6-a52f67e19424" status: 204 len: 0 microversion: 1.0 [pid: 7|app: 0|req: 452/905] 199.204.45.74 () {34 vars in 840 bytes} [Wed May 13 02:11:11 2026] DELETE /allocations/77650fd0-beb6-4021-8fb6-a52f67e19424 => generated 0 bytes in 41 msecs (HTTP/1.1 204) 5 headers in 198 bytes (1 switches on core 0)
2026-05-13 02:11:13.115 8 INFO placement.requestlog [req-59607b8b-499b-4319-b616-233ec161003f req-5085fd3b-e880-43a3-aaec-ac0e1697fc09 aa0f5fcd941748a0b84751b2a798b11c c0ecf53a847f421da6691b2467ea7b41 - - 9b5da0f38d8842d2a3643e627e57f14f 9b5da0f38d8842d2a3643e627e57f14f] 199.204.45.74 "GET /resource_providers/1fe32522-f14f-4f5a-ae6b-1db4e2529c83/allocations" status: 200 len: 152 microversion: 1.0 [pid: 8|app: 0|req: 454/906] 199.204.45.74 () {32 vars in 856 bytes} [Wed May 13 02:11:13 2026] GET /resource_providers/1fe32522-f14f-4f5a-ae6b-1db4e2529c83/allocations => generated 152 bytes in 15 msecs (HTTP/1.1 200) 6 headers in 224 bytes (1 switches on core 0)
2026-05-13 02:11:13.147 7 INFO placement.requestlog [req-59607b8b-499b-4319-b616-233ec161003f req-d0698ab7-2cc2-49bd-a85a-9ef7a761406f aa0f5fcd941748a0b84751b2a798b11c c0ecf53a847f421da6691b2467ea7b41 - - 9b5da0f38d8842d2a3643e627e57f14f 9b5da0f38d8842d2a3643e627e57f14f] 199.204.45.74 "GET /allocations/1d97077a-7ad6-4b91-981b-381ab34779bb" status: 200 len: 257 microversion: 1.28 [pid: 7|app: 0|req: 453/907] 199.204.45.74 () {34 vars in 862 bytes} [Wed May 13 02:11:13 2026] GET /allocations/1d97077a-7ad6-4b91-981b-381ab34779bb => generated 257 bytes in 26 msecs (HTTP/1.1 200) 8 headers in 296 bytes (1 switches on core 0)
2026-05-13 02:11:13.380 8 INFO placement.requestlog [None req-3bed3eb3-ea49-4ee1-9c6f-5577a933779c b659663df2a04d23964e67dc1739b783 c0ecf53a847f421da6691b2467ea7b41 - - 9b5da0f38d8842d2a3643e627e57f14f 9b5da0f38d8842d2a3643e627e57f14f] 10.0.0.247 "GET /resource_providers/71656d5c-bd06-4ee8-8784-8223df8748a0/aggregates" status: 404 len: 235 microversion: 1.1 [pid: 8|app: 0|req: 455/908] 10.0.0.247 () {32 vars in 816 bytes} [Wed May 13 02:11:13 2026] GET /resource_providers/71656d5c-bd06-4ee8-8784-8223df8748a0/aggregates => generated 235 bytes in 6 msecs (HTTP/1.1 404) 5 headers in 202 bytes (1 switches on core 0)
2026-05-13 02:11:13.388 7 INFO placement.requestlog [None req-417e3a28-d5f9-44fe-a259-a41355cb519f b659663df2a04d23964e67dc1739b783 c0ecf53a847f421da6691b2467ea7b41 - - 9b5da0f38d8842d2a3643e627e57f14f 9b5da0f38d8842d2a3643e627e57f14f] 10.0.0.247 "GET /resource_providers/71656d5c-bd06-4ee8-8784-8223df8748a0/aggregates" status: 404 len: 235 microversion: 1.1 [pid: 7|app: 0|req: 454/909] 10.0.0.247 () {32 vars in 816 bytes} [Wed May 13 02:11:13 2026] GET /resource_providers/71656d5c-bd06-4ee8-8784-8223df8748a0/aggregates => generated 235 bytes in 11 msecs (HTTP/1.1 404) 5 headers in 202 bytes (1 switches on core 0)
2026-05-13 02:11:13.396 8 INFO placement.requestlog [None req-ce4f979f-c41e-40ac-9661-3d86abcf0001 b659663df2a04d23964e67dc1739b783 c0ecf53a847f421da6691b2467ea7b41 - - 9b5da0f38d8842d2a3643e627e57f14f 9b5da0f38d8842d2a3643e627e57f14f] 10.0.0.247 "DELETE /resource_providers/71656d5c-bd06-4ee8-8784-8223df8748a0" status: 404 len: 246 microversion: 1.1 [pid: 8|app: 0|req: 456/910] 10.0.0.247 () {34 vars in 816 bytes} [Wed May 13 02:11:13 2026] DELETE /resource_providers/71656d5c-bd06-4ee8-8784-8223df8748a0 => generated 246 bytes in 5 msecs (HTTP/1.1 404) 6 headers in 231 bytes (1 switches on core 0)
2026-05-13 02:11:13.414 7 INFO placement.requestlog [None req-c362f66a-2960-4321-a0b5-075db7ca2bf5 b659663df2a04d23964e67dc1739b783 c0ecf53a847f421da6691b2467ea7b41 - - 9b5da0f38d8842d2a3643e627e57f14f 9b5da0f38d8842d2a3643e627e57f14f] 10.0.0.247 "DELETE /resource_providers/71656d5c-bd06-4ee8-8784-8223df8748a0" status: 404 len: 246 microversion: 1.1 [pid: 7|app: 0|req: 455/911] 10.0.0.247 () {34 vars in 816 bytes} [Wed May 13 02:11:13 2026] DELETE /resource_providers/71656d5c-bd06-4ee8-8784-8223df8748a0 => generated 246 bytes in 12 msecs (HTTP/1.1 404) 6 headers in 231 bytes (1 switches on core 0)
2026-05-13 02:11:13.853 8 INFO placement.requestlog [req-11b86e17-7524-4520-a37e-43a471a2286b req-0013d08f-b28c-41ee-a7e9-0a8bf57e2925 aa0f5fcd941748a0b84751b2a798b11c c0ecf53a847f421da6691b2467ea7b41 - - 9b5da0f38d8842d2a3643e627e57f14f 9b5da0f38d8842d2a3643e627e57f14f] 10.0.0.62 "GET /allocation_candidates?limit=1000&resources=DISK_GB%3A1%2CMEMORY_MB%3A512%2CVCPU%3A1&root_required=%21COMPUTE_STATUS_DISABLED" status: 200 len: 2783 microversion: 1.36 [pid: 8|app: 0|req: 457/912] 10.0.0.62 () {34 vars in 1011 bytes} [Wed May 13 02:11:13 2026] GET /allocation_candidates?limit=1000&resources=DISK_GB%3A1%2CMEMORY_MB%3A512%2CVCPU%3A1&root_required=%21COMPUTE_STATUS_DISABLED => generated 2783 bytes in 37 msecs (HTTP/1.1 200) 8 headers in 297 bytes (1 switches on core 0)
2026-05-13 02:11:13.885 7 INFO placement.requestlog [req-11b86e17-7524-4520-a37e-43a471a2286b req-01e2218c-9b61-4d56-b4f7-3265229cb60c aa0f5fcd941748a0b84751b2a798b11c c0ecf53a847f421da6691b2467ea7b41 - - 9b5da0f38d8842d2a3643e627e57f14f 9b5da0f38d8842d2a3643e627e57f14f] 10.0.0.62 "GET /allocations/c98d60b7-2cb6-4bde-9a82-cba98b1513e5" status: 200 len: 19 microversion: 1.28 [pid: 7|app: 0|req: 456/913] 10.0.0.62 () {34 vars in 860 bytes} [Wed May 13 02:11:13 2026] GET /allocations/c98d60b7-2cb6-4bde-9a82-cba98b1513e5 => generated 19 bytes in 15 msecs (HTTP/1.1 200) 8 headers in 295 bytes (1 switches on core 0)
2026-05-13 02:11:13.947 8 INFO placement.requestlog [req-11b86e17-7524-4520-a37e-43a471a2286b req-8e39688e-6f9d-4dcf-ba34-2d246faa8ba6 aa0f5fcd941748a0b84751b2a798b11c c0ecf53a847f421da6691b2467ea7b41 - - 9b5da0f38d8842d2a3643e627e57f14f 9b5da0f38d8842d2a3643e627e57f14f] 10.0.0.62 "PUT /allocations/c98d60b7-2cb6-4bde-9a82-cba98b1513e5" status: 204 len: 0 microversion: 1.36 [pid: 8|app: 0|req: 458/914] 10.0.0.62 () {38 vars in 913 bytes} [Wed May 13 02:11:13 2026] PUT /allocations/c98d60b7-2cb6-4bde-9a82-cba98b1513e5 => generated 0 bytes in 54 msecs (HTTP/1.1 204) 5 headers in 199 bytes (1 switches on core 0)
2026-05-13 02:11:14.191 7 INFO placement.requestlog [req-59607b8b-499b-4319-b616-233ec161003f req-f5b53661-6a9b-4f48-a062-3015d702ca9d aa0f5fcd941748a0b84751b2a798b11c c0ecf53a847f421da6691b2467ea7b41 - - 9b5da0f38d8842d2a3643e627e57f14f 9b5da0f38d8842d2a3643e627e57f14f] 199.204.45.74 "DELETE /allocations/1d97077a-7ad6-4b91-981b-381ab34779bb" status: 204 len: 0 microversion: 1.0 [pid: 7|app: 0|req: 457/915] 199.204.45.74 () {34 vars in 840 bytes} [Wed May 13 02:11:14 2026] DELETE /allocations/1d97077a-7ad6-4b91-981b-381ab34779bb => generated 0 bytes in 23 msecs (HTTP/1.1 204) 5 headers in 198 bytes (1 switches on core 0)
2026-05-13 02:11:15.493 8 INFO placement.requestlog [req-11b86e17-7524-4520-a37e-43a471a2286b req-893a0476-25e4-4155-a164-8c7be861df5f aa0f5fcd941748a0b84751b2a798b11c c0ecf53a847f421da6691b2467ea7b41 - - 9b5da0f38d8842d2a3643e627e57f14f 9b5da0f38d8842d2a3643e627e57f14f] 199.204.45.74 "GET /allocations/c98d60b7-2cb6-4bde-9a82-cba98b1513e5" status: 200 len: 258 microversion: 1.28 [pid: 8|app: 0|req: 459/916] 199.204.45.74 () {34 vars in 862 bytes} [Wed May 13 02:11:15 2026] GET /allocations/c98d60b7-2cb6-4bde-9a82-cba98b1513e5 => generated 258 bytes in 14 msecs (HTTP/1.1 200) 8 headers in 296 bytes (1 switches on core 0)
2026-05-13 02:11:15.527 7 INFO placement.requestlog [None req-83e5816d-b814-481a-8851-b915ad9d7de1 b659663df2a04d23964e67dc1739b783 c0ecf53a847f421da6691b2467ea7b41 - - 9b5da0f38d8842d2a3643e627e57f14f 9b5da0f38d8842d2a3643e627e57f14f] 10.0.0.247 "GET /resource_providers/80069623-a91e-44d2-a031-6453260c74c6/aggregates" status: 404 len: 235 microversion: 1.1 [pid: 7|app: 0|req: 458/917] 10.0.0.247 () {32 vars in 816 bytes} [Wed May 13 02:11:15 2026] GET /resource_providers/80069623-a91e-44d2-a031-6453260c74c6/aggregates => generated 235 bytes in 10 msecs (HTTP/1.1 404) 5 headers in 202 bytes (1 switches on core 0)
2026-05-13 02:11:15.530 8 INFO placement.requestlog [None req-24e64b43-9552-4f07-acb6-f368f5863ffc b659663df2a04d23964e67dc1739b783 c0ecf53a847f421da6691b2467ea7b41 - - 9b5da0f38d8842d2a3643e627e57f14f 9b5da0f38d8842d2a3643e627e57f14f] 10.0.0.247 "GET /resource_providers/80069623-a91e-44d2-a031-6453260c74c6/aggregates" status: 404 len: 235 microversion: 1.1 [pid: 8|app: 0|req: 460/918] 10.0.0.247 () {32 vars in 816 bytes} [Wed May 13 02:11:15 2026] GET /resource_providers/80069623-a91e-44d2-a031-6453260c74c6/aggregates => generated 235 bytes in 11 msecs (HTTP/1.1 404) 5 headers in 202 bytes (1 switches on core 0)
2026-05-13 02:11:15.549 7 INFO placement.requestlog [None req-7b56d6e7-28c9-4bd5-84f3-3ab48851d713 b659663df2a04d23964e67dc1739b783 c0ecf53a847f421da6691b2467ea7b41 - - 9b5da0f38d8842d2a3643e627e57f14f 9b5da0f38d8842d2a3643e627e57f14f] 10.0.0.247 "DELETE /resource_providers/80069623-a91e-44d2-a031-6453260c74c6" status: 404 len: 246 microversion: 1.1 [pid: 7|app: 0|req: 459/919] 10.0.0.247 () {34 vars in 816 bytes} [Wed May 13 02:11:15 2026] DELETE /resource_providers/80069623-a91e-44d2-a031-6453260c74c6 => generated 246 bytes in 9 msecs (HTTP/1.1 404) 6 headers in 231 bytes (1 switches on core 0)
2026-05-13 02:11:15.557 8 INFO placement.requestlog [None req-fa6a14a4-d38b-4cf7-8eab-8f9abad45460 b659663df2a04d23964e67dc1739b783 c0ecf53a847f421da6691b2467ea7b41 - - 9b5da0f38d8842d2a3643e627e57f14f 9b5da0f38d8842d2a3643e627e57f14f] 10.0.0.247 "DELETE /resource_providers/80069623-a91e-44d2-a031-6453260c74c6" status: 404 len: 246 microversion: 1.1 [pid: 8|app: 0|req: 461/920] 10.0.0.247 () {34 vars in 816 bytes} [Wed May 13 02:11:15 2026] DELETE /resource_providers/80069623-a91e-44d2-a031-6453260c74c6 => generated 246 bytes in 12 msecs (HTTP/1.1 404) 6 headers in 231 bytes (1 switches on core 0)
2026-05-13 02:11:16.531 7 INFO placement.requestlog [req-11b86e17-7524-4520-a37e-43a471a2286b req-9b430866-0bd4-474e-b8c1-dd666ab6c744 aa0f5fcd941748a0b84751b2a798b11c c0ecf53a847f421da6691b2467ea7b41 - - 9b5da0f38d8842d2a3643e627e57f14f 9b5da0f38d8842d2a3643e627e57f14f] 199.204.45.74 "GET /resource_providers/1fe32522-f14f-4f5a-ae6b-1db4e2529c83/allocations" status: 200 len: 153 microversion: 1.0 [pid: 7|app: 0|req: 460/921] 199.204.45.74 () {32 vars in 856 bytes} [Wed May 13 02:11:16 2026] GET /resource_providers/1fe32522-f14f-4f5a-ae6b-1db4e2529c83/allocations => generated 153 bytes in 12 msecs (HTTP/1.1 200) 6 headers in 224 bytes (1 switches on core 0)
2026-05-13 02:11:16.556 8 INFO placement.requestlog [req-11b86e17-7524-4520-a37e-43a471a2286b req-521d8293-ce46-415c-bb19-a7f00decf8f6 aa0f5fcd941748a0b84751b2a798b11c c0ecf53a847f421da6691b2467ea7b41 - - 9b5da0f38d8842d2a3643e627e57f14f 9b5da0f38d8842d2a3643e627e57f14f] 199.204.45.74 "GET /allocations/c98d60b7-2cb6-4bde-9a82-cba98b1513e5" status: 200 len: 258 microversion: 1.28 [pid: 8|app: 0|req: 462/922] 199.204.45.74 () {34 vars in 862 bytes} [Wed May 13 02:11:16 2026] GET /allocations/c98d60b7-2cb6-4bde-9a82-cba98b1513e5 => generated 258 bytes in 16 msecs (HTTP/1.1 200) 8 headers in 296 bytes (1 switches on core 0)
2026-05-13 02:11:17.579 7 INFO placement.requestlog [None req-6e793c63-f07b-4152-b2ba-a5f9b476cd4c b659663df2a04d23964e67dc1739b783 c0ecf53a847f421da6691b2467ea7b41 - - 9b5da0f38d8842d2a3643e627e57f14f 9b5da0f38d8842d2a3643e627e57f14f] 10.0.0.247 "GET /resource_providers/bafe4259-fde9-46ca-82db-798009c5d2fb/aggregates" status: 404 len: 235 microversion: 1.1 [pid: 7|app: 0|req: 461/923] 10.0.0.247 () {32 vars in 816 bytes} [Wed May 13 02:11:17 2026] GET /resource_providers/bafe4259-fde9-46ca-82db-798009c5d2fb/aggregates => generated 235 bytes in 10 msecs (HTTP/1.1 404) 5 headers in 202 bytes (1 switches on core 0)
2026-05-13 02:11:17.592 8 INFO placement.requestlog [None req-3701ad62-dcd3-4f3e-b69d-00e38e779153 b659663df2a04d23964e67dc1739b783 c0ecf53a847f421da6691b2467ea7b41 - - 9b5da0f38d8842d2a3643e627e57f14f 9b5da0f38d8842d2a3643e627e57f14f] 10.0.0.247 "GET /resource_providers/bafe4259-fde9-46ca-82db-798009c5d2fb/aggregates" status: 404 len: 235 microversion: 1.1 [pid: 8|app: 0|req: 463/924] 10.0.0.247 () {32 vars in 816 bytes} [Wed May 13 02:11:17 2026] GET /resource_providers/bafe4259-fde9-46ca-82db-798009c5d2fb/aggregates => generated 235 bytes in 18 msecs (HTTP/1.1 404) 5 headers in 202 bytes (1 switches on core 0)
2026-05-13 02:11:17.596 7 INFO placement.requestlog [None req-9ed9ac25-1339-4d0b-8e26-03a8e93229ac b659663df2a04d23964e67dc1739b783 c0ecf53a847f421da6691b2467ea7b41 - - 9b5da0f38d8842d2a3643e627e57f14f 9b5da0f38d8842d2a3643e627e57f14f] 10.0.0.247 "DELETE /resource_providers/bafe4259-fde9-46ca-82db-798009c5d2fb" status: 404 len: 246 microversion: 1.1 [pid: 7|app: 0|req: 462/925] 10.0.0.247 () {34 vars in 816 bytes} [Wed May 13 02:11:17 2026] DELETE /resource_providers/bafe4259-fde9-46ca-82db-798009c5d2fb => generated 246 bytes in 7 msecs (HTTP/1.1 404) 6 headers in 231 bytes (1 switches on core 0)
2026-05-13 02:11:17.633 8 INFO placement.requestlog [None req-ae15f7c6-e3d9-4382-a89f-384a5c0b2b2b b659663df2a04d23964e67dc1739b783 c0ecf53a847f421da6691b2467ea7b41 - - 9b5da0f38d8842d2a3643e627e57f14f 9b5da0f38d8842d2a3643e627e57f14f] 10.0.0.247 "DELETE /resource_providers/bafe4259-fde9-46ca-82db-798009c5d2fb" status: 404 len: 246 microversion: 1.1 [pid: 8|app: 0|req: 464/926] 10.0.0.247 () {34 vars in 816 bytes} [Wed May 13 02:11:17 2026] DELETE /resource_providers/bafe4259-fde9-46ca-82db-798009c5d2fb => generated 246 bytes in 22 msecs (HTTP/1.1 404) 6 headers in 231 bytes (1 switches on core 0)
