2026-05-13 02:13:36.755 7 INFO placement.requestlog [None req-340a09de-54ab-49f9-bfa3-93b36b4571f1 b659663df2a04d23964e67dc1739b783 c0ecf53a847f421da6691b2467ea7b41 - - 9b5da0f38d8842d2a3643e627e57f14f 9b5da0f38d8842d2a3643e627e57f14f] 10.0.0.247 "DELETE /resource_providers/1a6576d4-4c34-4729-af13-836063df3ba1" status: 404 len: 246 microversion: 1.1 [pid: 7|app: 0|req: 586/1186] 10.0.0.247 () {34 vars in 816 bytes} [Wed May 13 02:13:36 2026] DELETE /resource_providers/1a6576d4-4c34-4729-af13-836063df3ba1 => generated 246 bytes in 9 msecs (HTTP/1.1 404) 6 headers in 231 bytes (1 switches on core 0)
2026-05-13 02:13:36.770 8 INFO placement.requestlog [None req-e7ec4ba8-7728-4026-ab62-de4a9715c41e b659663df2a04d23964e67dc1739b783 c0ecf53a847f421da6691b2467ea7b41 - - 9b5da0f38d8842d2a3643e627e57f14f 9b5da0f38d8842d2a3643e627e57f14f] 10.0.0.247 "DELETE /resource_providers/1a6576d4-4c34-4729-af13-836063df3ba1" status: 404 len: 246 microversion: 1.1 [pid: 8|app: 0|req: 601/1187] 10.0.0.247 () {34 vars in 816 bytes} [Wed May 13 02:13:36 2026] DELETE /resource_providers/1a6576d4-4c34-4729-af13-836063df3ba1 => generated 246 bytes in 20 msecs (HTTP/1.1 404) 6 headers in 231 bytes (1 switches on core 0)
2026-05-13 02:13:38.775 7 INFO placement.requestlog [None req-5badc7b3-dcdc-4617-a9b8-bd58514c11d1 b659663df2a04d23964e67dc1739b783 c0ecf53a847f421da6691b2467ea7b41 - - 9b5da0f38d8842d2a3643e627e57f14f 9b5da0f38d8842d2a3643e627e57f14f] 10.0.0.247 "GET /resource_providers/f542eaf3-01e0-415a-bf7e-460d58857ddd/aggregates" status: 404 len: 235 microversion: 1.1 [pid: 7|app: 0|req: 587/1188] 10.0.0.247 () {32 vars in 816 bytes} [Wed May 13 02:13:38 2026] GET /resource_providers/f542eaf3-01e0-415a-bf7e-460d58857ddd/aggregates => generated 235 bytes in 10 msecs (HTTP/1.1 404) 5 headers in 202 bytes (1 switches on core 0)
2026-05-13 02:13:38.791 8 INFO placement.requestlog [None req-ac60c362-af65-4d69-b9f4-6e777ff6283d b659663df2a04d23964e67dc1739b783 c0ecf53a847f421da6691b2467ea7b41 - - 9b5da0f38d8842d2a3643e627e57f14f 9b5da0f38d8842d2a3643e627e57f14f] 10.0.0.247 "GET /resource_providers/f542eaf3-01e0-415a-bf7e-460d58857ddd/aggregates" status: 404 len: 235 microversion: 1.1 [pid: 8|app: 0|req: 602/1189] 10.0.0.247 () {32 vars in 816 bytes} [Wed May 13 02:13:38 2026] GET /resource_providers/f542eaf3-01e0-415a-bf7e-460d58857ddd/aggregates => generated 235 bytes in 12 msecs (HTTP/1.1 404) 5 headers in 202 bytes (1 switches on core 0)
2026-05-13 02:13:38.796 7 INFO placement.requestlog [None req-25953f4a-1e40-4e86-9808-4b2343034ce4 b659663df2a04d23964e67dc1739b783 c0ecf53a847f421da6691b2467ea7b41 - - 9b5da0f38d8842d2a3643e627e57f14f 9b5da0f38d8842d2a3643e627e57f14f] 10.0.0.247 "DELETE /resource_providers/f542eaf3-01e0-415a-bf7e-460d58857ddd" status: 404 len: 246 microversion: 1.1 [pid: 7|app: 0|req: 588/1190] 10.0.0.247 () {34 vars in 816 bytes} [Wed May 13 02:13:38 2026] DELETE /resource_providers/f542eaf3-01e0-415a-bf7e-460d58857ddd => generated 246 bytes in 15 msecs (HTTP/1.1 404) 6 headers in 231 bytes (1 switches on core 0)
2026-05-13 02:13:38.814 8 INFO placement.requestlog [None req-0aa1aff3-4442-4c06-ba48-400651266877 b659663df2a04d23964e67dc1739b783 c0ecf53a847f421da6691b2467ea7b41 - - 9b5da0f38d8842d2a3643e627e57f14f 9b5da0f38d8842d2a3643e627e57f14f] 10.0.0.247 "DELETE /resource_providers/f542eaf3-01e0-415a-bf7e-460d58857ddd" status: 404 len: 246 microversion: 1.1 [pid: 8|app: 0|req: 603/1191] 10.0.0.247 () {34 vars in 816 bytes} [Wed May 13 02:13:38 2026] DELETE /resource_providers/f542eaf3-01e0-415a-bf7e-460d58857ddd => generated 246 bytes in 15 msecs (HTTP/1.1 404) 6 headers in 231 bytes (1 switches on core 0)
2026-05-13 02:13:40.333 7 INFO placement.requestlog [None req-8ce3e216-7409-44a8-877a-86f0b7886762 - - - - - -] 10.0.0.177 "GET /" status: 200 len: 136 microversion: 1.0
2026-05-13 02:13:40.334 8 INFO placement.requestlog [None req-e1d421eb-684a-4ed8-8a1c-3bd8284363bd - - - - - -] 10.0.0.177 "GET /" status: 200 len: 136 microversion: 1.0
2026-05-13 02:13:40.819 7 INFO placement.requestlog [None req-36a6494b-62e3-4bd4-8985-c36e664dcc32 b659663df2a04d23964e67dc1739b783 c0ecf53a847f421da6691b2467ea7b41 - - 9b5da0f38d8842d2a3643e627e57f14f 9b5da0f38d8842d2a3643e627e57f14f] 10.0.0.247 "GET /resource_providers/b0ece664-1c34-4cac-9950-2f5418162f4a/aggregates" status: 404 len: 235 microversion: 1.1 [pid: 7|app: 0|req: 590/1194] 10.0.0.247 () {32 vars in 816 bytes} [Wed May 13 02:13:40 2026] GET /resource_providers/b0ece664-1c34-4cac-9950-2f5418162f4a/aggregates => generated 235 bytes in 11 msecs (HTTP/1.1 404) 5 headers in 202 bytes (1 switches on core 0)
2026-05-13 02:13:40.836 8 INFO placement.requestlog [None req-564763dc-9ac6-49ee-bcd4-620bb9dd5f4a b659663df2a04d23964e67dc1739b783 c0ecf53a847f421da6691b2467ea7b41 - - 9b5da0f38d8842d2a3643e627e57f14f 9b5da0f38d8842d2a3643e627e57f14f] 10.0.0.247 "GET /resource_providers/b0ece664-1c34-4cac-9950-2f5418162f4a/aggregates" status: 404 len: 235 microversion: 1.1 [pid: 8|app: 0|req: 605/1195] 10.0.0.247 () {32 vars in 816 bytes} [Wed May 13 02:13:40 2026] GET /resource_providers/b0ece664-1c34-4cac-9950-2f5418162f4a/aggregates => generated 235 bytes in 8 msecs (HTTP/1.1 404) 5 headers in 202 bytes (1 switches on core 0)
2026-05-13 02:13:40.840 7 INFO placement.requestlog [None req-e718b07d-7235-4a88-bb70-3feeae082d1c b659663df2a04d23964e67dc1739b783 c0ecf53a847f421da6691b2467ea7b41 - - 9b5da0f38d8842d2a3643e627e57f14f 9b5da0f38d8842d2a3643e627e57f14f] 10.0.0.247 "DELETE /resource_providers/b0ece664-1c34-4cac-9950-2f5418162f4a" status: 404 len: 246 microversion: 1.1 [pid: 7|app: 0|req: 591/1196] 10.0.0.247 () {34 vars in 816 bytes} [Wed May 13 02:13:40 2026] DELETE /resource_providers/b0ece664-1c34-4cac-9950-2f5418162f4a => generated 246 bytes in 11 msecs (HTTP/1.1 404) 6 headers in 231 bytes (1 switches on core 0)
2026-05-13 02:13:40.848 8 INFO placement.requestlog [None req-56cd841d-8abf-44e5-ae98-ff5f2bf54fe6 b659663df2a04d23964e67dc1739b783 c0ecf53a847f421da6691b2467ea7b41 - - 9b5da0f38d8842d2a3643e627e57f14f 9b5da0f38d8842d2a3643e627e57f14f] 10.0.0.247 "DELETE /resource_providers/b0ece664-1c34-4cac-9950-2f5418162f4a" status: 404 len: 246 microversion: 1.1 [pid: 8|app: 0|req: 606/1197] 10.0.0.247 () {34 vars in 816 bytes} [Wed May 13 02:13:40 2026] DELETE /resource_providers/b0ece664-1c34-4cac-9950-2f5418162f4a => generated 246 bytes in 6 msecs (HTTP/1.1 404) 6 headers in 231 bytes (1 switches on core 0)
2026-05-13 02:13:50.333 7 INFO placement.requestlog [None req-49a2f04b-58f2-433e-88e4-b44628b39231 - - - - - -] 10.0.0.177 "GET /" status: 200 len: 136 microversion: 1.0
2026-05-13 02:13:50.333 8 INFO placement.requestlog [None req-a758147d-0f23-4de0-b1b4-556e0381e61f - - - - - -] 10.0.0.177 "GET /" status: 200 len: 136 microversion: 1.0
2026-05-13 02:13:52.095 8 INFO placement.requestlog [None req-1afefbc4-a5e7-4bb7-9128-d9b30ff53423 b659663df2a04d23964e67dc1739b783 c0ecf53a847f421da6691b2467ea7b41 - - 9b5da0f38d8842d2a3643e627e57f14f 9b5da0f38d8842d2a3643e627e57f14f] 10.0.0.247 "GET /resource_providers/a5bdc8a9-7d77-4123-98f0-54022d70e875/aggregates" status: 404 len: 235 microversion: 1.1 [pid: 8|app: 0|req: 608/1200] 10.0.0.247 () {32 vars in 816 bytes} [Wed May 13 02:13:52 2026] GET /resource_providers/a5bdc8a9-7d77-4123-98f0-54022d70e875/aggregates => generated 235 bytes in 93 msecs (HTTP/1.1 404) 5 headers in 202 bytes (1 switches on core 0)
2026-05-13 02:13:52.108 8 INFO placement.requestlog [None req-f225684b-7597-4e33-aad9-28e83d90cbda b659663df2a04d23964e67dc1739b783 c0ecf53a847f421da6691b2467ea7b41 - - 9b5da0f38d8842d2a3643e627e57f14f 9b5da0f38d8842d2a3643e627e57f14f] 10.0.0.247 "DELETE /resource_providers/a5bdc8a9-7d77-4123-98f0-54022d70e875" status: 404 len: 246 microversion: 1.1 [pid: 8|app: 0|req: 609/1201] 10.0.0.247 () {34 vars in 816 bytes} [Wed May 13 02:13:52 2026] DELETE /resource_providers/a5bdc8a9-7d77-4123-98f0-54022d70e875 => generated 246 bytes in 6 msecs (HTTP/1.1 404) 6 headers in 231 bytes (1 switches on core 0)
2026-05-13 02:13:52.231 7 INFO placement.requestlog [None req-8b788fc0-35c4-472a-ad1a-a2892104dded b659663df2a04d23964e67dc1739b783 c0ecf53a847f421da6691b2467ea7b41 - - 9b5da0f38d8842d2a3643e627e57f14f 9b5da0f38d8842d2a3643e627e57f14f] 10.0.0.247 "GET /resource_providers/a5bdc8a9-7d77-4123-98f0-54022d70e875/aggregates" status: 404 len: 235 microversion: 1.1 [pid: 7|app: 0|req: 593/1202] 10.0.0.247 () {32 vars in 816 bytes} [Wed May 13 02:13:52 2026] GET /resource_providers/a5bdc8a9-7d77-4123-98f0-54022d70e875/aggregates => generated 235 bytes in 230 msecs (HTTP/1.1 404) 5 headers in 202 bytes (1 switches on core 0)
2026-05-13 02:13:52.250 8 INFO placement.requestlog [None req-1103a74c-11e5-414b-804b-f12c0b7556a5 b659663df2a04d23964e67dc1739b783 c0ecf53a847f421da6691b2467ea7b41 - - 9b5da0f38d8842d2a3643e627e57f14f 9b5da0f38d8842d2a3643e627e57f14f] 10.0.0.247 "DELETE /resource_providers/a5bdc8a9-7d77-4123-98f0-54022d70e875" status: 404 len: 246 microversion: 1.1 [pid: 8|app: 0|req: 610/1203] 10.0.0.247 () {34 vars in 816 bytes} [Wed May 13 02:13:52 2026] DELETE /resource_providers/a5bdc8a9-7d77-4123-98f0-54022d70e875 => generated 246 bytes in 11 msecs (HTTP/1.1 404) 6 headers in 231 bytes (1 switches on core 0)
2026-05-13 02:13:58.455 7 INFO placement.requestlog [None req-390b683c-93cc-4522-939b-ab72850f7f3a b659663df2a04d23964e67dc1739b783 c0ecf53a847f421da6691b2467ea7b41 - - 9b5da0f38d8842d2a3643e627e57f14f 9b5da0f38d8842d2a3643e627e57f14f] 10.0.0.247 "GET /resource_providers/b730bf19-329c-44d1-8ac4-f8ae689101e6/aggregates" status: 404 len: 235 microversion: 1.1 [pid: 7|app: 0|req: 594/1204] 10.0.0.247 () {32 vars in 816 bytes} [Wed May 13 02:13:58 2026] GET /resource_providers/b730bf19-329c-44d1-8ac4-f8ae689101e6/aggregates => generated 235 bytes in 10 msecs (HTTP/1.1 404) 5 headers in 202 bytes (1 switches on core 0)
2026-05-13 02:13:58.461 8 INFO placement.requestlog [None req-049ab731-346f-4841-9e73-fe6788bcc444 b659663df2a04d23964e67dc1739b783 c0ecf53a847f421da6691b2467ea7b41 - - 9b5da0f38d8842d2a3643e627e57f14f 9b5da0f38d8842d2a3643e627e57f14f] 10.0.0.247 "GET /resource_providers/b730bf19-329c-44d1-8ac4-f8ae689101e6/aggregates" status: 404 len: 235 microversion: 1.1 [pid: 8|app: 0|req: 611/1205] 10.0.0.247 () {32 vars in 816 bytes} [Wed May 13 02:13:58 2026] GET /resource_providers/b730bf19-329c-44d1-8ac4-f8ae689101e6/aggregates => generated 235 bytes in 15 msecs (HTTP/1.1 404) 5 headers in 202 bytes (1 switches on core 0)
2026-05-13 02:13:58.473 7 INFO placement.requestlog [None req-5f3ab6a0-f2ac-41ae-a18d-f42ad165074e b659663df2a04d23964e67dc1739b783 c0ecf53a847f421da6691b2467ea7b41 - - 9b5da0f38d8842d2a3643e627e57f14f 9b5da0f38d8842d2a3643e627e57f14f] 10.0.0.247 "DELETE /resource_providers/b730bf19-329c-44d1-8ac4-f8ae689101e6" status: 404 len: 246 microversion: 1.1 [pid: 7|app: 0|req: 595/1206] 10.0.0.247 () {34 vars in 816 bytes} [Wed May 13 02:13:58 2026] DELETE /resource_providers/b730bf19-329c-44d1-8ac4-f8ae689101e6 => generated 246 bytes in 9 msecs (HTTP/1.1 404) 6 headers in 231 bytes (1 switches on core 0)
2026-05-13 02:13:58.480 8 INFO placement.requestlog [None req-9642abad-4a2e-47b7-a6f4-2862ad21f98f b659663df2a04d23964e67dc1739b783 c0ecf53a847f421da6691b2467ea7b41 - - 9b5da0f38d8842d2a3643e627e57f14f 9b5da0f38d8842d2a3643e627e57f14f] 10.0.0.247 "DELETE /resource_providers/b730bf19-329c-44d1-8ac4-f8ae689101e6" status: 404 len: 246 microversion: 1.1 [pid: 8|app: 0|req: 612/1207] 10.0.0.247 () {34 vars in 816 bytes} [Wed May 13 02:13:58 2026] DELETE /resource_providers/b730bf19-329c-44d1-8ac4-f8ae689101e6 => generated 246 bytes in 8 msecs (HTTP/1.1 404) 6 headers in 231 bytes (1 switches on core 0)
2026-05-13 02:14:00.334 8 INFO placement.requestlog [None req-8e07bc35-b1b0-4bda-acef-b901177c6d92 - - - - - -] 10.0.0.177 "GET /" status: 200 len: 136 microversion: 1.0
2026-05-13 02:14:00.334 7 INFO placement.requestlog [None req-d19648c7-94f8-4356-9860-d28a180e7488 - - - - - -] 10.0.0.177 "GET /" status: 200 len: 136 microversion: 1.0
2026-05-13 02:14:06.772 7 INFO placement.requestlog [req-e1464564-8bc9-4e21-91fb-d5b5ca29046f req-34a756a9-a15c-4348-b168-965003f74a0b aa0f5fcd941748a0b84751b2a798b11c c0ecf53a847f421da6691b2467ea7b41 - - 9b5da0f38d8842d2a3643e627e57f14f 9b5da0f38d8842d2a3643e627e57f14f] 199.204.45.74 "GET /resource_providers/1fe32522-f14f-4f5a-ae6b-1db4e2529c83/allocations" status: 200 len: 340 microversion: 1.0 [pid: 7|app: 0|req: 597/1210] 199.204.45.74 () {32 vars in 856 bytes} [Wed May 13 02:14:06 2026] GET /resource_providers/1fe32522-f14f-4f5a-ae6b-1db4e2529c83/allocations => generated 340 bytes in 158 msecs (HTTP/1.1 200) 6 headers in 224 bytes (1 switches on core 0)
2026-05-13 02:14:06.917 8 INFO placement.requestlog [None req-a7cca0b5-9aab-40a2-8650-7d886206c9d6 b659663df2a04d23964e67dc1739b783 c0ecf53a847f421da6691b2467ea7b41 - - 9b5da0f38d8842d2a3643e627e57f14f 9b5da0f38d8842d2a3643e627e57f14f] 10.0.0.247 "GET /resource_providers/7cb2e0ea-4707-4056-9205-06afc294517a/aggregates" status: 404 len: 235 microversion: 1.1 [pid: 8|app: 0|req: 614/1211] 10.0.0.247 () {32 vars in 816 bytes} [Wed May 13 02:14:06 2026] GET /resource_providers/7cb2e0ea-4707-4056-9205-06afc294517a/aggregates => generated 235 bytes in 243 msecs (HTTP/1.1 404) 5 headers in 202 bytes (1 switches on core 0)
2026-05-13 02:14:06.919 7 INFO placement.requestlog [None req-1a4bad0d-3655-4664-a891-0bdadd070a73 b659663df2a04d23964e67dc1739b783 c0ecf53a847f421da6691b2467ea7b41 - - 9b5da0f38d8842d2a3643e627e57f14f 9b5da0f38d8842d2a3643e627e57f14f] 10.0.0.247 "GET /resource_providers/7cb2e0ea-4707-4056-9205-06afc294517a/aggregates" status: 404 len: 235 microversion: 1.1 [pid: 7|app: 0|req: 598/1212] 10.0.0.247 () {32 vars in 816 bytes} [Wed May 13 02:14:06 2026] GET /resource_providers/7cb2e0ea-4707-4056-9205-06afc294517a/aggregates => generated 235 bytes in 147 msecs (HTTP/1.1 404) 5 headers in 202 bytes (1 switches on core 0)
2026-05-13 02:14:06.931 8 INFO placement.requestlog [req-e1464564-8bc9-4e21-91fb-d5b5ca29046f req-4b72f950-6a55-4e5d-b2af-aa8f77254b8f aa0f5fcd941748a0b84751b2a798b11c c0ecf53a847f421da6691b2467ea7b41 - - 9b5da0f38d8842d2a3643e627e57f14f 9b5da0f38d8842d2a3643e627e57f14f] 199.204.45.74 "GET /resource_providers?in_tree=1fe32522-f14f-4f5a-ae6b-1db4e2529c83" status: 200 len: 798 microversion: 1.14 [pid: 8|app: 0|req: 615/1213] 199.204.45.74 () {34 vars in 891 bytes} [Wed May 13 02:14:06 2026] GET /resource_providers?in_tree=1fe32522-f14f-4f5a-ae6b-1db4e2529c83 => generated 798 bytes in 13 msecs (HTTP/1.1 200) 6 headers in 225 bytes (1 switches on core 0)
2026-05-13 02:14:06.937 7 INFO placement.requestlog [None req-fc2b41c3-0b02-4027-a065-ab5c3caa6a1d b659663df2a04d23964e67dc1739b783 c0ecf53a847f421da6691b2467ea7b41 - - 9b5da0f38d8842d2a3643e627e57f14f 9b5da0f38d8842d2a3643e627e57f14f] 10.0.0.247 "DELETE /resource_providers/7cb2e0ea-4707-4056-9205-06afc294517a" status: 404 len: 246 microversion: 1.1 [pid: 7|app: 0|req: 599/1214] 10.0.0.247 () {34 vars in 816 bytes} [Wed May 13 02:14:06 2026] DELETE /resource_providers/7cb2e0ea-4707-4056-9205-06afc294517a => generated 246 bytes in 8 msecs (HTTP/1.1 404) 6 headers in 231 bytes (1 switches on core 0)
2026-05-13 02:14:06.940 8 INFO placement.requestlog [None req-cdc1916d-78aa-4592-883f-1fd24cda33e5 b659663df2a04d23964e67dc1739b783 c0ecf53a847f421da6691b2467ea7b41 - - 9b5da0f38d8842d2a3643e627e57f14f 9b5da0f38d8842d2a3643e627e57f14f] 10.0.0.247 "DELETE /resource_providers/7cb2e0ea-4707-4056-9205-06afc294517a" status: 404 len: 246 microversion: 1.1 [pid: 8|app: 0|req: 616/1215] 10.0.0.247 () {34 vars in 816 bytes} [Wed May 13 02:14:06 2026] DELETE /resource_providers/7cb2e0ea-4707-4056-9205-06afc294517a => generated 246 bytes in 8 msecs (HTTP/1.1 404) 6 headers in 231 bytes (1 switches on core 0)
2026-05-13 02:14:06.948 7 INFO placement.requestlog [req-e1464564-8bc9-4e21-91fb-d5b5ca29046f req-d9aab304-e339-4712-b901-0d76dfa45085 aa0f5fcd941748a0b84751b2a798b11c c0ecf53a847f421da6691b2467ea7b41 - - 9b5da0f38d8842d2a3643e627e57f14f 9b5da0f38d8842d2a3643e627e57f14f] 199.204.45.74 "GET /resource_providers/1fe32522-f14f-4f5a-ae6b-1db4e2529c83/inventories" status: 200 len: 401 microversion: 1.0 [pid: 7|app: 0|req: 600/1216] 199.204.45.74 () {32 vars in 856 bytes} [Wed May 13 02:14:06 2026] GET /resource_providers/1fe32522-f14f-4f5a-ae6b-1db4e2529c83/inventories => generated 401 bytes in 8 msecs (HTTP/1.1 200) 6 headers in 224 bytes (1 switches on core 0)
2026-05-13 02:14:06.981 8 INFO placement.requestlog [req-e1464564-8bc9-4e21-91fb-d5b5ca29046f req-83ea5627-1fc4-4c45-9e38-c6efc8cc457d aa0f5fcd941748a0b84751b2a798b11c c0ecf53a847f421da6691b2467ea7b41 - - 9b5da0f38d8842d2a3643e627e57f14f 9b5da0f38d8842d2a3643e627e57f14f] 199.204.45.74 "GET /resource_providers/1fe32522-f14f-4f5a-ae6b-1db4e2529c83/aggregates" status: 200 len: 54 microversion: 1.19 [pid: 8|app: 0|req: 617/1217] 199.204.45.74 () {34 vars in 898 bytes} [Wed May 13 02:14:06 2026] GET /resource_providers/1fe32522-f14f-4f5a-ae6b-1db4e2529c83/aggregates => generated 54 bytes in 18 msecs (HTTP/1.1 200) 8 headers in 295 bytes (1 switches on core 0)
2026-05-13 02:14:07.009 7 INFO placement.requestlog [req-e1464564-8bc9-4e21-91fb-d5b5ca29046f req-976d13f1-537d-4cac-97d7-cc2076b967fd aa0f5fcd941748a0b84751b2a798b11c c0ecf53a847f421da6691b2467ea7b41 - - 9b5da0f38d8842d2a3643e627e57f14f 9b5da0f38d8842d2a3643e627e57f14f] 199.204.45.74 "GET /resource_providers/1fe32522-f14f-4f5a-ae6b-1db4e2529c83/traits" status: 200 len: 2317 microversion: 1.6 [pid: 7|app: 0|req: 601/1218] 199.204.45.74 () {34 vars in 889 bytes} [Wed May 13 02:14:06 2026] GET /resource_providers/1fe32522-f14f-4f5a-ae6b-1db4e2529c83/traits => generated 2317 bytes in 19 msecs (HTTP/1.1 200) 6 headers in 225 bytes (1 switches on core 0)
2026-05-13 02:14:07.041 8 INFO placement.requestlog [req-e1464564-8bc9-4e21-91fb-d5b5ca29046f req-bdd16b71-492d-4744-bf6e-a048df4f7618 aa0f5fcd941748a0b84751b2a798b11c c0ecf53a847f421da6691b2467ea7b41 - - 9b5da0f38d8842d2a3643e627e57f14f 9b5da0f38d8842d2a3643e627e57f14f] 199.204.45.74 "GET /resource_providers/1fe32522-f14f-4f5a-ae6b-1db4e2529c83/allocations" status: 200 len: 340 microversion: 1.0 [pid: 8|app: 0|req: 618/1219] 199.204.45.74 () {32 vars in 856 bytes} [Wed May 13 02:14:07 2026] GET /resource_providers/1fe32522-f14f-4f5a-ae6b-1db4e2529c83/allocations => generated 340 bytes in 25 msecs (HTTP/1.1 200) 6 headers in 224 bytes (1 switches on core 0)
2026-05-13 02:14:07.060 7 INFO placement.requestlog [req-e1464564-8bc9-4e21-91fb-d5b5ca29046f req-881d0dfa-e5a9-4bf4-b437-ceef0c192f10 aa0f5fcd941748a0b84751b2a798b11c c0ecf53a847f421da6691b2467ea7b41 - - 9b5da0f38d8842d2a3643e627e57f14f 9b5da0f38d8842d2a3643e627e57f14f] 199.204.45.74 "GET /allocations/eb89e343-dc1b-49f8-bb9c-b53d4169e981" status: 200 len: 245 microversion: 1.28 [pid: 7|app: 0|req: 602/1220] 199.204.45.74 () {34 vars in 862 bytes} [Wed May 13 02:14:07 2026] GET /allocations/eb89e343-dc1b-49f8-bb9c-b53d4169e981 => generated 245 bytes in 13 msecs (HTTP/1.1 200) 8 headers in 296 bytes (1 switches on core 0)
2026-05-13 02:14:07.096 8 INFO placement.requestlog [req-e1464564-8bc9-4e21-91fb-d5b5ca29046f req-4d4ca166-0dad-4aa5-8f0e-532946942669 aa0f5fcd941748a0b84751b2a798b11c c0ecf53a847f421da6691b2467ea7b41 - - 9b5da0f38d8842d2a3643e627e57f14f 9b5da0f38d8842d2a3643e627e57f14f] 199.204.45.74 "GET /allocations/c98d60b7-2cb6-4bde-9a82-cba98b1513e5" status: 200 len: 258 microversion: 1.28 [pid: 8|app: 0|req: 619/1221] 199.204.45.74 () {34 vars in 862 bytes} [Wed May 13 02:14:07 2026] GET /allocations/c98d60b7-2cb6-4bde-9a82-cba98b1513e5 => generated 258 bytes in 21 msecs (HTTP/1.1 200) 8 headers in 296 bytes (1 switches on core 0)
2026-05-13 02:14:07.115 7 INFO placement.requestlog [req-e1464564-8bc9-4e21-91fb-d5b5ca29046f req-457168a9-b1e1-41ea-93db-784c251fe0ff aa0f5fcd941748a0b84751b2a798b11c c0ecf53a847f421da6691b2467ea7b41 - - 9b5da0f38d8842d2a3643e627e57f14f 9b5da0f38d8842d2a3643e627e57f14f] 199.204.45.74 "GET /allocations/c791ff05-9ad5-4fd1-b179-676b4df0a33a" status: 200 len: 258 microversion: 1.28 [pid: 7|app: 0|req: 603/1222] 199.204.45.74 () {34 vars in 862 bytes} [Wed May 13 02:14:07 2026] GET /allocations/c791ff05-9ad5-4fd1-b179-676b4df0a33a => generated 258 bytes in 11 msecs (HTTP/1.1 200) 8 headers in 296 bytes (1 switches on core 0)
2026-05-13 02:14:10.333 8 INFO placement.requestlog [None req-313e2f0f-d8eb-4733-a9d3-fddfcad94d94 - - - - - -] 10.0.0.177 "GET /" status: 200 len: 136 microversion: 1.0
2026-05-13 02:14:10.333 7 INFO placement.requestlog [None req-7724fdcb-d472-4971-abca-57d68de31284 - - - - - -] 10.0.0.177 "GET /" status: 200 len: 136 microversion: 1.0
2026-05-13 02:14:20.332 8 INFO placement.requestlog [None req-7fd6d95e-d8bc-4e18-8aa8-4c949a2f1051 - - - - - -] 10.0.0.177 "GET /" status: 200 len: 136 microversion: 1.0
2026-05-13 02:14:20.332 7 INFO placement.requestlog [None req-caafa8cc-b202-4edf-bb02-69dd7bd455de - - - - - -] 10.0.0.177 "GET /" status: 200 len: 136 microversion: 1.0
2026-05-13 02:14:30.332 8 INFO placement.requestlog [None req-b5d37f74-82cc-4c58-a543-a1835985dbb8 - - - - - -] 10.0.0.177 "GET /" status: 200 len: 136 microversion: 1.0
2026-05-13 02:14:30.336 7 INFO placement.requestlog [None req-ce80eac1-ae2d-4d16-88af-eb1a3115e878 - - - - - -] 10.0.0.177 "GET /" status: 200 len: 136 microversion: 1.0
2026-05-13 02:14:40.333 7 INFO placement.requestlog [None req-71570740-895d-4839-acab-9ca8acad7aa4 - - - - - -] 10.0.0.177 "GET /" status: 200 len: 136 microversion: 1.0
2026-05-13 02:14:40.333 8 INFO placement.requestlog [None req-dc77e265-6983-45c0-ba9d-8666cf482f9c - - - - - -] 10.0.0.177 "GET /" status: 200 len: 136 microversion: 1.0
2026-05-13 02:14:50.333 8 INFO placement.requestlog [None req-4b946a84-4215-4e55-bd8c-f163c4cd75bf - - - - - -] 10.0.0.177 "GET /" status: 200 len: 136 microversion: 1.0
2026-05-13 02:14:50.333 7 INFO placement.requestlog [None req-a87b665e-74ed-41c0-9b70-822ee9adc00f - - - - - -] 10.0.0.177 "GET /" status: 200 len: 136 microversion: 1.0
2026-05-13 02:15:00.333 8 INFO placement.requestlog [None req-ba8b6b90-dd08-437c-8453-8c70feac654d - - - - - -] 10.0.0.177 "GET /" status: 200 len: 136 microversion: 1.0
2026-05-13 02:15:00.333 7 INFO placement.requestlog [None req-d3cb7192-298c-4df2-92f3-dd670b345b5d - - - - - -] 10.0.0.177 "GET /" status: 200 len: 136 microversion: 1.0
2026-05-13 02:15:06.675 8 INFO placement.requestlog [req-39a4cb8d-d415-4d26-a713-e66208334fe6 req-a098f339-4036-48b6-b613-69a256e53c60 aa0f5fcd941748a0b84751b2a798b11c c0ecf53a847f421da6691b2467ea7b41 - - 9b5da0f38d8842d2a3643e627e57f14f 9b5da0f38d8842d2a3643e627e57f14f] 199.204.45.74 "GET /resource_providers/1fe32522-f14f-4f5a-ae6b-1db4e2529c83/allocations" status: 200 len: 340 microversion: 1.0 [pid: 8|app: 0|req: 626/1235] 199.204.45.74 () {32 vars in 856 bytes} [Wed May 13 02:15:06 2026] GET /resource_providers/1fe32522-f14f-4f5a-ae6b-1db4e2529c83/allocations => generated 340 bytes in 18 msecs (HTTP/1.1 200) 6 headers in 224 bytes (1 switches on core 0)
2026-05-13 02:15:06.699 7 INFO placement.requestlog [req-39a4cb8d-d415-4d26-a713-e66208334fe6 req-99107d6c-4dba-4149-b0f5-95b1b2fc6724 aa0f5fcd941748a0b84751b2a798b11c c0ecf53a847f421da6691b2467ea7b41 - - 9b5da0f38d8842d2a3643e627e57f14f 9b5da0f38d8842d2a3643e627e57f14f] 199.204.45.74 "GET /resource_providers/1fe32522-f14f-4f5a-ae6b-1db4e2529c83/allocations" status: 200 len: 340 microversion: 1.0 [pid: 7|app: 0|req: 610/1236] 199.204.45.74 () {32 vars in 856 bytes} [Wed May 13 02:15:06 2026] GET /resource_providers/1fe32522-f14f-4f5a-ae6b-1db4e2529c83/allocations => generated 340 bytes in 17 msecs (HTTP/1.1 200) 6 headers in 224 bytes (1 switches on core 0)
2026-05-13 02:15:06.722 8 INFO placement.requestlog [req-39a4cb8d-d415-4d26-a713-e66208334fe6 req-fabfb0dd-df3a-4bc3-b327-f54a24e447bf aa0f5fcd941748a0b84751b2a798b11c c0ecf53a847f421da6691b2467ea7b41 - - 9b5da0f38d8842d2a3643e627e57f14f 9b5da0f38d8842d2a3643e627e57f14f] 199.204.45.74 "GET /allocations/eb89e343-dc1b-49f8-bb9c-b53d4169e981" status: 200 len: 245 microversion: 1.28 [pid: 8|app: 0|req: 627/1237] 199.204.45.74 () {34 vars in 862 bytes} [Wed May 13 02:15:06 2026] GET /allocations/eb89e343-dc1b-49f8-bb9c-b53d4169e981 => generated 245 bytes in 14 msecs (HTTP/1.1 200) 8 headers in 296 bytes (1 switches on core 0)
2026-05-13 02:15:06.744 7 INFO placement.requestlog [req-39a4cb8d-d415-4d26-a713-e66208334fe6 req-6cc27bf2-56da-4f0b-84e8-a681ecef1bcd aa0f5fcd941748a0b84751b2a798b11c c0ecf53a847f421da6691b2467ea7b41 - - 9b5da0f38d8842d2a3643e627e57f14f 9b5da0f38d8842d2a3643e627e57f14f] 199.204.45.74 "GET /allocations/c98d60b7-2cb6-4bde-9a82-cba98b1513e5" status: 200 len: 258 microversion: 1.28 [pid: 7|app: 0|req: 611/1238] 199.204.45.74 () {34 vars in 862 bytes} [Wed May 13 02:15:06 2026] GET /allocations/c98d60b7-2cb6-4bde-9a82-cba98b1513e5 => generated 258 bytes in 13 msecs (HTTP/1.1 200) 8 headers in 296 bytes (1 switches on core 0)
2026-05-13 02:15:06.774 8 INFO placement.requestlog [req-39a4cb8d-d415-4d26-a713-e66208334fe6 req-77612526-f329-4f3f-81f2-e523151ea9d5 aa0f5fcd941748a0b84751b2a798b11c c0ecf53a847f421da6691b2467ea7b41 - - 9b5da0f38d8842d2a3643e627e57f14f 9b5da0f38d8842d2a3643e627e57f14f] 199.204.45.74 "GET /allocations/c791ff05-9ad5-4fd1-b179-676b4df0a33a" status: 200 len: 258 microversion: 1.28 [pid: 8|app: 0|req: 628/1239] 199.204.45.74 () {34 vars in 862 bytes} [Wed May 13 02:15:06 2026] GET /allocations/c791ff05-9ad5-4fd1-b179-676b4df0a33a => generated 258 bytes in 23 msecs (HTTP/1.1 200) 8 headers in 296 bytes (1 switches on core 0)
2026-05-13 02:15:09.871 7 INFO placement.requestlog [req-62384727-5f10-4c5e-94c2-4978c3fd72c4 req-3e0d2876-f89a-4237-9ed1-1ed2703ba711 aa0f5fcd941748a0b84751b2a798b11c c0ecf53a847f421da6691b2467ea7b41 - - 9b5da0f38d8842d2a3643e627e57f14f 9b5da0f38d8842d2a3643e627e57f14f] 199.204.45.74 "GET /resource_providers/1fe32522-f14f-4f5a-ae6b-1db4e2529c83/allocations" status: 200 len: 340 microversion: 1.0 [pid: 7|app: 0|req: 612/1240] 199.204.45.74 () {32 vars in 856 bytes} [Wed May 13 02:15:09 2026] GET /resource_providers/1fe32522-f14f-4f5a-ae6b-1db4e2529c83/allocations => generated 340 bytes in 15 msecs (HTTP/1.1 200) 6 headers in 224 bytes (1 switches on core 0)
2026-05-13 02:15:09.892 8 INFO placement.requestlog [req-62384727-5f10-4c5e-94c2-4978c3fd72c4 req-cc84c0e2-6876-4b48-85da-d8cac463b3dc aa0f5fcd941748a0b84751b2a798b11c c0ecf53a847f421da6691b2467ea7b41 - - 9b5da0f38d8842d2a3643e627e57f14f 9b5da0f38d8842d2a3643e627e57f14f] 199.204.45.74 "GET /allocations/eb89e343-dc1b-49f8-bb9c-b53d4169e981" status: 200 len: 245 microversion: 1.28 [pid: 8|app: 0|req: 629/1241] 199.204.45.74 () {34 vars in 862 bytes} [Wed May 13 02:15:09 2026] GET /allocations/eb89e343-dc1b-49f8-bb9c-b53d4169e981 => generated 245 bytes in 13 msecs (HTTP/1.1 200) 8 headers in 296 bytes (1 switches on core 0)
2026-05-13 02:15:09.916 7 INFO placement.requestlog [req-62384727-5f10-4c5e-94c2-4978c3fd72c4 req-5ab0a363-7f9f-4d17-82ca-8526ef379a8a aa0f5fcd941748a0b84751b2a798b11c c0ecf53a847f421da6691b2467ea7b41 - - 9b5da0f38d8842d2a3643e627e57f14f 9b5da0f38d8842d2a3643e627e57f14f] 199.204.45.74 "GET /allocations/c98d60b7-2cb6-4bde-9a82-cba98b1513e5" status: 200 len: 258 microversion: 1.28 [pid: 7|app: 0|req: 613/1242] 199.204.45.74 () {34 vars in 862 bytes} [Wed May 13 02:15:09 2026] GET /allocations/c98d60b7-2cb6-4bde-9a82-cba98b1513e5 => generated 258 bytes in 12 msecs (HTTP/1.1 200) 8 headers in 296 bytes (1 switches on core 0)
2026-05-13 02:15:09.937 8 INFO placement.requestlog [req-62384727-5f10-4c5e-94c2-4978c3fd72c4 req-68b5e91a-115f-4f99-8a60-dd58be48a05f aa0f5fcd941748a0b84751b2a798b11c c0ecf53a847f421da6691b2467ea7b41 - - 9b5da0f38d8842d2a3643e627e57f14f 9b5da0f38d8842d2a3643e627e57f14f] 199.204.45.74 "GET /allocations/c791ff05-9ad5-4fd1-b179-676b4df0a33a" status: 200 len: 258 microversion: 1.28 [pid: 8|app: 0|req: 630/1243] 199.204.45.74 () {34 vars in 862 bytes} [Wed May 13 02:15:09 2026] GET /allocations/c791ff05-9ad5-4fd1-b179-676b4df0a33a => generated 258 bytes in 12 msecs (HTTP/1.1 200) 8 headers in 296 bytes (1 switches on core 0)
2026-05-13 02:15:10.333 7 INFO placement.requestlog [None req-5ed6b765-9c49-4d8e-a611-d58c8662ee9d - - - - - -] 10.0.0.177 "GET /" status: 200 len: 136 microversion: 1.0
2026-05-13 02:15:10.333 8 INFO placement.requestlog [None req-6035b719-d3e3-4ab5-bead-5fffbe72715c - - - - - -] 10.0.0.177 "GET /" status: 200 len: 136 microversion: 1.0
2026-05-13 02:15:10.979 7 INFO placement.requestlog [req-62384727-5f10-4c5e-94c2-4978c3fd72c4 req-a0bc9b8b-3472-45f4-b6d5-d9821eba6787 aa0f5fcd941748a0b84751b2a798b11c c0ecf53a847f421da6691b2467ea7b41 - - 9b5da0f38d8842d2a3643e627e57f14f 9b5da0f38d8842d2a3643e627e57f14f] 199.204.45.74 "DELETE /allocations/eb89e343-dc1b-49f8-bb9c-b53d4169e981" status: 204 len: 0 microversion: 1.0 [pid: 7|app: 0|req: 615/1246] 199.204.45.74 () {34 vars in 840 bytes} [Wed May 13 02:15:10 2026] DELETE /allocations/eb89e343-dc1b-49f8-bb9c-b53d4169e981 => generated 0 bytes in 18 msecs (HTTP/1.1 204) 5 headers in 198 bytes (1 switches on core 0)
2026-05-13 02:15:13.515 8 INFO placement.requestlog [req-5d770d63-6466-4b78-997b-7560311c06ef req-7e28dfee-6ab4-431d-a388-3fba250dc6cf aa0f5fcd941748a0b84751b2a798b11c c0ecf53a847f421da6691b2467ea7b41 - - 9b5da0f38d8842d2a3643e627e57f14f 9b5da0f38d8842d2a3643e627e57f14f] 199.204.45.74 "GET /resource_providers/1fe32522-f14f-4f5a-ae6b-1db4e2529c83/allocations" status: 200 len: 253 microversion: 1.0 [pid: 8|app: 0|req: 632/1247] 199.204.45.74 () {32 vars in 856 bytes} [Wed May 13 02:15:13 2026] GET /resource_providers/1fe32522-f14f-4f5a-ae6b-1db4e2529c83/allocations => generated 253 bytes in 17 msecs (HTTP/1.1 200) 6 headers in 224 bytes (1 switches on core 0)
2026-05-13 02:15:13.533 7 INFO placement.requestlog [req-5d770d63-6466-4b78-997b-7560311c06ef req-c2c308ef-372e-45c5-a491-705f33ebc356 aa0f5fcd941748a0b84751b2a798b11c c0ecf53a847f421da6691b2467ea7b41 - - 9b5da0f38d8842d2a3643e627e57f14f 9b5da0f38d8842d2a3643e627e57f14f] 199.204.45.74 "GET /allocations/c98d60b7-2cb6-4bde-9a82-cba98b1513e5" status: 200 len: 258 microversion: 1.28 [pid: 7|app: 0|req: 616/1248] 199.204.45.74 () {34 vars in 862 bytes} [Wed May 13 02:15:13 2026] GET /allocations/c98d60b7-2cb6-4bde-9a82-cba98b1513e5 => generated 258 bytes in 11 msecs (HTTP/1.1 200) 8 headers in 296 bytes (1 switches on core 0)
2026-05-13 02:15:13.555 8 INFO placement.requestlog [req-5d770d63-6466-4b78-997b-7560311c06ef req-5cb51269-3048-4037-aff1-8bb6bdef3973 aa0f5fcd941748a0b84751b2a798b11c c0ecf53a847f421da6691b2467ea7b41 - - 9b5da0f38d8842d2a3643e627e57f14f 9b5da0f38d8842d2a3643e627e57f14f] 199.204.45.74 "GET /allocations/c791ff05-9ad5-4fd1-b179-676b4df0a33a" status: 200 len: 258 microversion: 1.28 [pid: 8|app: 0|req: 633/1249] 199.204.45.74 () {34 vars in 862 bytes} [Wed May 13 02:15:13 2026] GET /allocations/c791ff05-9ad5-4fd1-b179-676b4df0a33a => generated 258 bytes in 15 msecs (HTTP/1.1 200) 8 headers in 296 bytes (1 switches on core 0)
2026-05-13 02:15:14.602 7 INFO placement.requestlog [req-5d770d63-6466-4b78-997b-7560311c06ef req-e9c5fad1-dde0-491f-bbfe-072cf4d4577f aa0f5fcd941748a0b84751b2a798b11c c0ecf53a847f421da6691b2467ea7b41 - - 9b5da0f38d8842d2a3643e627e57f14f 9b5da0f38d8842d2a3643e627e57f14f] 199.204.45.74 "DELETE /allocations/c791ff05-9ad5-4fd1-b179-676b4df0a33a" status: 204 len: 0 microversion: 1.0 [pid: 7|app: 0|req: 617/1250] 199.204.45.74 () {34 vars in 840 bytes} [Wed May 13 02:15:14 2026] DELETE /allocations/c791ff05-9ad5-4fd1-b179-676b4df0a33a => generated 0 bytes in 23 msecs (HTTP/1.1 204) 5 headers in 198 bytes (1 switches on core 0)
2026-05-13 02:15:20.333 8 INFO placement.requestlog [None req-e5d398a2-43f6-4e3e-8db1-ccf865e9feaa - - - - - -] 10.0.0.177 "GET /" status: 200 len: 136 microversion: 1.0
2026-05-13 02:15:20.333 7 INFO placement.requestlog [None req-b7644804-30a0-4cfd-bcdc-1ef95250e85b - - - - - -] 10.0.0.177 "GET /" status: 200 len: 136 microversion: 1.0
2026-05-13 02:15:24.666 7 INFO placement.requestlog [req-49ae2da5-6bb3-499a-8d04-70840f52cdec req-74019aca-92e6-44d2-803f-1096a7248095 aa0f5fcd941748a0b84751b2a798b11c c0ecf53a847f421da6691b2467ea7b41 - - 9b5da0f38d8842d2a3643e627e57f14f 9b5da0f38d8842d2a3643e627e57f14f] 199.204.45.74 "GET /resource_providers/1fe32522-f14f-4f5a-ae6b-1db4e2529c83/allocations" status: 200 len: 153 microversion: 1.0 [pid: 7|app: 0|req: 619/1253] 199.204.45.74 () {32 vars in 856 bytes} [Wed May 13 02:15:24 2026] GET /resource_providers/1fe32522-f14f-4f5a-ae6b-1db4e2529c83/allocations => generated 153 bytes in 18 msecs (HTTP/1.1 200) 6 headers in 224 bytes (1 switches on core 0)
2026-05-13 02:15:24.685 8 INFO placement.requestlog [req-49ae2da5-6bb3-499a-8d04-70840f52cdec req-2e8dc0ae-258b-4afe-8bcb-24ecd48e9291 aa0f5fcd941748a0b84751b2a798b11c c0ecf53a847f421da6691b2467ea7b41 - - 9b5da0f38d8842d2a3643e627e57f14f 9b5da0f38d8842d2a3643e627e57f14f] 199.204.45.74 "GET /allocations/c98d60b7-2cb6-4bde-9a82-cba98b1513e5" status: 200 len: 258 microversion: 1.28 [pid: 8|app: 0|req: 635/1254] 199.204.45.74 () {34 vars in 862 bytes} [Wed May 13 02:15:24 2026] GET /allocations/c98d60b7-2cb6-4bde-9a82-cba98b1513e5 => generated 258 bytes in 13 msecs (HTTP/1.1 200) 8 headers in 296 bytes (1 switches on core 0)
2026-05-13 02:15:25.736 7 INFO placement.requestlog [req-49ae2da5-6bb3-499a-8d04-70840f52cdec req-7633e819-60dd-4c1c-b174-2fb752dd8337 aa0f5fcd941748a0b84751b2a798b11c c0ecf53a847f421da6691b2467ea7b41 - - 9b5da0f38d8842d2a3643e627e57f14f 9b5da0f38d8842d2a3643e627e57f14f] 199.204.45.74 "DELETE /allocations/c98d60b7-2cb6-4bde-9a82-cba98b1513e5" status: 204 len: 0 microversion: 1.0 [pid: 7|app: 0|req: 620/1255] 199.204.45.74 () {34 vars in 840 bytes} [Wed May 13 02:15:25 2026] DELETE /allocations/c98d60b7-2cb6-4bde-9a82-cba98b1513e5 => generated 0 bytes in 27 msecs (HTTP/1.1 204) 5 headers in 198 bytes (1 switches on core 0)
2026-05-13 02:15:30.333 8 INFO placement.requestlog [None req-5ac55b9b-46f7-4f81-843e-50aa45b88492 - - - - - -] 10.0.0.177 "GET /" status: 200 len: 136 microversion: 1.0
2026-05-13 02:15:30.333 7 INFO placement.requestlog [None req-3e0cc9a8-39fa-4459-92ce-adcf4690723b - - - - - -] 10.0.0.177 "GET /" status: 200 len: 136 microversion: 1.0
2026-05-13 02:15:35.535 7 INFO placement.requestlog [None req-196bedb7-0520-456a-8c3f-a722d0547df1 b659663df2a04d23964e67dc1739b783 c0ecf53a847f421da6691b2467ea7b41 - - 9b5da0f38d8842d2a3643e627e57f14f 9b5da0f38d8842d2a3643e627e57f14f] 10.0.0.247 "GET /resource_providers/cb7260cb-cea8-4728-8d81-62eca1626ebc/aggregates" status: 404 len: 235 microversion: 1.1 [pid: 7|app: 0|req: 622/1258] 10.0.0.247 () {32 vars in 816 bytes} [Wed May 13 02:15:35 2026] GET /resource_providers/cb7260cb-cea8-4728-8d81-62eca1626ebc/aggregates => generated 235 bytes in 10 msecs (HTTP/1.1 404) 5 headers in 202 bytes (1 switches on core 0)
2026-05-13 02:15:35.537 8 INFO placement.requestlog [None req-febf2a3a-cfcc-45ad-b04b-1b6079220ccc b659663df2a04d23964e67dc1739b783 c0ecf53a847f421da6691b2467ea7b41 - - 9b5da0f38d8842d2a3643e627e57f14f 9b5da0f38d8842d2a3643e627e57f14f] 10.0.0.247 "GET /resource_providers/cb7260cb-cea8-4728-8d81-62eca1626ebc/aggregates" status: 404 len: 235 microversion: 1.1 [pid: 8|app: 0|req: 637/1259] 10.0.0.247 () {32 vars in 816 bytes} [Wed May 13 02:15:35 2026] GET /resource_providers/cb7260cb-cea8-4728-8d81-62eca1626ebc/aggregates => generated 235 bytes in 12 msecs (HTTP/1.1 404) 5 headers in 202 bytes (1 switches on core 0)
2026-05-13 02:15:35.556 8 INFO placement.requestlog [None req-8c893a27-d7df-47e8-8b3e-bad6e2f3ef32 b659663df2a04d23964e67dc1739b783 c0ecf53a847f421da6691b2467ea7b41 - - 9b5da0f38d8842d2a3643e627e57f14f 9b5da0f38d8842d2a3643e627e57f14f] 10.0.0.247 "DELETE /resource_providers/cb7260cb-cea8-4728-8d81-62eca1626ebc" status: 404 len: 246 microversion: 1.1 [pid: 8|app: 0|req: 638/1260] 10.0.0.247 () {34 vars in 816 bytes} [Wed May 13 02:15:35 2026] DELETE /resource_providers/cb7260cb-cea8-4728-8d81-62eca1626ebc => generated 246 bytes in 8 msecs (HTTP/1.1 404) 6 headers in 231 bytes (1 switches on core 0)
2026-05-13 02:15:35.557 7 INFO placement.requestlog [None req-23676bc1-2ff0-4a4c-9cf6-243ffd82c198 b659663df2a04d23964e67dc1739b783 c0ecf53a847f421da6691b2467ea7b41 - - 9b5da0f38d8842d2a3643e627e57f14f 9b5da0f38d8842d2a3643e627e57f14f] 10.0.0.247 "DELETE /resource_providers/cb7260cb-cea8-4728-8d81-62eca1626ebc" status: 404 len: 246 microversion: 1.1 [pid: 7|app: 0|req: 623/1261] 10.0.0.247 () {34 vars in 816 bytes} [Wed May 13 02:15:35 2026] DELETE /resource_providers/cb7260cb-cea8-4728-8d81-62eca1626ebc => generated 246 bytes in 10 msecs (HTTP/1.1 404) 6 headers in 231 bytes (1 switches on core 0)
2026-05-13 02:15:37.572 8 INFO placement.requestlog [None req-8a220450-0ecc-410b-91fd-487b6a2e6061 b659663df2a04d23964e67dc1739b783 c0ecf53a847f421da6691b2467ea7b41 - - 9b5da0f38d8842d2a3643e627e57f14f 9b5da0f38d8842d2a3643e627e57f14f] 10.0.0.247 "GET /resource_providers/38cfdfb4-47ef-4e86-b0e8-7303d4b42963/aggregates" status: 404 len: 235 microversion: 1.1 [pid: 8|app: 0|req: 639/1262] 10.0.0.247 () {32 vars in 816 bytes} [Wed May 13 02:15:37 2026] GET /resource_providers/38cfdfb4-47ef-4e86-b0e8-7303d4b42963/aggregates => generated 235 bytes in 7 msecs (HTTP/1.1 404) 5 headers in 202 bytes (1 switches on core 0)
2026-05-13 02:15:37.579 7 INFO placement.requestlog [None req-2fb9e60b-cdf0-4975-9d97-f0f38b7e6212 b659663df2a04d23964e67dc1739b783 c0ecf53a847f421da6691b2467ea7b41 - - 9b5da0f38d8842d2a3643e627e57f14f 9b5da0f38d8842d2a3643e627e57f14f] 10.0.0.247 "GET /resource_providers/38cfdfb4-47ef-4e86-b0e8-7303d4b42963/aggregates" status: 404 len: 235 microversion: 1.1 [pid: 7|app: 0|req: 624/1263] 10.0.0.247 () {32 vars in 816 bytes} [Wed May 13 02:15:37 2026] GET /resource_providers/38cfdfb4-47ef-4e86-b0e8-7303d4b42963/aggregates => generated 235 bytes in 12 msecs (HTTP/1.1 404) 5 headers in 202 bytes (1 switches on core 0)
2026-05-13 02:15:37.585 8 INFO placement.requestlog [None req-72531574-5994-4a22-a4d6-6e0fda52b644 b659663df2a04d23964e67dc1739b783 c0ecf53a847f421da6691b2467ea7b41 - - 9b5da0f38d8842d2a3643e627e57f14f 9b5da0f38d8842d2a3643e627e57f14f] 10.0.0.247 "DELETE /resource_providers/38cfdfb4-47ef-4e86-b0e8-7303d4b42963" status: 404 len: 246 microversion: 1.1 [pid: 8|app: 0|req: 640/1264] 10.0.0.247 () {34 vars in 816 bytes} [Wed May 13 02:15:37 2026] DELETE /resource_providers/38cfdfb4-47ef-4e86-b0e8-7303d4b42963 => generated 246 bytes in 6 msecs (HTTP/1.1 404) 6 headers in 231 bytes (1 switches on core 0)
2026-05-13 02:15:37.597 8 INFO placement.requestlog [None req-c33eeacb-45cc-45b4-9a23-1fafff25117a b659663df2a04d23964e67dc1739b783 c0ecf53a847f421da6691b2467ea7b41 - - 9b5da0f38d8842d2a3643e627e57f14f 9b5da0f38d8842d2a3643e627e57f14f] 10.0.0.247 "GET /resource_providers/943641f7-034e-4375-a73d-75aa204dcc4b/aggregates" status: 404 len: 235 microversion: 1.1 [pid: 8|app: 0|req: 641/1265] 10.0.0.247 () {32 vars in 816 bytes} [Wed May 13 02:15:37 2026] GET /resource_providers/943641f7-034e-4375-a73d-75aa204dcc4b/aggregates => generated 235 bytes in 7 msecs (HTTP/1.1 404) 5 headers in 202 bytes (1 switches on core 0)
2026-05-13 02:15:37.598 7 INFO placement.requestlog [None req-60265bba-2b26-47ab-8183-ea136a4e1785 b659663df2a04d23964e67dc1739b783 c0ecf53a847f421da6691b2467ea7b41 - - 9b5da0f38d8842d2a3643e627e57f14f 9b5da0f38d8842d2a3643e627e57f14f] 10.0.0.247 "DELETE /resource_providers/38cfdfb4-47ef-4e86-b0e8-7303d4b42963" status: 404 len: 246 microversion: 1.1 [pid: 7|app: 0|req: 625/1266] 10.0.0.247 () {34 vars in 816 bytes} [Wed May 13 02:15:37 2026] DELETE /resource_providers/38cfdfb4-47ef-4e86-b0e8-7303d4b42963 => generated 246 bytes in 10 msecs (HTTP/1.1 404) 6 headers in 231 bytes (1 switches on core 0)
2026-05-13 02:15:37.616 7 INFO placement.requestlog [None req-dfd5016f-6a8a-4b14-b9f2-a5d776cdb232 b659663df2a04d23964e67dc1739b783 c0ecf53a847f421da6691b2467ea7b41 - - 9b5da0f38d8842d2a3643e627e57f14f 9b5da0f38d8842d2a3643e627e57f14f] 10.0.0.247 "GET /resource_providers/943641f7-034e-4375-a73d-75aa204dcc4b/aggregates" status: 404 len: 235 microversion: 1.1 [pid: 7|app: 0|req: 626/1267] 10.0.0.247 () {32 vars in 816 bytes} [Wed May 13 02:15:37 2026] GET /resource_providers/943641f7-034e-4375-a73d-75aa204dcc4b/aggregates => generated 235 bytes in 7 msecs (HTTP/1.1 404) 5 headers in 202 bytes (1 switches on core 0)
2026-05-13 02:15:37.617 8 INFO placement.requestlog [None req-03bbe8dd-42ad-4067-be45-9ff6009dedf0 b659663df2a04d23964e67dc1739b783 c0ecf53a847f421da6691b2467ea7b41 - - 9b5da0f38d8842d2a3643e627e57f14f 9b5da0f38d8842d2a3643e627e57f14f] 10.0.0.247 "DELETE /resource_providers/943641f7-034e-4375-a73d-75aa204dcc4b" status: 404 len: 246 microversion: 1.1 [pid: 8|app: 0|req: 642/1268] 10.0.0.247 () {34 vars in 816 bytes} [Wed May 13 02:15:37 2026] DELETE /resource_providers/943641f7-034e-4375-a73d-75aa204dcc4b => generated 246 bytes in 11 msecs (HTTP/1.1 404) 6 headers in 231 bytes (1 switches on core 0)
2026-05-13 02:15:37.634 7 INFO placement.requestlog [None req-53edbbde-c453-48ed-9563-8584c597ca6e b659663df2a04d23964e67dc1739b783 c0ecf53a847f421da6691b2467ea7b41 - - 9b5da0f38d8842d2a3643e627e57f14f 9b5da0f38d8842d2a3643e627e57f14f] 10.0.0.247 "DELETE /resource_providers/943641f7-034e-4375-a73d-75aa204dcc4b" status: 404 len: 246 microversion: 1.1 [pid: 7|app: 0|req: 627/1269] 10.0.0.247 () {34 vars in 816 bytes} [Wed May 13 02:15:37 2026] DELETE /resource_providers/943641f7-034e-4375-a73d-75aa204dcc4b => generated 246 bytes in 9 msecs (HTTP/1.1 404) 6 headers in 231 bytes (1 switches on core 0)
2026-05-13 02:15:37.636 8 INFO placement.requestlog [None req-4a17a550-7169-40e2-a755-0c18e3c9118a b659663df2a04d23964e67dc1739b783 c0ecf53a847f421da6691b2467ea7b41 - - 9b5da0f38d8842d2a3643e627e57f14f 9b5da0f38d8842d2a3643e627e57f14f] 10.0.0.247 "GET /resource_providers/6f540629-ff62-4e93-8554-1ca85bee0b61/aggregates" status: 404 len: 235 microversion: 1.1 [pid: 8|app: 0|req: 643/1270] 10.0.0.247 () {32 vars in 816 bytes} [Wed May 13 02:15:37 2026] GET /resource_providers/6f540629-ff62-4e93-8554-1ca85bee0b61/aggregates => generated 235 bytes in 10 msecs (HTTP/1.1 404) 5 headers in 202 bytes (1 switches on core 0)
2026-05-13 02:15:37.647 7 INFO placement.requestlog [None req-c3520a7c-7d07-467d-8960-077716c5a67a b659663df2a04d23964e67dc1739b783 c0ecf53a847f421da6691b2467ea7b41 - - 9b5da0f38d8842d2a3643e627e57f14f 9b5da0f38d8842d2a3643e627e57f14f] 10.0.0.247 "GET /resource_providers/6f540629-ff62-4e93-8554-1ca85bee0b61/aggregates" status: 404 len: 235 microversion: 1.1 [pid: 7|app: 0|req: 628/1271] 10.0.0.247 () {32 vars in 816 bytes} [Wed May 13 02:15:37 2026] GET /resource_providers/6f540629-ff62-4e93-8554-1ca85bee0b61/aggregates => generated 235 bytes in 5 msecs (HTTP/1.1 404) 5 headers in 202 bytes (1 switches on core 0)
2026-05-13 02:15:37.654 8 INFO placement.requestlog [None req-d055907e-15be-4035-aafd-897af989d8a2 b659663df2a04d23964e67dc1739b783 c0ecf53a847f421da6691b2467ea7b41 - - 9b5da0f38d8842d2a3643e627e57f14f 9b5da0f38d8842d2a3643e627e57f14f] 10.0.0.247 "DELETE /resource_providers/6f540629-ff62-4e93-8554-1ca85bee0b61" status: 404 len: 246 microversion: 1.1 [pid: 8|app: 0|req: 644/1272] 10.0.0.247 () {34 vars in 816 bytes} [Wed May 13 02:15:37 2026] DELETE /resource_providers/6f540629-ff62-4e93-8554-1ca85bee0b61 => generated 246 bytes in 11 msecs (HTTP/1.1 404) 6 headers in 231 bytes (1 switches on core 0)
2026-05-13 02:15:37.661 7 INFO placement.requestlog [None req-23a32809-3c77-43af-b52a-54912fd5d9ea b659663df2a04d23964e67dc1739b783 c0ecf53a847f421da6691b2467ea7b41 - - 9b5da0f38d8842d2a3643e627e57f14f 9b5da0f38d8842d2a3643e627e57f14f] 10.0.0.247 "DELETE /resource_providers/6f540629-ff62-4e93-8554-1ca85bee0b61" status: 404 len: 246 microversion: 1.1 [pid: 7|app: 0|req: 629/1273] 10.0.0.247 () {34 vars in 816 bytes} [Wed May 13 02:15:37 2026] DELETE /resource_providers/6f540629-ff62-4e93-8554-1ca85bee0b61 => generated 246 bytes in 7 msecs (HTTP/1.1 404) 6 headers in 231 bytes (1 switches on core 0)
2026-05-13 02:15:40.333 7 INFO placement.requestlog [None req-ef49298a-776d-4486-b12d-f7762729dcda - - - - - -] 10.0.0.177 "GET /" status: 200 len: 136 microversion: 1.0
2026-05-13 02:15:40.333 8 INFO placement.requestlog [None req-301b0e0e-ae64-4465-a1f1-8448f26b6046 - - - - - -] 10.0.0.177 "GET /" status: 200 len: 136 microversion: 1.0
2026-05-13 02:15:50.333 8 INFO placement.requestlog [None req-6c332a08-04d9-4b08-9a9d-bdde294a15a5 - - - - - -] 10.0.0.177 "GET /" status: 200 len: 136 microversion: 1.0
2026-05-13 02:15:50.333 7 INFO placement.requestlog [None req-60a57d34-80c1-4085-94c1-f39e50093fa6 - - - - - -] 10.0.0.177 "GET /" status: 200 len: 136 microversion: 1.0
2026-05-13 02:16:00.333 8 INFO placement.requestlog [None req-e263188b-d052-4a6b-8ff6-253f45762438 - - - - - -] 10.0.0.177 "GET /" status: 200 len: 136 microversion: 1.0
2026-05-13 02:16:00.333 7 INFO placement.requestlog [None req-26200490-800b-444b-9d30-3f79f0ef6bdc - - - - - -] 10.0.0.177 "GET /" status: 200 len: 136 microversion: 1.0
2026-05-13 02:16:05.371 8 INFO placement.requestlog [req-c7952043-f24c-4ab6-b4c2-63dcad022ff7 req-364e046c-c1a3-4c37-97e5-cb011615b149 aa0f5fcd941748a0b84751b2a798b11c c0ecf53a847f421da6691b2467ea7b41 - - 9b5da0f38d8842d2a3643e627e57f14f 9b5da0f38d8842d2a3643e627e57f14f] 199.204.45.74 "GET /resource_providers/1fe32522-f14f-4f5a-ae6b-1db4e2529c83/allocations" status: 200 len: 55 microversion: 1.0 [pid: 8|app: 0|req: 648/1280] 199.204.45.74 () {32 vars in 856 bytes} [Wed May 13 02:16:05 2026] GET /resource_providers/1fe32522-f14f-4f5a-ae6b-1db4e2529c83/allocations => generated 55 bytes in 18 msecs (HTTP/1.1 200) 6 headers in 223 bytes (1 switches on core 0)
2026-05-13 02:16:05.391 7 INFO placement.requestlog [req-c7952043-f24c-4ab6-b4c2-63dcad022ff7 req-1f3c7b0a-c020-435f-88ba-967b7d28e12e aa0f5fcd941748a0b84751b2a798b11c c0ecf53a847f421da6691b2467ea7b41 - - 9b5da0f38d8842d2a3643e627e57f14f 9b5da0f38d8842d2a3643e627e57f14f] 199.204.45.74 "GET /resource_providers/1fe32522-f14f-4f5a-ae6b-1db4e2529c83/allocations" status: 200 len: 55 microversion: 1.0 [pid: 7|app: 0|req: 633/1281] 199.204.45.74 () {32 vars in 856 bytes} [Wed May 13 02:16:05 2026] GET /resource_providers/1fe32522-f14f-4f5a-ae6b-1db4e2529c83/allocations => generated 55 bytes in 14 msecs (HTTP/1.1 200) 6 headers in 223 bytes (1 switches on core 0)
2026-05-13 02:16:10.332 8 INFO placement.requestlog [None req-55355331-ef69-4ff7-bfe1-8db0249f3f0e - - - - - -] 10.0.0.177 "GET /" status: 200 len: 136 microversion: 1.0
2026-05-13 02:16:10.333 7 INFO placement.requestlog [None req-81c81126-55af-4b7d-b549-c55c816ce150 - - - - - -] 10.0.0.177 "GET /" status: 200 len: 136 microversion: 1.0
2026-05-13 02:16:20.333 8 INFO placement.requestlog [None req-67b39d17-45a6-4ba9-b602-5c391ce18e41 - - - - - -] 10.0.0.177 "GET /" status: 200 len: 136 microversion: 1.0
2026-05-13 02:16:20.334 7 INFO placement.requestlog [None req-522ec0d7-4365-407e-af6e-c1502a2a6e03 - - - - - -] 10.0.0.177 "GET /" status: 200 len: 136 microversion: 1.0
2026-05-13 02:16:30.333 8 INFO placement.requestlog [None req-0e2fd4d0-c7c1-4589-a5a1-739aa8b91ff2 - - - - - -] 10.0.0.177 "GET /" status: 200 len: 136 microversion: 1.0
2026-05-13 02:16:30.333 7 INFO placement.requestlog [None req-f3a30e5e-bcfe-43c4-9e53-fa3e2b2d9963 - - - - - -] 10.0.0.177 "GET /" status: 200 len: 136 microversion: 1.0
2026-05-13 02:16:40.332 8 INFO placement.requestlog [None req-62793339-cc6f-469e-8e45-db711b4ea270 - - - - - -] 10.0.0.177 "GET /" status: 200 len: 136 microversion: 1.0
2026-05-13 02:16:40.333 7 INFO placement.requestlog [None req-856e31f4-cdbd-487f-815a-d6be9f1c63f4 - - - - - -] 10.0.0.177 "GET /" status: 200 len: 136 microversion: 1.0
2026-05-13 02:16:50.332 8 INFO placement.requestlog [None req-182552a1-0e60-40a2-80b4-fcb1fbf3cf62 - - - - - -] 10.0.0.177 "GET /" status: 200 len: 136 microversion: 1.0
2026-05-13 02:16:50.333 7 INFO placement.requestlog [None req-84b60cb6-2e37-41b0-ad09-f536b05ef589 - - - - - -] 10.0.0.177 "GET /" status: 200 len: 136 microversion: 1.0
2026-05-13 02:17:00.332 8 INFO placement.requestlog [None req-99c4fe9b-a513-4335-9735-18e36cd26c38 - - - - - -] 10.0.0.177 "GET /" status: 200 len: 136 microversion: 1.0
2026-05-13 02:17:00.333 7 INFO placement.requestlog [None req-d8c47515-f487-4909-b232-c522b9325175 - - - - - -] 10.0.0.177 "GET /" status: 200 len: 136 microversion: 1.0
2026-05-13 02:17:06.379 8 INFO placement.requestlog [req-e07bfea6-527d-4f6b-9909-836e9952a012 req-1a0fec93-0c3e-4787-a728-11b68b787a83 aa0f5fcd941748a0b84751b2a798b11c c0ecf53a847f421da6691b2467ea7b41 - - 9b5da0f38d8842d2a3643e627e57f14f 9b5da0f38d8842d2a3643e627e57f14f] 199.204.45.74 "GET /resource_providers/1fe32522-f14f-4f5a-ae6b-1db4e2529c83/allocations" status: 200 len: 55 microversion: 1.0 [pid: 8|app: 0|req: 655/1294] 199.204.45.74 () {32 vars in 856 bytes} [Wed May 13 02:17:06 2026] GET /resource_providers/1fe32522-f14f-4f5a-ae6b-1db4e2529c83/allocations => generated 55 bytes in 16 msecs (HTTP/1.1 200) 6 headers in 223 bytes (1 switches on core 0)
2026-05-13 02:17:06.402 7 INFO placement.requestlog [req-e07bfea6-527d-4f6b-9909-836e9952a012 req-72317902-9478-432f-b10e-981deee89fc0 aa0f5fcd941748a0b84751b2a798b11c c0ecf53a847f421da6691b2467ea7b41 - - 9b5da0f38d8842d2a3643e627e57f14f 9b5da0f38d8842d2a3643e627e57f14f] 199.204.45.74 "GET /resource_providers/1fe32522-f14f-4f5a-ae6b-1db4e2529c83/allocations" status: 200 len: 55 microversion: 1.0 [pid: 7|app: 0|req: 640/1295] 199.204.45.74 () {32 vars in 856 bytes} [Wed May 13 02:17:06 2026] GET /resource_providers/1fe32522-f14f-4f5a-ae6b-1db4e2529c83/allocations => generated 55 bytes in 15 msecs (HTTP/1.1 200) 6 headers in 223 bytes (1 switches on core 0)
