May 18 18:32:32.695830 np0000174509 devstack@neutron-api.service[103187]: DEBUG ovsdbapp.backend.ovs_idl [None req-bb5d27ad-80e3-46ae-8b03-64139a1182dd None None] Created schema index Chassis_Private.name {{(pid=103187) autocreate_indices /opt/stack/data/venv/lib/python3.12/site-packages/ovsdbapp/backend/ovs_idl/__init__.py:106}}
May 18 18:32:32.695908 np0000174509 devstack@neutron-api.service[103187]: DEBUG ovsdbapp.backend.ovs_idl [None req-bb5d27ad-80e3-46ae-8b03-64139a1182dd None None] Created schema index Datapath_Binding.tunnel_key {{(pid=103187) autocreate_indices /opt/stack/data/venv/lib/python3.12/site-packages/ovsdbapp/backend/ovs_idl/__init__.py:106}}
May 18 18:32:32.697681 np0000174509 devstack@neutron-api.service[103187]: INFO ovsdbapp.backend.ovs_idl.vlog [None req-bb5d27ad-80e3-46ae-8b03-64139a1182dd None None] ssl:199.204.45.153:6642: connecting...
May 18 18:32:32.702528 np0000174509 devstack@neutron-api.service[103187]: INFO ovsdbapp.backend.ovs_idl.vlog [None req-bb5d27ad-80e3-46ae-8b03-64139a1182dd None None] ssl:199.204.45.153:6642: connected
May 18 18:32:32.706647 np0000174509 devstack@neutron-api.service[103188]: DEBUG ovsdbapp.backend.ovs_idl [None req-75094595-cf55-4bf6-b16d-444744c2bdd0 None None] Created lookup_table index Chassis.name {{(pid=103188) autocreate_indices /opt/stack/data/venv/lib/python3.12/site-packages/ovsdbapp/backend/ovs_idl/__init__.py:87}}
May 18 18:32:32.706647 np0000174509 devstack@neutron-api.service[103188]: DEBUG ovsdbapp.backend.ovs_idl [None req-75094595-cf55-4bf6-b16d-444744c2bdd0 None None] Created lookup_table index Port_Binding.logical_port {{(pid=103188) autocreate_indices /opt/stack/data/venv/lib/python3.12/site-packages/ovsdbapp/backend/ovs_idl/__init__.py:87}}
May 18 18:32:32.706647 np0000174509 devstack@neutron-api.service[103188]: DEBUG ovsdbapp.backend.ovs_idl [None req-75094595-cf55-4bf6-b16d-444744c2bdd0 None None] Created schema index Chassis_Private.name {{(pid=103188) autocreate_indices /opt/stack/data/venv/lib/python3.12/site-packages/ovsdbapp/backend/ovs_idl/__init__.py:106}}
May 18 18:32:32.706647 np0000174509 devstack@neutron-api.service[103188]: DEBUG ovsdbapp.backend.ovs_idl [None req-75094595-cf55-4bf6-b16d-444744c2bdd0 None None] Created schema index Datapath_Binding.tunnel_key {{(pid=103188) autocreate_indices /opt/stack/data/venv/lib/python3.12/site-packages/ovsdbapp/backend/ovs_idl/__init__.py:106}}
May 18 18:32:32.708443 np0000174509 devstack@neutron-api.service[103188]: INFO ovsdbapp.backend.ovs_idl.vlog [None req-75094595-cf55-4bf6-b16d-444744c2bdd0 None None] ssl:199.204.45.153:6642: connecting...
May 18 18:32:32.712915 np0000174509 devstack@neutron-api.service[103189]: DEBUG neutron.common.ovn.hash_ring_manager [None req-35f57e32-a927-4d78-98bf-219bdd2b60d0 None None] Allow caching, nodes 4>=4 {{(pid=103189) _wait_startup_before_caching /opt/stack/neutron/neutron/common/ovn/hash_ring_manager.py:65}}
May 18 18:32:32.714095 np0000174509 devstack@neutron-api.service[103188]: INFO ovsdbapp.backend.ovs_idl.vlog [None req-75094595-cf55-4bf6-b16d-444744c2bdd0 None None] ssl:199.204.45.153:6642: connected
May 18 18:32:32.717832 np0000174509 devstack@neutron-api.service[103189]: DEBUG neutron.common.ovn.hash_ring_manager [None req-35f57e32-a927-4d78-98bf-219bdd2b60d0 None None] Hash Ring loaded. 4 active nodes. 0 offline nodes {{(pid=103189) _load_hash_ring /opt/stack/neutron/neutron/common/ovn/hash_ring_manager.py:102}}
May 18 18:32:32.717997 np0000174509 devstack@neutron-api.service[103189]: DEBUG neutron.plugins.ml2.drivers.ovn.mech_driver.ovsdb.ovsdb_monitor [None req-35f57e32-a927-4d78-98bf-219bdd2b60d0 None None] Hash Ring: Node 81b313f4a40e5dceb8fa480c969fd01a (host: np0000174509) handling event "create" for row cf4131ae-16b5-4e43-9f33-2c228515df5e (table: Chassis) {{(pid=103189) notify /opt/stack/neutron/neutron/plugins/ml2/drivers/ovn/mech_driver/ovsdb/ovsdb_monitor.py:942}}
May 18 18:32:32.718836 np0000174509 devstack@neutron-api.service[103189]: DEBUG ovsdbapp.backend.ovs_idl.event [None req-35f57e32-a927-4d78-98bf-219bdd2b60d0 None None] Matched CREATE: ChassisBandwidthConfigEvent(events=('create', 'update'), table='Chassis', conditions=None, old_conditions=None), priority=20 to row=Chassis(uuid=cf4131ae-16b5-4e43-9f33-2c228515df5e, encaps=[d39806c0-97da-4c7f-a8fb-6a0924bd9214], external_ids={}, hostname='np0000174509', name='3869e074-e20f-4c1a-88e6-34d2b75b8829', nb_cfg=0, other_config={'ct-commit-nat-v2': 'true', 'ct-commit-to-zone': 'true', 'ct-next-zone': 'true', 'ct-no-masked-label': 'true', 'ct-state-save': 'true', 'datapath-type': 'system', 'fdb-timestamp': 'true', 'iface-types': 'afxdp,afxdp-nonpmd,bareudp,erspan,geneve,gre,gtpu,internal,ip6erspan,ip6gre,lisp,patch,srv6,stt,system,tap,vxlan', 'is-interconn': 'false', 'ls-dpg-column': 'true', 'mac-binding-timestamp': 'true', 'ovn-bridge-mappings': 'public:br-ex', 'ovn-chassis-mac-mappings': '', 'ovn-cms-options': 'enable-chassis-as-gw', 'ovn-ct-lb-related': 'true', 'ovn-enable-lflow-cache': 'true', 'ovn-limit-lflow-cache': '', 'ovn-memlimit-lflow-cache-kb': '', 'ovn-monitor-all': 'false', 'ovn-trim-limit-lflow-cache': '', 'ovn-trim-timeout-ms': '', 'ovn-trim-wmark-perc-lflow-cache': '', 'port-up-notif': 'true'}, transport_zones=[], vtep_logical_switches=[]) old= {{(pid=103189) matches /opt/stack/data/venv/lib/python3.12/site-packages/ovsdbapp/backend/ovs_idl/event.py:55}}
May 18 18:32:32.719349 np0000174509 devstack@neutron-api.service[103189]: DEBUG neutron.plugins.ml2.drivers.ovn.mech_driver.ovsdb.ovsdb_monitor [None req-35f57e32-a927-4d78-98bf-219bdd2b60d0 None None] ChassisAgentWriteEvent : Matched Chassis_Private, create, None None {{(pid=103189) matches /opt/stack/neutron/neutron/plugins/ml2/drivers/ovn/mech_driver/ovsdb/ovsdb_monitor.py:64}}
May 18 18:32:32.719480 np0000174509 devstack@neutron-api.service[103189]: DEBUG neutron.plugins.ml2.drivers.ovn.mech_driver.ovsdb.ovsdb_monitor [None req-35f57e32-a927-4d78-98bf-219bdd2b60d0 None None] ChassisOVNAgentWriteEvent : Matched Chassis_Private, create, None None {{(pid=103189) matches /opt/stack/neutron/neutron/plugins/ml2/drivers/ovn/mech_driver/ovsdb/ovsdb_monitor.py:64}}
May 18 18:32:32.719743 np0000174509 devstack@neutron-api.service[103189]: DEBUG neutron.plugins.ml2.drivers.ovn.mech_driver.ovsdb.ovsdb_monitor [None req-35f57e32-a927-4d78-98bf-219bdd2b60d0 None None] Hash Ring: Node 81b313f4a40e5dceb8fa480c969fd01a (host: np0000174509) handling event "create" for row 3bc8be34-c8ab-4ae4-a2a0-665ccc7c27de (table: Chassis_Private) {{(pid=103189) notify /opt/stack/neutron/neutron/plugins/ml2/drivers/ovn/mech_driver/ovsdb/ovsdb_monitor.py:942}}
May 18 18:32:32.723925 np0000174509 devstack@neutron-api.service[103189]: INFO neutron.plugins.ml2.drivers.ovn.mech_driver.mech_driver [None req-35f57e32-a927-4d78-98bf-219bdd2b60d0 None None] WorkerService process has finished the post initialization
May 18 18:32:32.724714 np0000174509 devstack@neutron-api.service[103189]: INFO neutron.plugins.ml2.drivers.ovn.mech_driver.ovsdb.extensions.qos [-] Starting OVNClientQosExtension
May 18 18:32:32.725054 np0000174509 devstack@neutron-api.service[103189]: INFO neutron.plugins.ml2.drivers.ovn.mech_driver.ovsdb.extensions.placement [-] Starting OVNClientPlacementExtension
May 18 18:32:32.728047 np0000174509 devstack@neutron-api.service[103189]: WSGI app 0 (mountpoint='') ready in 7 seconds on interpreter 0x71b91e2a3668 pid: 103189 (default app)
May 18 18:32:32.791307 np0000174509 devstack@neutron-api.service[103188]: DEBUG neutron.common.ovn.hash_ring_manager [None req-75094595-cf55-4bf6-b16d-444744c2bdd0 None None] Allow caching, nodes 4>=4 {{(pid=103188) _wait_startup_before_caching /opt/stack/neutron/neutron/common/ovn/hash_ring_manager.py:65}}
May 18 18:32:32.793940 np0000174509 devstack@neutron-api.service[103187]: DEBUG neutron.common.ovn.hash_ring_manager [None req-bb5d27ad-80e3-46ae-8b03-64139a1182dd None None] Allow caching, nodes 4>=4 {{(pid=103187) _wait_startup_before_caching /opt/stack/neutron/neutron/common/ovn/hash_ring_manager.py:65}}
May 18 18:32:32.795614 np0000174509 devstack@neutron-api.service[103188]: DEBUG neutron.common.ovn.hash_ring_manager [None req-75094595-cf55-4bf6-b16d-444744c2bdd0 None None] Hash Ring loaded. 4 active nodes. 0 offline nodes {{(pid=103188) _load_hash_ring /opt/stack/neutron/neutron/common/ovn/hash_ring_manager.py:102}}
May 18 18:32:32.795878 np0000174509 devstack@neutron-api.service[103188]: DEBUG neutron.plugins.ml2.drivers.ovn.mech_driver.ovsdb.ovsdb_monitor [None req-75094595-cf55-4bf6-b16d-444744c2bdd0 None None] ChassisOVNAgentWriteEvent : Matched Chassis_Private, create, None None {{(pid=103188) matches /opt/stack/neutron/neutron/plugins/ml2/drivers/ovn/mech_driver/ovsdb/ovsdb_monitor.py:64}}
May 18 18:32:32.796017 np0000174509 devstack@neutron-api.service[103188]: DEBUG neutron.plugins.ml2.drivers.ovn.mech_driver.ovsdb.ovsdb_monitor [None req-75094595-cf55-4bf6-b16d-444744c2bdd0 None None] ChassisAgentWriteEvent : Matched Chassis_Private, create, None None {{(pid=103188) matches /opt/stack/neutron/neutron/plugins/ml2/drivers/ovn/mech_driver/ovsdb/ovsdb_monitor.py:64}}
May 18 18:32:32.798734 np0000174509 devstack@neutron-api.service[103188]: INFO neutron.plugins.ml2.drivers.ovn.mech_driver.mech_driver [None req-75094595-cf55-4bf6-b16d-444744c2bdd0 None None] WorkerService process has finished the post initialization
May 18 18:32:32.799231 np0000174509 devstack@neutron-api.service[103187]: DEBUG neutron.common.ovn.hash_ring_manager [None req-bb5d27ad-80e3-46ae-8b03-64139a1182dd None None] Hash Ring loaded. 4 active nodes. 0 offline nodes {{(pid=103187) _load_hash_ring /opt/stack/neutron/neutron/common/ovn/hash_ring_manager.py:102}}
May 18 18:32:32.799497 np0000174509 devstack@neutron-api.service[103187]: DEBUG neutron.plugins.ml2.drivers.ovn.mech_driver.ovsdb.ovsdb_monitor [None req-bb5d27ad-80e3-46ae-8b03-64139a1182dd None None] ChassisAgentWriteEvent : Matched Chassis_Private, create, None None {{(pid=103187) matches /opt/stack/neutron/neutron/plugins/ml2/drivers/ovn/mech_driver/ovsdb/ovsdb_monitor.py:64}}
May 18 18:32:32.799767 np0000174509 devstack@neutron-api.service[103187]: DEBUG neutron.plugins.ml2.drivers.ovn.mech_driver.ovsdb.ovsdb_monitor [None req-bb5d27ad-80e3-46ae-8b03-64139a1182dd None None] ChassisOVNAgentWriteEvent : Matched Chassis_Private, create, None None {{(pid=103187) matches /opt/stack/neutron/neutron/plugins/ml2/drivers/ovn/mech_driver/ovsdb/ovsdb_monitor.py:64}}
May 18 18:32:32.800275 np0000174509 devstack@neutron-api.service[103188]: WSGI app 0 (mountpoint='') ready in 7 seconds on interpreter 0x71b91e2a3668 pid: 103188 (default app)
May 18 18:32:32.802589 np0000174509 devstack@neutron-api.service[103187]: INFO neutron.plugins.ml2.drivers.ovn.mech_driver.mech_driver [None req-bb5d27ad-80e3-46ae-8b03-64139a1182dd None None] WorkerService process has finished the post initialization
May 18 18:32:32.803817 np0000174509 devstack@neutron-api.service[103187]: WSGI app 0 (mountpoint='') ready in 7 seconds on interpreter 0x71b91e2a3668 pid: 103187 (default app)
May 18 18:32:34.876706 np0000174509 devstack@neutron-api.service[103187]: DEBUG neutron.plugins.ml2.drivers.ovn.mech_driver.ovsdb.ovsdb_monitor [-] Hash Ring: Node 8ac4b384ebe55173804bac243592c934 (host: np0000174509) handling event "update" for row 5ee331b4-b6c9-4826-8e6a-feb31287bdbf (table: Connection) {{(pid=103187) notify /opt/stack/neutron/neutron/plugins/ml2/drivers/ovn/mech_driver/ovsdb/ovsdb_monitor.py:942}}
May 18 18:32:34.891082 np0000174509 devstack@neutron-api.service[103190]: DEBUG neutron.common.ovn.hash_ring_manager [-] Allow caching, nodes 4>=4 {{(pid=103190) _wait_startup_before_caching /opt/stack/neutron/neutron/common/ovn/hash_ring_manager.py:65}}
May 18 18:32:34.891404 np0000174509 devstack@neutron-api.service[103190]: DEBUG neutron.plugins.ml2.drivers.ovn.mech_driver.ovsdb.ovsdb_monitor [-] Hash Ring: Node 0f0a918adbff559288edf392b9d46745 (host: np0000174509) handling event "update" for row 5ee331b4-b6c9-4826-8e6a-feb31287bdbf (table: Connection) {{(pid=103190) notify /opt/stack/neutron/neutron/plugins/ml2/drivers/ovn/mech_driver/ovsdb/ovsdb_monitor.py:942}}
May 18 18:32:37.377033 np0000174509 devstack@neutron-api.service[103190]: DEBUG neutron.plugins.ml2.drivers.ovn.mech_driver.ovsdb.ovsdb_monitor [-] Hash Ring: Node 0f0a918adbff559288edf392b9d46745 (host: np0000174509) handling event "update" for row 5ee331b4-b6c9-4826-8e6a-feb31287bdbf (table: Connection) {{(pid=103190) notify /opt/stack/neutron/neutron/plugins/ml2/drivers/ovn/mech_driver/ovsdb/ovsdb_monitor.py:942}}
May 18 18:32:37.377883 np0000174509 devstack@neutron-api.service[103187]: DEBUG neutron.plugins.ml2.drivers.ovn.mech_driver.ovsdb.ovsdb_monitor [-] Hash Ring: Node 8ac4b384ebe55173804bac243592c934 (host: np0000174509) handling event "update" for row 5ee331b4-b6c9-4826-8e6a-feb31287bdbf (table: Connection) {{(pid=103187) notify /opt/stack/neutron/neutron/plugins/ml2/drivers/ovn/mech_driver/ovsdb/ovsdb_monitor.py:942}}
May 18 18:32:38.770307 np0000174509 devstack@neutron-api.service[103190]: DEBUG neutron.api.wsgi [None req-83bdfd73-e30f-4065-956c-1ecedb8bf556 admin admin] Missing Content-Type {{(pid=103190) get_content_type /opt/stack/neutron/neutron/api/wsgi.py:80}}
May 18 18:32:38.771063 np0000174509 devstack@neutron-api.service[103190]: DEBUG neutron.api.wsgi [None req-83bdfd73-e30f-4065-956c-1ecedb8bf556 admin admin] https://199.204.45.153/networking/v2.0/extensions returned with HTTP 200 {{(pid=103190) __call__ /opt/stack/neutron/neutron/api/wsgi.py:540}}
May 18 18:32:38.771239 np0000174509 devstack@neutron-api.service[103190]: [pid: 103190|app: 0|req: 2/2] 199.204.45.153 () {64 vars in 1323 bytes} [Mon May 18 18:32:38 2026] GET /networking/v2.0/extensions => generated 15209 bytes in 265 msecs (HTTP/1.1 200) 4 headers in 159 bytes (1 switches on core 0)
May 18 18:32:39.147335 np0000174509 devstack@neutron-api.service[103189]: DEBUG neutron.api.v2.base [None req-63cbcde9-48fa-465a-9a14-62d2f4ec0c32 admin admin] Request body: {'subnetpool': {'is_default': True, 'shared': True, 'name': 'shared-default-subnetpool-v4', 'prefixes': ['10.1.0.0/20'], 'default_prefixlen': 26}} {{(pid=103189) prepare_request_body /opt/stack/neutron/neutron/api/v2/base.py:727}}
May 18 18:32:39.345799 np0000174509 devstack@neutron-api.service[103189]: DEBUG neutron.policy [None req-63cbcde9-48fa-465a-9a14-62d2f4ec0c32 admin admin] Loaded default policies from ['neutron'] under neutron.policies entry points {{(pid=103189) register_rules /opt/stack/neutron/neutron/policy.py:65}}
May 18 18:32:39.493996 np0000174509 devstack@neutron-api.service[103189]: DEBUG neutron_lib.callbacks.manager [None req-63cbcde9-48fa-465a-9a14-62d2f4ec0c32 admin admin] Publish callbacks ['neutron.objects.securitygroup.RbacNeutronDbObjectMixin.validate_rbac_policy_change-2946859868367', 'neutron.objects.address_group.RbacNeutronDbObjectMixin.validate_rbac_policy_change-2946859845843', 'neutron.objects.network.RbacNeutronDbObjectMixin.validate_rbac_policy_change-2946859980074', 'neutron.objects.qos.policy.RbacNeutronDbObjectMixin.validate_rbac_policy_change-2946859963749', 'neutron.objects.subnetpool.RbacNeutronDbObjectMixin.validate_rbac_policy_change-2946859936382', 'neutron.objects.address_scope.RbacNeutronDbObjectMixin.validate_rbac_policy_change-2946859934086', 'neutron.plugins.ml2.plugin.External_net_db_mixin._process_ext_policy_create-186056', 'neutron.plugins.ml2.plugin.NeutronDbPluginV2.validate_network_rbac_policy_change-256528'] for rbac-policy (None), before_create {{(pid=103189) _notify_loop /opt/stack/data/venv/lib/python3.12/site-packages/neutron_lib/callbacks/manager.py:184}}
May 18 18:32:39.540715 np0000174509 devstack@neutron-api.service[103189]: DEBUG neutron_lib.callbacks.manager [None req-63cbcde9-48fa-465a-9a14-62d2f4ec0c32 admin admin] Publish callbacks [] for subnetpool (None), before_response {{(pid=103189) _notify_loop /opt/stack/data/venv/lib/python3.12/site-packages/neutron_lib/callbacks/manager.py:184}}
May 18 18:32:39.541474 np0000174509 devstack@neutron-api.service[103189]: [pid: 103189|app: 0|req: 1/3] 199.204.45.153 () {68 vars in 1367 bytes} [Mon May 18 18:32:39 2026] POST /networking/v2.0/subnetpools => generated 533 bytes in 499 msecs (HTTP/1.1 201) 4 headers in 162 bytes (1 switches on core 0)
May 18 18:32:39.857346 np0000174509 devstack@neutron-api.service[103188]: DEBUG neutron.api.v2.base [None req-d51c8f85-79e4-4232-b26e-4e548e6f51d2 admin admin] Request body: {'subnetpool': {'is_default': True, 'shared': True, 'name': 'shared-default-subnetpool-v6', 'prefixes': ['fd15:d3e3:7e67::/56'], 'default_prefixlen': 64}} {{(pid=103188) prepare_request_body /opt/stack/neutron/neutron/api/v2/base.py:727}}
May 18 18:32:40.042271 np0000174509 devstack@neutron-api.service[103188]: DEBUG neutron.policy [None req-d51c8f85-79e4-4232-b26e-4e548e6f51d2 admin admin] Loaded default policies from ['neutron'] under neutron.policies entry points {{(pid=103188) register_rules /opt/stack/neutron/neutron/policy.py:65}}
May 18 18:32:40.190620 np0000174509 devstack@neutron-api.service[103188]: DEBUG neutron_lib.callbacks.manager [None req-d51c8f85-79e4-4232-b26e-4e548e6f51d2 admin admin] Publish callbacks ['neutron.objects.securitygroup.RbacNeutronDbObjectMixin.validate_rbac_policy_change-2946859851000', 'neutron.objects.address_group.RbacNeutronDbObjectMixin.validate_rbac_policy_change-2946859840713', 'neutron.objects.network.RbacNeutronDbObjectMixin.validate_rbac_policy_change-2946859889552', 'neutron.objects.qos.policy.RbacNeutronDbObjectMixin.validate_rbac_policy_change-2946859892565', 'neutron.objects.subnetpool.RbacNeutronDbObjectMixin.validate_rbac_policy_change-2946859872216', 'neutron.objects.address_scope.RbacNeutronDbObjectMixin.validate_rbac_policy_change-2946859871853', 'neutron.plugins.ml2.plugin.External_net_db_mixin._process_ext_policy_create-925766', 'neutron.plugins.ml2.plugin.NeutronDbPluginV2.validate_network_rbac_policy_change-927820'] for rbac-policy (None), before_create {{(pid=103188) _notify_loop /opt/stack/data/venv/lib/python3.12/site-packages/neutron_lib/callbacks/manager.py:184}}
May 18 18:32:40.234907 np0000174509 devstack@neutron-api.service[103188]: DEBUG neutron_lib.callbacks.manager [None req-d51c8f85-79e4-4232-b26e-4e548e6f51d2 admin admin] Publish callbacks [] for subnetpool (None), before_response {{(pid=103188) _notify_loop /opt/stack/data/venv/lib/python3.12/site-packages/neutron_lib/callbacks/manager.py:184}}
May 18 18:32:40.235444 np0000174509 devstack@neutron-api.service[103188]: [pid: 103188|app: 0|req: 1/4] 199.204.45.153 () {68 vars in 1367 bytes} [Mon May 18 18:32:39 2026] POST /networking/v2.0/subnetpools => generated 543 bytes in 484 msecs (HTTP/1.1 201) 4 headers in 162 bytes (1 switches on core 0)
May 18 18:32:40.643398 np0000174509 devstack@neutron-api.service[103187]: DEBUG neutron.api.v2.base [None req-f4596766-dc51-4b1d-be01-b62fa92790ac admin admin] Request body: {'network': {'name': 'private', 'admin_state_up': True}} {{(pid=103187) prepare_request_body /opt/stack/neutron/neutron/api/v2/base.py:727}}
May 18 18:32:40.668023 np0000174509 devstack@neutron-api.service[103187]: DEBUG neutron.pecan_wsgi.hooks.quota_enforcement [None req-f4596766-dc51-4b1d-be01-b62fa92790ac admin admin] Made reservation on behalf of d7966ac95f66403495dc0486fa01400a for: {'network': 1} {{(pid=103187) before /opt/stack/neutron/neutron/pecan_wsgi/hooks/quota_enforcement.py:66}}
May 18 18:32:40.857419 np0000174509 devstack@neutron-api.service[103187]: DEBUG neutron.policy [None req-f4596766-dc51-4b1d-be01-b62fa92790ac admin admin] Loaded default policies from ['neutron'] under neutron.policies entry points {{(pid=103187) register_rules /opt/stack/neutron/neutron/policy.py:65}}
May 18 18:32:40.963697 np0000174509 devstack@neutron-api.service[103187]: DEBUG neutron_lib.callbacks.manager [None req-f4596766-dc51-4b1d-be01-b62fa92790ac admin admin] Publish callbacks ['neutron.plugins.ml2.plugin.SecurityGroupDbMixin._ensure_default_security_group_handler-206322'] for network (None), before_create {{(pid=103187) _notify_loop /opt/stack/data/venv/lib/python3.12/site-packages/neutron_lib/callbacks/manager.py:184}}
May 18 18:32:40.984809 np0000174509 devstack@neutron-api.service[103187]: DEBUG neutron_lib.callbacks.manager [None req-f4596766-dc51-4b1d-be01-b62fa92790ac admin admin] Publish callbacks [] for security_group (None), before_create {{(pid=103187) _notify_loop /opt/stack/data/venv/lib/python3.12/site-packages/neutron_lib/callbacks/manager.py:184}}
May 18 18:32:41.078277 np0000174509 devstack@neutron-api.service[103187]: DEBUG neutron_lib.callbacks.manager [None req-f4596766-dc51-4b1d-be01-b62fa92790ac admin admin] Publish callbacks ['neutron.plugins.ml2.drivers.ovn.mech_driver.mech_driver.OVNMechanismDriver._create_security_group_precommit-196836'] for security_group (88cf4e5f-3055-4be0-9215-089049af72dc), precommit_create {{(pid=103187) _notify_loop /opt/stack/data/venv/lib/python3.12/site-packages/neutron_lib/callbacks/manager.py:184}}
May 18 18:32:41.078414 np0000174509 devstack@neutron-api.service[103187]: DEBUG neutron.db.ovn_revision_numbers_db [None req-f4596766-dc51-4b1d-be01-b62fa92790ac admin admin] create_initial_revision uuid=88cf4e5f-3055-4be0-9215-089049af72dc, type=security_groups, rev=-1 {{(pid=103187) create_initial_revision /opt/stack/neutron/neutron/db/ovn_revision_numbers_db.py:98}}
May 18 18:32:41.080739 np0000174509 devstack@neutron-api.service[103187]: DEBUG neutron.db.ovn_revision_numbers_db [None req-f4596766-dc51-4b1d-be01-b62fa92790ac admin admin] create_initial_revision uuid=1a8ddd4f-7922-422a-862d-4fd94abfbd55, type=security_group_rules, rev=-1 {{(pid=103187) create_initial_revision /opt/stack/neutron/neutron/db/ovn_revision_numbers_db.py:98}}
May 18 18:32:41.081828 np0000174509 devstack@neutron-api.service[103187]: DEBUG neutron.db.ovn_revision_numbers_db [None req-f4596766-dc51-4b1d-be01-b62fa92790ac admin admin] create_initial_revision uuid=84238907-ea3b-498b-8ac3-65fe234ab650, type=security_group_rules, rev=-1 {{(pid=103187) create_initial_revision /opt/stack/neutron/neutron/db/ovn_revision_numbers_db.py:98}}
May 18 18:32:41.082866 np0000174509 devstack@neutron-api.service[103187]: DEBUG neutron.db.ovn_revision_numbers_db [None req-f4596766-dc51-4b1d-be01-b62fa92790ac admin admin] create_initial_revision uuid=f2d1eef3-477c-4d1e-b2a0-88f1046f79b2, type=security_group_rules, rev=-1 {{(pid=103187) create_initial_revision /opt/stack/neutron/neutron/db/ovn_revision_numbers_db.py:98}}
May 18 18:32:41.083908 np0000174509 devstack@neutron-api.service[103187]: DEBUG neutron.db.ovn_revision_numbers_db [None req-f4596766-dc51-4b1d-be01-b62fa92790ac admin admin] create_initial_revision uuid=f6c0c612-8e76-432e-bd49-40e3c51722d2, type=security_group_rules, rev=-1 {{(pid=103187) create_initial_revision /opt/stack/neutron/neutron/db/ovn_revision_numbers_db.py:98}}
May 18 18:32:41.091374 np0000174509 devstack@neutron-api.service[103187]: DEBUG neutron_lib.callbacks.manager [None req-f4596766-dc51-4b1d-be01-b62fa92790ac admin admin] Publish callbacks ['neutron.plugins.ml2.drivers.ovn.mech_driver.mech_driver.OVNMechanismDriver._create_security_group-196850', 'neutron.plugins.ml2.ovo_rpc._ObjectChangeHandler.handle_event-3145432'] for security_group (88cf4e5f-3055-4be0-9215-089049af72dc), after_create {{(pid=103187) _notify_loop /opt/stack/data/venv/lib/python3.12/site-packages/neutron_lib/callbacks/manager.py:184}}
May 18 18:32:41.091524 np0000174509 devstack@neutron-api.service[103187]: INFO neutron.plugins.ml2.drivers.ovn.mech_driver.ovsdb.extensions.qos [None req-f4596766-dc51-4b1d-be01-b62fa92790ac admin admin] Starting OVNClientQosExtension
May 18 18:32:41.091640 np0000174509 devstack@neutron-api.service[103187]: INFO neutron.plugins.ml2.drivers.ovn.mech_driver.ovsdb.extensions.placement [None req-f4596766-dc51-4b1d-be01-b62fa92790ac admin admin] Starting OVNClientPlacementExtension
May 18 18:32:41.092923 np0000174509 devstack@neutron-api.service[103187]: DEBUG ovsdbapp.backend.ovs_idl.transaction [-] Running txn n=1 command(idx=0): PgAddCommand(_result=None, name=pg_88cf4e5f_3055_4be0_9215_089049af72dc, may_exist=False, columns={'acls': [], 'external_ids': {'neutron:security_group_id': '88cf4e5f-3055-4be0-9215-089049af72dc'}}) {{(pid=103187) do_commit /opt/stack/data/venv/lib/python3.12/site-packages/ovsdbapp/backend/ovs_idl/transaction.py:89}}
May 18 18:32:41.094742 np0000174509 devstack@neutron-api.service[103187]: DEBUG ovsdbapp.backend.ovs_idl.transaction [-] Running txn n=1 command(idx=1): PgAclAddCommand(_result=None, entity=pg_88cf4e5f_3055_4be0_9215_089049af72dc, direction=to-lport, priority=1002, match=outport == @pg_88cf4e5f_3055_4be0_9215_089049af72dc && ip6 && ip6.src == $pg_88cf4e5f_3055_4be0_9215_089049af72dc_ip6, action=allow-related, log=False, may_exist=True, severity=[], name=[], meter=[], external_ids={'neutron:security_group_rule_id': '1a8ddd4f-7922-422a-862d-4fd94abfbd55'}) {{(pid=103187) do_commit /opt/stack/data/venv/lib/python3.12/site-packages/ovsdbapp/backend/ovs_idl/transaction.py:89}}
May 18 18:32:41.095396 np0000174509 devstack@neutron-api.service[103187]: DEBUG ovsdbapp.backend.ovs_idl.transaction [-] Running txn n=1 command(idx=2): PgAclAddCommand(_result=None, entity=pg_88cf4e5f_3055_4be0_9215_089049af72dc, direction=from-lport, priority=1002, match=inport == @pg_88cf4e5f_3055_4be0_9215_089049af72dc && ip6, action=allow-related, log=False, may_exist=True, severity=[], name=[], meter=[], external_ids={'neutron:security_group_rule_id': '84238907-ea3b-498b-8ac3-65fe234ab650'}) {{(pid=103187) do_commit /opt/stack/data/venv/lib/python3.12/site-packages/ovsdbapp/backend/ovs_idl/transaction.py:89}}
May 18 18:32:41.096014 np0000174509 devstack@neutron-api.service[103187]: DEBUG ovsdbapp.backend.ovs_idl.transaction [-] Running txn n=1 command(idx=3): PgAclAddCommand(_result=None, entity=pg_88cf4e5f_3055_4be0_9215_089049af72dc, direction=to-lport, priority=1002, match=outport == @pg_88cf4e5f_3055_4be0_9215_089049af72dc && ip4 && ip4.src == $pg_88cf4e5f_3055_4be0_9215_089049af72dc_ip4, action=allow-related, log=False, may_exist=True, severity=[], name=[], meter=[], external_ids={'neutron:security_group_rule_id': 'f2d1eef3-477c-4d1e-b2a0-88f1046f79b2'}) {{(pid=103187) do_commit /opt/stack/data/venv/lib/python3.12/site-packages/ovsdbapp/backend/ovs_idl/transaction.py:89}}
May 18 18:32:41.096533 np0000174509 devstack@neutron-api.service[103187]: DEBUG ovsdbapp.backend.ovs_idl.transaction [-] Running txn n=1 command(idx=4): PgAclAddCommand(_result=None, entity=pg_88cf4e5f_3055_4be0_9215_089049af72dc, direction=from-lport, priority=1002, match=inport == @pg_88cf4e5f_3055_4be0_9215_089049af72dc && ip4, action=allow-related, log=False, may_exist=True, severity=[], name=[], meter=[], external_ids={'neutron:security_group_rule_id': 'f6c0c612-8e76-432e-bd49-40e3c51722d2'}) {{(pid=103187) do_commit /opt/stack/data/venv/lib/python3.12/site-packages/ovsdbapp/backend/ovs_idl/transaction.py:89}}
May 18 18:32:41.136535 np0000174509 devstack@neutron-api.service[103188]: DEBUG neutron.plugins.ml2.drivers.ovn.mech_driver.ovsdb.ovsdb_monitor [-] Hash Ring: Node 8cdc8a2511d154b3abdb2399bb3942df (host: np0000174509) handling event "create" for row 733ea862-06db-4279-8140-05198b06ab6b (table: ACL) {{(pid=103188) notify /opt/stack/neutron/neutron/plugins/ml2/drivers/ovn/mech_driver/ovsdb/ovsdb_monitor.py:942}}
May 18 18:32:41.136843 np0000174509 devstack@neutron-api.service[103187]: DEBUG neutron.plugins.ml2.drivers.ovn.mech_driver.ovsdb.ovsdb_monitor [-] Hash Ring: Node 8ac4b384ebe55173804bac243592c934 (host: np0000174509) handling event "create" for row 4cffe88a-d58c-493e-9c9d-301fc8f50e9d (table: ACL) {{(pid=103187) notify /opt/stack/neutron/neutron/plugins/ml2/drivers/ovn/mech_driver/ovsdb/ovsdb_monitor.py:942}}
May 18 18:32:41.136892 np0000174509 devstack@neutron-api.service[103189]: DEBUG neutron.plugins.ml2.drivers.ovn.mech_driver.ovsdb.ovsdb_monitor [-] Hash Ring: Node 81b313f4a40e5dceb8fa480c969fd01a (host: np0000174509) handling event "create" for row 05442685-ba3d-46a4-90ee-1d879b9752e8 (table: Port_Group) {{(pid=103189) notify /opt/stack/neutron/neutron/plugins/ml2/drivers/ovn/mech_driver/ovsdb/ovsdb_monitor.py:942}}
May 18 18:32:41.137163 np0000174509 devstack@neutron-api.service[103187]: DEBUG neutron.plugins.ml2.drivers.ovn.mech_driver.ovsdb.ovsdb_monitor [-] Hash Ring: Node 8ac4b384ebe55173804bac243592c934 (host: np0000174509) handling event "create" for row baf0fb3d-bb79-4a34-87b7-aaf0e20dc142 (table: ACL) {{(pid=103187) notify /opt/stack/neutron/neutron/plugins/ml2/drivers/ovn/mech_driver/ovsdb/ovsdb_monitor.py:942}}
May 18 18:32:41.137467 np0000174509 devstack@neutron-api.service[103187]: DEBUG neutron.plugins.ml2.drivers.ovn.mech_driver.ovsdb.ovsdb_monitor [-] Hash Ring: Node 8ac4b384ebe55173804bac243592c934 (host: np0000174509) handling event "create" for row e60e3119-d977-431b-a6fb-39f55ce1a824 (table: ACL) {{(pid=103187) notify /opt/stack/neutron/neutron/plugins/ml2/drivers/ovn/mech_driver/ovsdb/ovsdb_monitor.py:942}}
May 18 18:32:41.138623 np0000174509 devstack@neutron-api.service[103190]: DEBUG neutron.plugins.ml2.drivers.ovn.mech_driver.ovsdb.ovsdb_monitor [-] Hash Ring: Node 0f0a918adbff559288edf392b9d46745 (host: np0000174509) handling event "create" for row 733ea862-06db-4279-8140-05198b06ab6b (table: ACL) {{(pid=103190) notify /opt/stack/neutron/neutron/plugins/ml2/drivers/ovn/mech_driver/ovsdb/ovsdb_monitor.py:942}}
May 18 18:32:41.139534 np0000174509 devstack@neutron-api.service[103190]: DEBUG neutron.plugins.ml2.drivers.ovn.mech_driver.ovsdb.ovsdb_monitor [-] Hash Ring: Node 0f0a918adbff559288edf392b9d46745 (host: np0000174509) handling event "create" for row baf0fb3d-bb79-4a34-87b7-aaf0e20dc142 (table: ACL) {{(pid=103190) notify /opt/stack/neutron/neutron/plugins/ml2/drivers/ovn/mech_driver/ovsdb/ovsdb_monitor.py:942}}
May 18 18:32:41.139534 np0000174509 devstack@neutron-api.service[103190]: DEBUG neutron.plugins.ml2.drivers.ovn.mech_driver.ovsdb.ovsdb_monitor [-] Hash Ring: Node 0f0a918adbff559288edf392b9d46745 (host: np0000174509) handling event "create" for row e60e3119-d977-431b-a6fb-39f55ce1a824 (table: ACL) {{(pid=103190) notify /opt/stack/neutron/neutron/plugins/ml2/drivers/ovn/mech_driver/ovsdb/ovsdb_monitor.py:942}}
May 18 18:32:41.166405 np0000174509 devstack@neutron-api.service[103187]: INFO neutron.db.ovn_revision_numbers_db [None req-f4596766-dc51-4b1d-be01-b62fa92790ac admin admin] Successfully bumped revision number for resource 88cf4e5f-3055-4be0-9215-089049af72dc (type: security_groups) to 1
May 18 18:32:41.182687 np0000174509 devstack@neutron-api.service[103187]: INFO neutron.db.ovn_revision_numbers_db [None req-f4596766-dc51-4b1d-be01-b62fa92790ac admin admin] Successfully bumped revision number for resource 1a8ddd4f-7922-422a-862d-4fd94abfbd55 (type: security_group_rules) to 0
May 18 18:32:41.195895 np0000174509 devstack@neutron-api.service[103187]: INFO neutron.db.ovn_revision_numbers_db [None req-f4596766-dc51-4b1d-be01-b62fa92790ac admin admin] Successfully bumped revision number for resource 84238907-ea3b-498b-8ac3-65fe234ab650 (type: security_group_rules) to 0
May 18 18:32:41.209614 np0000174509 devstack@neutron-api.service[103187]: INFO neutron.db.ovn_revision_numbers_db [None req-f4596766-dc51-4b1d-be01-b62fa92790ac admin admin] Successfully bumped revision number for resource f2d1eef3-477c-4d1e-b2a0-88f1046f79b2 (type: security_group_rules) to 0
May 18 18:32:41.226184 np0000174509 devstack@neutron-api.service[103187]: INFO neutron.db.ovn_revision_numbers_db [None req-f4596766-dc51-4b1d-be01-b62fa92790ac admin admin] Successfully bumped revision number for resource f6c0c612-8e76-432e-bd49-40e3c51722d2 (type: security_group_rules) to 0
May 18 18:32:41.254560 np0000174509 devstack@neutron-api.service[103187]: DEBUG neutron.api.rpc.handlers.resources_rpc [None req-f4596766-dc51-4b1d-be01-b62fa92790ac admin admin] Pushing event updated for resources: {'SecurityGroup': ['ID=88cf4e5f-3055-4be0-9215-089049af72dc,revision_number=1']} {{(pid=103187) push /opt/stack/neutron/neutron/api/rpc/handlers/resources_rpc.py:237}}
May 18 18:32:41.261556 np0000174509 devstack@neutron-api.service[103187]: DEBUG ovsdbapp.backend.ovs_idl.transaction [-] Running txn n=1 command(idx=0): CheckLivenessCommand(_result=None) {{(pid=103187) do_commit /opt/stack/data/venv/lib/python3.12/site-packages/ovsdbapp/backend/ovs_idl/transaction.py:89}}
May 18 18:32:41.268633 np0000174509 devstack@neutron-api.service[103187]: DEBUG neutron.api.rpc.callbacks.version_manager [None req-f4596766-dc51-4b1d-be01-b62fa92790ac admin admin] Tracked resource versions report:
May 18 18:32:41.268633 np0000174509 devstack@neutron-api.service[103187]: pushed versions:
May 18 18:32:41.268633 np0000174509 devstack@neutron-api.service[103187]: { 'AddressGroup': {'1.2'},
May 18 18:32:41.268633 np0000174509 devstack@neutron-api.service[103187]: 'Agent': {'1.1'},
May 18 18:32:41.268633 np0000174509 devstack@neutron-api.service[103187]: 'ConntrackHelper': {'1.0'},
May 18 18:32:41.268633 np0000174509 devstack@neutron-api.service[103187]: 'LocalIPAssociation': {'1.0'},
May 18 18:32:41.268633 np0000174509 devstack@neutron-api.service[103187]: 'Log': {'1.0'},
May 18 18:32:41.268633 np0000174509 devstack@neutron-api.service[103187]: 'NDPProxy': {'1.0'},
May 18 18:32:41.268633 np0000174509 devstack@neutron-api.service[103187]: 'Network': {'1.2'},
May 18 18:32:41.268633 np0000174509 devstack@neutron-api.service[103187]: 'Port': {'1.10'},
May 18 18:32:41.268633 np0000174509 devstack@neutron-api.service[103187]: 'PortForwarding': {'1.3'},
May 18 18:32:41.268633 np0000174509 devstack@neutron-api.service[103187]: 'QosPolicy': {'1.10'},
May 18 18:32:41.268633 np0000174509 devstack@neutron-api.service[103187]: 'SecurityGroup': {'1.6'},
May 18 18:32:41.268633 np0000174509 devstack@neutron-api.service[103187]: 'SecurityGroupRule': {'1.3'},
May 18 18:32:41.268633 np0000174509 devstack@neutron-api.service[103187]: 'SubPort': {'1.0'},
May 18 18:32:41.268633 np0000174509 devstack@neutron-api.service[103187]: 'Subnet': {'1.2'},
May 18 18:32:41.268633 np0000174509 devstack@neutron-api.service[103187]: 'Trunk': {'1.1'}}
May 18 18:32:41.268633 np0000174509 devstack@neutron-api.service[103187]: consumer versions:
May 18 18:32:41.268633 np0000174509 devstack@neutron-api.service[103187]: {}
May 18 18:32:41.268633 np0000174509 devstack@neutron-api.service[103187]: {{(pid=103187) report /opt/stack/neutron/neutron/api/rpc/callbacks/version_manager.py:183}}
May 18 18:32:41.269192 np0000174509 devstack@neutron-api.service[103189]: DEBUG neutron.plugins.ml2.drivers.ovn.mech_driver.ovsdb.ovsdb_monitor [-] ChassisAgentWriteEvent : Matched Chassis_Private, update, None None {{(pid=103189) matches /opt/stack/neutron/neutron/plugins/ml2/drivers/ovn/mech_driver/ovsdb/ovsdb_monitor.py:64}}
May 18 18:32:41.269192 np0000174509 devstack@neutron-api.service[103189]: DEBUG neutron.plugins.ml2.drivers.ovn.mech_driver.ovsdb.ovsdb_monitor [-] Hash Ring: Node 81b313f4a40e5dceb8fa480c969fd01a (host: np0000174509) handling event "update" for row 3bc8be34-c8ab-4ae4-a2a0-665ccc7c27de (table: Chassis_Private) {{(pid=103189) notify /opt/stack/neutron/neutron/plugins/ml2/drivers/ovn/mech_driver/ovsdb/ovsdb_monitor.py:942}}
May 18 18:32:41.269295 np0000174509 devstack@neutron-api.service[103188]: DEBUG neutron.plugins.ml2.drivers.ovn.mech_driver.ovsdb.ovsdb_monitor [-] ChassisAgentWriteEvent : Matched Chassis_Private, update, None None {{(pid=103188) matches /opt/stack/neutron/neutron/plugins/ml2/drivers/ovn/mech_driver/ovsdb/ovsdb_monitor.py:64}}
May 18 18:32:41.270806 np0000174509 devstack@neutron-api.service[103190]: DEBUG neutron.plugins.ml2.drivers.ovn.mech_driver.ovsdb.ovsdb_monitor [-] Hash Ring: Node 0f0a918adbff559288edf392b9d46745 (host: np0000174509) handling event "update" for row 3add522f-1032-4478-b6fb-865b030b722a (table: NB_Global) {{(pid=103190) notify /opt/stack/neutron/neutron/plugins/ml2/drivers/ovn/mech_driver/ovsdb/ovsdb_monitor.py:942}}
May 18 18:32:41.273685 np0000174509 devstack@neutron-api.service[103190]: DEBUG neutron.plugins.ml2.drivers.ovn.mech_driver.ovsdb.ovsdb_monitor [-] ChassisAgentWriteEvent : Matched Chassis_Private, update, None None {{(pid=103190) matches /opt/stack/neutron/neutron/plugins/ml2/drivers/ovn/mech_driver/ovsdb/ovsdb_monitor.py:64}}
May 18 18:32:41.277964 np0000174509 devstack@neutron-api.service[103190]: DEBUG neutron.plugins.ml2.drivers.ovn.mech_driver.ovsdb.ovsdb_monitor [-] Hash Ring: Node 0f0a918adbff559288edf392b9d46745 (host: np0000174509) handling event "update" for row 3add522f-1032-4478-b6fb-865b030b722a (table: NB_Global) {{(pid=103190) notify /opt/stack/neutron/neutron/plugins/ml2/drivers/ovn/mech_driver/ovsdb/ovsdb_monitor.py:942}}
May 18 18:32:41.278151 np0000174509 devstack@neutron-api.service[103188]: DEBUG neutron.plugins.ml2.drivers.ovn.mech_driver.ovsdb.ovsdb_monitor [-] ChassisOVNAgentWriteEvent : Matched Chassis_Private, update, None None {{(pid=103188) matches /opt/stack/neutron/neutron/plugins/ml2/drivers/ovn/mech_driver/ovsdb/ovsdb_monitor.py:64}}
May 18 18:32:41.278306 np0000174509 devstack@neutron-api.service[103190]: DEBUG neutron.plugins.ml2.drivers.ovn.mech_driver.ovsdb.ovsdb_monitor [-] Hash Ring: Node 0f0a918adbff559288edf392b9d46745 (host: np0000174509) handling event "update" for row 3add522f-1032-4478-b6fb-865b030b722a (table: NB_Global) {{(pid=103190) notify /opt/stack/neutron/neutron/plugins/ml2/drivers/ovn/mech_driver/ovsdb/ovsdb_monitor.py:942}}
May 18 18:32:41.278443 np0000174509 devstack@neutron-api.service[103189]: DEBUG neutron.plugins.ml2.drivers.ovn.mech_driver.ovsdb.ovsdb_monitor [-] ChassisOVNAgentWriteEvent : Matched Chassis_Private, update, None None {{(pid=103189) matches /opt/stack/neutron/neutron/plugins/ml2/drivers/ovn/mech_driver/ovsdb/ovsdb_monitor.py:64}}
May 18 18:32:41.278603 np0000174509 devstack@neutron-api.service[103189]: DEBUG neutron.plugins.ml2.drivers.ovn.mech_driver.ovsdb.ovsdb_monitor [-] Hash Ring: Node 81b313f4a40e5dceb8fa480c969fd01a (host: np0000174509) handling event "update" for row 3bc8be34-c8ab-4ae4-a2a0-665ccc7c27de (table: Chassis_Private) {{(pid=103189) notify /opt/stack/neutron/neutron/plugins/ml2/drivers/ovn/mech_driver/ovsdb/ovsdb_monitor.py:942}}
May 18 18:32:41.280439 np0000174509 devstack@neutron-api.service[103190]: DEBUG neutron.plugins.ml2.drivers.ovn.mech_driver.ovsdb.ovsdb_monitor [-] Hash Ring: Node 0f0a918adbff559288edf392b9d46745 (host: np0000174509) handling event "update" for row 3add522f-1032-4478-b6fb-865b030b722a (table: NB_Global) {{(pid=103190) notify /opt/stack/neutron/neutron/plugins/ml2/drivers/ovn/mech_driver/ovsdb/ovsdb_monitor.py:942}}
May 18 18:32:41.281068 np0000174509 devstack@neutron-api.service[103190]: DEBUG neutron.common.ovn.hash_ring_manager [-] Allow caching, nodes 4>=4 {{(pid=103190) _wait_startup_before_caching /opt/stack/neutron/neutron/common/ovn/hash_ring_manager.py:65}}
May 18 18:32:41.281226 np0000174509 devstack@neutron-api.service[103190]: DEBUG neutron.plugins.ml2.drivers.ovn.mech_driver.ovsdb.ovsdb_monitor [-] Hash Ring: Node 0f0a918adbff559288edf392b9d46745 (host: np0000174509) handling event "update" for row 3bc8be34-c8ab-4ae4-a2a0-665ccc7c27de (table: Chassis_Private) {{(pid=103190) notify /opt/stack/neutron/neutron/plugins/ml2/drivers/ovn/mech_driver/ovsdb/ovsdb_monitor.py:942}}
May 18 18:32:41.282357 np0000174509 devstack@neutron-api.service[103190]: DEBUG neutron.plugins.ml2.drivers.ovn.mech_driver.ovsdb.ovsdb_monitor [-] ChassisOVNAgentWriteEvent : Matched Chassis_Private, update, None None {{(pid=103190) matches /opt/stack/neutron/neutron/plugins/ml2/drivers/ovn/mech_driver/ovsdb/ovsdb_monitor.py:64}}
May 18 18:32:41.282680 np0000174509 devstack@neutron-api.service[103190]: DEBUG neutron.plugins.ml2.drivers.ovn.mech_driver.ovsdb.ovsdb_monitor [-] Hash Ring: Node 0f0a918adbff559288edf392b9d46745 (host: np0000174509) handling event "update" for row 3bc8be34-c8ab-4ae4-a2a0-665ccc7c27de (table: Chassis_Private) {{(pid=103190) notify /opt/stack/neutron/neutron/plugins/ml2/drivers/ovn/mech_driver/ovsdb/ovsdb_monitor.py:942}}
May 18 18:32:41.282834 np0000174509 devstack@neutron-api.service[103187]: DEBUG neutron.plugins.ml2.drivers.ovn.mech_driver.ovsdb.ovsdb_monitor [-] ChassisAgentWriteEvent : Matched Chassis_Private, update, None None {{(pid=103187) matches /opt/stack/neutron/neutron/plugins/ml2/drivers/ovn/mech_driver/ovsdb/ovsdb_monitor.py:64}}
May 18 18:32:41.286699 np0000174509 devstack@neutron-api.service[103187]: DEBUG neutron.plugins.ml2.drivers.ovn.mech_driver.ovsdb.ovsdb_monitor [-] ChassisOVNAgentWriteEvent : Matched Chassis_Private, update, None None {{(pid=103187) matches /opt/stack/neutron/neutron/plugins/ml2/drivers/ovn/mech_driver/ovsdb/ovsdb_monitor.py:64}}
May 18 18:32:41.345603 np0000174509 devstack@neutron-api.service[103187]: DEBUG neutron.plugins.ml2.drivers.helpers [None req-f4596766-dc51-4b1d-be01-b62fa92790ac admin admin] geneve segment allocate from pool success with {'geneve_vni': 51347} {{(pid=103187) allocate_partially_specified_segment /opt/stack/neutron/neutron/plugins/ml2/drivers/helpers.py:142}}
May 18 18:32:41.359220 np0000174509 devstack@neutron-api.service[103187]: DEBUG neutron_lib.callbacks.manager [None req-f4596766-dc51-4b1d-be01-b62fa92790ac admin admin] Publish callbacks ['neutron.services.segments.db._add_segment_host_mapping_for_segment-7814986032282', 'neutron.plugins.ml2.plugin.Ml2Plugin._handle_segment_change-487260'] for segment (4aacac2e-8df6-49f9-b9d2-bf7ce9fbc245), precommit_create {{(pid=103187) _notify_loop /opt/stack/data/venv/lib/python3.12/site-packages/neutron_lib/callbacks/manager.py:184}}
May 18 18:32:41.359426 np0000174509 devstack@neutron-api.service[103187]: INFO neutron.db.segments_db [None req-f4596766-dc51-4b1d-be01-b62fa92790ac admin admin] Added segment 4aacac2e-8df6-49f9-b9d2-bf7ce9fbc245 of type geneve for network 698bc31e-5bfe-4ae0-8c2b-75480114470a
May 18 18:32:41.401026 np0000174509 devstack@neutron-api.service[103187]: DEBUG neutron_lib.callbacks.manager [None req-f4596766-dc51-4b1d-be01-b62fa92790ac admin admin] Publish callbacks ['neutron.services.auto_allocate.db._ensure_external_network_default_value_callback-7814984707946'] for network (698bc31e-5bfe-4ae0-8c2b-75480114470a), precommit_create {{(pid=103187) _notify_loop /opt/stack/data/venv/lib/python3.12/site-packages/neutron_lib/callbacks/manager.py:184}}
May 18 18:32:41.417224 np0000174509 devstack@neutron-api.service[103187]: DEBUG neutron.plugins.ml2.drivers.ovn.mech_driver.mech_driver [None req-f4596766-dc51-4b1d-be01-b62fa92790ac admin admin] Validating network segment with type geneve, segmentation ID 51347, physical network None {{(pid=103187) _validate_network_segments /opt/stack/neutron/neutron/plugins/ml2/drivers/ovn/mech_driver/mech_driver.py:641}}
May 18 18:32:41.417391 np0000174509 devstack@neutron-api.service[103187]: DEBUG neutron.db.ovn_revision_numbers_db [None req-f4596766-dc51-4b1d-be01-b62fa92790ac admin admin] create_initial_revision uuid=698bc31e-5bfe-4ae0-8c2b-75480114470a, type=networks, rev=-1 {{(pid=103187) create_initial_revision /opt/stack/neutron/neutron/db/ovn_revision_numbers_db.py:98}}
May 18 18:32:41.431532 np0000174509 devstack@neutron-api.service[103187]: DEBUG neutron_lib.callbacks.manager [None req-f4596766-dc51-4b1d-be01-b62fa92790ac admin admin] Publish callbacks ['neutron.plugins.ml2.ovo_rpc._ObjectChangeHandler.handle_event-3145435'] for network (698bc31e-5bfe-4ae0-8c2b-75480114470a), after_create {{(pid=103187) _notify_loop /opt/stack/data/venv/lib/python3.12/site-packages/neutron_lib/callbacks/manager.py:184}}
May 18 18:32:41.478388 np0000174509 devstack@neutron-api.service[103187]: DEBUG neutron.api.rpc.handlers.resources_rpc [None req-f4596766-dc51-4b1d-be01-b62fa92790ac admin admin] Pushing event updated for resources: {'Network': ['ID=698bc31e-5bfe-4ae0-8c2b-75480114470a,revision_number=1']} {{(pid=103187) push /opt/stack/neutron/neutron/api/rpc/handlers/resources_rpc.py:237}}
May 18 18:32:41.486426 np0000174509 devstack@neutron-api.service[103187]: DEBUG ovsdbapp.backend.ovs_idl.transaction [-] Running txn n=1 command(idx=0): AddNetworkCommand(_result=None, network_uuid=698bc31e-5bfe-4ae0-8c2b-75480114470a, may_exist=True, columns={'external_ids': {'neutron:network_name': 'private', 'neutron:mtu': '1372', 'neutron:revision_number': '1', 'neutron:availability_zone_hints': '', 'neutron:provnet-network-type': 'geneve'}, 'other_config': {'mcast_snoop': 'false', 'mcast_flood_unregistered': 'false', 'vlan-passthru': 'false'}}) {{(pid=103187) do_commit /opt/stack/data/venv/lib/python3.12/site-packages/ovsdbapp/backend/ovs_idl/transaction.py:89}}
May 18 18:32:41.489004 np0000174509 devstack@neutron-api.service[103187]: DEBUG neutron.common.ovn.utils [-] OVS persist_uuid supported=True {{(pid=103187) ovs_persist_uuid_supported /opt/stack/neutron/neutron/common/ovn/utils.py:1537}}
May 18 18:32:41.493013 np0000174509 devstack@neutron-api.service[103187]: DEBUG neutron.plugins.ml2.drivers.ovn.mech_driver.ovsdb.ovsdb_monitor [-] Hash Ring: Node 8ac4b384ebe55173804bac243592c934 (host: np0000174509) handling event "create" for row 698bc31e-5bfe-4ae0-8c2b-75480114470a (table: Logical_Switch) {{(pid=103187) notify /opt/stack/neutron/neutron/plugins/ml2/drivers/ovn/mech_driver/ovsdb/ovsdb_monitor.py:942}}
May 18 18:32:41.503034 np0000174509 devstack@neutron-api.service[103190]: DEBUG neutron.plugins.ml2.drivers.ovn.mech_driver.ovsdb.ovsdb_monitor [-] Hash Ring: Node 0f0a918adbff559288edf392b9d46745 (host: np0000174509) handling event "create" for row a51fc7cb-1a96-4814-bbb9-50761fdfd76d (table: Datapath_Binding) {{(pid=103190) notify /opt/stack/neutron/neutron/plugins/ml2/drivers/ovn/mech_driver/ovsdb/ovsdb_monitor.py:942}}
May 18 18:32:41.504401 np0000174509 devstack@neutron-api.service[103188]: DEBUG neutron.plugins.ml2.drivers.ovn.mech_driver.ovsdb.ovsdb_monitor [-] Hash Ring: Node 8cdc8a2511d154b3abdb2399bb3942df (host: np0000174509) handling event "create" for row a51fc7cb-1a96-4814-bbb9-50761fdfd76d (table: Datapath_Binding) {{(pid=103188) notify /opt/stack/neutron/neutron/plugins/ml2/drivers/ovn/mech_driver/ovsdb/ovsdb_monitor.py:942}}
May 18 18:32:41.523266 np0000174509 devstack@neutron-api.service[103187]: INFO neutron.db.ovn_revision_numbers_db [None req-f4596766-dc51-4b1d-be01-b62fa92790ac admin admin] Successfully bumped revision number for resource 698bc31e-5bfe-4ae0-8c2b-75480114470a (type: networks) to 1
May 18 18:32:41.579559 np0000174509 devstack@neutron-api.service[103187]: DEBUG neutron_lib.callbacks.manager [None req-f4596766-dc51-4b1d-be01-b62fa92790ac admin admin] Publish callbacks ['neutron.plugins.ml2.plugin.SecurityGroupDbMixin._ensure_default_security_group_handler-206322'] for port (None), before_create {{(pid=103187) _notify_loop /opt/stack/data/venv/lib/python3.12/site-packages/neutron_lib/callbacks/manager.py:184}}
May 18 18:32:41.680690 np0000174509 devstack@neutron-api.service[103187]: DEBUG neutron_lib.callbacks.manager [None req-f4596766-dc51-4b1d-be01-b62fa92790ac admin admin] Publish callbacks ['neutron.plugins.ml2.drivers.ovn.mech_driver.mech_driver.OVNMechanismDriver._validate_allowed_address_pairs-197484'] for allowed_address_pair (74d31130-33f1-4713-a409-020d1377b02f), before_create {{(pid=103187) _notify_loop /opt/stack/data/venv/lib/python3.12/site-packages/neutron_lib/callbacks/manager.py:184}}
May 18 18:32:41.681469 np0000174509 devstack@neutron-api.service[103187]: DEBUG neutron_lib.callbacks.manager [None req-f4596766-dc51-4b1d-be01-b62fa92790ac admin admin] Publish callbacks [] for port (74d31130-33f1-4713-a409-020d1377b02f), precommit_create {{(pid=103187) _notify_loop /opt/stack/data/venv/lib/python3.12/site-packages/neutron_lib/callbacks/manager.py:184}}
May 18 18:32:41.681469 np0000174509 devstack@neutron-api.service[103187]: DEBUG neutron.plugins.ml2.drivers.ovn.mech_driver.mech_driver [None req-f4596766-dc51-4b1d-be01-b62fa92790ac admin admin] No provisioning block for port 74d31130-33f1-4713-a409-020d1377b02f since it does not have a host {{(pid=103187) _is_port_provisioning_required /opt/stack/neutron/neutron/plugins/ml2/drivers/ovn/mech_driver/mech_driver.py:894}}
May 18 18:32:41.681600 np0000174509 devstack@neutron-api.service[103187]: DEBUG neutron.db.ovn_revision_numbers_db [None req-f4596766-dc51-4b1d-be01-b62fa92790ac admin admin] create_initial_revision uuid=74d31130-33f1-4713-a409-020d1377b02f, type=ports, rev=-1 {{(pid=103187) create_initial_revision /opt/stack/neutron/neutron/db/ovn_revision_numbers_db.py:98}}
May 18 18:32:41.925743 np0000174509 devstack@neutron-api.service[103187]: DEBUG neutron_lib.callbacks.manager [None req-f4596766-dc51-4b1d-be01-b62fa92790ac admin admin] Publish callbacks ['neutron.plugins.ml2.ovo_rpc._ObjectChangeHandler.handle_event-3145418'] for port (74d31130-33f1-4713-a409-020d1377b02f), after_create {{(pid=103187) _notify_loop /opt/stack/data/venv/lib/python3.12/site-packages/neutron_lib/callbacks/manager.py:184}}
May 18 18:32:41.982578 np0000174509 devstack@neutron-api.service[103187]: DEBUG neutron.api.rpc.handlers.resources_rpc [None req-f4596766-dc51-4b1d-be01-b62fa92790ac admin admin] Pushing event updated for resources: {'Port': ['ID=74d31130-33f1-4713-a409-020d1377b02f,revision_number=1']} {{(pid=103187) push /opt/stack/neutron/neutron/api/rpc/handlers/resources_rpc.py:237}}
