May 18 18:32:32.161342 np0000174509 devstack@neutron-api.service[103188]: DEBUG neutron.api.extensions [None req-75094595-cf55-4bf6-b16d-444744c2bdd0 None None] Loading extension file: network_ip_availability.py {{(pid=103188) _load_all_extensions_from_path /opt/stack/neutron/neutron/api/extensions.py:449}}
May 18 18:32:32.161596 np0000174509 devstack@neutron-api.service[103188]: DEBUG neutron.api.extensions [None req-75094595-cf55-4bf6-b16d-444744c2bdd0 None None] Ext name="Network IP Availability" alias="network-ip-availability" description="Provides IP availability data for each network and subnet." updated="2015-09-24T00:00:00-00:00" {{(pid=103188) _check_extension /opt/stack/neutron/neutron/api/extensions.py:415}}
May 18 18:32:32.161757 np0000174509 devstack@neutron-api.service[103188]: INFO neutron.api.extensions [None req-75094595-cf55-4bf6-b16d-444744c2bdd0 None None] Loaded extension: network-ip-availability
May 18 18:32:32.161868 np0000174509 devstack@neutron-api.service[103188]: DEBUG neutron.api.extensions [None req-75094595-cf55-4bf6-b16d-444744c2bdd0 None None] Loading extension file: network_ip_availability_details.py {{(pid=103188) _load_all_extensions_from_path /opt/stack/neutron/neutron/api/extensions.py:449}}
May 18 18:32:32.162112 np0000174509 devstack@neutron-api.service[103188]: DEBUG neutron.api.extensions [None req-75094595-cf55-4bf6-b16d-444744c2bdd0 None None] Ext name="Network IP Availability Details Extension" alias="network-ip-availability-details" description="Add ip_availability_details attribute to network-ip-availabilities resource." updated="2025-10-31T00:00:00-00:00" {{(pid=103188) _check_extension /opt/stack/neutron/neutron/api/extensions.py:415}}
May 18 18:32:32.162294 np0000174509 devstack@neutron-api.service[103188]: INFO neutron.api.extensions [None req-75094595-cf55-4bf6-b16d-444744c2bdd0 None None] Loaded extension: network-ip-availability-details
May 18 18:32:32.162333 np0000174509 devstack@neutron-api.service[103189]: DEBUG neutron.manager [None req-35f57e32-a927-4d78-98bf-219bdd2b60d0 None None] Successfully loaded timestamp plugin. Description: Adds timestamps to Neutron resources with standard attributes {{(pid=103189) _create_and_add_service_plugin /opt/stack/neutron/neutron/manager.py:239}}
May 18 18:32:32.162376 np0000174509 devstack@neutron-api.service[103188]: DEBUG neutron.api.extensions [None req-75094595-cf55-4bf6-b16d-444744c2bdd0 None None] Loading extension file: network_segment_range.py {{(pid=103188) _load_all_extensions_from_path /opt/stack/neutron/neutron/api/extensions.py:449}}
May 18 18:32:32.162408 np0000174509 devstack@neutron-api.service[103189]: INFO neutron.manager [None req-35f57e32-a927-4d78-98bf-219bdd2b60d0 None None] Loading Plugin: network_ip_availability
May 18 18:32:32.162691 np0000174509 devstack@neutron-api.service[103188]: DEBUG neutron.api.extensions [None req-75094595-cf55-4bf6-b16d-444744c2bdd0 None None] Ext name="Neutron Network Segment Range" alias="network-segment-range" description="Provides support for the network segment range management" updated="2018-11-29T00:00:00-00:00" {{(pid=103188) _check_extension /opt/stack/neutron/neutron/api/extensions.py:415}}
May 18 18:32:32.162851 np0000174509 devstack@neutron-api.service[103188]: INFO neutron.api.extensions [None req-75094595-cf55-4bf6-b16d-444744c2bdd0 None None] Extension network-segment-range not supported by any of loaded plugins
May 18 18:32:32.162941 np0000174509 devstack@neutron-api.service[103188]: DEBUG neutron.api.extensions [None req-75094595-cf55-4bf6-b16d-444744c2bdd0 None None] Loading extension file: pagination.py {{(pid=103188) _load_all_extensions_from_path /opt/stack/neutron/neutron/api/extensions.py:449}}
May 18 18:32:32.163186 np0000174509 devstack@neutron-api.service[103188]: DEBUG neutron.api.extensions [None req-75094595-cf55-4bf6-b16d-444744c2bdd0 None None] Ext name="Pagination support" alias="pagination" description="Extension that indicates that pagination is enabled." updated="2016-06-12T00:00:00-00:00" {{(pid=103188) _check_extension /opt/stack/neutron/neutron/api/extensions.py:415}}
May 18 18:32:32.163279 np0000174509 devstack@neutron-api.service[103188]: INFO neutron.api.extensions [None req-75094595-cf55-4bf6-b16d-444744c2bdd0 None None] Loaded extension: pagination
May 18 18:32:32.163373 np0000174509 devstack@neutron-api.service[103188]: DEBUG neutron.api.extensions [None req-75094595-cf55-4bf6-b16d-444744c2bdd0 None None] Loading extension file: port_device_profile.py {{(pid=103188) _load_all_extensions_from_path /opt/stack/neutron/neutron/api/extensions.py:449}}
May 18 18:32:32.163599 np0000174509 devstack@neutron-api.service[103188]: DEBUG neutron.api.extensions [None req-75094595-cf55-4bf6-b16d-444744c2bdd0 None None] Ext name="Port device profile" alias="port-device-profile" description="Expose the port device profile (Cyborg)" updated="2020-12-17T10:00:00-00:00" {{(pid=103188) _check_extension /opt/stack/neutron/neutron/api/extensions.py:415}}
May 18 18:32:32.163756 np0000174509 devstack@neutron-api.service[103188]: INFO neutron.api.extensions [None req-75094595-cf55-4bf6-b16d-444744c2bdd0 None None] Loaded extension: port-device-profile
May 18 18:32:32.163818 np0000174509 devstack@neutron-api.service[103189]: DEBUG neutron.manager [None req-35f57e32-a927-4d78-98bf-219bdd2b60d0 None None] Successfully loaded network-ip-availability plugin. Description: Provides IP availability data for each network and subnet. {{(pid=103189) _create_and_add_service_plugin /opt/stack/neutron/neutron/manager.py:239}}
May 18 18:32:32.163860 np0000174509 devstack@neutron-api.service[103188]: DEBUG neutron.api.extensions [None req-75094595-cf55-4bf6-b16d-444744c2bdd0 None None] Loading extension file: port_hardware_offload_type.py {{(pid=103188) _load_all_extensions_from_path /opt/stack/neutron/neutron/api/extensions.py:449}}
May 18 18:32:32.163920 np0000174509 devstack@neutron-api.service[103189]: INFO neutron.manager [None req-35f57e32-a927-4d78-98bf-219bdd2b60d0 None None] Loading Plugin: flavors
May 18 18:32:32.164069 np0000174509 devstack@neutron-api.service[103188]: DEBUG neutron.api.extensions [None req-75094595-cf55-4bf6-b16d-444744c2bdd0 None None] Ext name="Port hardware offload" alias="port-hardware-offload-type" description="Expose port hardware offload extension" updated="2023-05-09T10:00:00-00:00" {{(pid=103188) _check_extension /opt/stack/neutron/neutron/api/extensions.py:415}}
May 18 18:32:32.164251 np0000174509 devstack@neutron-api.service[103188]: INFO neutron.api.extensions [None req-75094595-cf55-4bf6-b16d-444744c2bdd0 None None] Extension port-hardware-offload-type not supported by any of loaded plugins
May 18 18:32:32.164339 np0000174509 devstack@neutron-api.service[103188]: DEBUG neutron.api.extensions [None req-75094595-cf55-4bf6-b16d-444744c2bdd0 None None] Loading extension file: port_hint_ovs_tx_steering.py {{(pid=103188) _load_all_extensions_from_path /opt/stack/neutron/neutron/api/extensions.py:449}}
May 18 18:32:32.164562 np0000174509 devstack@neutron-api.service[103188]: DEBUG neutron.api.extensions [None req-75094595-cf55-4bf6-b16d-444744c2bdd0 None None] Ext name="Port hint: Open vSwitch Tx steering" alias="port-hint-ovs-tx-steering" description="Enable Port hint: Open vSwitch Tx steering" updated="2023-01-01T00:00:00-00:00" {{(pid=103188) _check_extension /opt/stack/neutron/neutron/api/extensions.py:415}}
May 18 18:32:32.164723 np0000174509 devstack@neutron-api.service[103188]: INFO neutron.api.extensions [None req-75094595-cf55-4bf6-b16d-444744c2bdd0 None None] Extension port-hint-ovs-tx-steering not supported by any of loaded plugins
May 18 18:32:32.164817 np0000174509 devstack@neutron-api.service[103188]: DEBUG neutron.api.extensions [None req-75094595-cf55-4bf6-b16d-444744c2bdd0 None None] Loading extension file: port_hints.py {{(pid=103188) _load_all_extensions_from_path /opt/stack/neutron/neutron/api/extensions.py:449}}
May 18 18:32:32.165033 np0000174509 devstack@neutron-api.service[103188]: DEBUG neutron.api.extensions [None req-75094595-cf55-4bf6-b16d-444744c2bdd0 None None] Ext name="Port hints" alias="port-hints" description="Backend specific port hints to allow backend specific tuning" updated="2023-01-01T00:00:00-00:00" {{(pid=103188) _check_extension /opt/stack/neutron/neutron/api/extensions.py:415}}
May 18 18:32:32.165190 np0000174509 devstack@neutron-api.service[103189]: DEBUG neutron.manager [None req-35f57e32-a927-4d78-98bf-219bdd2b60d0 None None] Successfully loaded FLAVORS plugin. Description: Neutron Flavors and Service Profiles manager plugin {{(pid=103189) _create_and_add_service_plugin /opt/stack/neutron/neutron/manager.py:239}}
May 18 18:32:32.165246 np0000174509 devstack@neutron-api.service[103188]: INFO neutron.api.extensions [None req-75094595-cf55-4bf6-b16d-444744c2bdd0 None None] Extension port-hints not supported by any of loaded plugins
May 18 18:32:32.165282 np0000174509 devstack@neutron-api.service[103189]: INFO neutron.manager [None req-35f57e32-a927-4d78-98bf-219bdd2b60d0 None None] Loading Plugin: revisions
May 18 18:32:32.165317 np0000174509 devstack@neutron-api.service[103188]: DEBUG neutron.api.extensions [None req-75094595-cf55-4bf6-b16d-444744c2bdd0 None None] Loading extension file: port_mac_address_override.py {{(pid=103188) _load_all_extensions_from_path /opt/stack/neutron/neutron/api/extensions.py:449}}
May 18 18:32:32.165518 np0000174509 devstack@neutron-api.service[103188]: DEBUG neutron.api.extensions [None req-75094595-cf55-4bf6-b16d-444744c2bdd0 None None] Ext name="Neutron Port MAC address override" alias="port-mac-override" description="Allow overriding the MAC address of a direct-physical Port via the active binding profile" updated="2022-03-18T10:00:00-00:00" {{(pid=103188) _check_extension /opt/stack/neutron/neutron/api/extensions.py:415}}
May 18 18:32:32.165677 np0000174509 devstack@neutron-api.service[103188]: INFO neutron.api.extensions [None req-75094595-cf55-4bf6-b16d-444744c2bdd0 None None] Extension port-mac-override not supported by any of loaded plugins
May 18 18:32:32.165764 np0000174509 devstack@neutron-api.service[103188]: DEBUG neutron.api.extensions [None req-75094595-cf55-4bf6-b16d-444744c2bdd0 None None] Loading extension file: port_mac_address_regenerate.py {{(pid=103188) _load_all_extensions_from_path /opt/stack/neutron/neutron/api/extensions.py:449}}
May 18 18:32:32.166029 np0000174509 devstack@neutron-api.service[103188]: DEBUG neutron.api.extensions [None req-75094595-cf55-4bf6-b16d-444744c2bdd0 None None] Ext name="Neutron Port MAC address regenerate" alias="port-mac-address-regenerate" description="Network port MAC address regenerate" updated="2018-05-03T10:00:00-00:00" {{(pid=103188) _check_extension /opt/stack/neutron/neutron/api/extensions.py:415}}
May 18 18:32:32.166217 np0000174509 devstack@neutron-api.service[103188]: INFO neutron.api.extensions [None req-75094595-cf55-4bf6-b16d-444744c2bdd0 None None] Loaded extension: port-mac-address-regenerate
May 18 18:32:32.166272 np0000174509 devstack@neutron-api.service[103189]: DEBUG neutron.manager [None req-35f57e32-a927-4d78-98bf-219bdd2b60d0 None None] Successfully loaded revision_plugin plugin. Description: Adds revision numbers to resources. {{(pid=103189) _create_and_add_service_plugin /opt/stack/neutron/neutron/manager.py:239}}
May 18 18:32:32.166306 np0000174509 devstack@neutron-api.service[103188]: DEBUG neutron.api.extensions [None req-75094595-cf55-4bf6-b16d-444744c2bdd0 None None] Loading extension file: port_numa_affinity_policy.py {{(pid=103188) _load_all_extensions_from_path /opt/stack/neutron/neutron/api/extensions.py:449}}
May 18 18:32:32.166419 np0000174509 devstack@neutron-api.service[103189]: DEBUG oslo_concurrency.lockutils [None req-35f57e32-a927-4d78-98bf-219bdd2b60d0 None None] Lock "manager" "released" by "neutron.manager.NeutronManager._create_instance" :: held 4.781s {{(pid=103189) inner /opt/stack/data/venv/lib/python3.12/site-packages/oslo_concurrency/lockutils.py:538}}
May 18 18:32:32.166519 np0000174509 devstack@neutron-api.service[103188]: DEBUG neutron.api.extensions [None req-75094595-cf55-4bf6-b16d-444744c2bdd0 None None] Ext name="Port NUMA affinity policy" alias="port-numa-affinity-policy" description="Expose the port NUMA affinity policy" updated="2020-07-08T10:00:00-00:00" {{(pid=103188) _check_extension /opt/stack/neutron/neutron/api/extensions.py:415}}
May 18 18:32:32.166615 np0000174509 devstack@neutron-api.service[103189]: DEBUG neutron.api.extensions [None req-35f57e32-a927-4d78-98bf-219bdd2b60d0 None None] get_extension_paths = OrderedDict({'/opt/stack/neutron/neutron/extensions': 1}) {{(pid=103189) get_extensions_path /opt/stack/neutron/neutron/api/extensions.py:640}}
May 18 18:32:32.166678 np0000174509 devstack@neutron-api.service[103188]: INFO neutron.api.extensions [None req-75094595-cf55-4bf6-b16d-444744c2bdd0 None None] Loaded extension: port-numa-affinity-policy
May 18 18:32:32.166709 np0000174509 devstack@neutron-api.service[103189]: INFO neutron.api.extensions [None req-35f57e32-a927-4d78-98bf-219bdd2b60d0 None None] Initializing extension manager.
May 18 18:32:32.166768 np0000174509 devstack@neutron-api.service[103188]: DEBUG neutron.api.extensions [None req-75094595-cf55-4bf6-b16d-444744c2bdd0 None None] Loading extension file: port_numa_affinity_policy_socket.py {{(pid=103188) _load_all_extensions_from_path /opt/stack/neutron/neutron/api/extensions.py:449}}
May 18 18:32:32.166969 np0000174509 devstack@neutron-api.service[103189]: DEBUG neutron.api.extensions [None req-35f57e32-a927-4d78-98bf-219bdd2b60d0 None None] Loading extension file: __init__.py {{(pid=103189) _load_all_extensions_from_path /opt/stack/neutron/neutron/api/extensions.py:449}}
May 18 18:32:32.167007 np0000174509 devstack@neutron-api.service[103188]: DEBUG neutron.api.extensions [None req-75094595-cf55-4bf6-b16d-444744c2bdd0 None None] Ext name="Port NUMA affinity policy "socket"" alias="port-numa-affinity-policy-socket" description="Adds "socket" to the supported port NUMA affinity policies" updated="2024-02-09T10:00:00-00:00" {{(pid=103188) _check_extension /opt/stack/neutron/neutron/api/extensions.py:415}}
May 18 18:32:32.167069 np0000174509 devstack@neutron-api.service[103189]: DEBUG neutron.api.extensions [None req-35f57e32-a927-4d78-98bf-219bdd2b60d0 None None] Loading extension file: __pycache__ {{(pid=103189) _load_all_extensions_from_path /opt/stack/neutron/neutron/api/extensions.py:449}}
May 18 18:32:32.167163 np0000174509 devstack@neutron-api.service[103188]: INFO neutron.api.extensions [None req-75094595-cf55-4bf6-b16d-444744c2bdd0 None None] Loaded extension: port-numa-affinity-policy-socket
May 18 18:32:32.167211 np0000174509 devstack@neutron-api.service[103189]: DEBUG neutron.api.extensions [None req-35f57e32-a927-4d78-98bf-219bdd2b60d0 None None] Loading extension file: address_group.py {{(pid=103189) _load_all_extensions_from_path /opt/stack/neutron/neutron/api/extensions.py:449}}
May 18 18:32:32.167252 np0000174509 devstack@neutron-api.service[103188]: DEBUG neutron.api.extensions [None req-75094595-cf55-4bf6-b16d-444744c2bdd0 None None] Loading extension file: port_resource_request.py {{(pid=103188) _load_all_extensions_from_path /opt/stack/neutron/neutron/api/extensions.py:449}}
May 18 18:32:32.167330 np0000174509 devstack@neutron-api.service[103187]: DEBUG neutron_lib.callbacks.manager [None req-bb5d27ad-80e3-46ae-8b03-64139a1182dd None None] Subscribe: > router before_delete 55550000, False {{(pid=103187) subscribe /opt/stack/data/venv/lib/python3.12/site-packages/neutron_lib/callbacks/manager.py:52}}
May 18 18:32:32.167468 np0000174509 devstack@neutron-api.service[103188]: DEBUG neutron.api.extensions [None req-75094595-cf55-4bf6-b16d-444744c2bdd0 None None] Ext name="Port Resource Request" alias="port-resource-request" description="Expose resource request to Port" updated="2018-05-08T10:00:00-00:00" {{(pid=103188) _check_extension /opt/stack/neutron/neutron/api/extensions.py:415}}
May 18 18:32:32.167522 np0000174509 devstack@neutron-api.service[103187]: DEBUG neutron_lib.callbacks.manager [None req-bb5d27ad-80e3-46ae-8b03-64139a1182dd None None] Subscribe: port before_update 55550000, False {{(pid=103187) subscribe /opt/stack/data/venv/lib/python3.12/site-packages/neutron_lib/callbacks/manager.py:52}}
May 18 18:32:32.167562 np0000174509 devstack@neutron-api.service[103189]: DEBUG neutron.api.extensions [None req-35f57e32-a927-4d78-98bf-219bdd2b60d0 None None] Ext name="Address group" alias="address-group" description="Support address group" updated="2020-07-15T10:00:00-00:00" {{(pid=103189) _check_extension /opt/stack/neutron/neutron/api/extensions.py:415}}
May 18 18:32:32.167617 np0000174509 devstack@neutron-api.service[103187]: DEBUG neutron_lib.callbacks.manager [None req-bb5d27ad-80e3-46ae-8b03-64139a1182dd None None] Subscribe: port after_update 55550000, False {{(pid=103187) subscribe /opt/stack/data/venv/lib/python3.12/site-packages/neutron_lib/callbacks/manager.py:52}}
May 18 18:32:32.167655 np0000174509 devstack@neutron-api.service[103188]: INFO neutron.api.extensions [None req-75094595-cf55-4bf6-b16d-444744c2bdd0 None None] Extension port-resource-request not supported by any of loaded plugins
May 18 18:32:32.167707 np0000174509 devstack@neutron-api.service[103188]: DEBUG neutron.api.extensions [None req-75094595-cf55-4bf6-b16d-444744c2bdd0 None None] Loading extension file: port_resource_request_groups.py {{(pid=103188) _load_all_extensions_from_path /opt/stack/neutron/neutron/api/extensions.py:449}}
May 18 18:32:32.167744 np0000174509 devstack@neutron-api.service[103187]: DEBUG neutron_lib.callbacks.manager [None req-bb5d27ad-80e3-46ae-8b03-64139a1182dd None None] Subscribe: > port precommit_delete 55550000, False {{(pid=103187) subscribe /opt/stack/data/venv/lib/python3.12/site-packages/neutron_lib/callbacks/manager.py:52}}
May 18 18:32:32.167783 np0000174509 devstack@neutron-api.service[103189]: INFO neutron.api.extensions [None req-35f57e32-a927-4d78-98bf-219bdd2b60d0 None None] Loaded extension: address-group
May 18 18:32:32.167822 np0000174509 devstack@neutron-api.service[103187]: DEBUG neutron_lib.callbacks.manager [None req-bb5d27ad-80e3-46ae-8b03-64139a1182dd None None] Subscribe: port before_update 55550000, False {{(pid=103187) subscribe /opt/stack/data/venv/lib/python3.12/site-packages/neutron_lib/callbacks/manager.py:52}}
May 18 18:32:32.167868 np0000174509 devstack@neutron-api.service[103189]: DEBUG neutron.api.extensions [None req-35f57e32-a927-4d78-98bf-219bdd2b60d0 None None] Loading extension file: address_scope.py {{(pid=103189) _load_all_extensions_from_path /opt/stack/neutron/neutron/api/extensions.py:449}}
May 18 18:32:32.167930 np0000174509 devstack@neutron-api.service[103187]: DEBUG neutron_lib.callbacks.manager [None req-bb5d27ad-80e3-46ae-8b03-64139a1182dd None None] Subscribe: port before_delete 55550000, False {{(pid=103187) subscribe /opt/stack/data/venv/lib/python3.12/site-packages/neutron_lib/callbacks/manager.py:52}}
May 18 18:32:32.167972 np0000174509 devstack@neutron-api.service[103188]: DEBUG neutron.api.extensions [None req-75094595-cf55-4bf6-b16d-444744c2bdd0 None None] Ext name="Port Resource Request Groups" alias="port-resource-request-groups" description="Support requesting multiple groups of resources and traits from the same RP subtree in resource_request" updated="2021-08-02T10:00:00-00:00" {{(pid=103188) _check_extension /opt/stack/neutron/neutron/api/extensions.py:415}}
May 18 18:32:32.168034 np0000174509 devstack@neutron-api.service[103187]: DEBUG neutron_lib.callbacks.manager [None req-bb5d27ad-80e3-46ae-8b03-64139a1182dd None None] Subscribe: > router precommit_create 55550000, False {{(pid=103187) subscribe /opt/stack/data/venv/lib/python3.12/site-packages/neutron_lib/callbacks/manager.py:52}}
May 18 18:32:32.168095 np0000174509 devstack@neutron-api.service[103188]: INFO neutron.api.extensions [None req-75094595-cf55-4bf6-b16d-444744c2bdd0 None None] Extension port-resource-request-groups not supported by any of loaded plugins
May 18 18:32:32.168169 np0000174509 devstack@neutron-api.service[103187]: DEBUG neutron_lib.callbacks.manager [None req-bb5d27ad-80e3-46ae-8b03-64139a1182dd None None] Subscribe: > router precommit_create 55550000, False {{(pid=103187) subscribe /opt/stack/data/venv/lib/python3.12/site-packages/neutron_lib/callbacks/manager.py:52}}
May 18 18:32:32.168220 np0000174509 devstack@neutron-api.service[103189]: DEBUG neutron.api.extensions [None req-35f57e32-a927-4d78-98bf-219bdd2b60d0 None None] Ext name="Address scope" alias="address-scope" description="Address scopes extension." updated="2015-07-26T10:00:00-00:00" {{(pid=103189) _check_extension /opt/stack/neutron/neutron/api/extensions.py:415}}
May 18 18:32:32.168252 np0000174509 devstack@neutron-api.service[103188]: DEBUG neutron.api.extensions [None req-75094595-cf55-4bf6-b16d-444744c2bdd0 None None] Loading extension file: port_trusted_vif.py {{(pid=103188) _load_all_extensions_from_path /opt/stack/neutron/neutron/api/extensions.py:449}}
May 18 18:32:32.168285 np0000174509 devstack@neutron-api.service[103187]: DEBUG neutron_lib.callbacks.manager [None req-bb5d27ad-80e3-46ae-8b03-64139a1182dd None None] Subscribe: > router precommit_update 55550000, False {{(pid=103187) subscribe /opt/stack/data/venv/lib/python3.12/site-packages/neutron_lib/callbacks/manager.py:52}}
May 18 18:32:32.168359 np0000174509 devstack@neutron-api.service[103189]: INFO neutron.api.extensions [None req-35f57e32-a927-4d78-98bf-219bdd2b60d0 None None] Loaded extension: address-scope
May 18 18:32:32.168410 np0000174509 devstack@neutron-api.service[103187]: DEBUG neutron_lib.callbacks.manager [None req-bb5d27ad-80e3-46ae-8b03-64139a1182dd None None] Subscribe: subnet after_update 55550000, False {{(pid=103187) subscribe /opt/stack/data/venv/lib/python3.12/site-packages/neutron_lib/callbacks/manager.py:52}}
May 18 18:32:32.168451 np0000174509 devstack@neutron-api.service[103188]: DEBUG neutron.api.extensions [None req-75094595-cf55-4bf6-b16d-444744c2bdd0 None None] Ext name="Port trusted vif" alias="port-trusted-vif" description="Expose port 'trusted' attribute in the API" updated="2024-07-10T10:00:00-00:00" {{(pid=103188) _check_extension /opt/stack/neutron/neutron/api/extensions.py:415}}
May 18 18:32:32.168481 np0000174509 devstack@neutron-api.service[103189]: DEBUG neutron.api.extensions [None req-35f57e32-a927-4d78-98bf-219bdd2b60d0 None None] Loading extension file: admin_state_down_before_update.py {{(pid=103189) _load_all_extensions_from_path /opt/stack/neutron/neutron/api/extensions.py:449}}
May 18 18:32:32.168578 np0000174509 devstack@neutron-api.service[103188]: INFO neutron.api.extensions [None req-75094595-cf55-4bf6-b16d-444744c2bdd0 None None] Extension port-trusted-vif not supported by any of loaded plugins
May 18 18:32:32.168615 np0000174509 devstack@neutron-api.service[103187]: DEBUG neutron.quota.resource_registry [None req-bb5d27ad-80e3-46ae-8b03-64139a1182dd None None] Tracking information for resource: router configured {{(pid=103187) set_tracked_resource /opt/stack/neutron/neutron/quota/resource_registry.py:203}}
May 18 18:32:32.168657 np0000174509 devstack@neutron-api.service[103188]: DEBUG neutron.api.extensions [None req-75094595-cf55-4bf6-b16d-444744c2bdd0 None None] Loading extension file: portbindings.py {{(pid=103188) _load_all_extensions_from_path /opt/stack/neutron/neutron/api/extensions.py:449}}
May 18 18:32:32.168695 np0000174509 devstack@neutron-api.service[103189]: DEBUG neutron.api.extensions [None req-35f57e32-a927-4d78-98bf-219bdd2b60d0 None None] Ext name="Enforce Router's Admin State Down Before Update Extension" alias="router-admin-state-down-before-update" description="Ensure that the admin state of a router is DOWN (admin_state_up=False) before updating the distributed attribute" updated="2019-07-02T15:56:00" {{(pid=103189) _check_extension /opt/stack/neutron/neutron/api/extensions.py:415}}
May 18 18:32:32.168727 np0000174509 devstack@neutron-api.service[103187]: DEBUG neutron.quota.resource_registry [None req-bb5d27ad-80e3-46ae-8b03-64139a1182dd None None] Tracking information for resource: floatingip configured {{(pid=103187) set_tracked_resource /opt/stack/neutron/neutron/quota/resource_registry.py:203}}
May 18 18:32:32.168850 np0000174509 devstack@neutron-api.service[103187]: INFO neutron.services.ovn_l3.plugin [None req-bb5d27ad-80e3-46ae-8b03-64139a1182dd None None] Starting OVNL3RouterPlugin
May 18 18:32:32.168880 np0000174509 devstack@neutron-api.service[103189]: INFO neutron.api.extensions [None req-35f57e32-a927-4d78-98bf-219bdd2b60d0 None None] Extension router-admin-state-down-before-update not supported by any of loaded plugins
May 18 18:32:32.168915 np0000174509 devstack@neutron-api.service[103188]: DEBUG neutron.api.extensions [None req-75094595-cf55-4bf6-b16d-444744c2bdd0 None None] Ext name="Port Binding" alias="binding" description="Expose port bindings of a virtual port to external application" updated="2014-02-03T10:00:00-00:00" {{(pid=103188) _check_extension /opt/stack/neutron/neutron/api/extensions.py:415}}
May 18 18:32:32.168957 np0000174509 devstack@neutron-api.service[103189]: DEBUG neutron.api.extensions [None req-35f57e32-a927-4d78-98bf-219bdd2b60d0 None None] Loading extension file: agent.py {{(pid=103189) _load_all_extensions_from_path /opt/stack/neutron/neutron/api/extensions.py:449}}
May 18 18:32:32.169047 np0000174509 devstack@neutron-api.service[103188]: INFO neutron.api.extensions [None req-75094595-cf55-4bf6-b16d-444744c2bdd0 None None] Loaded extension: binding
May 18 18:32:32.169104 np0000174509 devstack@neutron-api.service[103187]: DEBUG neutron_lib.callbacks.manager [None req-bb5d27ad-80e3-46ae-8b03-64139a1182dd None None] Subscribe: > port_forwarding_plugin after_init 55550000, False {{(pid=103187) subscribe /opt/stack/data/venv/lib/python3.12/site-packages/neutron_lib/callbacks/manager.py:52}}
May 18 18:32:32.169180 np0000174509 devstack@neutron-api.service[103188]: DEBUG neutron.api.extensions [None req-75094595-cf55-4bf6-b16d-444744c2bdd0 None None] Loading extension file: portbindings_extended.py {{(pid=103188) _load_all_extensions_from_path /opt/stack/neutron/neutron/api/extensions.py:449}}
May 18 18:32:32.169276 np0000174509 devstack@neutron-api.service[103189]: DEBUG neutron.api.extensions [None req-35f57e32-a927-4d78-98bf-219bdd2b60d0 None None] Ext name="agent" alias="agent" description="The agent management extension." updated="2013-02-03T10:00:00-00:00" {{(pid=103189) _check_extension /opt/stack/neutron/neutron/api/extensions.py:415}}
May 18 18:32:32.169392 np0000174509 devstack@neutron-api.service[103187]: DEBUG neutron_lib.callbacks.manager [None req-bb5d27ad-80e3-46ae-8b03-64139a1182dd None None] Subscribe: > router before_create 55550100, False {{(pid=103187) subscribe /opt/stack/data/venv/lib/python3.12/site-packages/neutron_lib/callbacks/manager.py:52}}
May 18 18:32:32.169439 np0000174509 devstack@neutron-api.service[103188]: DEBUG neutron.api.extensions [None req-75094595-cf55-4bf6-b16d-444744c2bdd0 None None] Ext name="Port Bindings Extended" alias="binding-extended" description="Expose port bindings of a virtual port to external application" updated="2017-07-17T10:00:00-00:00" {{(pid=103188) _check_extension /opt/stack/neutron/neutron/api/extensions.py:415}}
May 18 18:32:32.169480 np0000174509 devstack@neutron-api.service[103189]: INFO neutron.api.extensions [None req-35f57e32-a927-4d78-98bf-219bdd2b60d0 None None] Loaded extension: agent
May 18 18:32:32.169517 np0000174509 devstack@neutron-api.service[103187]: DEBUG neutron_lib.callbacks.manager [None req-bb5d27ad-80e3-46ae-8b03-64139a1182dd None None] Subscribe: > router precommit_delete 55550100, False {{(pid=103187) subscribe /opt/stack/data/venv/lib/python3.12/site-packages/neutron_lib/callbacks/manager.py:52}}
May 18 18:32:32.169548 np0000174509 devstack@neutron-api.service[103189]: DEBUG neutron.api.extensions [None req-35f57e32-a927-4d78-98bf-219bdd2b60d0 None None] Loading extension file: agent_resources_synced.py {{(pid=103189) _load_all_extensions_from_path /opt/stack/neutron/neutron/api/extensions.py:449}}
May 18 18:32:32.169575 np0000174509 devstack@neutron-api.service[103188]: INFO neutron.api.extensions [None req-75094595-cf55-4bf6-b16d-444744c2bdd0 None None] Loaded extension: binding-extended
May 18 18:32:32.169642 np0000174509 devstack@neutron-api.service[103187]: DEBUG neutron_lib.callbacks.manager [None req-bb5d27ad-80e3-46ae-8b03-64139a1182dd None None] Subscribe: > router precommit_create 55550100, False {{(pid=103187) subscribe /opt/stack/data/venv/lib/python3.12/site-packages/neutron_lib/callbacks/manager.py:52}}
May 18 18:32:32.169674 np0000174509 devstack@neutron-api.service[103188]: DEBUG neutron.api.extensions [None req-75094595-cf55-4bf6-b16d-444744c2bdd0 None None] Loading extension file: portsecurity.py {{(pid=103188) _load_all_extensions_from_path /opt/stack/neutron/neutron/api/extensions.py:449}}
May 18 18:32:32.169760 np0000174509 devstack@neutron-api.service[103187]: DEBUG neutron_lib.callbacks.manager [None req-bb5d27ad-80e3-46ae-8b03-64139a1182dd None None] Subscribe: > router precommit_update 55550100, False {{(pid=103187) subscribe /opt/stack/data/venv/lib/python3.12/site-packages/neutron_lib/callbacks/manager.py:52}}
May 18 18:32:32.169791 np0000174509 devstack@neutron-api.service[103189]: DEBUG neutron.api.extensions [None req-35f57e32-a927-4d78-98bf-219bdd2b60d0 None None] Ext name="Agent's Resource View Synced to Placement" alias="agent-resources-synced" description="Stores success/failure of last sync to Placement" updated="2018-12-19T00:00:00-00:00" {{(pid=103189) _check_extension /opt/stack/neutron/neutron/api/extensions.py:415}}
May 18 18:32:32.169871 np0000174509 devstack@neutron-api.service[103188]: DEBUG neutron.api.extensions [None req-75094595-cf55-4bf6-b16d-444744c2bdd0 None None] Ext name="Port Security" alias="port-security" description="Provides port security" updated="2012-07-23T10:00:00-00:00" {{(pid=103188) _check_extension /opt/stack/neutron/neutron/api/extensions.py:415}}
May 18 18:32:32.169958 np0000174509 devstack@neutron-api.service[103189]: INFO neutron.api.extensions [None req-35f57e32-a927-4d78-98bf-219bdd2b60d0 None None] Extension agent-resources-synced not supported by any of loaded plugins
May 18 18:32:32.170035 np0000174509 devstack@neutron-api.service[103188]: INFO neutron.api.extensions [None req-75094595-cf55-4bf6-b16d-444744c2bdd0 None None] Loaded extension: port-security
May 18 18:32:32.170067 np0000174509 devstack@neutron-api.service[103189]: DEBUG neutron.api.extensions [None req-35f57e32-a927-4d78-98bf-219bdd2b60d0 None None] Loading extension file: agent_sort_key.py {{(pid=103189) _load_all_extensions_from_path /opt/stack/neutron/neutron/api/extensions.py:449}}
May 18 18:32:32.170136 np0000174509 devstack@neutron-api.service[103188]: DEBUG neutron.api.extensions [None req-75094595-cf55-4bf6-b16d-444744c2bdd0 None None] Loading extension file: project_id.py {{(pid=103188) _load_all_extensions_from_path /opt/stack/neutron/neutron/api/extensions.py:449}}
May 18 18:32:32.170306 np0000174509 devstack@neutron-api.service[103189]: DEBUG neutron.api.extensions [None req-35f57e32-a927-4d78-98bf-219bdd2b60d0 None None] Ext name="Agents Sort Key" alias="agent_sort_key" description="Enabling the keyword sort_key for sorting in agents." updated="2013-02-03T10:00:00-00:00" {{(pid=103189) _check_extension /opt/stack/neutron/neutron/api/extensions.py:415}}
May 18 18:32:32.170371 np0000174509 devstack@neutron-api.service[103188]: DEBUG neutron.api.extensions [None req-75094595-cf55-4bf6-b16d-444744c2bdd0 None None] Ext name="project_id field enabled" alias="project-id" description="Extension that indicates that project_id field is enabled." updated="2016-09-09T09:09:09-09:09" {{(pid=103188) _check_extension /opt/stack/neutron/neutron/api/extensions.py:415}}
May 18 18:32:32.170466 np0000174509 devstack@neutron-api.service[103188]: INFO neutron.api.extensions [None req-75094595-cf55-4bf6-b16d-444744c2bdd0 None None] Loaded extension: project-id
May 18 18:32:32.170496 np0000174509 devstack@neutron-api.service[103189]: INFO neutron.api.extensions [None req-35f57e32-a927-4d78-98bf-219bdd2b60d0 None None] Extension agent_sort_key not supported by any of loaded plugins
May 18 18:32:32.170555 np0000174509 devstack@neutron-api.service[103188]: DEBUG neutron.api.extensions [None req-75094595-cf55-4bf6-b16d-444744c2bdd0 None None] Loading extension file: providernet.py {{(pid=103188) _load_all_extensions_from_path /opt/stack/neutron/neutron/api/extensions.py:449}}
May 18 18:32:32.170587 np0000174509 devstack@neutron-api.service[103189]: DEBUG neutron.api.extensions [None req-35f57e32-a927-4d78-98bf-219bdd2b60d0 None None] Loading extension file: allowedaddresspairs.py {{(pid=103189) _load_all_extensions_from_path /opt/stack/neutron/neutron/api/extensions.py:449}}
May 18 18:32:32.170775 np0000174509 devstack@neutron-api.service[103188]: DEBUG neutron.api.extensions [None req-75094595-cf55-4bf6-b16d-444744c2bdd0 None None] Ext name="Provider Network" alias="provider" description="Expose mapping of virtual networks to physical networks" updated="2012-09-07T10:00:00-00:00" {{(pid=103188) _check_extension /opt/stack/neutron/neutron/api/extensions.py:415}}
May 18 18:32:32.170946 np0000174509 devstack@neutron-api.service[103188]: INFO neutron.api.extensions [None req-75094595-cf55-4bf6-b16d-444744c2bdd0 None None] Loaded extension: provider
May 18 18:32:32.171034 np0000174509 devstack@neutron-api.service[103188]: DEBUG neutron.api.extensions [None req-75094595-cf55-4bf6-b16d-444744c2bdd0 None None] Loading extension file: qinq.py {{(pid=103188) _load_all_extensions_from_path /opt/stack/neutron/neutron/api/extensions.py:449}}
May 18 18:32:32.171230 np0000174509 devstack@neutron-api.service[103189]: DEBUG neutron.api.extensions [None req-35f57e32-a927-4d78-98bf-219bdd2b60d0 None None] Ext name="Allowed Address Pairs" alias="allowed-address-pairs" description="Provides allowed address pairs" updated="2013-07-23T10:00:00-00:00" {{(pid=103189) _check_extension /opt/stack/neutron/neutron/api/extensions.py:415}}
May 18 18:32:32.171288 np0000174509 devstack@neutron-api.service[103188]: DEBUG neutron.api.extensions [None req-75094595-cf55-4bf6-b16d-444744c2bdd0 None None] Ext name="QinQ networks" alias="qinq" description="Expose network 'qinq' attribute in the API. This allows to configure network to allow vlan in vlan configuration using 0x8a88 ethertype (QinQ)." updated="2024-12-02T10:00:00-00:00" {{(pid=103188) _check_extension /opt/stack/neutron/neutron/api/extensions.py:415}}
May 18 18:32:32.171408 np0000174509 devstack@neutron-api.service[103189]: INFO neutron.api.extensions [None req-35f57e32-a927-4d78-98bf-219bdd2b60d0 None None] Loaded extension: allowed-address-pairs
May 18 18:32:32.171464 np0000174509 devstack@neutron-api.service[103188]: INFO neutron.api.extensions [None req-75094595-cf55-4bf6-b16d-444744c2bdd0 None None] Loaded extension: qinq
May 18 18:32:32.171490 np0000174509 devstack@neutron-api.service[103189]: DEBUG neutron.api.extensions [None req-35f57e32-a927-4d78-98bf-219bdd2b60d0 None None] Loading extension file: auto_allocated_topology.py {{(pid=103189) _load_all_extensions_from_path /opt/stack/neutron/neutron/api/extensions.py:449}}
May 18 18:32:32.171555 np0000174509 devstack@neutron-api.service[103188]: DEBUG neutron.api.extensions [None req-75094595-cf55-4bf6-b16d-444744c2bdd0 None None] Loading extension file: qos.py {{(pid=103188) _load_all_extensions_from_path /opt/stack/neutron/neutron/api/extensions.py:449}}
May 18 18:32:32.171741 np0000174509 devstack@neutron-api.service[103189]: DEBUG neutron.api.extensions [None req-35f57e32-a927-4d78-98bf-219bdd2b60d0 None None] Ext name="Auto Allocated Topology Services" alias="auto-allocated-topology" description="Auto Allocated Topology Services." updated="2016-01-01T00:00:00-00:00" {{(pid=103189) _check_extension /opt/stack/neutron/neutron/api/extensions.py:415}}
May 18 18:32:32.171915 np0000174509 devstack@neutron-api.service[103189]: INFO neutron.api.extensions [None req-35f57e32-a927-4d78-98bf-219bdd2b60d0 None None] Loaded extension: auto-allocated-topology
May 18 18:32:32.172006 np0000174509 devstack@neutron-api.service[103189]: DEBUG neutron.api.extensions [None req-35f57e32-a927-4d78-98bf-219bdd2b60d0 None None] Loading extension file: availability_zone.py {{(pid=103189) _load_all_extensions_from_path /opt/stack/neutron/neutron/api/extensions.py:449}}
May 18 18:32:32.172301 np0000174509 devstack@neutron-api.service[103189]: DEBUG neutron.api.extensions [None req-35f57e32-a927-4d78-98bf-219bdd2b60d0 None None] Ext name="Availability Zone" alias="availability_zone" description="The availability zone extension." updated="2015-01-01T10:00:00-00:00" {{(pid=103189) _check_extension /opt/stack/neutron/neutron/api/extensions.py:415}}
May 18 18:32:32.172387 np0000174509 devstack@neutron-api.service[103188]: DEBUG neutron.api.extensions [None req-75094595-cf55-4bf6-b16d-444744c2bdd0 None None] Ext name="Quality of Service" alias="qos" description="The Quality of Service extension." updated="2015-06-08T10:00:00-00:00" {{(pid=103188) _check_extension /opt/stack/neutron/neutron/api/extensions.py:415}}
May 18 18:32:32.172476 np0000174509 devstack@neutron-api.service[103189]: INFO neutron.api.extensions [None req-35f57e32-a927-4d78-98bf-219bdd2b60d0 None None] Loaded extension: availability_zone
May 18 18:32:32.172559 np0000174509 devstack@neutron-api.service[103188]: INFO neutron.api.extensions [None req-75094595-cf55-4bf6-b16d-444744c2bdd0 None None] Extension qos not supported by any of loaded plugins
May 18 18:32:32.172585 np0000174509 devstack@neutron-api.service[103189]: DEBUG neutron.api.extensions [None req-35f57e32-a927-4d78-98bf-219bdd2b60d0 None None] Loading extension file: availability_zone_filter.py {{(pid=103189) _load_all_extensions_from_path /opt/stack/neutron/neutron/api/extensions.py:449}}
May 18 18:32:32.172650 np0000174509 devstack@neutron-api.service[103188]: DEBUG neutron.api.extensions [None req-75094595-cf55-4bf6-b16d-444744c2bdd0 None None] Loading extension file: qos_bw_limit_direction.py {{(pid=103188) _load_all_extensions_from_path /opt/stack/neutron/neutron/api/extensions.py:449}}
May 18 18:32:32.172794 np0000174509 devstack@neutron-api.service[103189]: DEBUG neutron.api.extensions [None req-35f57e32-a927-4d78-98bf-219bdd2b60d0 None None] Ext name="Availability Zone Filter Extension" alias="availability_zone_filter" description="Add filter parameters to AvailabilityZone resource" updated="2018-06-22T10:00:00-00:00" {{(pid=103189) _check_extension /opt/stack/neutron/neutron/api/extensions.py:415}}
May 18 18:32:32.172911 np0000174509 devstack@neutron-api.service[103188]: DEBUG neutron.api.extensions [None req-75094595-cf55-4bf6-b16d-444744c2bdd0 None None] Ext name="Direction for QoS bandwidth limit rule" alias="qos-bw-limit-direction" description="Allow to configure QoS bandwidth limit rule with specific direction: ingress or egress" updated="2017-04-10T10:00:00-00:00" {{(pid=103188) _check_extension /opt/stack/neutron/neutron/api/extensions.py:415}}
May 18 18:32:32.172962 np0000174509 devstack@neutron-api.service[103189]: INFO neutron.api.extensions [None req-35f57e32-a927-4d78-98bf-219bdd2b60d0 None None] Extension availability_zone_filter not supported by any of loaded plugins
May 18 18:32:32.173054 np0000174509 devstack@neutron-api.service[103189]: DEBUG neutron.api.extensions [None req-35f57e32-a927-4d78-98bf-219bdd2b60d0 None None] Loading extension file: data_plane_status.py {{(pid=103189) _load_all_extensions_from_path /opt/stack/neutron/neutron/api/extensions.py:449}}
May 18 18:32:32.173091 np0000174509 devstack@neutron-api.service[103188]: INFO neutron.api.extensions [None req-75094595-cf55-4bf6-b16d-444744c2bdd0 None None] Extension qos-bw-limit-direction not supported by any of loaded plugins
May 18 18:32:32.173180 np0000174509 devstack@neutron-api.service[103188]: DEBUG neutron.api.extensions [None req-75094595-cf55-4bf6-b16d-444744c2bdd0 None None] Loading extension file: qos_bw_minimum_ingress.py {{(pid=103188) _load_all_extensions_from_path /opt/stack/neutron/neutron/api/extensions.py:449}}
May 18 18:32:32.173269 np0000174509 devstack@neutron-api.service[103187]: DEBUG neutron.services.provider_configuration [None req-bb5d27ad-80e3-46ae-8b03-64139a1182dd None None] Service providers = [] {{(pid=103187) parse_service_provider_opt /opt/stack/neutron/neutron/services/provider_configuration.py:170}}
May 18 18:32:32.173300 np0000174509 devstack@neutron-api.service[103189]: DEBUG neutron.api.extensions [None req-35f57e32-a927-4d78-98bf-219bdd2b60d0 None None] Ext name="Port data plane status extension" alias="data-plane-status" description="Expose status of underlying data plane" updated="2017-01-24T10:00:00-00:00" {{(pid=103189) _check_extension /opt/stack/neutron/neutron/api/extensions.py:415}}
May 18 18:32:32.173382 np0000174509 devstack@neutron-api.service[103187]: DEBUG neutron.db.servicetype_db [None req-bb5d27ad-80e3-46ae-8b03-64139a1182dd None None] Adding provider configuration for service L3_ROUTER_NAT {{(pid=103187) add_provider_configuration /opt/stack/neutron/neutron/db/servicetype_db.py:45}}
May 18 18:32:32.173413 np0000174509 devstack@neutron-api.service[103188]: DEBUG neutron.api.extensions [None req-75094595-cf55-4bf6-b16d-444744c2bdd0 None None] Ext name="Ingress direction for QoS minimum bandwidth rule" alias="qos-bw-minimum-ingress" description="Allow to configure QoS minumum bandwidth rule with ingress direction." updated="2018-07-09T10:00:00-00:00" {{(pid=103188) _check_extension /opt/stack/neutron/neutron/api/extensions.py:415}}
May 18 18:32:32.173466 np0000174509 devstack@neutron-api.service[103189]: INFO neutron.api.extensions [None req-35f57e32-a927-4d78-98bf-219bdd2b60d0 None None] Extension data-plane-status not supported by any of loaded plugins
May 18 18:32:32.173557 np0000174509 devstack@neutron-api.service[103189]: DEBUG neutron.api.extensions [None req-35f57e32-a927-4d78-98bf-219bdd2b60d0 None None] Loading extension file: default_subnetpools.py {{(pid=103189) _load_all_extensions_from_path /opt/stack/neutron/neutron/api/extensions.py:449}}
May 18 18:32:32.173597 np0000174509 devstack@neutron-api.service[103188]: INFO neutron.api.extensions [None req-75094595-cf55-4bf6-b16d-444744c2bdd0 None None] Extension qos-bw-minimum-ingress not supported by any of loaded plugins
May 18 18:32:32.173647 np0000174509 devstack@neutron-api.service[103188]: DEBUG neutron.api.extensions [None req-75094595-cf55-4bf6-b16d-444744c2bdd0 None None] Loading extension file: qos_default.py {{(pid=103188) _load_all_extensions_from_path /opt/stack/neutron/neutron/api/extensions.py:449}}
May 18 18:32:32.173788 np0000174509 devstack@neutron-api.service[103189]: DEBUG neutron.api.extensions [None req-35f57e32-a927-4d78-98bf-219bdd2b60d0 None None] Ext name="Default Subnetpools" alias="default-subnetpools" description="Provides ability to mark and use a subnetpool as the default." updated="2016-02-18T18:00:00-00:00" {{(pid=103189) _check_extension /opt/stack/neutron/neutron/api/extensions.py:415}}
May 18 18:32:32.173907 np0000174509 devstack@neutron-api.service[103188]: DEBUG neutron.api.extensions [None req-75094595-cf55-4bf6-b16d-444744c2bdd0 None None] Ext name="QoS default policy" alias="qos-default" description="Expose the QoS default policy per project" updated="2017-041-06T10:00:00-00:00" {{(pid=103188) _check_extension /opt/stack/neutron/neutron/api/extensions.py:415}}
May 18 18:32:32.174011 np0000174509 devstack@neutron-api.service[103189]: INFO neutron.api.extensions [None req-35f57e32-a927-4d78-98bf-219bdd2b60d0 None None] Loaded extension: default-subnetpools
May 18 18:32:32.174073 np0000174509 devstack@neutron-api.service[103188]: INFO neutron.api.extensions [None req-75094595-cf55-4bf6-b16d-444744c2bdd0 None None] Extension qos-default not supported by any of loaded plugins
May 18 18:32:32.174104 np0000174509 devstack@neutron-api.service[103189]: DEBUG neutron.api.extensions [None req-35f57e32-a927-4d78-98bf-219bdd2b60d0 None None] Loading extension file: dhcpagentscheduler.py {{(pid=103189) _load_all_extensions_from_path /opt/stack/neutron/neutron/api/extensions.py:449}}
May 18 18:32:32.174168 np0000174509 devstack@neutron-api.service[103188]: DEBUG neutron.api.extensions [None req-75094595-cf55-4bf6-b16d-444744c2bdd0 None None] Loading extension file: qos_fip.py {{(pid=103188) _load_all_extensions_from_path /opt/stack/neutron/neutron/api/extensions.py:449}}
May 18 18:32:32.174409 np0000174509 devstack@neutron-api.service[103188]: DEBUG neutron.api.extensions [None req-75094595-cf55-4bf6-b16d-444744c2bdd0 None None] Ext name="Floating IP QoS" alias="qos-fip" description="The floating IP Quality of Service extension" updated="2017-07-20T00:00:00-00:00" {{(pid=103188) _check_extension /opt/stack/neutron/neutron/api/extensions.py:415}}
May 18 18:32:32.174493 np0000174509 devstack@neutron-api.service[103189]: DEBUG neutron.api.extensions [None req-35f57e32-a927-4d78-98bf-219bdd2b60d0 None None] Ext name="DHCP Agent Scheduler" alias="dhcp_agent_scheduler" description="Schedule networks among dhcp agents" updated="2013-02-07T10:00:00-00:00" {{(pid=103189) _check_extension /opt/stack/neutron/neutron/api/extensions.py:415}}
May 18 18:32:32.174563 np0000174509 devstack@neutron-api.service[103188]: INFO neutron.api.extensions [None req-75094595-cf55-4bf6-b16d-444744c2bdd0 None None] Extension qos-fip not supported by any of loaded plugins
May 18 18:32:32.174650 np0000174509 devstack@neutron-api.service[103188]: DEBUG neutron.api.extensions [None req-75094595-cf55-4bf6-b16d-444744c2bdd0 None None] Loading extension file: qos_fip_network_policy.py {{(pid=103188) _load_all_extensions_from_path /opt/stack/neutron/neutron/api/extensions.py:449}}
May 18 18:32:32.174683 np0000174509 devstack@neutron-api.service[103189]: INFO neutron.api.extensions [None req-35f57e32-a927-4d78-98bf-219bdd2b60d0 None None] Loaded extension: dhcp_agent_scheduler
May 18 18:32:32.174754 np0000174509 devstack@neutron-api.service[103189]: DEBUG neutron.api.extensions [None req-35f57e32-a927-4d78-98bf-219bdd2b60d0 None None] Loading extension file: dns.py {{(pid=103189) _load_all_extensions_from_path /opt/stack/neutron/neutron/api/extensions.py:449}}
May 18 18:32:32.174877 np0000174509 devstack@neutron-api.service[103188]: DEBUG neutron.api.extensions [None req-75094595-cf55-4bf6-b16d-444744c2bdd0 None None] Ext name="QoS floating IP network policy ID" alias="qos-fip-network-policy" description="Adds a the QoS network ID to the floating IP definition" updated="2021-11-15T10:00:00-00:00" {{(pid=103188) _check_extension /opt/stack/neutron/neutron/api/extensions.py:415}}
May 18 18:32:32.174993 np0000174509 devstack@neutron-api.service[103189]: DEBUG neutron.api.extensions [None req-35f57e32-a927-4d78-98bf-219bdd2b60d0 None None] Ext name="DNS Integration" alias="dns-integration" description="Provides integration with DNS." updated="2015-08-15T18:00:00-00:00" {{(pid=103189) _check_extension /opt/stack/neutron/neutron/api/extensions.py:415}}
May 18 18:32:32.175095 np0000174509 devstack@neutron-api.service[103188]: INFO neutron.api.extensions [None req-75094595-cf55-4bf6-b16d-444744c2bdd0 None None] Extension qos-fip-network-policy not supported by any of loaded plugins
May 18 18:32:32.175156 np0000174509 devstack@neutron-api.service[103188]: DEBUG neutron.api.extensions [None req-75094595-cf55-4bf6-b16d-444744c2bdd0 None None] Loading extension file: qos_gateway_ip.py {{(pid=103188) _load_all_extensions_from_path /opt/stack/neutron/neutron/api/extensions.py:449}}
May 18 18:32:32.175195 np0000174509 devstack@neutron-api.service[103187]: DEBUG neutron_lib.callbacks.manager [None req-bb5d27ad-80e3-46ae-8b03-64139a1182dd None None] Subscribe: > router precommit_create 55549900, False {{(pid=103187) subscribe /opt/stack/data/venv/lib/python3.12/site-packages/neutron_lib/callbacks/manager.py:52}}
May 18 18:32:32.175227 np0000174509 devstack@neutron-api.service[103189]: INFO neutron.api.extensions [None req-35f57e32-a927-4d78-98bf-219bdd2b60d0 None None] Loaded extension: dns-integration
May 18 18:32:32.175272 np0000174509 devstack@neutron-api.service[103189]: DEBUG neutron.api.extensions [None req-35f57e32-a927-4d78-98bf-219bdd2b60d0 None None] Loading extension file: dns_domain_ports.py {{(pid=103189) _load_all_extensions_from_path /opt/stack/neutron/neutron/api/extensions.py:449}}
May 18 18:32:32.175309 np0000174509 devstack@neutron-api.service[103187]: DEBUG neutron_lib.callbacks.manager [None req-bb5d27ad-80e3-46ae-8b03-64139a1182dd None None] Subscribe: > router_interface after_create 55550000, False {{(pid=103187) subscribe /opt/stack/data/venv/lib/python3.12/site-packages/neutron_lib/callbacks/manager.py:52}}
May 18 18:32:32.175352 np0000174509 devstack@neutron-api.service[103188]: DEBUG neutron.api.extensions [None req-75094595-cf55-4bf6-b16d-444744c2bdd0 None None] Ext name="Router gateway IP QoS" alias="qos-gateway-ip" description="The Router gateway IP Quality of Service extension" updated="2018-02-24T00:00:00-00:00" {{(pid=103188) _check_extension /opt/stack/neutron/neutron/api/extensions.py:415}}
May 18 18:32:32.175399 np0000174509 devstack@neutron-api.service[103187]: DEBUG neutron_lib.callbacks.manager [None req-bb5d27ad-80e3-46ae-8b03-64139a1182dd None None] Subscribe: > floatingip after_create 55550000, False {{(pid=103187) subscribe /opt/stack/data/venv/lib/python3.12/site-packages/neutron_lib/callbacks/manager.py:52}}
