2026-05-18 01:52:03.047 9 INFO neutron.services.segments.plugin [-] Segment a5874d19-15c2-4e40-abd2-e5d08c0434b9 resource provider not found; error: Placement Client Error (4xx): {"errors": [{"status": 404, "title": "Not Found", "detail": "The resource could not be found.\n\n No resource provider with uuid a5874d19-15c2-4e40-abd2-e5d08c0434b9 found for delete ", "request_id": "req-80e35f6a-464e-4556-91d5-437b3a251d89"}]}
2026-05-18 01:52:03.051 10 INFO neutron.wsgi [-] 10.0.0.151 "GET / HTTP/1.1" status: 200 len: 246 time: 0.0015104
2026-05-18 01:52:03.052 10 INFO neutron.wsgi [-] 10.0.0.151 "GET / HTTP/1.1" status: 200 len: 246 time: 0.0009050
2026-05-18 01:52:03.057 9 INFO neutron.services.segments.plugin [-] Segment a5874d19-15c2-4e40-abd2-e5d08c0434b9 resource provider not found; error: Placement Client Error (4xx): {"errors": [{"status": 404, "title": "Not Found", "detail": "The resource could not be found.\n\n No resource provider with uuid a5874d19-15c2-4e40-abd2-e5d08c0434b9 found for delete ", "request_id": "req-18c0a1d9-e8b2-41be-898b-ecc3786042da"}]}
2026-05-18 01:52:03.073 10 WARNING neutron.scheduler.dhcp_agent_scheduler [None req-460439d2-6f81-4eb9-bf11-edcec2f123ee dc3b568b82764cd5bcd5f55fb583419c 4f31bde134d74ebe9012c90642403426 - - default default] No more DHCP agents
2026-05-18 01:52:03.079 10 WARNING neutron.api.rpc.agentnotifiers.dhcp_rpc_agent_api [None req-460439d2-6f81-4eb9-bf11-edcec2f123ee dc3b568b82764cd5bcd5f55fb583419c 4f31bde134d74ebe9012c90642403426 - - default default] Unable to schedule network d72b67b4-41b8-4185-90fb-9c391240d33c: no agents available; will retry on subsequent port and subnet creation events.
2026-05-18 01:52:03.098 9 INFO neutron.wsgi [None req-ea4d3386-ec5d-4942-b763-db55f21a3b26 8e1ad725d73b476393bedcf069420d92 0a75a40e8f2f4e3b9b9745d81db00e21 - - default default] 10.0.0.96 "DELETE /v2.0/networks/e4bdd4d6-94d8-4ee0-a79f-e89f9cd06543 HTTP/1.1" status: 204 len: 168 time: 0.8305693
2026-05-18 01:52:03.167 10 INFO neutron.db.ovn_revision_numbers_db [None req-460439d2-6f81-4eb9-bf11-edcec2f123ee dc3b568b82764cd5bcd5f55fb583419c 4f31bde134d74ebe9012c90642403426 - - default default] Successfully bumped revision number for resource 37d85ad6-6a72-4a9b-a969-b2a1cd1d17ff (type: ports) to 1
2026-05-18 01:52:03.189 10 INFO neutron.wsgi [None req-460439d2-6f81-4eb9-bf11-edcec2f123ee dc3b568b82764cd5bcd5f55fb583419c 4f31bde134d74ebe9012c90642403426 - - default default] 10.0.0.96 "POST /v2.0/ports HTTP/1.1" status: 201 len: 942 time: 0.4898360 /var/lib/openstack/lib/python3.10/site-packages/pycadf/identifier.py:71: UserWarning: Invalid uuid: neutron. To ensure interoperability, identifiers should be a valid uuid. warnings.warn(('Invalid uuid: %s. To ensure interoperability, '
2026-05-18 01:52:03.240 10 INFO neutron.wsgi [None req-c018005f-6ce0-459f-aea2-369a92a4b18a dc3b568b82764cd5bcd5f55fb583419c 4f31bde134d74ebe9012c90642403426 - - default default] 10.0.0.96 "PUT /v2.0/ports/ae5119d8-adaa-4c1c-8648-716aa2c467bc/tags HTTP/1.1" status: 200 len: 210 time: 0.0444176
2026-05-18 01:52:03.292 10 INFO neutron.wsgi [None req-b5130bc0-a805-49ba-a1ef-c472c2ad8c6a dc3b568b82764cd5bcd5f55fb583419c 4f31bde134d74ebe9012c90642403426 - - default default] 10.0.0.96 "PUT /v2.0/ports/9671a042-fe11-4a3e-bd6d-82021a3f7f82/tags HTTP/1.1" status: 200 len: 218 time: 0.0479255
2026-05-18 01:52:03.351 10 INFO neutron.wsgi [None req-af638be0-0ac7-4039-81e6-f3f566b9c2d0 dc3b568b82764cd5bcd5f55fb583419c 4f31bde134d74ebe9012c90642403426 - - default default] 10.0.0.96 "PUT /v2.0/ports/90d0f19e-4990-4c8b-b6d8-c567d6c6d5de/tags HTTP/1.1" status: 200 len: 227 time: 0.0536847
2026-05-18 01:52:03.407 10 INFO neutron.wsgi [None req-45f23abb-9002-4318-9a18-a556d498eeb7 dc3b568b82764cd5bcd5f55fb583419c 4f31bde134d74ebe9012c90642403426 - - default default] 10.0.0.96 "PUT /v2.0/ports/61055956-9980-4b74-b166-b6452d00d64c/tags HTTP/1.1" status: 200 len: 212 time: 0.0523064
2026-05-18 01:52:03.662 9 WARNING neutron.scheduler.dhcp_agent_scheduler [None req-35a1d586-a6e9-4f27-a545-1d33b1188fca 7950575e42864504babdfc8144fb9057 b6bedcaf88464e29a4bf0fe6d65401e1 - - default default] No more DHCP agents
2026-05-18 01:52:03.671 9 WARNING neutron.api.rpc.agentnotifiers.dhcp_rpc_agent_api [None req-35a1d586-a6e9-4f27-a545-1d33b1188fca 7950575e42864504babdfc8144fb9057 b6bedcaf88464e29a4bf0fe6d65401e1 - - default default] Unable to schedule network 5dc968e8-3468-455d-8ed1-b9b16c622667: no agents available; will retry on subsequent port and subnet creation events.
2026-05-18 01:52:03.789 9 INFO neutron.wsgi [None req-52f07ff5-f94f-4af9-a2b8-e841de1ae2dd dc3b568b82764cd5bcd5f55fb583419c 4f31bde134d74ebe9012c90642403426 - - default default] 10.0.0.96 "GET /v2.0/ports?tags=red HTTP/1.1" status: 200 len: 2448 time: 0.3733931
2026-05-18 01:52:03.953 10 INFO neutron.wsgi [None req-9256747c-738e-4030-9d21-6e66d5ddb264 dc3b568b82764cd5bcd5f55fb583419c 4f31bde134d74ebe9012c90642403426 - - default default] 10.0.0.96 "GET /v2.0/ports?tags=red%2Cblue HTTP/1.1" status: 200 len: 1708 time: 0.1583912
2026-05-18 01:52:03.969 9 INFO neutron.wsgi [None req-98402da5-77e3-4859-8c30-174900773163 8e1ad725d73b476393bedcf069420d92 0a75a40e8f2f4e3b9b9745d81db00e21 - - default default] 10.0.0.96 "DELETE /v2.0/networks/eefd66f3-e7aa-4635-a854-d8cd99c7ea14 HTTP/1.1" status: 204 len: 168 time: 0.8633475
2026-05-18 01:52:03.988 9 INFO neutron.db.ovn_revision_numbers_db [None req-35a1d586-a6e9-4f27-a545-1d33b1188fca 7950575e42864504babdfc8144fb9057 b6bedcaf88464e29a4bf0fe6d65401e1 - - default default] Successfully bumped revision number for resource 596d478a-8a90-4a4e-a6d6-bf9e68f8e1cd (type: ports) to 1
2026-05-18 01:52:04.023 10 INFO neutron.wsgi [None req-820f5c5d-42c6-4972-b55c-37c05506d36b dc3b568b82764cd5bcd5f55fb583419c 4f31bde134d74ebe9012c90642403426 - - default default] 10.0.0.96 "GET /v2.0/ports?tags-any=blue HTTP/1.1" status: 200 len: 1708 time: 0.0651815
2026-05-18 01:52:04.113 10 INFO neutron.wsgi [None req-5b8cc51c-0878-4c6c-a3a8-912607a9f048 dc3b568b82764cd5bcd5f55fb583419c 4f31bde134d74ebe9012c90642403426 - - default default] 10.0.0.96 "GET /v2.0/ports?tags-any=red%2Cblue HTTP/1.1" status: 200 len: 2448 time: 0.0857496
2026-05-18 01:52:04.282 10 INFO neutron.wsgi [None req-2b701f66-516f-4c14-b9ec-cd91c7cfa4df dc3b568b82764cd5bcd5f55fb583419c 4f31bde134d74ebe9012c90642403426 - - default default] 10.0.0.96 "GET /v2.0/ports?not-tags=red HTTP/1.1" status: 200 len: 5463 time: 0.1614180
2026-05-18 01:52:04.406 10 INFO neutron.wsgi [None req-b078d4c0-acf0-4627-a7ab-ab052e156c11 dc3b568b82764cd5bcd5f55fb583419c 4f31bde134d74ebe9012c90642403426 - - default default] 10.0.0.96 "GET /v2.0/ports?not-tags=red%2Cblue HTTP/1.1" status: 200 len: 6203 time: 0.1200235
2026-05-18 01:52:04.493 10 INFO neutron.wsgi [None req-6e552eaf-eacd-4154-bb30-ea00c0b2e26c dc3b568b82764cd5bcd5f55fb583419c 4f31bde134d74ebe9012c90642403426 - - default default] 10.0.0.96 "GET /v2.0/ports?not-tags-any=blue HTTP/1.1" status: 200 len: 6203 time: 0.0817811
2026-05-18 01:52:04.561 10 INFO neutron.wsgi [None req-2877c468-2cc5-4cfa-962c-bb23194c1f4e dc3b568b82764cd5bcd5f55fb583419c 4f31bde134d74ebe9012c90642403426 - - default default] 10.0.0.96 "GET /v2.0/ports?not-tags-any=red%2Cblue HTTP/1.1" status: 200 len: 5463 time: 0.0633836
2026-05-18 01:52:04.631 9 INFO neutron.wsgi [None req-d47d2fc4-121a-4a84-a780-d6a114cd0554 8e1ad725d73b476393bedcf069420d92 0a75a40e8f2f4e3b9b9745d81db00e21 - - default default] 10.0.0.96 "DELETE /v2.0/networks/af77aaf7-9414-4b81-987b-e9bec965eeec HTTP/1.1" status: 204 len: 168 time: 0.6563487
2026-05-18 01:52:04.867 9 ERROR ovsdbapp.backend.ovs_idl.command [None req-35a1d586-a6e9-4f27-a545-1d33b1188fca 7950575e42864504babdfc8144fb9057 b6bedcaf88464e29a4bf0fe6d65401e1 - - default default] Error executing command (DbGetCommand): ovsdbapp.backend.ovs_idl.idlutils.RowNotFound: Cannot find Logical_Router_Port with name=lrp-596d478a-8a90-4a4e-a6d6-bf9e68f8e1cd
2026-05-18 01:52:04.867 9 ERROR ovsdbapp.backend.ovs_idl.command
Traceback (most recent call last):
2026-05-18 01:52:04.867 9 ERROR ovsdbapp.backend.ovs_idl.command
File "/var/lib/openstack/lib/python3.10/site-packages/ovsdbapp/backend/ovs_idl/command.py", line 47, in execute
2026-05-18 01:52:04.867 9 ERROR ovsdbapp.backend.ovs_idl.command self.run_idl(None)
2026-05-18 01:52:04.867 9 ERROR ovsdbapp.backend.ovs_idl.command
File "/var/lib/openstack/lib/python3.10/site-packages/ovsdbapp/backend/ovs_idl/command.py", line 235, in run_idl
2026-05-18 01:52:04.867 9 ERROR ovsdbapp.backend.ovs_idl.command record = self.api.lookup(self.table, self.record)
2026-05-18 01:52:04.867 9 ERROR ovsdbapp.backend.ovs_idl.command
File "/var/lib/openstack/lib/python3.10/site-packages/ovsdbapp/backend/ovs_idl/__init__.py", line 184, in lookup
2026-05-18 01:52:04.867 9 ERROR ovsdbapp.backend.ovs_idl.command return self._lookup(table, record)
2026-05-18 01:52:04.867 9 ERROR ovsdbapp.backend.ovs_idl.command
File "/var/lib/openstack/lib/python3.10/site-packages/ovsdbapp/backend/ovs_idl/__init__.py", line 235, in _lookup
2026-05-18 01:52:04.867 9 ERROR ovsdbapp.backend.ovs_idl.command row = idlutils.row_by_value(self, rl.table, rl.column, record)
2026-05-18 01:52:04.867 9 ERROR ovsdbapp.backend.ovs_idl.command
File "/var/lib/openstack/lib/python3.10/site-packages/ovsdbapp/backend/ovs_idl/idlutils.py", line 114, in row_by_value
2026-05-18 01:52:04.867 9 ERROR ovsdbapp.backend.ovs_idl.command raise RowNotFound(table=table, col=column, match=match)
2026-05-18 01:52:04.867 9 ERROR ovsdbapp.backend.ovs_idl.command ovsdbapp.backend.ovs_idl.idlutils.RowNotFound: Cannot find Logical_Router_Port with name=lrp-596d478a-8a90-4a4e-a6d6-bf9e68f8e1cd
2026-05-18 01:52:04.867 9 ERROR ovsdbapp.backend.ovs_idl.command 
2026-05-18 01:52:04.868 9 ERROR neutron_lib.callbacks.manager [None req-35a1d586-a6e9-4f27-a545-1d33b1188fca 7950575e42864504babdfc8144fb9057 b6bedcaf88464e29a4bf0fe6d65401e1 - - default default] Error during notification for neutron.services.ovn_l3.plugin.OVNL3RouterPlugin._port_update-8726852899567 port, after_update: ovsdbapp.backend.ovs_idl.idlutils.RowNotFound: Cannot find Logical_Router_Port with name=lrp-596d478a-8a90-4a4e-a6d6-bf9e68f8e1cd
2026-05-18 01:52:04.868 9 ERROR neutron_lib.callbacks.manager
Traceback (most recent call last):
2026-05-18 01:52:04.868 9 ERROR neutron_lib.callbacks.manager
File "/var/lib/openstack/lib/python3.10/site-packages/neutron_lib/callbacks/manager.py", line 189, in _notify_loop
2026-05-18 01:52:04.868 9 ERROR neutron_lib.callbacks.manager callback.method(resource, event, trigger, payload=payload)
2026-05-18 01:52:04.868 9 ERROR neutron_lib.callbacks.manager
File "/var/lib/openstack/lib/python3.10/site-packages/neutron/services/ovn_l3/plugin.py", line 391, in _port_update
2026-05-18 01:52:04.868 9 ERROR neutron_lib.callbacks.manager l3plugin._ovn_client.update_router_port(context,
2026-05-18 01:52:04.868 9 ERROR neutron_lib.callbacks.manager
File "/var/lib/openstack/lib/python3.10/site-packages/neutron/plugins/ml2/drivers/ovn/mech_driver/ovsdb/ovn_client.py", line 1878, in update_router_port
2026-05-18 01:52:04.868 9 ERROR neutron_lib.callbacks.manager self._update_lrouter_port(context, port, if_exists=if_exists,
2026-05-18 01:52:04.868 9 ERROR neutron_lib.callbacks.manager
File "/var/lib/openstack/lib/python3.10/site-packages/neutron/plugins/ml2/drivers/ovn/mech_driver/ovsdb/ovn_client.py", line 1855, in _update_lrouter_port
2026-05-18 01:52:04.868 9 ERROR neutron_lib.callbacks.manager external_ids = self._nb_idl.db_get(
2026-05-18 01:52:04.868 9 ERROR neutron_lib.callbacks.manager
File "/var/lib/openstack/lib/python3.10/site-packages/ovsdbapp/backend/ovs_idl/command.py", line 47, in execute
2026-05-18 01:52:04.868 9 ERROR neutron_lib.callbacks.manager self.run_idl(None)
2026-05-18 01:52:04.868 9 ERROR neutron_lib.callbacks.manager
File "/var/lib/openstack/lib/python3.10/site-packages/ovsdbapp/backend/ovs_idl/command.py", line 235, in run_idl
2026-05-18 01:52:04.868 9 ERROR neutron_lib.callbacks.manager record = self.api.lookup(self.table, self.record)
2026-05-18 01:52:04.868 9 ERROR neutron_lib.callbacks.manager
File "/var/lib/openstack/lib/python3.10/site-packages/ovsdbapp/backend/ovs_idl/__init__.py", line 184, in lookup
2026-05-18 01:52:04.868 9 ERROR neutron_lib.callbacks.manager return self._lookup(table, record)
2026-05-18 01:52:04.868 9 ERROR neutron_lib.callbacks.manager
File "/var/lib/openstack/lib/python3.10/site-packages/ovsdbapp/backend/ovs_idl/__init__.py", line 235, in _lookup
2026-05-18 01:52:04.868 9 ERROR neutron_lib.callbacks.manager row = idlutils.row_by_value(self, rl.table, rl.column, record)
2026-05-18 01:52:04.868 9 ERROR neutron_lib.callbacks.manager
File "/var/lib/openstack/lib/python3.10/site-packages/ovsdbapp/backend/ovs_idl/idlutils.py", line 114, in row_by_value
2026-05-18 01:52:04.868 9 ERROR neutron_lib.callbacks.manager raise RowNotFound(table=table, col=column, match=match)
2026-05-18 01:52:04.868 9 ERROR neutron_lib.callbacks.manager ovsdbapp.backend.ovs_idl.idlutils.RowNotFound: Cannot find Logical_Router_Port with name=lrp-596d478a-8a90-4a4e-a6d6-bf9e68f8e1cd
2026-05-18 01:52:04.868 9 ERROR neutron_lib.callbacks.manager 
2026-05-18 01:52:05.075 9 INFO neutron.services.segments.plugin [-] Segment baad2c5b-d141-4f5d-a1f0-c13492657c85 resource provider aggregate not found
2026-05-18 01:52:05.083 9 INFO neutron.services.segments.plugin [-] Segment baad2c5b-d141-4f5d-a1f0-c13492657c85 resource provider aggregate not found
2026-05-18 01:52:05.102 9 INFO neutron.services.segments.plugin [-] Segment baad2c5b-d141-4f5d-a1f0-c13492657c85 resource provider not found; error: Placement Client Error (4xx): {"errors": [{"status": 404, "title": "Not Found", "detail": "The resource could not be found.\n\n No resource provider with uuid baad2c5b-d141-4f5d-a1f0-c13492657c85 found for delete ", "request_id": "req-7ca923cd-a76c-4556-bd97-034a90fdbf51"}]}
2026-05-18 01:52:05.107 9 INFO neutron.services.segments.plugin [-] Segment baad2c5b-d141-4f5d-a1f0-c13492657c85 resource provider not found; error: Placement Client Error (4xx): {"errors": [{"status": 404, "title": "Not Found", "detail": "The resource could not be found.\n\n No resource provider with uuid baad2c5b-d141-4f5d-a1f0-c13492657c85 found for delete ", "request_id": "req-2c383f8d-09d6-4b5d-a9dd-9b7a48933a19"}]}
2026-05-18 01:52:05.113 9 INFO neutron.plugins.ml2.drivers.ovn.mech_driver.mech_driver [None req-9591dc38-03b0-4859-8285-b84f72f47cc6 - - - - - -] OVN reports status up for port: 596d478a-8a90-4a4e-a6d6-bf9e68f8e1cd
2026-05-18 01:52:05.127 9 INFO neutron.services.segments.plugin [-] Segment 952d1d15-ef00-4ca6-a7d4-4f566671a964 resource provider aggregate not found
2026-05-18 01:52:05.131 9 INFO neutron.services.segments.plugin [-] Segment 952d1d15-ef00-4ca6-a7d4-4f566671a964 resource provider aggregate not found
2026-05-18 01:52:05.135 9 INFO neutron.plugins.ml2.plugin [None req-9591dc38-03b0-4859-8285-b84f72f47cc6 - - - - - -] Attempt 1 to provision port 596d478a-8a90-4a4e-a6d6-bf9e68f8e1cd
2026-05-18 01:52:05.146 9 INFO neutron.services.segments.plugin [-] Segment 952d1d15-ef00-4ca6-a7d4-4f566671a964 resource provider not found; error: Placement Client Error (4xx): {"errors": [{"status": 404, "title": "Not Found", "detail": "The resource could not be found.\n\n No resource provider with uuid 952d1d15-ef00-4ca6-a7d4-4f566671a964 found for delete ", "request_id": "req-1abdc459-d5fb-4479-9fd7-faf19abf092b"}]}
2026-05-18 01:52:05.147 9 INFO neutron.services.segments.plugin [-] Segment 952d1d15-ef00-4ca6-a7d4-4f566671a964 resource provider not found; error: Placement Client Error (4xx): {"errors": [{"status": 404, "title": "Not Found", "detail": "The resource could not be found.\n\n No resource provider with uuid 952d1d15-ef00-4ca6-a7d4-4f566671a964 found for delete ", "request_id": "req-00deab80-5374-4173-b36a-ee47249ad0db"}]}
2026-05-18 01:52:05.163 9 INFO neutron.db.ovn_revision_numbers_db [None req-35a1d586-a6e9-4f27-a545-1d33b1188fca 7950575e42864504babdfc8144fb9057 b6bedcaf88464e29a4bf0fe6d65401e1 - - default default] Successfully bumped revision number for resource 596d478a-8a90-4a4e-a6d6-bf9e68f8e1cd (type: ports) to 1
2026-05-18 01:52:05.172 10 INFO neutron.wsgi [None req-660142b3-99fb-4693-807c-0dc19afc4963 dc3b568b82764cd5bcd5f55fb583419c 4f31bde134d74ebe9012c90642403426 - - default default] 10.0.0.96 "DELETE /v2.0/ports/ae5119d8-adaa-4c1c-8648-716aa2c467bc HTTP/1.1" status: 204 len: 168 time: 0.6031823
2026-05-18 01:52:05.242 9 WARNING neutron.scheduler.dhcp_agent_scheduler [None req-35a1d586-a6e9-4f27-a545-1d33b1188fca 7950575e42864504babdfc8144fb9057 b6bedcaf88464e29a4bf0fe6d65401e1 - - default default] No more DHCP agents
2026-05-18 01:52:05.243 9 WARNING neutron.api.rpc.agentnotifiers.dhcp_rpc_agent_api [None req-35a1d586-a6e9-4f27-a545-1d33b1188fca 7950575e42864504babdfc8144fb9057 b6bedcaf88464e29a4bf0fe6d65401e1 - - default default] Unable to schedule network 5dc968e8-3468-455d-8ed1-b9b16c622667: no agents available; will retry on subsequent port and subnet creation events.
2026-05-18 01:52:05.402 10 INFO neutron.services.segments.plugin [-] Segment ba5b5e78-4286-4661-b72d-9c908c9a73e7 resource provider aggregate not found
2026-05-18 01:52:05.409 10 INFO neutron.services.segments.plugin [-] Segment ba5b5e78-4286-4661-b72d-9c908c9a73e7 resource provider aggregate not found
2026-05-18 01:52:05.422 10 INFO neutron.services.segments.plugin [-] Segment ba5b5e78-4286-4661-b72d-9c908c9a73e7 resource provider not found; error: Placement Client Error (4xx): {"errors": [{"status": 404, "title": "Not Found", "detail": "The resource could not be found.\n\n No resource provider with uuid ba5b5e78-4286-4661-b72d-9c908c9a73e7 found for delete ", "request_id": "req-5b866a56-cc51-486f-a75e-a96021cca11e"}]}
2026-05-18 01:52:05.431 10 INFO neutron.services.segments.plugin [-] Segment ba5b5e78-4286-4661-b72d-9c908c9a73e7 resource provider not found; error: Placement Client Error (4xx): {"errors": [{"status": 404, "title": "Not Found", "detail": "The resource could not be found.\n\n No resource provider with uuid ba5b5e78-4286-4661-b72d-9c908c9a73e7 found for delete ", "request_id": "req-3a1979e6-2d55-46b5-b480-694477894951"}]}
2026-05-18 01:52:05.434 10 INFO neutron.wsgi [None req-e5984d57-f600-4763-92db-d94ecf13d62c 8e1ad725d73b476393bedcf069420d92 0a75a40e8f2f4e3b9b9745d81db00e21 - - default default] 10.0.0.96 "DELETE /v2.0/networks/3a2b2b9a-8639-4204-a102-8f3a577b5fd3 HTTP/1.1" status: 204 len: 168 time: 0.7948642
2026-05-18 01:52:05.587 10 INFO neutron.wsgi [None req-e313e666-4c01-411d-bd75-84921f0f0dcc dc3b568b82764cd5bcd5f55fb583419c 4f31bde134d74ebe9012c90642403426 - - default default] 10.0.0.96 "DELETE /v2.0/ports/9671a042-fe11-4a3e-bd6d-82021a3f7f82 HTTP/1.1" status: 204 len: 168 time: 0.4094427
2026-05-18 01:52:05.860 10 INFO neutron.wsgi [None req-83b03027-471f-47a5-8553-97c4a4e110da 8e1ad725d73b476393bedcf069420d92 0a75a40e8f2f4e3b9b9745d81db00e21 - - default default] 10.0.0.96 "DELETE /v2.0/networks/8a9e04ce-652c-47af-ba03-c7f94c047f12 HTTP/1.1" status: 204 len: 168 time: 0.4180052
2026-05-18 01:52:06.120 9 INFO neutron.db.ovn_revision_numbers_db [None req-35a1d586-a6e9-4f27-a545-1d33b1188fca 7950575e42864504babdfc8144fb9057 b6bedcaf88464e29a4bf0fe6d65401e1 - - default default] Successfully bumped revision number for resource 596d478a-8a90-4a4e-a6d6-bf9e68f8e1cd (type: router_ports) to 1
2026-05-18 01:52:06.125 9 INFO neutron.wsgi [None req-9d03edfd-119b-4898-89b5-91c952e679de dc3b568b82764cd5bcd5f55fb583419c 4f31bde134d74ebe9012c90642403426 - - default default] 10.0.0.96 "DELETE /v2.0/ports/90d0f19e-4990-4c8b-b6d8-c567d6c6d5de HTTP/1.1" status: 204 len: 168 time: 0.5317402
2026-05-18 01:52:06.128 9 INFO neutron.wsgi [None req-35a1d586-a6e9-4f27-a545-1d33b1188fca 7950575e42864504babdfc8144fb9057 b6bedcaf88464e29a4bf0fe6d65401e1 - - default default] 10.0.0.96 "PUT /v2.0/routers/050224dc-a3ea-4980-8485-14a172f44231/add_router_interface HTTP/1.1" status: 200 len: 503 time: 3.7461987
2026-05-18 01:52:06.167 9 INFO neutron.db.ovn_revision_numbers_db [None req-9591dc38-03b0-4859-8285-b84f72f47cc6 - - - - - -] Successfully bumped revision number for resource 596d478a-8a90-4a4e-a6d6-bf9e68f8e1cd (type: ports) to 2
2026-05-18 01:52:06.407 9 INFO neutron.db.ovn_revision_numbers_db [None req-9591dc38-03b0-4859-8285-b84f72f47cc6 - - - - - -] Successfully bumped revision number for resource 596d478a-8a90-4a4e-a6d6-bf9e68f8e1cd (type: router_ports) to 2
2026-05-18 01:52:06.520 9 INFO neutron.wsgi [None req-a765a9fa-df24-41a0-ade1-6c6d30d11fbc dc3b568b82764cd5bcd5f55fb583419c 4f31bde134d74ebe9012c90642403426 - - default default] 10.0.0.96 "DELETE /v2.0/ports/61055956-9980-4b74-b166-b6452d00d64c HTTP/1.1" status: 204 len: 168 time: 0.3866603
2026-05-18 01:52:06.815 9 INFO neutron.wsgi [None req-aa44833a-b570-4bec-b4ab-34f3118fdc01 dc3b568b82764cd5bcd5f55fb583419c 4f31bde134d74ebe9012c90642403426 - - default default] 10.0.0.96 "DELETE /v2.0/ports/37d85ad6-6a72-4a9b-a969-b2a1cd1d17ff HTTP/1.1" status: 204 len: 168 time: 0.2879415
2026-05-18 01:52:07.066 10 INFO neutron.wsgi [None req-5d842f3f-75d3-42a4-97dc-9ce09bae5957 94bc3f0650194a7aa50b84a3e3a62c70 535ba092ed774de19d4ad28accdc03ef - - default default] 10.0.0.96 "GET /v2.0/security-groups?tenant_id=0a75a40e8f2f4e3b9b9745d81db00e21&name=default HTTP/1.1" status: 200 len: 3124 time: 0.2911925
2026-05-18 01:52:07.073 10 WARNING neutron.scheduler.dhcp_agent_scheduler [None req-ce226ee9-9fa1-4f85-b3be-3d145df1f29f 7950575e42864504babdfc8144fb9057 b6bedcaf88464e29a4bf0fe6d65401e1 - - default default] No more DHCP agents
2026-05-18 01:52:07.077 10 WARNING neutron.api.rpc.agentnotifiers.dhcp_rpc_agent_api [None req-ce226ee9-9fa1-4f85-b3be-3d145df1f29f 7950575e42864504babdfc8144fb9057 b6bedcaf88464e29a4bf0fe6d65401e1 - - default default] Unable to schedule network 3de933b6-76da-45be-9600-a289b5c06eaa: no agents available; will retry on subsequent port and subnet creation events.
2026-05-18 01:52:07.320 9 INFO neutron.wsgi [None req-59c8150f-1cf1-44c1-90a3-756a92529668 94bc3f0650194a7aa50b84a3e3a62c70 535ba092ed774de19d4ad28accdc03ef - - default default] 10.0.0.96 "DELETE /v2.0/security-groups/fd3b15c0-469a-4df6-be7b-2ba852963806 HTTP/1.1" status: 204 len: 168 time: 0.2468395
2026-05-18 01:52:07.357 10 INFO neutron.db.ovn_revision_numbers_db [None req-ce226ee9-9fa1-4f85-b3be-3d145df1f29f 7950575e42864504babdfc8144fb9057 b6bedcaf88464e29a4bf0fe6d65401e1 - - default default] Successfully bumped revision number for resource 3c618df7-8cf8-4914-9b62-b50975217266 (type: ports) to 1
2026-05-18 01:52:07.445 10 INFO neutron.services.segments.plugin [-] Segment ed262e7e-eaab-4931-85d6-1077168aa4be resource provider aggregate not found
2026-05-18 01:52:07.454 10 INFO neutron.services.segments.plugin [-] Segment ed262e7e-eaab-4931-85d6-1077168aa4be resource provider aggregate not found
2026-05-18 01:52:07.463 10 INFO neutron.services.segments.plugin [-] Segment ed262e7e-eaab-4931-85d6-1077168aa4be resource provider not found; error: Placement Client Error (4xx): {"errors": [{"status": 404, "title": "Not Found", "detail": "The resource could not be found.\n\n No resource provider with uuid ed262e7e-eaab-4931-85d6-1077168aa4be found for delete ", "request_id": "req-16470a0e-e39d-43bb-8a4a-2ee85e31589a"}]}
2026-05-18 01:52:07.483 10 INFO neutron.services.segments.plugin [-] Segment ed262e7e-eaab-4931-85d6-1077168aa4be resource provider not found; error: Placement Client Error (4xx): {"errors": [{"status": 404, "title": "Not Found", "detail": "The resource could not be found.\n\n No resource provider with uuid ed262e7e-eaab-4931-85d6-1077168aa4be found for delete ", "request_id": "req-d911af46-ceed-4f07-b6b2-e1d2b7f0d975"}]}
2026-05-18 01:52:07.550 9 INFO neutron.db.ovn_revision_numbers_db [None req-66061f0b-b688-4bcf-9e8d-8a11daf6eba2 94bc3f0650194a7aa50b84a3e3a62c70 535ba092ed774de19d4ad28accdc03ef - - default default] Successfully bumped revision number for resource 03217cdc-9abf-41b6-8efb-ce7e42b9112f (type: security_groups) to 1
2026-05-18 01:52:07.564 9 INFO neutron.db.ovn_revision_numbers_db [None req-66061f0b-b688-4bcf-9e8d-8a11daf6eba2 94bc3f0650194a7aa50b84a3e3a62c70 535ba092ed774de19d4ad28accdc03ef - - default default] Successfully bumped revision number for resource 0c791bda-1d62-4610-8d77-f57af551cba7 (type: security_group_rules) to 0
2026-05-18 01:52:07.582 9 INFO neutron.db.ovn_revision_numbers_db [None req-66061f0b-b688-4bcf-9e8d-8a11daf6eba2 94bc3f0650194a7aa50b84a3e3a62c70 535ba092ed774de19d4ad28accdc03ef - - default default] Successfully bumped revision number for resource 8923969d-9280-4766-b835-fd4f013ecbcd (type: security_group_rules) to 0
2026-05-18 01:52:07.597 9 INFO neutron.db.ovn_revision_numbers_db [None req-66061f0b-b688-4bcf-9e8d-8a11daf6eba2 94bc3f0650194a7aa50b84a3e3a62c70 535ba092ed774de19d4ad28accdc03ef - - default default] Successfully bumped revision number for resource df70f2bd-dd6c-4b1d-ab07-82963b04cc3b (type: security_group_rules) to 0
2026-05-18 01:52:07.598 10 INFO neutron.wsgi [None req-13df3b21-c5b8-4a2f-83df-4d4e7d52d6e8 dc3b568b82764cd5bcd5f55fb583419c 4f31bde134d74ebe9012c90642403426 - - default default] 10.0.0.96 "DELETE /v2.0/networks/568c5692-4b3f-4602-b29c-5e2a80478d7e HTTP/1.1" status: 204 len: 168 time: 0.7786353
2026-05-18 01:52:07.637 9 INFO neutron.db.ovn_revision_numbers_db [None req-66061f0b-b688-4bcf-9e8d-8a11daf6eba2 94bc3f0650194a7aa50b84a3e3a62c70 535ba092ed774de19d4ad28accdc03ef - - default default] Successfully bumped revision number for resource f9f37f28-5ccc-46cb-92d5-1be586180de0 (type: security_group_rules) to 0
2026-05-18 01:52:07.667 9 INFO neutron.wsgi [None req-66061f0b-b688-4bcf-9e8d-8a11daf6eba2 94bc3f0650194a7aa50b84a3e3a62c70 535ba092ed774de19d4ad28accdc03ef - - default default] 10.0.0.96 "GET /v2.0/security-groups?tenant_id=21422a9ae50a44789666080ff5e0d42d&name=default HTTP/1.1" status: 200 len: 3124 time: 0.2486978
2026-05-18 01:52:07.950 9 INFO neutron.wsgi [None req-1e0ab959-422c-49c7-85a4-201a1d929519 94bc3f0650194a7aa50b84a3e3a62c70 535ba092ed774de19d4ad28accdc03ef - - default default] 10.0.0.96 "DELETE /v2.0/security-groups/03217cdc-9abf-41b6-8efb-ce7e42b9112f HTTP/1.1" status: 204 len: 168 time: 0.2748222
2026-05-18 01:52:08.084 9 INFO neutron.services.segments.plugin [-] Segment 1eda9299-159c-4852-b515-83f0a10fb39f resource provider aggregate not found
2026-05-18 01:52:08.087 9 INFO neutron.services.segments.plugin [-] Segment 1eda9299-159c-4852-b515-83f0a10fb39f resource provider aggregate not found
2026-05-18 01:52:08.104 9 INFO neutron.services.segments.plugin [-] Segment 1eda9299-159c-4852-b515-83f0a10fb39f resource provider not found; error: Placement Client Error (4xx): {"errors": [{"status": 404, "title": "Not Found", "detail": "The resource could not be found.\n\n No resource provider with uuid 1eda9299-159c-4852-b515-83f0a10fb39f found for delete ", "request_id": "req-c2199c10-5541-419f-ab27-a6af3b11f66a"}]}
2026-05-18 01:52:08.104 9 INFO neutron.services.segments.plugin [-] Segment 1eda9299-159c-4852-b515-83f0a10fb39f resource provider not found; error: Placement Client Error (4xx): {"errors": [{"status": 404, "title": "Not Found", "detail": "The resource could not be found.\n\n No resource provider with uuid 1eda9299-159c-4852-b515-83f0a10fb39f found for delete ", "request_id": "req-7b582c75-6c73-4603-8639-95bef2e52192"}]}
2026-05-18 01:52:08.126 9 INFO neutron.wsgi [None req-9cc47d82-9a4b-429d-8049-fdd8df833ed0 dc3b568b82764cd5bcd5f55fb583419c 4f31bde134d74ebe9012c90642403426 - - default default] 10.0.0.96 "DELETE /v2.0/networks/877d15df-9485-4d69-817d-b12071917b29 HTTP/1.1" status: 204 len: 168 time: 0.5231681
2026-05-18 01:52:08.255 10 WARNING neutron.plugins.ml2.drivers.ovn.mech_driver.ovsdb.ovn_client [None req-48ed0517-8119-473d-9e0a-ca357ec93912 - - - - - -] No hosting information found for port 66e25043-476a-4816-aa9e-0dd855706fc5: RuntimeError: No hosting information found for port 66e25043-476a-4816-aa9e-0dd855706fc5
2026-05-18 01:52:08.317 9 INFO neutron.db.ovn_revision_numbers_db [None req-f9357901-3601-4a1f-b70d-9bf8c6c17934 94bc3f0650194a7aa50b84a3e3a62c70 535ba092ed774de19d4ad28accdc03ef - - default default] Successfully bumped revision number for resource 7338a36a-972c-4b14-b90d-af20088df257 (type: security_groups) to 1
2026-05-18 01:52:08.338 9 INFO neutron.db.ovn_revision_numbers_db [None req-f9357901-3601-4a1f-b70d-9bf8c6c17934 94bc3f0650194a7aa50b84a3e3a62c70 535ba092ed774de19d4ad28accdc03ef - - default default] Successfully bumped revision number for resource 291e2a4f-ef13-481c-8fab-7503d0fec8bd (type: security_group_rules) to 0
2026-05-18 01:52:08.363 9 INFO neutron.db.ovn_revision_numbers_db [None req-f9357901-3601-4a1f-b70d-9bf8c6c17934 94bc3f0650194a7aa50b84a3e3a62c70 535ba092ed774de19d4ad28accdc03ef - - default default] Successfully bumped revision number for resource 507d4602-edcf-4180-994b-9c3cb9aea564 (type: security_group_rules) to 0
2026-05-18 01:52:08.380 9 INFO neutron.db.ovn_revision_numbers_db [None req-f9357901-3601-4a1f-b70d-9bf8c6c17934 94bc3f0650194a7aa50b84a3e3a62c70 535ba092ed774de19d4ad28accdc03ef - - default default] Successfully bumped revision number for resource 8caa9182-dc05-4ef3-8086-dd2f553cbdab (type: security_group_rules) to 0
2026-05-18 01:52:08.402 9 INFO neutron.db.ovn_revision_numbers_db [None req-f9357901-3601-4a1f-b70d-9bf8c6c17934 94bc3f0650194a7aa50b84a3e3a62c70 535ba092ed774de19d4ad28accdc03ef - - default default] Successfully bumped revision number for resource e2ad61bd-134e-4321-b4dc-19a3a5cf0093 (type: security_group_rules) to 0
2026-05-18 01:52:08.426 9 INFO neutron.wsgi [None req-f9357901-3601-4a1f-b70d-9bf8c6c17934 94bc3f0650194a7aa50b84a3e3a62c70 535ba092ed774de19d4ad28accdc03ef - - default default] 10.0.0.96 "GET /v2.0/security-groups?tenant_id=ba30947b4c944dfab13e7e91db7f643d&name=default HTTP/1.1" status: 200 len: 3124 time: 0.2927425
2026-05-18 01:52:08.471 10 ERROR ovsdbapp.backend.ovs_idl.command [None req-ce226ee9-9fa1-4f85-b3be-3d145df1f29f 7950575e42864504babdfc8144fb9057 b6bedcaf88464e29a4bf0fe6d65401e1 - - default default] Error executing command (DbGetCommand): ovsdbapp.backend.ovs_idl.idlutils.RowNotFound: Cannot find Logical_Router_Port with name=lrp-3c618df7-8cf8-4914-9b62-b50975217266
2026-05-18 01:52:08.471 10 ERROR ovsdbapp.backend.ovs_idl.command
Traceback (most recent call last):
2026-05-18 01:52:08.471 10 ERROR ovsdbapp.backend.ovs_idl.command
File "/var/lib/openstack/lib/python3.10/site-packages/ovsdbapp/backend/ovs_idl/command.py", line 47, in execute
2026-05-18 01:52:08.471 10 ERROR ovsdbapp.backend.ovs_idl.command self.run_idl(None)
2026-05-18 01:52:08.471 10 ERROR ovsdbapp.backend.ovs_idl.command
File "/var/lib/openstack/lib/python3.10/site-packages/ovsdbapp/backend/ovs_idl/command.py", line 235, in run_idl
2026-05-18 01:52:08.471 10 ERROR ovsdbapp.backend.ovs_idl.command record = self.api.lookup(self.table, self.record)
2026-05-18 01:52:08.471 10 ERROR ovsdbapp.backend.ovs_idl.command
File "/var/lib/openstack/lib/python3.10/site-packages/ovsdbapp/backend/ovs_idl/__init__.py", line 184, in lookup
2026-05-18 01:52:08.471 10 ERROR ovsdbapp.backend.ovs_idl.command return self._lookup(table, record)
2026-05-18 01:52:08.471 10 ERROR ovsdbapp.backend.ovs_idl.command
File "/var/lib/openstack/lib/python3.10/site-packages/ovsdbapp/backend/ovs_idl/__init__.py", line 235, in _lookup
2026-05-18 01:52:08.471 10 ERROR ovsdbapp.backend.ovs_idl.command row = idlutils.row_by_value(self, rl.table, rl.column, record)
2026-05-18 01:52:08.471 10 ERROR ovsdbapp.backend.ovs_idl.command
File "/var/lib/openstack/lib/python3.10/site-packages/ovsdbapp/backend/ovs_idl/idlutils.py", line 114, in row_by_value
2026-05-18 01:52:08.471 10 ERROR ovsdbapp.backend.ovs_idl.command raise RowNotFound(table=table, col=column, match=match)
2026-05-18 01:52:08.471 10 ERROR ovsdbapp.backend.ovs_idl.command ovsdbapp.backend.ovs_idl.idlutils.RowNotFound: Cannot find Logical_Router_Port with name=lrp-3c618df7-8cf8-4914-9b62-b50975217266
2026-05-18 01:52:08.471 10 ERROR ovsdbapp.backend.ovs_idl.command 
2026-05-18 01:52:08.472 10 ERROR neutron_lib.callbacks.manager [None req-ce226ee9-9fa1-4f85-b3be-3d145df1f29f 7950575e42864504babdfc8144fb9057 b6bedcaf88464e29a4bf0fe6d65401e1 - - default default] Error during notification for neutron.services.ovn_l3.plugin.OVNL3RouterPlugin._port_update-8726852899567 port, after_update: ovsdbapp.backend.ovs_idl.idlutils.RowNotFound: Cannot find Logical_Router_Port with name=lrp-3c618df7-8cf8-4914-9b62-b50975217266
2026-05-18 01:52:08.472 10 ERROR neutron_lib.callbacks.manager
Traceback (most recent call last):
2026-05-18 01:52:08.472 10 ERROR neutron_lib.callbacks.manager
File "/var/lib/openstack/lib/python3.10/site-packages/neutron_lib/callbacks/manager.py", line 189, in _notify_loop
2026-05-18 01:52:08.472 10 ERROR neutron_lib.callbacks.manager callback.method(resource, event, trigger, payload=payload)
2026-05-18 01:52:08.472 10 ERROR neutron_lib.callbacks.manager
File "/var/lib/openstack/lib/python3.10/site-packages/neutron/services/ovn_l3/plugin.py", line 391, in _port_update
2026-05-18 01:52:08.472 10 ERROR neutron_lib.callbacks.manager l3plugin._ovn_client.update_router_port(context,
2026-05-18 01:52:08.472 10 ERROR neutron_lib.callbacks.manager
File "/var/lib/openstack/lib/python3.10/site-packages/neutron/plugins/ml2/drivers/ovn/mech_driver/ovsdb/ovn_client.py", line 1878, in update_router_port
2026-05-18 01:52:08.472 10 ERROR neutron_lib.callbacks.manager self._update_lrouter_port(context, port, if_exists=if_exists,
2026-05-18 01:52:08.472 10 ERROR neutron_lib.callbacks.manager
File "/var/lib/openstack/lib/python3.10/site-packages/neutron/plugins/ml2/drivers/ovn/mech_driver/ovsdb/ovn_client.py", line 1855, in _update_lrouter_port
2026-05-18 01:52:08.472 10 ERROR neutron_lib.callbacks.manager external_ids = self._nb_idl.db_get(
2026-05-18 01:52:08.472 10 ERROR neutron_lib.callbacks.manager
File "/var/lib/openstack/lib/python3.10/site-packages/ovsdbapp/backend/ovs_idl/command.py", line 47, in execute
2026-05-18 01:52:08.472 10 ERROR neutron_lib.callbacks.manager self.run_idl(None)
2026-05-18 01:52:08.472 10 ERROR neutron_lib.callbacks.manager
File "/var/lib/openstack/lib/python3.10/site-packages/ovsdbapp/backend/ovs_idl/command.py", line 235, in run_idl
2026-05-18 01:52:08.472 10 ERROR neutron_lib.callbacks.manager record = self.api.lookup(self.table, self.record)
2026-05-18 01:52:08.472 10 ERROR neutron_lib.callbacks.manager
File "/var/lib/openstack/lib/python3.10/site-packages/ovsdbapp/backend/ovs_idl/__init__.py", line 184, in lookup
2026-05-18 01:52:08.472 10 ERROR neutron_lib.callbacks.manager return self._lookup(table, record)
2026-05-18 01:52:08.472 10 ERROR neutron_lib.callbacks.manager
File "/var/lib/openstack/lib/python3.10/site-packages/ovsdbapp/backend/ovs_idl/__init__.py", line 235, in _lookup
2026-05-18 01:52:08.472 10 ERROR neutron_lib.callbacks.manager row = idlutils.row_by_value(self, rl.table, rl.column, record)
2026-05-18 01:52:08.472 10 ERROR neutron_lib.callbacks.manager
File "/var/lib/openstack/lib/python3.10/site-packages/ovsdbapp/backend/ovs_idl/idlutils.py", line 114, in row_by_value
2026-05-18 01:52:08.472 10 ERROR neutron_lib.callbacks.manager raise RowNotFound(table=table, col=column, match=match)
2026-05-18 01:52:08.472 10 ERROR neutron_lib.callbacks.manager ovsdbapp.backend.ovs_idl.idlutils.RowNotFound: Cannot find Logical_Router_Port with name=lrp-3c618df7-8cf8-4914-9b62-b50975217266
2026-05-18 01:52:08.472 10 ERROR neutron_lib.callbacks.manager 
2026-05-18 01:52:08.591 9 INFO neutron.wsgi [None req-bcebd19f-304d-4a98-ab01-ed6806a161d2 dc3b568b82764cd5bcd5f55fb583419c 4f31bde134d74ebe9012c90642403426 - - default default] 10.0.0.96 "DELETE /v2.0/networks/ea068d92-3051-43a0-b975-73ef9e694274 HTTP/1.1" status: 204 len: 168 time: 0.4583309
2026-05-18 01:52:08.701 10 INFO neutron.db.ovn_revision_numbers_db [None req-ce226ee9-9fa1-4f85-b3be-3d145df1f29f 7950575e42864504babdfc8144fb9057 b6bedcaf88464e29a4bf0fe6d65401e1 - - default default] Successfully bumped revision number for resource 3c618df7-8cf8-4914-9b62-b50975217266 (type: ports) to 1
2026-05-18 01:52:08.732 9 INFO neutron.wsgi [None req-8c0d36ab-03a8-4b0e-a049-942b3505f378 94bc3f0650194a7aa50b84a3e3a62c70 535ba092ed774de19d4ad28accdc03ef - - default default] 10.0.0.96 "DELETE /v2.0/security-groups/7338a36a-972c-4b14-b90d-af20088df257 HTTP/1.1" status: 204 len: 168 time: 0.2954080
2026-05-18 01:52:08.770 10 WARNING neutron.scheduler.dhcp_agent_scheduler [None req-ce226ee9-9fa1-4f85-b3be-3d145df1f29f 7950575e42864504babdfc8144fb9057 b6bedcaf88464e29a4bf0fe6d65401e1 - - default default] No more DHCP agents
2026-05-18 01:52:08.772 10 WARNING neutron.api.rpc.agentnotifiers.dhcp_rpc_agent_api [None req-ce226ee9-9fa1-4f85-b3be-3d145df1f29f 7950575e42864504babdfc8144fb9057 b6bedcaf88464e29a4bf0fe6d65401e1 - - default default] Unable to schedule network 3de933b6-76da-45be-9600-a289b5c06eaa: no agents available; will retry on subsequent port and subnet creation events.
2026-05-18 01:52:08.994 9 INFO neutron.wsgi [None req-61449a34-3f68-4752-a168-6c25666ac4be dc3b568b82764cd5bcd5f55fb583419c 4f31bde134d74ebe9012c90642403426 - - default default] 10.0.0.96 "DELETE /v2.0/networks/6546c19e-0387-4757-a1b0-9c514c753010 HTTP/1.1" status: 204 len: 168 time: 0.3912799
2026-05-18 01:52:09.112 10 INFO neutron.db.ovn_revision_numbers_db [None req-ce226ee9-9fa1-4f85-b3be-3d145df1f29f 7950575e42864504babdfc8144fb9057 b6bedcaf88464e29a4bf0fe6d65401e1 - - default default] Successfully bumped revision number for resource 3c618df7-8cf8-4914-9b62-b50975217266 (type: router_ports) to 1
2026-05-18 01:52:09.118 10 INFO neutron.wsgi [None req-ce226ee9-9fa1-4f85-b3be-3d145df1f29f 7950575e42864504babdfc8144fb9057 b6bedcaf88464e29a4bf0fe6d65401e1 - - default default] 10.0.0.96 "PUT /v2.0/routers/050224dc-a3ea-4980-8485-14a172f44231/add_router_interface HTTP/1.1" status: 200 len: 503 time: 2.9826508
2026-05-18 01:52:09.175 10 WARNING neutron_lib.context [None req-c665fb55-734f-42c4-bc3b-adcaa1afa485 7950575e42864504babdfc8144fb9057 b6bedcaf88464e29a4bf0fe6d65401e1 - - default default] Method 'is_advsvc' is deprecated since 2023.2 release (neutron-lib 3.8.0) and will be removed once support for the old RBAC API policies will be removed from Neutron. Please use method 'is_service_role' instead.
2026-05-18 01:52:09.290 10 INFO neutron.db.ovn_revision_numbers_db [None req-c665fb55-734f-42c4-bc3b-adcaa1afa485 7950575e42864504babdfc8144fb9057 b6bedcaf88464e29a4bf0fe6d65401e1 - - default default] Successfully bumped revision number for resource 6522c8d7-b79b-4705-a170-e16a403f515d (type: security_groups) to 1
2026-05-18 01:52:09.304 10 INFO neutron.db.ovn_revision_numbers_db [None req-c665fb55-734f-42c4-bc3b-adcaa1afa485 7950575e42864504babdfc8144fb9057 b6bedcaf88464e29a4bf0fe6d65401e1 - - default default] Successfully bumped revision number for resource 14f4c67e-79be-492d-b473-2f4fce34a07e (type: security_group_rules) to 0
2026-05-18 01:52:09.316 10 INFO neutron.db.ovn_revision_numbers_db [None req-c665fb55-734f-42c4-bc3b-adcaa1afa485 7950575e42864504babdfc8144fb9057 b6bedcaf88464e29a4bf0fe6d65401e1 - - default default] Successfully bumped revision number for resource 61548cb4-dd08-4c73-8b8c-4b4c158b1fd8 (type: security_group_rules) to 0
2026-05-18 01:52:09.333 10 INFO neutron.wsgi [None req-c665fb55-734f-42c4-bc3b-adcaa1afa485 7950575e42864504babdfc8144fb9057 b6bedcaf88464e29a4bf0fe6d65401e1 - - default default] 10.0.0.96 "POST /v2.0/security-groups HTTP/1.1" status: 201 len: 1827 time: 0.1650238
2026-05-18 01:52:09.342 10 WARNING neutron_lib.context [None req-042c9d4c-3bcc-4d15-bc0a-72d3d2fe3584 7950575e42864504babdfc8144fb9057 b6bedcaf88464e29a4bf0fe6d65401e1 - - default default] Method 'is_advsvc' is deprecated since 2023.2 release (neutron-lib 3.8.0) and will be removed once support for the old RBAC API policies will be removed from Neutron. Please use method 'is_service_role' instead.
2026-05-18 01:52:09.384 9 INFO neutron.wsgi [None req-224827d1-4c07-4e4c-a148-b869c5fcef26 dc3b568b82764cd5bcd5f55fb583419c 4f31bde134d74ebe9012c90642403426 - - default default] 10.0.0.96 "DELETE /v2.0/networks/d72b67b4-41b8-4185-90fb-9c391240d33c HTTP/1.1" status: 204 len: 168 time: 0.3810401
2026-05-18 01:52:09.479 10 INFO neutron.db.ovn_revision_numbers_db [None req-042c9d4c-3bcc-4d15-bc0a-72d3d2fe3584 7950575e42864504babdfc8144fb9057 b6bedcaf88464e29a4bf0fe6d65401e1 - - default default] Successfully bumped revision number for resource 56838d1b-cbcb-44e8-8f0b-39ed30f16ecf (type: security_group_rules) to 0
2026-05-18 01:52:09.484 10 INFO neutron.services.segments.plugin [-] Segment cab494f8-47a3-4075-86d5-b920646ce647 resource provider aggregate not found
2026-05-18 01:52:09.507 10 INFO neutron.services.segments.plugin [-] Segment cab494f8-47a3-4075-86d5-b920646ce647 resource provider not found; error: Placement Client Error (4xx): {"errors": [{"status": 404, "title": "Not Found", "detail": "The resource could not be found.\n\n No resource provider with uuid cab494f8-47a3-4075-86d5-b920646ce647 found for delete ", "request_id": "req-4b7039cd-3a18-41ed-8dd9-f14109970df5"}]}
2026-05-18 01:52:09.510 10 INFO neutron.services.segments.plugin [-] Segment cab494f8-47a3-4075-86d5-b920646ce647 resource provider aggregate not found
2026-05-18 01:52:09.517 10 INFO neutron.wsgi [None req-042c9d4c-3bcc-4d15-bc0a-72d3d2fe3584 7950575e42864504babdfc8144fb9057 b6bedcaf88464e29a4bf0fe6d65401e1 - - default default] 10.0.0.96 "POST /v2.0/security-group-rules HTTP/1.1" status: 201 len: 796 time: 0.1778536
2026-05-18 01:52:09.523 10 INFO neutron.services.segments.plugin [-] Segment cab494f8-47a3-4075-86d5-b920646ce647 resource provider not found; error: Placement Client Error (4xx): {"errors": [{"status": 404, "title": "Not Found", "detail": "The resource could not be found.\n\n No resource provider with uuid cab494f8-47a3-4075-86d5-b920646ce647 found for delete ", "request_id": "req-9abb303f-e1aa-46c5-b9c9-9960fcc3da38"}]}
2026-05-18 01:52:09.527 10 WARNING neutron_lib.context [None req-8d5ba687-a9eb-4019-9c53-9a7da0722d31 7950575e42864504babdfc8144fb9057 b6bedcaf88464e29a4bf0fe6d65401e1 - - default default] Method 'is_advsvc' is deprecated since 2023.2 release (neutron-lib 3.8.0) and will be removed once support for the old RBAC API policies will be removed from Neutron. Please use method 'is_service_role' instead.
2026-05-18 01:52:09.668 10 INFO neutron.db.ovn_revision_numbers_db [None req-8d5ba687-a9eb-4019-9c53-9a7da0722d31 7950575e42864504babdfc8144fb9057 b6bedcaf88464e29a4bf0fe6d65401e1 - - default default] Successfully bumped revision number for resource 23d203eb-0cbf-4ef4-8dd4-a2ea3203d2f2 (type: security_group_rules) to 0
2026-05-18 01:52:09.717 10 INFO neutron.wsgi [None req-8d5ba687-a9eb-4019-9c53-9a7da0722d31 7950575e42864504babdfc8144fb9057 b6bedcaf88464e29a4bf0fe6d65401e1 - - default default] 10.0.0.96 "POST /v2.0/security-group-rules HTTP/1.1" status: 201 len: 796 time: 0.1947355
2026-05-18 01:52:09.727 10 WARNING neutron_lib.context [None req-9672d330-80a4-4855-810e-484b51ddb8c1 7950575e42864504babdfc8144fb9057 b6bedcaf88464e29a4bf0fe6d65401e1 - - default default] Method 'is_advsvc' is deprecated since 2023.2 release (neutron-lib 3.8.0) and will be removed once support for the old RBAC API policies will be removed from Neutron. Please use method 'is_service_role' instead.
2026-05-18 01:52:09.914 10 INFO neutron.db.ovn_revision_numbers_db [None req-9672d330-80a4-4855-810e-484b51ddb8c1 7950575e42864504babdfc8144fb9057 b6bedcaf88464e29a4bf0fe6d65401e1 - - default default] Successfully bumped revision number for resource 87a8067a-0e46-452d-a077-59e6dd8af20c (type: security_group_rules) to 0
2026-05-18 01:52:09.939 10 INFO neutron.wsgi [None req-9672d330-80a4-4855-810e-484b51ddb8c1 7950575e42864504babdfc8144fb9057 b6bedcaf88464e29a4bf0fe6d65401e1 - - default default] 10.0.0.96 "POST /v2.0/security-group-rules HTTP/1.1" status: 201 len: 798 time: 0.2169614
2026-05-18 01:52:09.949 10 WARNING neutron_lib.context [None req-52bc328b-73b6-48fa-ab96-a0e6190ce53d 7950575e42864504babdfc8144fb9057 b6bedcaf88464e29a4bf0fe6d65401e1 - - default default] Method 'is_advsvc' is deprecated since 2023.2 release (neutron-lib 3.8.0) and will be removed once support for the old RBAC API policies will be removed from Neutron. Please use method 'is_service_role' instead.
2026-05-18 01:52:10.076 10 INFO neutron.db.ovn_revision_numbers_db [None req-52bc328b-73b6-48fa-ab96-a0e6190ce53d 7950575e42864504babdfc8144fb9057 b6bedcaf88464e29a4bf0fe6d65401e1 - - default default] Successfully bumped revision number for resource 68fc83ad-7c0d-4062-86e8-3b74884d4ab6 (type: security_group_rules) to 0
2026-05-18 01:52:10.103 10 INFO neutron.wsgi [None req-52bc328b-73b6-48fa-ab96-a0e6190ce53d 7950575e42864504babdfc8144fb9057 b6bedcaf88464e29a4bf0fe6d65401e1 - - default default] 10.0.0.96 "POST /v2.0/security-group-rules HTTP/1.1" status: 201 len: 800 time: 0.1586456
2026-05-18 01:52:10.111 10 WARNING neutron_lib.context [None req-f5fc4ca9-2242-46d6-b64d-729ac568e684 7950575e42864504babdfc8144fb9057 b6bedcaf88464e29a4bf0fe6d65401e1 - - default default] Method 'is_advsvc' is deprecated since 2023.2 release (neutron-lib 3.8.0) and will be removed once support for the old RBAC API policies will be removed from Neutron. Please use method 'is_service_role' instead.
2026-05-18 01:52:10.127 9 INFO neutron.services.segments.plugin [-] Segment 9d4455f6-e4a1-4efa-99f7-d3a0f6670a42 resource provider aggregate not found
2026-05-18 01:52:10.136 9 INFO neutron.services.segments.plugin [-] Segment 9d4455f6-e4a1-4efa-99f7-d3a0f6670a42 resource provider aggregate not found
2026-05-18 01:52:10.158 9 INFO neutron.services.segments.plugin [-] Segment 9d4455f6-e4a1-4efa-99f7-d3a0f6670a42 resource provider not found; error: Placement Client Error (4xx): {"errors": [{"status": 404, "title": "Not Found", "detail": "The resource could not be found.\n\n No resource provider with uuid 9d4455f6-e4a1-4efa-99f7-d3a0f6670a42 found for delete ", "request_id": "req-aa81611f-096e-43aa-939b-3c1c27068a30"}]}
2026-05-18 01:52:10.182 9 INFO neutron.services.segments.plugin [-] Segment 89214997-54ce-42b2-a2b1-838fc2c1adbf resource provider aggregate not found
2026-05-18 01:52:10.204 9 INFO neutron.services.segments.plugin [-] Segment 89214997-54ce-42b2-a2b1-838fc2c1adbf resource provider not found; error: Placement Client Error (4xx): {"errors": [{"status": 404, "title": "Not Found", "detail": "The resource could not be found.\n\n No resource provider with uuid 89214997-54ce-42b2-a2b1-838fc2c1adbf found for delete ", "request_id": "req-1b8d88d8-c6b2-47c4-805a-114234560fe5"}]}
2026-05-18 01:52:10.210 9 INFO neutron.services.segments.plugin [-] Segment 9d4455f6-e4a1-4efa-99f7-d3a0f6670a42 resource provider not found; error: Placement Client Error (4xx): {"errors": [{"status": 404, "title": "Not Found", "detail": "The resource could not be found.\n\n No resource provider with uuid 9d4455f6-e4a1-4efa-99f7-d3a0f6670a42 found for delete ", "request_id": "req-5cbca156-0f55-4660-8d2e-bf345f7bace5"}]}
2026-05-18 01:52:10.222 9 INFO neutron.services.segments.plugin [-] Segment 89214997-54ce-42b2-a2b1-838fc2c1adbf resource provider aggregate not found
2026-05-18 01:52:10.226 9 INFO neutron.services.segments.plugin [-] Segment eccdaaa7-7224-4f57-8fd5-28206a468689 resource provider aggregate not found
2026-05-18 01:52:10.242 9 INFO neutron.services.segments.plugin [-] Segment 89214997-54ce-42b2-a2b1-838fc2c1adbf resource provider not found; error: Placement Client Error (4xx): {"errors": [{"status": 404, "title": "Not Found", "detail": "The resource could not be found.\n\n No resource provider with uuid 89214997-54ce-42b2-a2b1-838fc2c1adbf found for delete ", "request_id": "req-9b6eace0-adf2-41a9-8ecf-efca54c6953f"}]}
2026-05-18 01:52:10.249 9 INFO neutron.services.segments.plugin [-] Segment eccdaaa7-7224-4f57-8fd5-28206a468689 resource provider not found; error: Placement Client Error (4xx): {"errors": [{"status": 404, "title": "Not Found", "detail": "The resource could not be found.\n\n No resource provider with uuid eccdaaa7-7224-4f57-8fd5-28206a468689 found for delete ", "request_id": "req-90e2cd9b-65f9-4a4d-a8c9-d757a6f0f8b5"}]}
2026-05-18 01:52:10.262 9 INFO neutron.services.segments.plugin [-] Segment eccdaaa7-7224-4f57-8fd5-28206a468689 resource provider aggregate not found
2026-05-18 01:52:10.281 10 INFO neutron.db.ovn_revision_numbers_db [None req-f5fc4ca9-2242-46d6-b64d-729ac568e684 7950575e42864504babdfc8144fb9057 b6bedcaf88464e29a4bf0fe6d65401e1 - - default default] Successfully bumped revision number for resource 11ba0244-179d-4ec7-bc16-07089abe4f90 (type: security_group_rules) to 0
2026-05-18 01:52:10.282 9 INFO neutron.services.segments.plugin [-] Segment eccdaaa7-7224-4f57-8fd5-28206a468689 resource provider not found; error: Placement Client Error (4xx): {"errors": [{"status": 404, "title": "Not Found", "detail": "The resource could not be found.\n\n No resource provider with uuid eccdaaa7-7224-4f57-8fd5-28206a468689 found for delete ", "request_id": "req-2da4f855-5a73-46b5-a959-9a54eddbc1fe"}]}
2026-05-18 01:52:10.303 10 INFO neutron.wsgi [None req-f5fc4ca9-2242-46d6-b64d-729ac568e684 7950575e42864504babdfc8144fb9057 b6bedcaf88464e29a4bf0fe6d65401e1 - - default default] 10.0.0.96 "POST /v2.0/security-group-rules HTTP/1.1" status: 201 len: 800 time: 0.1967649
2026-05-18 01:52:10.314 10 WARNING neutron_lib.context [None req-b01890cc-509d-4d5a-a618-7f8f30577558 7950575e42864504babdfc8144fb9057 b6bedcaf88464e29a4bf0fe6d65401e1 - - default default] Method 'is_advsvc' is deprecated since 2023.2 release (neutron-lib 3.8.0) and will be removed once support for the old RBAC API policies will be removed from Neutron. Please use method 'is_service_role' instead.
