2026-05-18 01:50:26.924 9 WARNING neutron.api.rpc.agentnotifiers.dhcp_rpc_agent_api [None req-1fe37dde-36bf-4f5c-957e-6ef09e4fa179 c84eab93899e4d9f8d1e284e8f1725d4 ac2dcab265404ed8a8ed1888ffa60490 - - default default] Unable to schedule network 5afd9e4d-2e2b-44a5-bd83-1bc4b43c35ba: no agents available; will retry on subsequent port and subnet creation events.
2026-05-18 01:50:27.205 9 INFO neutron.wsgi [None req-1fe37dde-36bf-4f5c-957e-6ef09e4fa179 c84eab93899e4d9f8d1e284e8f1725d4 ac2dcab265404ed8a8ed1888ffa60490 - - default default] 10.0.0.96 "POST /v2.0/floatingips HTTP/1.1" status: 201 len: 751 time: 0.5574722
2026-05-18 01:50:27.212 10 WARNING neutron.scheduler.dhcp_agent_scheduler [None req-6d5025e9-ee8f-4a7e-9ef8-65729ac258cf - - - - - -] No more DHCP agents
2026-05-18 01:50:27.215 9 WARNING neutron_lib.context [None req-23e3655a-0fb4-4ea0-9018-b151639bd9fc c84eab93899e4d9f8d1e284e8f1725d4 ac2dcab265404ed8a8ed1888ffa60490 - - default default] Method 'is_advsvc' is deprecated since 2023.2 release (neutron-lib 3.8.0) and will be removed once support for the old RBAC API policies will be removed from Neutron. Please use method 'is_service_role' instead.
2026-05-18 01:50:27.216 10 WARNING neutron.api.rpc.agentnotifiers.dhcp_rpc_agent_api [None req-6d5025e9-ee8f-4a7e-9ef8-65729ac258cf - - - - - -] Unable to schedule network 3e2c17b8-b4b0-4423-b43a-6c4738a7e026: no agents available; will retry on subsequent port and subnet creation events.
2026-05-18 01:50:27.245 10 INFO neutron.wsgi [req-d1404eb2-8fb8-4d6d-9e22-e8b1ba6330e1 req-69842fca-b0b1-4f8b-a1ea-2a448673a64c 91a5df1cc6d84289b845e5eda9a40714 b165cc527a724f64b48ef09f2e284b8c - - default default] 10.0.0.52 "GET /v2.0/ports?device_id=cf60b521-546b-4c55-90da-d6e82850e1e3 HTTP/1.1" status: 200 len: 1172 time: 0.1386395
2026-05-18 01:50:27.304 10 INFO neutron.wsgi [req-d1404eb2-8fb8-4d6d-9e22-e8b1ba6330e1 req-7af5ff7f-744b-4980-bb0c-df31122bf5d7 91a5df1cc6d84289b845e5eda9a40714 b165cc527a724f64b48ef09f2e284b8c - - default default] 10.0.0.52 "GET /v2.0/security-groups?id=23672259-d95c-4d5a-804c-362e61484163&fields=id&fields=name HTTP/1.1" status: 200 len: 313 time: 0.0515988
2026-05-18 01:50:27.389 10 INFO neutron.db.ovn_revision_numbers_db [None req-6d5025e9-ee8f-4a7e-9ef8-65729ac258cf - - - - - -] Successfully bumped revision number for resource 9dd9d905-360a-40aa-8421-863c8b6dde1e (type: ports) to 1
2026-05-18 01:50:27.465 9 WARNING neutron.scheduler.dhcp_agent_scheduler [None req-23e3655a-0fb4-4ea0-9018-b151639bd9fc c84eab93899e4d9f8d1e284e8f1725d4 ac2dcab265404ed8a8ed1888ffa60490 - - default default] No more DHCP agents
2026-05-18 01:50:27.468 9 WARNING neutron.api.rpc.agentnotifiers.dhcp_rpc_agent_api [None req-23e3655a-0fb4-4ea0-9018-b151639bd9fc c84eab93899e4d9f8d1e284e8f1725d4 ac2dcab265404ed8a8ed1888ffa60490 - - default default] Unable to schedule network 5afd9e4d-2e2b-44a5-bd83-1bc4b43c35ba: no agents available; will retry on subsequent port and subnet creation events.
2026-05-18 01:50:27.649 10 INFO neutron.db.ovn_revision_numbers_db [None req-6d5025e9-ee8f-4a7e-9ef8-65729ac258cf - - - - - -] Successfully bumped revision number for resource 9dd9d905-360a-40aa-8421-863c8b6dde1e (type: ports) to 1
2026-05-18 01:50:27.760 9 INFO neutron.wsgi [None req-23e3655a-0fb4-4ea0-9018-b151639bd9fc c84eab93899e4d9f8d1e284e8f1725d4 ac2dcab265404ed8a8ed1888ffa60490 - - default default] 10.0.0.96 "POST /v2.0/floatingips HTTP/1.1" status: 201 len: 751 time: 0.5498366
2026-05-18 01:50:27.771 9 WARNING neutron_lib.context [None req-2fc4593b-d48a-4012-ab9c-f446b8b1468b c84eab93899e4d9f8d1e284e8f1725d4 ac2dcab265404ed8a8ed1888ffa60490 - - default default] Method 'is_advsvc' is deprecated since 2023.2 release (neutron-lib 3.8.0) and will be removed once support for the old RBAC API policies will be removed from Neutron. Please use method 'is_service_role' instead.
2026-05-18 01:50:27.786 9 WARNING neutron_lib.context [None req-1213131d-e619-4ea8-a720-594a6420980b 3ff3336f159c4eb88b338dd9d96d0679 102644cc5f67478eb64830fc05264538 - - default default] Method 'is_advsvc' is deprecated since 2023.2 release (neutron-lib 3.8.0) and will be removed once support for the old RBAC API policies will be removed from Neutron. Please use method 'is_service_role' instead.
2026-05-18 01:50:27.907 10 INFO neutron.wsgi [None req-55511142-567f-4234-8f38-49ffbee69e56 1c2e411134f445f78b7490f13c1569e7 334435f8b8fe4ae5a132976ad8e4b4cc - - default default] 10.0.0.96 "POST /v2.0/vpn/vpnservices HTTP/1.1" status: 201 len: 656 time: 7.4784603
2026-05-18 01:50:27.918 10 WARNING neutron_lib.context [None req-4c3b62b0-2b96-4222-af99-0d174ca06003 1c2e411134f445f78b7490f13c1569e7 334435f8b8fe4ae5a132976ad8e4b4cc - - default default] Method 'is_advsvc' is deprecated since 2023.2 release (neutron-lib 3.8.0) and will be removed once support for the old RBAC API policies will be removed from Neutron. Please use method 'is_service_role' instead.
2026-05-18 01:50:27.975 9 INFO neutron.db.ovn_revision_numbers_db [None req-1213131d-e619-4ea8-a720-594a6420980b 3ff3336f159c4eb88b338dd9d96d0679 102644cc5f67478eb64830fc05264538 - - default default] Successfully bumped revision number for resource add09e51-6e06-4f17-bae2-a94d9b7cc01f (type: security_groups) to 1
2026-05-18 01:50:28.194 9 INFO neutron.db.ovn_revision_numbers_db [None req-1213131d-e619-4ea8-a720-594a6420980b 3ff3336f159c4eb88b338dd9d96d0679 102644cc5f67478eb64830fc05264538 - - default default] Successfully bumped revision number for resource 4a599804-26d2-4777-8e33-02cccbb1fd2f (type: security_group_rules) to 0
2026-05-18 01:50:28.213 9 INFO neutron.db.ovn_revision_numbers_db [None req-1213131d-e619-4ea8-a720-594a6420980b 3ff3336f159c4eb88b338dd9d96d0679 102644cc5f67478eb64830fc05264538 - - default default] Successfully bumped revision number for resource 95f63b43-2205-4231-b040-73a0f22cbb6a (type: security_group_rules) to 0
2026-05-18 01:50:28.234 9 INFO neutron.db.ovn_revision_numbers_db [None req-1213131d-e619-4ea8-a720-594a6420980b 3ff3336f159c4eb88b338dd9d96d0679 102644cc5f67478eb64830fc05264538 - - default default] Successfully bumped revision number for resource e6ae8021-18a9-4a0f-9b24-346c75d908fa (type: security_group_rules) to 0
2026-05-18 01:50:28.257 9 INFO neutron.db.ovn_revision_numbers_db [None req-1213131d-e619-4ea8-a720-594a6420980b 3ff3336f159c4eb88b338dd9d96d0679 102644cc5f67478eb64830fc05264538 - - default default] Successfully bumped revision number for resource e9da3985-0e56-47bd-bd9f-84b7c6314f0e (type: security_group_rules) to 0
2026-05-18 01:50:28.281 9 WARNING neutron.scheduler.dhcp_agent_scheduler [None req-2fc4593b-d48a-4012-ab9c-f446b8b1468b c84eab93899e4d9f8d1e284e8f1725d4 ac2dcab265404ed8a8ed1888ffa60490 - - default default] No more DHCP agents
2026-05-18 01:50:28.290 9 WARNING neutron.api.rpc.agentnotifiers.dhcp_rpc_agent_api [None req-2fc4593b-d48a-4012-ab9c-f446b8b1468b c84eab93899e4d9f8d1e284e8f1725d4 ac2dcab265404ed8a8ed1888ffa60490 - - default default] Unable to schedule network 5afd9e4d-2e2b-44a5-bd83-1bc4b43c35ba: no agents available; will retry on subsequent port and subnet creation events.
2026-05-18 01:50:28.293 10 INFO neutron.wsgi [None req-4c3b62b0-2b96-4222-af99-0d174ca06003 1c2e411134f445f78b7490f13c1569e7 334435f8b8fe4ae5a132976ad8e4b4cc - - default default] 10.0.0.96 "POST /v2.0/vpn/vpnservices HTTP/1.1" status: 201 len: 621 time: 0.3801787
2026-05-18 01:50:28.304 10 WARNING neutron_lib.context [None req-0be9b5c4-3524-4773-af55-b84bfa75e6e6 1c2e411134f445f78b7490f13c1569e7 334435f8b8fe4ae5a132976ad8e4b4cc - - default default] Method 'is_advsvc' is deprecated since 2023.2 release (neutron-lib 3.8.0) and will be removed once support for the old RBAC API policies will be removed from Neutron. Please use method 'is_service_role' instead.
2026-05-18 01:50:28.361 10 INFO neutron.wsgi [None req-0be9b5c4-3524-4773-af55-b84bfa75e6e6 1c2e411134f445f78b7490f13c1569e7 334435f8b8fe4ae5a132976ad8e4b4cc - - default default] 10.0.0.96 "POST /v2.0/vpn/ikepolicies HTTP/1.1" status: 201 len: 603 time: 0.0638664
2026-05-18 01:50:28.374 9 WARNING neutron_lib.context [None req-9fb374ed-394b-45e6-b8b2-2a09098f2ab9 1c2e411134f445f78b7490f13c1569e7 334435f8b8fe4ae5a132976ad8e4b4cc - - default default] Method 'is_advsvc' is deprecated since 2023.2 release (neutron-lib 3.8.0) and will be removed once support for the old RBAC API policies will be removed from Neutron. Please use method 'is_service_role' instead.
2026-05-18 01:50:28.447 9 INFO neutron.wsgi [req-c3df13b8-d30f-4f9a-982a-5b9a240598ad req-dfa998c2-72fe-457c-8d27-ac045c9e4375 91a5df1cc6d84289b845e5eda9a40714 b165cc527a724f64b48ef09f2e284b8c - - default default] 10.0.0.52 "GET /v2.0/ports?device_id=cf60b521-546b-4c55-90da-d6e82850e1e3 HTTP/1.1" status: 200 len: 1172 time: 0.0696237
2026-05-18 01:50:28.451 9 INFO neutron.db.ovn_revision_numbers_db [None req-1213131d-e619-4ea8-a720-594a6420980b 3ff3336f159c4eb88b338dd9d96d0679 102644cc5f67478eb64830fc05264538 - - default default] Successfully bumped revision number for resource a4d97596-fe81-4991-a8e3-8e6d160e4a45 (type: security_groups) to 1
2026-05-18 01:50:28.503 9 INFO neutron.db.ovn_revision_numbers_db [None req-1213131d-e619-4ea8-a720-594a6420980b 3ff3336f159c4eb88b338dd9d96d0679 102644cc5f67478eb64830fc05264538 - - default default] Successfully bumped revision number for resource 075d717c-f24e-4b02-b626-f50015f26d2e (type: security_group_rules) to 0
2026-05-18 01:50:28.508 9 INFO neutron.wsgi [None req-9fb374ed-394b-45e6-b8b2-2a09098f2ab9 1c2e411134f445f78b7490f13c1569e7 334435f8b8fe4ae5a132976ad8e4b4cc - - default default] 10.0.0.96 "POST /v2.0/vpn/ipsecpolicies HTTP/1.1" status: 201 len: 612 time: 0.1408150
2026-05-18 01:50:28.522 10 WARNING neutron_lib.context [None req-18ce9a63-8334-4624-aeb0-c2e76857915e 1c2e411134f445f78b7490f13c1569e7 334435f8b8fe4ae5a132976ad8e4b4cc - - default default] Method 'is_advsvc' is deprecated since 2023.2 release (neutron-lib 3.8.0) and will be removed once support for the old RBAC API policies will be removed from Neutron. Please use method 'is_service_role' instead.
2026-05-18 01:50:28.543 9 INFO neutron.db.ovn_revision_numbers_db [None req-1213131d-e619-4ea8-a720-594a6420980b 3ff3336f159c4eb88b338dd9d96d0679 102644cc5f67478eb64830fc05264538 - - default default] Successfully bumped revision number for resource 40fc9203-7e9c-422f-81ea-27e3c954d423 (type: security_group_rules) to 0
2026-05-18 01:50:28.552 9 WARNING neutron.plugins.ml2.drivers.ovn.mech_driver.ovsdb.ovn_client [None req-9591dc38-03b0-4859-8285-b84f72f47cc6 - - - - - -] No hosting information found for port 537d1b32-e6e7-4f8c-acf3-fc9812767977: RuntimeError: No hosting information found for port 537d1b32-e6e7-4f8c-acf3-fc9812767977
2026-05-18 01:50:28.553 9 INFO neutron.plugins.ml2.drivers.ovn.mech_driver.mech_driver [None req-9591dc38-03b0-4859-8285-b84f72f47cc6 - - - - - -] OVN reports status down for port: e470d659-2a99-4bf7-a4e6-a63954152b43
2026-05-18 01:50:28.581 10 INFO neutron.wsgi [None req-18ce9a63-8334-4624-aeb0-c2e76857915e 1c2e411134f445f78b7490f13c1569e7 334435f8b8fe4ae5a132976ad8e4b4cc - - default default] 10.0.0.96 "POST /v2.0/vpn/endpoint-groups HTTP/1.1" status: 201 len: 528 time: 0.0668588
2026-05-18 01:50:28.582 9 INFO neutron.plugins.ml2.drivers.ovn.mech_driver.mech_driver [None req-9591dc38-03b0-4859-8285-b84f72f47cc6 - - - - - -] OVN reports status up for port: f13fc0b4-f313-438c-af64-bd95c64a414c
2026-05-18 01:50:28.592 10 WARNING neutron_lib.context [None req-5574a2ff-5192-45b2-a595-9a4f322d27bf 1c2e411134f445f78b7490f13c1569e7 334435f8b8fe4ae5a132976ad8e4b4cc - - default default] Method 'is_advsvc' is deprecated since 2023.2 release (neutron-lib 3.8.0) and will be removed once support for the old RBAC API policies will be removed from Neutron. Please use method 'is_service_role' instead.
2026-05-18 01:50:28.593 9 INFO neutron.wsgi [req-c3df13b8-d30f-4f9a-982a-5b9a240598ad req-5d1ba1ff-7350-42bb-a585-79be9b77ab4b 91a5df1cc6d84289b845e5eda9a40714 b165cc527a724f64b48ef09f2e284b8c - - default default] 10.0.0.52 "GET /v2.0/security-groups?id=23672259-d95c-4d5a-804c-362e61484163&fields=id&fields=name HTTP/1.1" status: 200 len: 313 time: 0.1376660
2026-05-18 01:50:28.600 9 INFO neutron.wsgi [None req-1213131d-e619-4ea8-a720-594a6420980b 3ff3336f159c4eb88b338dd9d96d0679 102644cc5f67478eb64830fc05264538 - - default default] 10.0.0.96 "POST /v2.0/security-groups HTTP/1.1" status: 201 len: 1823 time: 0.9783099
2026-05-18 01:50:28.607 9 INFO neutron.plugins.ml2.plugin [None req-9591dc38-03b0-4859-8285-b84f72f47cc6 - - - - - -] Attempt 1 to provision port f13fc0b4-f313-438c-af64-bd95c64a414c
2026-05-18 01:50:28.653 10 INFO neutron.wsgi [None req-5574a2ff-5192-45b2-a595-9a4f322d27bf 1c2e411134f445f78b7490f13c1569e7 334435f8b8fe4ae5a132976ad8e4b4cc - - default default] 10.0.0.96 "POST /v2.0/vpn/endpoint-groups HTTP/1.1" status: 201 len: 518 time: 0.0659235
2026-05-18 01:50:28.661 10 WARNING neutron_lib.context [None req-17c5f13d-bf44-43c1-a0b3-7fd2b9dbe421 1c2e411134f445f78b7490f13c1569e7 334435f8b8fe4ae5a132976ad8e4b4cc - - default default] Method 'is_advsvc' is deprecated since 2023.2 release (neutron-lib 3.8.0) and will be removed once support for the old RBAC API policies will be removed from Neutron. Please use method 'is_service_role' instead.
2026-05-18 01:50:28.671 10 INFO neutron.wsgi [None req-9cbbeb6e-0ff3-4858-8d2a-f537c1761722 3ff3336f159c4eb88b338dd9d96d0679 102644cc5f67478eb64830fc05264538 - - default default] 10.0.0.96 "GET /v2.0/security-groups HTTP/1.1" status: 200 len: 4723 time: 0.0652480
2026-05-18 01:50:28.794 10 INFO neutron.db.ovn_revision_numbers_db [None req-656dee72-e37b-4e83-a772-6852df95b31b 3ff3336f159c4eb88b338dd9d96d0679 102644cc5f67478eb64830fc05264538 - - default default] Successfully bumped revision number for resource a4d97596-fe81-4991-a8e3-8e6d160e4a45 (type: security_groups) to 2
2026-05-18 01:50:28.798 10 INFO neutron.wsgi [None req-656dee72-e37b-4e83-a772-6852df95b31b 3ff3336f159c4eb88b338dd9d96d0679 102644cc5f67478eb64830fc05264538 - - default default] 10.0.0.96 "PUT /v2.0/security-groups/a4d97596-fe81-4991-a8e3-8e6d160e4a45 HTTP/1.1" status: 200 len: 1857 time: 0.1224067
2026-05-18 01:50:28.845 10 INFO neutron.wsgi [None req-38a3f52a-95b9-4700-9027-af4137a074cd 3ff3336f159c4eb88b338dd9d96d0679 102644cc5f67478eb64830fc05264538 - - default default] 10.0.0.96 "GET /v2.0/security-groups/a4d97596-fe81-4991-a8e3-8e6d160e4a45 HTTP/1.1" status: 200 len: 1857 time: 0.0400426
2026-05-18 01:50:28.871 9 INFO neutron.wsgi [None req-2fc4593b-d48a-4012-ab9c-f446b8b1468b c84eab93899e4d9f8d1e284e8f1725d4 ac2dcab265404ed8a8ed1888ffa60490 - - default default] 10.0.0.96 "POST /v2.0/floatingips HTTP/1.1" status: 201 len: 751 time: 1.1061234
2026-05-18 01:50:28.881 9 WARNING neutron_lib.context [None req-7ab7344a-9bc5-4272-98bb-180982679473 c84eab93899e4d9f8d1e284e8f1725d4 ac2dcab265404ed8a8ed1888ffa60490 - - default default] Method 'is_advsvc' is deprecated since 2023.2 release (neutron-lib 3.8.0) and will be removed once support for the old RBAC API policies will be removed from Neutron. Please use method 'is_service_role' instead.
2026-05-18 01:50:29.017 10 INFO neutron.wsgi [None req-d474f069-25a5-4c49-8eaf-8ced33a749ef 3ff3336f159c4eb88b338dd9d96d0679 102644cc5f67478eb64830fc05264538 - - default default] 10.0.0.96 "DELETE /v2.0/security-groups/a4d97596-fe81-4991-a8e3-8e6d160e4a45 HTTP/1.1" status: 204 len: 168 time: 0.1677632
2026-05-18 01:50:29.110 9 INFO neutron.wsgi [None req-2c93753b-ef45-4186-bbff-ebf306038deb 3ff3336f159c4eb88b338dd9d96d0679 102644cc5f67478eb64830fc05264538 - - default default] 10.0.0.96 "GET /v2.0/security-groups HTTP/1.1" status: 200 len: 3120 time: 0.0878277
2026-05-18 01:50:29.127 10 INFO neutron.api.v2.resource [None req-0db6f994-fbb1-41e0-b629-1d267e075cd7 3ff3336f159c4eb88b338dd9d96d0679 102644cc5f67478eb64830fc05264538 - - default default] delete failed (client error): The resource could not be found.
2026-05-18 01:50:29.128 10 INFO neutron.wsgi [None req-0db6f994-fbb1-41e0-b629-1d267e075cd7 3ff3336f159c4eb88b338dd9d96d0679 102644cc5f67478eb64830fc05264538 - - default default] 10.0.0.96 "DELETE /v2.0/security-groups/a4d97596-fe81-4991-a8e3-8e6d160e4a45 HTTP/1.1" status: 404 len: 347 time: 0.0129356
2026-05-18 01:50:29.142 9 WARNING neutron_lib.context [None req-fe3dfad6-9b00-4eb1-95f6-1ed32f283250 3ff3336f159c4eb88b338dd9d96d0679 102644cc5f67478eb64830fc05264538 - - default default] Method 'is_advsvc' is deprecated since 2023.2 release (neutron-lib 3.8.0) and will be removed once support for the old RBAC API policies will be removed from Neutron. Please use method 'is_service_role' instead.
2026-05-18 01:50:29.208 9 INFO neutron.db.ovn_revision_numbers_db [None req-9591dc38-03b0-4859-8285-b84f72f47cc6 - - - - - -] Successfully bumped revision number for resource f13fc0b4-f313-438c-af64-bd95c64a414c (type: ports) to 2
2026-05-18 01:50:29.264 9 WARNING neutron.scheduler.dhcp_agent_scheduler [None req-7ab7344a-9bc5-4272-98bb-180982679473 c84eab93899e4d9f8d1e284e8f1725d4 ac2dcab265404ed8a8ed1888ffa60490 - - default default] No more DHCP agents
2026-05-18 01:50:29.271 9 WARNING neutron.api.rpc.agentnotifiers.dhcp_rpc_agent_api [None req-7ab7344a-9bc5-4272-98bb-180982679473 c84eab93899e4d9f8d1e284e8f1725d4 ac2dcab265404ed8a8ed1888ffa60490 - - default default] Unable to schedule network 5afd9e4d-2e2b-44a5-bd83-1bc4b43c35ba: no agents available; will retry on subsequent port and subnet creation events.
2026-05-18 01:50:29.415 9 INFO neutron.db.ovn_revision_numbers_db [None req-fe3dfad6-9b00-4eb1-95f6-1ed32f283250 3ff3336f159c4eb88b338dd9d96d0679 102644cc5f67478eb64830fc05264538 - - default default] Successfully bumped revision number for resource 6e91eedd-558c-4e3a-9ab7-6958562eda30 (type: security_groups) to 1
2026-05-18 01:50:29.437 9 INFO neutron.db.ovn_revision_numbers_db [None req-fe3dfad6-9b00-4eb1-95f6-1ed32f283250 3ff3336f159c4eb88b338dd9d96d0679 102644cc5f67478eb64830fc05264538 - - default default] Successfully bumped revision number for resource be67286c-de48-4d3f-889d-4bd9a87a0603 (type: security_group_rules) to 0
2026-05-18 01:50:29.449 9 INFO neutron.db.ovn_revision_numbers_db [None req-9591dc38-03b0-4859-8285-b84f72f47cc6 - - - - - -] Successfully bumped revision number for resource f13fc0b4-f313-438c-af64-bd95c64a414c (type: router_ports) to 2
2026-05-18 01:50:29.458 9 INFO neutron.db.ovn_revision_numbers_db [None req-fe3dfad6-9b00-4eb1-95f6-1ed32f283250 3ff3336f159c4eb88b338dd9d96d0679 102644cc5f67478eb64830fc05264538 - - default default] Successfully bumped revision number for resource dd2c6eef-9d4c-4c8c-acb8-11ef7693d489 (type: security_group_rules) to 0
2026-05-18 01:50:29.496 9 INFO neutron.wsgi [None req-fe3dfad6-9b00-4eb1-95f6-1ed32f283250 3ff3336f159c4eb88b338dd9d96d0679 102644cc5f67478eb64830fc05264538 - - default default] 10.0.0.96 "POST /v2.0/security-groups HTTP/1.1" status: 201 len: 1825 time: 0.3624213
2026-05-18 01:50:29.511 9 WARNING neutron_lib.context [None req-5726b331-ed62-476e-84db-3871c725e9a7 3ff3336f159c4eb88b338dd9d96d0679 102644cc5f67478eb64830fc05264538 - - default default] Method 'is_advsvc' is deprecated since 2023.2 release (neutron-lib 3.8.0) and will be removed once support for the old RBAC API policies will be removed from Neutron. Please use method 'is_service_role' instead.
2026-05-18 01:50:29.724 9 INFO neutron.db.ovn_revision_numbers_db [None req-5726b331-ed62-476e-84db-3871c725e9a7 3ff3336f159c4eb88b338dd9d96d0679 102644cc5f67478eb64830fc05264538 - - default default] Successfully bumped revision number for resource bd4271b0-c3c4-4e05-9bbe-599cef80c16c (type: security_group_rules) to 0
2026-05-18 01:50:29.734 10 INFO neutron.wsgi [req-01ece90b-4cf6-497e-9624-96adb5fcc598 req-e3407d78-77f8-43ac-b6db-6d4b0479d106 91a5df1cc6d84289b845e5eda9a40714 b165cc527a724f64b48ef09f2e284b8c - - default default] 10.0.0.52 "GET /v2.0/ports?device_id=cf60b521-546b-4c55-90da-d6e82850e1e3 HTTP/1.1" status: 200 len: 1172 time: 0.0384414
2026-05-18 01:50:29.737 10 INFO neutron.db.ovn_revision_numbers_db [None req-17c5f13d-bf44-43c1-a0b3-7fd2b9dbe421 1c2e411134f445f78b7490f13c1569e7 334435f8b8fe4ae5a132976ad8e4b4cc - - default default] Successfully bumped revision number for resource 4c684cd2-9f93-41a1-8143-9b53ad9ce0bc (type: routers) to 5
2026-05-18 01:50:29.746 9 INFO neutron.wsgi [None req-7ab7344a-9bc5-4272-98bb-180982679473 c84eab93899e4d9f8d1e284e8f1725d4 ac2dcab265404ed8a8ed1888ffa60490 - - default default] 10.0.0.96 "POST /v2.0/floatingips HTTP/1.1" status: 201 len: 751 time: 0.8697367
2026-05-18 01:50:29.754 9 INFO neutron.wsgi [None req-5726b331-ed62-476e-84db-3871c725e9a7 3ff3336f159c4eb88b338dd9d96d0679 102644cc5f67478eb64830fc05264538 - - default default] 10.0.0.96 "POST /v2.0/security-group-rules HTTP/1.1" status: 201 len: 800 time: 0.2476394
2026-05-18 01:50:29.785 9 INFO neutron.wsgi [None req-c9dd5dd3-b66f-4dfe-8c62-cbb6bf5434d5 3ff3336f159c4eb88b338dd9d96d0679 102644cc5f67478eb64830fc05264538 - - default default] 10.0.0.96 "GET /v2.0/security-group-rules/bd4271b0-c3c4-4e05-9bbe-599cef80c16c HTTP/1.1" status: 200 len: 795 time: 0.0258191
2026-05-18 01:50:29.813 10 INFO neutron.wsgi [None req-17c5f13d-bf44-43c1-a0b3-7fd2b9dbe421 1c2e411134f445f78b7490f13c1569e7 334435f8b8fe4ae5a132976ad8e4b4cc - - default default] 10.0.0.96 "POST /v2.0/vpn/ipsec-site-connections HTTP/1.1" status: 201 len: 1001 time: 1.1566541
2026-05-18 01:50:29.817 10 INFO neutron.wsgi [None req-39296054-24f6-4b0d-be5b-3cd991d44149 c84eab93899e4d9f8d1e284e8f1725d4 ac2dcab265404ed8a8ed1888ffa60490 - - default default] 10.0.0.96 "PUT /v2.0/floatingips/57ce2853-439d-4ece-b438-f0bcb310471e/tags HTTP/1.1" status: 200 len: 210 time: 0.0648098
2026-05-18 01:50:29.820 10 INFO neutron.wsgi [req-01ece90b-4cf6-497e-9624-96adb5fcc598 req-44563b1d-ac37-4da3-a9a4-b90df9c24b1a 91a5df1cc6d84289b845e5eda9a40714 b165cc527a724f64b48ef09f2e284b8c - - default default] 10.0.0.52 "GET /v2.0/security-groups?id=23672259-d95c-4d5a-804c-362e61484163&fields=id&fields=name HTTP/1.1" status: 200 len: 313 time: 0.0807998
2026-05-18 01:50:29.827 9 WARNING neutron_lib.context [None req-3c7a4df2-7d08-43dd-bc1f-c83b39e517a1 1c2e411134f445f78b7490f13c1569e7 334435f8b8fe4ae5a132976ad8e4b4cc - - default default] Method 'is_advsvc' is deprecated since 2023.2 release (neutron-lib 3.8.0) and will be removed once support for the old RBAC API policies will be removed from Neutron. Please use method 'is_service_role' instead.
2026-05-18 01:50:29.870 10 INFO neutron.wsgi [None req-03149134-71a1-494f-a05e-f91780c42c1d c84eab93899e4d9f8d1e284e8f1725d4 ac2dcab265404ed8a8ed1888ffa60490 - - default default] 10.0.0.96 "PUT /v2.0/floatingips/14ba8935-8e6c-4a79-9a7f-6f9f93ce3222/tags HTTP/1.1" status: 200 len: 218 time: 0.0478699
2026-05-18 01:50:29.891 9 INFO neutron.wsgi [None req-3c7a4df2-7d08-43dd-bc1f-c83b39e517a1 1c2e411134f445f78b7490f13c1569e7 334435f8b8fe4ae5a132976ad8e4b4cc - - default default] 10.0.0.96 "POST /v2.0/vpn/endpoint-groups HTTP/1.1" status: 201 len: 488 time: 0.0721142
2026-05-18 01:50:29.911 10 INFO neutron.wsgi [None req-55f34901-ee71-4cbb-90f5-b78bd61e77ec 3ff3336f159c4eb88b338dd9d96d0679 102644cc5f67478eb64830fc05264538 - - default default] 10.0.0.96 "GET /v2.0/security-group-rules HTTP/1.1" status: 200 len: 4333 time: 0.1214108
2026-05-18 01:50:29.926 9 INFO neutron.wsgi [None req-5be8a3d3-b0a4-4880-a5d8-3933bf29f45c c84eab93899e4d9f8d1e284e8f1725d4 ac2dcab265404ed8a8ed1888ffa60490 - - default default] 10.0.0.96 "PUT /v2.0/floatingips/9415ecc7-bd3b-41af-98a2-dff6699e6d05/tags HTTP/1.1" status: 200 len: 227 time: 0.0519533
2026-05-18 01:50:29.929 10 INFO neutron.wsgi [None req-ec1d06d2-4d65-4fa6-820f-3571e42cf5c3 1c2e411134f445f78b7490f13c1569e7 334435f8b8fe4ae5a132976ad8e4b4cc - - default default] 10.0.0.96 "DELETE /v2.0/vpn/endpoint-groups/ff0abf81-78d5-4b9e-912a-877e73ff024b HTTP/1.1" status: 204 len: 168 time: 0.0307739
2026-05-18 01:50:29.950 9 INFO neutron.wsgi [None req-bc609ef9-77b8-4812-a87d-0642557c9a25 1c2e411134f445f78b7490f13c1569e7 334435f8b8fe4ae5a132976ad8e4b4cc - - default default] 10.0.0.96 "GET /v2.0/vpn/endpoint-groups HTTP/1.1" status: 200 len: 827 time: 0.0170634
2026-05-18 01:50:29.965 10 INFO neutron.wsgi [None req-d7d7f1d1-2441-4a04-b37a-12cb17f4aceb c84eab93899e4d9f8d1e284e8f1725d4 ac2dcab265404ed8a8ed1888ffa60490 - - default default] 10.0.0.96 "PUT /v2.0/floatingips/55b07e0c-46ab-4f68-8201-c93c66628fe3/tags HTTP/1.1" status: 200 len: 212 time: 0.0345752
2026-05-18 01:50:29.966 9 INFO neutron.wsgi [None req-c57a48ee-043d-4adc-89ca-c0b338440688 1c2e411134f445f78b7490f13c1569e7 334435f8b8fe4ae5a132976ad8e4b4cc - - default default] 10.0.0.96 "GET /v2.0/vpn/endpoint-groups HTTP/1.1" status: 200 len: 827 time: 0.0108573
2026-05-18 01:50:30.013 9 INFO neutron.wsgi [None req-cd280d74-fb67-40d5-95ce-5a155730e4d9 c84eab93899e4d9f8d1e284e8f1725d4 ac2dcab265404ed8a8ed1888ffa60490 - - default default] 10.0.0.96 "GET /v2.0/floatingips?tags=red HTTP/1.1" status: 200 len: 1866 time: 0.0425134
2026-05-18 01:50:30.062 10 INFO neutron.wsgi [None req-6197d011-401e-4d71-9f32-b7ae9ec947cd c84eab93899e4d9f8d1e284e8f1725d4 ac2dcab265404ed8a8ed1888ffa60490 - - default default] 10.0.0.96 "GET /v2.0/floatingips?tags=red%2Cblue HTTP/1.1" status: 200 len: 1323 time: 0.0438967
2026-05-18 01:50:30.088 9 INFO neutron.wsgi [None req-388599fe-370e-4411-9e4e-d07d10378541 3ff3336f159c4eb88b338dd9d96d0679 102644cc5f67478eb64830fc05264538 - - default default] 10.0.0.96 "DELETE /v2.0/security-group-rules/bd4271b0-c3c4-4e05-9bbe-599cef80c16c HTTP/1.1" status: 204 len: 168 time: 0.1716387
2026-05-18 01:50:30.107 10 INFO neutron.wsgi [None req-42d4801d-e722-4d43-9d5f-dbea605bb5e4 c84eab93899e4d9f8d1e284e8f1725d4 ac2dcab265404ed8a8ed1888ffa60490 - - default default] 10.0.0.96 "GET /v2.0/floatingips?tags-any=blue HTTP/1.1" status: 200 len: 1323 time: 0.0395465
2026-05-18 01:50:30.141 10 INFO neutron.wsgi [None req-dee4872c-c9a7-4230-be9e-eb61309aec64 c84eab93899e4d9f8d1e284e8f1725d4 ac2dcab265404ed8a8ed1888ffa60490 - - default default] 10.0.0.96 "GET /v2.0/floatingips?tags-any=red%2Cblue HTTP/1.1" status: 200 len: 1866 time: 0.0301449
2026-05-18 01:50:30.167 9 INFO neutron.wsgi [None req-9efd4174-0b10-4d48-8b4c-e867029a2b55 3ff3336f159c4eb88b338dd9d96d0679 102644cc5f67478eb64830fc05264538 - - default default] 10.0.0.96 "GET /v2.0/security-group-rules HTTP/1.1" status: 200 len: 3755 time: 0.0749965
2026-05-18 01:50:30.175 9 WARNING neutron_lib.context [None req-46b1087d-9ea9-42e9-b771-7571b0138a88 3ff3336f159c4eb88b338dd9d96d0679 102644cc5f67478eb64830fc05264538 - - default default] Method 'is_advsvc' is deprecated since 2023.2 release (neutron-lib 3.8.0) and will be removed once support for the old RBAC API policies will be removed from Neutron. Please use method 'is_service_role' instead.
2026-05-18 01:50:30.183 10 INFO neutron.wsgi [None req-cdb658f4-3df4-45ee-81cf-a3ed70da4c85 c84eab93899e4d9f8d1e284e8f1725d4 ac2dcab265404ed8a8ed1888ffa60490 - - default default] 10.0.0.96 "GET /v2.0/floatingips?not-tags=red HTTP/1.1" status: 200 len: 1295 time: 0.0365934
2026-05-18 01:50:30.237 9 INFO neutron.wsgi [None req-40e8e42f-1c33-4cb0-8ade-631a4dc78461 c84eab93899e4d9f8d1e284e8f1725d4 ac2dcab265404ed8a8ed1888ffa60490 - - default default] 10.0.0.96 "GET /v2.0/floatingips?not-tags=red%2Cblue HTTP/1.1" status: 200 len: 1838 time: 0.0488274
2026-05-18 01:50:30.281 10 INFO neutron.wsgi [None req-5116c182-d5ee-41d9-86e3-41bb5435d940 c84eab93899e4d9f8d1e284e8f1725d4 ac2dcab265404ed8a8ed1888ffa60490 - - default default] 10.0.0.96 "GET /v2.0/floatingips?not-tags-any=blue HTTP/1.1" status: 200 len: 1838 time: 0.0391104
2026-05-18 01:50:30.316 10 INFO neutron.wsgi [None req-d6f8dd2a-0bf2-442c-ab53-32cea12a7d5d c84eab93899e4d9f8d1e284e8f1725d4 ac2dcab265404ed8a8ed1888ffa60490 - - default default] 10.0.0.96 "GET /v2.0/floatingips?not-tags-any=red%2Cblue HTTP/1.1" status: 200 len: 1295 time: 0.0289903
2026-05-18 01:50:30.330 9 INFO neutron.db.ovn_revision_numbers_db [None req-46b1087d-9ea9-42e9-b771-7571b0138a88 3ff3336f159c4eb88b338dd9d96d0679 102644cc5f67478eb64830fc05264538 - - default default] Successfully bumped revision number for resource dc9cc938-05b9-4784-a3cc-99d8c48a3c50 (type: security_group_rules) to 0
2026-05-18 01:50:30.361 9 INFO neutron.wsgi [None req-46b1087d-9ea9-42e9-b771-7571b0138a88 3ff3336f159c4eb88b338dd9d96d0679 102644cc5f67478eb64830fc05264538 - - default default] 10.0.0.96 "POST /v2.0/security-group-rules HTTP/1.1" status: 201 len: 800 time: 0.1897094
2026-05-18 01:50:30.409 9 INFO neutron.wsgi [None req-0bc023fd-07cf-42e4-8403-d2670bba18a2 3ff3336f159c4eb88b338dd9d96d0679 102644cc5f67478eb64830fc05264538 - - default default] 10.0.0.96 "GET /v2.0/security-group-rules/dc9cc938-05b9-4784-a3cc-99d8c48a3c50 HTTP/1.1" status: 200 len: 795 time: 0.0437102
2026-05-18 01:50:30.462 10 INFO neutron.wsgi [None req-1cdff0d7-d5fb-4a02-bc86-300d9db5013d 64a2a2f8d6c34515ad14ba8054e15ec5 86b95a7a9b944ae9a9ee381da7c8d05b - - default default] 10.0.0.96 "POST /v2.0/vpn/ikepolicies HTTP/1.1" status: 201 len: 602 time: 0.1153400
2026-05-18 01:50:30.485 9 INFO neutron.wsgi [None req-8f62461d-e53c-4935-922a-968a21009b17 1c2e411134f445f78b7490f13c1569e7 334435f8b8fe4ae5a132976ad8e4b4cc - - default default] 10.0.0.96 "GET /v2.0/vpn/ikepolicies HTTP/1.1" status: 200 len: 992 time: 0.0178740
2026-05-18 01:50:30.501 10 INFO neutron.wsgi [None req-b8ee4bbe-62e2-4ba0-b131-8d56b4b44d6e 3ff3336f159c4eb88b338dd9d96d0679 102644cc5f67478eb64830fc05264538 - - default default] 10.0.0.96 "GET /v2.0/security-group-rules HTTP/1.1" status: 200 len: 4333 time: 0.0864868
2026-05-18 01:50:30.531 9 INFO neutron.wsgi [None req-706c9eca-d106-43d6-969c-203657ffe369 64a2a2f8d6c34515ad14ba8054e15ec5 86b95a7a9b944ae9a9ee381da7c8d05b - - default default] 10.0.0.96 "DELETE /v2.0/vpn/ikepolicies/273a302e-6543-4d0d-a117-1b4663ca3d41 HTTP/1.1" status: 204 len: 168 time: 0.0389032
2026-05-18 01:50:30.580 9 INFO neutron.wsgi [None req-ae2e62d6-d664-4b83-ad4a-83f020540b9a 64a2a2f8d6c34515ad14ba8054e15ec5 86b95a7a9b944ae9a9ee381da7c8d05b - - default default] 10.0.0.96 "POST /v2.0/vpn/ipsecpolicies HTTP/1.1" status: 201 len: 610 time: 0.0438960
2026-05-18 01:50:30.601 9 INFO neutron.wsgi [None req-276b5cc1-7f1a-4fbb-872b-fc05dc54bd09 1c2e411134f445f78b7490f13c1569e7 334435f8b8fe4ae5a132976ad8e4b4cc - - default default] 10.0.0.96 "GET /v2.0/vpn/ipsecpolicies HTTP/1.1" status: 200 len: 1007 time: 0.0145814
2026-05-18 01:50:30.660 10 INFO neutron.wsgi [None req-bfc1c99d-9849-442d-9fe5-0022ba6f3122 3ff3336f159c4eb88b338dd9d96d0679 102644cc5f67478eb64830fc05264538 - - default default] 10.0.0.96 "DELETE /v2.0/security-group-rules/dc9cc938-05b9-4784-a3cc-99d8c48a3c50 HTTP/1.1" status: 204 len: 168 time: 0.1542835
2026-05-18 01:50:30.661 9 INFO neutron.wsgi [None req-7fc4df33-158c-4be9-be1b-4edb43d5d9a8 64a2a2f8d6c34515ad14ba8054e15ec5 86b95a7a9b944ae9a9ee381da7c8d05b - - default default] 10.0.0.96 "DELETE /v2.0/vpn/ipsecpolicies/4d5b1425-d000-4a57-a346-285280ec482a HTTP/1.1" status: 204 len: 168 time: 0.0537977
2026-05-18 01:50:30.675 10 WARNING neutron_lib.context [None req-fb3eeeb1-7f55-4087-95de-4bc782a7c840 1c2e411134f445f78b7490f13c1569e7 334435f8b8fe4ae5a132976ad8e4b4cc - - default default] Method 'is_advsvc' is deprecated since 2023.2 release (neutron-lib 3.8.0) and will be removed once support for the old RBAC API policies will be removed from Neutron. Please use method 'is_service_role' instead.
2026-05-18 01:50:30.750 9 INFO neutron.wsgi [None req-c1ea9551-ea15-4a59-931d-0062d55745f1 3ff3336f159c4eb88b338dd9d96d0679 102644cc5f67478eb64830fc05264538 - - default default] 10.0.0.96 "GET /v2.0/security-group-rules HTTP/1.1" status: 200 len: 3755 time: 0.0818377
2026-05-18 01:50:30.750 10 INFO neutron.wsgi [None req-a31a05e3-7a97-4467-bb2f-0f1a784c0d43 c84eab93899e4d9f8d1e284e8f1725d4 ac2dcab265404ed8a8ed1888ffa60490 - - default default] 10.0.0.96 "DELETE /v2.0/floatingips/57ce2853-439d-4ece-b438-f0bcb310471e HTTP/1.1" status: 204 len: 168 time: 0.4289615
2026-05-18 01:50:30.757 10 WARNING neutron_lib.context [None req-c69acc87-b3ff-46a0-8784-6de989c3e2bf 3ff3336f159c4eb88b338dd9d96d0679 102644cc5f67478eb64830fc05264538 - - default default] Method 'is_advsvc' is deprecated since 2023.2 release (neutron-lib 3.8.0) and will be removed once support for the old RBAC API policies will be removed from Neutron. Please use method 'is_service_role' instead.
2026-05-18 01:50:30.798 10 INFO neutron.db.segments_db [None req-fb3eeeb1-7f55-4087-95de-4bc782a7c840 1c2e411134f445f78b7490f13c1569e7 334435f8b8fe4ae5a132976ad8e4b4cc - - default default] Added segment 55ce5b6c-45f8-4fec-ad6a-3a12f94bf778 of type geneve for network 4bfa339d-e426-447d-9829-3a06af44261f
2026-05-18 01:50:30.846 10 INFO neutron.db.securitygroups_db [None req-c69acc87-b3ff-46a0-8784-6de989c3e2bf 3ff3336f159c4eb88b338dd9d96d0679 102644cc5f67478eb64830fc05264538 - - default default] Project 102644cc5f67478eb64830fc05264538 added a security group rule with legacy IPv6 ICMP protocol name icmp, ipv6-icmp should be used instead. It was automatically converted.
2026-05-18 01:50:31.007 9 INFO neutron.wsgi [req-cc123281-3e05-4ae0-9b57-c61d396820bb req-9991f30e-9532-46ea-9bda-6f96e28b7420 91a5df1cc6d84289b845e5eda9a40714 b165cc527a724f64b48ef09f2e284b8c - - default default] 10.0.0.52 "GET /v2.0/ports?device_id=cf60b521-546b-4c55-90da-d6e82850e1e3 HTTP/1.1" status: 200 len: 1172 time: 0.1189704
2026-05-18 01:50:31.050 10 INFO neutron.db.ovn_revision_numbers_db [None req-c69acc87-b3ff-46a0-8784-6de989c3e2bf 3ff3336f159c4eb88b338dd9d96d0679 102644cc5f67478eb64830fc05264538 - - default default] Successfully bumped revision number for resource cb2674db-2893-481d-a69c-be33d5f6cee7 (type: security_group_rules) to 0
2026-05-18 01:50:31.058 10 INFO neutron.db.ovn_revision_numbers_db [None req-fb3eeeb1-7f55-4087-95de-4bc782a7c840 1c2e411134f445f78b7490f13c1569e7 334435f8b8fe4ae5a132976ad8e4b4cc - - default default] Successfully bumped revision number for resource 4bfa339d-e426-447d-9829-3a06af44261f (type: networks) to 1
2026-05-18 01:50:31.061 9 INFO neutron.wsgi [req-cc123281-3e05-4ae0-9b57-c61d396820bb req-c2424bc0-00e7-4a46-b180-81a5570143ee 91a5df1cc6d84289b845e5eda9a40714 b165cc527a724f64b48ef09f2e284b8c - - default default] 10.0.0.52 "GET /v2.0/security-groups?id=23672259-d95c-4d5a-804c-362e61484163&fields=id&fields=name HTTP/1.1" status: 200 len: 313 time: 0.0467908
2026-05-18 01:50:31.106 10 INFO neutron.wsgi [None req-c69acc87-b3ff-46a0-8784-6de989c3e2bf 3ff3336f159c4eb88b338dd9d96d0679 102644cc5f67478eb64830fc05264538 - - default default] 10.0.0.96 "POST /v2.0/security-group-rules HTTP/1.1" status: 201 len: 806 time: 0.3529665
2026-05-18 01:50:31.129 9 INFO neutron.wsgi [None req-36c76732-5bb6-4f88-b8b1-fac9013375ad 3ff3336f159c4eb88b338dd9d96d0679 102644cc5f67478eb64830fc05264538 - - default default] 10.0.0.96 "GET /v2.0/security-group-rules/cb2674db-2893-481d-a69c-be33d5f6cee7 HTTP/1.1" status: 200 len: 801 time: 0.0168953
2026-05-18 01:50:31.217 9 INFO neutron.wsgi [None req-cd16f9a0-6c43-4f85-b6db-8871f408a082 3ff3336f159c4eb88b338dd9d96d0679 102644cc5f67478eb64830fc05264538 - - default default] 10.0.0.96 "GET /v2.0/security-group-rules HTTP/1.1" status: 200 len: 4339 time: 0.0802777
2026-05-18 01:50:31.307 10 WARNING neutron.scheduler.dhcp_agent_scheduler [None req-fb3eeeb1-7f55-4087-95de-4bc782a7c840 1c2e411134f445f78b7490f13c1569e7 334435f8b8fe4ae5a132976ad8e4b4cc - - default default] No more DHCP agents
2026-05-18 01:50:31.310 10 WARNING neutron.api.rpc.agentnotifiers.dhcp_rpc_agent_api [None req-fb3eeeb1-7f55-4087-95de-4bc782a7c840 1c2e411134f445f78b7490f13c1569e7 334435f8b8fe4ae5a132976ad8e4b4cc - - default default] Unable to schedule network 4bfa339d-e426-447d-9829-3a06af44261f: no agents available; will retry on subsequent port and subnet creation events.
2026-05-18 01:50:31.356 9 INFO neutron.wsgi [None req-4278f4e3-649c-4138-bc96-93ef52ad9f10 3ff3336f159c4eb88b338dd9d96d0679 102644cc5f67478eb64830fc05264538 - - default default] 10.0.0.96 "DELETE /v2.0/security-group-rules/cb2674db-2893-481d-a69c-be33d5f6cee7 HTTP/1.1" status: 204 len: 168 time: 0.1369493
2026-05-18 01:50:31.381 10 INFO neutron.wsgi [None req-f9240313-8d3a-40ff-84fc-8d36870f6ee5 c84eab93899e4d9f8d1e284e8f1725d4 ac2dcab265404ed8a8ed1888ffa60490 - - default default] 10.0.0.96 "DELETE /v2.0/floatingips/14ba8935-8e6c-4a79-9a7f-6f9f93ce3222 HTTP/1.1" status: 204 len: 168 time: 0.6205924
2026-05-18 01:50:31.415 10 INFO neutron.db.ovn_revision_numbers_db [None req-fb3eeeb1-7f55-4087-95de-4bc782a7c840 1c2e411134f445f78b7490f13c1569e7 334435f8b8fe4ae5a132976ad8e4b4cc - - default default] Successfully bumped revision number for resource f0677893-1498-4bae-b735-7bfb74d514b2 (type: ports) to 1
2026-05-18 01:50:31.440 10 INFO neutron.wsgi [None req-fb3eeeb1-7f55-4087-95de-4bc782a7c840 1c2e411134f445f78b7490f13c1569e7 334435f8b8fe4ae5a132976ad8e4b4cc - - default default] 10.0.0.96 "POST /v2.0/networks HTTP/1.1" status: 201 len: 830 time: 0.7710500
2026-05-18 01:50:31.451 10 WARNING neutron_lib.context [None req-98978a22-a55c-4e06-b5a4-19a8d08e0810 1c2e411134f445f78b7490f13c1569e7 334435f8b8fe4ae5a132976ad8e4b4cc - - default default] Method 'is_advsvc' is deprecated since 2023.2 release (neutron-lib 3.8.0) and will be removed once support for the old RBAC API policies will be removed from Neutron. Please use method 'is_service_role' instead.
2026-05-18 01:50:31.652 10 WARNING neutron.scheduler.dhcp_agent_scheduler [None req-98978a22-a55c-4e06-b5a4-19a8d08e0810 1c2e411134f445f78b7490f13c1569e7 334435f8b8fe4ae5a132976ad8e4b4cc - - default default] No more DHCP agents
2026-05-18 01:50:31.654 10 WARNING neutron.api.rpc.agentnotifiers.dhcp_rpc_agent_api [None req-98978a22-a55c-4e06-b5a4-19a8d08e0810 1c2e411134f445f78b7490f13c1569e7 334435f8b8fe4ae5a132976ad8e4b4cc - - default default] Unable to schedule network 4bfa339d-e426-447d-9829-3a06af44261f: no agents available; will retry on subsequent port and subnet creation events.
2026-05-18 01:50:31.671 9 INFO neutron.wsgi [None req-506f89bd-7f12-4eba-acc0-87a483a7a9b6 3ff3336f159c4eb88b338dd9d96d0679 102644cc5f67478eb64830fc05264538 - - default default] 10.0.0.96 "GET /v2.0/security-group-rules HTTP/1.1" status: 200 len: 3755 time: 0.3101971
2026-05-18 01:50:31.870 10 INFO neutron.wsgi [None req-302d3922-5fa4-4f04-a11e-679dbaee3098 3ff3336f159c4eb88b338dd9d96d0679 102644cc5f67478eb64830fc05264538 - - default default] 10.0.0.96 "DELETE /v2.0/security-groups/6e91eedd-558c-4e3a-9ab7-6958562eda30 HTTP/1.1" status: 204 len: 168 time: 0.1931839
2026-05-18 01:50:31.937 9 INFO neutron.wsgi [None req-67d970e5-7021-4285-bc2c-b8fe675e72c5 3ff3336f159c4eb88b338dd9d96d0679 102644cc5f67478eb64830fc05264538 - - default default] 10.0.0.96 "GET /v2.0/security-groups HTTP/1.1" status: 200 len: 3120 time: 0.0627155
2026-05-18 01:50:31.985 9 INFO neutron.wsgi [None req-bb716ce4-5184-424b-a607-a1bda510cb7d c84eab93899e4d9f8d1e284e8f1725d4 ac2dcab265404ed8a8ed1888ffa60490 - - default default] 10.0.0.96 "DELETE /v2.0/floatingips/9415ecc7-bd3b-41af-98a2-dff6699e6d05 HTTP/1.1" status: 204 len: 168 time: 0.5995719
2026-05-18 01:50:32.001 10 INFO neutron.wsgi [None req-7f1f2c6f-a2f6-4f19-9c9a-f57ad2ea536a 3ff3336f159c4eb88b338dd9d96d0679 102644cc5f67478eb64830fc05264538 - - default default] 10.0.0.96 "GET /v2.0/security-groups HTTP/1.1" status: 200 len: 3120 time: 0.0565634
2026-05-18 01:50:32.192 10 INFO neutron.wsgi [req-0b830a96-dd5f-46d9-ab03-edd8a08a4312 req-78659057-859b-48df-a7a0-6d1dd9b50930 91a5df1cc6d84289b845e5eda9a40714 b165cc527a724f64b48ef09f2e284b8c - - default default] 10.0.0.52 "GET /v2.0/ports?device_id=cf60b521-546b-4c55-90da-d6e82850e1e3 HTTP/1.1" status: 200 len: 1172 time: 0.0626681
2026-05-18 01:50:32.278 10 INFO neutron.wsgi [req-0b830a96-dd5f-46d9-ab03-edd8a08a4312 req-b617cda0-3b63-4187-a10a-00222760e488 91a5df1cc6d84289b845e5eda9a40714 b165cc527a724f64b48ef09f2e284b8c - - default default] 10.0.0.52 "GET /v2.0/security-groups?id=23672259-d95c-4d5a-804c-362e61484163&fields=id&fields=name HTTP/1.1" status: 200 len: 313 time: 0.0748215
2026-05-18 01:50:32.340 10 INFO neutron.db.ovn_revision_numbers_db [None req-98978a22-a55c-4e06-b5a4-19a8d08e0810 1c2e411134f445f78b7490f13c1569e7 334435f8b8fe4ae5a132976ad8e4b4cc - - default default] Successfully bumped revision number for resource f0677893-1498-4bae-b735-7bfb74d514b2 (type: ports) to 2
2026-05-18 01:50:32.353 9 INFO neutron.wsgi [None req-1eb2c39b-7aa7-4abf-8ca5-bb4d212b220c c84eab93899e4d9f8d1e284e8f1725d4 ac2dcab265404ed8a8ed1888ffa60490 - - default default] 10.0.0.96 "DELETE /v2.0/floatingips/55b07e0c-46ab-4f68-8201-c93c66628fe3 HTTP/1.1" status: 204 len: 168 time: 0.3624609
2026-05-18 01:50:32.383 10 INFO neutron.db.ovn_revision_numbers_db [None req-98978a22-a55c-4e06-b5a4-19a8d08e0810 1c2e411134f445f78b7490f13c1569e7 334435f8b8fe4ae5a132976ad8e4b4cc - - default default] Successfully bumped revision number for resource 6ea366e6-57fa-44ab-8b8d-3421aba4aee7 (type: subnets) to 0
2026-05-18 01:50:32.399 10 INFO neutron.wsgi [None req-98978a22-a55c-4e06-b5a4-19a8d08e0810 1c2e411134f445f78b7490f13c1569e7 334435f8b8fe4ae5a132976ad8e4b4cc - - default default] 10.0.0.96 "POST /v2.0/subnets HTTP/1.1" status: 201 len: 804 time: 0.9524722
2026-05-18 01:50:32.409 10 WARNING neutron_lib.context [None req-b20a49a2-3407-4598-8db0-ab27558874af 1c2e411134f445f78b7490f13c1569e7 334435f8b8fe4ae5a132976ad8e4b4cc - - default default] Method 'is_advsvc' is deprecated since 2023.2 release (neutron-lib 3.8.0) and will be removed once support for the old RBAC API policies will be removed from Neutron. Please use method 'is_service_role' instead.
2026-05-18 01:50:32.652 9 INFO neutron.wsgi [None req-9736670e-80d3-4fe1-b355-f96b9a3fc5b2 c84eab93899e4d9f8d1e284e8f1725d4 ac2dcab265404ed8a8ed1888ffa60490 - - default default] 10.0.0.96 "DELETE /v2.0/floatingips/8cca75c7-d1d2-4eeb-b3fa-1b511b6657b6 HTTP/1.1" status: 204 len: 168 time: 0.2944412
2026-05-18 01:50:32.992 10 INFO neutron.wsgi [None req-5f4d5d8c-7741-4424-a164-6699095aa28f 94bc3f0650194a7aa50b84a3e3a62c70 535ba092ed774de19d4ad28accdc03ef - - default default] 10.0.0.96 "GET /v2.0/security-groups?tenant_id=102644cc5f67478eb64830fc05264538&name=default HTTP/1.1" status: 200 len: 3120 time: 0.3900738
2026-05-18 01:50:33.047 9 INFO neutron.wsgi [-] 10.0.0.151 "GET / HTTP/1.1" status: 200 len: 246 time: 0.0026722
2026-05-18 01:50:33.050 9 INFO neutron.wsgi [-] 10.0.0.151 "GET / HTTP/1.1" status: 200 len: 246 time: 0.0019817
2026-05-18 01:50:33.255 10 WARNING neutron.scheduler.dhcp_agent_scheduler [None req-b20a49a2-3407-4598-8db0-ab27558874af 1c2e411134f445f78b7490f13c1569e7 334435f8b8fe4ae5a132976ad8e4b4cc - - default default] No more DHCP agents
2026-05-18 01:50:33.257 10 WARNING neutron.api.rpc.agentnotifiers.dhcp_rpc_agent_api [None req-b20a49a2-3407-4598-8db0-ab27558874af 1c2e411134f445f78b7490f13c1569e7 334435f8b8fe4ae5a132976ad8e4b4cc - - default default] Unable to schedule network 5afd9e4d-2e2b-44a5-bd83-1bc4b43c35ba: no agents available; will retry on subsequent port and subnet creation events.
2026-05-18 01:50:33.311 10 INFO neutron.wsgi [None req-082f6363-18c2-4280-8872-8addfe23226c 94bc3f0650194a7aa50b84a3e3a62c70 535ba092ed774de19d4ad28accdc03ef - - default default] 10.0.0.96 "DELETE /v2.0/security-groups/add09e51-6e06-4f17-bae2-a94d9b7cc01f HTTP/1.1" status: 204 len: 168 time: 0.3152096
2026-05-18 01:50:33.425 9 INFO neutron.wsgi [req-3fe8e0a4-3df5-4030-a4ed-9f9ff2f6682d req-b9ca6ed6-6e03-450b-af18-373fad117ce7 91a5df1cc6d84289b845e5eda9a40714 b165cc527a724f64b48ef09f2e284b8c - - default default] 10.0.0.52 "GET /v2.0/ports?device_id=cf60b521-546b-4c55-90da-d6e82850e1e3 HTTP/1.1" status: 200 len: 1172 time: 0.0588515
2026-05-18 01:50:33.459 10 INFO neutron.db.ovn_revision_numbers_db [None req-b20a49a2-3407-4598-8db0-ab27558874af 1c2e411134f445f78b7490f13c1569e7 334435f8b8fe4ae5a132976ad8e4b4cc - - default default] Successfully bumped revision number for resource fa683bf0-ad3a-44e9-ac8c-84963cc56aa7 (type: ports) to 1
2026-05-18 01:50:33.475 9 INFO neutron.wsgi [req-3fe8e0a4-3df5-4030-a4ed-9f9ff2f6682d req-e0b66fdc-46f3-47e7-a16b-36e2d4aabc0d 91a5df1cc6d84289b845e5eda9a40714 b165cc527a724f64b48ef09f2e284b8c - - default default] 10.0.0.52 "GET /v2.0/security-groups?id=23672259-d95c-4d5a-804c-362e61484163&fields=id&fields=name HTTP/1.1" status: 200 len: 313 time: 0.0415323
2026-05-18 01:50:33.597 10 INFO neutron.plugins.ml2.drivers.ovn.mech_driver.mech_driver [None req-48ed0517-8119-473d-9e0a-ca357ec93912 - - - - - -] OVN reports status up for port: 2c7e7d1a-abf6-4e29-8117-e09ea9cfc6b6
2026-05-18 01:50:33.621 10 INFO neutron.plugins.ml2.plugin [None req-48ed0517-8119-473d-9e0a-ca357ec93912 - - - - - -] Attempt 1 to provision port 2c7e7d1a-abf6-4e29-8117-e09ea9cfc6b6
2026-05-18 01:50:33.889 9 INFO neutron.db.ovn_revision_numbers_db [None req-c37e9ddb-9f7f-41b8-8c4e-51fa96fa3512 94bc3f0650194a7aa50b84a3e3a62c70 535ba092ed774de19d4ad28accdc03ef - - default default] Successfully bumped revision number for resource 0c11f258-fd1d-4b73-bbc0-100616871553 (type: security_groups) to 1
2026-05-18 01:50:33.904 9 INFO neutron.db.ovn_revision_numbers_db [None req-c37e9ddb-9f7f-41b8-8c4e-51fa96fa3512 94bc3f0650194a7aa50b84a3e3a62c70 535ba092ed774de19d4ad28accdc03ef - - default default] Successfully bumped revision number for resource 07640705-777a-4d7f-aa37-3de831ececd2 (type: security_group_rules) to 0
2026-05-18 01:50:33.927 9 INFO neutron.db.ovn_revision_numbers_db [None req-c37e9ddb-9f7f-41b8-8c4e-51fa96fa3512 94bc3f0650194a7aa50b84a3e3a62c70 535ba092ed774de19d4ad28accdc03ef - - default default] Successfully bumped revision number for resource 4fa2805b-48f1-47de-b56a-3985f2aad5ea (type: security_group_rules) to 0
2026-05-18 01:50:33.943 9 INFO neutron.db.ovn_revision_numbers_db [None req-c37e9ddb-9f7f-41b8-8c4e-51fa96fa3512 94bc3f0650194a7aa50b84a3e3a62c70 535ba092ed774de19d4ad28accdc03ef - - default default] Successfully bumped revision number for resource 8fa6f70c-c1d6-4884-b943-6861d9f6dd2b (type: security_group_rules) to 0
2026-05-18 01:50:33.965 9 INFO neutron.db.ovn_revision_numbers_db [None req-c37e9ddb-9f7f-41b8-8c4e-51fa96fa3512 94bc3f0650194a7aa50b84a3e3a62c70 535ba092ed774de19d4ad28accdc03ef - - default default] Successfully bumped revision number for resource c3c0a3d0-6893-4a18-90f6-04093e8a0107 (type: security_group_rules) to 0
2026-05-18 01:50:33.987 9 INFO neutron.wsgi [None req-c37e9ddb-9f7f-41b8-8c4e-51fa96fa3512 94bc3f0650194a7aa50b84a3e3a62c70 535ba092ed774de19d4ad28accdc03ef - - default default] 10.0.0.96 "GET /v2.0/security-groups?tenant_id=ac2dcab265404ed8a8ed1888ffa60490&name=default HTTP/1.1" status: 200 len: 3120 time: 0.5099347
2026-05-18 01:50:34.018 10 INFO neutron.db.ovn_revision_numbers_db [None req-48ed0517-8119-473d-9e0a-ca357ec93912 - - - - - -] Successfully bumped revision number for resource 2c7e7d1a-abf6-4e29-8117-e09ea9cfc6b6 (type: ports) to 3
2026-05-18 01:50:34.157 10 INFO neutron.plugins.ml2.drivers.ovn.mech_driver.mech_driver [None req-48ed0517-8119-473d-9e0a-ca357ec93912 - - - - - -] OVN reports status up for port: 9dd9d905-360a-40aa-8421-863c8b6dde1e
2026-05-18 01:50:34.170 10 INFO neutron.plugins.ml2.plugin [None req-48ed0517-8119-473d-9e0a-ca357ec93912 - - - - - -] Attempt 1 to provision port 9dd9d905-360a-40aa-8421-863c8b6dde1e
2026-05-18 01:50:34.236 9 INFO neutron.wsgi [None req-897e229a-d945-42f3-a1d6-164cc3d47ca6 94bc3f0650194a7aa50b84a3e3a62c70 535ba092ed774de19d4ad28accdc03ef - - default default] 10.0.0.96 "DELETE /v2.0/security-groups/0c11f258-fd1d-4b73-bbc0-100616871553 HTTP/1.1" status: 204 len: 168 time: 0.2449484
2026-05-18 01:50:34.387 10 INFO neutron.plugins.ml2.drivers.ovn.mech_driver.ovsdb.commands [None req-2bfccb55-2a5d-4d14-b2f7-61c54765ff73 - - - - - -] Schedule LRP lrp-fa683bf0-ad3a-44e9-ac8c-84963cc56aa7 on gateway 5ff714ae-1e12-4f07-8a78-606a8bbbbcbb with priority 1
2026-05-18 01:50:34.441 10 INFO neutron.db.ovn_revision_numbers_db [None req-b20a49a2-3407-4598-8db0-ab27558874af 1c2e411134f445f78b7490f13c1569e7 334435f8b8fe4ae5a132976ad8e4b4cc - - default default] Successfully bumped revision number for resource fa683bf0-ad3a-44e9-ac8c-84963cc56aa7 (type: router_ports) to 1
2026-05-18 01:50:34.468 9 INFO neutron.db.ovn_revision_numbers_db [None req-dc344f71-861b-41cd-9e48-ad883b4458a1 94bc3f0650194a7aa50b84a3e3a62c70 535ba092ed774de19d4ad28accdc03ef - - default default] Successfully bumped revision number for resource 193063ed-6bfa-4f13-a488-0976109d12b2 (type: security_groups) to 1
2026-05-18 01:50:34.485 9 INFO neutron.db.ovn_revision_numbers_db [None req-dc344f71-861b-41cd-9e48-ad883b4458a1 94bc3f0650194a7aa50b84a3e3a62c70 535ba092ed774de19d4ad28accdc03ef - - default default] Successfully bumped revision number for resource 3f509208-446a-42a6-b11e-87b7275f79b2 (type: security_group_rules) to 0
2026-05-18 01:50:34.498 9 INFO neutron.db.ovn_revision_numbers_db [None req-dc344f71-861b-41cd-9e48-ad883b4458a1 94bc3f0650194a7aa50b84a3e3a62c70 535ba092ed774de19d4ad28accdc03ef - - default default] Successfully bumped revision number for resource 929e8296-578d-4888-998f-53bcd426bba5 (type: security_group_rules) to 0
2026-05-18 01:50:34.512 9 INFO neutron.db.ovn_revision_numbers_db [None req-dc344f71-861b-41cd-9e48-ad883b4458a1 94bc3f0650194a7aa50b84a3e3a62c70 535ba092ed774de19d4ad28accdc03ef - - default default] Successfully bumped revision number for resource da6d8668-c3ec-42ba-aaee-fb97bc82d24c (type: security_group_rules) to 0
2026-05-18 01:50:34.523 10 INFO neutron.db.ovn_revision_numbers_db [None req-b20a49a2-3407-4598-8db0-ab27558874af 1c2e411134f445f78b7490f13c1569e7 334435f8b8fe4ae5a132976ad8e4b4cc - - default default] Successfully bumped revision number for resource 1d0ab6a5-9f42-42cf-a652-d32c716686b5 (type: routers) to 2
