2026-05-18 01:49:57.423 10 INFO neutron.db.securitygroups_db [None req-ecc3121b-7440-42a1-b856-6f99bf2e1b12 91a5df1cc6d84289b845e5eda9a40714 b165cc527a724f64b48ef09f2e284b8c - - default default] Project b165cc527a724f64b48ef09f2e284b8c added a security group rule with legacy IPv6 ICMP protocol name icmp, ipv6-icmp should be used instead. It was automatically converted.
2026-05-18 01:49:57.450 9 INFO neutron.wsgi [None req-1c725181-b2f7-4a45-9309-8373959563cf afa7b6bc10d948ff8cc2888675cc331c 2aa7dff045b645b6a50b567c25d60eeb - - default default] 10.0.0.96 "DELETE /v2.0/qos/policies/a8e7bc40-34b1-443d-9fde-5dd6d4d76fd2 HTTP/1.1" status: 204 len: 168 time: 0.0501370
2026-05-18 01:49:57.507 9 INFO neutron.wsgi [None req-31f92f8e-70ab-487a-b58e-ad96f85197eb afa7b6bc10d948ff8cc2888675cc331c 2aa7dff045b645b6a50b567c25d60eeb - - default default] 10.0.0.96 "DELETE /v2.0/qos/policies/2a5ed83a-a77c-48b1-91bb-3781fc818eda HTTP/1.1" status: 204 len: 168 time: 0.0518041
2026-05-18 01:49:57.523 10 INFO neutron.db.ovn_revision_numbers_db [None req-ecc3121b-7440-42a1-b856-6f99bf2e1b12 91a5df1cc6d84289b845e5eda9a40714 b165cc527a724f64b48ef09f2e284b8c - - default default] Successfully bumped revision number for resource 18569ffa-7f1b-4276-b05d-4b445bc9604e (type: security_group_rules) to 0
2026-05-18 01:49:57.563 10 INFO neutron.wsgi [None req-ecc3121b-7440-42a1-b856-6f99bf2e1b12 91a5df1cc6d84289b845e5eda9a40714 b165cc527a724f64b48ef09f2e284b8c - - default default] 10.0.0.96 "POST /v2.0/security-group-rules HTTP/1.1" status: 201 len: 806 time: 0.1880546
2026-05-18 01:49:57.569 9 INFO neutron.wsgi [None req-626ed3c9-3b63-4af1-a1d8-5576648adb06 afa7b6bc10d948ff8cc2888675cc331c 2aa7dff045b645b6a50b567c25d60eeb - - default default] 10.0.0.96 "DELETE /v2.0/qos/policies/0a752911-731c-429d-99f0-b4c45d16fd11 HTTP/1.1" status: 204 len: 168 time: 0.0572662
2026-05-18 01:49:57.573 10 WARNING neutron_lib.context [None req-6fabfc47-e72c-421d-876a-2bf8b59d16c6 91a5df1cc6d84289b845e5eda9a40714 b165cc527a724f64b48ef09f2e284b8c - - default default] Method 'is_advsvc' is deprecated since 2023.2 release (neutron-lib 3.8.0) and will be removed once support for the old RBAC API policies will be removed from Neutron. Please use method 'is_service_role' instead.
2026-05-18 01:49:57.606 10 INFO neutron.db.securitygroups_db [None req-6fabfc47-e72c-421d-876a-2bf8b59d16c6 91a5df1cc6d84289b845e5eda9a40714 b165cc527a724f64b48ef09f2e284b8c - - default default] Project b165cc527a724f64b48ef09f2e284b8c added a security group rule with legacy IPv6 ICMP protocol name icmp, ipv6-icmp should be used instead. It was automatically converted.
2026-05-18 01:49:57.713 10 INFO neutron.db.ovn_revision_numbers_db [None req-6fabfc47-e72c-421d-876a-2bf8b59d16c6 91a5df1cc6d84289b845e5eda9a40714 b165cc527a724f64b48ef09f2e284b8c - - default default] Successfully bumped revision number for resource 587e7402-e8c4-4f42-b5e5-d274a5e21841 (type: security_group_rules) to 0
2026-05-18 01:49:57.744 10 INFO neutron.wsgi [None req-6fabfc47-e72c-421d-876a-2bf8b59d16c6 91a5df1cc6d84289b845e5eda9a40714 b165cc527a724f64b48ef09f2e284b8c - - default default] 10.0.0.96 "POST /v2.0/security-group-rules HTTP/1.1" status: 201 len: 805 time: 0.1766782
2026-05-18 01:49:58.277 9 INFO neutron.wsgi [None req-2930e05e-57d8-431e-b283-5c77ef47c2aa 91a5df1cc6d84289b845e5eda9a40714 b165cc527a724f64b48ef09f2e284b8c - - default default] 10.0.0.96 "GET /v2.0/networks HTTP/1.1" status: 200 len: 1492 time: 0.1755874
2026-05-18 01:49:58.413 10 INFO neutron.wsgi [req-5c09a429-f87e-4ce9-9e8a-13bff7eefbcc req-0fa5dfa7-b4e9-4f5e-a71c-7f35387afc06 91a5df1cc6d84289b845e5eda9a40714 b165cc527a724f64b48ef09f2e284b8c - - default default] 10.0.0.52 "GET /v2.0/security-groups?name=tempest-secgroup-smoke-494451750&fields=id&tenant_id=b165cc527a724f64b48ef09f2e284b8c HTTP/1.1" status: 200 len: 267 time: 0.0453153
2026-05-18 01:49:58.525 10 INFO neutron.wsgi [req-5c09a429-f87e-4ce9-9e8a-13bff7eefbcc req-2c2035f0-e9e5-472a-a875-f56f94e38128 91a5df1cc6d84289b845e5eda9a40714 b165cc527a724f64b48ef09f2e284b8c - - default default] 10.0.0.52 "GET /v2.0/networks?id=5401c2b6-3443-40f6-8a20-c9497c4d1c82 HTTP/1.1" status: 200 len: 859 time: 0.1063688
2026-05-18 01:49:58.548 10 INFO neutron.wsgi [req-5c09a429-f87e-4ce9-9e8a-13bff7eefbcc req-1667cad0-6bbf-48c3-8e6f-973c816a62af 91a5df1cc6d84289b845e5eda9a40714 b165cc527a724f64b48ef09f2e284b8c - - default default] 10.0.0.52 "GET /v2.0/quotas/b165cc527a724f64b48ef09f2e284b8c HTTP/1.1" status: 200 len: 491 time: 0.0172181
2026-05-18 01:49:58.570 9 INFO neutron.db.ovn_revision_numbers_db [None req-702d4cb4-a173-4fe5-8251-f16d076756c7 94bc3f0650194a7aa50b84a3e3a62c70 535ba092ed774de19d4ad28accdc03ef - - default default] Successfully bumped revision number for resource 007a802a-d997-4518-94e0-40db30e62166 (type: security_groups) to 1
2026-05-18 01:49:58.585 9 INFO neutron.db.ovn_revision_numbers_db [None req-702d4cb4-a173-4fe5-8251-f16d076756c7 94bc3f0650194a7aa50b84a3e3a62c70 535ba092ed774de19d4ad28accdc03ef - - default default] Successfully bumped revision number for resource 750cefaf-bde4-43eb-b493-de4509d14270 (type: security_group_rules) to 0
2026-05-18 01:49:58.596 9 INFO neutron.db.ovn_revision_numbers_db [None req-702d4cb4-a173-4fe5-8251-f16d076756c7 94bc3f0650194a7aa50b84a3e3a62c70 535ba092ed774de19d4ad28accdc03ef - - default default] Successfully bumped revision number for resource 75982d70-9904-475d-89ea-f9d91a4c95da (type: security_group_rules) to 0
2026-05-18 01:49:58.610 9 INFO neutron.db.ovn_revision_numbers_db [None req-702d4cb4-a173-4fe5-8251-f16d076756c7 94bc3f0650194a7aa50b84a3e3a62c70 535ba092ed774de19d4ad28accdc03ef - - default default] Successfully bumped revision number for resource 8855ad87-5207-490d-8efa-aae8c5b16f92 (type: security_group_rules) to 0
2026-05-18 01:49:58.637 9 INFO neutron.db.ovn_revision_numbers_db [None req-702d4cb4-a173-4fe5-8251-f16d076756c7 94bc3f0650194a7aa50b84a3e3a62c70 535ba092ed774de19d4ad28accdc03ef - - default default] Successfully bumped revision number for resource f4c1d6f9-ac1e-483d-b42f-766719cda8ec (type: security_group_rules) to 0
2026-05-18 01:49:58.662 9 INFO neutron.wsgi [None req-702d4cb4-a173-4fe5-8251-f16d076756c7 94bc3f0650194a7aa50b84a3e3a62c70 535ba092ed774de19d4ad28accdc03ef - - default default] 10.0.0.96 "GET /v2.0/security-groups?tenant_id=1679c31b2bc2401c8e050bebd5d43d08&name=default HTTP/1.1" status: 200 len: 3120 time: 0.3291690
2026-05-18 01:49:58.889 10 INFO neutron.wsgi [req-5c09a429-f87e-4ce9-9e8a-13bff7eefbcc req-12e6049e-acad-4c41-85d9-c1f89e31fc55 91a5df1cc6d84289b845e5eda9a40714 b165cc527a724f64b48ef09f2e284b8c - - default default] 10.0.0.52 "GET /v2.0/ports?tenant_id=b165cc527a724f64b48ef09f2e284b8c&fields=id HTTP/1.1" status: 200 len: 302 time: 0.3360608
2026-05-18 01:49:58.890 9 INFO neutron.wsgi [None req-9d4f14eb-a1bc-4a53-8b25-ba559239e2c1 94bc3f0650194a7aa50b84a3e3a62c70 535ba092ed774de19d4ad28accdc03ef - - default default] 10.0.0.96 "DELETE /v2.0/security-groups/007a802a-d997-4518-94e0-40db30e62166 HTTP/1.1" status: 204 len: 168 time: 0.2210202
2026-05-18 01:49:58.980 10 INFO neutron.wsgi [req-5c09a429-f87e-4ce9-9e8a-13bff7eefbcc req-e1c258fe-370d-4cec-8d44-7d6e7b241c40 485d5b8698c94e86961d8f024b871a34 ff036abed31c41d88d5d15aec1e592fb - - 6e105525d8e2416d94bd1f860e211482 6e105525d8e2416d94bd1f860e211482] 10.0.0.52 "GET /v2.0/networks/5401c2b6-3443-40f6-8a20-c9497c4d1c82?fields=segments HTTP/1.1" status: 200 len: 212 time: 0.0711863
2026-05-18 01:49:59.057 10 INFO neutron.wsgi [req-5c09a429-f87e-4ce9-9e8a-13bff7eefbcc req-6b7daca1-94fd-4f25-beca-a0167a2c5634 485d5b8698c94e86961d8f024b871a34 ff036abed31c41d88d5d15aec1e592fb - - 6e105525d8e2416d94bd1f860e211482 6e105525d8e2416d94bd1f860e211482] 10.0.0.52 "GET /v2.0/networks/5401c2b6-3443-40f6-8a20-c9497c4d1c82?fields=provider%3Aphysical_network&fields=provider%3Anetwork_type HTTP/1.1" status: 200 len: 277 time: 0.0674062
2026-05-18 01:49:59.187 9 INFO neutron.wsgi [req-7194de1f-2cda-4579-9bd9-940654e001d8 req-b13a2049-1cb1-437a-8b0f-2b890e633b97 91a5df1cc6d84289b845e5eda9a40714 b165cc527a724f64b48ef09f2e284b8c - - default default] 10.0.0.52 "GET /v2.0/ports?device_id=705e9cb2-c9a5-428d-98b6-cdf405da8f4f HTTP/1.1" status: 200 len: 210 time: 0.0249460
2026-05-18 01:49:59.233 10 WARNING neutron_lib.context [None req-b0a74ffc-2a0f-41da-a2ac-3d6d0bb0c25b 39096cfd43894e379f9907cbe77cef7e a98e3ab88bd54e3db323552c8e982242 - - default default] Method 'is_advsvc' is deprecated since 2023.2 release (neutron-lib 3.8.0) and will be removed once support for the old RBAC API policies will be removed from Neutron. Please use method 'is_service_role' instead.
2026-05-18 01:49:59.237 10 INFO neutron.db.ovn_revision_numbers_db [None req-e1c17a76-3aa5-4c22-8e1c-d2848cbefc17 94bc3f0650194a7aa50b84a3e3a62c70 535ba092ed774de19d4ad28accdc03ef - - default default] Successfully bumped revision number for resource 8700c3e5-56c3-4583-87ba-f922ac66fbd4 (type: security_groups) to 1
2026-05-18 01:49:59.264 10 INFO neutron.db.ovn_revision_numbers_db [None req-e1c17a76-3aa5-4c22-8e1c-d2848cbefc17 94bc3f0650194a7aa50b84a3e3a62c70 535ba092ed774de19d4ad28accdc03ef - - default default] Successfully bumped revision number for resource 975cae57-5ccc-46b8-ad0b-c57946e7494c (type: security_group_rules) to 0
2026-05-18 01:49:59.288 10 INFO neutron.db.ovn_revision_numbers_db [None req-e1c17a76-3aa5-4c22-8e1c-d2848cbefc17 94bc3f0650194a7aa50b84a3e3a62c70 535ba092ed774de19d4ad28accdc03ef - - default default] Successfully bumped revision number for resource a0df47bc-3287-42a0-aa16-46c9e72c981e (type: security_group_rules) to 0
2026-05-18 01:49:59.307 10 INFO neutron.db.ovn_revision_numbers_db [None req-e1c17a76-3aa5-4c22-8e1c-d2848cbefc17 94bc3f0650194a7aa50b84a3e3a62c70 535ba092ed774de19d4ad28accdc03ef - - default default] Successfully bumped revision number for resource b3026eb0-4511-4ee3-9d30-27faafdc553b (type: security_group_rules) to 0
2026-05-18 01:49:59.321 10 INFO neutron.db.ovn_revision_numbers_db [None req-e1c17a76-3aa5-4c22-8e1c-d2848cbefc17 94bc3f0650194a7aa50b84a3e3a62c70 535ba092ed774de19d4ad28accdc03ef - - default default] Successfully bumped revision number for resource fc030760-ab15-4f83-9e62-012b1b8ef430 (type: security_group_rules) to 0
2026-05-18 01:49:59.347 10 INFO neutron.wsgi [None req-e1c17a76-3aa5-4c22-8e1c-d2848cbefc17 94bc3f0650194a7aa50b84a3e3a62c70 535ba092ed774de19d4ad28accdc03ef - - default default] 10.0.0.96 "GET /v2.0/security-groups?tenant_id=c16f7cfaa6c7464fa0ee66b359993734&name=default HTTP/1.1" status: 200 len: 3120 time: 0.2702906
2026-05-18 01:49:59.418 10 INFO neutron.db.ovn_revision_numbers_db [None req-b0a74ffc-2a0f-41da-a2ac-3d6d0bb0c25b 39096cfd43894e379f9907cbe77cef7e a98e3ab88bd54e3db323552c8e982242 - - default default] Successfully bumped revision number for resource b1cb46d4-d13c-4026-800a-9e6a780f85b3 (type: security_groups) to 1
2026-05-18 01:49:59.432 10 INFO neutron.db.ovn_revision_numbers_db [None req-b0a74ffc-2a0f-41da-a2ac-3d6d0bb0c25b 39096cfd43894e379f9907cbe77cef7e a98e3ab88bd54e3db323552c8e982242 - - default default] Successfully bumped revision number for resource 1a8d8236-9296-4325-bbcf-a1ed4e60b5d3 (type: security_group_rules) to 0
2026-05-18 01:49:59.446 10 INFO neutron.db.ovn_revision_numbers_db [None req-b0a74ffc-2a0f-41da-a2ac-3d6d0bb0c25b 39096cfd43894e379f9907cbe77cef7e a98e3ab88bd54e3db323552c8e982242 - - default default] Successfully bumped revision number for resource 2237adbf-28ea-409a-a087-655c550ce5aa (type: security_group_rules) to 0
2026-05-18 01:49:59.463 10 INFO neutron.db.ovn_revision_numbers_db [None req-b0a74ffc-2a0f-41da-a2ac-3d6d0bb0c25b 39096cfd43894e379f9907cbe77cef7e a98e3ab88bd54e3db323552c8e982242 - - default default] Successfully bumped revision number for resource 97512bef-e500-4170-bfdc-ce974e2a0f0d (type: security_group_rules) to 0
2026-05-18 01:49:59.480 10 INFO neutron.db.ovn_revision_numbers_db [None req-b0a74ffc-2a0f-41da-a2ac-3d6d0bb0c25b 39096cfd43894e379f9907cbe77cef7e a98e3ab88bd54e3db323552c8e982242 - - default default] Successfully bumped revision number for resource f0a6ab91-56a1-4928-a1f3-c758a4e12d1a (type: security_group_rules) to 0
2026-05-18 01:49:59.553 10 INFO neutron.db.segments_db [None req-b0a74ffc-2a0f-41da-a2ac-3d6d0bb0c25b 39096cfd43894e379f9907cbe77cef7e a98e3ab88bd54e3db323552c8e982242 - - default default] Added segment d60ac67b-542f-427b-bdf7-648b1db2d1d8 of type geneve for network 53b94453-78f8-4b63-a33b-c4685ebbf287
2026-05-18 01:49:59.573 9 INFO neutron.wsgi [None req-6cb1979e-d684-4aff-9d82-3355810a25a1 94bc3f0650194a7aa50b84a3e3a62c70 535ba092ed774de19d4ad28accdc03ef - - default default] 10.0.0.96 "DELETE /v2.0/security-groups/8700c3e5-56c3-4583-87ba-f922ac66fbd4 HTTP/1.1" status: 204 len: 168 time: 0.2202377
2026-05-18 01:49:59.712 10 INFO neutron.db.ovn_revision_numbers_db [None req-b0a74ffc-2a0f-41da-a2ac-3d6d0bb0c25b 39096cfd43894e379f9907cbe77cef7e a98e3ab88bd54e3db323552c8e982242 - - default default] Successfully bumped revision number for resource 53b94453-78f8-4b63-a33b-c4685ebbf287 (type: networks) to 1
2026-05-18 01:49:59.877 9 INFO neutron.db.ovn_revision_numbers_db [None req-0df6dfd0-95cf-4315-86bb-6eca2f664190 94bc3f0650194a7aa50b84a3e3a62c70 535ba092ed774de19d4ad28accdc03ef - - default default] Successfully bumped revision number for resource cc1bd06b-85f9-4abe-bb91-d72831a26e59 (type: security_groups) to 1
2026-05-18 01:49:59.892 9 INFO neutron.db.ovn_revision_numbers_db [None req-0df6dfd0-95cf-4315-86bb-6eca2f664190 94bc3f0650194a7aa50b84a3e3a62c70 535ba092ed774de19d4ad28accdc03ef - - default default] Successfully bumped revision number for resource 873f155a-6f76-4b09-89f2-9bc50c788b5a (type: security_group_rules) to 0
2026-05-18 01:49:59.911 9 INFO neutron.db.ovn_revision_numbers_db [None req-0df6dfd0-95cf-4315-86bb-6eca2f664190 94bc3f0650194a7aa50b84a3e3a62c70 535ba092ed774de19d4ad28accdc03ef - - default default] Successfully bumped revision number for resource a7221771-ce57-405c-bb46-bb3078669076 (type: security_group_rules) to 0
2026-05-18 01:49:59.922 10 INFO neutron.wsgi [req-5c09a429-f87e-4ce9-9e8a-13bff7eefbcc req-a53fe74f-e36e-4cdd-ad1b-688f4e8ca7c6 91a5df1cc6d84289b845e5eda9a40714 b165cc527a724f64b48ef09f2e284b8c - - default default] 199.204.45.4 "GET /v2.0/networks?id=5401c2b6-3443-40f6-8a20-c9497c4d1c82 HTTP/1.1" status: 200 len: 859 time: 0.0966868
2026-05-18 01:49:59.927 9 INFO neutron.db.ovn_revision_numbers_db [None req-0df6dfd0-95cf-4315-86bb-6eca2f664190 94bc3f0650194a7aa50b84a3e3a62c70 535ba092ed774de19d4ad28accdc03ef - - default default] Successfully bumped revision number for resource ea30e1b4-739d-4d74-afea-3df5f8374348 (type: security_group_rules) to 0
2026-05-18 01:49:59.943 9 INFO neutron.db.ovn_revision_numbers_db [None req-0df6dfd0-95cf-4315-86bb-6eca2f664190 94bc3f0650194a7aa50b84a3e3a62c70 535ba092ed774de19d4ad28accdc03ef - - default default] Successfully bumped revision number for resource fef42e60-afac-454d-8de8-732187f69298 (type: security_group_rules) to 0
2026-05-18 01:49:59.968 9 INFO neutron.wsgi [None req-0df6dfd0-95cf-4315-86bb-6eca2f664190 94bc3f0650194a7aa50b84a3e3a62c70 535ba092ed774de19d4ad28accdc03ef - - default default] 10.0.0.96 "GET /v2.0/security-groups?tenant_id=2aa7dff045b645b6a50b567c25d60eeb&name=default HTTP/1.1" status: 200 len: 3120 time: 0.2290862
2026-05-18 01:49:59.978 10 WARNING neutron.scheduler.dhcp_agent_scheduler [None req-b0a74ffc-2a0f-41da-a2ac-3d6d0bb0c25b 39096cfd43894e379f9907cbe77cef7e a98e3ab88bd54e3db323552c8e982242 - - default default] No more DHCP agents
2026-05-18 01:49:59.981 10 WARNING neutron.api.rpc.agentnotifiers.dhcp_rpc_agent_api [None req-b0a74ffc-2a0f-41da-a2ac-3d6d0bb0c25b 39096cfd43894e379f9907cbe77cef7e a98e3ab88bd54e3db323552c8e982242 - - default default] Unable to schedule network 53b94453-78f8-4b63-a33b-c4685ebbf287: no agents available; will retry on subsequent port and subnet creation events.
2026-05-18 01:50:00.012 10 INFO neutron.wsgi [req-5c09a429-f87e-4ce9-9e8a-13bff7eefbcc req-bcdebe56-9288-41aa-b653-c7c337c788c2 91a5df1cc6d84289b845e5eda9a40714 b165cc527a724f64b48ef09f2e284b8c - - default default] 199.204.45.4 "GET /v2.0/security-groups?fields=id&fields=name&tenant_id=b165cc527a724f64b48ef09f2e284b8c HTTP/1.1" status: 200 len: 379 time: 0.0838878
2026-05-18 01:50:00.035 10 WARNING neutron_lib.context [req-5c09a429-f87e-4ce9-9e8a-13bff7eefbcc req-be45b29e-4b89-43ed-9abe-dac0346d4226 91a5df1cc6d84289b845e5eda9a40714 b165cc527a724f64b48ef09f2e284b8c - - default default] Method 'is_advsvc' is deprecated since 2023.2 release (neutron-lib 3.8.0) and will be removed once support for the old RBAC API policies will be removed from Neutron. Please use method 'is_service_role' instead.
2026-05-18 01:50:00.131 10 INFO neutron.db.ovn_revision_numbers_db [None req-b0a74ffc-2a0f-41da-a2ac-3d6d0bb0c25b 39096cfd43894e379f9907cbe77cef7e a98e3ab88bd54e3db323552c8e982242 - - default default] Successfully bumped revision number for resource 5e568d23-c9bd-47d5-b02b-526e8ee51033 (type: ports) to 1
2026-05-18 01:50:00.174 10 INFO neutron.wsgi [None req-b0a74ffc-2a0f-41da-a2ac-3d6d0bb0c25b 39096cfd43894e379f9907cbe77cef7e a98e3ab88bd54e3db323552c8e982242 - - default default] 10.0.0.96 "POST /v2.0/networks HTTP/1.1" status: 201 len: 848 time: 1.1056159
2026-05-18 01:50:00.183 10 WARNING neutron_lib.context [None req-b352de2f-36b0-4028-b4fe-dd6e62c643fa 39096cfd43894e379f9907cbe77cef7e a98e3ab88bd54e3db323552c8e982242 - - default default] Method 'is_advsvc' is deprecated since 2023.2 release (neutron-lib 3.8.0) and will be removed once support for the old RBAC API policies will be removed from Neutron. Please use method 'is_service_role' instead.
2026-05-18 01:50:00.225 9 INFO neutron.wsgi [None req-c528e76d-d5b2-48bb-bf53-43ff08414b6f 94bc3f0650194a7aa50b84a3e3a62c70 535ba092ed774de19d4ad28accdc03ef - - default default] 10.0.0.96 "DELETE /v2.0/security-groups/cc1bd06b-85f9-4abe-bb91-d72831a26e59 HTTP/1.1" status: 204 len: 168 time: 0.2480519
2026-05-18 01:50:00.296 10 INFO neutron.wsgi [req-1a51613f-c184-42cd-8db8-01ee45b293e1 req-5e08b6ec-f7d0-47d3-bc01-d7ce478daf6a 91a5df1cc6d84289b845e5eda9a40714 b165cc527a724f64b48ef09f2e284b8c - - default default] 10.0.0.52 "GET /v2.0/ports?device_id=705e9cb2-c9a5-428d-98b6-cdf405da8f4f HTTP/1.1" status: 200 len: 210 time: 0.0337968
2026-05-18 01:50:00.505 10 WARNING neutron.scheduler.dhcp_agent_scheduler [None req-b352de2f-36b0-4028-b4fe-dd6e62c643fa 39096cfd43894e379f9907cbe77cef7e a98e3ab88bd54e3db323552c8e982242 - - default default] No more DHCP agents
2026-05-18 01:50:00.507 10 WARNING neutron.api.rpc.agentnotifiers.dhcp_rpc_agent_api [None req-b352de2f-36b0-4028-b4fe-dd6e62c643fa 39096cfd43894e379f9907cbe77cef7e a98e3ab88bd54e3db323552c8e982242 - - default default] Unable to schedule network 53b94453-78f8-4b63-a33b-c4685ebbf287: no agents available; will retry on subsequent port and subnet creation events.
2026-05-18 01:50:00.518 10 WARNING neutron.scheduler.dhcp_agent_scheduler [req-5c09a429-f87e-4ce9-9e8a-13bff7eefbcc req-be45b29e-4b89-43ed-9abe-dac0346d4226 91a5df1cc6d84289b845e5eda9a40714 b165cc527a724f64b48ef09f2e284b8c - - default default] No more DHCP agents
2026-05-18 01:50:00.525 10 WARNING neutron.api.rpc.agentnotifiers.dhcp_rpc_agent_api [req-5c09a429-f87e-4ce9-9e8a-13bff7eefbcc req-be45b29e-4b89-43ed-9abe-dac0346d4226 91a5df1cc6d84289b845e5eda9a40714 b165cc527a724f64b48ef09f2e284b8c - - default default] Unable to schedule network 5401c2b6-3443-40f6-8a20-c9497c4d1c82: no agents available; will retry on subsequent port and subnet creation events.
2026-05-18 01:50:00.646 10 INFO neutron.db.ovn_revision_numbers_db [None req-b352de2f-36b0-4028-b4fe-dd6e62c643fa 39096cfd43894e379f9907cbe77cef7e a98e3ab88bd54e3db323552c8e982242 - - default default] Successfully bumped revision number for resource 7fc4de4d-bc34-4b9e-9974-972f6909809a (type: ports) to 1
2026-05-18 01:50:00.684 10 INFO neutron.wsgi [None req-b352de2f-36b0-4028-b4fe-dd6e62c643fa 39096cfd43894e379f9907cbe77cef7e a98e3ab88bd54e3db323552c8e982242 - - default default] 10.0.0.96 "POST /v2.0/ports HTTP/1.1" status: 201 len: 977 time: 0.5062354
2026-05-18 01:50:00.698 9 WARNING neutron_lib.context [None req-50b40a0d-0a18-4cc9-9a3e-2ccbec71f8e0 39096cfd43894e379f9907cbe77cef7e a98e3ab88bd54e3db323552c8e982242 - - default default] Method 'is_advsvc' is deprecated since 2023.2 release (neutron-lib 3.8.0) and will be removed once support for the old RBAC API policies will be removed from Neutron. Please use method 'is_service_role' instead.
2026-05-18 01:50:00.744 10 INFO neutron.db.ovn_revision_numbers_db [req-5c09a429-f87e-4ce9-9e8a-13bff7eefbcc req-be45b29e-4b89-43ed-9abe-dac0346d4226 91a5df1cc6d84289b845e5eda9a40714 b165cc527a724f64b48ef09f2e284b8c - - default default] Successfully bumped revision number for resource 8729011a-9805-4551-b917-d83edaa3546a (type: ports) to 1
2026-05-18 01:50:00.768 10 INFO neutron.wsgi [req-5c09a429-f87e-4ce9-9e8a-13bff7eefbcc req-be45b29e-4b89-43ed-9abe-dac0346d4226 91a5df1cc6d84289b845e5eda9a40714 b165cc527a724f64b48ef09f2e284b8c - - default default] 199.204.45.4 "POST /v2.0/ports HTTP/1.1" status: 201 len: 1162 time: 0.7401583 /var/lib/openstack/lib/python3.10/site-packages/pycadf/identifier.py:71: UserWarning: Invalid uuid: neutron. To ensure interoperability, identifiers should be a valid uuid. warnings.warn(('Invalid uuid: %s. To ensure interoperability, '
2026-05-18 01:50:00.803 9 INFO neutron.db.segments_db [None req-50b40a0d-0a18-4cc9-9a3e-2ccbec71f8e0 39096cfd43894e379f9907cbe77cef7e a98e3ab88bd54e3db323552c8e982242 - - default default] Added segment 36627817-1dda-49af-95b0-2165dd169c73 of type geneve for network 8bb22298-89ea-4224-bbb7-14cf40681db8
2026-05-18 01:50:00.935 9 INFO neutron.db.ovn_revision_numbers_db [None req-50b40a0d-0a18-4cc9-9a3e-2ccbec71f8e0 39096cfd43894e379f9907cbe77cef7e a98e3ab88bd54e3db323552c8e982242 - - default default] Successfully bumped revision number for resource 8bb22298-89ea-4224-bbb7-14cf40681db8 (type: networks) to 1
2026-05-18 01:50:00.990 10 WARNING neutron.plugins.ml2.drivers.ovn.mech_driver.ovsdb.ovn_client [None req-48ed0517-8119-473d-9e0a-ca357ec93912 - - - - - -] No hosting information found for port 499551b4-288d-4b9b-90bd-9c9f1988bbe7: RuntimeError: No hosting information found for port 499551b4-288d-4b9b-90bd-9c9f1988bbe7
2026-05-18 01:50:01.152 9 WARNING neutron.scheduler.dhcp_agent_scheduler [None req-50b40a0d-0a18-4cc9-9a3e-2ccbec71f8e0 39096cfd43894e379f9907cbe77cef7e a98e3ab88bd54e3db323552c8e982242 - - default default] No more DHCP agents
2026-05-18 01:50:01.155 9 WARNING neutron.api.rpc.agentnotifiers.dhcp_rpc_agent_api [None req-50b40a0d-0a18-4cc9-9a3e-2ccbec71f8e0 39096cfd43894e379f9907cbe77cef7e a98e3ab88bd54e3db323552c8e982242 - - default default] Unable to schedule network 8bb22298-89ea-4224-bbb7-14cf40681db8: no agents available; will retry on subsequent port and subnet creation events.
2026-05-18 01:50:01.268 9 INFO neutron.db.ovn_revision_numbers_db [None req-50b40a0d-0a18-4cc9-9a3e-2ccbec71f8e0 39096cfd43894e379f9907cbe77cef7e a98e3ab88bd54e3db323552c8e982242 - - default default] Successfully bumped revision number for resource 129e7cb3-ce8b-4570-8037-7fc9a30c6b66 (type: ports) to 1
2026-05-18 01:50:01.289 10 INFO neutron.db.ovn_revision_numbers_db [req-5c09a429-f87e-4ce9-9e8a-13bff7eefbcc req-f23df8ac-d28b-40b7-8751-f1aa8fab42ab 485d5b8698c94e86961d8f024b871a34 ff036abed31c41d88d5d15aec1e592fb - - 6e105525d8e2416d94bd1f860e211482 6e105525d8e2416d94bd1f860e211482] Successfully bumped revision number for resource 8729011a-9805-4551-b917-d83edaa3546a (type: ports) to 2
2026-05-18 01:50:01.298 9 INFO neutron.wsgi [None req-50b40a0d-0a18-4cc9-9a3e-2ccbec71f8e0 39096cfd43894e379f9907cbe77cef7e a98e3ab88bd54e3db323552c8e982242 - - default default] 10.0.0.96 "POST /v2.0/networks HTTP/1.1" status: 201 len: 835 time: 0.6065345
2026-05-18 01:50:01.317 9 WARNING neutron_lib.context [None req-1e1fbe9b-a9d2-4375-b9c0-6e1e31cbf03a 39096cfd43894e379f9907cbe77cef7e a98e3ab88bd54e3db323552c8e982242 - - default default] Method 'is_advsvc' is deprecated since 2023.2 release (neutron-lib 3.8.0) and will be removed once support for the old RBAC API policies will be removed from Neutron. Please use method 'is_service_role' instead.
2026-05-18 01:50:01.514 9 INFO neutron.wsgi [req-c02d4d4b-29fa-4ccf-aca8-b897e3de7420 req-ac98a724-83cd-41f2-aed2-21de127f0623 91a5df1cc6d84289b845e5eda9a40714 b165cc527a724f64b48ef09f2e284b8c - - default default] 10.0.0.52 "GET /v2.0/ports?device_id=705e9cb2-c9a5-428d-98b6-cdf405da8f4f HTTP/1.1" status: 200 len: 1172 time: 0.1576273
2026-05-18 01:50:01.534 10 INFO neutron.db.ovn_revision_numbers_db [req-5c09a429-f87e-4ce9-9e8a-13bff7eefbcc req-f23df8ac-d28b-40b7-8751-f1aa8fab42ab 485d5b8698c94e86961d8f024b871a34 ff036abed31c41d88d5d15aec1e592fb - - 6e105525d8e2416d94bd1f860e211482 6e105525d8e2416d94bd1f860e211482] Successfully bumped revision number for resource 8729011a-9805-4551-b917-d83edaa3546a (type: ports) to 2
2026-05-18 01:50:01.557 10 INFO neutron.wsgi [req-5c09a429-f87e-4ce9-9e8a-13bff7eefbcc req-f23df8ac-d28b-40b7-8751-f1aa8fab42ab 485d5b8698c94e86961d8f024b871a34 ff036abed31c41d88d5d15aec1e592fb - - 6e105525d8e2416d94bd1f860e211482 6e105525d8e2416d94bd1f860e211482] 199.204.45.4 "PUT /v2.0/ports/8729011a-9805-4551-b917-d83edaa3546a HTTP/1.1" status: 200 len: 1380 time: 0.7823136
2026-05-18 01:50:01.574 9 INFO neutron.wsgi [req-c02d4d4b-29fa-4ccf-aca8-b897e3de7420 req-4d857588-6fef-4f27-98a4-c4cf3e8dcb99 91a5df1cc6d84289b845e5eda9a40714 b165cc527a724f64b48ef09f2e284b8c - - default default] 10.0.0.52 "GET /v2.0/security-groups?id=c1f00455-f932-4d61-bc22-f09758d56e37&fields=id&fields=name HTTP/1.1" status: 200 len: 312 time: 0.0518382 /var/lib/openstack/lib/python3.10/site-packages/pycadf/identifier.py:71: UserWarning: Invalid uuid: neutron. To ensure interoperability, identifiers should be a valid uuid. warnings.warn(('Invalid uuid: %s. To ensure interoperability, '
2026-05-18 01:50:01.601 10 INFO neutron.notifiers.nova [-] Nova event matching ['req-d979d2da-5fcc-4b96-bada-00b1576f8284'] response: {'name': 'network-changed', 'server_uuid': '705e9cb2-c9a5-428d-98b6-cdf405da8f4f', 'tag': '8729011a-9805-4551-b917-d83edaa3546a', 'status': 'completed', 'code': 200}
2026-05-18 01:50:01.649 10 INFO neutron.wsgi [req-5c09a429-f87e-4ce9-9e8a-13bff7eefbcc req-5c3dc8aa-7648-4c52-8e1c-753c7c6bba92 485d5b8698c94e86961d8f024b871a34 ff036abed31c41d88d5d15aec1e592fb - - 6e105525d8e2416d94bd1f860e211482 6e105525d8e2416d94bd1f860e211482] 199.204.45.4 "GET /v2.0/ports?tenant_id=b165cc527a724f64b48ef09f2e284b8c&device_id=705e9cb2-c9a5-428d-98b6-cdf405da8f4f HTTP/1.1" status: 200 len: 1411 time: 0.0585623
2026-05-18 01:50:01.655 9 WARNING neutron.scheduler.dhcp_agent_scheduler [None req-1e1fbe9b-a9d2-4375-b9c0-6e1e31cbf03a 39096cfd43894e379f9907cbe77cef7e a98e3ab88bd54e3db323552c8e982242 - - default default] No more DHCP agents
2026-05-18 01:50:01.657 9 WARNING neutron.api.rpc.agentnotifiers.dhcp_rpc_agent_api [None req-1e1fbe9b-a9d2-4375-b9c0-6e1e31cbf03a 39096cfd43894e379f9907cbe77cef7e a98e3ab88bd54e3db323552c8e982242 - - default default] Unable to schedule network 8bb22298-89ea-4224-bbb7-14cf40681db8: no agents available; will retry on subsequent port and subnet creation events.
2026-05-18 01:50:01.685 10 INFO neutron.wsgi [req-5c09a429-f87e-4ce9-9e8a-13bff7eefbcc req-59f26c17-227c-4932-8b66-5af3e1410635 485d5b8698c94e86961d8f024b871a34 ff036abed31c41d88d5d15aec1e592fb - - 6e105525d8e2416d94bd1f860e211482 6e105525d8e2416d94bd1f860e211482] 199.204.45.4 "GET /v2.0/floatingips?fixed_ip_address=10.100.0.13&port_id=8729011a-9805-4551-b917-d83edaa3546a HTTP/1.1" status: 200 len: 217 time: 0.0310903
2026-05-18 01:50:01.694 9 INFO neutron.db.ovn_revision_numbers_db [None req-1e1fbe9b-a9d2-4375-b9c0-6e1e31cbf03a 39096cfd43894e379f9907cbe77cef7e a98e3ab88bd54e3db323552c8e982242 - - default default] Successfully bumped revision number for resource e84e89ac-bf8f-4ef1-ad2e-e430c60de768 (type: subnets) to 0
2026-05-18 01:50:01.714 9 INFO neutron.wsgi [None req-1e1fbe9b-a9d2-4375-b9c0-6e1e31cbf03a 39096cfd43894e379f9907cbe77cef7e a98e3ab88bd54e3db323552c8e982242 - - default default] 10.0.0.96 "POST /v2.0/subnets HTTP/1.1" status: 201 len: 821 time: 0.4052489
2026-05-18 01:50:01.724 10 INFO neutron.wsgi [req-5c09a429-f87e-4ce9-9e8a-13bff7eefbcc req-4631bfe1-03ad-4e76-99dc-efca2d29a448 485d5b8698c94e86961d8f024b871a34 ff036abed31c41d88d5d15aec1e592fb - - 6e105525d8e2416d94bd1f860e211482 6e105525d8e2416d94bd1f860e211482] 199.204.45.4 "GET /v2.0/subnets?id=511e05b7-de8b-4631-a62e-93fad7fab6f0 HTTP/1.1" status: 200 len: 852 time: 0.0313730
2026-05-18 01:50:01.726 9 WARNING neutron_lib.context [None req-b136a549-af6e-4ca1-99f4-df36d24f65c5 39096cfd43894e379f9907cbe77cef7e a98e3ab88bd54e3db323552c8e982242 - - default default] Method 'is_advsvc' is deprecated since 2023.2 release (neutron-lib 3.8.0) and will be removed once support for the old RBAC API policies will be removed from Neutron. Please use method 'is_service_role' instead.
2026-05-18 01:50:01.770 10 INFO neutron.wsgi [req-5c09a429-f87e-4ce9-9e8a-13bff7eefbcc req-722dfd9a-8816-42fb-9e87-4dca7f6caf01 485d5b8698c94e86961d8f024b871a34 ff036abed31c41d88d5d15aec1e592fb - - 6e105525d8e2416d94bd1f860e211482 6e105525d8e2416d94bd1f860e211482] 199.204.45.4 "GET /v2.0/ports?network_id=5401c2b6-3443-40f6-8a20-c9497c4d1c82&device_owner=network%3Adhcp HTTP/1.1" status: 200 len: 210 time: 0.0377591
2026-05-18 01:50:01.846 10 INFO neutron.wsgi [req-5c09a429-f87e-4ce9-9e8a-13bff7eefbcc req-2333eaf9-3e11-4b34-a036-95f5c4885db0 485d5b8698c94e86961d8f024b871a34 ff036abed31c41d88d5d15aec1e592fb - - 6e105525d8e2416d94bd1f860e211482 6e105525d8e2416d94bd1f860e211482] 199.204.45.4 "GET /v2.0/networks/5401c2b6-3443-40f6-8a20-c9497c4d1c82?fields=segments HTTP/1.1" status: 200 len: 212 time: 0.0673513
2026-05-18 01:50:01.925 10 INFO neutron.wsgi [req-5c09a429-f87e-4ce9-9e8a-13bff7eefbcc req-0377b370-eed5-4813-939d-06578506a67d 485d5b8698c94e86961d8f024b871a34 ff036abed31c41d88d5d15aec1e592fb - - 6e105525d8e2416d94bd1f860e211482 6e105525d8e2416d94bd1f860e211482] 199.204.45.4 "GET /v2.0/networks/5401c2b6-3443-40f6-8a20-c9497c4d1c82?fields=provider%3Aphysical_network&fields=provider%3Anetwork_type HTTP/1.1" status: 200 len: 277 time: 0.0613005
2026-05-18 01:50:02.017 10 INFO neutron.wsgi [req-8cc19b10-5e93-4c5a-859d-e7e355363c1c req-dc725c08-714f-4323-afd2-49c716dec698 485d5b8698c94e86961d8f024b871a34 ff036abed31c41d88d5d15aec1e592fb - - 6e105525d8e2416d94bd1f860e211482 6e105525d8e2416d94bd1f860e211482] 199.204.45.4 "GET /v2.0/ports?tenant_id=b165cc527a724f64b48ef09f2e284b8c&device_id=705e9cb2-c9a5-428d-98b6-cdf405da8f4f HTTP/1.1" status: 200 len: 1411 time: 0.0434422
2026-05-18 01:50:02.115 10 INFO neutron.wsgi [req-8cc19b10-5e93-4c5a-859d-e7e355363c1c req-ccf07d0f-47e2-457a-9d06-918f52cb6c73 485d5b8698c94e86961d8f024b871a34 ff036abed31c41d88d5d15aec1e592fb - - 6e105525d8e2416d94bd1f860e211482 6e105525d8e2416d94bd1f860e211482] 199.204.45.4 "GET /v2.0/networks?id=5401c2b6-3443-40f6-8a20-c9497c4d1c82 HTTP/1.1" status: 200 len: 955 time: 0.0945110
2026-05-18 01:50:02.172 9 WARNING neutron.scheduler.dhcp_agent_scheduler [None req-b136a549-af6e-4ca1-99f4-df36d24f65c5 39096cfd43894e379f9907cbe77cef7e a98e3ab88bd54e3db323552c8e982242 - - default default] No more DHCP agents
2026-05-18 01:50:02.175 9 WARNING neutron.api.rpc.agentnotifiers.dhcp_rpc_agent_api [None req-b136a549-af6e-4ca1-99f4-df36d24f65c5 39096cfd43894e379f9907cbe77cef7e a98e3ab88bd54e3db323552c8e982242 - - default default] Unable to schedule network 8bb22298-89ea-4224-bbb7-14cf40681db8: no agents available; will retry on subsequent port and subnet creation events.
2026-05-18 01:50:02.214 10 INFO neutron.wsgi [req-8cc19b10-5e93-4c5a-859d-e7e355363c1c req-f48b2616-a80c-430e-b7b2-013385478201 485d5b8698c94e86961d8f024b871a34 ff036abed31c41d88d5d15aec1e592fb - - 6e105525d8e2416d94bd1f860e211482 6e105525d8e2416d94bd1f860e211482] 199.204.45.4 "GET /v2.0/floatingips?fixed_ip_address=10.100.0.13&port_id=8729011a-9805-4551-b917-d83edaa3546a HTTP/1.1" status: 200 len: 217 time: 0.0294974
2026-05-18 01:50:02.251 10 INFO neutron.wsgi [req-8cc19b10-5e93-4c5a-859d-e7e355363c1c req-d7943819-df27-4d15-a01b-c7333385691b 485d5b8698c94e86961d8f024b871a34 ff036abed31c41d88d5d15aec1e592fb - - 6e105525d8e2416d94bd1f860e211482 6e105525d8e2416d94bd1f860e211482] 199.204.45.4 "GET /v2.0/subnets?id=511e05b7-de8b-4631-a62e-93fad7fab6f0 HTTP/1.1" status: 200 len: 852 time: 0.0333679
2026-05-18 01:50:02.254 10 INFO neutron.plugins.ml2.drivers.ovn.mech_driver.mech_driver [None req-48ed0517-8119-473d-9e0a-ca357ec93912 - - - - - -] OVN reports status up for port: 8729011a-9805-4551-b917-d83edaa3546a
2026-05-18 01:50:02.271 10 INFO neutron.plugins.ml2.plugin [None req-48ed0517-8119-473d-9e0a-ca357ec93912 - - - - - -] Attempt 1 to provision port 8729011a-9805-4551-b917-d83edaa3546a
2026-05-18 01:50:02.338 9 INFO neutron.db.ovn_revision_numbers_db [None req-b136a549-af6e-4ca1-99f4-df36d24f65c5 39096cfd43894e379f9907cbe77cef7e a98e3ab88bd54e3db323552c8e982242 - - default default] Successfully bumped revision number for resource dd55e227-6b69-4cf7-980b-f6d8acff7160 (type: ports) to 1
2026-05-18 01:50:02.392 9 INFO neutron.wsgi [None req-b136a549-af6e-4ca1-99f4-df36d24f65c5 39096cfd43894e379f9907cbe77cef7e a98e3ab88bd54e3db323552c8e982242 - - default default] 10.0.0.96 "POST /v2.0/ports HTTP/1.1" status: 201 len: 1165 time: 0.6728008 /var/lib/openstack/lib/python3.10/site-packages/pycadf/identifier.py:71: UserWarning: Invalid uuid: neutron. To ensure interoperability, identifiers should be a valid uuid. warnings.warn(('Invalid uuid: %s. To ensure interoperability, '
2026-05-18 01:50:02.507 10 INFO neutron.wsgi [req-8cc19b10-5e93-4c5a-859d-e7e355363c1c req-030d23c1-fe85-4d4e-b9c6-190a686c671b 485d5b8698c94e86961d8f024b871a34 ff036abed31c41d88d5d15aec1e592fb - - 6e105525d8e2416d94bd1f860e211482 6e105525d8e2416d94bd1f860e211482] 199.204.45.4 "GET /v2.0/ports?network_id=5401c2b6-3443-40f6-8a20-c9497c4d1c82&device_owner=network%3Adhcp HTTP/1.1" status: 200 len: 210 time: 0.2495086
2026-05-18 01:50:02.590 10 INFO neutron.wsgi [req-8cc19b10-5e93-4c5a-859d-e7e355363c1c req-d7a44498-9b7a-4fc5-965b-94c6e245c85b 485d5b8698c94e86961d8f024b871a34 ff036abed31c41d88d5d15aec1e592fb - - 6e105525d8e2416d94bd1f860e211482 6e105525d8e2416d94bd1f860e211482] 199.204.45.4 "GET /v2.0/networks/5401c2b6-3443-40f6-8a20-c9497c4d1c82?fields=segments HTTP/1.1" status: 200 len: 212 time: 0.0738373
2026-05-18 01:50:02.671 10 INFO neutron.wsgi [req-8cc19b10-5e93-4c5a-859d-e7e355363c1c req-529d367d-c9f2-4655-b1aa-60ecff0caa9f 485d5b8698c94e86961d8f024b871a34 ff036abed31c41d88d5d15aec1e592fb - - 6e105525d8e2416d94bd1f860e211482 6e105525d8e2416d94bd1f860e211482] 199.204.45.4 "GET /v2.0/networks/5401c2b6-3443-40f6-8a20-c9497c4d1c82?fields=provider%3Aphysical_network&fields=provider%3Anetwork_type HTTP/1.1" status: 200 len: 277 time: 0.0722866
2026-05-18 01:50:02.707 9 INFO neutron.wsgi [req-75073ca5-8c8c-4ef5-917e-828d8d50b115 req-6448b215-fd21-4e97-8c40-c1f5078027fb 91a5df1cc6d84289b845e5eda9a40714 b165cc527a724f64b48ef09f2e284b8c - - default default] 10.0.0.52 "GET /v2.0/ports?device_id=705e9cb2-c9a5-428d-98b6-cdf405da8f4f HTTP/1.1" status: 200 len: 1174 time: 0.0545869
2026-05-18 01:50:02.800 9 INFO neutron.wsgi [req-75073ca5-8c8c-4ef5-917e-828d8d50b115 req-32953f37-75c6-424a-9068-c596c094b449 91a5df1cc6d84289b845e5eda9a40714 b165cc527a724f64b48ef09f2e284b8c - - default default] 10.0.0.52 "GET /v2.0/security-groups?id=c1f00455-f932-4d61-bc22-f09758d56e37&fields=id&fields=name HTTP/1.1" status: 200 len: 312 time: 0.0863276
2026-05-18 01:50:02.838 9 INFO neutron.wsgi [None req-3f3f8b84-f2b0-4d46-9ab4-d5a8085c8f15 39096cfd43894e379f9907cbe77cef7e a98e3ab88bd54e3db323552c8e982242 - - default default] 10.0.0.96 "DELETE /v2.0/ports/dd55e227-6b69-4cf7-980b-f6d8acff7160 HTTP/1.1" status: 204 len: 168 time: 0.4416964
2026-05-18 01:50:02.866 9 INFO neutron.pecan_wsgi.hooks.translation [None req-15f1b3fe-7e85-4230-b13a-4c4a050e0434 39096cfd43894e379f9907cbe77cef7e a98e3ab88bd54e3db323552c8e982242 - - default default] DELETE failed (client error): The resource could not be found.
2026-05-18 01:50:02.868 10 INFO neutron.db.ovn_revision_numbers_db [None req-48ed0517-8119-473d-9e0a-ca357ec93912 - - - - - -] Successfully bumped revision number for resource 8729011a-9805-4551-b917-d83edaa3546a (type: ports) to 4
2026-05-18 01:50:02.871 9 INFO neutron.wsgi [None req-15f1b3fe-7e85-4230-b13a-4c4a050e0434 39096cfd43894e379f9907cbe77cef7e a98e3ab88bd54e3db323552c8e982242 - - default default] 10.0.0.96 "DELETE /v2.0/ports/dd55e227-6b69-4cf7-980b-f6d8acff7160 HTTP/1.1" status: 404 len: 333 time: 0.0278633
2026-05-18 01:50:02.894 9 INFO neutron.pecan_wsgi.hooks.translation [None req-4ef08a06-cc3f-4956-b47f-103b89637fa9 39096cfd43894e379f9907cbe77cef7e a98e3ab88bd54e3db323552c8e982242 - - default default] GET failed (client error): The resource could not be found.
2026-05-18 01:50:02.896 9 INFO neutron.wsgi [None req-4ef08a06-cc3f-4956-b47f-103b89637fa9 39096cfd43894e379f9907cbe77cef7e a98e3ab88bd54e3db323552c8e982242 - - default default] 10.0.0.96 "GET /v2.0/ports/dd55e227-6b69-4cf7-980b-f6d8acff7160 HTTP/1.1" status: 404 len: 333 time: 0.0205176
2026-05-18 01:50:03.048 10 INFO neutron.wsgi [-] 10.0.0.151 "GET / HTTP/1.1" status: 200 len: 246 time: 0.0025337
2026-05-18 01:50:03.051 10 INFO neutron.wsgi [-] 10.0.0.151 "GET / HTTP/1.1" status: 200 len: 246 time: 0.0019977
2026-05-18 01:50:03.088 9 INFO neutron.wsgi [None req-518c739b-f18a-4634-b765-e1db53670a53 39096cfd43894e379f9907cbe77cef7e a98e3ab88bd54e3db323552c8e982242 - - default default] 10.0.0.96 "DELETE /v2.0/subnets/e84e89ac-bf8f-4ef1-ad2e-e430c60de768 HTTP/1.1" status: 204 len: 168 time: 0.1865387
2026-05-18 01:50:03.640 10 INFO neutron.notifiers.nova [-] Nova event matching ['req-c64bfe5b-d235-42da-a111-0902fd91c34e'] response: {'server_uuid': '705e9cb2-c9a5-428d-98b6-cdf405da8f4f', 'name': 'network-vif-plugged', 'status': 'completed', 'tag': '8729011a-9805-4551-b917-d83edaa3546a', 'code': 200}
2026-05-18 01:50:03.641 10 INFO neutron.notifiers.nova [-] Nova event matching ['req-c64bfe5b-d235-42da-a111-0902fd91c34e'] response: {'server_uuid': '705e9cb2-c9a5-428d-98b6-cdf405da8f4f', 'name': 'network-vif-plugged', 'status': 'completed', 'tag': '8729011a-9805-4551-b917-d83edaa3546a', 'code': 200}
2026-05-18 01:50:03.689 9 INFO neutron.services.segments.plugin [-] Segment 36627817-1dda-49af-95b0-2165dd169c73 resource provider aggregate not found
2026-05-18 01:50:03.694 9 INFO neutron.services.segments.plugin [-] Segment 36627817-1dda-49af-95b0-2165dd169c73 resource provider aggregate not found
2026-05-18 01:50:03.711 9 INFO neutron.services.segments.plugin [-] Segment 36627817-1dda-49af-95b0-2165dd169c73 resource provider not found; error: Placement Client Error (4xx): {"errors": [{"status": 404, "title": "Not Found", "detail": "The resource could not be found.\n\n No resource provider with uuid 36627817-1dda-49af-95b0-2165dd169c73 found for delete ", "request_id": "req-44ebc0ea-d3f9-4993-a8ab-415e7e41d956"}]}
2026-05-18 01:50:03.712 9 INFO neutron.services.segments.plugin [-] Segment 36627817-1dda-49af-95b0-2165dd169c73 resource provider not found; error: Placement Client Error (4xx): {"errors": [{"status": 404, "title": "Not Found", "detail": "The resource could not be found.\n\n No resource provider with uuid 36627817-1dda-49af-95b0-2165dd169c73 found for delete ", "request_id": "req-97045bdb-7582-4536-b632-694918987bad"}]}
2026-05-18 01:50:03.724 9 INFO neutron.wsgi [None req-a86b2e12-a7e6-4278-b31b-666e4e624ff0 39096cfd43894e379f9907cbe77cef7e a98e3ab88bd54e3db323552c8e982242 - - default default] 10.0.0.96 "DELETE /v2.0/networks/8bb22298-89ea-4224-bbb7-14cf40681db8 HTTP/1.1" status: 204 len: 168 time: 0.6285260 /var/lib/openstack/lib/python3.10/site-packages/pycadf/identifier.py:71: UserWarning: Invalid uuid: neutron. To ensure interoperability, identifiers should be a valid uuid. warnings.warn(('Invalid uuid: %s. To ensure interoperability, '
2026-05-18 01:50:03.737 10 WARNING neutron_lib.context [None req-20d6e8e0-2e2e-4a4b-b9ad-0d5077e9f8f0 39096cfd43894e379f9907cbe77cef7e a98e3ab88bd54e3db323552c8e982242 - - default default] Method 'is_advsvc' is deprecated since 2023.2 release (neutron-lib 3.8.0) and will be removed once support for the old RBAC API policies will be removed from Neutron. Please use method 'is_service_role' instead.
2026-05-18 01:50:03.797 10 WARNING neutron_lib.context [None req-86252a70-2191-4c00-b3bf-e60f76ab1ec4 714ef3c650fe4a939e536c7f61286312 d781cb218784431695af3a07078ccd74 - - default default] Method 'is_advsvc' is deprecated since 2023.2 release (neutron-lib 3.8.0) and will be removed once support for the old RBAC API policies will be removed from Neutron. Please use method 'is_service_role' instead.
2026-05-18 01:50:03.870 10 INFO neutron.db.segments_db [None req-20d6e8e0-2e2e-4a4b-b9ad-0d5077e9f8f0 39096cfd43894e379f9907cbe77cef7e a98e3ab88bd54e3db323552c8e982242 - - default default] Added segment 1bfc43da-3dd4-4978-9159-5a9169548315 of type geneve for network 6425a1a7-7057-4f99-ae21-a5efc42305b2
2026-05-18 01:50:03.906 9 INFO neutron.wsgi [req-e694f73c-e088-4fab-9cb0-801abb09d8aa req-0b9d9d86-32d7-4216-a563-4120cfce4d4c 91a5df1cc6d84289b845e5eda9a40714 b165cc527a724f64b48ef09f2e284b8c - - default default] 10.0.0.52 "GET /v2.0/ports?device_id=705e9cb2-c9a5-428d-98b6-cdf405da8f4f HTTP/1.1" status: 200 len: 1174 time: 0.0373571
2026-05-18 01:50:03.952 9 INFO neutron.wsgi [req-e694f73c-e088-4fab-9cb0-801abb09d8aa req-92be4a09-5687-4ff7-90fd-cbc29702332d 91a5df1cc6d84289b845e5eda9a40714 b165cc527a724f64b48ef09f2e284b8c - - default default] 10.0.0.52 "GET /v2.0/security-groups?id=c1f00455-f932-4d61-bc22-f09758d56e37&fields=id&fields=name HTTP/1.1" status: 200 len: 312 time: 0.0384965
2026-05-18 01:50:04.122 10 INFO neutron.db.ovn_revision_numbers_db [None req-20d6e8e0-2e2e-4a4b-b9ad-0d5077e9f8f0 39096cfd43894e379f9907cbe77cef7e a98e3ab88bd54e3db323552c8e982242 - - default default] Successfully bumped revision number for resource 6425a1a7-7057-4f99-ae21-a5efc42305b2 (type: networks) to 1
2026-05-18 01:50:04.268 10 INFO neutron.wsgi [req-9cda6e1e-f2c0-4273-a833-93497ac21543 req-e222de05-1dd1-48bf-b59c-e2bd21bc986a 91a5df1cc6d84289b845e5eda9a40714 b165cc527a724f64b48ef09f2e284b8c - - default default] 10.0.0.52 "GET /v2.0/ports?device_id=705e9cb2-c9a5-428d-98b6-cdf405da8f4f HTTP/1.1" status: 200 len: 1174 time: 0.2174613
2026-05-18 01:50:04.351 10 WARNING neutron.scheduler.dhcp_agent_scheduler [None req-86252a70-2191-4c00-b3bf-e60f76ab1ec4 714ef3c650fe4a939e536c7f61286312 d781cb218784431695af3a07078ccd74 - - default default] No more DHCP agents
2026-05-18 01:50:04.356 10 INFO neutron.wsgi [req-9cda6e1e-f2c0-4273-a833-93497ac21543 req-af572afc-2569-4410-acfc-dfd0d7b0a52a 91a5df1cc6d84289b845e5eda9a40714 b165cc527a724f64b48ef09f2e284b8c - - default default] 10.0.0.52 "GET /v2.0/security-groups?id=c1f00455-f932-4d61-bc22-f09758d56e37&fields=id&fields=name HTTP/1.1" status: 200 len: 312 time: 0.0753591
2026-05-18 01:50:04.359 10 WARNING neutron.api.rpc.agentnotifiers.dhcp_rpc_agent_api [None req-86252a70-2191-4c00-b3bf-e60f76ab1ec4 714ef3c650fe4a939e536c7f61286312 d781cb218784431695af3a07078ccd74 - - default default] Unable to schedule network 5afd9e4d-2e2b-44a5-bd83-1bc4b43c35ba: no agents available; will retry on subsequent port and subnet creation events.
2026-05-18 01:50:04.443 9 INFO neutron.wsgi [None req-a9152c37-f755-4905-8f87-5d81e4a1227a 2666580e51004498804aea84a6cd6f95 6ea76eb1abaf4a0f8f45e5efba3eae04 - - default default] 10.0.0.96 "GET /v2.0/ports?device_id=705e9cb2-c9a5-428d-98b6-cdf405da8f4f HTTP/1.1" status: 200 len: 1408 time: 0.0541594
2026-05-18 01:50:04.452 9 WARNING neutron_lib.context [None req-fb454324-729c-40ac-b617-ce60ca93cdf3 91a5df1cc6d84289b845e5eda9a40714 b165cc527a724f64b48ef09f2e284b8c - - default default] Method 'is_advsvc' is deprecated since 2023.2 release (neutron-lib 3.8.0) and will be removed once support for the old RBAC API policies will be removed from Neutron. Please use method 'is_service_role' instead.
2026-05-18 01:50:04.455 10 WARNING neutron.scheduler.dhcp_agent_scheduler [None req-20d6e8e0-2e2e-4a4b-b9ad-0d5077e9f8f0 39096cfd43894e379f9907cbe77cef7e a98e3ab88bd54e3db323552c8e982242 - - default default] No more DHCP agents
2026-05-18 01:50:04.464 10 WARNING neutron.api.rpc.agentnotifiers.dhcp_rpc_agent_api [None req-20d6e8e0-2e2e-4a4b-b9ad-0d5077e9f8f0 39096cfd43894e379f9907cbe77cef7e a98e3ab88bd54e3db323552c8e982242 - - default default] Unable to schedule network 6425a1a7-7057-4f99-ae21-a5efc42305b2: no agents available; will retry on subsequent port and subnet creation events.
2026-05-18 01:50:04.607 10 INFO neutron.db.ovn_revision_numbers_db [None req-20d6e8e0-2e2e-4a4b-b9ad-0d5077e9f8f0 39096cfd43894e379f9907cbe77cef7e a98e3ab88bd54e3db323552c8e982242 - - default default] Successfully bumped revision number for resource 38d19a41-0ec2-422b-af43-6fdb775712d4 (type: ports) to 1
2026-05-18 01:50:04.658 10 INFO neutron.wsgi [None req-20d6e8e0-2e2e-4a4b-b9ad-0d5077e9f8f0 39096cfd43894e379f9907cbe77cef7e a98e3ab88bd54e3db323552c8e982242 - - default default] 10.0.0.96 "POST /v2.0/networks HTTP/1.1" status: 201 len: 834 time: 0.9278338
2026-05-18 01:50:04.674 10 WARNING neutron_lib.context [None req-a87eb48f-f289-4e23-babd-df82275a7897 39096cfd43894e379f9907cbe77cef7e a98e3ab88bd54e3db323552c8e982242 - - default default] Method 'is_advsvc' is deprecated since 2023.2 release (neutron-lib 3.8.0) and will be removed once support for the old RBAC API policies will be removed from Neutron. Please use method 'is_service_role' instead.
2026-05-18 01:50:04.690 9 WARNING neutron.scheduler.dhcp_agent_scheduler [None req-fb454324-729c-40ac-b617-ce60ca93cdf3 91a5df1cc6d84289b845e5eda9a40714 b165cc527a724f64b48ef09f2e284b8c - - default default] No more DHCP agents
2026-05-18 01:50:04.694 9 WARNING neutron.api.rpc.agentnotifiers.dhcp_rpc_agent_api [None req-fb454324-729c-40ac-b617-ce60ca93cdf3 91a5df1cc6d84289b845e5eda9a40714 b165cc527a724f64b48ef09f2e284b8c - - default default] Unable to schedule network 5afd9e4d-2e2b-44a5-bd83-1bc4b43c35ba: no agents available; will retry on subsequent port and subnet creation events.
2026-05-18 01:50:04.830 10 INFO neutron.db.ovn_revision_numbers_db [None req-116d625f-e392-4c59-b80a-55c5a9e49cbc 94bc3f0650194a7aa50b84a3e3a62c70 535ba092ed774de19d4ad28accdc03ef - - default default] Successfully bumped revision number for resource 892b7034-9725-4c92-b0ee-d73afd90c64c (type: security_groups) to 1
2026-05-18 01:50:04.858 10 INFO neutron.db.ovn_revision_numbers_db [None req-116d625f-e392-4c59-b80a-55c5a9e49cbc 94bc3f0650194a7aa50b84a3e3a62c70 535ba092ed774de19d4ad28accdc03ef - - default default] Successfully bumped revision number for resource 225f1569-dacf-467b-9059-26cbfb400115 (type: security_group_rules) to 0
2026-05-18 01:50:04.894 10 INFO neutron.db.ovn_revision_numbers_db [None req-116d625f-e392-4c59-b80a-55c5a9e49cbc 94bc3f0650194a7aa50b84a3e3a62c70 535ba092ed774de19d4ad28accdc03ef - - default default] Successfully bumped revision number for resource a55b05b7-b4f0-4786-a55e-634669c326db (type: security_group_rules) to 0
2026-05-18 01:50:04.914 10 INFO neutron.db.ovn_revision_numbers_db [None req-116d625f-e392-4c59-b80a-55c5a9e49cbc 94bc3f0650194a7aa50b84a3e3a62c70 535ba092ed774de19d4ad28accdc03ef - - default default] Successfully bumped revision number for resource bb272c3b-605f-4b2d-be85-d5421f24a10c (type: security_group_rules) to 0
2026-05-18 01:50:04.925 10 INFO neutron.wsgi [None req-86252a70-2191-4c00-b3bf-e60f76ab1ec4 714ef3c650fe4a939e536c7f61286312 d781cb218784431695af3a07078ccd74 - - default default] 10.0.0.96 "POST /v2.0/floatingips HTTP/1.1" status: 201 len: 751 time: 1.3068545
2026-05-18 01:50:04.945 10 INFO neutron.db.ovn_revision_numbers_db [None req-116d625f-e392-4c59-b80a-55c5a9e49cbc 94bc3f0650194a7aa50b84a3e3a62c70 535ba092ed774de19d4ad28accdc03ef - - default default] Successfully bumped revision number for resource fa649122-04f7-495c-b5b7-85c4ccaf3c04 (type: security_group_rules) to 0
2026-05-18 01:50:05.014 10 INFO neutron.wsgi [None req-116d625f-e392-4c59-b80a-55c5a9e49cbc 94bc3f0650194a7aa50b84a3e3a62c70 535ba092ed774de19d4ad28accdc03ef - - default default] 10.0.0.96 "GET /v2.0/security-groups?tenant_id=bcdbddcb1d5a4f74902115ac2f2bc307&name=default HTTP/1.1" status: 200 len: 3120 time: 0.5723612
2026-05-18 01:50:05.032 10 INFO neutron.wsgi [None req-3498329d-568b-4499-a547-1a52fbef9323 714ef3c650fe4a939e536c7f61286312 d781cb218784431695af3a07078ccd74 - - default default] 10.0.0.96 "PUT /v2.0/floatingips/21726f85-ad40-402f-92ee-18a0a6769283/tags HTTP/1.1" status: 200 len: 218 time: 0.0999200
2026-05-18 01:50:05.070 10 WARNING neutron.scheduler.dhcp_agent_scheduler [None req-a87eb48f-f289-4e23-babd-df82275a7897 39096cfd43894e379f9907cbe77cef7e a98e3ab88bd54e3db323552c8e982242 - - default default] No more DHCP agents
2026-05-18 01:50:05.072 10 WARNING neutron.api.rpc.agentnotifiers.dhcp_rpc_agent_api [None req-a87eb48f-f289-4e23-babd-df82275a7897 39096cfd43894e379f9907cbe77cef7e a98e3ab88bd54e3db323552c8e982242 - - default default] Unable to schedule network 6425a1a7-7057-4f99-ae21-a5efc42305b2: no agents available; will retry on subsequent port and subnet creation events.
2026-05-18 01:50:05.111 10 INFO neutron.db.ovn_revision_numbers_db [None req-a87eb48f-f289-4e23-babd-df82275a7897 39096cfd43894e379f9907cbe77cef7e a98e3ab88bd54e3db323552c8e982242 - - default default] Successfully bumped revision number for resource 42d3b735-2f0b-4852-9772-98a84515b6e7 (type: subnets) to 0
