2026-05-18 01:51:41.557 9 INFO neutron.db.ovn_revision_numbers_db [None req-60238cf2-8934-4776-9d9e-b3be644f2c3a 0694453ad2284e1593349eec4f207c80 ab82679b9dc04db0acc046647b27ec6c - - default default] Successfully bumped revision number for resource 9585b58d-d6f0-420a-9005-feb2d0f1cac0 (type: security_group_rules) to 0
2026-05-18 01:51:41.578 9 INFO neutron.wsgi [None req-60238cf2-8934-4776-9d9e-b3be644f2c3a 0694453ad2284e1593349eec4f207c80 ab82679b9dc04db0acc046647b27ec6c - - default default] 10.0.0.96 "POST /v2.0/security-groups HTTP/1.1" status: 201 len: 1801 time: 0.2880020
2026-05-18 01:51:41.636 10 INFO neutron.wsgi [None req-c5353926-b755-4399-ac57-c1ef4386a0db 0694453ad2284e1593349eec4f207c80 ab82679b9dc04db0acc046647b27ec6c - - default default] 10.0.0.96 "PUT /v2.0/security-groups/68b13efe-982a-4463-86e0-e346980c5416/tags HTTP/1.1" status: 200 len: 210 time: 0.0519848 /var/lib/openstack/lib/python3.10/site-packages/pycadf/identifier.py:71: UserWarning: Invalid uuid: neutron. To ensure interoperability, identifiers should be a valid uuid. warnings.warn(('Invalid uuid: %s. To ensure interoperability, '
2026-05-18 01:51:41.692 9 INFO neutron.wsgi [None req-2f658037-e5be-48a6-b15f-a2992e34930b 0694453ad2284e1593349eec4f207c80 ab82679b9dc04db0acc046647b27ec6c - - default default] 10.0.0.96 "PUT /v2.0/security-groups/de533ad5-62ed-477c-9ab7-e4480135b78c/tags HTTP/1.1" status: 200 len: 218 time: 0.0518630
2026-05-18 01:51:41.767 10 INFO neutron.wsgi [None req-fc4f705b-5d68-41ce-aaff-1dcbf282ca4a 0694453ad2284e1593349eec4f207c80 ab82679b9dc04db0acc046647b27ec6c - - default default] 10.0.0.96 "PUT /v2.0/security-groups/999ecf1f-de8f-4a4d-becb-1eb89dbe9e56/tags HTTP/1.1" status: 200 len: 227 time: 0.0698769
2026-05-18 01:51:41.805 9 INFO neutron.wsgi [None req-bff1e304-a03b-45b7-9d7c-d1e779059f85 0694453ad2284e1593349eec4f207c80 ab82679b9dc04db0acc046647b27ec6c - - default default] 10.0.0.96 "PUT /v2.0/security-groups/643ea337-9524-49b3-ad57-05d3a384a667/tags HTTP/1.1" status: 200 len: 212 time: 0.0331409
2026-05-18 01:51:41.865 9 INFO neutron.wsgi [None req-cab8e350-5605-4bb2-b558-5bebfb92a226 0694453ad2284e1593349eec4f207c80 ab82679b9dc04db0acc046647b27ec6c - - default default] 10.0.0.96 "GET /v2.0/security-groups?tags=red HTTP/1.1" status: 200 len: 4999 time: 0.0557041
2026-05-18 01:51:41.912 9 INFO neutron.wsgi [None req-16cefae1-87fa-4784-806e-2ef9eba3fb21 0694453ad2284e1593349eec4f207c80 ab82679b9dc04db0acc046647b27ec6c - - default default] 10.0.0.96 "GET /v2.0/security-groups?tags=red%2Cblue HTTP/1.1" status: 200 len: 3413 time: 0.0422351
2026-05-18 01:51:41.966 9 INFO neutron.wsgi [None req-08da52a5-6e2a-4062-872f-a60e00e6a9da 0694453ad2284e1593349eec4f207c80 ab82679b9dc04db0acc046647b27ec6c - - default default] 10.0.0.96 "GET /v2.0/security-groups?tags-any=blue HTTP/1.1" status: 200 len: 3413 time: 0.0496266
2026-05-18 01:51:42.014 9 INFO neutron.wsgi [None req-49963e8f-f4c6-4576-a195-dcce513ca13c 0694453ad2284e1593349eec4f207c80 ab82679b9dc04db0acc046647b27ec6c - - default default] 10.0.0.96 "GET /v2.0/security-groups?tags-any=red%2Cblue HTTP/1.1" status: 200 len: 4999 time: 0.0429540
2026-05-18 01:51:42.069 9 INFO neutron.wsgi [None req-cc09995c-f6f0-421d-8137-d19a2f01f359 0694453ad2284e1593349eec4f207c80 ab82679b9dc04db0acc046647b27ec6c - - default default] 10.0.0.96 "GET /v2.0/security-groups?not-tags=red HTTP/1.1" status: 200 len: 6289 time: 0.0497236
2026-05-18 01:51:42.119 9 INFO neutron.wsgi [None req-c5ded9fd-9193-40b4-ad93-454624954ccb 0694453ad2284e1593349eec4f207c80 ab82679b9dc04db0acc046647b27ec6c - - default default] 10.0.0.96 "GET /v2.0/security-groups?not-tags=red%2Cblue HTTP/1.1" status: 200 len: 7875 time: 0.0450823
2026-05-18 01:51:42.153 10 INFO neutron.db.l3_db [req-61fd2ddc-07a1-46f8-9078-72db9befc458 req-74e1e46e-c18f-4dd5-9a25-32c81b61a194 2eb6627ca9044b2ba2eaa4e709496644 8a50feef75b54f24905efd6e9b47e59c - - default default] Floating IP edb44641-71e4-40f9-b4fa-18a6d6421c11 disassociated. External IP: 10.96.250.213, port: cb774e00-7a4b-4dc0-a4b4-44675fba5ce4.
2026-05-18 01:51:42.191 9 INFO neutron.wsgi [None req-a0c58b32-d577-4bf4-aade-8a2af94cf2ab 0694453ad2284e1593349eec4f207c80 ab82679b9dc04db0acc046647b27ec6c - - default default] 10.0.0.96 "GET /v2.0/security-groups?not-tags-any=blue HTTP/1.1" status: 200 len: 7875 time: 0.0675199
2026-05-18 01:51:42.239 9 INFO neutron.wsgi [None req-f97bfb6f-eec8-49f6-9e2a-06e07ec7f62f 0694453ad2284e1593349eec4f207c80 ab82679b9dc04db0acc046647b27ec6c - - default default] 10.0.0.96 "GET /v2.0/security-groups?not-tags-any=red%2Cblue HTTP/1.1" status: 200 len: 6289 time: 0.0441430
2026-05-18 01:51:42.280 10 INFO neutron.wsgi [req-61fd2ddc-07a1-46f8-9078-72db9befc458 req-74e1e46e-c18f-4dd5-9a25-32c81b61a194 2eb6627ca9044b2ba2eaa4e709496644 8a50feef75b54f24905efd6e9b47e59c - - default default] 199.204.45.4 "DELETE /v2.0/ports/cb774e00-7a4b-4dc0-a4b4-44675fba5ce4 HTTP/1.1" status: 204 len: 173 time: 0.8299334 /var/lib/openstack/lib/python3.10/site-packages/pycadf/identifier.py:71: UserWarning: Invalid uuid: neutron. To ensure interoperability, identifiers should be a valid uuid. warnings.warn(('Invalid uuid: %s. To ensure interoperability, '
2026-05-18 01:51:42.315 10 INFO neutron.notifiers.nova [-] Nova event matching ['req-b65e6d47-a6df-462b-bcd3-426faba291a3'] response: {'server_uuid': '0e46b7b5-74a8-45fc-9c11-12d053a6be61', 'name': 'network-vif-deleted', 'tag': 'cb774e00-7a4b-4dc0-a4b4-44675fba5ce4', 'status': 'completed', 'code': 200}
2026-05-18 01:51:42.317 10 INFO neutron.wsgi [req-61533638-609e-40b9-9e76-4f78a5cdd04f req-a55b6cf8-5a00-4542-b596-7efa4bbe302b 2eb6627ca9044b2ba2eaa4e709496644 8a50feef75b54f24905efd6e9b47e59c - - default default] 10.0.0.52 "GET /v2.0/ports?device_id=0e46b7b5-74a8-45fc-9c11-12d053a6be61 HTTP/1.1" status: 200 len: 210 time: 0.0269101
2026-05-18 01:51:42.348 9 INFO neutron.wsgi [None req-86b54122-10e7-4067-93a9-c0e6d9035b7b 0694453ad2284e1593349eec4f207c80 ab82679b9dc04db0acc046647b27ec6c - - default default] 10.0.0.96 "DELETE /v2.0/security-groups/68b13efe-982a-4463-86e0-e346980c5416 HTTP/1.1" status: 204 len: 168 time: 0.1015079
2026-05-18 01:51:42.470 9 INFO neutron.wsgi [None req-2eb7dffa-fb92-4966-83e9-862700b8a04a 0694453ad2284e1593349eec4f207c80 ab82679b9dc04db0acc046647b27ec6c - - default default] 10.0.0.96 "DELETE /v2.0/security-groups/de533ad5-62ed-477c-9ab7-e4480135b78c HTTP/1.1" status: 204 len: 168 time: 0.1177773
2026-05-18 01:51:42.591 9 INFO neutron.wsgi [None req-6262a6c4-1785-480e-95dc-016b6c2626ba 0694453ad2284e1593349eec4f207c80 ab82679b9dc04db0acc046647b27ec6c - - default default] 10.0.0.96 "DELETE /v2.0/security-groups/999ecf1f-de8f-4a4d-becb-1eb89dbe9e56 HTTP/1.1" status: 204 len: 168 time: 0.1154985
2026-05-18 01:51:42.718 9 INFO neutron.wsgi [None req-af86309c-4f0c-4d4b-98f6-f271663cd825 0694453ad2284e1593349eec4f207c80 ab82679b9dc04db0acc046647b27ec6c - - default default] 10.0.0.96 "DELETE /v2.0/security-groups/643ea337-9524-49b3-ad57-05d3a384a667 HTTP/1.1" status: 204 len: 168 time: 0.1219208
2026-05-18 01:51:42.826 9 INFO neutron.wsgi [None req-c0e3ad0f-2a8a-46bd-bfba-2f303122cbdb 0694453ad2284e1593349eec4f207c80 ab82679b9dc04db0acc046647b27ec6c - - default default] 10.0.0.96 "DELETE /v2.0/security-groups/e5428ab6-e710-41f8-9b53-ff3b17ac294b HTTP/1.1" status: 204 len: 168 time: 0.1028323
2026-05-18 01:51:43.352 9 INFO neutron.notifiers.nova [-] Nova event matching ['req-5a58eeb1-1514-4c66-aecb-ae0dc8eed9e4'] response: {'server_uuid': '0e46b7b5-74a8-45fc-9c11-12d053a6be61', 'name': 'network-vif-unplugged', 'status': 'completed', 'tag': 'cb774e00-7a4b-4dc0-a4b4-44675fba5ce4', 'code': 200}
2026-05-18 01:51:43.604 9 INFO neutron.wsgi [None req-284ce8c0-e84e-4b2f-83fa-4eb8a3290a1a 2eb6627ca9044b2ba2eaa4e709496644 8a50feef75b54f24905efd6e9b47e59c - - default default] 10.0.0.96 "DELETE /v2.0/security-groups/30328a4b-3608-4074-a874-e7354c19d50d HTTP/1.1" status: 204 len: 168 time: 0.1179640
2026-05-18 01:51:43.620 9 INFO neutron.api.v2.resource [None req-2013cd4d-4bcb-430f-97bd-c8eeb2f034c5 2eb6627ca9044b2ba2eaa4e709496644 8a50feef75b54f24905efd6e9b47e59c - - default default] show failed (client error): The resource could not be found.
2026-05-18 01:51:43.622 9 INFO neutron.wsgi [None req-2013cd4d-4bcb-430f-97bd-c8eeb2f034c5 2eb6627ca9044b2ba2eaa4e709496644 8a50feef75b54f24905efd6e9b47e59c - - default default] 10.0.0.96 "GET /v2.0/security-groups/30328a4b-3608-4074-a874-e7354c19d50d HTTP/1.1" status: 404 len: 347 time: 0.0129652
2026-05-18 01:51:44.048 10 INFO neutron.db.ovn_revision_numbers_db [None req-b0317661-8188-4e78-9033-8856bd957c42 94bc3f0650194a7aa50b84a3e3a62c70 535ba092ed774de19d4ad28accdc03ef - - default default] Successfully bumped revision number for resource 57fbc476-e533-4cfe-8e62-0d72420f2801 (type: security_groups) to 1
2026-05-18 01:51:44.078 10 INFO neutron.db.ovn_revision_numbers_db [None req-b0317661-8188-4e78-9033-8856bd957c42 94bc3f0650194a7aa50b84a3e3a62c70 535ba092ed774de19d4ad28accdc03ef - - default default] Successfully bumped revision number for resource 575ca896-ff2a-4872-8c42-f1fbebaea756 (type: security_group_rules) to 0
2026-05-18 01:51:44.098 10 INFO neutron.db.ovn_revision_numbers_db [None req-b0317661-8188-4e78-9033-8856bd957c42 94bc3f0650194a7aa50b84a3e3a62c70 535ba092ed774de19d4ad28accdc03ef - - default default] Successfully bumped revision number for resource 5d71fb09-b064-45a9-b676-2950fdde8b29 (type: security_group_rules) to 0
2026-05-18 01:51:44.113 10 INFO neutron.db.ovn_revision_numbers_db [None req-b0317661-8188-4e78-9033-8856bd957c42 94bc3f0650194a7aa50b84a3e3a62c70 535ba092ed774de19d4ad28accdc03ef - - default default] Successfully bumped revision number for resource 95110908-9dfe-4a4b-8e0c-4fea415b885a (type: security_group_rules) to 0
2026-05-18 01:51:44.130 10 INFO neutron.db.ovn_revision_numbers_db [None req-b0317661-8188-4e78-9033-8856bd957c42 94bc3f0650194a7aa50b84a3e3a62c70 535ba092ed774de19d4ad28accdc03ef - - default default] Successfully bumped revision number for resource c50afc69-cd74-468b-9d21-197653308e04 (type: security_group_rules) to 0
2026-05-18 01:51:44.150 10 INFO neutron.wsgi [None req-b0317661-8188-4e78-9033-8856bd957c42 94bc3f0650194a7aa50b84a3e3a62c70 535ba092ed774de19d4ad28accdc03ef - - default default] 10.0.0.96 "GET /v2.0/security-groups?tenant_id=4e324089843049bdaff5f2e4b979c0f7&name=default HTTP/1.1" status: 200 len: 3120 time: 0.4225090
2026-05-18 01:51:44.341 9 INFO neutron.wsgi [None req-08207228-a393-483d-8bfd-f7eaba1b159e 2eb6627ca9044b2ba2eaa4e709496644 8a50feef75b54f24905efd6e9b47e59c - - default default] 10.0.0.96 "DELETE /v2.0/floatingips/edb44641-71e4-40f9-b4fa-18a6d6421c11 HTTP/1.1" status: 204 len: 168 time: 0.7147737
2026-05-18 01:51:44.386 10 INFO neutron.wsgi [None req-2ec75bcb-c01b-4678-b9ea-6d7e590e7a06 94bc3f0650194a7aa50b84a3e3a62c70 535ba092ed774de19d4ad28accdc03ef - - default default] 10.0.0.96 "DELETE /v2.0/security-groups/57fbc476-e533-4cfe-8e62-0d72420f2801 HTTP/1.1" status: 204 len: 168 time: 0.2154741
2026-05-18 01:51:44.510 9 INFO neutron.wsgi [None req-415ed9a2-1063-4bb6-b102-f9bd9278f32c 2eb6627ca9044b2ba2eaa4e709496644 8a50feef75b54f24905efd6e9b47e59c - - default default] 10.0.0.96 "DELETE /v2.0/security-groups/1a559924-ad39-4f1d-920d-49904f72147a HTTP/1.1" status: 204 len: 168 time: 0.1641443
2026-05-18 01:51:44.541 10 INFO neutron.wsgi [None req-d59e2cec-0332-4283-97b1-e35f683973e9 94bc3f0650194a7aa50b84a3e3a62c70 535ba092ed774de19d4ad28accdc03ef - - default default] 10.0.0.96 "GET /v2.0/security-groups?tenant_id=ab82679b9dc04db0acc046647b27ec6c&name=default HTTP/1.1" status: 200 len: 3120 time: 0.0416315
2026-05-18 01:51:44.751 10 INFO neutron.wsgi [None req-a7ac0f0f-61f2-458d-b447-6ecd8398eb6e 94bc3f0650194a7aa50b84a3e3a62c70 535ba092ed774de19d4ad28accdc03ef - - default default] 10.0.0.96 "DELETE /v2.0/security-groups/33ca109c-2fb2-4ed4-bd04-7a8219821a17 HTTP/1.1" status: 204 len: 168 time: 0.2056360
2026-05-18 01:51:45.150 9 INFO neutron.db.ovn_revision_numbers_db [None req-03dc9ddd-2fe2-473f-a417-07a8386f5615 94bc3f0650194a7aa50b84a3e3a62c70 535ba092ed774de19d4ad28accdc03ef - - default default] Successfully bumped revision number for resource a7b8c398-a06b-4f09-8ef0-db10bd4920ea (type: security_groups) to 1
2026-05-18 01:51:45.164 9 INFO neutron.db.ovn_revision_numbers_db [None req-03dc9ddd-2fe2-473f-a417-07a8386f5615 94bc3f0650194a7aa50b84a3e3a62c70 535ba092ed774de19d4ad28accdc03ef - - default default] Successfully bumped revision number for resource 43636fcc-4b92-44ba-bced-99ff10c7881d (type: security_group_rules) to 0
2026-05-18 01:51:45.191 9 INFO neutron.db.ovn_revision_numbers_db [None req-03dc9ddd-2fe2-473f-a417-07a8386f5615 94bc3f0650194a7aa50b84a3e3a62c70 535ba092ed774de19d4ad28accdc03ef - - default default] Successfully bumped revision number for resource 4be6e137-b3f5-418c-8b9d-f2e20c6a6c45 (type: security_group_rules) to 0
2026-05-18 01:51:45.206 9 INFO neutron.db.ovn_revision_numbers_db [None req-03dc9ddd-2fe2-473f-a417-07a8386f5615 94bc3f0650194a7aa50b84a3e3a62c70 535ba092ed774de19d4ad28accdc03ef - - default default] Successfully bumped revision number for resource 86e472ed-118d-4d8e-86e7-335fb3a23345 (type: security_group_rules) to 0
2026-05-18 01:51:45.237 9 INFO neutron.db.ovn_revision_numbers_db [None req-03dc9ddd-2fe2-473f-a417-07a8386f5615 94bc3f0650194a7aa50b84a3e3a62c70 535ba092ed774de19d4ad28accdc03ef - - default default] Successfully bumped revision number for resource a8a8d1a9-e955-46ac-8d83-624f3ece84a0 (type: security_group_rules) to 0
2026-05-18 01:51:45.262 9 INFO neutron.wsgi [None req-03dc9ddd-2fe2-473f-a417-07a8386f5615 94bc3f0650194a7aa50b84a3e3a62c70 535ba092ed774de19d4ad28accdc03ef - - default default] 10.0.0.96 "GET /v2.0/security-groups?tenant_id=0e69b04a8b984eecad1a546aca578573&name=default HTTP/1.1" status: 200 len: 3124 time: 0.3186917
2026-05-18 01:51:45.491 10 INFO neutron.wsgi [None req-891416e6-6c52-468a-bc2e-b9c575b6708b 94bc3f0650194a7aa50b84a3e3a62c70 535ba092ed774de19d4ad28accdc03ef - - default default] 10.0.0.96 "DELETE /v2.0/security-groups/a7b8c398-a06b-4f09-8ef0-db10bd4920ea HTTP/1.1" status: 204 len: 168 time: 0.2204125
2026-05-18 01:51:45.767 9 INFO neutron.wsgi [None req-fdfb4b3a-0b7f-4890-90ab-c091f0612e09 94bc3f0650194a7aa50b84a3e3a62c70 535ba092ed774de19d4ad28accdc03ef - - default default] 10.0.0.96 "PUT /v2.0/routers/2218f8a0-f2be-4deb-b9ff-ebce1d811fda/remove_router_interface HTTP/1.1" status: 200 len: 503 time: 1.2153006 /var/lib/openstack/lib/python3.10/site-packages/pycadf/identifier.py:71: UserWarning: Invalid uuid: neutron. To ensure interoperability, identifiers should be a valid uuid. warnings.warn(('Invalid uuid: %s. To ensure interoperability, '
2026-05-18 01:51:46.911 9 INFO neutron.wsgi [None req-dbb07b08-fe27-4556-a765-02389f9247ad 94bc3f0650194a7aa50b84a3e3a62c70 535ba092ed774de19d4ad28accdc03ef - - default default] 10.0.0.96 "DELETE /v2.0/routers/2218f8a0-f2be-4deb-b9ff-ebce1d811fda HTTP/1.1" status: 204 len: 168 time: 1.1389916
2026-05-18 01:51:47.152 10 INFO neutron.wsgi [None req-1c0e9c7c-788b-4859-8be5-b4ac06c02344 94bc3f0650194a7aa50b84a3e3a62c70 535ba092ed774de19d4ad28accdc03ef - - default default] 10.0.0.96 "DELETE /v2.0/subnets/ed8d606c-fd23-4e45-949c-e7b71e2b049c HTTP/1.1" status: 204 len: 168 time: 0.2350178
2026-05-18 01:51:47.503 9 INFO neutron.services.segments.plugin [-] Segment 21d562af-c691-4982-bd8c-3121e4a946d2 resource provider aggregate not found
2026-05-18 01:51:47.508 9 INFO neutron.services.segments.plugin [-] Segment 21d562af-c691-4982-bd8c-3121e4a946d2 resource provider aggregate not found
2026-05-18 01:51:47.520 9 INFO neutron.services.segments.plugin [-] Segment 21d562af-c691-4982-bd8c-3121e4a946d2 resource provider not found; error: Placement Client Error (4xx): {"errors": [{"status": 404, "title": "Not Found", "detail": "The resource could not be found.\n\n No resource provider with uuid 21d562af-c691-4982-bd8c-3121e4a946d2 found for delete ", "request_id": "req-bf9d218f-abab-43cd-bffc-2d1bdf6c0954"}]}
2026-05-18 01:51:47.521 9 INFO neutron.services.segments.plugin [-] Segment 21d562af-c691-4982-bd8c-3121e4a946d2 resource provider not found; error: Placement Client Error (4xx): {"errors": [{"status": 404, "title": "Not Found", "detail": "The resource could not be found.\n\n No resource provider with uuid 21d562af-c691-4982-bd8c-3121e4a946d2 found for delete ", "request_id": "req-949901f2-c68e-422e-8488-111da10c2ac2"}]}
2026-05-18 01:51:47.537 9 INFO neutron.wsgi [None req-e0293813-848b-4dd6-a6f5-7bfae758f7f6 94bc3f0650194a7aa50b84a3e3a62c70 535ba092ed774de19d4ad28accdc03ef - - default default] 10.0.0.96 "DELETE /v2.0/networks/fb583c11-009d-4b06-b8fc-aba7bd798aca HTTP/1.1" status: 204 len: 168 time: 0.3660371
2026-05-18 01:51:48.049 9 INFO neutron.wsgi [-] 10.0.0.151 "GET / HTTP/1.1" status: 200 len: 246 time: 0.0036557
2026-05-18 01:51:48.053 9 INFO neutron.wsgi [-] 10.0.0.151 "GET / HTTP/1.1" status: 200 len: 246 time: 0.0023859
2026-05-18 01:51:48.595 10 INFO neutron.wsgi [None req-d147fb81-7a40-4d16-82a5-8464753c84cf 94bc3f0650194a7aa50b84a3e3a62c70 535ba092ed774de19d4ad28accdc03ef - - default default] 10.0.0.96 "PUT /v2.0/routers/ea193118-adcf-42bb-bef6-8e54567d42d8/remove_router_interface HTTP/1.1" status: 200 len: 503 time: 1.0520153
2026-05-18 01:51:49.431 9 INFO neutron.wsgi [None req-c5199a63-cf8f-4434-ad49-8307fadcb510 94bc3f0650194a7aa50b84a3e3a62c70 535ba092ed774de19d4ad28accdc03ef - - default default] 10.0.0.96 "DELETE /v2.0/routers/ea193118-adcf-42bb-bef6-8e54567d42d8 HTTP/1.1" status: 204 len: 168 time: 0.8298545
2026-05-18 01:51:49.642 9 INFO neutron.wsgi [None req-37903d13-1318-4bdc-8747-4246b437629a 94bc3f0650194a7aa50b84a3e3a62c70 535ba092ed774de19d4ad28accdc03ef - - default default] 10.0.0.96 "DELETE /v2.0/subnets/962f068c-7c89-4f6a-8d29-afff059e40aa HTTP/1.1" status: 204 len: 168 time: 0.2046864 /var/lib/openstack/lib/python3.10/site-packages/pycadf/identifier.py:71: UserWarning: Invalid uuid: neutron. To ensure interoperability, identifiers should be a valid uuid. warnings.warn(('Invalid uuid: %s. To ensure interoperability, '
2026-05-18 01:51:49.753 10 WARNING neutron_lib.context [None req-f4470fd7-ad37-44c9-add0-4c2dffdd5634 7950575e42864504babdfc8144fb9057 b6bedcaf88464e29a4bf0fe6d65401e1 - - default default] Method 'is_advsvc' is deprecated since 2023.2 release (neutron-lib 3.8.0) and will be removed once support for the old RBAC API policies will be removed from Neutron. Please use method 'is_service_role' instead.
2026-05-18 01:51:49.900 10 WARNING neutron_lib.context [None req-03618da3-9b3f-4fe6-b42d-9111ba92dfe1 8e1ad725d73b476393bedcf069420d92 0a75a40e8f2f4e3b9b9745d81db00e21 - - default default] Method 'is_advsvc' is deprecated since 2023.2 release (neutron-lib 3.8.0) and will be removed once support for the old RBAC API policies will be removed from Neutron. Please use method 'is_service_role' instead.
2026-05-18 01:51:49.954 10 INFO neutron.db.ovn_revision_numbers_db [None req-f4470fd7-ad37-44c9-add0-4c2dffdd5634 7950575e42864504babdfc8144fb9057 b6bedcaf88464e29a4bf0fe6d65401e1 - - default default] Successfully bumped revision number for resource 36c23eff-024f-442e-a582-0c7ddb2b5a8b (type: security_groups) to 1
2026-05-18 01:51:49.973 10 INFO neutron.db.ovn_revision_numbers_db [None req-f4470fd7-ad37-44c9-add0-4c2dffdd5634 7950575e42864504babdfc8144fb9057 b6bedcaf88464e29a4bf0fe6d65401e1 - - default default] Successfully bumped revision number for resource 00deff72-e358-41d8-9cc8-994110c7ef50 (type: security_group_rules) to 0
2026-05-18 01:51:49.998 10 INFO neutron.db.ovn_revision_numbers_db [None req-f4470fd7-ad37-44c9-add0-4c2dffdd5634 7950575e42864504babdfc8144fb9057 b6bedcaf88464e29a4bf0fe6d65401e1 - - default default] Successfully bumped revision number for resource 22651cbf-6736-43fe-8b69-9cc0e2b9b48b (type: security_group_rules) to 0
2026-05-18 01:51:50.017 10 INFO neutron.db.ovn_revision_numbers_db [None req-f4470fd7-ad37-44c9-add0-4c2dffdd5634 7950575e42864504babdfc8144fb9057 b6bedcaf88464e29a4bf0fe6d65401e1 - - default default] Successfully bumped revision number for resource 39c51ec3-ff09-490e-826a-d07cbb885093 (type: security_group_rules) to 0
2026-05-18 01:51:50.043 10 INFO neutron.db.ovn_revision_numbers_db [None req-f4470fd7-ad37-44c9-add0-4c2dffdd5634 7950575e42864504babdfc8144fb9057 b6bedcaf88464e29a4bf0fe6d65401e1 - - default default] Successfully bumped revision number for resource 7158c5d8-7c3e-49fe-a6c4-676a6ad15497 (type: security_group_rules) to 0
2026-05-18 01:51:50.064 9 INFO neutron.services.segments.plugin [-] Segment 830dd634-3cb6-40f1-9b52-c85443b91ca3 resource provider aggregate not found
2026-05-18 01:51:50.069 9 INFO neutron.services.segments.plugin [-] Segment 830dd634-3cb6-40f1-9b52-c85443b91ca3 resource provider aggregate not found
2026-05-18 01:51:50.087 9 INFO neutron.services.segments.plugin [-] Segment 830dd634-3cb6-40f1-9b52-c85443b91ca3 resource provider not found; error: Placement Client Error (4xx): {"errors": [{"status": 404, "title": "Not Found", "detail": "The resource could not be found.\n\n No resource provider with uuid 830dd634-3cb6-40f1-9b52-c85443b91ca3 found for delete ", "request_id": "req-d1305ad2-9181-41a5-910b-6ff6d99a298d"}]}
2026-05-18 01:51:50.089 9 INFO neutron.services.segments.plugin [-] Segment 830dd634-3cb6-40f1-9b52-c85443b91ca3 resource provider not found; error: Placement Client Error (4xx): {"errors": [{"status": 404, "title": "Not Found", "detail": "The resource could not be found.\n\n No resource provider with uuid 830dd634-3cb6-40f1-9b52-c85443b91ca3 found for delete ", "request_id": "req-0c5172f5-57d8-4354-9244-9b7a907cfcd2"}]}
2026-05-18 01:51:50.096 9 INFO neutron.wsgi [None req-39598486-4cd2-4ca3-a410-f6b6552ab2f2 94bc3f0650194a7aa50b84a3e3a62c70 535ba092ed774de19d4ad28accdc03ef - - default default] 10.0.0.96 "DELETE /v2.0/networks/31d96fc2-f134-4c63-9fa3-569973c9b40f HTTP/1.1" status: 204 len: 168 time: 0.4470947
2026-05-18 01:51:50.109 10 INFO neutron.db.ovn_revision_numbers_db [None req-03618da3-9b3f-4fe6-b42d-9111ba92dfe1 8e1ad725d73b476393bedcf069420d92 0a75a40e8f2f4e3b9b9745d81db00e21 - - default default] Successfully bumped revision number for resource fd3b15c0-469a-4df6-be7b-2ba852963806 (type: security_groups) to 1
2026-05-18 01:51:50.123 10 INFO neutron.db.segments_db [None req-f4470fd7-ad37-44c9-add0-4c2dffdd5634 7950575e42864504babdfc8144fb9057 b6bedcaf88464e29a4bf0fe6d65401e1 - - default default] Added segment 3c9e723b-fd1f-44d8-a9c3-a7bb4f78f932 of type geneve for network ce93c627-a228-4799-8b38-f913c4fcc098
2026-05-18 01:51:50.131 10 INFO neutron.db.ovn_revision_numbers_db [None req-03618da3-9b3f-4fe6-b42d-9111ba92dfe1 8e1ad725d73b476393bedcf069420d92 0a75a40e8f2f4e3b9b9745d81db00e21 - - default default] Successfully bumped revision number for resource 4594f6c2-6f05-479c-88ad-3507d06c1396 (type: security_group_rules) to 0
2026-05-18 01:51:50.153 10 INFO neutron.db.ovn_revision_numbers_db [None req-03618da3-9b3f-4fe6-b42d-9111ba92dfe1 8e1ad725d73b476393bedcf069420d92 0a75a40e8f2f4e3b9b9745d81db00e21 - - default default] Successfully bumped revision number for resource 64a44491-cf8a-4d2f-9b3c-e303d6419130 (type: security_group_rules) to 0
2026-05-18 01:51:50.217 10 INFO neutron.db.ovn_revision_numbers_db [None req-03618da3-9b3f-4fe6-b42d-9111ba92dfe1 8e1ad725d73b476393bedcf069420d92 0a75a40e8f2f4e3b9b9745d81db00e21 - - default default] Successfully bumped revision number for resource 95508177-f932-4cb4-91ec-d8366e2951ca (type: security_group_rules) to 0
2026-05-18 01:51:50.232 10 INFO neutron.db.ovn_revision_numbers_db [None req-03618da3-9b3f-4fe6-b42d-9111ba92dfe1 8e1ad725d73b476393bedcf069420d92 0a75a40e8f2f4e3b9b9745d81db00e21 - - default default] Successfully bumped revision number for resource b7ac1e9a-43b7-4409-987b-211354d9fe6b (type: security_group_rules) to 0
2026-05-18 01:51:50.319 10 INFO neutron.db.segments_db [None req-03618da3-9b3f-4fe6-b42d-9111ba92dfe1 8e1ad725d73b476393bedcf069420d92 0a75a40e8f2f4e3b9b9745d81db00e21 - - default default] Added segment a5874d19-15c2-4e40-abd2-e5d08c0434b9 of type geneve for network e4bdd4d6-94d8-4ee0-a79f-e89f9cd06543
2026-05-18 01:51:50.334 10 INFO neutron.db.ovn_revision_numbers_db [None req-f4470fd7-ad37-44c9-add0-4c2dffdd5634 7950575e42864504babdfc8144fb9057 b6bedcaf88464e29a4bf0fe6d65401e1 - - default default] Successfully bumped revision number for resource ce93c627-a228-4799-8b38-f913c4fcc098 (type: networks) to 1
2026-05-18 01:51:50.480 9 INFO neutron.wsgi [None req-97090727-eb6b-4c71-ace5-a9a90e36644d 94bc3f0650194a7aa50b84a3e3a62c70 535ba092ed774de19d4ad28accdc03ef - - default default] 10.0.0.96 "GET /v2.0/security-groups?tenant_id=9b29777b6f874fb6b097b7c9579c4923&name=default HTTP/1.1" status: 200 len: 3120 time: 0.0429232
2026-05-18 01:51:50.532 10 INFO neutron.db.ovn_revision_numbers_db [None req-03618da3-9b3f-4fe6-b42d-9111ba92dfe1 8e1ad725d73b476393bedcf069420d92 0a75a40e8f2f4e3b9b9745d81db00e21 - - default default] Successfully bumped revision number for resource e4bdd4d6-94d8-4ee0-a79f-e89f9cd06543 (type: networks) to 1
2026-05-18 01:51:50.627 10 WARNING neutron.scheduler.dhcp_agent_scheduler [None req-f4470fd7-ad37-44c9-add0-4c2dffdd5634 7950575e42864504babdfc8144fb9057 b6bedcaf88464e29a4bf0fe6d65401e1 - - default default] No more DHCP agents
2026-05-18 01:51:50.644 10 WARNING neutron.api.rpc.agentnotifiers.dhcp_rpc_agent_api [None req-f4470fd7-ad37-44c9-add0-4c2dffdd5634 7950575e42864504babdfc8144fb9057 b6bedcaf88464e29a4bf0fe6d65401e1 - - default default] Unable to schedule network ce93c627-a228-4799-8b38-f913c4fcc098: no agents available; will retry on subsequent port and subnet creation events.
2026-05-18 01:51:50.700 9 INFO neutron.wsgi [None req-30ada52b-9db5-49f8-bc3d-1fddea891cc6 94bc3f0650194a7aa50b84a3e3a62c70 535ba092ed774de19d4ad28accdc03ef - - default default] 10.0.0.96 "DELETE /v2.0/security-groups/1293b18f-49ca-4e30-b453-9d63951cd6d0 HTTP/1.1" status: 204 len: 168 time: 0.2146566
2026-05-18 01:51:50.758 10 INFO neutron.db.ovn_revision_numbers_db [None req-f4470fd7-ad37-44c9-add0-4c2dffdd5634 7950575e42864504babdfc8144fb9057 b6bedcaf88464e29a4bf0fe6d65401e1 - - default default] Successfully bumped revision number for resource e1b66773-0318-49f8-83b5-49532acf94cc (type: ports) to 1
2026-05-18 01:51:50.782 10 WARNING neutron.scheduler.dhcp_agent_scheduler [None req-03618da3-9b3f-4fe6-b42d-9111ba92dfe1 8e1ad725d73b476393bedcf069420d92 0a75a40e8f2f4e3b9b9745d81db00e21 - - default default] No more DHCP agents
2026-05-18 01:51:50.786 10 WARNING neutron.api.rpc.agentnotifiers.dhcp_rpc_agent_api [None req-03618da3-9b3f-4fe6-b42d-9111ba92dfe1 8e1ad725d73b476393bedcf069420d92 0a75a40e8f2f4e3b9b9745d81db00e21 - - default default] Unable to schedule network e4bdd4d6-94d8-4ee0-a79f-e89f9cd06543: no agents available; will retry on subsequent port and subnet creation events.
2026-05-18 01:51:50.798 10 INFO neutron.wsgi [None req-f4470fd7-ad37-44c9-add0-4c2dffdd5634 7950575e42864504babdfc8144fb9057 b6bedcaf88464e29a4bf0fe6d65401e1 - - default default] 10.0.0.96 "POST /v2.0/networks HTTP/1.1" status: 201 len: 838 time: 1.2120340
2026-05-18 01:51:50.811 9 WARNING neutron_lib.context [None req-35c384a7-f756-41df-ac0e-f161270987f2 7950575e42864504babdfc8144fb9057 b6bedcaf88464e29a4bf0fe6d65401e1 - - default default] Method 'is_advsvc' is deprecated since 2023.2 release (neutron-lib 3.8.0) and will be removed once support for the old RBAC API policies will be removed from Neutron. Please use method 'is_service_role' instead.
2026-05-18 01:51:50.872 10 INFO neutron.db.ovn_revision_numbers_db [None req-03618da3-9b3f-4fe6-b42d-9111ba92dfe1 8e1ad725d73b476393bedcf069420d92 0a75a40e8f2f4e3b9b9745d81db00e21 - - default default] Successfully bumped revision number for resource dc76d8cc-9d98-40cd-94ce-7a4e7578d462 (type: ports) to 1
2026-05-18 01:51:50.895 9 INFO neutron.wsgi [None req-5060e6cd-589f-45e0-ac85-1740efdb22bf 94bc3f0650194a7aa50b84a3e3a62c70 535ba092ed774de19d4ad28accdc03ef - - default default] 10.0.0.96 "GET /v2.0/security-groups?tenant_id=8a50feef75b54f24905efd6e9b47e59c&name=default HTTP/1.1" status: 200 len: 3120 time: 0.0675874
2026-05-18 01:51:50.896 10 INFO neutron.wsgi [None req-03618da3-9b3f-4fe6-b42d-9111ba92dfe1 8e1ad725d73b476393bedcf069420d92 0a75a40e8f2f4e3b9b9745d81db00e21 - - default default] 10.0.0.96 "POST /v2.0/networks HTTP/1.1" status: 201 len: 831 time: 1.0428846
2026-05-18 01:51:50.907 10 WARNING neutron_lib.context [None req-2ec53222-b674-452a-8fb4-bb42cc06665f 8e1ad725d73b476393bedcf069420d92 0a75a40e8f2f4e3b9b9745d81db00e21 - - default default] Method 'is_advsvc' is deprecated since 2023.2 release (neutron-lib 3.8.0) and will be removed once support for the old RBAC API policies will be removed from Neutron. Please use method 'is_service_role' instead.
2026-05-18 01:51:51.137 9 WARNING neutron.scheduler.dhcp_agent_scheduler [None req-35c384a7-f756-41df-ac0e-f161270987f2 7950575e42864504babdfc8144fb9057 b6bedcaf88464e29a4bf0fe6d65401e1 - - default default] No more DHCP agents
2026-05-18 01:51:51.140 9 WARNING neutron.api.rpc.agentnotifiers.dhcp_rpc_agent_api [None req-35c384a7-f756-41df-ac0e-f161270987f2 7950575e42864504babdfc8144fb9057 b6bedcaf88464e29a4bf0fe6d65401e1 - - default default] Unable to schedule network ce93c627-a228-4799-8b38-f913c4fcc098: no agents available; will retry on subsequent port and subnet creation events.
2026-05-18 01:51:51.166 10 WARNING neutron.scheduler.dhcp_agent_scheduler [None req-2ec53222-b674-452a-8fb4-bb42cc06665f 8e1ad725d73b476393bedcf069420d92 0a75a40e8f2f4e3b9b9745d81db00e21 - - default default] No more DHCP agents
2026-05-18 01:51:51.168 10 WARNING neutron.api.rpc.agentnotifiers.dhcp_rpc_agent_api [None req-2ec53222-b674-452a-8fb4-bb42cc06665f 8e1ad725d73b476393bedcf069420d92 0a75a40e8f2f4e3b9b9745d81db00e21 - - default default] Unable to schedule network e4bdd4d6-94d8-4ee0-a79f-e89f9cd06543: no agents available; will retry on subsequent port and subnet creation events.
2026-05-18 01:51:51.440 9 INFO neutron.wsgi [None req-2939fea5-9786-46b0-9c94-1e20604cfcc6 94bc3f0650194a7aa50b84a3e3a62c70 535ba092ed774de19d4ad28accdc03ef - - default default] 10.0.0.96 "DELETE /v2.0/security-groups/76ba6705-b6f0-4368-a738-6f1d4e28ed3e HTTP/1.1" status: 204 len: 168 time: 0.5404510
2026-05-18 01:51:51.725 10 INFO neutron.db.ovn_revision_numbers_db [None req-2ec53222-b674-452a-8fb4-bb42cc06665f 8e1ad725d73b476393bedcf069420d92 0a75a40e8f2f4e3b9b9745d81db00e21 - - default default] Successfully bumped revision number for resource dc76d8cc-9d98-40cd-94ce-7a4e7578d462 (type: ports) to 2
2026-05-18 01:51:51.768 10 INFO neutron.db.ovn_revision_numbers_db [None req-2ec53222-b674-452a-8fb4-bb42cc06665f 8e1ad725d73b476393bedcf069420d92 0a75a40e8f2f4e3b9b9745d81db00e21 - - default default] Successfully bumped revision number for resource 0526d97e-84e1-4cf8-ba74-e513d8fae84f (type: subnets) to 0
2026-05-18 01:51:51.784 10 INFO neutron.wsgi [None req-2ec53222-b674-452a-8fb4-bb42cc06665f 8e1ad725d73b476393bedcf069420d92 0a75a40e8f2f4e3b9b9745d81db00e21 - - default default] 10.0.0.96 "POST /v2.0/subnets HTTP/1.1" status: 201 len: 801 time: 0.8824685
2026-05-18 01:51:51.793 10 WARNING neutron_lib.context [None req-d3cf5e22-fd32-47a0-b869-7c5554af6b85 8e1ad725d73b476393bedcf069420d92 0a75a40e8f2f4e3b9b9745d81db00e21 - - default default] Method 'is_advsvc' is deprecated since 2023.2 release (neutron-lib 3.8.0) and will be removed once support for the old RBAC API policies will be removed from Neutron. Please use method 'is_service_role' instead.
2026-05-18 01:51:51.904 9 INFO neutron.db.ovn_revision_numbers_db [None req-35c384a7-f756-41df-ac0e-f161270987f2 7950575e42864504babdfc8144fb9057 b6bedcaf88464e29a4bf0fe6d65401e1 - - default default] Successfully bumped revision number for resource e1b66773-0318-49f8-83b5-49532acf94cc (type: ports) to 2
2026-05-18 01:51:51.920 10 INFO neutron.db.segments_db [None req-d3cf5e22-fd32-47a0-b869-7c5554af6b85 8e1ad725d73b476393bedcf069420d92 0a75a40e8f2f4e3b9b9745d81db00e21 - - default default] Added segment baad2c5b-d141-4f5d-a1f0-c13492657c85 of type geneve for network eefd66f3-e7aa-4635-a854-d8cd99c7ea14
2026-05-18 01:51:51.959 9 INFO neutron.db.ovn_revision_numbers_db [None req-35c384a7-f756-41df-ac0e-f161270987f2 7950575e42864504babdfc8144fb9057 b6bedcaf88464e29a4bf0fe6d65401e1 - - default default] Successfully bumped revision number for resource 20773adf-b796-445c-b422-ef588c4be818 (type: subnets) to 0
2026-05-18 01:51:51.978 9 INFO neutron.wsgi [None req-35c384a7-f756-41df-ac0e-f161270987f2 7950575e42864504babdfc8144fb9057 b6bedcaf88464e29a4bf0fe6d65401e1 - - default default] 10.0.0.96 "POST /v2.0/subnets HTTP/1.1" status: 201 len: 832 time: 1.1756735
2026-05-18 01:51:52.064 10 INFO neutron.db.ovn_revision_numbers_db [None req-d3cf5e22-fd32-47a0-b869-7c5554af6b85 8e1ad725d73b476393bedcf069420d92 0a75a40e8f2f4e3b9b9745d81db00e21 - - default default] Successfully bumped revision number for resource eefd66f3-e7aa-4635-a854-d8cd99c7ea14 (type: networks) to 1
2026-05-18 01:51:52.213 10 INFO neutron.wsgi [None req-e118cbc3-f53d-4794-8bff-8bc4ad16d480 e0df1c3602b14c1f8558485b5a0b15fe 8a2ae4ad87444c4f9e23768b078942a9 - - default default] 10.0.0.96 "GET /v2.0/subnetpools?name=shared-default-subnetpool-v6 HTTP/1.1" status: 200 len: 212 time: 0.2291329
2026-05-18 01:51:52.228 9 WARNING neutron_lib.context [None req-5014c88a-3869-4437-980d-685eaf6ebbe6 7950575e42864504babdfc8144fb9057 b6bedcaf88464e29a4bf0fe6d65401e1 - - default default] Method 'is_advsvc' is deprecated since 2023.2 release (neutron-lib 3.8.0) and will be removed once support for the old RBAC API policies will be removed from Neutron. Please use method 'is_service_role' instead.
2026-05-18 01:51:52.257 10 WARNING neutron.scheduler.dhcp_agent_scheduler [None req-d3cf5e22-fd32-47a0-b869-7c5554af6b85 8e1ad725d73b476393bedcf069420d92 0a75a40e8f2f4e3b9b9745d81db00e21 - - default default] No more DHCP agents
2026-05-18 01:51:52.258 10 WARNING neutron.api.rpc.agentnotifiers.dhcp_rpc_agent_api [None req-d3cf5e22-fd32-47a0-b869-7c5554af6b85 8e1ad725d73b476393bedcf069420d92 0a75a40e8f2f4e3b9b9745d81db00e21 - - default default] Unable to schedule network eefd66f3-e7aa-4635-a854-d8cd99c7ea14: no agents available; will retry on subsequent port and subnet creation events.
2026-05-18 01:51:52.348 10 INFO neutron.db.ovn_revision_numbers_db [None req-d3cf5e22-fd32-47a0-b869-7c5554af6b85 8e1ad725d73b476393bedcf069420d92 0a75a40e8f2f4e3b9b9745d81db00e21 - - default default] Successfully bumped revision number for resource c8f52e2c-668a-459a-9892-d87e5453a97c (type: ports) to 1
2026-05-18 01:51:52.372 10 INFO neutron.wsgi [None req-d3cf5e22-fd32-47a0-b869-7c5554af6b85 8e1ad725d73b476393bedcf069420d92 0a75a40e8f2f4e3b9b9745d81db00e21 - - default default] 10.0.0.96 "POST /v2.0/networks HTTP/1.1" status: 201 len: 831 time: 0.5834627
2026-05-18 01:51:52.385 9 WARNING neutron_lib.context [None req-b444020b-a018-4b6d-85f6-9c7ad3f22740 8e1ad725d73b476393bedcf069420d92 0a75a40e8f2f4e3b9b9745d81db00e21 - - default default] Method 'is_advsvc' is deprecated since 2023.2 release (neutron-lib 3.8.0) and will be removed once support for the old RBAC API policies will be removed from Neutron. Please use method 'is_service_role' instead.
2026-05-18 01:51:52.559 9 WARNING neutron.scheduler.dhcp_agent_scheduler [None req-5014c88a-3869-4437-980d-685eaf6ebbe6 7950575e42864504babdfc8144fb9057 b6bedcaf88464e29a4bf0fe6d65401e1 - - default default] No more DHCP agents
2026-05-18 01:51:52.567 9 WARNING neutron.api.rpc.agentnotifiers.dhcp_rpc_agent_api [None req-5014c88a-3869-4437-980d-685eaf6ebbe6 7950575e42864504babdfc8144fb9057 b6bedcaf88464e29a4bf0fe6d65401e1 - - default default] Unable to schedule network ce93c627-a228-4799-8b38-f913c4fcc098: no agents available; will retry on subsequent port and subnet creation events.
2026-05-18 01:51:52.603 9 INFO neutron.db.ovn_revision_numbers_db [None req-5014c88a-3869-4437-980d-685eaf6ebbe6 7950575e42864504babdfc8144fb9057 b6bedcaf88464e29a4bf0fe6d65401e1 - - default default] Successfully bumped revision number for resource 40d09a82-84ca-4b77-a1a1-08f29b190457 (type: subnets) to 0
2026-05-18 01:51:52.623 9 INFO neutron.wsgi [None req-5014c88a-3869-4437-980d-685eaf6ebbe6 7950575e42864504babdfc8144fb9057 b6bedcaf88464e29a4bf0fe6d65401e1 - - default default] 10.0.0.96 "POST /v2.0/subnets HTTP/1.1" status: 201 len: 906 time: 0.4033368
2026-05-18 01:51:52.634 10 WARNING neutron_lib.context [None req-6651ada8-8690-4e9d-8457-1805925aea3f 7950575e42864504babdfc8144fb9057 b6bedcaf88464e29a4bf0fe6d65401e1 - - default default] Method 'is_advsvc' is deprecated since 2023.2 release (neutron-lib 3.8.0) and will be removed once support for the old RBAC API policies will be removed from Neutron. Please use method 'is_service_role' instead.
2026-05-18 01:51:52.705 9 WARNING neutron.scheduler.dhcp_agent_scheduler [None req-b444020b-a018-4b6d-85f6-9c7ad3f22740 8e1ad725d73b476393bedcf069420d92 0a75a40e8f2f4e3b9b9745d81db00e21 - - default default] No more DHCP agents
2026-05-18 01:51:52.710 9 WARNING neutron.api.rpc.agentnotifiers.dhcp_rpc_agent_api [None req-b444020b-a018-4b6d-85f6-9c7ad3f22740 8e1ad725d73b476393bedcf069420d92 0a75a40e8f2f4e3b9b9745d81db00e21 - - default default] Unable to schedule network eefd66f3-e7aa-4635-a854-d8cd99c7ea14: no agents available; will retry on subsequent port and subnet creation events.
2026-05-18 01:51:52.716 10 INFO neutron.db.segments_db [None req-6651ada8-8690-4e9d-8457-1805925aea3f 7950575e42864504babdfc8144fb9057 b6bedcaf88464e29a4bf0fe6d65401e1 - - default default] Added segment 2cfd3926-91aa-44bc-9bca-de05df166d3d of type geneve for network 5dc968e8-3468-455d-8ed1-b9b16c622667
2026-05-18 01:51:52.860 10 INFO neutron.db.ovn_revision_numbers_db [None req-6651ada8-8690-4e9d-8457-1805925aea3f 7950575e42864504babdfc8144fb9057 b6bedcaf88464e29a4bf0fe6d65401e1 - - default default] Successfully bumped revision number for resource 5dc968e8-3468-455d-8ed1-b9b16c622667 (type: networks) to 1
2026-05-18 01:51:53.068 10 WARNING neutron.scheduler.dhcp_agent_scheduler [None req-6651ada8-8690-4e9d-8457-1805925aea3f 7950575e42864504babdfc8144fb9057 b6bedcaf88464e29a4bf0fe6d65401e1 - - default default] No more DHCP agents
2026-05-18 01:51:53.069 10 WARNING neutron.api.rpc.agentnotifiers.dhcp_rpc_agent_api [None req-6651ada8-8690-4e9d-8457-1805925aea3f 7950575e42864504babdfc8144fb9057 b6bedcaf88464e29a4bf0fe6d65401e1 - - default default] Unable to schedule network 5dc968e8-3468-455d-8ed1-b9b16c622667: no agents available; will retry on subsequent port and subnet creation events.
2026-05-18 01:51:53.158 10 INFO neutron.db.ovn_revision_numbers_db [None req-6651ada8-8690-4e9d-8457-1805925aea3f 7950575e42864504babdfc8144fb9057 b6bedcaf88464e29a4bf0fe6d65401e1 - - default default] Successfully bumped revision number for resource b7cda119-bc3a-4e0d-a6a5-b46e22c82459 (type: ports) to 1
2026-05-18 01:51:53.179 10 INFO neutron.wsgi [None req-6651ada8-8690-4e9d-8457-1805925aea3f 7950575e42864504babdfc8144fb9057 b6bedcaf88464e29a4bf0fe6d65401e1 - - default default] 10.0.0.96 "POST /v2.0/networks HTTP/1.1" status: 201 len: 837 time: 0.5503983
2026-05-18 01:51:53.190 9 WARNING neutron_lib.context [None req-fb5cab47-bc36-44a8-981c-f2a5f24f5921 7950575e42864504babdfc8144fb9057 b6bedcaf88464e29a4bf0fe6d65401e1 - - default default] Method 'is_advsvc' is deprecated since 2023.2 release (neutron-lib 3.8.0) and will be removed once support for the old RBAC API policies will be removed from Neutron. Please use method 'is_service_role' instead.
2026-05-18 01:51:53.257 9 INFO neutron.db.ovn_revision_numbers_db [None req-b444020b-a018-4b6d-85f6-9c7ad3f22740 8e1ad725d73b476393bedcf069420d92 0a75a40e8f2f4e3b9b9745d81db00e21 - - default default] Successfully bumped revision number for resource c8f52e2c-668a-459a-9892-d87e5453a97c (type: ports) to 2
2026-05-18 01:51:53.316 9 INFO neutron.db.ovn_revision_numbers_db [None req-b444020b-a018-4b6d-85f6-9c7ad3f22740 8e1ad725d73b476393bedcf069420d92 0a75a40e8f2f4e3b9b9745d81db00e21 - - default default] Successfully bumped revision number for resource 22340d9e-cd39-4757-b0b1-07cd7ef535e5 (type: subnets) to 0
2026-05-18 01:51:53.346 9 INFO neutron.wsgi [None req-b444020b-a018-4b6d-85f6-9c7ad3f22740 8e1ad725d73b476393bedcf069420d92 0a75a40e8f2f4e3b9b9745d81db00e21 - - default default] 10.0.0.96 "POST /v2.0/subnets HTTP/1.1" status: 201 len: 804 time: 0.9697449
2026-05-18 01:51:53.356 9 WARNING neutron_lib.context [None req-b43e5f12-0b21-417d-a6fe-151f58d0c74a 8e1ad725d73b476393bedcf069420d92 0a75a40e8f2f4e3b9b9745d81db00e21 - - default default] Method 'is_advsvc' is deprecated since 2023.2 release (neutron-lib 3.8.0) and will be removed once support for the old RBAC API policies will be removed from Neutron. Please use method 'is_service_role' instead.
2026-05-18 01:51:53.468 9 INFO neutron.db.segments_db [None req-b43e5f12-0b21-417d-a6fe-151f58d0c74a 8e1ad725d73b476393bedcf069420d92 0a75a40e8f2f4e3b9b9745d81db00e21 - - default default] Added segment 952d1d15-ef00-4ca6-a7d4-4f566671a964 of type geneve for network af77aaf7-9414-4b81-987b-e9bec965eeec
2026-05-18 01:51:53.480 9 WARNING neutron.scheduler.dhcp_agent_scheduler [None req-fb5cab47-bc36-44a8-981c-f2a5f24f5921 7950575e42864504babdfc8144fb9057 b6bedcaf88464e29a4bf0fe6d65401e1 - - default default] No more DHCP agents
2026-05-18 01:51:53.488 9 WARNING neutron.api.rpc.agentnotifiers.dhcp_rpc_agent_api [None req-fb5cab47-bc36-44a8-981c-f2a5f24f5921 7950575e42864504babdfc8144fb9057 b6bedcaf88464e29a4bf0fe6d65401e1 - - default default] Unable to schedule network 5dc968e8-3468-455d-8ed1-b9b16c622667: no agents available; will retry on subsequent port and subnet creation events.
2026-05-18 01:51:53.654 9 INFO neutron.db.ovn_revision_numbers_db [None req-b43e5f12-0b21-417d-a6fe-151f58d0c74a 8e1ad725d73b476393bedcf069420d92 0a75a40e8f2f4e3b9b9745d81db00e21 - - default default] Successfully bumped revision number for resource af77aaf7-9414-4b81-987b-e9bec965eeec (type: networks) to 1
2026-05-18 01:51:53.881 9 WARNING neutron.scheduler.dhcp_agent_scheduler [None req-b43e5f12-0b21-417d-a6fe-151f58d0c74a 8e1ad725d73b476393bedcf069420d92 0a75a40e8f2f4e3b9b9745d81db00e21 - - default default] No more DHCP agents
2026-05-18 01:51:53.886 9 WARNING neutron.api.rpc.agentnotifiers.dhcp_rpc_agent_api [None req-b43e5f12-0b21-417d-a6fe-151f58d0c74a 8e1ad725d73b476393bedcf069420d92 0a75a40e8f2f4e3b9b9745d81db00e21 - - default default] Unable to schedule network af77aaf7-9414-4b81-987b-e9bec965eeec: no agents available; will retry on subsequent port and subnet creation events.
2026-05-18 01:51:54.019 9 INFO neutron.db.ovn_revision_numbers_db [None req-b43e5f12-0b21-417d-a6fe-151f58d0c74a 8e1ad725d73b476393bedcf069420d92 0a75a40e8f2f4e3b9b9745d81db00e21 - - default default] Successfully bumped revision number for resource b6ccb0bf-7960-4dab-9e43-8f8de923ec37 (type: ports) to 1
2026-05-18 01:51:54.054 9 INFO neutron.wsgi [None req-b43e5f12-0b21-417d-a6fe-151f58d0c74a 8e1ad725d73b476393bedcf069420d92 0a75a40e8f2f4e3b9b9745d81db00e21 - - default default] 10.0.0.96 "POST /v2.0/networks HTTP/1.1" status: 201 len: 831 time: 0.7035835
2026-05-18 01:51:54.064 10 WARNING neutron_lib.context [None req-12c16f0b-8571-4fee-9759-9afdd56b14f2 8e1ad725d73b476393bedcf069420d92 0a75a40e8f2f4e3b9b9745d81db00e21 - - default default] Method 'is_advsvc' is deprecated since 2023.2 release (neutron-lib 3.8.0) and will be removed once support for the old RBAC API policies will be removed from Neutron. Please use method 'is_service_role' instead.
2026-05-18 01:51:54.185 9 INFO neutron.db.ovn_revision_numbers_db [None req-fb5cab47-bc36-44a8-981c-f2a5f24f5921 7950575e42864504babdfc8144fb9057 b6bedcaf88464e29a4bf0fe6d65401e1 - - default default] Successfully bumped revision number for resource b7cda119-bc3a-4e0d-a6a5-b46e22c82459 (type: ports) to 2
2026-05-18 01:51:54.225 9 INFO neutron.db.ovn_revision_numbers_db [None req-fb5cab47-bc36-44a8-981c-f2a5f24f5921 7950575e42864504babdfc8144fb9057 b6bedcaf88464e29a4bf0fe6d65401e1 - - default default] Successfully bumped revision number for resource 1d622485-38d1-4849-9543-45e2f6dbe047 (type: subnets) to 0
2026-05-18 01:51:54.261 9 INFO neutron.wsgi [None req-fb5cab47-bc36-44a8-981c-f2a5f24f5921 7950575e42864504babdfc8144fb9057 b6bedcaf88464e29a4bf0fe6d65401e1 - - default default] 10.0.0.96 "POST /v2.0/subnets HTTP/1.1" status: 201 len: 831 time: 1.0769441
2026-05-18 01:51:54.270 9 WARNING neutron_lib.context [None req-869c1c30-f7bf-4d29-a951-f1fc01897fe1 7950575e42864504babdfc8144fb9057 b6bedcaf88464e29a4bf0fe6d65401e1 - - default default] Method 'is_advsvc' is deprecated since 2023.2 release (neutron-lib 3.8.0) and will be removed once support for the old RBAC API policies will be removed from Neutron. Please use method 'is_service_role' instead.
2026-05-18 01:51:54.510 9 WARNING neutron.scheduler.dhcp_agent_scheduler [None req-869c1c30-f7bf-4d29-a951-f1fc01897fe1 7950575e42864504babdfc8144fb9057 b6bedcaf88464e29a4bf0fe6d65401e1 - - default default] No more DHCP agents
2026-05-18 01:51:54.512 9 WARNING neutron.api.rpc.agentnotifiers.dhcp_rpc_agent_api [None req-869c1c30-f7bf-4d29-a951-f1fc01897fe1 7950575e42864504babdfc8144fb9057 b6bedcaf88464e29a4bf0fe6d65401e1 - - default default] Unable to schedule network 5dc968e8-3468-455d-8ed1-b9b16c622667: no agents available; will retry on subsequent port and subnet creation events.
2026-05-18 01:51:54.553 9 INFO neutron.db.ovn_revision_numbers_db [None req-869c1c30-f7bf-4d29-a951-f1fc01897fe1 7950575e42864504babdfc8144fb9057 b6bedcaf88464e29a4bf0fe6d65401e1 - - default default] Successfully bumped revision number for resource cb2f2fe1-2476-4077-a70d-2fd8ab645da6 (type: subnets) to 0
2026-05-18 01:51:54.571 9 INFO neutron.wsgi [None req-869c1c30-f7bf-4d29-a951-f1fc01897fe1 7950575e42864504babdfc8144fb9057 b6bedcaf88464e29a4bf0fe6d65401e1 - - default default] 10.0.0.96 "POST /v2.0/subnets HTTP/1.1" status: 201 len: 901 time: 0.3052471
2026-05-18 01:51:54.581 10 WARNING neutron_lib.context [None req-e228e785-7c6d-4ce7-af67-112c01a72c68 7950575e42864504babdfc8144fb9057 b6bedcaf88464e29a4bf0fe6d65401e1 - - default default] Method 'is_advsvc' is deprecated since 2023.2 release (neutron-lib 3.8.0) and will be removed once support for the old RBAC API policies will be removed from Neutron. Please use method 'is_service_role' instead.
2026-05-18 01:51:54.669 10 WARNING neutron.scheduler.dhcp_agent_scheduler [None req-12c16f0b-8571-4fee-9759-9afdd56b14f2 8e1ad725d73b476393bedcf069420d92 0a75a40e8f2f4e3b9b9745d81db00e21 - - default default] No more DHCP agents
2026-05-18 01:51:54.672 10 WARNING neutron.api.rpc.agentnotifiers.dhcp_rpc_agent_api [None req-12c16f0b-8571-4fee-9759-9afdd56b14f2 8e1ad725d73b476393bedcf069420d92 0a75a40e8f2f4e3b9b9745d81db00e21 - - default default] Unable to schedule network af77aaf7-9414-4b81-987b-e9bec965eeec: no agents available; will retry on subsequent port and subnet creation events.
2026-05-18 01:51:54.687 10 INFO neutron.db.segments_db [None req-e228e785-7c6d-4ce7-af67-112c01a72c68 7950575e42864504babdfc8144fb9057 b6bedcaf88464e29a4bf0fe6d65401e1 - - default default] Added segment a76b42ba-8e0a-44d4-8c36-b178a72e252d of type geneve for network 3de933b6-76da-45be-9600-a289b5c06eaa
2026-05-18 01:51:54.851 10 INFO neutron.db.ovn_revision_numbers_db [None req-e228e785-7c6d-4ce7-af67-112c01a72c68 7950575e42864504babdfc8144fb9057 b6bedcaf88464e29a4bf0fe6d65401e1 - - default default] Successfully bumped revision number for resource 3de933b6-76da-45be-9600-a289b5c06eaa (type: networks) to 1
2026-05-18 01:51:55.074 10 WARNING neutron.scheduler.dhcp_agent_scheduler [None req-e228e785-7c6d-4ce7-af67-112c01a72c68 7950575e42864504babdfc8144fb9057 b6bedcaf88464e29a4bf0fe6d65401e1 - - default default] No more DHCP agents
2026-05-18 01:51:55.079 10 WARNING neutron.api.rpc.agentnotifiers.dhcp_rpc_agent_api [None req-e228e785-7c6d-4ce7-af67-112c01a72c68 7950575e42864504babdfc8144fb9057 b6bedcaf88464e29a4bf0fe6d65401e1 - - default default] Unable to schedule network 3de933b6-76da-45be-9600-a289b5c06eaa: no agents available; will retry on subsequent port and subnet creation events.
2026-05-18 01:51:55.199 10 INFO neutron.db.ovn_revision_numbers_db [None req-e228e785-7c6d-4ce7-af67-112c01a72c68 7950575e42864504babdfc8144fb9057 b6bedcaf88464e29a4bf0fe6d65401e1 - - default default] Successfully bumped revision number for resource 485dd3a8-cb57-4732-b6bb-ddc4ed523ad2 (type: ports) to 1
2026-05-18 01:51:55.229 10 INFO neutron.wsgi [None req-e228e785-7c6d-4ce7-af67-112c01a72c68 7950575e42864504babdfc8144fb9057 b6bedcaf88464e29a4bf0fe6d65401e1 - - default default] 10.0.0.96 "POST /v2.0/networks HTTP/1.1" status: 201 len: 837 time: 0.6535180
2026-05-18 01:51:55.239 10 WARNING neutron_lib.context [None req-47739b48-22bd-41da-9372-ca52f4445c57 7950575e42864504babdfc8144fb9057 b6bedcaf88464e29a4bf0fe6d65401e1 - - default default] Method 'is_advsvc' is deprecated since 2023.2 release (neutron-lib 3.8.0) and will be removed once support for the old RBAC API policies will be removed from Neutron. Please use method 'is_service_role' instead.
2026-05-18 01:51:55.408 10 INFO neutron.db.ovn_revision_numbers_db [None req-12c16f0b-8571-4fee-9759-9afdd56b14f2 8e1ad725d73b476393bedcf069420d92 0a75a40e8f2f4e3b9b9745d81db00e21 - - default default] Successfully bumped revision number for resource b6ccb0bf-7960-4dab-9e43-8f8de923ec37 (type: ports) to 2
2026-05-18 01:51:55.458 10 INFO neutron.db.ovn_revision_numbers_db [None req-12c16f0b-8571-4fee-9759-9afdd56b14f2 8e1ad725d73b476393bedcf069420d92 0a75a40e8f2f4e3b9b9745d81db00e21 - - default default] Successfully bumped revision number for resource a94b7817-0045-40f5-bd6c-dca068b91641 (type: subnets) to 0
