2026-05-18 01:48:19.530 10 INFO neutron.wsgi [req-35c9a950-cd23-4fed-958b-5cfa4560e8ce req-a8c2790a-cc72-4916-adaa-867ecccb0850 485d5b8698c94e86961d8f024b871a34 ff036abed31c41d88d5d15aec1e592fb - - 6e105525d8e2416d94bd1f860e211482 6e105525d8e2416d94bd1f860e211482] 199.204.45.4 "GET /v2.0/ports?network_id=8285ed05-9404-4c5a-8a5c-904b25bdb313&device_owner=network%3Adhcp HTTP/1.1" status: 200 len: 210 time: 0.0308723
2026-05-18 01:48:19.534 10 INFO neutron.plugins.ml2.plugin [None req-48ed0517-8119-473d-9e0a-ca357ec93912 - - - - - -] Attempt 1 to provision port 8b1c940b-5ad1-480d-ae72-abdddfb357ac
2026-05-18 01:48:19.616 10 INFO neutron.wsgi [req-35c9a950-cd23-4fed-958b-5cfa4560e8ce req-d61836c9-9fdd-4a31-ab3e-2330dfeb32ab 485d5b8698c94e86961d8f024b871a34 ff036abed31c41d88d5d15aec1e592fb - - 6e105525d8e2416d94bd1f860e211482 6e105525d8e2416d94bd1f860e211482] 199.204.45.4 "GET /v2.0/networks/8285ed05-9404-4c5a-8a5c-904b25bdb313?fields=segments HTTP/1.1" status: 200 len: 212 time: 0.0701892
2026-05-18 01:48:19.705 10 INFO neutron.wsgi [req-35c9a950-cd23-4fed-958b-5cfa4560e8ce req-80be0265-03dd-4176-a117-cecf5d5612b1 485d5b8698c94e86961d8f024b871a34 ff036abed31c41d88d5d15aec1e592fb - - 6e105525d8e2416d94bd1f860e211482 6e105525d8e2416d94bd1f860e211482] 199.204.45.4 "GET /v2.0/networks/8285ed05-9404-4c5a-8a5c-904b25bdb313?fields=provider%3Aphysical_network&fields=provider%3Anetwork_type HTTP/1.1" status: 200 len: 277 time: 0.0820148
2026-05-18 01:48:19.830 10 INFO neutron.wsgi [req-2f0e12d4-dd53-4432-a1fd-9d08bb1c2d4c req-9c1ec2c0-e78e-43d5-ae4c-6ea318294f3d 485d5b8698c94e86961d8f024b871a34 ff036abed31c41d88d5d15aec1e592fb - - 6e105525d8e2416d94bd1f860e211482 6e105525d8e2416d94bd1f860e211482] 199.204.45.4 "GET /v2.0/ports?tenant_id=1d5973156f8c496399dbe0683c65d8e2&device_id=f0d53afa-38ad-441d-9125-2f6d29684b74 HTTP/1.1" status: 200 len: 1413 time: 0.0465088
2026-05-18 01:48:19.896 10 INFO neutron.db.ovn_revision_numbers_db [None req-48ed0517-8119-473d-9e0a-ca357ec93912 - - - - - -] Successfully bumped revision number for resource 8b1c940b-5ad1-480d-ae72-abdddfb357ac (type: ports) to 4
2026-05-18 01:48:19.943 10 INFO neutron.wsgi [req-2f0e12d4-dd53-4432-a1fd-9d08bb1c2d4c req-620eb864-18bc-4753-8ade-6265b881738b 485d5b8698c94e86961d8f024b871a34 ff036abed31c41d88d5d15aec1e592fb - - 6e105525d8e2416d94bd1f860e211482 6e105525d8e2416d94bd1f860e211482] 199.204.45.4 "GET /v2.0/networks?id=8285ed05-9404-4c5a-8a5c-904b25bdb313 HTTP/1.1" status: 200 len: 982 time: 0.0848150
2026-05-18 01:48:19.999 10 INFO neutron.wsgi [req-2f0e12d4-dd53-4432-a1fd-9d08bb1c2d4c req-d6400d8a-2898-4b86-8f5e-493d12368317 485d5b8698c94e86961d8f024b871a34 ff036abed31c41d88d5d15aec1e592fb - - 6e105525d8e2416d94bd1f860e211482 6e105525d8e2416d94bd1f860e211482] 199.204.45.4 "GET /v2.0/floatingips?fixed_ip_address=10.100.0.12&port_id=2808321c-f8a0-4234-a823-d7c58171ea0d HTTP/1.1" status: 200 len: 1060 time: 0.0478952 /var/lib/openstack/lib/python3.10/site-packages/pycadf/identifier.py:71: UserWarning: Invalid uuid: neutron. To ensure interoperability, identifiers should be a valid uuid. warnings.warn(('Invalid uuid: %s. To ensure interoperability, '
2026-05-18 01:48:20.063 10 INFO neutron.wsgi [req-2f0e12d4-dd53-4432-a1fd-9d08bb1c2d4c req-5d675846-d0da-4fc1-ace1-3cb2473a8d05 485d5b8698c94e86961d8f024b871a34 ff036abed31c41d88d5d15aec1e592fb - - 6e105525d8e2416d94bd1f860e211482 6e105525d8e2416d94bd1f860e211482] 199.204.45.4 "GET /v2.0/subnets?id=a99be137-4d77-4ac8-b69c-937e9eef82bf HTTP/1.1" status: 200 len: 877 time: 0.0535510
2026-05-18 01:48:20.105 10 INFO neutron.wsgi [req-2f0e12d4-dd53-4432-a1fd-9d08bb1c2d4c req-bfbf852e-25df-4011-a894-a9727d3049b2 485d5b8698c94e86961d8f024b871a34 ff036abed31c41d88d5d15aec1e592fb - - 6e105525d8e2416d94bd1f860e211482 6e105525d8e2416d94bd1f860e211482] 199.204.45.4 "GET /v2.0/ports?network_id=8285ed05-9404-4c5a-8a5c-904b25bdb313&device_owner=network%3Adhcp HTTP/1.1" status: 200 len: 210 time: 0.0312784
2026-05-18 01:48:20.123 10 INFO neutron.wsgi [req-65b9655d-8721-44b9-bb2e-7497871f077d req-6104f716-4dab-48fa-9639-30a13bf48cf4 be63818a70e14f22acc1f52cd54a34cb ece008a4209945e4be7f4b783967a033 - - default default] 10.0.0.52 "GET /v2.0/ports?device_id=cb2d4791-5e52-4448-932c-a499487b6dec HTTP/1.1" status: 200 len: 1170 time: 0.0600672
2026-05-18 01:48:20.182 10 INFO neutron.wsgi [req-2f0e12d4-dd53-4432-a1fd-9d08bb1c2d4c req-b4d5c221-1af9-46f7-a30b-cfd93af35ffb 485d5b8698c94e86961d8f024b871a34 ff036abed31c41d88d5d15aec1e592fb - - 6e105525d8e2416d94bd1f860e211482 6e105525d8e2416d94bd1f860e211482] 199.204.45.4 "GET /v2.0/networks/8285ed05-9404-4c5a-8a5c-904b25bdb313?fields=segments HTTP/1.1" status: 200 len: 212 time: 0.0718992
2026-05-18 01:48:20.187 10 INFO neutron.wsgi [req-65b9655d-8721-44b9-bb2e-7497871f077d req-7fe9824f-7b1d-4f9f-b9ea-b7bfb71b504b be63818a70e14f22acc1f52cd54a34cb ece008a4209945e4be7f4b783967a033 - - default default] 10.0.0.52 "GET /v2.0/security-groups?id=cb5b5a8d-5165-4b12-94e9-1e976f7de1ed&fields=id&fields=name HTTP/1.1" status: 200 len: 286 time: 0.0571978
2026-05-18 01:48:20.242 10 INFO neutron.wsgi [req-2f0e12d4-dd53-4432-a1fd-9d08bb1c2d4c req-cabbfc9b-fb03-4312-9a17-b2d17c89448e 485d5b8698c94e86961d8f024b871a34 ff036abed31c41d88d5d15aec1e592fb - - 6e105525d8e2416d94bd1f860e211482 6e105525d8e2416d94bd1f860e211482] 199.204.45.4 "GET /v2.0/networks/8285ed05-9404-4c5a-8a5c-904b25bdb313?fields=provider%3Aphysical_network&fields=provider%3Anetwork_type HTTP/1.1" status: 200 len: 277 time: 0.0545335
2026-05-18 01:48:20.274 9 INFO neutron.db.ovn_revision_numbers_db [None req-92f673bf-8572-4fc3-ac19-ea91dd3a3d56 94bc3f0650194a7aa50b84a3e3a62c70 535ba092ed774de19d4ad28accdc03ef - - default default] Successfully bumped revision number for resource 2bfac352-2ae6-49b3-abfb-aa4da71d3cf9 (type: security_groups) to 1
2026-05-18 01:48:20.295 9 INFO neutron.db.ovn_revision_numbers_db [None req-92f673bf-8572-4fc3-ac19-ea91dd3a3d56 94bc3f0650194a7aa50b84a3e3a62c70 535ba092ed774de19d4ad28accdc03ef - - default default] Successfully bumped revision number for resource 19a9415f-2a62-4cd8-a9db-f1a87cce01bf (type: security_group_rules) to 0
2026-05-18 01:48:20.313 9 INFO neutron.db.ovn_revision_numbers_db [None req-92f673bf-8572-4fc3-ac19-ea91dd3a3d56 94bc3f0650194a7aa50b84a3e3a62c70 535ba092ed774de19d4ad28accdc03ef - - default default] Successfully bumped revision number for resource b397776b-5294-4264-adaf-98eea9d433ad (type: security_group_rules) to 0
2026-05-18 01:48:20.330 9 INFO neutron.db.ovn_revision_numbers_db [None req-92f673bf-8572-4fc3-ac19-ea91dd3a3d56 94bc3f0650194a7aa50b84a3e3a62c70 535ba092ed774de19d4ad28accdc03ef - - default default] Successfully bumped revision number for resource e1358fa8-a405-475c-b0d2-52337bb61945 (type: security_group_rules) to 0
2026-05-18 01:48:20.346 9 INFO neutron.db.ovn_revision_numbers_db [None req-92f673bf-8572-4fc3-ac19-ea91dd3a3d56 94bc3f0650194a7aa50b84a3e3a62c70 535ba092ed774de19d4ad28accdc03ef - - default default] Successfully bumped revision number for resource fe6d2366-d975-4228-a6f0-9016b787ff9c (type: security_group_rules) to 0
2026-05-18 01:48:20.394 9 INFO neutron.wsgi [None req-92f673bf-8572-4fc3-ac19-ea91dd3a3d56 94bc3f0650194a7aa50b84a3e3a62c70 535ba092ed774de19d4ad28accdc03ef - - default default] 10.0.0.96 "GET /v2.0/security-groups?tenant_id=59bef3c50ffe4a49ac0eb9f062746e20&name=default HTTP/1.1" status: 200 len: 3120 time: 0.3549185
2026-05-18 01:48:20.412 9 INFO neutron.wsgi [req-1ace90f3-e1cf-4423-ba8c-89813451cebb req-b31bbe64-c723-49ee-915c-d35e6223652f fb83b68f56124e9a8be9f38548a4091a 1d5973156f8c496399dbe0683c65d8e2 - - default default] 10.0.0.52 "GET /v2.0/ports?device_id=f0d53afa-38ad-441d-9125-2f6d29684b74 HTTP/1.1" status: 200 len: 1174 time: 0.0569072
2026-05-18 01:48:20.424 10 INFO neutron.plugins.ml2.drivers.ovn.mech_driver.mech_driver [None req-48ed0517-8119-473d-9e0a-ca357ec93912 - - - - - -] OVN reports status down for port: 2808321c-f8a0-4234-a823-d7c58171ea0d
2026-05-18 01:48:20.460 9 INFO neutron.wsgi [req-1ace90f3-e1cf-4423-ba8c-89813451cebb req-577d4ca6-4404-4a23-952a-ad98413398d2 fb83b68f56124e9a8be9f38548a4091a 1d5973156f8c496399dbe0683c65d8e2 - - default default] 10.0.0.52 "GET /v2.0/security-groups?id=351fb521-7746-450e-8ff0-822e47162962&fields=id&fields=name HTTP/1.1" status: 200 len: 311 time: 0.0401850
2026-05-18 01:48:20.766 10 INFO neutron.wsgi [None req-f84b2d60-ea3e-4a16-9d73-02360e98e498 94bc3f0650194a7aa50b84a3e3a62c70 535ba092ed774de19d4ad28accdc03ef - - default default] 10.0.0.96 "DELETE /v2.0/security-groups/2bfac352-2ae6-49b3-abfb-aa4da71d3cf9 HTTP/1.1" status: 204 len: 168 time: 0.3637509
2026-05-18 01:48:20.825 10 INFO neutron.wsgi [req-419dd162-145a-4f3b-ac68-3de07a982886 req-20a41bb0-cda1-4b8c-880a-e0998e0b1495 fb83b68f56124e9a8be9f38548a4091a 1d5973156f8c496399dbe0683c65d8e2 - - default default] 199.204.45.4 "GET /v2.0/ports?device_id=f0d53afa-38ad-441d-9125-2f6d29684b74 HTTP/1.1" status: 200 len: 1172 time: 0.1249864
2026-05-18 01:48:20.826 10 INFO neutron.notifiers.nova [-] Nova event matching ['req-73dd4a1e-e99a-420b-9b6d-fb1a710ec022'] response: {'name': 'network-changed', 'server_uuid': 'f0d53afa-38ad-441d-9125-2f6d29684b74', 'tag': '2808321c-f8a0-4234-a823-d7c58171ea0d', 'status': 'completed', 'code': 200}
2026-05-18 01:48:20.827 10 INFO neutron.notifiers.nova [-] Nova event matching ['req-73dd4a1e-e99a-420b-9b6d-fb1a710ec022'] response: {'server_uuid': 'cb2d4791-5e52-4448-932c-a499487b6dec', 'name': 'network-vif-plugged', 'status': 'completed', 'tag': '8b1c940b-5ad1-480d-ae72-abdddfb357ac', 'code': 200}
2026-05-18 01:48:20.827 10 INFO neutron.notifiers.nova [-] Nova event matching ['req-73dd4a1e-e99a-420b-9b6d-fb1a710ec022'] response: {'server_uuid': 'cb2d4791-5e52-4448-932c-a499487b6dec', 'name': 'network-vif-plugged', 'status': 'completed', 'tag': '8b1c940b-5ad1-480d-ae72-abdddfb357ac', 'code': 200}
2026-05-18 01:48:20.827 10 INFO neutron.notifiers.nova [-] Nova event matching ['req-73dd4a1e-e99a-420b-9b6d-fb1a710ec022'] response: {'server_uuid': 'f0d53afa-38ad-441d-9125-2f6d29684b74', 'name': 'network-vif-unplugged', 'status': 'completed', 'tag': '2808321c-f8a0-4234-a823-d7c58171ea0d', 'code': 200}
2026-05-18 01:48:20.851 10 INFO neutron.db.ovn_revision_numbers_db [None req-48ed0517-8119-473d-9e0a-ca357ec93912 - - - - - -] Successfully bumped revision number for resource 2808321c-f8a0-4234-a823-d7c58171ea0d (type: ports) to 7
2026-05-18 01:48:20.930 10 INFO neutron.wsgi [req-14f14cf0-32be-49e3-b7a1-a419928234f2 req-437f18af-4a93-496d-9899-99e53ae940da 485d5b8698c94e86961d8f024b871a34 ff036abed31c41d88d5d15aec1e592fb - - 6e105525d8e2416d94bd1f860e211482 6e105525d8e2416d94bd1f860e211482] 199.204.45.4 "GET /v2.0/ports?tenant_id=1d5973156f8c496399dbe0683c65d8e2&device_id=f0d53afa-38ad-441d-9125-2f6d29684b74 HTTP/1.1" status: 200 len: 1411 time: 0.0671868 /var/lib/openstack/lib/python3.10/site-packages/pycadf/identifier.py:71: UserWarning: Invalid uuid: neutron. To ensure interoperability, identifiers should be a valid uuid. warnings.warn(('Invalid uuid: %s. To ensure interoperability, '
2026-05-18 01:48:21.014 10 INFO neutron.wsgi [req-14f14cf0-32be-49e3-b7a1-a419928234f2 req-8df3ac46-b8c8-4029-96ae-d3562740c1ea 485d5b8698c94e86961d8f024b871a34 ff036abed31c41d88d5d15aec1e592fb - - 6e105525d8e2416d94bd1f860e211482 6e105525d8e2416d94bd1f860e211482] 199.204.45.4 "GET /v2.0/networks?id=8285ed05-9404-4c5a-8a5c-904b25bdb313 HTTP/1.1" status: 200 len: 982 time: 0.0759366
2026-05-18 01:48:21.083 10 INFO neutron.wsgi [req-14f14cf0-32be-49e3-b7a1-a419928234f2 req-09f97b9f-1d26-443b-87e5-9b21d8b774e0 485d5b8698c94e86961d8f024b871a34 ff036abed31c41d88d5d15aec1e592fb - - 6e105525d8e2416d94bd1f860e211482 6e105525d8e2416d94bd1f860e211482] 199.204.45.4 "GET /v2.0/floatingips?fixed_ip_address=10.100.0.12&port_id=2808321c-f8a0-4234-a823-d7c58171ea0d HTTP/1.1" status: 200 len: 1058 time: 0.0625634
2026-05-18 01:48:21.130 10 INFO neutron.wsgi [req-14f14cf0-32be-49e3-b7a1-a419928234f2 req-e940eb67-70a6-4a1c-af80-bfb24cec3329 485d5b8698c94e86961d8f024b871a34 ff036abed31c41d88d5d15aec1e592fb - - 6e105525d8e2416d94bd1f860e211482 6e105525d8e2416d94bd1f860e211482] 199.204.45.4 "GET /v2.0/subnets?id=a99be137-4d77-4ac8-b69c-937e9eef82bf HTTP/1.1" status: 200 len: 877 time: 0.0421321
2026-05-18 01:48:21.163 10 INFO neutron.wsgi [req-14f14cf0-32be-49e3-b7a1-a419928234f2 req-83335fc6-0d3f-4883-89ec-235e04675155 485d5b8698c94e86961d8f024b871a34 ff036abed31c41d88d5d15aec1e592fb - - 6e105525d8e2416d94bd1f860e211482 6e105525d8e2416d94bd1f860e211482] 199.204.45.4 "GET /v2.0/ports?network_id=8285ed05-9404-4c5a-8a5c-904b25bdb313&device_owner=network%3Adhcp HTTP/1.1" status: 200 len: 210 time: 0.0295086
2026-05-18 01:48:21.265 10 INFO neutron.wsgi [req-14f14cf0-32be-49e3-b7a1-a419928234f2 req-13e1db52-13fa-40d5-a1df-2a84122e233d 485d5b8698c94e86961d8f024b871a34 ff036abed31c41d88d5d15aec1e592fb - - 6e105525d8e2416d94bd1f860e211482 6e105525d8e2416d94bd1f860e211482] 199.204.45.4 "GET /v2.0/networks/8285ed05-9404-4c5a-8a5c-904b25bdb313?fields=segments HTTP/1.1" status: 200 len: 212 time: 0.0939288 /var/lib/openstack/lib/python3.10/site-packages/pycadf/identifier.py:71: UserWarning: Invalid uuid: neutron. To ensure interoperability, identifiers should be a valid uuid. warnings.warn(('Invalid uuid: %s. To ensure interoperability, '
2026-05-18 01:48:21.369 9 INFO neutron.wsgi [req-f5151873-0b61-4786-85a1-3c6aa0688615 req-6480f3be-6f9b-4aef-a031-07efba172556 be63818a70e14f22acc1f52cd54a34cb ece008a4209945e4be7f4b783967a033 - - default default] 10.0.0.52 "GET /v2.0/ports?device_id=cb2d4791-5e52-4448-932c-a499487b6dec HTTP/1.1" status: 200 len: 1170 time: 0.1000195
2026-05-18 01:48:21.426 9 INFO neutron.wsgi [req-f5151873-0b61-4786-85a1-3c6aa0688615 req-24c32401-015c-40ec-bdbf-c82d1cb9424b be63818a70e14f22acc1f52cd54a34cb ece008a4209945e4be7f4b783967a033 - - default default] 10.0.0.52 "GET /v2.0/security-groups?id=cb5b5a8d-5165-4b12-94e9-1e976f7de1ed&fields=id&fields=name HTTP/1.1" status: 200 len: 286 time: 0.0466871
2026-05-18 01:48:21.657 10 INFO neutron.wsgi [req-05891ed5-8d99-4206-8c0a-9e9166712543 req-e95fd772-ca07-4e47-b3f2-b48cfad1b87e fb83b68f56124e9a8be9f38548a4091a 1d5973156f8c496399dbe0683c65d8e2 - - default default] 10.0.0.52 "GET /v2.0/ports?device_id=f0d53afa-38ad-441d-9125-2f6d29684b74 HTTP/1.1" status: 200 len: 1172 time: 0.0944743
2026-05-18 01:48:21.682 10 INFO neutron.db.l3_db [req-419dd162-145a-4f3b-ac68-3de07a982886 req-1e82705c-f711-4461-a1d7-3e1ae0ab3630 fb83b68f56124e9a8be9f38548a4091a 1d5973156f8c496399dbe0683c65d8e2 - - default default] Floating IP 42970929-84d1-4b6f-89ea-fd5c51c818a2 disassociated. External IP: 10.96.250.202, port: 2808321c-f8a0-4234-a823-d7c58171ea0d.
2026-05-18 01:48:21.730 10 INFO neutron.wsgi [req-14f14cf0-32be-49e3-b7a1-a419928234f2 req-b481d105-e061-4eeb-9f57-cdb716fb9e04 485d5b8698c94e86961d8f024b871a34 ff036abed31c41d88d5d15aec1e592fb - - 6e105525d8e2416d94bd1f860e211482 6e105525d8e2416d94bd1f860e211482] 199.204.45.4 "GET /v2.0/networks/8285ed05-9404-4c5a-8a5c-904b25bdb313?fields=provider%3Aphysical_network&fields=provider%3Anetwork_type HTTP/1.1" status: 200 len: 277 time: 0.4460204
2026-05-18 01:48:21.754 10 INFO neutron.wsgi [req-05891ed5-8d99-4206-8c0a-9e9166712543 req-0acbbe00-b9c2-4719-b2db-07afde4296ea fb83b68f56124e9a8be9f38548a4091a 1d5973156f8c496399dbe0683c65d8e2 - - default default] 10.0.0.52 "GET /v2.0/security-groups?id=351fb521-7746-450e-8ff0-822e47162962&fields=id&fields=name HTTP/1.1" status: 200 len: 311 time: 0.0737906
2026-05-18 01:48:21.872 10 INFO neutron.wsgi [req-419dd162-145a-4f3b-ac68-3de07a982886 req-1e82705c-f711-4461-a1d7-3e1ae0ab3630 fb83b68f56124e9a8be9f38548a4091a 1d5973156f8c496399dbe0683c65d8e2 - - default default] 199.204.45.4 "DELETE /v2.0/ports/2808321c-f8a0-4234-a823-d7c58171ea0d HTTP/1.1" status: 204 len: 173 time: 1.0404336
2026-05-18 01:48:22.547 9 INFO neutron.wsgi [req-75d4f05f-f292-433a-b05d-7a6b5fd5d248 req-33b4cfb4-9e46-4845-963a-398bf392f5a5 be63818a70e14f22acc1f52cd54a34cb ece008a4209945e4be7f4b783967a033 - - default default] 10.0.0.52 "GET /v2.0/ports?device_id=cb2d4791-5e52-4448-932c-a499487b6dec HTTP/1.1" status: 200 len: 1170 time: 0.0468175
2026-05-18 01:48:22.608 9 INFO neutron.wsgi [req-75d4f05f-f292-433a-b05d-7a6b5fd5d248 req-872cb916-2925-47d3-8a9b-e5a174499502 be63818a70e14f22acc1f52cd54a34cb ece008a4209945e4be7f4b783967a033 - - default default] 10.0.0.52 "GET /v2.0/security-groups?id=cb5b5a8d-5165-4b12-94e9-1e976f7de1ed&fields=id&fields=name HTTP/1.1" status: 200 len: 286 time: 0.0522673
2026-05-18 01:48:22.869 10 INFO neutron.notifiers.nova [-] Nova event matching ['req-e96936a8-5a35-4c0c-ac82-c9ee43b658cf'] response: {'server_uuid': 'f0d53afa-38ad-441d-9125-2f6d29684b74', 'name': 'network-vif-unplugged', 'status': 'completed', 'tag': '2808321c-f8a0-4234-a823-d7c58171ea0d', 'code': 200}
2026-05-18 01:48:22.870 10 INFO neutron.notifiers.nova [-] Nova event matching ['req-e96936a8-5a35-4c0c-ac82-c9ee43b658cf'] response: {'server_uuid': 'f0d53afa-38ad-441d-9125-2f6d29684b74', 'name': 'network-vif-deleted', 'tag': '2808321c-f8a0-4234-a823-d7c58171ea0d', 'status': 'completed', 'code': 200}
2026-05-18 01:48:22.916 10 INFO neutron.plugins.ml2.drivers.ovn.mech_driver.mech_driver [None req-48ed0517-8119-473d-9e0a-ca357ec93912 - - - - - -] OVN reports status down for port: 8b1c940b-5ad1-480d-ae72-abdddfb357ac
2026-05-18 01:48:22.961 9 INFO neutron.wsgi [req-624dfccd-314f-4b4b-9e4b-bdaa5fafbe69 req-c7d29bb9-4968-490f-939d-2aaad7759729 be63818a70e14f22acc1f52cd54a34cb ece008a4209945e4be7f4b783967a033 - - default default] 10.0.0.52 "GET /v2.0/ports?device_id=cb2d4791-5e52-4448-932c-a499487b6dec HTTP/1.1" status: 200 len: 1170 time: 0.0537047
2026-05-18 01:48:22.992 10 INFO neutron.wsgi [None req-d2c8b1a6-f53c-482d-81a9-02285c65f64c fb83b68f56124e9a8be9f38548a4091a 1d5973156f8c496399dbe0683c65d8e2 - - default default] 10.0.0.96 "DELETE /v2.0/security-groups/351fb521-7746-450e-8ff0-822e47162962 HTTP/1.1" status: 204 len: 168 time: 0.1642287
2026-05-18 01:48:23.009 10 INFO neutron.api.v2.resource [None req-c2ce78b2-9c17-4590-ab56-888c22c2c10f fb83b68f56124e9a8be9f38548a4091a 1d5973156f8c496399dbe0683c65d8e2 - - default default] show failed (client error): The resource could not be found.
2026-05-18 01:48:23.010 10 INFO neutron.wsgi [None req-c2ce78b2-9c17-4590-ab56-888c22c2c10f fb83b68f56124e9a8be9f38548a4091a 1d5973156f8c496399dbe0683c65d8e2 - - default default] 10.0.0.96 "GET /v2.0/security-groups/351fb521-7746-450e-8ff0-822e47162962 HTTP/1.1" status: 404 len: 347 time: 0.0121088
2026-05-18 01:48:23.020 9 INFO neutron.wsgi [req-624dfccd-314f-4b4b-9e4b-bdaa5fafbe69 req-83b0cdb3-1ede-409c-b6a0-ef95b9cdcb78 be63818a70e14f22acc1f52cd54a34cb ece008a4209945e4be7f4b783967a033 - - default default] 10.0.0.52 "GET /v2.0/security-groups?id=cb5b5a8d-5165-4b12-94e9-1e976f7de1ed&fields=id&fields=name HTTP/1.1" status: 200 len: 286 time: 0.0512125
2026-05-18 01:48:23.200 9 WARNING neutron_lib.context [None req-f4a14a1e-63b4-44fe-936b-22e73bf087ff f671a11312e34d41a31826a924da90f4 a020268627e141d394f289e2280bbab6 - - default default] Method 'is_advsvc' is deprecated since 2023.2 release (neutron-lib 3.8.0) and will be removed once support for the old RBAC API policies will be removed from Neutron. Please use method 'is_service_role' instead.
2026-05-18 01:48:23.281 10 INFO neutron.wsgi [req-b5bce6d0-c3eb-494c-a920-2da200487658 req-e989d7c3-e9c2-45d1-b223-9e313e485ed7 be63818a70e14f22acc1f52cd54a34cb ece008a4209945e4be7f4b783967a033 - - default default] 199.204.45.4 "GET /v2.0/ports?device_id=cb2d4791-5e52-4448-932c-a499487b6dec HTTP/1.1" status: 200 len: 1168 time: 0.0720644
2026-05-18 01:48:23.336 9 INFO neutron.db.ovn_revision_numbers_db [None req-f4a14a1e-63b4-44fe-936b-22e73bf087ff f671a11312e34d41a31826a924da90f4 a020268627e141d394f289e2280bbab6 - - default default] Successfully bumped revision number for resource e62e781a-dff8-4dff-a17d-e33b85ddbdc5 (type: security_groups) to 1
2026-05-18 01:48:23.339 10 INFO neutron.db.ovn_revision_numbers_db [None req-48ed0517-8119-473d-9e0a-ca357ec93912 - - - - - -] Successfully bumped revision number for resource 8b1c940b-5ad1-480d-ae72-abdddfb357ac (type: ports) to 5
2026-05-18 01:48:23.350 9 INFO neutron.db.ovn_revision_numbers_db [None req-f4a14a1e-63b4-44fe-936b-22e73bf087ff f671a11312e34d41a31826a924da90f4 a020268627e141d394f289e2280bbab6 - - default default] Successfully bumped revision number for resource 1a0d5e9c-8660-417e-818f-b75ad5b43b96 (type: security_group_rules) to 0
2026-05-18 01:48:23.366 9 INFO neutron.db.ovn_revision_numbers_db [None req-f4a14a1e-63b4-44fe-936b-22e73bf087ff f671a11312e34d41a31826a924da90f4 a020268627e141d394f289e2280bbab6 - - default default] Successfully bumped revision number for resource 33d8f51c-fe63-4f2c-9b80-0d0d1b92529d (type: security_group_rules) to 0
2026-05-18 01:48:23.380 9 INFO neutron.db.ovn_revision_numbers_db [None req-f4a14a1e-63b4-44fe-936b-22e73bf087ff f671a11312e34d41a31826a924da90f4 a020268627e141d394f289e2280bbab6 - - default default] Successfully bumped revision number for resource 557cd2d3-1e0e-4023-8a3e-3006368e40d3 (type: security_group_rules) to 0
2026-05-18 01:48:23.393 9 INFO neutron.db.ovn_revision_numbers_db [None req-f4a14a1e-63b4-44fe-936b-22e73bf087ff f671a11312e34d41a31826a924da90f4 a020268627e141d394f289e2280bbab6 - - default default] Successfully bumped revision number for resource 90c2147b-b5e9-43e3-ab8f-8423ba1dfdff (type: security_group_rules) to 0
2026-05-18 01:48:23.442 9 INFO neutron.db.segments_db [None req-f4a14a1e-63b4-44fe-936b-22e73bf087ff f671a11312e34d41a31826a924da90f4 a020268627e141d394f289e2280bbab6 - - default default] Added segment 1d365ec8-097a-427b-b903-bbcdba460b8c of type geneve for network c2d48abc-bbda-4bbb-901a-e69f7bcf0512
2026-05-18 01:48:23.559 10 INFO neutron.wsgi [None req-a00b597f-31b8-4187-9154-1c69a298d438 fb83b68f56124e9a8be9f38548a4091a 1d5973156f8c496399dbe0683c65d8e2 - - default default] 10.0.0.96 "DELETE /v2.0/floatingips/42970929-84d1-4b6f-89ea-fd5c51c818a2 HTTP/1.1" status: 204 len: 168 time: 0.5426431
2026-05-18 01:48:23.602 9 INFO neutron.db.ovn_revision_numbers_db [None req-f4a14a1e-63b4-44fe-936b-22e73bf087ff f671a11312e34d41a31826a924da90f4 a020268627e141d394f289e2280bbab6 - - default default] Successfully bumped revision number for resource c2d48abc-bbda-4bbb-901a-e69f7bcf0512 (type: networks) to 1 /var/lib/openstack/lib/python3.10/site-packages/pycadf/identifier.py:71: UserWarning: Invalid uuid: neutron. To ensure interoperability, identifiers should be a valid uuid. warnings.warn(('Invalid uuid: %s. To ensure interoperability, '
2026-05-18 01:48:23.763 10 INFO neutron.wsgi [req-b5bce6d0-c3eb-494c-a920-2da200487658 req-b0654fe6-34fb-465b-862d-c76872461df2 be63818a70e14f22acc1f52cd54a34cb ece008a4209945e4be7f4b783967a033 - - default default] 199.204.45.4 "DELETE /v2.0/ports/8b1c940b-5ad1-480d-ae72-abdddfb357ac HTTP/1.1" status: 204 len: 173 time: 0.4778919
2026-05-18 01:48:23.820 9 WARNING neutron.scheduler.dhcp_agent_scheduler [None req-f4a14a1e-63b4-44fe-936b-22e73bf087ff f671a11312e34d41a31826a924da90f4 a020268627e141d394f289e2280bbab6 - - default default] No more DHCP agents
2026-05-18 01:48:23.823 9 WARNING neutron.api.rpc.agentnotifiers.dhcp_rpc_agent_api [None req-f4a14a1e-63b4-44fe-936b-22e73bf087ff f671a11312e34d41a31826a924da90f4 a020268627e141d394f289e2280bbab6 - - default default] Unable to schedule network c2d48abc-bbda-4bbb-901a-e69f7bcf0512: no agents available; will retry on subsequent port and subnet creation events.
2026-05-18 01:48:23.903 9 INFO neutron.db.ovn_revision_numbers_db [None req-f4a14a1e-63b4-44fe-936b-22e73bf087ff f671a11312e34d41a31826a924da90f4 a020268627e141d394f289e2280bbab6 - - default default] Successfully bumped revision number for resource 0ea02733-31a6-427b-b58a-f3f9049f0c0f (type: ports) to 1
2026-05-18 01:48:23.927 9 INFO neutron.wsgi [None req-f4a14a1e-63b4-44fe-936b-22e73bf087ff f671a11312e34d41a31826a924da90f4 a020268627e141d394f289e2280bbab6 - - default default] 10.0.0.96 "POST /v2.0/networks HTTP/1.1" status: 201 len: 828 time: 0.9501672
2026-05-18 01:48:23.938 9 WARNING neutron_lib.context [None req-f0f2efe4-7cf6-451e-9c80-918259b22da4 f671a11312e34d41a31826a924da90f4 a020268627e141d394f289e2280bbab6 - - default default] Method 'is_advsvc' is deprecated since 2023.2 release (neutron-lib 3.8.0) and will be removed once support for the old RBAC API policies will be removed from Neutron. Please use method 'is_service_role' instead.
2026-05-18 01:48:24.032 9 INFO neutron.db.segments_db [None req-f0f2efe4-7cf6-451e-9c80-918259b22da4 f671a11312e34d41a31826a924da90f4 a020268627e141d394f289e2280bbab6 - - default default] Added segment 6997a6bb-1255-48cf-962c-118607e4e8ae of type geneve for network c53d06f3-97cd-4bb2-9834-52b20cf41185
2026-05-18 01:48:24.112 9 INFO neutron.db.ovn_revision_numbers_db [None req-b1cff0ee-fa08-4bd4-a62e-883c232222c0 94bc3f0650194a7aa50b84a3e3a62c70 535ba092ed774de19d4ad28accdc03ef - - default default] Successfully bumped revision number for resource 3e973419-0519-4387-8dcf-7f9d3cde67c2 (type: security_groups) to 1
2026-05-18 01:48:24.154 9 INFO neutron.db.ovn_revision_numbers_db [None req-b1cff0ee-fa08-4bd4-a62e-883c232222c0 94bc3f0650194a7aa50b84a3e3a62c70 535ba092ed774de19d4ad28accdc03ef - - default default] Successfully bumped revision number for resource 59c60e5a-e57b-4d98-b434-2fc40564565a (type: security_group_rules) to 0
2026-05-18 01:48:24.371 9 INFO neutron.db.ovn_revision_numbers_db [None req-b1cff0ee-fa08-4bd4-a62e-883c232222c0 94bc3f0650194a7aa50b84a3e3a62c70 535ba092ed774de19d4ad28accdc03ef - - default default] Successfully bumped revision number for resource a32a923c-f647-491a-964a-0e434be8368e (type: security_group_rules) to 0
2026-05-18 01:48:24.403 9 INFO neutron.db.ovn_revision_numbers_db [None req-b1cff0ee-fa08-4bd4-a62e-883c232222c0 94bc3f0650194a7aa50b84a3e3a62c70 535ba092ed774de19d4ad28accdc03ef - - default default] Successfully bumped revision number for resource dd9fcaca-a053-49db-ae7d-c03c76089117 (type: security_group_rules) to 0
2026-05-18 01:48:24.405 9 INFO neutron.db.ovn_revision_numbers_db [None req-f0f2efe4-7cf6-451e-9c80-918259b22da4 f671a11312e34d41a31826a924da90f4 a020268627e141d394f289e2280bbab6 - - default default] Successfully bumped revision number for resource c53d06f3-97cd-4bb2-9834-52b20cf41185 (type: networks) to 1
2026-05-18 01:48:24.444 9 INFO neutron.db.ovn_revision_numbers_db [None req-b1cff0ee-fa08-4bd4-a62e-883c232222c0 94bc3f0650194a7aa50b84a3e3a62c70 535ba092ed774de19d4ad28accdc03ef - - default default] Successfully bumped revision number for resource f7df0542-26d7-4a15-b07b-909700fc36d3 (type: security_group_rules) to 0
2026-05-18 01:48:24.475 9 INFO neutron.wsgi [None req-b1cff0ee-fa08-4bd4-a62e-883c232222c0 94bc3f0650194a7aa50b84a3e3a62c70 535ba092ed774de19d4ad28accdc03ef - - default default] 10.0.0.96 "GET /v2.0/security-groups?tenant_id=3364e409023a4ed584816b69fef66d96&name=default HTTP/1.1" status: 200 len: 3120 time: 0.6324635
2026-05-18 01:48:24.633 9 WARNING neutron.scheduler.dhcp_agent_scheduler [None req-f0f2efe4-7cf6-451e-9c80-918259b22da4 f671a11312e34d41a31826a924da90f4 a020268627e141d394f289e2280bbab6 - - default default] No more DHCP agents
2026-05-18 01:48:24.636 9 WARNING neutron.api.rpc.agentnotifiers.dhcp_rpc_agent_api [None req-f0f2efe4-7cf6-451e-9c80-918259b22da4 f671a11312e34d41a31826a924da90f4 a020268627e141d394f289e2280bbab6 - - default default] Unable to schedule network c53d06f3-97cd-4bb2-9834-52b20cf41185: no agents available; will retry on subsequent port and subnet creation events.
2026-05-18 01:48:24.742 9 INFO neutron.db.ovn_revision_numbers_db [None req-f0f2efe4-7cf6-451e-9c80-918259b22da4 f671a11312e34d41a31826a924da90f4 a020268627e141d394f289e2280bbab6 - - default default] Successfully bumped revision number for resource 20dbd98f-46d9-49a1-b5e7-6be9ae210f77 (type: ports) to 1
2026-05-18 01:48:24.769 9 INFO neutron.wsgi [None req-f0f2efe4-7cf6-451e-9c80-918259b22da4 f671a11312e34d41a31826a924da90f4 a020268627e141d394f289e2280bbab6 - - default default] 10.0.0.96 "POST /v2.0/networks HTTP/1.1" status: 201 len: 828 time: 0.8361478
2026-05-18 01:48:24.782 10 WARNING neutron_lib.context [None req-74efa8ed-8173-4fae-9a62-47d50963e350 f671a11312e34d41a31826a924da90f4 a020268627e141d394f289e2280bbab6 - - default default] Method 'is_advsvc' is deprecated since 2023.2 release (neutron-lib 3.8.0) and will be removed once support for the old RBAC API policies will be removed from Neutron. Please use method 'is_service_role' instead.
2026-05-18 01:48:24.816 10 INFO neutron.wsgi [None req-a2e45da0-dffb-4250-aa91-240eed699311 94bc3f0650194a7aa50b84a3e3a62c70 535ba092ed774de19d4ad28accdc03ef - - default default] 10.0.0.96 "DELETE /v2.0/security-groups/3e973419-0519-4387-8dcf-7f9d3cde67c2 HTTP/1.1" status: 204 len: 168 time: 0.3275919
2026-05-18 01:48:24.876 10 INFO neutron.wsgi [None req-353d954f-6825-4c2b-94b9-89c002fc604a 94bc3f0650194a7aa50b84a3e3a62c70 535ba092ed774de19d4ad28accdc03ef - - default default] 10.0.0.96 "PUT /v2.0/routers/e345f2ec-ac53-48fc-bb28-90ea693ced78/remove_router_interface HTTP/1.1" status: 200 len: 503 time: 1.2379630
2026-05-18 01:48:24.915 10 INFO neutron.notifiers.nova [-] Nova event matching ['req-a4a7ba00-853a-44ac-a7e8-08f0a78b8a36'] response: {'server_uuid': 'cb2d4791-5e52-4448-932c-a499487b6dec', 'name': 'network-vif-unplugged', 'status': 'completed', 'tag': '8b1c940b-5ad1-480d-ae72-abdddfb357ac', 'code': 200}
2026-05-18 01:48:24.916 10 INFO neutron.notifiers.nova [-] Nova event matching ['req-a4a7ba00-853a-44ac-a7e8-08f0a78b8a36'] response: {'server_uuid': 'cb2d4791-5e52-4448-932c-a499487b6dec', 'name': 'network-vif-unplugged', 'status': 'completed', 'tag': '8b1c940b-5ad1-480d-ae72-abdddfb357ac', 'code': 200}
2026-05-18 01:48:24.916 10 INFO neutron.notifiers.nova [-] Nova event matching ['req-a4a7ba00-853a-44ac-a7e8-08f0a78b8a36'] response: {'server_uuid': 'cb2d4791-5e52-4448-932c-a499487b6dec', 'name': 'network-vif-deleted', 'tag': '8b1c940b-5ad1-480d-ae72-abdddfb357ac', 'status': 'completed', 'code': 200}
2026-05-18 01:48:25.109 10 WARNING neutron.scheduler.dhcp_agent_scheduler [None req-74efa8ed-8173-4fae-9a62-47d50963e350 f671a11312e34d41a31826a924da90f4 a020268627e141d394f289e2280bbab6 - - default default] No more DHCP agents
2026-05-18 01:48:25.111 10 WARNING neutron.api.rpc.agentnotifiers.dhcp_rpc_agent_api [None req-74efa8ed-8173-4fae-9a62-47d50963e350 f671a11312e34d41a31826a924da90f4 a020268627e141d394f289e2280bbab6 - - default default] Unable to schedule network c2d48abc-bbda-4bbb-901a-e69f7bcf0512: no agents available; will retry on subsequent port and subnet creation events.
2026-05-18 01:48:25.168 9 INFO neutron.db.ovn_revision_numbers_db [None req-39131fa6-77e5-4056-8913-a1a86bc3b820 94bc3f0650194a7aa50b84a3e3a62c70 535ba092ed774de19d4ad28accdc03ef - - default default] Successfully bumped revision number for resource f0d201f8-bcff-436e-b0a2-6551cd232bed (type: security_groups) to 1
2026-05-18 01:48:25.201 9 INFO neutron.db.ovn_revision_numbers_db [None req-39131fa6-77e5-4056-8913-a1a86bc3b820 94bc3f0650194a7aa50b84a3e3a62c70 535ba092ed774de19d4ad28accdc03ef - - default default] Successfully bumped revision number for resource 1d8ac482-81c5-441e-8550-d986a39e9d77 (type: security_group_rules) to 0
2026-05-18 01:48:25.242 9 INFO neutron.db.ovn_revision_numbers_db [None req-39131fa6-77e5-4056-8913-a1a86bc3b820 94bc3f0650194a7aa50b84a3e3a62c70 535ba092ed774de19d4ad28accdc03ef - - default default] Successfully bumped revision number for resource 3717c22f-530b-407c-86c9-47d18b9a0ea8 (type: security_group_rules) to 0
2026-05-18 01:48:25.265 9 INFO neutron.db.ovn_revision_numbers_db [None req-39131fa6-77e5-4056-8913-a1a86bc3b820 94bc3f0650194a7aa50b84a3e3a62c70 535ba092ed774de19d4ad28accdc03ef - - default default] Successfully bumped revision number for resource 3afb1733-0f92-4bc9-b6ab-dc55c7cd7bb8 (type: security_group_rules) to 0
2026-05-18 01:48:25.296 9 INFO neutron.db.ovn_revision_numbers_db [None req-39131fa6-77e5-4056-8913-a1a86bc3b820 94bc3f0650194a7aa50b84a3e3a62c70 535ba092ed774de19d4ad28accdc03ef - - default default] Successfully bumped revision number for resource 9758a821-8a19-4dcf-83ab-de3806e725cf (type: security_group_rules) to 0
2026-05-18 01:48:25.340 9 INFO neutron.wsgi [None req-39131fa6-77e5-4056-8913-a1a86bc3b820 94bc3f0650194a7aa50b84a3e3a62c70 535ba092ed774de19d4ad28accdc03ef - - default default] 10.0.0.96 "GET /v2.0/security-groups?tenant_id=93bc26297a1c450fada10f1c49ea313f&name=default HTTP/1.1" status: 200 len: 3120 time: 0.4128675
2026-05-18 01:48:25.645 10 INFO neutron.db.ovn_revision_numbers_db [None req-74efa8ed-8173-4fae-9a62-47d50963e350 f671a11312e34d41a31826a924da90f4 a020268627e141d394f289e2280bbab6 - - default default] Successfully bumped revision number for resource 0ea02733-31a6-427b-b58a-f3f9049f0c0f (type: ports) to 2
2026-05-18 01:48:25.687 10 INFO neutron.db.ovn_revision_numbers_db [None req-74efa8ed-8173-4fae-9a62-47d50963e350 f671a11312e34d41a31826a924da90f4 a020268627e141d394f289e2280bbab6 - - default default] Successfully bumped revision number for resource 723b1d01-7248-4c01-ba20-23e32d94e593 (type: subnets) to 0
2026-05-18 01:48:25.706 10 INFO neutron.wsgi [None req-74efa8ed-8173-4fae-9a62-47d50963e350 f671a11312e34d41a31826a924da90f4 a020268627e141d394f289e2280bbab6 - - default default] 10.0.0.96 "POST /v2.0/subnets HTTP/1.1" status: 201 len: 801 time: 0.9318602 /var/lib/openstack/lib/python3.10/site-packages/pycadf/identifier.py:71: UserWarning: Invalid uuid: neutron. To ensure interoperability, identifiers should be a valid uuid. warnings.warn(('Invalid uuid: %s. To ensure interoperability, '
2026-05-18 01:48:25.722 10 WARNING neutron_lib.context [None req-7f5a3533-43b0-4f58-848b-da785c5a78ea f671a11312e34d41a31826a924da90f4 a020268627e141d394f289e2280bbab6 - - default default] Method 'is_advsvc' is deprecated since 2023.2 release (neutron-lib 3.8.0) and will be removed once support for the old RBAC API policies will be removed from Neutron. Please use method 'is_service_role' instead.
2026-05-18 01:48:25.954 10 WARNING neutron.scheduler.dhcp_agent_scheduler [None req-7f5a3533-43b0-4f58-848b-da785c5a78ea f671a11312e34d41a31826a924da90f4 a020268627e141d394f289e2280bbab6 - - default default] No more DHCP agents
2026-05-18 01:48:25.957 10 WARNING neutron.api.rpc.agentnotifiers.dhcp_rpc_agent_api [None req-7f5a3533-43b0-4f58-848b-da785c5a78ea f671a11312e34d41a31826a924da90f4 a020268627e141d394f289e2280bbab6 - - default default] Unable to schedule network c53d06f3-97cd-4bb2-9834-52b20cf41185: no agents available; will retry on subsequent port and subnet creation events.
2026-05-18 01:48:26.021 9 INFO neutron.wsgi [None req-9125c51b-b2df-414d-8a17-8540a76d5fac 94bc3f0650194a7aa50b84a3e3a62c70 535ba092ed774de19d4ad28accdc03ef - - default default] 10.0.0.96 "DELETE /v2.0/security-groups/f0d201f8-bcff-436e-b0a2-6551cd232bed HTTP/1.1" status: 204 len: 168 time: 0.6709144
2026-05-18 01:48:26.074 9 INFO neutron.wsgi [None req-c91dd8a0-102e-4ce4-90b1-c0952cdfd479 94bc3f0650194a7aa50b84a3e3a62c70 535ba092ed774de19d4ad28accdc03ef - - default default] 10.0.0.96 "PUT /v2.0/routers/cd8ac974-331c-4842-8257-ce4f3c989708/remove_router_interface HTTP/1.1" status: 200 len: 503 time: 1.9606650 /var/lib/openstack/lib/python3.10/site-packages/pycadf/identifier.py:71: UserWarning: Invalid uuid: neutron. To ensure interoperability, identifiers should be a valid uuid. warnings.warn(('Invalid uuid: %s. To ensure interoperability, '
2026-05-18 01:48:26.418 9 INFO neutron.wsgi [None req-10380923-45b7-4fe1-b21f-a4d58d5c2e9f 94bc3f0650194a7aa50b84a3e3a62c70 535ba092ed774de19d4ad28accdc03ef - - default default] 10.0.0.96 "DELETE /v2.0/routers/e345f2ec-ac53-48fc-bb28-90ea693ced78 HTTP/1.1" status: 204 len: 168 time: 1.5371535
2026-05-18 01:48:26.483 10 INFO neutron.db.ovn_revision_numbers_db [None req-7f5a3533-43b0-4f58-848b-da785c5a78ea f671a11312e34d41a31826a924da90f4 a020268627e141d394f289e2280bbab6 - - default default] Successfully bumped revision number for resource 20dbd98f-46d9-49a1-b5e7-6be9ae210f77 (type: ports) to 2
2026-05-18 01:48:26.526 10 INFO neutron.db.ovn_revision_numbers_db [None req-7f5a3533-43b0-4f58-848b-da785c5a78ea f671a11312e34d41a31826a924da90f4 a020268627e141d394f289e2280bbab6 - - default default] Successfully bumped revision number for resource 005d2eaf-3699-4e3d-9843-84c074a4f56d (type: subnets) to 0
2026-05-18 01:48:26.548 10 INFO neutron.wsgi [None req-7f5a3533-43b0-4f58-848b-da785c5a78ea f671a11312e34d41a31826a924da90f4 a020268627e141d394f289e2280bbab6 - - default default] 10.0.0.96 "POST /v2.0/subnets HTTP/1.1" status: 201 len: 801 time: 0.8336976
2026-05-18 01:48:26.558 10 WARNING neutron_lib.context [None req-c41f6cc6-9524-427d-85d6-01961b401a40 f671a11312e34d41a31826a924da90f4 a020268627e141d394f289e2280bbab6 - - default default] Method 'is_advsvc' is deprecated since 2023.2 release (neutron-lib 3.8.0) and will be removed once support for the old RBAC API policies will be removed from Neutron. Please use method 'is_service_role' instead.
2026-05-18 01:48:26.680 10 INFO neutron.db.ovn_revision_numbers_db [None req-c41f6cc6-9524-427d-85d6-01961b401a40 f671a11312e34d41a31826a924da90f4 a020268627e141d394f289e2280bbab6 - - default default] Successfully bumped revision number for resource e436a8e8-fb4e-4088-9e5b-06541f6f12dd (type: routers) to 1
2026-05-18 01:48:26.702 10 INFO neutron.wsgi [None req-c41f6cc6-9524-427d-85d6-01961b401a40 f671a11312e34d41a31826a924da90f4 a020268627e141d394f289e2280bbab6 - - default default] 10.0.0.96 "POST /v2.0/routers HTTP/1.1" status: 201 len: 802 time: 0.1492755
2026-05-18 01:48:26.742 9 INFO neutron.wsgi [None req-256234da-2a4f-4a89-8af3-6dd98bfbfc20 94bc3f0650194a7aa50b84a3e3a62c70 535ba092ed774de19d4ad28accdc03ef - - default default] 10.0.0.96 "DELETE /v2.0/subnets/a99be137-4d77-4ac8-b69c-937e9eef82bf HTTP/1.1" status: 204 len: 168 time: 0.3182232
2026-05-18 01:48:27.163 9 INFO neutron.wsgi [None req-4803310f-9f36-430d-9c8e-027433ea2b12 94bc3f0650194a7aa50b84a3e3a62c70 535ba092ed774de19d4ad28accdc03ef - - default default] 10.0.0.96 "DELETE /v2.0/routers/cd8ac974-331c-4842-8257-ce4f3c989708 HTTP/1.1" status: 204 len: 168 time: 1.0814149
2026-05-18 01:48:27.313 9 INFO neutron.services.segments.plugin [-] Segment 58ea7fb2-0b7a-4fb3-9a09-c48d75a05e56 resource provider aggregate not found
2026-05-18 01:48:27.319 9 INFO neutron.services.segments.plugin [-] Segment 58ea7fb2-0b7a-4fb3-9a09-c48d75a05e56 resource provider aggregate not found
2026-05-18 01:48:27.341 9 INFO neutron.services.segments.plugin [-] Segment 58ea7fb2-0b7a-4fb3-9a09-c48d75a05e56 resource provider not found; error: Placement Client Error (4xx): {"errors": [{"status": 404, "title": "Not Found", "detail": "The resource could not be found.\n\n No resource provider with uuid 58ea7fb2-0b7a-4fb3-9a09-c48d75a05e56 found for delete ", "request_id": "req-2064532b-4299-4a0f-bede-c9a1f352dd08"}]}
2026-05-18 01:48:27.342 9 INFO neutron.services.segments.plugin [-] Segment 58ea7fb2-0b7a-4fb3-9a09-c48d75a05e56 resource provider not found; error: Placement Client Error (4xx): {"errors": [{"status": 404, "title": "Not Found", "detail": "The resource could not be found.\n\n No resource provider with uuid 58ea7fb2-0b7a-4fb3-9a09-c48d75a05e56 found for delete ", "request_id": "req-d524865c-1e4e-45e7-b57f-150999ab1f43"}]}
2026-05-18 01:48:27.366 9 INFO neutron.wsgi [None req-a42a209c-cbca-4d7a-b33d-f6e75c99fd4c 94bc3f0650194a7aa50b84a3e3a62c70 535ba092ed774de19d4ad28accdc03ef - - default default] 10.0.0.96 "DELETE /v2.0/networks/8285ed05-9404-4c5a-8a5c-904b25bdb313 HTTP/1.1" status: 204 len: 168 time: 0.6185577
2026-05-18 01:48:27.435 9 INFO neutron.wsgi [None req-d88d1c75-cee0-421d-862d-4ee863e8ec5c 94bc3f0650194a7aa50b84a3e3a62c70 535ba092ed774de19d4ad28accdc03ef - - default default] 10.0.0.96 "DELETE /v2.0/subnets/9a054466-4c8d-43ea-a98d-fc58acb93b84 HTTP/1.1" status: 204 len: 168 time: 0.2665472
2026-05-18 01:48:27.491 10 WARNING neutron.scheduler.dhcp_agent_scheduler [None req-1a4555b4-3b16-4b42-a433-b8831ccc7c29 f671a11312e34d41a31826a924da90f4 a020268627e141d394f289e2280bbab6 - - default default] No more DHCP agents
2026-05-18 01:48:27.494 10 WARNING neutron.api.rpc.agentnotifiers.dhcp_rpc_agent_api [None req-1a4555b4-3b16-4b42-a433-b8831ccc7c29 f671a11312e34d41a31826a924da90f4 a020268627e141d394f289e2280bbab6 - - default default] Unable to schedule network c2d48abc-bbda-4bbb-901a-e69f7bcf0512: no agents available; will retry on subsequent port and subnet creation events.
2026-05-18 01:48:27.538 9 INFO neutron.wsgi [None req-14ced1c7-861a-4e03-9e25-83fb69036c05 94bc3f0650194a7aa50b84a3e3a62c70 535ba092ed774de19d4ad28accdc03ef - - default default] 10.0.0.96 "GET /v2.0/security-groups?tenant_id=1d5973156f8c496399dbe0683c65d8e2&name=default HTTP/1.1" status: 200 len: 3120 time: 0.0500109
2026-05-18 01:48:27.657 10 INFO neutron.db.ovn_revision_numbers_db [None req-1a4555b4-3b16-4b42-a433-b8831ccc7c29 f671a11312e34d41a31826a924da90f4 a020268627e141d394f289e2280bbab6 - - default default] Successfully bumped revision number for resource 16123a92-0b3d-4f52-b43b-b4d196f08d4d (type: ports) to 1
2026-05-18 01:48:27.821 9 INFO neutron.wsgi [None req-866725e5-9f31-4b4e-a132-9ad4cc81b4fe 94bc3f0650194a7aa50b84a3e3a62c70 535ba092ed774de19d4ad28accdc03ef - - default default] 10.0.0.96 "DELETE /v2.0/security-groups/498011ef-d14f-43e9-b991-80279304fe6e HTTP/1.1" status: 204 len: 168 time: 0.2767901
2026-05-18 01:48:27.899 9 INFO neutron.wsgi [None req-cb48466e-02e3-44f6-8f45-d8c9f1935f27 94bc3f0650194a7aa50b84a3e3a62c70 535ba092ed774de19d4ad28accdc03ef - - default default] 10.0.0.96 "DELETE /v2.0/networks/eb1ea95c-622e-4e4a-873a-ec444105b444 HTTP/1.1" status: 204 len: 168 time: 0.4571495
2026-05-18 01:48:28.045 9 INFO neutron.wsgi [None req-58d1cdee-7061-448d-b190-b99fb8955ef2 94bc3f0650194a7aa50b84a3e3a62c70 535ba092ed774de19d4ad28accdc03ef - - default default] 10.0.0.96 "GET /v2.0/security-groups?tenant_id=ece008a4209945e4be7f4b783967a033&name=default HTTP/1.1" status: 200 len: 3120 time: 0.0419757
2026-05-18 01:48:28.140 10 ERROR ovsdbapp.backend.ovs_idl.command [None req-1a4555b4-3b16-4b42-a433-b8831ccc7c29 f671a11312e34d41a31826a924da90f4 a020268627e141d394f289e2280bbab6 - - default default] Error executing command (DbGetCommand): ovsdbapp.backend.ovs_idl.idlutils.RowNotFound: Cannot find Logical_Router_Port with name=lrp-16123a92-0b3d-4f52-b43b-b4d196f08d4d
2026-05-18 01:48:28.140 10 ERROR ovsdbapp.backend.ovs_idl.command
Traceback (most recent call last):
2026-05-18 01:48:28.140 10 ERROR ovsdbapp.backend.ovs_idl.command
File "/var/lib/openstack/lib/python3.10/site-packages/ovsdbapp/backend/ovs_idl/command.py", line 47, in execute
2026-05-18 01:48:28.140 10 ERROR ovsdbapp.backend.ovs_idl.command self.run_idl(None)
2026-05-18 01:48:28.140 10 ERROR ovsdbapp.backend.ovs_idl.command
File "/var/lib/openstack/lib/python3.10/site-packages/ovsdbapp/backend/ovs_idl/command.py", line 235, in run_idl
2026-05-18 01:48:28.140 10 ERROR ovsdbapp.backend.ovs_idl.command record = self.api.lookup(self.table, self.record)
2026-05-18 01:48:28.140 10 ERROR ovsdbapp.backend.ovs_idl.command
File "/var/lib/openstack/lib/python3.10/site-packages/ovsdbapp/backend/ovs_idl/__init__.py", line 184, in lookup
2026-05-18 01:48:28.140 10 ERROR ovsdbapp.backend.ovs_idl.command return self._lookup(table, record)
2026-05-18 01:48:28.140 10 ERROR ovsdbapp.backend.ovs_idl.command
File "/var/lib/openstack/lib/python3.10/site-packages/ovsdbapp/backend/ovs_idl/__init__.py", line 235, in _lookup
2026-05-18 01:48:28.140 10 ERROR ovsdbapp.backend.ovs_idl.command row = idlutils.row_by_value(self, rl.table, rl.column, record)
2026-05-18 01:48:28.140 10 ERROR ovsdbapp.backend.ovs_idl.command
File "/var/lib/openstack/lib/python3.10/site-packages/ovsdbapp/backend/ovs_idl/idlutils.py", line 114, in row_by_value
2026-05-18 01:48:28.140 10 ERROR ovsdbapp.backend.ovs_idl.command raise RowNotFound(table=table, col=column, match=match)
2026-05-18 01:48:28.140 10 ERROR ovsdbapp.backend.ovs_idl.command ovsdbapp.backend.ovs_idl.idlutils.RowNotFound: Cannot find Logical_Router_Port with name=lrp-16123a92-0b3d-4f52-b43b-b4d196f08d4d
2026-05-18 01:48:28.140 10 ERROR ovsdbapp.backend.ovs_idl.command 
2026-05-18 01:48:28.140 10 ERROR neutron_lib.callbacks.manager [None req-1a4555b4-3b16-4b42-a433-b8831ccc7c29 f671a11312e34d41a31826a924da90f4 a020268627e141d394f289e2280bbab6 - - default default] Error during notification for neutron.services.ovn_l3.plugin.OVNL3RouterPlugin._port_update-8726852899567 port, after_update: ovsdbapp.backend.ovs_idl.idlutils.RowNotFound: Cannot find Logical_Router_Port with name=lrp-16123a92-0b3d-4f52-b43b-b4d196f08d4d
2026-05-18 01:48:28.140 10 ERROR neutron_lib.callbacks.manager
Traceback (most recent call last):
2026-05-18 01:48:28.140 10 ERROR neutron_lib.callbacks.manager
File "/var/lib/openstack/lib/python3.10/site-packages/neutron_lib/callbacks/manager.py", line 189, in _notify_loop
2026-05-18 01:48:28.140 10 ERROR neutron_lib.callbacks.manager callback.method(resource, event, trigger, payload=payload)
2026-05-18 01:48:28.140 10 ERROR neutron_lib.callbacks.manager
File "/var/lib/openstack/lib/python3.10/site-packages/neutron/services/ovn_l3/plugin.py", line 391, in _port_update
2026-05-18 01:48:28.140 10 ERROR neutron_lib.callbacks.manager l3plugin._ovn_client.update_router_port(context,
2026-05-18 01:48:28.140 10 ERROR neutron_lib.callbacks.manager
File "/var/lib/openstack/lib/python3.10/site-packages/neutron/plugins/ml2/drivers/ovn/mech_driver/ovsdb/ovn_client.py", line 1878, in update_router_port
2026-05-18 01:48:28.140 10 ERROR neutron_lib.callbacks.manager self._update_lrouter_port(context, port, if_exists=if_exists,
2026-05-18 01:48:28.140 10 ERROR neutron_lib.callbacks.manager
File "/var/lib/openstack/lib/python3.10/site-packages/neutron/plugins/ml2/drivers/ovn/mech_driver/ovsdb/ovn_client.py", line 1855, in _update_lrouter_port
2026-05-18 01:48:28.140 10 ERROR neutron_lib.callbacks.manager external_ids = self._nb_idl.db_get(
2026-05-18 01:48:28.140 10 ERROR neutron_lib.callbacks.manager
File "/var/lib/openstack/lib/python3.10/site-packages/ovsdbapp/backend/ovs_idl/command.py", line 47, in execute
2026-05-18 01:48:28.140 10 ERROR neutron_lib.callbacks.manager self.run_idl(None)
2026-05-18 01:48:28.140 10 ERROR neutron_lib.callbacks.manager
File "/var/lib/openstack/lib/python3.10/site-packages/ovsdbapp/backend/ovs_idl/command.py", line 235, in run_idl
2026-05-18 01:48:28.140 10 ERROR neutron_lib.callbacks.manager record = self.api.lookup(self.table, self.record)
2026-05-18 01:48:28.140 10 ERROR neutron_lib.callbacks.manager
File "/var/lib/openstack/lib/python3.10/site-packages/ovsdbapp/backend/ovs_idl/__init__.py", line 184, in lookup
2026-05-18 01:48:28.140 10 ERROR neutron_lib.callbacks.manager return self._lookup(table, record)
2026-05-18 01:48:28.140 10 ERROR neutron_lib.callbacks.manager
File "/var/lib/openstack/lib/python3.10/site-packages/ovsdbapp/backend/ovs_idl/__init__.py", line 235, in _lookup
2026-05-18 01:48:28.140 10 ERROR neutron_lib.callbacks.manager row = idlutils.row_by_value(self, rl.table, rl.column, record)
2026-05-18 01:48:28.140 10 ERROR neutron_lib.callbacks.manager
File "/var/lib/openstack/lib/python3.10/site-packages/ovsdbapp/backend/ovs_idl/idlutils.py", line 114, in row_by_value
2026-05-18 01:48:28.140 10 ERROR neutron_lib.callbacks.manager raise RowNotFound(table=table, col=column, match=match)
2026-05-18 01:48:28.140 10 ERROR neutron_lib.callbacks.manager ovsdbapp.backend.ovs_idl.idlutils.RowNotFound: Cannot find Logical_Router_Port with name=lrp-16123a92-0b3d-4f52-b43b-b4d196f08d4d
2026-05-18 01:48:28.140 10 ERROR neutron_lib.callbacks.manager 
2026-05-18 01:48:28.258 9 INFO neutron.wsgi [None req-fd2a4089-d6f6-4b5e-acfe-82f7e7522445 94bc3f0650194a7aa50b84a3e3a62c70 535ba092ed774de19d4ad28accdc03ef - - default default] 10.0.0.96 "DELETE /v2.0/security-groups/cb5b5a8d-5165-4b12-94e9-1e976f7de1ed HTTP/1.1" status: 204 len: 168 time: 0.2079420
2026-05-18 01:48:28.334 9 INFO neutron.plugins.ml2.drivers.ovn.mech_driver.mech_driver [None req-9591dc38-03b0-4859-8285-b84f72f47cc6 - - - - - -] OVN reports status up for port: 16123a92-0b3d-4f52-b43b-b4d196f08d4d
2026-05-18 01:48:28.354 9 INFO neutron.plugins.ml2.plugin [None req-9591dc38-03b0-4859-8285-b84f72f47cc6 - - - - - -] Attempt 1 to provision port 16123a92-0b3d-4f52-b43b-b4d196f08d4d
2026-05-18 01:48:28.363 10 INFO neutron.db.ovn_revision_numbers_db [None req-1a4555b4-3b16-4b42-a433-b8831ccc7c29 f671a11312e34d41a31826a924da90f4 a020268627e141d394f289e2280bbab6 - - default default] Successfully bumped revision number for resource 16123a92-0b3d-4f52-b43b-b4d196f08d4d (type: ports) to 1
2026-05-18 01:48:28.455 10 WARNING neutron.scheduler.dhcp_agent_scheduler [None req-1a4555b4-3b16-4b42-a433-b8831ccc7c29 f671a11312e34d41a31826a924da90f4 a020268627e141d394f289e2280bbab6 - - default default] No more DHCP agents
2026-05-18 01:48:28.456 10 WARNING neutron.api.rpc.agentnotifiers.dhcp_rpc_agent_api [None req-1a4555b4-3b16-4b42-a433-b8831ccc7c29 f671a11312e34d41a31826a924da90f4 a020268627e141d394f289e2280bbab6 - - default default] Unable to schedule network c2d48abc-bbda-4bbb-901a-e69f7bcf0512: no agents available; will retry on subsequent port and subnet creation events.
2026-05-18 01:48:28.634 10 INFO neutron.db.ovn_revision_numbers_db [None req-1a4555b4-3b16-4b42-a433-b8831ccc7c29 f671a11312e34d41a31826a924da90f4 a020268627e141d394f289e2280bbab6 - - default default] Successfully bumped revision number for resource 16123a92-0b3d-4f52-b43b-b4d196f08d4d (type: router_ports) to 1
