2026-05-18 01:49:46.786 9 INFO neutron.db.ovn_revision_numbers_db [None req-9c04bc5e-3508-4b21-9e4d-b23617554678 94bc3f0650194a7aa50b84a3e3a62c70 535ba092ed774de19d4ad28accdc03ef - - default default] Successfully bumped revision number for resource 0cce7883-c64b-4230-8576-17902dbe98d7 (type: security_group_rules) to 0
2026-05-18 01:49:46.826 9 INFO neutron.db.ovn_revision_numbers_db [None req-9c04bc5e-3508-4b21-9e4d-b23617554678 94bc3f0650194a7aa50b84a3e3a62c70 535ba092ed774de19d4ad28accdc03ef - - default default] Successfully bumped revision number for resource 25f4ba36-8a9d-4da2-8cd8-9e4b81947283 (type: security_group_rules) to 0
2026-05-18 01:49:46.843 9 INFO neutron.db.ovn_revision_numbers_db [None req-9c04bc5e-3508-4b21-9e4d-b23617554678 94bc3f0650194a7aa50b84a3e3a62c70 535ba092ed774de19d4ad28accdc03ef - - default default] Successfully bumped revision number for resource 77d378f1-c492-43c1-8364-083015cb4fe0 (type: security_group_rules) to 0
2026-05-18 01:49:46.861 9 INFO neutron.db.ovn_revision_numbers_db [None req-9c04bc5e-3508-4b21-9e4d-b23617554678 94bc3f0650194a7aa50b84a3e3a62c70 535ba092ed774de19d4ad28accdc03ef - - default default] Successfully bumped revision number for resource a7161e57-6f9d-46ea-b04e-d16df568e2ba (type: security_group_rules) to 0
2026-05-18 01:49:46.894 9 INFO neutron.wsgi [None req-9c04bc5e-3508-4b21-9e4d-b23617554678 94bc3f0650194a7aa50b84a3e3a62c70 535ba092ed774de19d4ad28accdc03ef - - default default] 10.0.0.96 "GET /v2.0/security-groups?tenant_id=5829971069ac4c1ea18f4a4888169a79&name=default HTTP/1.1" status: 200 len: 3120 time: 0.4190741
2026-05-18 01:49:47.118 9 INFO neutron.wsgi [None req-c7c1406d-8a36-49bd-ac47-50ae2614bcc4 94bc3f0650194a7aa50b84a3e3a62c70 535ba092ed774de19d4ad28accdc03ef - - default default] 10.0.0.96 "DELETE /v2.0/security-groups/056bbffa-ae55-4bb4-b107-ff71c1bf0c28 HTTP/1.1" status: 204 len: 168 time: 0.2142525
2026-05-18 01:49:47.387 10 INFO neutron.db.ovn_revision_numbers_db [None req-a887c32a-bbb1-4d23-8acf-3e92453dd673 94bc3f0650194a7aa50b84a3e3a62c70 535ba092ed774de19d4ad28accdc03ef - - default default] Successfully bumped revision number for resource 2322bb64-341a-40ab-b9bd-3b1ec4b5fbc4 (type: security_groups) to 1
2026-05-18 01:49:47.411 10 INFO neutron.db.ovn_revision_numbers_db [None req-a887c32a-bbb1-4d23-8acf-3e92453dd673 94bc3f0650194a7aa50b84a3e3a62c70 535ba092ed774de19d4ad28accdc03ef - - default default] Successfully bumped revision number for resource 366cbca1-3037-4029-834b-14f79afa6dfb (type: security_group_rules) to 0
2026-05-18 01:49:47.436 10 INFO neutron.db.ovn_revision_numbers_db [None req-a887c32a-bbb1-4d23-8acf-3e92453dd673 94bc3f0650194a7aa50b84a3e3a62c70 535ba092ed774de19d4ad28accdc03ef - - default default] Successfully bumped revision number for resource bf70162c-dfdf-47c0-9f64-d2c612094758 (type: security_group_rules) to 0
2026-05-18 01:49:47.450 10 INFO neutron.db.ovn_revision_numbers_db [None req-a887c32a-bbb1-4d23-8acf-3e92453dd673 94bc3f0650194a7aa50b84a3e3a62c70 535ba092ed774de19d4ad28accdc03ef - - default default] Successfully bumped revision number for resource ca6df640-a129-4048-a2a6-af67acc293ce (type: security_group_rules) to 0
2026-05-18 01:49:47.464 10 INFO neutron.db.ovn_revision_numbers_db [None req-a887c32a-bbb1-4d23-8acf-3e92453dd673 94bc3f0650194a7aa50b84a3e3a62c70 535ba092ed774de19d4ad28accdc03ef - - default default] Successfully bumped revision number for resource dee10602-3223-4bc1-9b5b-699c3760c540 (type: security_group_rules) to 0
2026-05-18 01:49:47.487 10 INFO neutron.wsgi [None req-a887c32a-bbb1-4d23-8acf-3e92453dd673 94bc3f0650194a7aa50b84a3e3a62c70 535ba092ed774de19d4ad28accdc03ef - - default default] 10.0.0.96 "GET /v2.0/security-groups?tenant_id=a82a170a0fa640a69cda7d7378b8ff8c&name=default HTTP/1.1" status: 200 len: 3120 time: 0.4220395
2026-05-18 01:49:47.719 9 INFO neutron.wsgi [None req-8ace4d5b-c16d-4dab-b944-21c155e3f07c 94bc3f0650194a7aa50b84a3e3a62c70 535ba092ed774de19d4ad28accdc03ef - - default default] 10.0.0.96 "DELETE /v2.0/security-groups/2322bb64-341a-40ab-b9bd-3b1ec4b5fbc4 HTTP/1.1" status: 204 len: 168 time: 0.2218838
2026-05-18 01:49:48.006 10 INFO neutron.db.ovn_revision_numbers_db [None req-11fc2c32-50db-4e19-9ac9-97acd7280843 94bc3f0650194a7aa50b84a3e3a62c70 535ba092ed774de19d4ad28accdc03ef - - default default] Successfully bumped revision number for resource e4969d25-6e7f-4553-ba57-d2cf6639f4c6 (type: security_groups) to 1
2026-05-18 01:49:48.024 10 INFO neutron.db.ovn_revision_numbers_db [None req-11fc2c32-50db-4e19-9ac9-97acd7280843 94bc3f0650194a7aa50b84a3e3a62c70 535ba092ed774de19d4ad28accdc03ef - - default default] Successfully bumped revision number for resource 25139bfd-9852-4aad-af34-a247ca27966b (type: security_group_rules) to 0
2026-05-18 01:49:48.040 10 INFO neutron.db.ovn_revision_numbers_db [None req-11fc2c32-50db-4e19-9ac9-97acd7280843 94bc3f0650194a7aa50b84a3e3a62c70 535ba092ed774de19d4ad28accdc03ef - - default default] Successfully bumped revision number for resource 2600f670-62ca-4839-8204-fab3ffdbaa5c (type: security_group_rules) to 0
2026-05-18 01:49:48.047 9 INFO neutron.wsgi [-] 10.0.0.151 "GET / HTTP/1.1" status: 200 len: 246 time: 0.0020120
2026-05-18 01:49:48.050 9 INFO neutron.wsgi [-] 10.0.0.151 "GET / HTTP/1.1" status: 200 len: 246 time: 0.0019181
2026-05-18 01:49:48.059 10 INFO neutron.db.ovn_revision_numbers_db [None req-11fc2c32-50db-4e19-9ac9-97acd7280843 94bc3f0650194a7aa50b84a3e3a62c70 535ba092ed774de19d4ad28accdc03ef - - default default] Successfully bumped revision number for resource 4f40e0c2-b08c-4643-85e8-80881d14157e (type: security_group_rules) to 0
2026-05-18 01:49:48.074 10 INFO neutron.db.ovn_revision_numbers_db [None req-11fc2c32-50db-4e19-9ac9-97acd7280843 94bc3f0650194a7aa50b84a3e3a62c70 535ba092ed774de19d4ad28accdc03ef - - default default] Successfully bumped revision number for resource 7a30ac88-d9ee-47ee-9e2c-7e3dde45d008 (type: security_group_rules) to 0
2026-05-18 01:49:48.105 10 INFO neutron.wsgi [None req-11fc2c32-50db-4e19-9ac9-97acd7280843 94bc3f0650194a7aa50b84a3e3a62c70 535ba092ed774de19d4ad28accdc03ef - - default default] 10.0.0.96 "GET /v2.0/security-groups?tenant_id=7e2663ef901f4afa9e1c1921be3cc85a&name=default HTTP/1.1" status: 200 len: 3120 time: 0.2349944
2026-05-18 01:49:48.316 10 INFO neutron.wsgi [None req-9f8c2dd8-cce7-4b6c-a9f6-2fff3f0b7eb0 94bc3f0650194a7aa50b84a3e3a62c70 535ba092ed774de19d4ad28accdc03ef - - default default] 10.0.0.96 "DELETE /v2.0/security-groups/e4969d25-6e7f-4553-ba57-d2cf6639f4c6 HTTP/1.1" status: 204 len: 168 time: 0.2061410
2026-05-18 01:49:48.965 9 WARNING neutron_lib.context [None req-d5b95f38-d367-42de-8c6c-abd65b91e637 91a5df1cc6d84289b845e5eda9a40714 b165cc527a724f64b48ef09f2e284b8c - - default default] Method 'is_advsvc' is deprecated since 2023.2 release (neutron-lib 3.8.0) and will be removed once support for the old RBAC API policies will be removed from Neutron. Please use method 'is_service_role' instead.
2026-05-18 01:49:49.114 9 INFO neutron.db.ovn_revision_numbers_db [None req-d5b95f38-d367-42de-8c6c-abd65b91e637 91a5df1cc6d84289b845e5eda9a40714 b165cc527a724f64b48ef09f2e284b8c - - default default] Successfully bumped revision number for resource 7b90ae62-bbe3-426a-820a-6c8dee92af05 (type: security_groups) to 1
2026-05-18 01:49:49.128 9 INFO neutron.db.ovn_revision_numbers_db [None req-d5b95f38-d367-42de-8c6c-abd65b91e637 91a5df1cc6d84289b845e5eda9a40714 b165cc527a724f64b48ef09f2e284b8c - - default default] Successfully bumped revision number for resource 3c848f4a-b929-4ebc-83dd-6ca2abd31cc2 (type: security_group_rules) to 0
2026-05-18 01:49:49.143 9 INFO neutron.db.ovn_revision_numbers_db [None req-d5b95f38-d367-42de-8c6c-abd65b91e637 91a5df1cc6d84289b845e5eda9a40714 b165cc527a724f64b48ef09f2e284b8c - - default default] Successfully bumped revision number for resource 53a77335-ab20-4bd9-b6e8-55b812a5db73 (type: security_group_rules) to 0
2026-05-18 01:49:49.162 9 INFO neutron.db.ovn_revision_numbers_db [None req-d5b95f38-d367-42de-8c6c-abd65b91e637 91a5df1cc6d84289b845e5eda9a40714 b165cc527a724f64b48ef09f2e284b8c - - default default] Successfully bumped revision number for resource 805099ce-9d2c-483a-b1e3-568da718ed1c (type: security_group_rules) to 0
2026-05-18 01:49:49.179 9 INFO neutron.db.ovn_revision_numbers_db [None req-d5b95f38-d367-42de-8c6c-abd65b91e637 91a5df1cc6d84289b845e5eda9a40714 b165cc527a724f64b48ef09f2e284b8c - - default default] Successfully bumped revision number for resource fd8377a3-2c9a-4de0-bd1a-fc07a6aa23f1 (type: security_group_rules) to 0
2026-05-18 01:49:49.238 9 INFO neutron.db.segments_db [None req-d5b95f38-d367-42de-8c6c-abd65b91e637 91a5df1cc6d84289b845e5eda9a40714 b165cc527a724f64b48ef09f2e284b8c - - default default] Added segment fde2e4d5-4e93-464e-af5a-0eee825f5470 of type geneve for network 5401c2b6-3443-40f6-8a20-c9497c4d1c82
2026-05-18 01:49:49.381 9 INFO neutron.db.ovn_revision_numbers_db [None req-d5b95f38-d367-42de-8c6c-abd65b91e637 91a5df1cc6d84289b845e5eda9a40714 b165cc527a724f64b48ef09f2e284b8c - - default default] Successfully bumped revision number for resource 5401c2b6-3443-40f6-8a20-c9497c4d1c82 (type: networks) to 1
2026-05-18 01:49:49.573 9 WARNING neutron.scheduler.dhcp_agent_scheduler [None req-d5b95f38-d367-42de-8c6c-abd65b91e637 91a5df1cc6d84289b845e5eda9a40714 b165cc527a724f64b48ef09f2e284b8c - - default default] No more DHCP agents
2026-05-18 01:49:49.578 9 WARNING neutron.api.rpc.agentnotifiers.dhcp_rpc_agent_api [None req-d5b95f38-d367-42de-8c6c-abd65b91e637 91a5df1cc6d84289b845e5eda9a40714 b165cc527a724f64b48ef09f2e284b8c - - default default] Unable to schedule network 5401c2b6-3443-40f6-8a20-c9497c4d1c82: no agents available; will retry on subsequent port and subnet creation events.
2026-05-18 01:49:49.675 9 INFO neutron.db.ovn_revision_numbers_db [None req-d5b95f38-d367-42de-8c6c-abd65b91e637 91a5df1cc6d84289b845e5eda9a40714 b165cc527a724f64b48ef09f2e284b8c - - default default] Successfully bumped revision number for resource e1693578-620f-44f8-a4d1-5923a8b4d25c (type: ports) to 1
2026-05-18 01:49:49.707 9 INFO neutron.wsgi [None req-d5b95f38-d367-42de-8c6c-abd65b91e637 91a5df1cc6d84289b845e5eda9a40714 b165cc527a724f64b48ef09f2e284b8c - - default default] 10.0.0.96 "POST /v2.0/networks HTTP/1.1" status: 201 len: 831 time: 0.9454458
2026-05-18 01:49:49.720 10 WARNING neutron_lib.context [None req-eb523cbf-81e6-4915-a77b-0205e17efd90 91a5df1cc6d84289b845e5eda9a40714 b165cc527a724f64b48ef09f2e284b8c - - default default] Method 'is_advsvc' is deprecated since 2023.2 release (neutron-lib 3.8.0) and will be removed once support for the old RBAC API policies will be removed from Neutron. Please use method 'is_service_role' instead.
2026-05-18 01:49:49.927 10 INFO neutron.db.ovn_revision_numbers_db [None req-85d96c71-acf6-4764-9600-9d29f899e04b 94bc3f0650194a7aa50b84a3e3a62c70 535ba092ed774de19d4ad28accdc03ef - - default default] Successfully bumped revision number for resource e7226c7d-0dce-4a73-81c9-13fb0a62241b (type: security_groups) to 1
2026-05-18 01:49:49.942 9 INFO neutron.db.ovn_revision_numbers_db [None req-ef7b0308-1f42-4458-afdb-c5a659f41953 94bc3f0650194a7aa50b84a3e3a62c70 535ba092ed774de19d4ad28accdc03ef - - default default] Successfully bumped revision number for resource 70aa6400-60f1-45dc-9e6e-6d8cd02d91ae (type: security_groups) to 1
2026-05-18 01:49:49.947 10 INFO neutron.db.ovn_revision_numbers_db [None req-85d96c71-acf6-4764-9600-9d29f899e04b 94bc3f0650194a7aa50b84a3e3a62c70 535ba092ed774de19d4ad28accdc03ef - - default default] Successfully bumped revision number for resource 0a5638be-80c1-43cb-a7d8-a5e39cda7e03 (type: security_group_rules) to 0
2026-05-18 01:49:49.962 9 INFO neutron.db.ovn_revision_numbers_db [None req-ef7b0308-1f42-4458-afdb-c5a659f41953 94bc3f0650194a7aa50b84a3e3a62c70 535ba092ed774de19d4ad28accdc03ef - - default default] Successfully bumped revision number for resource 1b3052eb-5b82-4692-bdd1-20e3576e1ded (type: security_group_rules) to 0
2026-05-18 01:49:49.974 10 INFO neutron.db.ovn_revision_numbers_db [None req-85d96c71-acf6-4764-9600-9d29f899e04b 94bc3f0650194a7aa50b84a3e3a62c70 535ba092ed774de19d4ad28accdc03ef - - default default] Successfully bumped revision number for resource 7146a67b-8fdc-4b2c-a64f-024fd0cb98f9 (type: security_group_rules) to 0
2026-05-18 01:49:49.978 9 INFO neutron.db.ovn_revision_numbers_db [None req-ef7b0308-1f42-4458-afdb-c5a659f41953 94bc3f0650194a7aa50b84a3e3a62c70 535ba092ed774de19d4ad28accdc03ef - - default default] Successfully bumped revision number for resource 1f79adf6-aab8-4181-b198-058b28dcf767 (type: security_group_rules) to 0
2026-05-18 01:49:49.992 10 INFO neutron.db.ovn_revision_numbers_db [None req-85d96c71-acf6-4764-9600-9d29f899e04b 94bc3f0650194a7aa50b84a3e3a62c70 535ba092ed774de19d4ad28accdc03ef - - default default] Successfully bumped revision number for resource dd3291d5-af22-4860-ac7a-062258692873 (type: security_group_rules) to 0
2026-05-18 01:49:50.005 9 INFO neutron.db.ovn_revision_numbers_db [None req-ef7b0308-1f42-4458-afdb-c5a659f41953 94bc3f0650194a7aa50b84a3e3a62c70 535ba092ed774de19d4ad28accdc03ef - - default default] Successfully bumped revision number for resource 2445d944-cc38-4443-bfce-246adf775d17 (type: security_group_rules) to 0
2026-05-18 01:49:50.020 9 INFO neutron.db.ovn_revision_numbers_db [None req-ef7b0308-1f42-4458-afdb-c5a659f41953 94bc3f0650194a7aa50b84a3e3a62c70 535ba092ed774de19d4ad28accdc03ef - - default default] Successfully bumped revision number for resource d29fc470-e1f0-4e1b-a20b-4423a750343a (type: security_group_rules) to 0
2026-05-18 01:49:50.034 10 INFO neutron.db.ovn_revision_numbers_db [None req-85d96c71-acf6-4764-9600-9d29f899e04b 94bc3f0650194a7aa50b84a3e3a62c70 535ba092ed774de19d4ad28accdc03ef - - default default] Successfully bumped revision number for resource fa6cba15-5b1b-4851-9b26-49a5561407c4 (type: security_group_rules) to 0
2026-05-18 01:49:50.045 9 INFO neutron.wsgi [None req-ef7b0308-1f42-4458-afdb-c5a659f41953 94bc3f0650194a7aa50b84a3e3a62c70 535ba092ed774de19d4ad28accdc03ef - - default default] 10.0.0.96 "GET /v2.0/security-groups?tenant_id=56b3e6b411844f8fa2e5399c5bd68902&name=default HTTP/1.1" status: 200 len: 3120 time: 0.2908156
2026-05-18 01:49:50.084 10 INFO neutron.wsgi [None req-85d96c71-acf6-4764-9600-9d29f899e04b 94bc3f0650194a7aa50b84a3e3a62c70 535ba092ed774de19d4ad28accdc03ef - - default default] 10.0.0.96 "GET /v2.0/security-groups?tenant_id=f9b307198eeb451394036bde95cbcaf6&name=default HTTP/1.1" status: 200 len: 3120 time: 0.5323400
2026-05-18 01:49:50.363 10 WARNING neutron.scheduler.dhcp_agent_scheduler [None req-eb523cbf-81e6-4915-a77b-0205e17efd90 91a5df1cc6d84289b845e5eda9a40714 b165cc527a724f64b48ef09f2e284b8c - - default default] No more DHCP agents
2026-05-18 01:49:50.365 10 WARNING neutron.api.rpc.agentnotifiers.dhcp_rpc_agent_api [None req-eb523cbf-81e6-4915-a77b-0205e17efd90 91a5df1cc6d84289b845e5eda9a40714 b165cc527a724f64b48ef09f2e284b8c - - default default] Unable to schedule network 5afd9e4d-2e2b-44a5-bd83-1bc4b43c35ba: no agents available; will retry on subsequent port and subnet creation events.
2026-05-18 01:49:50.527 10 INFO neutron.db.ovn_revision_numbers_db [None req-eb523cbf-81e6-4915-a77b-0205e17efd90 91a5df1cc6d84289b845e5eda9a40714 b165cc527a724f64b48ef09f2e284b8c - - default default] Successfully bumped revision number for resource 969c3695-0836-492a-a90e-ba96ecf4591f (type: ports) to 1
2026-05-18 01:49:50.612 9 INFO neutron.wsgi [None req-08601807-4350-418c-8a25-bf1032dc1971 94bc3f0650194a7aa50b84a3e3a62c70 535ba092ed774de19d4ad28accdc03ef - - default default] 10.0.0.96 "DELETE /v2.0/security-groups/70aa6400-60f1-45dc-9e6e-6d8cd02d91ae HTTP/1.1" status: 204 len: 168 time: 0.5585389
2026-05-18 01:49:50.619 9 INFO neutron.wsgi [None req-5e0fcc9d-20e1-4f5e-97a6-527024e6d1f9 94bc3f0650194a7aa50b84a3e3a62c70 535ba092ed774de19d4ad28accdc03ef - - default default] 10.0.0.96 "DELETE /v2.0/security-groups/e7226c7d-0dce-4a73-81c9-13fb0a62241b HTTP/1.1" status: 204 len: 168 time: 0.5243304
2026-05-18 01:49:50.828 15 INFO neutron.plugins.ml2.drivers.ovn.mech_driver.ovsdb.maintenance [None req-ba09b858-493d-4db6-9782-c528315bb794 - - - - - -] Maintenance task: Synchronization completed (took 1.07 seconds)
2026-05-18 01:49:51.324 10 INFO neutron.plugins.ml2.drivers.ovn.mech_driver.ovsdb.commands [None req-2bfccb55-2a5d-4d14-b2f7-61c54765ff73 - - - - - -] Schedule LRP lrp-969c3695-0836-492a-a90e-ba96ecf4591f on gateway 5ff714ae-1e12-4f07-8a78-606a8bbbbcbb with priority 1
2026-05-18 01:49:51.348 10 INFO neutron.plugins.ml2.drivers.ovn.mech_driver.mech_driver [None req-48ed0517-8119-473d-9e0a-ca357ec93912 - - - - - -] OVN reports status up for port: 969c3695-0836-492a-a90e-ba96ecf4591f
2026-05-18 01:49:51.355 9 INFO neutron.plugins.ml2.drivers.ovn.mech_driver.ovsdb.ovsdb_monitor [None req-0decb6a0-8dd7-43b7-a465-95f24ad5eb3d - - - - - -] Router 4d019275-e845-487a-97c9-d3cb36020601 is bound to host instance
2026-05-18 01:49:51.367 10 INFO neutron.plugins.ml2.plugin [None req-48ed0517-8119-473d-9e0a-ca357ec93912 - - - - - -] Attempt 1 to provision port 969c3695-0836-492a-a90e-ba96ecf4591f
2026-05-18 01:49:51.390 10 INFO neutron.db.ovn_revision_numbers_db [None req-eb523cbf-81e6-4915-a77b-0205e17efd90 91a5df1cc6d84289b845e5eda9a40714 b165cc527a724f64b48ef09f2e284b8c - - default default] Successfully bumped revision number for resource 969c3695-0836-492a-a90e-ba96ecf4591f (type: router_ports) to 1
2026-05-18 01:49:51.480 10 INFO neutron.db.ovn_revision_numbers_db [None req-eb523cbf-81e6-4915-a77b-0205e17efd90 91a5df1cc6d84289b845e5eda9a40714 b165cc527a724f64b48ef09f2e284b8c - - default default] Successfully bumped revision number for resource 4d019275-e845-487a-97c9-d3cb36020601 (type: routers) to 2
2026-05-18 01:49:51.500 10 INFO neutron.wsgi [None req-eb523cbf-81e6-4915-a77b-0205e17efd90 91a5df1cc6d84289b845e5eda9a40714 b165cc527a724f64b48ef09f2e284b8c - - default default] 10.0.0.96 "POST /v2.0/routers HTTP/1.1" status: 201 len: 1154 time: 1.7851651
2026-05-18 01:49:52.091 10 INFO neutron.wsgi [None req-38b30709-a478-4589-a143-d4c38ef78659 2666580e51004498804aea84a6cd6f95 6ea76eb1abaf4a0f8f45e5efba3eae04 - - default default] 10.0.0.96 "GET /v2.0/subnets?project_id=b165cc527a724f64b48ef09f2e284b8c&cidr=10.100.0.0%2F28 HTTP/1.1" status: 200 len: 207 time: 0.5865979
2026-05-18 01:49:52.229 9 INFO neutron.wsgi [None req-0a8c2a80-9f04-4088-8e06-1c736c844b7d 2666580e51004498804aea84a6cd6f95 6ea76eb1abaf4a0f8f45e5efba3eae04 - - default default] 10.0.0.96 "GET /v2.0/networks?router%3Aexternal=True HTTP/1.1" status: 200 len: 947 time: 0.1321781
2026-05-18 01:49:52.257 10 INFO neutron.wsgi [None req-c4755c4a-abd4-43f1-b7af-8593e41333af 2666580e51004498804aea84a6cd6f95 6ea76eb1abaf4a0f8f45e5efba3eae04 - - default default] 10.0.0.96 "GET /v2.0/subnets?network_id=5afd9e4d-2e2b-44a5-bd83-1bc4b43c35ba&cidr=10.100.0.0%2F28 HTTP/1.1" status: 200 len: 207 time: 0.0230620
2026-05-18 01:49:52.267 10 WARNING neutron_lib.context [None req-318ade2c-c0d3-4d63-847a-76afd27a3eac 91a5df1cc6d84289b845e5eda9a40714 b165cc527a724f64b48ef09f2e284b8c - - default default] Method 'is_advsvc' is deprecated since 2023.2 release (neutron-lib 3.8.0) and will be removed once support for the old RBAC API policies will be removed from Neutron. Please use method 'is_service_role' instead.
2026-05-18 01:49:52.344 9 INFO neutron.db.ovn_revision_numbers_db [None req-0decb6a0-8dd7-43b7-a465-95f24ad5eb3d - - - - - -] Successfully bumped revision number for resource 969c3695-0836-492a-a90e-ba96ecf4591f (type: ports) to 1
2026-05-18 01:49:52.514 10 WARNING neutron.scheduler.dhcp_agent_scheduler [None req-318ade2c-c0d3-4d63-847a-76afd27a3eac 91a5df1cc6d84289b845e5eda9a40714 b165cc527a724f64b48ef09f2e284b8c - - default default] No more DHCP agents
2026-05-18 01:49:52.516 10 WARNING neutron.api.rpc.agentnotifiers.dhcp_rpc_agent_api [None req-318ade2c-c0d3-4d63-847a-76afd27a3eac 91a5df1cc6d84289b845e5eda9a40714 b165cc527a724f64b48ef09f2e284b8c - - default default] Unable to schedule network 5401c2b6-3443-40f6-8a20-c9497c4d1c82: no agents available; will retry on subsequent port and subnet creation events.
2026-05-18 01:49:52.736 9 INFO neutron.db.ovn_revision_numbers_db [None req-0decb6a0-8dd7-43b7-a465-95f24ad5eb3d - - - - - -] Successfully bumped revision number for resource 969c3695-0836-492a-a90e-ba96ecf4591f (type: router_ports) to 3
2026-05-18 01:49:53.019 9 INFO neutron.db.ovn_revision_numbers_db [None req-0decb6a0-8dd7-43b7-a465-95f24ad5eb3d - - - - - -] Successfully bumped revision number for resource 969c3695-0836-492a-a90e-ba96ecf4591f (type: ports) to 2
2026-05-18 01:49:53.035 10 INFO neutron.db.ovn_revision_numbers_db [None req-318ade2c-c0d3-4d63-847a-76afd27a3eac 91a5df1cc6d84289b845e5eda9a40714 b165cc527a724f64b48ef09f2e284b8c - - default default] Successfully bumped revision number for resource e1693578-620f-44f8-a4d1-5923a8b4d25c (type: ports) to 2
2026-05-18 01:49:53.081 10 INFO neutron.db.ovn_revision_numbers_db [None req-318ade2c-c0d3-4d63-847a-76afd27a3eac 91a5df1cc6d84289b845e5eda9a40714 b165cc527a724f64b48ef09f2e284b8c - - default default] Successfully bumped revision number for resource 511e05b7-de8b-4631-a62e-93fad7fab6f0 (type: subnets) to 0
2026-05-18 01:49:53.098 10 INFO neutron.wsgi [None req-318ade2c-c0d3-4d63-847a-76afd27a3eac 91a5df1cc6d84289b845e5eda9a40714 b165cc527a724f64b48ef09f2e284b8c - - default default] 10.0.0.96 "POST /v2.0/subnets HTTP/1.1" status: 201 len: 831 time: 0.8359361
2026-05-18 01:49:53.171 10 INFO neutron.db.ovn_revision_numbers_db [None req-d41f5c42-911a-4ba2-991d-46fa3c8e1689 94bc3f0650194a7aa50b84a3e3a62c70 535ba092ed774de19d4ad28accdc03ef - - default default] Successfully bumped revision number for resource 2748699a-f3e2-45af-a45e-52f661eb9052 (type: security_groups) to 1
2026-05-18 01:49:53.204 10 INFO neutron.db.ovn_revision_numbers_db [None req-d41f5c42-911a-4ba2-991d-46fa3c8e1689 94bc3f0650194a7aa50b84a3e3a62c70 535ba092ed774de19d4ad28accdc03ef - - default default] Successfully bumped revision number for resource 0b3e40e8-88af-4dbb-8257-2a033ab17880 (type: security_group_rules) to 0
2026-05-18 01:49:53.217 10 INFO neutron.db.ovn_revision_numbers_db [None req-d41f5c42-911a-4ba2-991d-46fa3c8e1689 94bc3f0650194a7aa50b84a3e3a62c70 535ba092ed774de19d4ad28accdc03ef - - default default] Successfully bumped revision number for resource 5c89406f-cc27-4ece-8c44-7d0602d3a951 (type: security_group_rules) to 0
2026-05-18 01:49:53.244 10 INFO neutron.db.ovn_revision_numbers_db [None req-d41f5c42-911a-4ba2-991d-46fa3c8e1689 94bc3f0650194a7aa50b84a3e3a62c70 535ba092ed774de19d4ad28accdc03ef - - default default] Successfully bumped revision number for resource e0a794a2-a461-4f21-8e8a-e3303debc2cf (type: security_group_rules) to 0
2026-05-18 01:49:53.266 10 INFO neutron.db.ovn_revision_numbers_db [None req-d41f5c42-911a-4ba2-991d-46fa3c8e1689 94bc3f0650194a7aa50b84a3e3a62c70 535ba092ed774de19d4ad28accdc03ef - - default default] Successfully bumped revision number for resource e9372cac-76b6-4834-857e-cd6b756cfa9b (type: security_group_rules) to 0
2026-05-18 01:49:53.295 10 INFO neutron.wsgi [None req-d41f5c42-911a-4ba2-991d-46fa3c8e1689 94bc3f0650194a7aa50b84a3e3a62c70 535ba092ed774de19d4ad28accdc03ef - - default default] 10.0.0.96 "GET /v2.0/security-groups?tenant_id=ac091f5709ba437187aa3c40bfc785da&name=default HTTP/1.1" status: 200 len: 3120 time: 0.4562583
2026-05-18 01:49:53.420 9 INFO neutron.db.ovn_revision_numbers_db [None req-0decb6a0-8dd7-43b7-a465-95f24ad5eb3d - - - - - -] Successfully bumped revision number for resource 969c3695-0836-492a-a90e-ba96ecf4591f (type: ports) to 4
2026-05-18 01:49:53.624 9 INFO neutron.db.ovn_revision_numbers_db [None req-0decb6a0-8dd7-43b7-a465-95f24ad5eb3d - - - - - -] Successfully bumped revision number for resource 969c3695-0836-492a-a90e-ba96ecf4591f (type: router_ports) to 4
2026-05-18 01:49:53.636 10 INFO neutron.wsgi [None req-b8b54e2e-53a9-4f77-9dad-5c36132ac072 94bc3f0650194a7aa50b84a3e3a62c70 535ba092ed774de19d4ad28accdc03ef - - default default] 10.0.0.96 "DELETE /v2.0/security-groups/2748699a-f3e2-45af-a45e-52f661eb9052 HTTP/1.1" status: 204 len: 168 time: 0.3361599
2026-05-18 01:49:53.852 9 INFO neutron.db.ovn_revision_numbers_db [None req-3b115ecf-608d-4801-a7b1-7e9502f92f53 94bc3f0650194a7aa50b84a3e3a62c70 535ba092ed774de19d4ad28accdc03ef - - default default] Successfully bumped revision number for resource 5142e757-cb10-49fa-b09e-b83b5dad1b4e (type: security_groups) to 1
2026-05-18 01:49:53.866 9 INFO neutron.db.ovn_revision_numbers_db [None req-3b115ecf-608d-4801-a7b1-7e9502f92f53 94bc3f0650194a7aa50b84a3e3a62c70 535ba092ed774de19d4ad28accdc03ef - - default default] Successfully bumped revision number for resource 1281f720-c5b0-410e-a4b0-f514250df70b (type: security_group_rules) to 0
2026-05-18 01:49:53.880 10 WARNING neutron.scheduler.dhcp_agent_scheduler [None req-8283d201-83ed-42cd-b488-bc8a92093e4e 91a5df1cc6d84289b845e5eda9a40714 b165cc527a724f64b48ef09f2e284b8c - - default default] No more DHCP agents
2026-05-18 01:49:53.881 9 INFO neutron.db.ovn_revision_numbers_db [None req-3b115ecf-608d-4801-a7b1-7e9502f92f53 94bc3f0650194a7aa50b84a3e3a62c70 535ba092ed774de19d4ad28accdc03ef - - default default] Successfully bumped revision number for resource 330a782e-915b-4687-bb80-79c6920ac58d (type: security_group_rules) to 0
2026-05-18 01:49:53.883 10 WARNING neutron.api.rpc.agentnotifiers.dhcp_rpc_agent_api [None req-8283d201-83ed-42cd-b488-bc8a92093e4e 91a5df1cc6d84289b845e5eda9a40714 b165cc527a724f64b48ef09f2e284b8c - - default default] Unable to schedule network 5401c2b6-3443-40f6-8a20-c9497c4d1c82: no agents available; will retry on subsequent port and subnet creation events.
2026-05-18 01:49:53.900 9 INFO neutron.db.ovn_revision_numbers_db [None req-3b115ecf-608d-4801-a7b1-7e9502f92f53 94bc3f0650194a7aa50b84a3e3a62c70 535ba092ed774de19d4ad28accdc03ef - - default default] Successfully bumped revision number for resource 38220950-8117-454f-9e17-d9181a29ad6a (type: security_group_rules) to 0
2026-05-18 01:49:53.916 9 INFO neutron.db.ovn_revision_numbers_db [None req-3b115ecf-608d-4801-a7b1-7e9502f92f53 94bc3f0650194a7aa50b84a3e3a62c70 535ba092ed774de19d4ad28accdc03ef - - default default] Successfully bumped revision number for resource c6ab77f8-2571-4ad5-b176-adc7afbc7183 (type: security_group_rules) to 0
2026-05-18 01:49:53.941 9 INFO neutron.wsgi [None req-3b115ecf-608d-4801-a7b1-7e9502f92f53 94bc3f0650194a7aa50b84a3e3a62c70 535ba092ed774de19d4ad28accdc03ef - - default default] 10.0.0.96 "GET /v2.0/security-groups?tenant_id=211b7cffcbd74006b2a25b33ac621605&name=default HTTP/1.1" status: 200 len: 3120 time: 0.2157753
2026-05-18 01:49:54.107 10 INFO neutron.db.ovn_revision_numbers_db [None req-8283d201-83ed-42cd-b488-bc8a92093e4e 91a5df1cc6d84289b845e5eda9a40714 b165cc527a724f64b48ef09f2e284b8c - - default default] Successfully bumped revision number for resource 499551b4-288d-4b9b-90bd-9c9f1988bbe7 (type: ports) to 1
2026-05-18 01:49:54.168 9 INFO neutron.wsgi [None req-f7ceb06f-58e7-4ff9-9e1a-69c94e652d49 94bc3f0650194a7aa50b84a3e3a62c70 535ba092ed774de19d4ad28accdc03ef - - default default] 10.0.0.96 "DELETE /v2.0/security-groups/5142e757-cb10-49fa-b09e-b83b5dad1b4e HTTP/1.1" status: 204 len: 168 time: 0.2221005
2026-05-18 01:49:54.783 10 ERROR ovsdbapp.backend.ovs_idl.command [None req-8283d201-83ed-42cd-b488-bc8a92093e4e 91a5df1cc6d84289b845e5eda9a40714 b165cc527a724f64b48ef09f2e284b8c - - default default] Error executing command (DbGetCommand): ovsdbapp.backend.ovs_idl.idlutils.RowNotFound: Cannot find Logical_Router_Port with name=lrp-499551b4-288d-4b9b-90bd-9c9f1988bbe7
2026-05-18 01:49:54.783 10 ERROR ovsdbapp.backend.ovs_idl.command
Traceback (most recent call last):
2026-05-18 01:49:54.783 10 ERROR ovsdbapp.backend.ovs_idl.command
File "/var/lib/openstack/lib/python3.10/site-packages/ovsdbapp/backend/ovs_idl/command.py", line 47, in execute
2026-05-18 01:49:54.783 10 ERROR ovsdbapp.backend.ovs_idl.command self.run_idl(None)
2026-05-18 01:49:54.783 10 ERROR ovsdbapp.backend.ovs_idl.command
File "/var/lib/openstack/lib/python3.10/site-packages/ovsdbapp/backend/ovs_idl/command.py", line 235, in run_idl
2026-05-18 01:49:54.783 10 ERROR ovsdbapp.backend.ovs_idl.command record = self.api.lookup(self.table, self.record)
2026-05-18 01:49:54.783 10 ERROR ovsdbapp.backend.ovs_idl.command
File "/var/lib/openstack/lib/python3.10/site-packages/ovsdbapp/backend/ovs_idl/__init__.py", line 184, in lookup
2026-05-18 01:49:54.783 10 ERROR ovsdbapp.backend.ovs_idl.command return self._lookup(table, record)
2026-05-18 01:49:54.783 10 ERROR ovsdbapp.backend.ovs_idl.command
File "/var/lib/openstack/lib/python3.10/site-packages/ovsdbapp/backend/ovs_idl/__init__.py", line 235, in _lookup
2026-05-18 01:49:54.783 10 ERROR ovsdbapp.backend.ovs_idl.command row = idlutils.row_by_value(self, rl.table, rl.column, record)
2026-05-18 01:49:54.783 10 ERROR ovsdbapp.backend.ovs_idl.command
File "/var/lib/openstack/lib/python3.10/site-packages/ovsdbapp/backend/ovs_idl/idlutils.py", line 114, in row_by_value
2026-05-18 01:49:54.783 10 ERROR ovsdbapp.backend.ovs_idl.command raise RowNotFound(table=table, col=column, match=match)
2026-05-18 01:49:54.783 10 ERROR ovsdbapp.backend.ovs_idl.command ovsdbapp.backend.ovs_idl.idlutils.RowNotFound: Cannot find Logical_Router_Port with name=lrp-499551b4-288d-4b9b-90bd-9c9f1988bbe7
2026-05-18 01:49:54.783 10 ERROR ovsdbapp.backend.ovs_idl.command 
2026-05-18 01:49:54.784 10 ERROR neutron_lib.callbacks.manager [None req-8283d201-83ed-42cd-b488-bc8a92093e4e 91a5df1cc6d84289b845e5eda9a40714 b165cc527a724f64b48ef09f2e284b8c - - default default] Error during notification for neutron.services.ovn_l3.plugin.OVNL3RouterPlugin._port_update-8726852899567 port, after_update: ovsdbapp.backend.ovs_idl.idlutils.RowNotFound: Cannot find Logical_Router_Port with name=lrp-499551b4-288d-4b9b-90bd-9c9f1988bbe7
2026-05-18 01:49:54.784 10 ERROR neutron_lib.callbacks.manager
Traceback (most recent call last):
2026-05-18 01:49:54.784 10 ERROR neutron_lib.callbacks.manager
File "/var/lib/openstack/lib/python3.10/site-packages/neutron_lib/callbacks/manager.py", line 189, in _notify_loop
2026-05-18 01:49:54.784 10 ERROR neutron_lib.callbacks.manager callback.method(resource, event, trigger, payload=payload)
2026-05-18 01:49:54.784 10 ERROR neutron_lib.callbacks.manager
File "/var/lib/openstack/lib/python3.10/site-packages/neutron/services/ovn_l3/plugin.py", line 391, in _port_update
2026-05-18 01:49:54.784 10 ERROR neutron_lib.callbacks.manager l3plugin._ovn_client.update_router_port(context,
2026-05-18 01:49:54.784 10 ERROR neutron_lib.callbacks.manager
File "/var/lib/openstack/lib/python3.10/site-packages/neutron/plugins/ml2/drivers/ovn/mech_driver/ovsdb/ovn_client.py", line 1878, in update_router_port
2026-05-18 01:49:54.784 10 ERROR neutron_lib.callbacks.manager self._update_lrouter_port(context, port, if_exists=if_exists,
2026-05-18 01:49:54.784 10 ERROR neutron_lib.callbacks.manager
File "/var/lib/openstack/lib/python3.10/site-packages/neutron/plugins/ml2/drivers/ovn/mech_driver/ovsdb/ovn_client.py", line 1855, in _update_lrouter_port
2026-05-18 01:49:54.784 10 ERROR neutron_lib.callbacks.manager external_ids = self._nb_idl.db_get(
2026-05-18 01:49:54.784 10 ERROR neutron_lib.callbacks.manager
File "/var/lib/openstack/lib/python3.10/site-packages/ovsdbapp/backend/ovs_idl/command.py", line 47, in execute
2026-05-18 01:49:54.784 10 ERROR neutron_lib.callbacks.manager self.run_idl(None)
2026-05-18 01:49:54.784 10 ERROR neutron_lib.callbacks.manager
File "/var/lib/openstack/lib/python3.10/site-packages/ovsdbapp/backend/ovs_idl/command.py", line 235, in run_idl
2026-05-18 01:49:54.784 10 ERROR neutron_lib.callbacks.manager record = self.api.lookup(self.table, self.record)
2026-05-18 01:49:54.784 10 ERROR neutron_lib.callbacks.manager
File "/var/lib/openstack/lib/python3.10/site-packages/ovsdbapp/backend/ovs_idl/__init__.py", line 184, in lookup
2026-05-18 01:49:54.784 10 ERROR neutron_lib.callbacks.manager return self._lookup(table, record)
2026-05-18 01:49:54.784 10 ERROR neutron_lib.callbacks.manager
File "/var/lib/openstack/lib/python3.10/site-packages/ovsdbapp/backend/ovs_idl/__init__.py", line 235, in _lookup
2026-05-18 01:49:54.784 10 ERROR neutron_lib.callbacks.manager row = idlutils.row_by_value(self, rl.table, rl.column, record)
2026-05-18 01:49:54.784 10 ERROR neutron_lib.callbacks.manager
File "/var/lib/openstack/lib/python3.10/site-packages/ovsdbapp/backend/ovs_idl/idlutils.py", line 114, in row_by_value
2026-05-18 01:49:54.784 10 ERROR neutron_lib.callbacks.manager raise RowNotFound(table=table, col=column, match=match)
2026-05-18 01:49:54.784 10 ERROR neutron_lib.callbacks.manager ovsdbapp.backend.ovs_idl.idlutils.RowNotFound: Cannot find Logical_Router_Port with name=lrp-499551b4-288d-4b9b-90bd-9c9f1988bbe7
2026-05-18 01:49:54.784 10 ERROR neutron_lib.callbacks.manager 
2026-05-18 01:49:55.005 10 INFO neutron.plugins.ml2.drivers.ovn.mech_driver.mech_driver [None req-48ed0517-8119-473d-9e0a-ca357ec93912 - - - - - -] OVN reports status up for port: 499551b4-288d-4b9b-90bd-9c9f1988bbe7
2026-05-18 01:49:55.022 10 INFO neutron.plugins.ml2.plugin [None req-48ed0517-8119-473d-9e0a-ca357ec93912 - - - - - -] Attempt 1 to provision port 499551b4-288d-4b9b-90bd-9c9f1988bbe7
2026-05-18 01:49:55.045 10 INFO neutron.db.ovn_revision_numbers_db [None req-8283d201-83ed-42cd-b488-bc8a92093e4e 91a5df1cc6d84289b845e5eda9a40714 b165cc527a724f64b48ef09f2e284b8c - - default default] Successfully bumped revision number for resource 499551b4-288d-4b9b-90bd-9c9f1988bbe7 (type: ports) to 1
2026-05-18 01:49:55.467 10 INFO neutron.wsgi [None req-bde082f2-d798-47d2-acbf-27954f72e38c afa7b6bc10d948ff8cc2888675cc331c 2aa7dff045b645b6a50b567c25d60eeb - - default default] 10.0.0.96 "POST /v2.0/qos/policies HTTP/1.1" status: 201 len: 558 time: 0.5344696
2026-05-18 01:49:55.470 10 WARNING neutron.scheduler.dhcp_agent_scheduler [None req-8283d201-83ed-42cd-b488-bc8a92093e4e 91a5df1cc6d84289b845e5eda9a40714 b165cc527a724f64b48ef09f2e284b8c - - default default] No more DHCP agents
2026-05-18 01:49:55.473 10 WARNING neutron.api.rpc.agentnotifiers.dhcp_rpc_agent_api [None req-8283d201-83ed-42cd-b488-bc8a92093e4e 91a5df1cc6d84289b845e5eda9a40714 b165cc527a724f64b48ef09f2e284b8c - - default default] Unable to schedule network 5401c2b6-3443-40f6-8a20-c9497c4d1c82: no agents available; will retry on subsequent port and subnet creation events.
2026-05-18 01:49:55.536 9 INFO neutron.wsgi [None req-dc647113-5fc4-4877-9e29-0ce270006418 afa7b6bc10d948ff8cc2888675cc331c 2aa7dff045b645b6a50b567c25d60eeb - - default default] 10.0.0.96 "POST /v2.0/qos/policies HTTP/1.1" status: 201 len: 558 time: 0.0624709
2026-05-18 01:49:55.582 9 INFO neutron.wsgi [None req-caf9b539-55db-47f4-ae77-2c1f49c2a9d8 afa7b6bc10d948ff8cc2888675cc331c 2aa7dff045b645b6a50b567c25d60eeb - - default default] 10.0.0.96 "POST /v2.0/qos/policies HTTP/1.1" status: 201 len: 558 time: 0.0415020
2026-05-18 01:49:55.630 9 INFO neutron.wsgi [None req-f1a0a1ac-fbbd-49e1-9015-75f463f68361 afa7b6bc10d948ff8cc2888675cc331c 2aa7dff045b645b6a50b567c25d60eeb - - default default] 10.0.0.96 "POST /v2.0/qos/policies HTTP/1.1" status: 201 len: 558 time: 0.0430758
2026-05-18 01:49:55.685 9 INFO neutron.wsgi [None req-8d5984e9-e3fa-44d4-8ed7-f11cefe0ae55 afa7b6bc10d948ff8cc2888675cc331c 2aa7dff045b645b6a50b567c25d60eeb - - default default] 10.0.0.96 "POST /v2.0/qos/policies HTTP/1.1" status: 201 len: 558 time: 0.0456607
2026-05-18 01:49:55.718 9 INFO neutron.wsgi [None req-686a00bd-870e-474e-bc2d-1293f7818507 afa7b6bc10d948ff8cc2888675cc331c 2aa7dff045b645b6a50b567c25d60eeb - - default default] 10.0.0.96 "PUT /v2.0/policies/44741e66-7ba8-4b98-8160-9535af2e98c4/tags HTTP/1.1" status: 200 len: 210 time: 0.0288448
2026-05-18 01:49:55.757 9 INFO neutron.wsgi [None req-86c6a48c-5a9c-44cc-965e-331be261d437 afa7b6bc10d948ff8cc2888675cc331c 2aa7dff045b645b6a50b567c25d60eeb - - default default] 10.0.0.96 "PUT /v2.0/policies/e8642297-ddd3-44f1-a28a-eff837ca1bf1/tags HTTP/1.1" status: 200 len: 218 time: 0.0347981
2026-05-18 01:49:55.793 9 INFO neutron.wsgi [None req-6c22353f-b525-4dcc-a2b1-a4506e279f0e afa7b6bc10d948ff8cc2888675cc331c 2aa7dff045b645b6a50b567c25d60eeb - - default default] 10.0.0.96 "PUT /v2.0/policies/a8e7bc40-34b1-443d-9fde-5dd6d4d76fd2/tags HTTP/1.1" status: 200 len: 227 time: 0.0311460
2026-05-18 01:49:55.993 10 INFO neutron.db.ovn_revision_numbers_db [None req-8283d201-83ed-42cd-b488-bc8a92093e4e 91a5df1cc6d84289b845e5eda9a40714 b165cc527a724f64b48ef09f2e284b8c - - default default] Successfully bumped revision number for resource 499551b4-288d-4b9b-90bd-9c9f1988bbe7 (type: router_ports) to 1
2026-05-18 01:49:55.998 10 INFO neutron.wsgi [None req-8283d201-83ed-42cd-b488-bc8a92093e4e 91a5df1cc6d84289b845e5eda9a40714 b165cc527a724f64b48ef09f2e284b8c - - default default] 10.0.0.96 "PUT /v2.0/routers/4d019275-e845-487a-97c9-d3cb36020601/add_router_interface HTTP/1.1" status: 200 len: 503 time: 2.8957174
2026-05-18 01:49:56.032 10 INFO neutron.db.ovn_revision_numbers_db [None req-48ed0517-8119-473d-9e0a-ca357ec93912 - - - - - -] Successfully bumped revision number for resource 499551b4-288d-4b9b-90bd-9c9f1988bbe7 (type: ports) to 2
2026-05-18 01:49:56.077 9 INFO neutron.wsgi [None req-a848f15e-30d9-4365-a20b-cf307b8c250b afa7b6bc10d948ff8cc2888675cc331c 2aa7dff045b645b6a50b567c25d60eeb - - default default] 10.0.0.96 "PUT /v2.0/policies/2a5ed83a-a77c-48b1-91bb-3781fc818eda/tags HTTP/1.1" status: 200 len: 212 time: 0.2757211
2026-05-18 01:49:56.102 10 INFO neutron.wsgi [None req-95c475bd-7f7d-4147-96fa-040dfe5f3a4a 2666580e51004498804aea84a6cd6f95 6ea76eb1abaf4a0f8f45e5efba3eae04 - - default default] 10.0.0.96 "GET /v2.0/networks HTTP/1.1" status: 200 len: 3111 time: 0.0990396
2026-05-18 01:49:56.155 10 INFO neutron.wsgi [None req-7feb487d-df48-4e51-9a5a-5b690103ee68 2666580e51004498804aea84a6cd6f95 6ea76eb1abaf4a0f8f45e5efba3eae04 - - default default] 10.0.0.96 "GET /v2.0/subnets HTTP/1.1" status: 200 len: 2096 time: 0.0481789
2026-05-18 01:49:56.217 10 INFO neutron.db.ovn_revision_numbers_db [None req-48ed0517-8119-473d-9e0a-ca357ec93912 - - - - - -] Successfully bumped revision number for resource 499551b4-288d-4b9b-90bd-9c9f1988bbe7 (type: router_ports) to 2
2026-05-18 01:49:56.269 9 INFO neutron.wsgi [None req-7e4b4ae8-3c7c-4da1-b4d4-9bbfe21a1748 2666580e51004498804aea84a6cd6f95 6ea76eb1abaf4a0f8f45e5efba3eae04 - - default default] 10.0.0.96 "GET /v2.0/routers HTTP/1.1" status: 200 len: 1170 time: 0.1064813
2026-05-18 01:49:56.335 9 WARNING neutron_lib.context [None req-79854840-ca34-4fcc-ab93-41290168441a 91a5df1cc6d84289b845e5eda9a40714 b165cc527a724f64b48ef09f2e284b8c - - default default] Method 'is_advsvc' is deprecated since 2023.2 release (neutron-lib 3.8.0) and will be removed once support for the old RBAC API policies will be removed from Neutron. Please use method 'is_service_role' instead.
2026-05-18 01:49:56.448 9 INFO neutron.db.ovn_revision_numbers_db [None req-79854840-ca34-4fcc-ab93-41290168441a 91a5df1cc6d84289b845e5eda9a40714 b165cc527a724f64b48ef09f2e284b8c - - default default] Successfully bumped revision number for resource c1f00455-f932-4d61-bc22-f09758d56e37 (type: security_groups) to 1
2026-05-18 01:49:56.461 9 INFO neutron.db.ovn_revision_numbers_db [None req-79854840-ca34-4fcc-ab93-41290168441a 91a5df1cc6d84289b845e5eda9a40714 b165cc527a724f64b48ef09f2e284b8c - - default default] Successfully bumped revision number for resource 276fd1cc-7b2e-4bf2-9b22-e4c5cc5e3723 (type: security_group_rules) to 0
2026-05-18 01:49:56.474 9 INFO neutron.db.ovn_revision_numbers_db [None req-79854840-ca34-4fcc-ab93-41290168441a 91a5df1cc6d84289b845e5eda9a40714 b165cc527a724f64b48ef09f2e284b8c - - default default] Successfully bumped revision number for resource e1c0c599-2dc7-459e-8de8-c738f2660cdb (type: security_group_rules) to 0
2026-05-18 01:49:56.492 9 INFO neutron.wsgi [None req-79854840-ca34-4fcc-ab93-41290168441a 91a5df1cc6d84289b845e5eda9a40714 b165cc527a724f64b48ef09f2e284b8c - - default default] 10.0.0.96 "POST /v2.0/security-groups HTTP/1.1" status: 201 len: 1873 time: 0.1637933
2026-05-18 01:49:56.507 10 WARNING neutron_lib.context [None req-ade5fecf-56f1-4856-8377-9086707d84eb 91a5df1cc6d84289b845e5eda9a40714 b165cc527a724f64b48ef09f2e284b8c - - default default] Method 'is_advsvc' is deprecated since 2023.2 release (neutron-lib 3.8.0) and will be removed once support for the old RBAC API policies will be removed from Neutron. Please use method 'is_service_role' instead.
2026-05-18 01:49:56.686 10 INFO neutron.db.ovn_revision_numbers_db [None req-ade5fecf-56f1-4856-8377-9086707d84eb 91a5df1cc6d84289b845e5eda9a40714 b165cc527a724f64b48ef09f2e284b8c - - default default] Successfully bumped revision number for resource 0d25e009-7f5b-40aa-ae3a-aa554f6bb9e6 (type: security_group_rules) to 0
2026-05-18 01:49:56.725 10 INFO neutron.wsgi [None req-ade5fecf-56f1-4856-8377-9086707d84eb 91a5df1cc6d84289b845e5eda9a40714 b165cc527a724f64b48ef09f2e284b8c - - default default] 10.0.0.96 "POST /v2.0/security-group-rules HTTP/1.1" status: 201 len: 796 time: 0.2264445
2026-05-18 01:49:56.737 10 INFO neutron.wsgi [None req-a6ac1a79-c8e8-496e-91f3-42689dfaf1c4 e125db7ac42e4673860e66bd792e7fb3 1679c31b2bc2401c8e050bebd5d43d08 - - default default] 10.0.0.96 "GET /v2.0/qos/policies?tags=red HTTP/1.1" status: 200 len: 1296 time: 0.2857828
2026-05-18 01:49:56.739 9 WARNING neutron_lib.context [None req-101f4a97-88b3-40c5-bf0b-5095355f55ec 91a5df1cc6d84289b845e5eda9a40714 b165cc527a724f64b48ef09f2e284b8c - - default default] Method 'is_advsvc' is deprecated since 2023.2 release (neutron-lib 3.8.0) and will be removed once support for the old RBAC API policies will be removed from Neutron. Please use method 'is_service_role' instead.
2026-05-18 01:49:56.775 10 INFO neutron.db.ovn_revision_numbers_db [None req-1e936f5f-bce9-40bf-b738-c473fc17bae1 94bc3f0650194a7aa50b84a3e3a62c70 535ba092ed774de19d4ad28accdc03ef - - default default] Successfully bumped revision number for resource a01a38fe-298e-40e0-b8e5-f0c4e658bbc7 (type: security_groups) to 1
2026-05-18 01:49:56.789 10 INFO neutron.db.ovn_revision_numbers_db [None req-1e936f5f-bce9-40bf-b738-c473fc17bae1 94bc3f0650194a7aa50b84a3e3a62c70 535ba092ed774de19d4ad28accdc03ef - - default default] Successfully bumped revision number for resource 290d4472-f8f8-40b7-903c-7d46a0b4604c (type: security_group_rules) to 0
2026-05-18 01:49:56.804 10 INFO neutron.wsgi [None req-5e8e6497-d242-4463-a2d3-9cff1ffe081a e125db7ac42e4673860e66bd792e7fb3 1679c31b2bc2401c8e050bebd5d43d08 - - default default] 10.0.0.96 "GET /v2.0/qos/policies?tags=red%2Cblue HTTP/1.1" status: 200 len: 941 time: 0.0593069
2026-05-18 01:49:56.805 10 INFO neutron.db.ovn_revision_numbers_db [None req-1e936f5f-bce9-40bf-b738-c473fc17bae1 94bc3f0650194a7aa50b84a3e3a62c70 535ba092ed774de19d4ad28accdc03ef - - default default] Successfully bumped revision number for resource 6a2d80f8-000f-43bb-9e33-ffe020c0be75 (type: security_group_rules) to 0
2026-05-18 01:49:56.828 10 INFO neutron.db.ovn_revision_numbers_db [None req-1e936f5f-bce9-40bf-b738-c473fc17bae1 94bc3f0650194a7aa50b84a3e3a62c70 535ba092ed774de19d4ad28accdc03ef - - default default] Successfully bumped revision number for resource 97b71a45-79b8-4b10-b8a6-27b03579f8ef (type: security_group_rules) to 0
2026-05-18 01:49:56.842 10 INFO neutron.db.ovn_revision_numbers_db [None req-1e936f5f-bce9-40bf-b738-c473fc17bae1 94bc3f0650194a7aa50b84a3e3a62c70 535ba092ed774de19d4ad28accdc03ef - - default default] Successfully bumped revision number for resource f9c6f1aa-f553-4570-81f0-96b7dbb72301 (type: security_group_rules) to 0
2026-05-18 01:49:56.863 10 INFO neutron.wsgi [None req-1e936f5f-bce9-40bf-b738-c473fc17bae1 94bc3f0650194a7aa50b84a3e3a62c70 535ba092ed774de19d4ad28accdc03ef - - default default] 10.0.0.96 "GET /v2.0/security-groups?tenant_id=40f1e56868404af2b1d8b68a7da93354&name=default HTTP/1.1" status: 200 len: 3120 time: 0.3822539
2026-05-18 01:49:56.902 10 INFO neutron.wsgi [None req-0e25402b-7f63-486c-9f85-525b38f695cf e125db7ac42e4673860e66bd792e7fb3 1679c31b2bc2401c8e050bebd5d43d08 - - default default] 10.0.0.96 "GET /v2.0/qos/policies?tags-any=blue HTTP/1.1" status: 200 len: 941 time: 0.0904942
2026-05-18 01:49:56.929 9 INFO neutron.db.ovn_revision_numbers_db [None req-101f4a97-88b3-40c5-bf0b-5095355f55ec 91a5df1cc6d84289b845e5eda9a40714 b165cc527a724f64b48ef09f2e284b8c - - default default] Successfully bumped revision number for resource 639d87d2-61b7-43c8-9302-d79664696e72 (type: security_group_rules) to 0
2026-05-18 01:49:56.954 9 INFO neutron.wsgi [None req-101f4a97-88b3-40c5-bf0b-5095355f55ec 91a5df1cc6d84289b845e5eda9a40714 b165cc527a724f64b48ef09f2e284b8c - - default default] 10.0.0.96 "POST /v2.0/security-group-rules HTTP/1.1" status: 201 len: 795 time: 0.2223101
2026-05-18 01:49:56.968 10 WARNING neutron_lib.context [None req-920a6ff3-c17c-45f7-ab8c-230bbaa29230 91a5df1cc6d84289b845e5eda9a40714 b165cc527a724f64b48ef09f2e284b8c - - default default] Method 'is_advsvc' is deprecated since 2023.2 release (neutron-lib 3.8.0) and will be removed once support for the old RBAC API policies will be removed from Neutron. Please use method 'is_service_role' instead.
2026-05-18 01:49:56.993 9 INFO neutron.wsgi [None req-da44675f-051f-456f-941e-741c29aec837 e125db7ac42e4673860e66bd792e7fb3 1679c31b2bc2401c8e050bebd5d43d08 - - default default] 10.0.0.96 "GET /v2.0/qos/policies?tags-any=red%2Cblue HTTP/1.1" status: 200 len: 1296 time: 0.0856352
2026-05-18 01:49:57.047 9 INFO neutron.wsgi [None req-7366c010-15e8-457e-8e63-e4bc52c83202 e125db7ac42e4673860e66bd792e7fb3 1679c31b2bc2401c8e050bebd5d43d08 - - default default] 10.0.0.96 "GET /v2.0/qos/policies?not-tags=red HTTP/1.1" status: 200 len: 913 time: 0.0500546
2026-05-18 01:49:57.123 9 INFO neutron.wsgi [None req-ebd51e89-957c-4d4d-911d-a88a907278f0 e125db7ac42e4673860e66bd792e7fb3 1679c31b2bc2401c8e050bebd5d43d08 - - default default] 10.0.0.96 "GET /v2.0/qos/policies?not-tags=red%2Cblue HTTP/1.1" status: 200 len: 1268 time: 0.0696669
2026-05-18 01:49:57.135 10 INFO neutron.db.ovn_revision_numbers_db [None req-920a6ff3-c17c-45f7-ab8c-230bbaa29230 91a5df1cc6d84289b845e5eda9a40714 b165cc527a724f64b48ef09f2e284b8c - - default default] Successfully bumped revision number for resource c7aa79af-a507-4370-a61f-6ddceffc0ec2 (type: security_group_rules) to 0
2026-05-18 01:49:57.165 10 INFO neutron.wsgi [None req-f1995200-b106-4adc-b4b5-35265f130ac8 94bc3f0650194a7aa50b84a3e3a62c70 535ba092ed774de19d4ad28accdc03ef - - default default] 10.0.0.96 "DELETE /v2.0/security-groups/a01a38fe-298e-40e0-b8e5-f0c4e658bbc7 HTTP/1.1" status: 204 len: 168 time: 0.2972829
2026-05-18 01:49:57.174 10 INFO neutron.wsgi [None req-920a6ff3-c17c-45f7-ab8c-230bbaa29230 91a5df1cc6d84289b845e5eda9a40714 b165cc527a724f64b48ef09f2e284b8c - - default default] 10.0.0.96 "POST /v2.0/security-group-rules HTTP/1.1" status: 201 len: 801 time: 0.2147007
2026-05-18 01:49:57.185 10 WARNING neutron_lib.context [None req-60b01bfc-b19d-4721-b911-e28bc273a8a4 91a5df1cc6d84289b845e5eda9a40714 b165cc527a724f64b48ef09f2e284b8c - - default default] Method 'is_advsvc' is deprecated since 2023.2 release (neutron-lib 3.8.0) and will be removed once support for the old RBAC API policies will be removed from Neutron. Please use method 'is_service_role' instead.
2026-05-18 01:49:57.200 9 INFO neutron.wsgi [None req-90a01886-2681-420b-a733-62f5c1030c87 e125db7ac42e4673860e66bd792e7fb3 1679c31b2bc2401c8e050bebd5d43d08 - - default default] 10.0.0.96 "GET /v2.0/qos/policies?not-tags-any=blue HTTP/1.1" status: 200 len: 1268 time: 0.0710025
2026-05-18 01:49:57.254 9 INFO neutron.wsgi [None req-6ecec7a3-4ef1-48ae-8037-5ca75d64052e e125db7ac42e4673860e66bd792e7fb3 1679c31b2bc2401c8e050bebd5d43d08 - - default default] 10.0.0.96 "GET /v2.0/qos/policies?not-tags-any=red%2Cblue HTTP/1.1" status: 200 len: 913 time: 0.0495665
2026-05-18 01:49:57.325 9 INFO neutron.wsgi [None req-cef4e064-2863-4ffe-9e2e-903031b7733a afa7b6bc10d948ff8cc2888675cc331c 2aa7dff045b645b6a50b567c25d60eeb - - default default] 10.0.0.96 "DELETE /v2.0/qos/policies/44741e66-7ba8-4b98-8160-9535af2e98c4 HTTP/1.1" status: 204 len: 168 time: 0.0650392
2026-05-18 01:49:57.344 10 INFO neutron.db.ovn_revision_numbers_db [None req-60b01bfc-b19d-4721-b911-e28bc273a8a4 91a5df1cc6d84289b845e5eda9a40714 b165cc527a724f64b48ef09f2e284b8c - - default default] Successfully bumped revision number for resource ca85ce4f-4091-41c4-b101-e97b5ce11251 (type: security_group_rules) to 0
2026-05-18 01:49:57.370 10 INFO neutron.wsgi [None req-60b01bfc-b19d-4721-b911-e28bc273a8a4 91a5df1cc6d84289b845e5eda9a40714 b165cc527a724f64b48ef09f2e284b8c - - default default] 10.0.0.96 "POST /v2.0/security-group-rules HTTP/1.1" status: 201 len: 800 time: 0.1910245
2026-05-18 01:49:57.383 10 WARNING neutron_lib.context [None req-ecc3121b-7440-42a1-b856-6f99bf2e1b12 91a5df1cc6d84289b845e5eda9a40714 b165cc527a724f64b48ef09f2e284b8c - - default default] Method 'is_advsvc' is deprecated since 2023.2 release (neutron-lib 3.8.0) and will be removed once support for the old RBAC API policies will be removed from Neutron. Please use method 'is_service_role' instead.
2026-05-18 01:49:57.396 9 INFO neutron.wsgi [None req-7bbc6280-1cf1-4727-8ff8-c3adaedad7f0 afa7b6bc10d948ff8cc2888675cc331c 2aa7dff045b645b6a50b567c25d60eeb - - default default] 10.0.0.96 "DELETE /v2.0/qos/policies/e8642297-ddd3-44f1-a28a-eff837ca1bf1 HTTP/1.1" status: 204 len: 168 time: 0.0669103
