2026-05-18 01:51:55.481 10 INFO neutron.wsgi [None req-12c16f0b-8571-4fee-9759-9afdd56b14f2 8e1ad725d73b476393bedcf069420d92 0a75a40e8f2f4e3b9b9745d81db00e21 - - default default] 10.0.0.96 "POST /v2.0/subnets HTTP/1.1" status: 201 len: 804 time: 1.4218554
2026-05-18 01:51:55.494 9 WARNING neutron_lib.context [None req-bd77b806-fed1-4000-bacd-42d22615b124 8e1ad725d73b476393bedcf069420d92 0a75a40e8f2f4e3b9b9745d81db00e21 - - default default] Method 'is_advsvc' is deprecated since 2023.2 release (neutron-lib 3.8.0) and will be removed once support for the old RBAC API policies will be removed from Neutron. Please use method 'is_service_role' instead.
2026-05-18 01:51:55.543 10 WARNING neutron.scheduler.dhcp_agent_scheduler [None req-47739b48-22bd-41da-9372-ca52f4445c57 7950575e42864504babdfc8144fb9057 b6bedcaf88464e29a4bf0fe6d65401e1 - - default default] No more DHCP agents
2026-05-18 01:51:55.547 10 WARNING neutron.api.rpc.agentnotifiers.dhcp_rpc_agent_api [None req-47739b48-22bd-41da-9372-ca52f4445c57 7950575e42864504babdfc8144fb9057 b6bedcaf88464e29a4bf0fe6d65401e1 - - default default] Unable to schedule network 3de933b6-76da-45be-9600-a289b5c06eaa: no agents available; will retry on subsequent port and subnet creation events.
2026-05-18 01:51:55.583 9 INFO neutron.db.segments_db [None req-bd77b806-fed1-4000-bacd-42d22615b124 8e1ad725d73b476393bedcf069420d92 0a75a40e8f2f4e3b9b9745d81db00e21 - - default default] Added segment ba5b5e78-4286-4661-b72d-9c908c9a73e7 of type geneve for network 3a2b2b9a-8639-4204-a102-8f3a577b5fd3
2026-05-18 01:51:55.644 10 WARNING neutron_lib.context [None req-57e8fbee-0445-4578-a79e-3dc474c7f630 dc3b568b82764cd5bcd5f55fb583419c 4f31bde134d74ebe9012c90642403426 - - default default] Method 'is_advsvc' is deprecated since 2023.2 release (neutron-lib 3.8.0) and will be removed once support for the old RBAC API policies will be removed from Neutron. Please use method 'is_service_role' instead.
2026-05-18 01:51:55.722 9 INFO neutron.db.ovn_revision_numbers_db [None req-bd77b806-fed1-4000-bacd-42d22615b124 8e1ad725d73b476393bedcf069420d92 0a75a40e8f2f4e3b9b9745d81db00e21 - - default default] Successfully bumped revision number for resource 3a2b2b9a-8639-4204-a102-8f3a577b5fd3 (type: networks) to 1
2026-05-18 01:51:55.881 10 INFO neutron.db.ovn_revision_numbers_db [None req-57e8fbee-0445-4578-a79e-3dc474c7f630 dc3b568b82764cd5bcd5f55fb583419c 4f31bde134d74ebe9012c90642403426 - - default default] Successfully bumped revision number for resource bbfbdbbd-4774-4898-aa42-fd8054bc7553 (type: security_groups) to 1
2026-05-18 01:51:55.900 10 INFO neutron.db.ovn_revision_numbers_db [None req-57e8fbee-0445-4578-a79e-3dc474c7f630 dc3b568b82764cd5bcd5f55fb583419c 4f31bde134d74ebe9012c90642403426 - - default default] Successfully bumped revision number for resource 12fbfd99-35c9-42ae-9a9c-cd51a32b1541 (type: security_group_rules) to 0
2026-05-18 01:51:55.934 10 INFO neutron.db.ovn_revision_numbers_db [None req-57e8fbee-0445-4578-a79e-3dc474c7f630 dc3b568b82764cd5bcd5f55fb583419c 4f31bde134d74ebe9012c90642403426 - - default default] Successfully bumped revision number for resource 5f4a98e4-2b21-49c9-b7ca-84fd21fa03f3 (type: security_group_rules) to 0
2026-05-18 01:51:55.959 9 WARNING neutron.scheduler.dhcp_agent_scheduler [None req-bd77b806-fed1-4000-bacd-42d22615b124 8e1ad725d73b476393bedcf069420d92 0a75a40e8f2f4e3b9b9745d81db00e21 - - default default] No more DHCP agents
2026-05-18 01:51:55.962 10 INFO neutron.db.ovn_revision_numbers_db [None req-57e8fbee-0445-4578-a79e-3dc474c7f630 dc3b568b82764cd5bcd5f55fb583419c 4f31bde134d74ebe9012c90642403426 - - default default] Successfully bumped revision number for resource a5f04bae-422d-41ce-b4eb-e37ef6fe3360 (type: security_group_rules) to 0
2026-05-18 01:51:55.962 9 WARNING neutron.api.rpc.agentnotifiers.dhcp_rpc_agent_api [None req-bd77b806-fed1-4000-bacd-42d22615b124 8e1ad725d73b476393bedcf069420d92 0a75a40e8f2f4e3b9b9745d81db00e21 - - default default] Unable to schedule network 3a2b2b9a-8639-4204-a102-8f3a577b5fd3: no agents available; will retry on subsequent port and subnet creation events.
2026-05-18 01:51:55.982 10 INFO neutron.db.ovn_revision_numbers_db [None req-57e8fbee-0445-4578-a79e-3dc474c7f630 dc3b568b82764cd5bcd5f55fb583419c 4f31bde134d74ebe9012c90642403426 - - default default] Successfully bumped revision number for resource b0ad405d-5a4d-4743-8708-8170169650aa (type: security_group_rules) to 0
2026-05-18 01:51:56.041 10 INFO neutron.db.segments_db [None req-57e8fbee-0445-4578-a79e-3dc474c7f630 dc3b568b82764cd5bcd5f55fb583419c 4f31bde134d74ebe9012c90642403426 - - default default] Added segment cab494f8-47a3-4075-86d5-b920646ce647 of type geneve for network 568c5692-4b3f-4602-b29c-5e2a80478d7e
2026-05-18 01:51:56.053 9 INFO neutron.db.ovn_revision_numbers_db [None req-bd77b806-fed1-4000-bacd-42d22615b124 8e1ad725d73b476393bedcf069420d92 0a75a40e8f2f4e3b9b9745d81db00e21 - - default default] Successfully bumped revision number for resource 9b6880c2-a19b-451e-a586-1d64a63f2775 (type: ports) to 1
2026-05-18 01:51:56.075 9 INFO neutron.wsgi [None req-bd77b806-fed1-4000-bacd-42d22615b124 8e1ad725d73b476393bedcf069420d92 0a75a40e8f2f4e3b9b9745d81db00e21 - - default default] 10.0.0.96 "POST /v2.0/networks HTTP/1.1" status: 201 len: 831 time: 0.5876498
2026-05-18 01:51:56.085 9 WARNING neutron_lib.context [None req-a9981eeb-6059-47ff-af64-510335374e4b 8e1ad725d73b476393bedcf069420d92 0a75a40e8f2f4e3b9b9745d81db00e21 - - default default] Method 'is_advsvc' is deprecated since 2023.2 release (neutron-lib 3.8.0) and will be removed once support for the old RBAC API policies will be removed from Neutron. Please use method 'is_service_role' instead.
2026-05-18 01:51:56.221 10 INFO neutron.db.ovn_revision_numbers_db [None req-47739b48-22bd-41da-9372-ca52f4445c57 7950575e42864504babdfc8144fb9057 b6bedcaf88464e29a4bf0fe6d65401e1 - - default default] Successfully bumped revision number for resource 485dd3a8-cb57-4732-b6bb-ddc4ed523ad2 (type: ports) to 2
2026-05-18 01:51:56.227 10 INFO neutron.db.ovn_revision_numbers_db [None req-57e8fbee-0445-4578-a79e-3dc474c7f630 dc3b568b82764cd5bcd5f55fb583419c 4f31bde134d74ebe9012c90642403426 - - default default] Successfully bumped revision number for resource 568c5692-4b3f-4602-b29c-5e2a80478d7e (type: networks) to 1
2026-05-18 01:51:56.266 10 INFO neutron.db.ovn_revision_numbers_db [None req-47739b48-22bd-41da-9372-ca52f4445c57 7950575e42864504babdfc8144fb9057 b6bedcaf88464e29a4bf0fe6d65401e1 - - default default] Successfully bumped revision number for resource d82808a0-2c53-4be7-8e30-49d8548d6ee4 (type: subnets) to 0
2026-05-18 01:51:56.283 10 INFO neutron.wsgi [None req-47739b48-22bd-41da-9372-ca52f4445c57 7950575e42864504babdfc8144fb9057 b6bedcaf88464e29a4bf0fe6d65401e1 - - default default] 10.0.0.96 "POST /v2.0/subnets HTTP/1.1" status: 201 len: 830 time: 1.0487397
2026-05-18 01:51:56.301 10 WARNING neutron_lib.context [None req-bd0e9fca-38b9-45b8-9e08-ab0dc2a36582 7950575e42864504babdfc8144fb9057 b6bedcaf88464e29a4bf0fe6d65401e1 - - default default] Method 'is_advsvc' is deprecated since 2023.2 release (neutron-lib 3.8.0) and will be removed once support for the old RBAC API policies will be removed from Neutron. Please use method 'is_service_role' instead.
2026-05-18 01:51:56.443 10 WARNING neutron.scheduler.dhcp_agent_scheduler [None req-57e8fbee-0445-4578-a79e-3dc474c7f630 dc3b568b82764cd5bcd5f55fb583419c 4f31bde134d74ebe9012c90642403426 - - default default] No more DHCP agents
2026-05-18 01:51:56.448 10 WARNING neutron.api.rpc.agentnotifiers.dhcp_rpc_agent_api [None req-57e8fbee-0445-4578-a79e-3dc474c7f630 dc3b568b82764cd5bcd5f55fb583419c 4f31bde134d74ebe9012c90642403426 - - default default] Unable to schedule network 568c5692-4b3f-4602-b29c-5e2a80478d7e: no agents available; will retry on subsequent port and subnet creation events.
2026-05-18 01:51:56.532 9 WARNING neutron.scheduler.dhcp_agent_scheduler [None req-a9981eeb-6059-47ff-af64-510335374e4b 8e1ad725d73b476393bedcf069420d92 0a75a40e8f2f4e3b9b9745d81db00e21 - - default default] No more DHCP agents
2026-05-18 01:51:56.534 9 WARNING neutron.api.rpc.agentnotifiers.dhcp_rpc_agent_api [None req-a9981eeb-6059-47ff-af64-510335374e4b 8e1ad725d73b476393bedcf069420d92 0a75a40e8f2f4e3b9b9745d81db00e21 - - default default] Unable to schedule network 3a2b2b9a-8639-4204-a102-8f3a577b5fd3: no agents available; will retry on subsequent port and subnet creation events.
2026-05-18 01:51:56.552 10 INFO neutron.db.ovn_revision_numbers_db [None req-57e8fbee-0445-4578-a79e-3dc474c7f630 dc3b568b82764cd5bcd5f55fb583419c 4f31bde134d74ebe9012c90642403426 - - default default] Successfully bumped revision number for resource 63645ae4-24a6-4bda-8a2b-203ffc575e24 (type: ports) to 1
2026-05-18 01:51:56.583 10 INFO neutron.wsgi [None req-57e8fbee-0445-4578-a79e-3dc474c7f630 dc3b568b82764cd5bcd5f55fb583419c 4f31bde134d74ebe9012c90642403426 - - default default] 10.0.0.96 "POST /v2.0/networks HTTP/1.1" status: 201 len: 830 time: 1.1184449
2026-05-18 01:51:56.592 10 WARNING neutron_lib.context [None req-1c324285-4ae6-48b3-9cbd-788e0e7ca60e dc3b568b82764cd5bcd5f55fb583419c 4f31bde134d74ebe9012c90642403426 - - default default] Method 'is_advsvc' is deprecated since 2023.2 release (neutron-lib 3.8.0) and will be removed once support for the old RBAC API policies will be removed from Neutron. Please use method 'is_service_role' instead.
2026-05-18 01:51:56.638 10 WARNING neutron.scheduler.dhcp_agent_scheduler [None req-bd0e9fca-38b9-45b8-9e08-ab0dc2a36582 7950575e42864504babdfc8144fb9057 b6bedcaf88464e29a4bf0fe6d65401e1 - - default default] No more DHCP agents
2026-05-18 01:51:56.642 10 WARNING neutron.api.rpc.agentnotifiers.dhcp_rpc_agent_api [None req-bd0e9fca-38b9-45b8-9e08-ab0dc2a36582 7950575e42864504babdfc8144fb9057 b6bedcaf88464e29a4bf0fe6d65401e1 - - default default] Unable to schedule network 3de933b6-76da-45be-9600-a289b5c06eaa: no agents available; will retry on subsequent port and subnet creation events.
2026-05-18 01:51:56.678 10 INFO neutron.db.ovn_revision_numbers_db [None req-bd0e9fca-38b9-45b8-9e08-ab0dc2a36582 7950575e42864504babdfc8144fb9057 b6bedcaf88464e29a4bf0fe6d65401e1 - - default default] Successfully bumped revision number for resource acf6c1b4-939d-4584-addd-866a52980cf9 (type: subnets) to 0
2026-05-18 01:51:56.702 10 INFO neutron.wsgi [None req-bd0e9fca-38b9-45b8-9e08-ab0dc2a36582 7950575e42864504babdfc8144fb9057 b6bedcaf88464e29a4bf0fe6d65401e1 - - default default] 10.0.0.96 "POST /v2.0/subnets HTTP/1.1" status: 201 len: 904 time: 0.4103415
2026-05-18 01:51:56.718 9 WARNING neutron_lib.context [None req-eadea12f-752c-47f0-94ae-197f7c38a50b 7950575e42864504babdfc8144fb9057 b6bedcaf88464e29a4bf0fe6d65401e1 - - default default] Method 'is_advsvc' is deprecated since 2023.2 release (neutron-lib 3.8.0) and will be removed once support for the old RBAC API policies will be removed from Neutron. Please use method 'is_service_role' instead.
2026-05-18 01:51:56.902 10 WARNING neutron.scheduler.dhcp_agent_scheduler [None req-1c324285-4ae6-48b3-9cbd-788e0e7ca60e dc3b568b82764cd5bcd5f55fb583419c 4f31bde134d74ebe9012c90642403426 - - default default] No more DHCP agents
2026-05-18 01:51:56.906 10 WARNING neutron.api.rpc.agentnotifiers.dhcp_rpc_agent_api [None req-1c324285-4ae6-48b3-9cbd-788e0e7ca60e dc3b568b82764cd5bcd5f55fb583419c 4f31bde134d74ebe9012c90642403426 - - default default] Unable to schedule network 568c5692-4b3f-4602-b29c-5e2a80478d7e: no agents available; will retry on subsequent port and subnet creation events.
2026-05-18 01:51:57.003 10 INFO neutron.db.ovn_revision_numbers_db [None req-1c324285-4ae6-48b3-9cbd-788e0e7ca60e dc3b568b82764cd5bcd5f55fb583419c 4f31bde134d74ebe9012c90642403426 - - default default] Successfully bumped revision number for resource ae5119d8-adaa-4c1c-8648-716aa2c467bc (type: ports) to 1
2026-05-18 01:51:57.032 10 INFO neutron.wsgi [None req-1c324285-4ae6-48b3-9cbd-788e0e7ca60e dc3b568b82764cd5bcd5f55fb583419c 4f31bde134d74ebe9012c90642403426 - - default default] 10.0.0.96 "POST /v2.0/ports HTTP/1.1" status: 201 len: 942 time: 0.4439421 /var/lib/openstack/lib/python3.10/site-packages/pycadf/identifier.py:71: UserWarning: Invalid uuid: neutron. To ensure interoperability, identifiers should be a valid uuid. warnings.warn(('Invalid uuid: %s. To ensure interoperability, '
2026-05-18 01:51:57.042 10 WARNING neutron_lib.context [None req-08db516d-019e-4123-822b-cc821c7d485a dc3b568b82764cd5bcd5f55fb583419c 4f31bde134d74ebe9012c90642403426 - - default default] Method 'is_advsvc' is deprecated since 2023.2 release (neutron-lib 3.8.0) and will be removed once support for the old RBAC API policies will be removed from Neutron. Please use method 'is_service_role' instead.
2026-05-18 01:51:57.121 10 INFO neutron.db.segments_db [None req-08db516d-019e-4123-822b-cc821c7d485a dc3b568b82764cd5bcd5f55fb583419c 4f31bde134d74ebe9012c90642403426 - - default default] Added segment 1eda9299-159c-4852-b515-83f0a10fb39f of type geneve for network 877d15df-9485-4d69-817d-b12071917b29
2026-05-18 01:51:57.274 9 INFO neutron.db.ovn_revision_numbers_db [None req-a9981eeb-6059-47ff-af64-510335374e4b 8e1ad725d73b476393bedcf069420d92 0a75a40e8f2f4e3b9b9745d81db00e21 - - default default] Successfully bumped revision number for resource 9b6880c2-a19b-451e-a586-1d64a63f2775 (type: ports) to 2
2026-05-18 01:51:57.315 10 INFO neutron.db.ovn_revision_numbers_db [None req-08db516d-019e-4123-822b-cc821c7d485a dc3b568b82764cd5bcd5f55fb583419c 4f31bde134d74ebe9012c90642403426 - - default default] Successfully bumped revision number for resource 877d15df-9485-4d69-817d-b12071917b29 (type: networks) to 1
2026-05-18 01:51:57.349 9 INFO neutron.db.ovn_revision_numbers_db [None req-a9981eeb-6059-47ff-af64-510335374e4b 8e1ad725d73b476393bedcf069420d92 0a75a40e8f2f4e3b9b9745d81db00e21 - - default default] Successfully bumped revision number for resource 17f4dc9b-f06d-47b5-8392-122ac5e8227f (type: subnets) to 0
2026-05-18 01:51:57.367 9 INFO neutron.wsgi [None req-a9981eeb-6059-47ff-af64-510335374e4b 8e1ad725d73b476393bedcf069420d92 0a75a40e8f2f4e3b9b9745d81db00e21 - - default default] 10.0.0.96 "POST /v2.0/subnets HTTP/1.1" status: 201 len: 804 time: 1.2866156
2026-05-18 01:51:57.377 10 WARNING neutron_lib.context [None req-f12477ee-d973-4d16-a9d8-b5fe4607bd10 8e1ad725d73b476393bedcf069420d92 0a75a40e8f2f4e3b9b9745d81db00e21 - - default default] Method 'is_advsvc' is deprecated since 2023.2 release (neutron-lib 3.8.0) and will be removed once support for the old RBAC API policies will be removed from Neutron. Please use method 'is_service_role' instead.
2026-05-18 01:51:57.389 9 WARNING neutron.scheduler.dhcp_agent_scheduler [None req-eadea12f-752c-47f0-94ae-197f7c38a50b 7950575e42864504babdfc8144fb9057 b6bedcaf88464e29a4bf0fe6d65401e1 - - default default] No more DHCP agents
2026-05-18 01:51:57.390 9 WARNING neutron.api.rpc.agentnotifiers.dhcp_rpc_agent_api [None req-eadea12f-752c-47f0-94ae-197f7c38a50b 7950575e42864504babdfc8144fb9057 b6bedcaf88464e29a4bf0fe6d65401e1 - - default default] Unable to schedule network 5afd9e4d-2e2b-44a5-bd83-1bc4b43c35ba: no agents available; will retry on subsequent port and subnet creation events.
2026-05-18 01:51:57.505 10 INFO neutron.db.segments_db [None req-f12477ee-d973-4d16-a9d8-b5fe4607bd10 8e1ad725d73b476393bedcf069420d92 0a75a40e8f2f4e3b9b9745d81db00e21 - - default default] Added segment ed262e7e-eaab-4931-85d6-1077168aa4be of type geneve for network 8a9e04ce-652c-47af-ba03-c7f94c047f12
2026-05-18 01:51:57.547 9 INFO neutron.db.ovn_revision_numbers_db [None req-eadea12f-752c-47f0-94ae-197f7c38a50b 7950575e42864504babdfc8144fb9057 b6bedcaf88464e29a4bf0fe6d65401e1 - - default default] Successfully bumped revision number for resource f1989761-96c2-47ad-aeb3-d607b4e85014 (type: ports) to 1
2026-05-18 01:51:57.581 10 WARNING neutron.scheduler.dhcp_agent_scheduler [None req-08db516d-019e-4123-822b-cc821c7d485a dc3b568b82764cd5bcd5f55fb583419c 4f31bde134d74ebe9012c90642403426 - - default default] No more DHCP agents
2026-05-18 01:51:57.587 10 WARNING neutron.api.rpc.agentnotifiers.dhcp_rpc_agent_api [None req-08db516d-019e-4123-822b-cc821c7d485a dc3b568b82764cd5bcd5f55fb583419c 4f31bde134d74ebe9012c90642403426 - - default default] Unable to schedule network 877d15df-9485-4d69-817d-b12071917b29: no agents available; will retry on subsequent port and subnet creation events.
2026-05-18 01:51:57.930 10 INFO neutron.db.ovn_revision_numbers_db [None req-f12477ee-d973-4d16-a9d8-b5fe4607bd10 8e1ad725d73b476393bedcf069420d92 0a75a40e8f2f4e3b9b9745d81db00e21 - - default default] Successfully bumped revision number for resource 8a9e04ce-652c-47af-ba03-c7f94c047f12 (type: networks) to 1
2026-05-18 01:51:57.957 10 INFO neutron.db.ovn_revision_numbers_db [None req-08db516d-019e-4123-822b-cc821c7d485a dc3b568b82764cd5bcd5f55fb583419c 4f31bde134d74ebe9012c90642403426 - - default default] Successfully bumped revision number for resource 4b1b016b-05bf-440d-b6ed-7273b51d0e4a (type: ports) to 1
2026-05-18 01:51:57.990 10 INFO neutron.wsgi [None req-08db516d-019e-4123-822b-cc821c7d485a dc3b568b82764cd5bcd5f55fb583419c 4f31bde134d74ebe9012c90642403426 - - default default] 10.0.0.96 "POST /v2.0/networks HTTP/1.1" status: 201 len: 831 time: 0.9530876
2026-05-18 01:51:58.001 9 WARNING neutron_lib.context [None req-fb548c84-a02d-4a0b-a8d0-e4435a42a4e1 dc3b568b82764cd5bcd5f55fb583419c 4f31bde134d74ebe9012c90642403426 - - default default] Method 'is_advsvc' is deprecated since 2023.2 release (neutron-lib 3.8.0) and will be removed once support for the old RBAC API policies will be removed from Neutron. Please use method 'is_service_role' instead.
2026-05-18 01:51:58.118 10 WARNING neutron.scheduler.dhcp_agent_scheduler [None req-f12477ee-d973-4d16-a9d8-b5fe4607bd10 8e1ad725d73b476393bedcf069420d92 0a75a40e8f2f4e3b9b9745d81db00e21 - - default default] No more DHCP agents
2026-05-18 01:51:58.126 10 WARNING neutron.api.rpc.agentnotifiers.dhcp_rpc_agent_api [None req-f12477ee-d973-4d16-a9d8-b5fe4607bd10 8e1ad725d73b476393bedcf069420d92 0a75a40e8f2f4e3b9b9745d81db00e21 - - default default] Unable to schedule network 8a9e04ce-652c-47af-ba03-c7f94c047f12: no agents available; will retry on subsequent port and subnet creation events.
2026-05-18 01:51:58.214 10 INFO neutron.db.ovn_revision_numbers_db [None req-f12477ee-d973-4d16-a9d8-b5fe4607bd10 8e1ad725d73b476393bedcf069420d92 0a75a40e8f2f4e3b9b9745d81db00e21 - - default default] Successfully bumped revision number for resource 95d5b12b-ffb1-48bf-a855-a340ac009809 (type: ports) to 1
2026-05-18 01:51:58.239 10 INFO neutron.wsgi [None req-f12477ee-d973-4d16-a9d8-b5fe4607bd10 8e1ad725d73b476393bedcf069420d92 0a75a40e8f2f4e3b9b9745d81db00e21 - - default default] 10.0.0.96 "POST /v2.0/networks HTTP/1.1" status: 201 len: 830 time: 0.8671706
2026-05-18 01:51:58.249 10 WARNING neutron_lib.context [None req-ec55af3d-8540-4382-b05e-a1c211cb02f8 8e1ad725d73b476393bedcf069420d92 0a75a40e8f2f4e3b9b9745d81db00e21 - - default default] Method 'is_advsvc' is deprecated since 2023.2 release (neutron-lib 3.8.0) and will be removed once support for the old RBAC API policies will be removed from Neutron. Please use method 'is_service_role' instead.
2026-05-18 01:51:58.311 9 INFO neutron.plugins.ml2.drivers.ovn.mech_driver.ovsdb.commands [None req-512b7c26-1d4e-47dd-a902-fd526796f440 - - - - - -] Schedule LRP lrp-f1989761-96c2-47ad-aeb3-d607b4e85014 on gateway 5ff714ae-1e12-4f07-8a78-606a8bbbbcbb with priority 1
2026-05-18 01:51:58.343 9 INFO neutron.plugins.ml2.drivers.ovn.mech_driver.ovsdb.ovsdb_monitor [None req-0decb6a0-8dd7-43b7-a465-95f24ad5eb3d - - - - - -] Router 050224dc-a3ea-4980-8485-14a172f44231 is bound to host instance
2026-05-18 01:51:58.345 10 INFO neutron.plugins.ml2.drivers.ovn.mech_driver.mech_driver [None req-48ed0517-8119-473d-9e0a-ca357ec93912 - - - - - -] OVN reports status up for port: f1989761-96c2-47ad-aeb3-d607b4e85014
2026-05-18 01:51:58.362 10 INFO neutron.plugins.ml2.plugin [None req-48ed0517-8119-473d-9e0a-ca357ec93912 - - - - - -] Attempt 1 to provision port f1989761-96c2-47ad-aeb3-d607b4e85014
2026-05-18 01:51:58.389 9 WARNING neutron.scheduler.dhcp_agent_scheduler [None req-fb548c84-a02d-4a0b-a8d0-e4435a42a4e1 dc3b568b82764cd5bcd5f55fb583419c 4f31bde134d74ebe9012c90642403426 - - default default] No more DHCP agents
2026-05-18 01:51:58.389 9 INFO neutron.db.ovn_revision_numbers_db [None req-eadea12f-752c-47f0-94ae-197f7c38a50b 7950575e42864504babdfc8144fb9057 b6bedcaf88464e29a4bf0fe6d65401e1 - - default default] Successfully bumped revision number for resource f1989761-96c2-47ad-aeb3-d607b4e85014 (type: router_ports) to 1
2026-05-18 01:51:58.391 9 WARNING neutron.api.rpc.agentnotifiers.dhcp_rpc_agent_api [None req-fb548c84-a02d-4a0b-a8d0-e4435a42a4e1 dc3b568b82764cd5bcd5f55fb583419c 4f31bde134d74ebe9012c90642403426 - - default default] Unable to schedule network 877d15df-9485-4d69-817d-b12071917b29: no agents available; will retry on subsequent port and subnet creation events.
2026-05-18 01:51:58.549 10 WARNING neutron.scheduler.dhcp_agent_scheduler [None req-ec55af3d-8540-4382-b05e-a1c211cb02f8 8e1ad725d73b476393bedcf069420d92 0a75a40e8f2f4e3b9b9745d81db00e21 - - default default] No more DHCP agents
2026-05-18 01:51:58.551 10 WARNING neutron.api.rpc.agentnotifiers.dhcp_rpc_agent_api [None req-ec55af3d-8540-4382-b05e-a1c211cb02f8 8e1ad725d73b476393bedcf069420d92 0a75a40e8f2f4e3b9b9745d81db00e21 - - default default] Unable to schedule network 8a9e04ce-652c-47af-ba03-c7f94c047f12: no agents available; will retry on subsequent port and subnet creation events.
2026-05-18 01:51:58.762 9 INFO neutron.db.ovn_revision_numbers_db [None req-eadea12f-752c-47f0-94ae-197f7c38a50b 7950575e42864504babdfc8144fb9057 b6bedcaf88464e29a4bf0fe6d65401e1 - - default default] Successfully bumped revision number for resource 050224dc-a3ea-4980-8485-14a172f44231 (type: routers) to 2
2026-05-18 01:51:58.773 9 INFO neutron.db.ovn_revision_numbers_db [None req-fb548c84-a02d-4a0b-a8d0-e4435a42a4e1 dc3b568b82764cd5bcd5f55fb583419c 4f31bde134d74ebe9012c90642403426 - - default default] Successfully bumped revision number for resource 9671a042-fe11-4a3e-bd6d-82021a3f7f82 (type: ports) to 1
2026-05-18 01:51:58.790 9 INFO neutron.wsgi [None req-eadea12f-752c-47f0-94ae-197f7c38a50b 7950575e42864504babdfc8144fb9057 b6bedcaf88464e29a4bf0fe6d65401e1 - - default default] 10.0.0.96 "POST /v2.0/routers HTTP/1.1" status: 201 len: 1144 time: 2.0803938 /var/lib/openstack/lib/python3.10/site-packages/pycadf/identifier.py:71: UserWarning: Invalid uuid: neutron. To ensure interoperability, identifiers should be a valid uuid. warnings.warn(('Invalid uuid: %s. To ensure interoperability, '
2026-05-18 01:51:58.828 9 INFO neutron.wsgi [None req-fb548c84-a02d-4a0b-a8d0-e4435a42a4e1 dc3b568b82764cd5bcd5f55fb583419c 4f31bde134d74ebe9012c90642403426 - - default default] 10.0.0.96 "POST /v2.0/ports HTTP/1.1" status: 201 len: 942 time: 0.8320673
2026-05-18 01:51:58.838 9 WARNING neutron_lib.context [None req-0accc603-f723-455c-a388-daedea361665 dc3b568b82764cd5bcd5f55fb583419c 4f31bde134d74ebe9012c90642403426 - - default default] Method 'is_advsvc' is deprecated since 2023.2 release (neutron-lib 3.8.0) and will be removed once support for the old RBAC API policies will be removed from Neutron. Please use method 'is_service_role' instead.
2026-05-18 01:51:58.986 9 INFO neutron.db.segments_db [None req-0accc603-f723-455c-a388-daedea361665 dc3b568b82764cd5bcd5f55fb583419c 4f31bde134d74ebe9012c90642403426 - - default default] Added segment 9d4455f6-e4a1-4efa-99f7-d3a0f6670a42 of type geneve for network ea068d92-3051-43a0-b975-73ef9e694274
2026-05-18 01:51:59.149 10 INFO neutron.db.ovn_revision_numbers_db [None req-ec55af3d-8540-4382-b05e-a1c211cb02f8 8e1ad725d73b476393bedcf069420d92 0a75a40e8f2f4e3b9b9745d81db00e21 - - default default] Successfully bumped revision number for resource 95d5b12b-ffb1-48bf-a855-a340ac009809 (type: ports) to 2
2026-05-18 01:51:59.189 10 INFO neutron.db.ovn_revision_numbers_db [None req-ec55af3d-8540-4382-b05e-a1c211cb02f8 8e1ad725d73b476393bedcf069420d92 0a75a40e8f2f4e3b9b9745d81db00e21 - - default default] Successfully bumped revision number for resource 07c37fbb-825c-4f05-aad2-cb8a8c4fd96a (type: subnets) to 0
2026-05-18 01:51:59.210 10 INFO neutron.wsgi [None req-ec55af3d-8540-4382-b05e-a1c211cb02f8 8e1ad725d73b476393bedcf069420d92 0a75a40e8f2f4e3b9b9745d81db00e21 - - default default] 10.0.0.96 "POST /v2.0/subnets HTTP/1.1" status: 201 len: 804 time: 0.9667401
2026-05-18 01:51:59.217 9 INFO neutron.db.ovn_revision_numbers_db [None req-0accc603-f723-455c-a388-daedea361665 dc3b568b82764cd5bcd5f55fb583419c 4f31bde134d74ebe9012c90642403426 - - default default] Successfully bumped revision number for resource ea068d92-3051-43a0-b975-73ef9e694274 (type: networks) to 1
2026-05-18 01:51:59.291 10 INFO neutron.wsgi [None req-5c531536-cef1-4e65-a6df-8a85b8892088 8e1ad725d73b476393bedcf069420d92 0a75a40e8f2f4e3b9b9745d81db00e21 - - default default] 10.0.0.96 "PUT /v2.0/subnets/0526d97e-84e1-4cf8-ba74-e513d8fae84f/tags HTTP/1.1" status: 200 len: 210 time: 0.0751677
2026-05-18 01:51:59.358 10 INFO neutron.wsgi [None req-007d5fef-d92c-42aa-be0f-658928a99429 8e1ad725d73b476393bedcf069420d92 0a75a40e8f2f4e3b9b9745d81db00e21 - - default default] 10.0.0.96 "PUT /v2.0/subnets/22340d9e-cd39-4757-b0b1-07cd7ef535e5/tags HTTP/1.1" status: 200 len: 218 time: 0.0630109
2026-05-18 01:51:59.423 10 INFO neutron.wsgi [None req-920acc36-7c2d-4421-a29f-7be4f9124079 8e1ad725d73b476393bedcf069420d92 0a75a40e8f2f4e3b9b9745d81db00e21 - - default default] 10.0.0.96 "PUT /v2.0/subnets/a94b7817-0045-40f5-bd6c-dca068b91641/tags HTTP/1.1" status: 200 len: 227 time: 0.0588694
2026-05-18 01:51:59.493 10 INFO neutron.wsgi [None req-f144acbc-8236-40d9-90d3-da0a606efaf2 8e1ad725d73b476393bedcf069420d92 0a75a40e8f2f4e3b9b9745d81db00e21 - - default default] 10.0.0.96 "PUT /v2.0/subnets/17f4dc9b-f06d-47b5-8392-122ac5e8227f/tags HTTP/1.1" status: 200 len: 212 time: 0.0646110
2026-05-18 01:51:59.564 10 INFO neutron.wsgi [None req-8d15687e-1a03-4718-a20a-d400f89e16f6 8e1ad725d73b476393bedcf069420d92 0a75a40e8f2f4e3b9b9745d81db00e21 - - default default] 10.0.0.96 "GET /v2.0/subnets?tags=red HTTP/1.1" status: 200 len: 2027 time: 0.0652807
2026-05-18 01:51:59.578 9 WARNING neutron.scheduler.dhcp_agent_scheduler [None req-0accc603-f723-455c-a388-daedea361665 dc3b568b82764cd5bcd5f55fb583419c 4f31bde134d74ebe9012c90642403426 - - default default] No more DHCP agents
2026-05-18 01:51:59.584 9 WARNING neutron.api.rpc.agentnotifiers.dhcp_rpc_agent_api [None req-0accc603-f723-455c-a388-daedea361665 dc3b568b82764cd5bcd5f55fb583419c 4f31bde134d74ebe9012c90642403426 - - default default] Unable to schedule network ea068d92-3051-43a0-b975-73ef9e694274: no agents available; will retry on subsequent port and subnet creation events.
2026-05-18 01:51:59.639 10 INFO neutron.wsgi [None req-e9c5e3de-016a-43de-9d7a-13b73d664ba0 8e1ad725d73b476393bedcf069420d92 0a75a40e8f2f4e3b9b9745d81db00e21 - - default default] 10.0.0.96 "GET /v2.0/subnets?tags=red%2Cblue HTTP/1.1" status: 200 len: 1430 time: 0.0697570
2026-05-18 01:51:59.720 10 INFO neutron.wsgi [None req-67a70ad0-0df5-45f3-86f2-aaf5ab3e5984 8e1ad725d73b476393bedcf069420d92 0a75a40e8f2f4e3b9b9745d81db00e21 - - default default] 10.0.0.96 "GET /v2.0/subnets?tags-any=blue HTTP/1.1" status: 200 len: 1430 time: 0.0754790
2026-05-18 01:51:59.778 10 INFO neutron.wsgi [None req-2071badb-bfa2-4b0f-af85-ed2c2c8ea281 8e1ad725d73b476393bedcf069420d92 0a75a40e8f2f4e3b9b9745d81db00e21 - - default default] 10.0.0.96 "GET /v2.0/subnets?tags-any=red%2Cblue HTTP/1.1" status: 200 len: 2027 time: 0.0521216
2026-05-18 01:51:59.853 10 INFO neutron.wsgi [None req-fd5bca43-5485-4b3e-bebd-9183428d25a6 8e1ad725d73b476393bedcf069420d92 0a75a40e8f2f4e3b9b9745d81db00e21 - - default default] 10.0.0.96 "GET /v2.0/subnets?not-tags=red HTTP/1.1" status: 200 len: 2018 time: 0.0687840
2026-05-18 01:51:59.938 10 INFO neutron.wsgi [None req-85360efe-7c65-4044-938e-2c3fedcd20be 8e1ad725d73b476393bedcf069420d92 0a75a40e8f2f4e3b9b9745d81db00e21 - - default default] 10.0.0.96 "GET /v2.0/subnets?not-tags=red%2Cblue HTTP/1.1" status: 200 len: 2615 time: 0.0768201
2026-05-18 01:51:59.987 9 INFO neutron.db.ovn_revision_numbers_db [None req-0accc603-f723-455c-a388-daedea361665 dc3b568b82764cd5bcd5f55fb583419c 4f31bde134d74ebe9012c90642403426 - - default default] Successfully bumped revision number for resource faa4857d-e908-4586-8edc-8ee58ca0ee68 (type: ports) to 1
2026-05-18 01:52:00.016 10 INFO neutron.wsgi [None req-cffa4277-4372-4945-9b88-e7e30af08ae2 8e1ad725d73b476393bedcf069420d92 0a75a40e8f2f4e3b9b9745d81db00e21 - - default default] 10.0.0.96 "GET /v2.0/subnets?not-tags-any=blue HTTP/1.1" status: 200 len: 2615 time: 0.0681360
2026-05-18 01:52:00.062 9 INFO neutron.wsgi [None req-0accc603-f723-455c-a388-daedea361665 dc3b568b82764cd5bcd5f55fb583419c 4f31bde134d74ebe9012c90642403426 - - default default] 10.0.0.96 "POST /v2.0/networks HTTP/1.1" status: 201 len: 829 time: 1.2288210
2026-05-18 01:52:00.075 10 WARNING neutron_lib.context [None req-2b83101d-8e75-4ef6-8003-9329321ddc54 dc3b568b82764cd5bcd5f55fb583419c 4f31bde134d74ebe9012c90642403426 - - default default] Method 'is_advsvc' is deprecated since 2023.2 release (neutron-lib 3.8.0) and will be removed once support for the old RBAC API policies will be removed from Neutron. Please use method 'is_service_role' instead.
2026-05-18 01:52:00.086 10 INFO neutron.wsgi [None req-1973528c-f87b-4ffa-92d9-7baac9209ae9 8e1ad725d73b476393bedcf069420d92 0a75a40e8f2f4e3b9b9745d81db00e21 - - default default] 10.0.0.96 "GET /v2.0/subnets?not-tags-any=red%2Cblue HTTP/1.1" status: 200 len: 2018 time: 0.0616512
2026-05-18 01:52:00.128 9 INFO neutron.db.ovn_revision_numbers_db [None req-0decb6a0-8dd7-43b7-a465-95f24ad5eb3d - - - - - -] Successfully bumped revision number for resource f1989761-96c2-47ad-aeb3-d607b4e85014 (type: ports) to 1
2026-05-18 01:52:00.130 9 WARNING neutron.scheduler.dhcp_agent_scheduler [None req-c9624186-3123-4ba8-ab9f-ebc25ccbb435 7950575e42864504babdfc8144fb9057 b6bedcaf88464e29a4bf0fe6d65401e1 - - default default] No more DHCP agents
2026-05-18 01:52:00.132 9 WARNING neutron.api.rpc.agentnotifiers.dhcp_rpc_agent_api [None req-c9624186-3123-4ba8-ab9f-ebc25ccbb435 7950575e42864504babdfc8144fb9057 b6bedcaf88464e29a4bf0fe6d65401e1 - - default default] Unable to schedule network ce93c627-a228-4799-8b38-f913c4fcc098: no agents available; will retry on subsequent port and subnet creation events.
2026-05-18 01:52:00.358 10 INFO neutron.wsgi [None req-099aa1dc-4bc3-461d-b919-b1110535d29b 8e1ad725d73b476393bedcf069420d92 0a75a40e8f2f4e3b9b9745d81db00e21 - - default default] 10.0.0.96 "DELETE /v2.0/subnets/0526d97e-84e1-4cf8-ba74-e513d8fae84f HTTP/1.1" status: 204 len: 168 time: 0.2649536
2026-05-18 01:52:00.379 10 WARNING neutron.scheduler.dhcp_agent_scheduler [None req-2b83101d-8e75-4ef6-8003-9329321ddc54 dc3b568b82764cd5bcd5f55fb583419c 4f31bde134d74ebe9012c90642403426 - - default default] No more DHCP agents
2026-05-18 01:52:00.380 10 WARNING neutron.api.rpc.agentnotifiers.dhcp_rpc_agent_api [None req-2b83101d-8e75-4ef6-8003-9329321ddc54 dc3b568b82764cd5bcd5f55fb583419c 4f31bde134d74ebe9012c90642403426 - - default default] Unable to schedule network ea068d92-3051-43a0-b975-73ef9e694274: no agents available; will retry on subsequent port and subnet creation events.
2026-05-18 01:52:00.396 9 INFO neutron.db.ovn_revision_numbers_db [None req-c9624186-3123-4ba8-ab9f-ebc25ccbb435 7950575e42864504babdfc8144fb9057 b6bedcaf88464e29a4bf0fe6d65401e1 - - default default] Successfully bumped revision number for resource 66e25043-476a-4816-aa9e-0dd855706fc5 (type: ports) to 1
2026-05-18 01:52:00.466 10 INFO neutron.db.ovn_revision_numbers_db [None req-2b83101d-8e75-4ef6-8003-9329321ddc54 dc3b568b82764cd5bcd5f55fb583419c 4f31bde134d74ebe9012c90642403426 - - default default] Successfully bumped revision number for resource 90d0f19e-4990-4c8b-b6d8-c567d6c6d5de (type: ports) to 1
2026-05-18 01:52:00.489 10 INFO neutron.wsgi [None req-2b83101d-8e75-4ef6-8003-9329321ddc54 dc3b568b82764cd5bcd5f55fb583419c 4f31bde134d74ebe9012c90642403426 - - default default] 10.0.0.96 "POST /v2.0/ports HTTP/1.1" status: 201 len: 942 time: 0.4220381 /var/lib/openstack/lib/python3.10/site-packages/pycadf/identifier.py:71: UserWarning: Invalid uuid: neutron. To ensure interoperability, identifiers should be a valid uuid. warnings.warn(('Invalid uuid: %s. To ensure interoperability, '
2026-05-18 01:52:00.499 10 WARNING neutron_lib.context [None req-2baadd7a-75bd-4943-be6e-4ef76c6ae6e0 dc3b568b82764cd5bcd5f55fb583419c 4f31bde134d74ebe9012c90642403426 - - default default] Method 'is_advsvc' is deprecated since 2023.2 release (neutron-lib 3.8.0) and will be removed once support for the old RBAC API policies will be removed from Neutron. Please use method 'is_service_role' instead.
2026-05-18 01:52:00.583 10 INFO neutron.db.segments_db [None req-2baadd7a-75bd-4943-be6e-4ef76c6ae6e0 dc3b568b82764cd5bcd5f55fb583419c 4f31bde134d74ebe9012c90642403426 - - default default] Added segment 89214997-54ce-42b2-a2b1-838fc2c1adbf of type geneve for network 6546c19e-0387-4757-a1b0-9c514c753010
2026-05-18 01:52:00.742 10 INFO neutron.db.ovn_revision_numbers_db [None req-2baadd7a-75bd-4943-be6e-4ef76c6ae6e0 dc3b568b82764cd5bcd5f55fb583419c 4f31bde134d74ebe9012c90642403426 - - default default] Successfully bumped revision number for resource 6546c19e-0387-4757-a1b0-9c514c753010 (type: networks) to 1
2026-05-18 01:52:00.942 10 WARNING neutron.scheduler.dhcp_agent_scheduler [None req-2baadd7a-75bd-4943-be6e-4ef76c6ae6e0 dc3b568b82764cd5bcd5f55fb583419c 4f31bde134d74ebe9012c90642403426 - - default default] No more DHCP agents
2026-05-18 01:52:00.945 10 WARNING neutron.api.rpc.agentnotifiers.dhcp_rpc_agent_api [None req-2baadd7a-75bd-4943-be6e-4ef76c6ae6e0 dc3b568b82764cd5bcd5f55fb583419c 4f31bde134d74ebe9012c90642403426 - - default default] Unable to schedule network 6546c19e-0387-4757-a1b0-9c514c753010: no agents available; will retry on subsequent port and subnet creation events.
2026-05-18 01:52:01.045 9 INFO neutron.wsgi [None req-e41b1d80-0a47-4f19-9ef4-7382246f4adb 8e1ad725d73b476393bedcf069420d92 0a75a40e8f2f4e3b9b9745d81db00e21 - - default default] 10.0.0.96 "DELETE /v2.0/subnets/22340d9e-cd39-4757-b0b1-07cd7ef535e5 HTTP/1.1" status: 204 len: 168 time: 0.6767905
2026-05-18 01:52:01.061 10 INFO neutron.db.ovn_revision_numbers_db [None req-2baadd7a-75bd-4943-be6e-4ef76c6ae6e0 dc3b568b82764cd5bcd5f55fb583419c 4f31bde134d74ebe9012c90642403426 - - default default] Successfully bumped revision number for resource 2a5d1b67-f1fc-4428-8801-10633f5b1b5b (type: ports) to 1
2026-05-18 01:52:01.086 9 INFO neutron.db.ovn_revision_numbers_db [None req-0decb6a0-8dd7-43b7-a465-95f24ad5eb3d - - - - - -] Successfully bumped revision number for resource f1989761-96c2-47ad-aeb3-d607b4e85014 (type: router_ports) to 3
2026-05-18 01:52:01.089 10 INFO neutron.wsgi [None req-2baadd7a-75bd-4943-be6e-4ef76c6ae6e0 dc3b568b82764cd5bcd5f55fb583419c 4f31bde134d74ebe9012c90642403426 - - default default] 10.0.0.96 "POST /v2.0/networks HTTP/1.1" status: 201 len: 829 time: 0.5949340
2026-05-18 01:52:01.100 10 WARNING neutron_lib.context [None req-8d617b5b-bdfd-439b-bbbc-a5a9ad523bd2 dc3b568b82764cd5bcd5f55fb583419c 4f31bde134d74ebe9012c90642403426 - - default default] Method 'is_advsvc' is deprecated since 2023.2 release (neutron-lib 3.8.0) and will be removed once support for the old RBAC API policies will be removed from Neutron. Please use method 'is_service_role' instead.
2026-05-18 01:52:01.341 10 INFO neutron.wsgi [None req-1cd3a83b-df78-4a1a-aa56-9b14f5784e9c 8e1ad725d73b476393bedcf069420d92 0a75a40e8f2f4e3b9b9745d81db00e21 - - default default] 10.0.0.96 "DELETE /v2.0/subnets/a94b7817-0045-40f5-bd6c-dca068b91641 HTTP/1.1" status: 204 len: 168 time: 0.2877033
2026-05-18 01:52:01.394 9 INFO neutron.db.ovn_revision_numbers_db [None req-0decb6a0-8dd7-43b7-a465-95f24ad5eb3d - - - - - -] Successfully bumped revision number for resource f1989761-96c2-47ad-aeb3-d607b4e85014 (type: ports) to 2
2026-05-18 01:52:01.434 10 WARNING neutron.scheduler.dhcp_agent_scheduler [None req-8d617b5b-bdfd-439b-bbbc-a5a9ad523bd2 dc3b568b82764cd5bcd5f55fb583419c 4f31bde134d74ebe9012c90642403426 - - default default] No more DHCP agents
2026-05-18 01:52:01.440 10 WARNING neutron.api.rpc.agentnotifiers.dhcp_rpc_agent_api [None req-8d617b5b-bdfd-439b-bbbc-a5a9ad523bd2 dc3b568b82764cd5bcd5f55fb583419c 4f31bde134d74ebe9012c90642403426 - - default default] Unable to schedule network 6546c19e-0387-4757-a1b0-9c514c753010: no agents available; will retry on subsequent port and subnet creation events.
2026-05-18 01:52:01.553 10 INFO neutron.db.ovn_revision_numbers_db [None req-8d617b5b-bdfd-439b-bbbc-a5a9ad523bd2 dc3b568b82764cd5bcd5f55fb583419c 4f31bde134d74ebe9012c90642403426 - - default default] Successfully bumped revision number for resource 61055956-9980-4b74-b166-b6452d00d64c (type: ports) to 1
2026-05-18 01:52:01.578 9 ERROR ovsdbapp.backend.ovs_idl.command [None req-c9624186-3123-4ba8-ab9f-ebc25ccbb435 7950575e42864504babdfc8144fb9057 b6bedcaf88464e29a4bf0fe6d65401e1 - - default default] Error executing command (DbGetCommand): ovsdbapp.backend.ovs_idl.idlutils.RowNotFound: Cannot find Logical_Router_Port with name=lrp-66e25043-476a-4816-aa9e-0dd855706fc5
2026-05-18 01:52:01.578 9 ERROR ovsdbapp.backend.ovs_idl.command
Traceback (most recent call last):
2026-05-18 01:52:01.578 9 ERROR ovsdbapp.backend.ovs_idl.command
File "/var/lib/openstack/lib/python3.10/site-packages/ovsdbapp/backend/ovs_idl/command.py", line 47, in execute
2026-05-18 01:52:01.578 9 ERROR ovsdbapp.backend.ovs_idl.command self.run_idl(None)
2026-05-18 01:52:01.578 9 ERROR ovsdbapp.backend.ovs_idl.command
File "/var/lib/openstack/lib/python3.10/site-packages/ovsdbapp/backend/ovs_idl/command.py", line 235, in run_idl
2026-05-18 01:52:01.578 9 ERROR ovsdbapp.backend.ovs_idl.command record = self.api.lookup(self.table, self.record)
2026-05-18 01:52:01.578 9 ERROR ovsdbapp.backend.ovs_idl.command
File "/var/lib/openstack/lib/python3.10/site-packages/ovsdbapp/backend/ovs_idl/__init__.py", line 184, in lookup
2026-05-18 01:52:01.578 9 ERROR ovsdbapp.backend.ovs_idl.command return self._lookup(table, record)
2026-05-18 01:52:01.578 9 ERROR ovsdbapp.backend.ovs_idl.command
File "/var/lib/openstack/lib/python3.10/site-packages/ovsdbapp/backend/ovs_idl/__init__.py", line 235, in _lookup
2026-05-18 01:52:01.578 9 ERROR ovsdbapp.backend.ovs_idl.command row = idlutils.row_by_value(self, rl.table, rl.column, record)
2026-05-18 01:52:01.578 9 ERROR ovsdbapp.backend.ovs_idl.command
File "/var/lib/openstack/lib/python3.10/site-packages/ovsdbapp/backend/ovs_idl/idlutils.py", line 114, in row_by_value
2026-05-18 01:52:01.578 9 ERROR ovsdbapp.backend.ovs_idl.command raise RowNotFound(table=table, col=column, match=match)
2026-05-18 01:52:01.578 9 ERROR ovsdbapp.backend.ovs_idl.command ovsdbapp.backend.ovs_idl.idlutils.RowNotFound: Cannot find Logical_Router_Port with name=lrp-66e25043-476a-4816-aa9e-0dd855706fc5
2026-05-18 01:52:01.578 9 ERROR ovsdbapp.backend.ovs_idl.command 
2026-05-18 01:52:01.579 9 ERROR neutron_lib.callbacks.manager [None req-c9624186-3123-4ba8-ab9f-ebc25ccbb435 7950575e42864504babdfc8144fb9057 b6bedcaf88464e29a4bf0fe6d65401e1 - - default default] Error during notification for neutron.services.ovn_l3.plugin.OVNL3RouterPlugin._port_update-8726852899567 port, after_update: ovsdbapp.backend.ovs_idl.idlutils.RowNotFound: Cannot find Logical_Router_Port with name=lrp-66e25043-476a-4816-aa9e-0dd855706fc5
2026-05-18 01:52:01.579 9 ERROR neutron_lib.callbacks.manager
Traceback (most recent call last):
2026-05-18 01:52:01.579 9 ERROR neutron_lib.callbacks.manager
File "/var/lib/openstack/lib/python3.10/site-packages/neutron_lib/callbacks/manager.py", line 189, in _notify_loop
2026-05-18 01:52:01.579 9 ERROR neutron_lib.callbacks.manager callback.method(resource, event, trigger, payload=payload)
2026-05-18 01:52:01.579 9 ERROR neutron_lib.callbacks.manager
File "/var/lib/openstack/lib/python3.10/site-packages/neutron/services/ovn_l3/plugin.py", line 391, in _port_update
2026-05-18 01:52:01.579 9 ERROR neutron_lib.callbacks.manager l3plugin._ovn_client.update_router_port(context,
2026-05-18 01:52:01.579 9 ERROR neutron_lib.callbacks.manager
File "/var/lib/openstack/lib/python3.10/site-packages/neutron/plugins/ml2/drivers/ovn/mech_driver/ovsdb/ovn_client.py", line 1878, in update_router_port
2026-05-18 01:52:01.579 9 ERROR neutron_lib.callbacks.manager self._update_lrouter_port(context, port, if_exists=if_exists,
2026-05-18 01:52:01.579 9 ERROR neutron_lib.callbacks.manager
File "/var/lib/openstack/lib/python3.10/site-packages/neutron/plugins/ml2/drivers/ovn/mech_driver/ovsdb/ovn_client.py", line 1855, in _update_lrouter_port
2026-05-18 01:52:01.579 9 ERROR neutron_lib.callbacks.manager external_ids = self._nb_idl.db_get(
2026-05-18 01:52:01.579 9 ERROR neutron_lib.callbacks.manager
File "/var/lib/openstack/lib/python3.10/site-packages/ovsdbapp/backend/ovs_idl/command.py", line 47, in execute
2026-05-18 01:52:01.579 9 ERROR neutron_lib.callbacks.manager self.run_idl(None)
2026-05-18 01:52:01.579 9 ERROR neutron_lib.callbacks.manager
File "/var/lib/openstack/lib/python3.10/site-packages/ovsdbapp/backend/ovs_idl/command.py", line 235, in run_idl
2026-05-18 01:52:01.579 9 ERROR neutron_lib.callbacks.manager record = self.api.lookup(self.table, self.record)
2026-05-18 01:52:01.579 9 ERROR neutron_lib.callbacks.manager
File "/var/lib/openstack/lib/python3.10/site-packages/ovsdbapp/backend/ovs_idl/__init__.py", line 184, in lookup
2026-05-18 01:52:01.579 9 ERROR neutron_lib.callbacks.manager return self._lookup(table, record)
2026-05-18 01:52:01.579 9 ERROR neutron_lib.callbacks.manager
File "/var/lib/openstack/lib/python3.10/site-packages/ovsdbapp/backend/ovs_idl/__init__.py", line 235, in _lookup
2026-05-18 01:52:01.579 9 ERROR neutron_lib.callbacks.manager row = idlutils.row_by_value(self, rl.table, rl.column, record)
2026-05-18 01:52:01.579 9 ERROR neutron_lib.callbacks.manager
File "/var/lib/openstack/lib/python3.10/site-packages/ovsdbapp/backend/ovs_idl/idlutils.py", line 114, in row_by_value
2026-05-18 01:52:01.579 9 ERROR neutron_lib.callbacks.manager raise RowNotFound(table=table, col=column, match=match)
2026-05-18 01:52:01.579 9 ERROR neutron_lib.callbacks.manager ovsdbapp.backend.ovs_idl.idlutils.RowNotFound: Cannot find Logical_Router_Port with name=lrp-66e25043-476a-4816-aa9e-0dd855706fc5
2026-05-18 01:52:01.579 9 ERROR neutron_lib.callbacks.manager 
2026-05-18 01:52:01.594 10 INFO neutron.wsgi [None req-8d617b5b-bdfd-439b-bbbc-a5a9ad523bd2 dc3b568b82764cd5bcd5f55fb583419c 4f31bde134d74ebe9012c90642403426 - - default default] 10.0.0.96 "POST /v2.0/ports HTTP/1.1" status: 201 len: 942 time: 0.5000281 /var/lib/openstack/lib/python3.10/site-packages/pycadf/identifier.py:71: UserWarning: Invalid uuid: neutron. To ensure interoperability, identifiers should be a valid uuid. warnings.warn(('Invalid uuid: %s. To ensure interoperability, '
2026-05-18 01:52:01.604 10 WARNING neutron_lib.context [None req-66ab29d6-548b-402d-a2c7-5c0d3b04e852 dc3b568b82764cd5bcd5f55fb583419c 4f31bde134d74ebe9012c90642403426 - - default default] Method 'is_advsvc' is deprecated since 2023.2 release (neutron-lib 3.8.0) and will be removed once support for the old RBAC API policies will be removed from Neutron. Please use method 'is_service_role' instead.
2026-05-18 01:52:01.637 10 INFO neutron.wsgi [None req-b24b156d-61fc-4c26-94a9-1f1d161924dc 8e1ad725d73b476393bedcf069420d92 0a75a40e8f2f4e3b9b9745d81db00e21 - - default default] 10.0.0.96 "DELETE /v2.0/subnets/17f4dc9b-f06d-47b5-8392-122ac5e8227f HTTP/1.1" status: 204 len: 168 time: 0.2892621
2026-05-18 01:52:01.730 10 INFO neutron.db.segments_db [None req-66ab29d6-548b-402d-a2c7-5c0d3b04e852 dc3b568b82764cd5bcd5f55fb583419c 4f31bde134d74ebe9012c90642403426 - - default default] Added segment eccdaaa7-7224-4f57-8fd5-28206a468689 of type geneve for network d72b67b4-41b8-4185-90fb-9c391240d33c
2026-05-18 01:52:01.861 9 INFO neutron.db.ovn_revision_numbers_db [None req-c9624186-3123-4ba8-ab9f-ebc25ccbb435 7950575e42864504babdfc8144fb9057 b6bedcaf88464e29a4bf0fe6d65401e1 - - default default] Successfully bumped revision number for resource 66e25043-476a-4816-aa9e-0dd855706fc5 (type: ports) to 1
2026-05-18 01:52:01.897 9 INFO neutron.db.ovn_revision_numbers_db [None req-0decb6a0-8dd7-43b7-a465-95f24ad5eb3d - - - - - -] Successfully bumped revision number for resource f1989761-96c2-47ad-aeb3-d607b4e85014 (type: ports) to 4
2026-05-18 01:52:01.975 9 WARNING neutron.scheduler.dhcp_agent_scheduler [None req-c9624186-3123-4ba8-ab9f-ebc25ccbb435 7950575e42864504babdfc8144fb9057 b6bedcaf88464e29a4bf0fe6d65401e1 - - default default] No more DHCP agents
2026-05-18 01:52:01.979 9 WARNING neutron.api.rpc.agentnotifiers.dhcp_rpc_agent_api [None req-c9624186-3123-4ba8-ab9f-ebc25ccbb435 7950575e42864504babdfc8144fb9057 b6bedcaf88464e29a4bf0fe6d65401e1 - - default default] Unable to schedule network ce93c627-a228-4799-8b38-f913c4fcc098: no agents available; will retry on subsequent port and subnet creation events.
2026-05-18 01:52:02.002 10 INFO neutron.plugins.ml2.drivers.ovn.mech_driver.mech_driver [None req-48ed0517-8119-473d-9e0a-ca357ec93912 - - - - - -] OVN reports status up for port: 66e25043-476a-4816-aa9e-0dd855706fc5
2026-05-18 01:52:02.028 10 INFO neutron.plugins.ml2.plugin [None req-48ed0517-8119-473d-9e0a-ca357ec93912 - - - - - -] Attempt 1 to provision port 66e25043-476a-4816-aa9e-0dd855706fc5
2026-05-18 01:52:02.231 10 INFO neutron.db.ovn_revision_numbers_db [None req-66ab29d6-548b-402d-a2c7-5c0d3b04e852 dc3b568b82764cd5bcd5f55fb583419c 4f31bde134d74ebe9012c90642403426 - - default default] Successfully bumped revision number for resource d72b67b4-41b8-4185-90fb-9c391240d33c (type: networks) to 1
2026-05-18 01:52:02.238 9 INFO neutron.db.ovn_revision_numbers_db [None req-0decb6a0-8dd7-43b7-a465-95f24ad5eb3d - - - - - -] Successfully bumped revision number for resource f1989761-96c2-47ad-aeb3-d607b4e85014 (type: router_ports) to 4
2026-05-18 01:52:02.259 10 INFO neutron.wsgi [None req-1e55d1b4-d34c-42b4-9199-78521fef8597 8e1ad725d73b476393bedcf069420d92 0a75a40e8f2f4e3b9b9745d81db00e21 - - default default] 10.0.0.96 "DELETE /v2.0/subnets/07c37fbb-825c-4f05-aad2-cb8a8c4fd96a HTTP/1.1" status: 204 len: 168 time: 0.6057897
2026-05-18 01:52:02.369 9 INFO neutron.db.ovn_revision_numbers_db [None req-c9624186-3123-4ba8-ab9f-ebc25ccbb435 7950575e42864504babdfc8144fb9057 b6bedcaf88464e29a4bf0fe6d65401e1 - - default default] Successfully bumped revision number for resource 66e25043-476a-4816-aa9e-0dd855706fc5 (type: router_ports) to 1
2026-05-18 01:52:02.374 9 INFO neutron.wsgi [None req-c9624186-3123-4ba8-ab9f-ebc25ccbb435 7950575e42864504babdfc8144fb9057 b6bedcaf88464e29a4bf0fe6d65401e1 - - default default] 10.0.0.96 "PUT /v2.0/routers/050224dc-a3ea-4980-8485-14a172f44231/add_router_interface HTTP/1.1" status: 200 len: 503 time: 3.5775604
2026-05-18 01:52:02.533 10 WARNING neutron.scheduler.dhcp_agent_scheduler [None req-66ab29d6-548b-402d-a2c7-5c0d3b04e852 dc3b568b82764cd5bcd5f55fb583419c 4f31bde134d74ebe9012c90642403426 - - default default] No more DHCP agents
2026-05-18 01:52:02.537 10 WARNING neutron.api.rpc.agentnotifiers.dhcp_rpc_agent_api [None req-66ab29d6-548b-402d-a2c7-5c0d3b04e852 dc3b568b82764cd5bcd5f55fb583419c 4f31bde134d74ebe9012c90642403426 - - default default] Unable to schedule network d72b67b4-41b8-4185-90fb-9c391240d33c: no agents available; will retry on subsequent port and subnet creation events.
2026-05-18 01:52:02.660 10 INFO neutron.db.ovn_revision_numbers_db [None req-66ab29d6-548b-402d-a2c7-5c0d3b04e852 dc3b568b82764cd5bcd5f55fb583419c 4f31bde134d74ebe9012c90642403426 - - default default] Successfully bumped revision number for resource ed939a9d-c2fa-4dea-aa63-58d4388c67ad (type: ports) to 1
2026-05-18 01:52:02.695 10 INFO neutron.wsgi [None req-66ab29d6-548b-402d-a2c7-5c0d3b04e852 dc3b568b82764cd5bcd5f55fb583419c 4f31bde134d74ebe9012c90642403426 - - default default] 10.0.0.96 "POST /v2.0/networks HTTP/1.1" status: 201 len: 831 time: 1.0955207
2026-05-18 01:52:02.705 10 WARNING neutron_lib.context [None req-460439d2-6f81-4eb9-bf11-edcec2f123ee dc3b568b82764cd5bcd5f55fb583419c 4f31bde134d74ebe9012c90642403426 - - default default] Method 'is_advsvc' is deprecated since 2023.2 release (neutron-lib 3.8.0) and will be removed once support for the old RBAC API policies will be removed from Neutron. Please use method 'is_service_role' instead.
2026-05-18 01:52:02.776 10 INFO neutron.db.ovn_revision_numbers_db [None req-48ed0517-8119-473d-9e0a-ca357ec93912 - - - - - -] Successfully bumped revision number for resource 66e25043-476a-4816-aa9e-0dd855706fc5 (type: ports) to 2
2026-05-18 01:52:02.995 10 INFO neutron.db.ovn_revision_numbers_db [None req-48ed0517-8119-473d-9e0a-ca357ec93912 - - - - - -] Successfully bumped revision number for resource 66e25043-476a-4816-aa9e-0dd855706fc5 (type: router_ports) to 2
2026-05-18 01:52:03.011 9 INFO neutron.services.segments.plugin [-] Segment a5874d19-15c2-4e40-abd2-e5d08c0434b9 resource provider aggregate not found
2026-05-18 01:52:03.021 9 INFO neutron.services.segments.plugin [-] Segment a5874d19-15c2-4e40-abd2-e5d08c0434b9 resource provider aggregate not found
