2026-05-18 01:48:00.010 10 INFO neutron.wsgi [req-343b7c62-6a25-42bd-94ce-513e25f4c754 req-c190a03f-8d1a-4146-85a7-011db2b6f393 928a24129ce14891ae22789e1786d947 476ae84e7d444c73b4f505aabcb4914f - - default default] 10.0.0.52 "GET /v2.0/ports?device_id=b524c24a-f7da-4d5b-8bd3-14758c332d4b HTTP/1.1" status: 200 len: 1170 time: 0.0606046
2026-05-18 01:48:00.046 10 INFO neutron.db.ovn_revision_numbers_db [req-2a690d73-31e0-495a-8428-73318ad64160 req-fc381498-2172-4d42-b39a-71bea2232324 485d5b8698c94e86961d8f024b871a34 ff036abed31c41d88d5d15aec1e592fb - - 6e105525d8e2416d94bd1f860e211482 6e105525d8e2416d94bd1f860e211482] Successfully bumped revision number for resource 2808321c-f8a0-4234-a823-d7c58171ea0d (type: ports) to 2
2026-05-18 01:48:00.061 9 INFO neutron.wsgi [req-4a1b3e29-81d7-4bc0-a564-1ab81bfdd579 req-d30595be-766b-45c5-a89d-f90fe4c7d0c4 e9ade863e79a439e9f6cf17a3c65c33e d5a6554412b64a87ada95d9bbab405fd - - default default] 10.0.0.52 "GET /v2.0/security-groups?id=2a08ada4-d55f-4cb1-b551-238476bf9b75&fields=id&fields=name HTTP/1.1" status: 200 len: 312 time: 0.0576677
2026-05-18 01:48:00.089 10 INFO neutron.wsgi [req-343b7c62-6a25-42bd-94ce-513e25f4c754 req-6e08f5f9-1168-4de0-90f1-1a631e8c5846 928a24129ce14891ae22789e1786d947 476ae84e7d444c73b4f505aabcb4914f - - default default] 10.0.0.52 "GET /v2.0/security-groups?id=41f62d1d-fcce-43a0-8800-dd7dc61223c6&fields=id&fields=name HTTP/1.1" status: 200 len: 313 time: 0.0670152
2026-05-18 01:48:00.094 9 INFO neutron.notifiers.nova [-] Nova event matching ['req-b56037a4-6435-45bc-9d84-4f038ab03690'] response: {'name': 'network-changed', 'server_uuid': 'b76559b8-18b2-4b8c-b068-cca4c8790310', 'tag': 'ab888e42-cd82-4b37-9401-9e8536cd38db', 'status': 'completed', 'code': 200}
2026-05-18 01:48:00.094 9 INFO neutron.notifiers.nova [-] Nova event matching ['req-b56037a4-6435-45bc-9d84-4f038ab03690'] response: {'server_uuid': 'b76559b8-18b2-4b8c-b068-cca4c8790310', 'name': 'network-vif-unplugged', 'status': 'completed', 'tag': 'ab888e42-cd82-4b37-9401-9e8536cd38db', 'code': 200}
2026-05-18 01:48:00.094 9 INFO neutron.notifiers.nova [-] Nova event matching ['req-b56037a4-6435-45bc-9d84-4f038ab03690'] response: {'server_uuid': 'b76559b8-18b2-4b8c-b068-cca4c8790310', 'name': 'network-vif-unplugged', 'status': 'completed', 'tag': 'ab888e42-cd82-4b37-9401-9e8536cd38db', 'code': 200}
2026-05-18 01:48:00.153 10 INFO neutron.wsgi [req-c56eb494-4baf-4129-90a7-70ff84542507 req-19068fb1-52f0-4850-949f-9e6b691ebf34 485d5b8698c94e86961d8f024b871a34 ff036abed31c41d88d5d15aec1e592fb - - 6e105525d8e2416d94bd1f860e211482 6e105525d8e2416d94bd1f860e211482] 199.204.45.4 "GET /v2.0/ports?tenant_id=d5a6554412b64a87ada95d9bbab405fd&device_id=b76559b8-18b2-4b8c-b068-cca4c8790310 HTTP/1.1" status: 200 len: 210 time: 0.0335734
2026-05-18 01:48:00.187 10 INFO neutron.wsgi [req-267059a9-1358-407a-85ee-be359fce3657 req-b8e13c05-e4f7-4174-88eb-2e477f2e843b e9ade863e79a439e9f6cf17a3c65c33e d5a6554412b64a87ada95d9bbab405fd - - default default] 199.204.45.4 "DELETE /v2.0/ports/ab888e42-cd82-4b37-9401-9e8536cd38db HTTP/1.1" status: 204 len: 173 time: 1.0128305
2026-05-18 01:48:00.350 10 INFO neutron.db.ovn_revision_numbers_db [req-2a690d73-31e0-495a-8428-73318ad64160 req-fc381498-2172-4d42-b39a-71bea2232324 485d5b8698c94e86961d8f024b871a34 ff036abed31c41d88d5d15aec1e592fb - - 6e105525d8e2416d94bd1f860e211482 6e105525d8e2416d94bd1f860e211482] Successfully bumped revision number for resource 2808321c-f8a0-4234-a823-d7c58171ea0d (type: ports) to 2
2026-05-18 01:48:00.351 9 INFO neutron.wsgi [None req-16b3122d-ebf3-44d9-89ee-467bba4b36bb c0f1e8bab70a4ef1a0299a1e511043fb 04906ff008044fc682437602dfaf6682 - - default default] 10.0.0.96 "DELETE /v2.0/floatingips/0f97963d-b333-49d7-88d5-b3a59285c71e HTTP/1.1" status: 204 len: 168 time: 0.5679848
2026-05-18 01:48:00.371 10 INFO neutron.wsgi [req-2a690d73-31e0-495a-8428-73318ad64160 req-fc381498-2172-4d42-b39a-71bea2232324 485d5b8698c94e86961d8f024b871a34 ff036abed31c41d88d5d15aec1e592fb - - 6e105525d8e2416d94bd1f860e211482 6e105525d8e2416d94bd1f860e211482] 199.204.45.4 "PUT /v2.0/ports/2808321c-f8a0-4234-a823-d7c58171ea0d HTTP/1.1" status: 200 len: 1380 time: 1.5597441 /var/lib/openstack/lib/python3.10/site-packages/pycadf/identifier.py:71: UserWarning: Invalid uuid: neutron. To ensure interoperability, identifiers should be a valid uuid. warnings.warn(('Invalid uuid: %s. To ensure interoperability, '
2026-05-18 01:48:00.460 10 INFO neutron.wsgi [req-2a690d73-31e0-495a-8428-73318ad64160 req-45f20391-70e3-43f2-9aa2-c99cfcc9338f 485d5b8698c94e86961d8f024b871a34 ff036abed31c41d88d5d15aec1e592fb - - 6e105525d8e2416d94bd1f860e211482 6e105525d8e2416d94bd1f860e211482] 199.204.45.4 "GET /v2.0/ports?tenant_id=1d5973156f8c496399dbe0683c65d8e2&device_id=f0d53afa-38ad-441d-9125-2f6d29684b74 HTTP/1.1" status: 200 len: 1411 time: 0.0512311
2026-05-18 01:48:00.494 10 INFO neutron.wsgi [req-2a690d73-31e0-495a-8428-73318ad64160 req-63915566-3f44-48d1-9ea9-e5b485c3a7df 485d5b8698c94e86961d8f024b871a34 ff036abed31c41d88d5d15aec1e592fb - - 6e105525d8e2416d94bd1f860e211482 6e105525d8e2416d94bd1f860e211482] 199.204.45.4 "GET /v2.0/floatingips?fixed_ip_address=10.100.0.12&port_id=2808321c-f8a0-4234-a823-d7c58171ea0d HTTP/1.1" status: 200 len: 217 time: 0.0294311
2026-05-18 01:48:00.540 10 INFO neutron.wsgi [req-2a690d73-31e0-495a-8428-73318ad64160 req-ae7c20e6-b919-4060-bba1-c9d423250f5a 485d5b8698c94e86961d8f024b871a34 ff036abed31c41d88d5d15aec1e592fb - - 6e105525d8e2416d94bd1f860e211482 6e105525d8e2416d94bd1f860e211482] 199.204.45.4 "GET /v2.0/subnets?id=a99be137-4d77-4ac8-b69c-937e9eef82bf HTTP/1.1" status: 200 len: 877 time: 0.0364575
2026-05-18 01:48:00.571 10 INFO neutron.wsgi [req-2a690d73-31e0-495a-8428-73318ad64160 req-2529cc38-600c-46a5-b0d9-e2d7045855ba 485d5b8698c94e86961d8f024b871a34 ff036abed31c41d88d5d15aec1e592fb - - 6e105525d8e2416d94bd1f860e211482 6e105525d8e2416d94bd1f860e211482] 199.204.45.4 "GET /v2.0/ports?network_id=8285ed05-9404-4c5a-8a5c-904b25bdb313&device_owner=network%3Adhcp HTTP/1.1" status: 200 len: 210 time: 0.0231702
2026-05-18 01:48:00.572 9 INFO neutron.wsgi [req-4816bd06-06fd-483d-8116-40281cbb23d3 req-27dda459-9f2e-4a5c-95d8-4174214b018d fb83b68f56124e9a8be9f38548a4091a 1d5973156f8c496399dbe0683c65d8e2 - - default default] 10.0.0.52 "GET /v2.0/ports?device_id=f0d53afa-38ad-441d-9125-2f6d29684b74 HTTP/1.1" status: 200 len: 1172 time: 0.0590637
2026-05-18 01:48:00.643 9 INFO neutron.wsgi [req-4816bd06-06fd-483d-8116-40281cbb23d3 req-40dd78b8-69ed-4f69-9ddd-9558ccba3d40 fb83b68f56124e9a8be9f38548a4091a 1d5973156f8c496399dbe0683c65d8e2 - - default default] 10.0.0.52 "GET /v2.0/security-groups?id=351fb521-7746-450e-8ff0-822e47162962&fields=id&fields=name HTTP/1.1" status: 200 len: 311 time: 0.0644298
2026-05-18 01:48:00.660 10 INFO neutron.wsgi [req-2a690d73-31e0-495a-8428-73318ad64160 req-21a6f8c9-2daa-4872-b85f-dd3ac177c05d 485d5b8698c94e86961d8f024b871a34 ff036abed31c41d88d5d15aec1e592fb - - 6e105525d8e2416d94bd1f860e211482 6e105525d8e2416d94bd1f860e211482] 199.204.45.4 "GET /v2.0/networks/8285ed05-9404-4c5a-8a5c-904b25bdb313?fields=segments HTTP/1.1" status: 200 len: 212 time: 0.0806179
2026-05-18 01:48:00.723 10 INFO neutron.notifiers.nova [-] Nova event matching ['req-d5087cdf-837e-4636-af7e-8e2c8cf6304f'] response: {'server_uuid': 'b524c24a-f7da-4d5b-8bd3-14758c332d4b', 'name': 'network-vif-plugged', 'status': 'completed', 'tag': 'e6b4d68a-f1e6-4e1a-a0bc-6110a7f7e0fa', 'code': 200}
2026-05-18 01:48:00.723 10 INFO neutron.notifiers.nova [-] Nova event matching ['req-d5087cdf-837e-4636-af7e-8e2c8cf6304f'] response: {'server_uuid': 'b524c24a-f7da-4d5b-8bd3-14758c332d4b', 'name': 'network-vif-plugged', 'status': 'completed', 'tag': 'e6b4d68a-f1e6-4e1a-a0bc-6110a7f7e0fa', 'code': 200}
2026-05-18 01:48:00.723 10 INFO neutron.notifiers.nova [-] Nova event matching ['req-d5087cdf-837e-4636-af7e-8e2c8cf6304f'] response: {'server_uuid': 'b76559b8-18b2-4b8c-b068-cca4c8790310', 'name': 'network-vif-deleted', 'tag': 'ab888e42-cd82-4b37-9401-9e8536cd38db', 'status': 'completed', 'code': 200}
2026-05-18 01:48:00.723 10 INFO neutron.notifiers.nova [-] Nova event matching ['req-d5087cdf-837e-4636-af7e-8e2c8cf6304f'] response: {'name': 'network-changed', 'server_uuid': 'f0d53afa-38ad-441d-9125-2f6d29684b74', 'tag': '2808321c-f8a0-4234-a823-d7c58171ea0d', 'status': 'completed', 'code': 200}
2026-05-18 01:48:00.740 10 INFO neutron.wsgi [req-2a690d73-31e0-495a-8428-73318ad64160 req-817b6a3c-d08f-463d-af96-31da43a26751 485d5b8698c94e86961d8f024b871a34 ff036abed31c41d88d5d15aec1e592fb - - 6e105525d8e2416d94bd1f860e211482 6e105525d8e2416d94bd1f860e211482] 199.204.45.4 "GET /v2.0/networks/8285ed05-9404-4c5a-8a5c-904b25bdb313?fields=provider%3Aphysical_network&fields=provider%3Anetwork_type HTTP/1.1" status: 200 len: 277 time: 0.0742426
2026-05-18 01:48:00.839 10 INFO neutron.wsgi [req-cbc43886-fd50-46f0-a7d4-4fc3118c607d req-81870582-ab10-4a40-95f1-df0fbc86fdc1 485d5b8698c94e86961d8f024b871a34 ff036abed31c41d88d5d15aec1e592fb - - 6e105525d8e2416d94bd1f860e211482 6e105525d8e2416d94bd1f860e211482] 199.204.45.4 "GET /v2.0/ports?tenant_id=1d5973156f8c496399dbe0683c65d8e2&device_id=f0d53afa-38ad-441d-9125-2f6d29684b74 HTTP/1.1" status: 200 len: 1411 time: 0.0543563
2026-05-18 01:48:00.917 10 INFO neutron.wsgi [req-cbc43886-fd50-46f0-a7d4-4fc3118c607d req-cd6f62d7-7da8-40bc-ba20-f69185c08915 485d5b8698c94e86961d8f024b871a34 ff036abed31c41d88d5d15aec1e592fb - - 6e105525d8e2416d94bd1f860e211482 6e105525d8e2416d94bd1f860e211482] 199.204.45.4 "GET /v2.0/networks?id=8285ed05-9404-4c5a-8a5c-904b25bdb313 HTTP/1.1" status: 200 len: 982 time: 0.0740488
2026-05-18 01:48:00.962 10 INFO neutron.wsgi [req-cbc43886-fd50-46f0-a7d4-4fc3118c607d req-c9988d08-7fe0-4b02-9f76-7e13403a034f 485d5b8698c94e86961d8f024b871a34 ff036abed31c41d88d5d15aec1e592fb - - 6e105525d8e2416d94bd1f860e211482 6e105525d8e2416d94bd1f860e211482] 199.204.45.4 "GET /v2.0/floatingips?fixed_ip_address=10.100.0.12&port_id=2808321c-f8a0-4234-a823-d7c58171ea0d HTTP/1.1" status: 200 len: 217 time: 0.0269475
2026-05-18 01:48:00.971 10 INFO neutron.plugins.ml2.drivers.ovn.mech_driver.mech_driver [None req-48ed0517-8119-473d-9e0a-ca357ec93912 - - - - - -] OVN reports status up for port: 2808321c-f8a0-4234-a823-d7c58171ea0d
2026-05-18 01:48:00.997 10 INFO neutron.plugins.ml2.plugin [None req-48ed0517-8119-473d-9e0a-ca357ec93912 - - - - - -] Attempt 1 to provision port 2808321c-f8a0-4234-a823-d7c58171ea0d
2026-05-18 01:48:01.025 10 INFO neutron.wsgi [req-cbc43886-fd50-46f0-a7d4-4fc3118c607d req-b8619609-6358-4f66-9e76-9da515a60b3d 485d5b8698c94e86961d8f024b871a34 ff036abed31c41d88d5d15aec1e592fb - - 6e105525d8e2416d94bd1f860e211482 6e105525d8e2416d94bd1f860e211482] 199.204.45.4 "GET /v2.0/subnets?id=a99be137-4d77-4ac8-b69c-937e9eef82bf HTTP/1.1" status: 200 len: 877 time: 0.0536680
2026-05-18 01:48:01.060 10 INFO neutron.wsgi [req-cbc43886-fd50-46f0-a7d4-4fc3118c607d req-61ec2358-2e7f-4452-8c95-9e7ae54e11b5 485d5b8698c94e86961d8f024b871a34 ff036abed31c41d88d5d15aec1e592fb - - 6e105525d8e2416d94bd1f860e211482 6e105525d8e2416d94bd1f860e211482] 199.204.45.4 "GET /v2.0/ports?network_id=8285ed05-9404-4c5a-8a5c-904b25bdb313&device_owner=network%3Adhcp HTTP/1.1" status: 200 len: 210 time: 0.0290809
2026-05-18 01:48:01.161 10 INFO neutron.wsgi [req-cbc43886-fd50-46f0-a7d4-4fc3118c607d req-0471e656-b5a9-4826-b69e-388f1fe2e7e4 485d5b8698c94e86961d8f024b871a34 ff036abed31c41d88d5d15aec1e592fb - - 6e105525d8e2416d94bd1f860e211482 6e105525d8e2416d94bd1f860e211482] 199.204.45.4 "GET /v2.0/networks/8285ed05-9404-4c5a-8a5c-904b25bdb313?fields=segments HTTP/1.1" status: 200 len: 212 time: 0.0943735
2026-05-18 01:48:01.519 10 INFO neutron.wsgi [req-cbc43886-fd50-46f0-a7d4-4fc3118c607d req-32bc4896-91aa-43a8-93b7-115781d9e238 485d5b8698c94e86961d8f024b871a34 ff036abed31c41d88d5d15aec1e592fb - - 6e105525d8e2416d94bd1f860e211482 6e105525d8e2416d94bd1f860e211482] 199.204.45.4 "GET /v2.0/networks/8285ed05-9404-4c5a-8a5c-904b25bdb313?fields=provider%3Aphysical_network&fields=provider%3Anetwork_type HTTP/1.1" status: 200 len: 277 time: 0.3500743
2026-05-18 01:48:01.589 10 INFO neutron.wsgi [req-56f883c3-c996-4acd-9098-267f562bacf3 req-aee70849-d319-4a72-b2f2-73b257c8e121 928a24129ce14891ae22789e1786d947 476ae84e7d444c73b4f505aabcb4914f - - default default] 10.0.0.52 "GET /v2.0/ports?device_id=b524c24a-f7da-4d5b-8bd3-14758c332d4b HTTP/1.1" status: 200 len: 1170 time: 0.4090607
2026-05-18 01:48:01.671 10 INFO neutron.wsgi [None req-9441a48a-e212-4e65-8d23-dcdfe745fbc6 e9ade863e79a439e9f6cf17a3c65c33e d5a6554412b64a87ada95d9bbab405fd - - default default] 10.0.0.96 "DELETE /v2.0/security-groups/2a08ada4-d55f-4cb1-b551-238476bf9b75 HTTP/1.1" status: 204 len: 168 time: 0.5082650
2026-05-18 01:48:01.675 10 INFO neutron.wsgi [req-56f883c3-c996-4acd-9098-267f562bacf3 req-cd3d24cb-2bfd-45f0-9a90-d923cbafe653 928a24129ce14891ae22789e1786d947 476ae84e7d444c73b4f505aabcb4914f - - default default] 10.0.0.52 "GET /v2.0/security-groups?id=41f62d1d-fcce-43a0-8800-dd7dc61223c6&fields=id&fields=name HTTP/1.1" status: 200 len: 313 time: 0.0797563
2026-05-18 01:48:01.690 10 INFO neutron.api.v2.resource [None req-122506a0-cb29-4bd6-b5cf-a76384d624e4 e9ade863e79a439e9f6cf17a3c65c33e d5a6554412b64a87ada95d9bbab405fd - - default default] show failed (client error): The resource could not be found.
2026-05-18 01:48:01.691 10 INFO neutron.wsgi [None req-122506a0-cb29-4bd6-b5cf-a76384d624e4 e9ade863e79a439e9f6cf17a3c65c33e d5a6554412b64a87ada95d9bbab405fd - - default default] 10.0.0.96 "GET /v2.0/security-groups/2a08ada4-d55f-4cb1-b551-238476bf9b75 HTTP/1.1" status: 404 len: 347 time: 0.0136263
2026-05-18 01:48:01.714 10 INFO neutron.db.ovn_revision_numbers_db [None req-48ed0517-8119-473d-9e0a-ca357ec93912 - - - - - -] Successfully bumped revision number for resource 2808321c-f8a0-4234-a823-d7c58171ea0d (type: ports) to 4
2026-05-18 01:48:01.785 10 INFO neutron.wsgi [req-d6a5c508-673d-4308-a585-25ccdec947fd req-f60559ae-e63b-471f-8392-0d27fb54ebea 928a24129ce14891ae22789e1786d947 476ae84e7d444c73b4f505aabcb4914f - - default default] 10.0.0.52 "GET /v2.0/ports?device_id=b524c24a-f7da-4d5b-8bd3-14758c332d4b HTTP/1.1" status: 200 len: 1170 time: 0.0520985 /var/lib/openstack/lib/python3.10/site-packages/pycadf/identifier.py:71: UserWarning: Invalid uuid: neutron. To ensure interoperability, identifiers should be a valid uuid. warnings.warn(('Invalid uuid: %s. To ensure interoperability, '
2026-05-18 01:48:01.886 9 INFO neutron.wsgi [req-de65c972-a2df-48b9-bfd4-2962ab8902e8 req-db537b7b-8bf8-48a0-92c1-923ca43307bb fb83b68f56124e9a8be9f38548a4091a 1d5973156f8c496399dbe0683c65d8e2 - - default default] 10.0.0.52 "GET /v2.0/ports?device_id=f0d53afa-38ad-441d-9125-2f6d29684b74 HTTP/1.1" status: 200 len: 1174 time: 0.1693201
2026-05-18 01:48:01.986 9 INFO neutron.wsgi [req-de65c972-a2df-48b9-bfd4-2962ab8902e8 req-40fa093c-1fe4-44d3-9945-1525ef82120a fb83b68f56124e9a8be9f38548a4091a 1d5973156f8c496399dbe0683c65d8e2 - - default default] 10.0.0.52 "GET /v2.0/security-groups?id=351fb521-7746-450e-8ff0-822e47162962&fields=id&fields=name HTTP/1.1" status: 200 len: 311 time: 0.0895760
2026-05-18 01:48:02.126 9 INFO neutron.wsgi [None req-39faca1c-df90-49cf-beb8-bcf400d966cd 94bc3f0650194a7aa50b84a3e3a62c70 535ba092ed774de19d4ad28accdc03ef - - default default] 10.0.0.96 "PUT /v2.0/routers/b0915457-ad3a-413e-8fff-df4f6f3d2f97/remove_router_interface HTTP/1.1" status: 200 len: 503 time: 1.7711606
2026-05-18 01:48:02.209 9 INFO neutron.wsgi [None req-bb7d8abb-49f5-4e7c-b390-6e808ebc1e2a e9ade863e79a439e9f6cf17a3c65c33e d5a6554412b64a87ada95d9bbab405fd - - default default] 10.0.0.96 "DELETE /v2.0/floatingips/5e56f33c-a806-4085-ab05-9b3d76ba593d HTTP/1.1" status: 204 len: 168 time: 0.5115216 /var/lib/openstack/lib/python3.10/site-packages/pycadf/identifier.py:71: UserWarning: Invalid uuid: neutron. To ensure interoperability, identifiers should be a valid uuid. warnings.warn(('Invalid uuid: %s. To ensure interoperability, '
2026-05-18 01:48:02.396 10 INFO neutron.db.ovn_revision_numbers_db [None req-44d11162-300d-4a49-a323-f578b1ce477e 928a24129ce14891ae22789e1786d947 476ae84e7d444c73b4f505aabcb4914f - - default default] Successfully bumped revision number for resource fb8a9641-3687-438b-a279-da64656d4ac9 (type: floatingips) to 1
2026-05-18 01:48:02.554 10 INFO neutron.db.ovn_revision_numbers_db [None req-44d11162-300d-4a49-a323-f578b1ce477e 928a24129ce14891ae22789e1786d947 476ae84e7d444c73b4f505aabcb4914f - - default default] Successfully bumped revision number for resource fb8a9641-3687-438b-a279-da64656d4ac9 (type: floatingips) to 2
2026-05-18 01:48:02.554 10 INFO neutron.db.l3_db [None req-44d11162-300d-4a49-a323-f578b1ce477e 928a24129ce14891ae22789e1786d947 476ae84e7d444c73b4f505aabcb4914f - - default default] Floating IP fb8a9641-3687-438b-a279-da64656d4ac9 associated. External IP: 10.96.250.211, port: e6b4d68a-f1e6-4e1a-a0bc-6110a7f7e0fa.
2026-05-18 01:48:02.593 10 INFO neutron.wsgi [None req-44d11162-300d-4a49-a323-f578b1ce477e 928a24129ce14891ae22789e1786d947 476ae84e7d444c73b4f505aabcb4914f - - default default] 10.0.0.96 "PUT /v2.0/floatingips/fb8a9641-3687-438b-a279-da64656d4ac9 HTTP/1.1" status: 200 len: 1049 time: 0.7972176
2026-05-18 01:48:02.680 10 INFO neutron.wsgi [req-4470f20d-dc35-40cc-8d1c-b69d93f19876 req-991d5b41-606e-42c9-a687-508e2fb4ea76 928a24129ce14891ae22789e1786d947 476ae84e7d444c73b4f505aabcb4914f - - default default] 10.0.0.52 "GET /v2.0/ports?device_id=b524c24a-f7da-4d5b-8bd3-14758c332d4b HTTP/1.1" status: 200 len: 1170 time: 0.0383995
2026-05-18 01:48:02.755 10 INFO neutron.wsgi [req-4470f20d-dc35-40cc-8d1c-b69d93f19876 req-dfdae09b-0bd3-4abc-95a8-84e957460dfa 928a24129ce14891ae22789e1786d947 476ae84e7d444c73b4f505aabcb4914f - - default default] 10.0.0.52 "GET /v2.0/security-groups?id=41f62d1d-fcce-43a0-8800-dd7dc61223c6&fields=id&fields=name HTTP/1.1" status: 200 len: 313 time: 0.0618129
2026-05-18 01:48:02.770 10 INFO neutron.notifiers.nova [-] Nova event matching ['req-18c7d2bf-f5dd-4e7d-957f-10fcbc5d9f8a'] response: {'server_uuid': 'f0d53afa-38ad-441d-9125-2f6d29684b74', 'name': 'network-vif-plugged', 'status': 'completed', 'tag': '2808321c-f8a0-4234-a823-d7c58171ea0d', 'code': 200}
2026-05-18 01:48:02.770 10 INFO neutron.notifiers.nova [-] Nova event matching ['req-18c7d2bf-f5dd-4e7d-957f-10fcbc5d9f8a'] response: {'server_uuid': 'f0d53afa-38ad-441d-9125-2f6d29684b74', 'name': 'network-vif-plugged', 'status': 'completed', 'tag': '2808321c-f8a0-4234-a823-d7c58171ea0d', 'code': 200}
2026-05-18 01:48:02.770 10 INFO neutron.notifiers.nova [-] Nova event matching ['req-18c7d2bf-f5dd-4e7d-957f-10fcbc5d9f8a'] response: {'name': 'network-changed', 'server_uuid': 'b524c24a-f7da-4d5b-8bd3-14758c332d4b', 'tag': 'e6b4d68a-f1e6-4e1a-a0bc-6110a7f7e0fa', 'status': 'completed', 'code': 200}
2026-05-18 01:48:03.046 9 INFO neutron.wsgi [-] 10.0.0.151 "GET / HTTP/1.1" status: 200 len: 246 time: 0.0016220
2026-05-18 01:48:03.047 10 INFO neutron.wsgi [req-83bafcb9-bb29-42f0-9329-b3ce77408f4b req-7721be4b-9787-4380-a593-7580f9cf7a6e 485d5b8698c94e86961d8f024b871a34 ff036abed31c41d88d5d15aec1e592fb - - 6e105525d8e2416d94bd1f860e211482 6e105525d8e2416d94bd1f860e211482] 199.204.45.4 "GET /v2.0/ports?tenant_id=476ae84e7d444c73b4f505aabcb4914f&device_id=b524c24a-f7da-4d5b-8bd3-14758c332d4b HTTP/1.1" status: 200 len: 1409 time: 0.2498960
2026-05-18 01:48:03.047 9 INFO neutron.wsgi [-] 10.0.0.151 "GET / HTTP/1.1" status: 200 len: 246 time: 0.0009675 /var/lib/openstack/lib/python3.10/site-packages/pycadf/identifier.py:71: UserWarning: Invalid uuid: neutron. To ensure interoperability, identifiers should be a valid uuid. warnings.warn(('Invalid uuid: %s. To ensure interoperability, '
2026-05-18 01:48:03.135 9 INFO neutron.wsgi [req-6bb7802a-28d1-4b23-845d-b5859a0db6f2 req-081af02b-56cf-4cf0-866f-252c88556760 fb83b68f56124e9a8be9f38548a4091a 1d5973156f8c496399dbe0683c65d8e2 - - default default] 10.0.0.52 "GET /v2.0/ports?device_id=f0d53afa-38ad-441d-9125-2f6d29684b74 HTTP/1.1" status: 200 len: 1174 time: 0.0741243
2026-05-18 01:48:03.151 10 INFO neutron.plugins.ml2.drivers.ovn.mech_driver.mech_driver [None req-48ed0517-8119-473d-9e0a-ca357ec93912 - - - - - -] OVN reports status down for port: e6b4d68a-f1e6-4e1a-a0bc-6110a7f7e0fa
2026-05-18 01:48:03.160 10 INFO neutron.wsgi [req-cde34310-6f4f-4f6d-b572-87f85e5582e5 req-62b65c2b-2090-48a0-8726-472a81b8cd6d 928a24129ce14891ae22789e1786d947 476ae84e7d444c73b4f505aabcb4914f - - default default] 10.0.0.52 "GET /v2.0/ports?device_id=b524c24a-f7da-4d5b-8bd3-14758c332d4b HTTP/1.1" status: 200 len: 1170 time: 0.0555735
2026-05-18 01:48:03.196 9 INFO neutron.wsgi [req-6bb7802a-28d1-4b23-845d-b5859a0db6f2 req-b95ce664-43d0-431b-9b30-a9f20cb895ba fb83b68f56124e9a8be9f38548a4091a 1d5973156f8c496399dbe0683c65d8e2 - - default default] 10.0.0.52 "GET /v2.0/security-groups?id=351fb521-7746-450e-8ff0-822e47162962&fields=id&fields=name HTTP/1.1" status: 200 len: 311 time: 0.0476656
2026-05-18 01:48:03.228 10 INFO neutron.wsgi [req-83bafcb9-bb29-42f0-9329-b3ce77408f4b req-014e16e3-44a5-4fc3-92a6-ca1058c07209 485d5b8698c94e86961d8f024b871a34 ff036abed31c41d88d5d15aec1e592fb - - 6e105525d8e2416d94bd1f860e211482 6e105525d8e2416d94bd1f860e211482] 199.204.45.4 "GET /v2.0/networks?id=89fb923d-19b0-4f76-90c3-e87b38bc10d5 HTTP/1.1" status: 200 len: 968 time: 0.1595218
2026-05-18 01:48:03.315 9 INFO neutron.wsgi [req-803a182e-9807-4925-91f5-3f53c38a5d5c req-c5ab293d-3c46-4311-875d-bae8067ad7fa fb83b68f56124e9a8be9f38548a4091a 1d5973156f8c496399dbe0683c65d8e2 - - default default] 10.0.0.52 "GET /v2.0/ports?device_id=f0d53afa-38ad-441d-9125-2f6d29684b74 HTTP/1.1" status: 200 len: 1174 time: 0.0533767
2026-05-18 01:48:03.321 10 INFO neutron.wsgi [req-cde34310-6f4f-4f6d-b572-87f85e5582e5 req-78197e74-8bb6-4462-93c9-5d27d73e162d 928a24129ce14891ae22789e1786d947 476ae84e7d444c73b4f505aabcb4914f - - default default] 10.0.0.52 "GET /v2.0/security-groups?id=41f62d1d-fcce-43a0-8800-dd7dc61223c6&fields=id&fields=name HTTP/1.1" status: 200 len: 313 time: 0.1445038
2026-05-18 01:48:03.390 10 INFO neutron.wsgi [req-83bafcb9-bb29-42f0-9329-b3ce77408f4b req-a82862a6-da66-43b7-82de-0c87347300ba 485d5b8698c94e86961d8f024b871a34 ff036abed31c41d88d5d15aec1e592fb - - 6e105525d8e2416d94bd1f860e211482 6e105525d8e2416d94bd1f860e211482] 199.204.45.4 "GET /v2.0/floatingips?fixed_ip_address=10.100.0.7&port_id=e6b4d68a-f1e6-4e1a-a0bc-6110a7f7e0fa HTTP/1.1" status: 200 len: 1059 time: 0.1535707
2026-05-18 01:48:03.537 10 INFO neutron.wsgi [req-83bafcb9-bb29-42f0-9329-b3ce77408f4b req-fdf6b7e6-7b1e-44ac-a2c6-c77edd476a95 485d5b8698c94e86961d8f024b871a34 ff036abed31c41d88d5d15aec1e592fb - - 6e105525d8e2416d94bd1f860e211482 6e105525d8e2416d94bd1f860e211482] 199.204.45.4 "GET /v2.0/subnets?id=a691148c-8c89-418c-882d-5fd02f05aa80 HTTP/1.1" status: 200 len: 863 time: 0.1354003
2026-05-18 01:48:03.601 10 INFO neutron.wsgi [req-ebf077b8-5236-43d8-98a7-01ebe82e17f9 req-c4627a81-9f44-43be-b736-fab8214250d4 928a24129ce14891ae22789e1786d947 476ae84e7d444c73b4f505aabcb4914f - - default default] 199.204.45.4 "GET /v2.0/ports?device_id=b524c24a-f7da-4d5b-8bd3-14758c332d4b HTTP/1.1" status: 200 len: 1170 time: 0.1635420
2026-05-18 01:48:03.611 10 INFO neutron.wsgi [req-83bafcb9-bb29-42f0-9329-b3ce77408f4b req-629186b3-ace8-4020-a7c4-a1e4c73e751d 485d5b8698c94e86961d8f024b871a34 ff036abed31c41d88d5d15aec1e592fb - - 6e105525d8e2416d94bd1f860e211482 6e105525d8e2416d94bd1f860e211482] 199.204.45.4 "GET /v2.0/ports?network_id=89fb923d-19b0-4f76-90c3-e87b38bc10d5&device_owner=network%3Adhcp HTTP/1.1" status: 200 len: 210 time: 0.0678437
2026-05-18 01:48:03.711 9 INFO neutron.wsgi [None req-0abacb1b-c69b-41cd-9b89-a2a4f61c464d 94bc3f0650194a7aa50b84a3e3a62c70 535ba092ed774de19d4ad28accdc03ef - - default default] 10.0.0.96 "PUT /v2.0/routers/fbf2c3ef-921b-440e-90ef-6ade99191489/remove_router_interface HTTP/1.1" status: 200 len: 503 time: 1.4976079 /var/lib/openstack/lib/python3.10/site-packages/pycadf/identifier.py:71: UserWarning: Invalid uuid: neutron. To ensure interoperability, identifiers should be a valid uuid. warnings.warn(('Invalid uuid: %s. To ensure interoperability, '
2026-05-18 01:48:03.752 10 INFO neutron.wsgi [None req-18e9a0c4-1147-4077-85ef-cdc34e1af9f8 94bc3f0650194a7aa50b84a3e3a62c70 535ba092ed774de19d4ad28accdc03ef - - default default] 10.0.0.96 "DELETE /v2.0/routers/b0915457-ad3a-413e-8fff-df4f6f3d2f97 HTTP/1.1" status: 204 len: 168 time: 1.6192491
2026-05-18 01:48:03.845 10 INFO neutron.wsgi [req-83bafcb9-bb29-42f0-9329-b3ce77408f4b req-e04efe9e-142b-4e50-8228-54910c800116 485d5b8698c94e86961d8f024b871a34 ff036abed31c41d88d5d15aec1e592fb - - 6e105525d8e2416d94bd1f860e211482 6e105525d8e2416d94bd1f860e211482] 199.204.45.4 "GET /v2.0/networks/89fb923d-19b0-4f76-90c3-e87b38bc10d5?fields=segments HTTP/1.1" status: 200 len: 212 time: 0.2145052
2026-05-18 01:48:04.224 10 INFO neutron.wsgi [req-83bafcb9-bb29-42f0-9329-b3ce77408f4b req-029606cd-e3d4-46d3-8439-15ab7b2a1a95 485d5b8698c94e86961d8f024b871a34 ff036abed31c41d88d5d15aec1e592fb - - 6e105525d8e2416d94bd1f860e211482 6e105525d8e2416d94bd1f860e211482] 199.204.45.4 "GET /v2.0/networks/89fb923d-19b0-4f76-90c3-e87b38bc10d5?fields=provider%3Aphysical_network&fields=provider%3Anetwork_type HTTP/1.1" status: 200 len: 277 time: 0.3658111
2026-05-18 01:48:04.474 10 INFO neutron.db.ovn_revision_numbers_db [None req-48ed0517-8119-473d-9e0a-ca357ec93912 - - - - - -] Successfully bumped revision number for resource e6b4d68a-f1e6-4e1a-a0bc-6110a7f7e0fa (type: ports) to 5
2026-05-18 01:48:04.572 10 INFO neutron.wsgi [None req-66122125-a9df-45fe-ab85-b7f9fece61ca 94bc3f0650194a7aa50b84a3e3a62c70 535ba092ed774de19d4ad28accdc03ef - - default default] 10.0.0.96 "DELETE /v2.0/subnets/499221e9-7f74-4601-b39a-7a976a21b9b2 HTTP/1.1" status: 204 len: 168 time: 0.8031514
2026-05-18 01:48:04.580 9 INFO neutron.wsgi [req-d99e966c-7b9d-4e41-ae51-07712cfce22b req-3e191a7d-0a0b-4076-8873-0a3093a0a450 928a24129ce14891ae22789e1786d947 476ae84e7d444c73b4f505aabcb4914f - - default default] 10.0.0.52 "GET /v2.0/ports?device_id=b524c24a-f7da-4d5b-8bd3-14758c332d4b HTTP/1.1" status: 200 len: 1168 time: 0.1816533
2026-05-18 01:48:04.618 9 INFO neutron.wsgi [None req-5c2c9149-13a3-4819-8c36-8391ff13db90 94bc3f0650194a7aa50b84a3e3a62c70 535ba092ed774de19d4ad28accdc03ef - - default default] 10.0.0.96 "DELETE /v2.0/routers/fbf2c3ef-921b-440e-90ef-6ade99191489 HTTP/1.1" status: 204 len: 168 time: 0.9024696
2026-05-18 01:48:04.656 9 INFO neutron.wsgi [req-d99e966c-7b9d-4e41-ae51-07712cfce22b req-0cf90bf6-fddf-4806-8f41-0425c8efc9a1 928a24129ce14891ae22789e1786d947 476ae84e7d444c73b4f505aabcb4914f - - default default] 10.0.0.52 "GET /v2.0/security-groups?id=41f62d1d-fcce-43a0-8800-dd7dc61223c6&fields=id&fields=name HTTP/1.1" status: 200 len: 313 time: 0.0679104
2026-05-18 01:48:04.733 10 INFO neutron.db.l3_db [req-ebf077b8-5236-43d8-98a7-01ebe82e17f9 req-c97a9b3d-1bc2-4bb2-81be-c1a8501a8dc9 928a24129ce14891ae22789e1786d947 476ae84e7d444c73b4f505aabcb4914f - - default default] Floating IP fb8a9641-3687-438b-a279-da64656d4ac9 disassociated. External IP: 10.96.250.211, port: e6b4d68a-f1e6-4e1a-a0bc-6110a7f7e0fa.
2026-05-18 01:48:04.822 10 INFO neutron.notifiers.nova [-] Nova event matching ['req-b06bcb26-d472-452e-bb40-91674c58bccf'] response: {'server_uuid': 'b524c24a-f7da-4d5b-8bd3-14758c332d4b', 'name': 'network-vif-unplugged', 'status': 'completed', 'tag': 'e6b4d68a-f1e6-4e1a-a0bc-6110a7f7e0fa', 'code': 200}
2026-05-18 01:48:04.822 10 INFO neutron.notifiers.nova [-] Nova event matching ['req-b06bcb26-d472-452e-bb40-91674c58bccf'] response: {'server_uuid': 'b524c24a-f7da-4d5b-8bd3-14758c332d4b', 'name': 'network-vif-unplugged', 'status': 'completed', 'tag': 'e6b4d68a-f1e6-4e1a-a0bc-6110a7f7e0fa', 'code': 200}
2026-05-18 01:48:04.883 9 INFO neutron.wsgi [None req-ce7505e1-85b1-4fd9-a734-f7ef44526382 94bc3f0650194a7aa50b84a3e3a62c70 535ba092ed774de19d4ad28accdc03ef - - default default] 10.0.0.96 "DELETE /v2.0/subnets/90d5ace4-20ea-4415-b63c-5243156b5aa0 HTTP/1.1" status: 204 len: 168 time: 0.2612412 /var/lib/openstack/lib/python3.10/site-packages/pycadf/identifier.py:71: UserWarning: Invalid uuid: neutron. To ensure interoperability, identifiers should be a valid uuid. warnings.warn(('Invalid uuid: %s. To ensure interoperability, '
2026-05-18 01:48:05.109 10 INFO neutron.db.ovn_revision_numbers_db [None req-2cae6c4e-80fe-41df-ba21-c811cc62acbc fb83b68f56124e9a8be9f38548a4091a 1d5973156f8c496399dbe0683c65d8e2 - - default default] Successfully bumped revision number for resource 42970929-84d1-4b6f-89ea-fd5c51c818a2 (type: floatingips) to 1
2026-05-18 01:48:05.228 10 INFO neutron.wsgi [req-ebf077b8-5236-43d8-98a7-01ebe82e17f9 req-c97a9b3d-1bc2-4bb2-81be-c1a8501a8dc9 928a24129ce14891ae22789e1786d947 476ae84e7d444c73b4f505aabcb4914f - - default default] 199.204.45.4 "DELETE /v2.0/ports/e6b4d68a-f1e6-4e1a-a0bc-6110a7f7e0fa HTTP/1.1" status: 204 len: 173 time: 1.6228199
2026-05-18 01:48:05.298 10 INFO neutron.db.ovn_revision_numbers_db [None req-2cae6c4e-80fe-41df-ba21-c811cc62acbc fb83b68f56124e9a8be9f38548a4091a 1d5973156f8c496399dbe0683c65d8e2 - - default default] Successfully bumped revision number for resource 42970929-84d1-4b6f-89ea-fd5c51c818a2 (type: floatingips) to 2
2026-05-18 01:48:05.299 10 INFO neutron.db.l3_db [None req-2cae6c4e-80fe-41df-ba21-c811cc62acbc fb83b68f56124e9a8be9f38548a4091a 1d5973156f8c496399dbe0683c65d8e2 - - default default] Floating IP 42970929-84d1-4b6f-89ea-fd5c51c818a2 associated. External IP: 10.96.250.202, port: 2808321c-f8a0-4234-a823-d7c58171ea0d.
2026-05-18 01:48:05.336 10 INFO neutron.wsgi [None req-2cae6c4e-80fe-41df-ba21-c811cc62acbc fb83b68f56124e9a8be9f38548a4091a 1d5973156f8c496399dbe0683c65d8e2 - - default default] 10.0.0.96 "PUT /v2.0/floatingips/42970929-84d1-4b6f-89ea-fd5c51c818a2 HTTP/1.1" status: 200 len: 1050 time: 2.0005450
2026-05-18 01:48:05.439 10 INFO neutron.services.segments.plugin [-] Segment edf76cb3-1dcc-484b-a2a9-244d3d4ab2c6 resource provider aggregate not found
2026-05-18 01:48:05.444 10 INFO neutron.services.segments.plugin [-] Segment edf76cb3-1dcc-484b-a2a9-244d3d4ab2c6 resource provider aggregate not found
2026-05-18 01:48:05.453 10 INFO neutron.services.segments.plugin [-] Segment edf76cb3-1dcc-484b-a2a9-244d3d4ab2c6 resource provider not found; error: Placement Client Error (4xx): {"errors": [{"status": 404, "title": "Not Found", "detail": "The resource could not be found.\n\n No resource provider with uuid edf76cb3-1dcc-484b-a2a9-244d3d4ab2c6 found for delete ", "request_id": "req-841574db-12e6-40f9-9f64-e82975cc8955"}]}
2026-05-18 01:48:05.459 10 INFO neutron.services.segments.plugin [-] Segment edf76cb3-1dcc-484b-a2a9-244d3d4ab2c6 resource provider not found; error: Placement Client Error (4xx): {"errors": [{"status": 404, "title": "Not Found", "detail": "The resource could not be found.\n\n No resource provider with uuid edf76cb3-1dcc-484b-a2a9-244d3d4ab2c6 found for delete ", "request_id": "req-aa723f76-99ca-49ed-b4fc-3e27d925a3cd"}]}
2026-05-18 01:48:05.471 9 INFO neutron.wsgi [req-e2968071-b3bd-485f-a519-fc43542ad2fa req-2b958150-95c1-4f56-8caa-b6c172cb2341 fb83b68f56124e9a8be9f38548a4091a 1d5973156f8c496399dbe0683c65d8e2 - - default default] 10.0.0.52 "GET /v2.0/ports?device_id=f0d53afa-38ad-441d-9125-2f6d29684b74 HTTP/1.1" status: 200 len: 1174 time: 0.0800416
2026-05-18 01:48:05.482 10 INFO neutron.wsgi [None req-d2a011df-1b2d-4dce-98b7-2b348885a3e7 94bc3f0650194a7aa50b84a3e3a62c70 535ba092ed774de19d4ad28accdc03ef - - default default] 10.0.0.96 "DELETE /v2.0/networks/737f5f73-5f01-465c-94af-f30a26e7b666 HTTP/1.1" status: 204 len: 168 time: 0.9021149
2026-05-18 01:48:05.485 9 INFO neutron.services.segments.plugin [-] Segment 5ee94685-0438-4fbe-9458-11423ee0cf7d resource provider aggregate not found
2026-05-18 01:48:05.490 9 INFO neutron.services.segments.plugin [-] Segment 5ee94685-0438-4fbe-9458-11423ee0cf7d resource provider aggregate not found
2026-05-18 01:48:05.505 9 INFO neutron.services.segments.plugin [-] Segment 5ee94685-0438-4fbe-9458-11423ee0cf7d resource provider not found; error: Placement Client Error (4xx): {"errors": [{"status": 404, "title": "Not Found", "detail": "The resource could not be found.\n\n No resource provider with uuid 5ee94685-0438-4fbe-9458-11423ee0cf7d found for delete ", "request_id": "req-cb8f2cab-e720-4baf-ad37-914853058b2b"}]}
2026-05-18 01:48:05.515 9 INFO neutron.services.segments.plugin [-] Segment 5ee94685-0438-4fbe-9458-11423ee0cf7d resource provider not found; error: Placement Client Error (4xx): {"errors": [{"status": 404, "title": "Not Found", "detail": "The resource could not be found.\n\n No resource provider with uuid 5ee94685-0438-4fbe-9458-11423ee0cf7d found for delete ", "request_id": "req-f098c219-87ee-4baf-a7b9-709b97ffaf18"}]}
2026-05-18 01:48:05.545 9 INFO neutron.wsgi [None req-9f715b82-8338-498c-8ee8-5f9072c703bb 94bc3f0650194a7aa50b84a3e3a62c70 535ba092ed774de19d4ad28accdc03ef - - default default] 10.0.0.96 "DELETE /v2.0/networks/da12a6b5-e27f-4b65-8829-5a0e5518844c HTTP/1.1" status: 204 len: 168 time: 0.6568627
2026-05-18 01:48:05.555 9 INFO neutron.wsgi [req-e2968071-b3bd-485f-a519-fc43542ad2fa req-44c5ad2a-22c1-4f1d-b47c-a3e5698dccaf fb83b68f56124e9a8be9f38548a4091a 1d5973156f8c496399dbe0683c65d8e2 - - default default] 10.0.0.52 "GET /v2.0/security-groups?id=351fb521-7746-450e-8ff0-822e47162962&fields=id&fields=name HTTP/1.1" status: 200 len: 311 time: 0.0716262
2026-05-18 01:48:05.710 9 INFO neutron.wsgi [None req-3b597f04-e61f-4b0e-9fdc-0b2d6eebba14 94bc3f0650194a7aa50b84a3e3a62c70 535ba092ed774de19d4ad28accdc03ef - - default default] 10.0.0.96 "GET /v2.0/security-groups?tenant_id=04906ff008044fc682437602dfaf6682&name=default HTTP/1.1" status: 200 len: 3116 time: 0.0502191
2026-05-18 01:48:05.746 9 INFO neutron.wsgi [None req-5346663d-59f7-44c6-99b6-5d2cf9f4bae5 94bc3f0650194a7aa50b84a3e3a62c70 535ba092ed774de19d4ad28accdc03ef - - default default] 10.0.0.96 "GET /v2.0/security-groups?tenant_id=d5a6554412b64a87ada95d9bbab405fd&name=default HTTP/1.1" status: 200 len: 3116 time: 0.0708323 /var/lib/openstack/lib/python3.10/site-packages/pycadf/identifier.py:71: UserWarning: Invalid uuid: neutron. To ensure interoperability, identifiers should be a valid uuid. warnings.warn(('Invalid uuid: %s. To ensure interoperability, '
2026-05-18 01:48:05.929 10 INFO neutron.wsgi [None req-c3b543db-65ea-487d-90c1-db07e73f74bc 928a24129ce14891ae22789e1786d947 476ae84e7d444c73b4f505aabcb4914f - - default default] 10.0.0.96 "DELETE /v2.0/security-groups/41f62d1d-fcce-43a0-8800-dd7dc61223c6 HTTP/1.1" status: 204 len: 168 time: 0.1387775
2026-05-18 01:48:05.946 10 INFO neutron.api.v2.resource [None req-d783d043-9725-4206-b4d1-7dd28f641b7a 928a24129ce14891ae22789e1786d947 476ae84e7d444c73b4f505aabcb4914f - - default default] show failed (client error): The resource could not be found.
2026-05-18 01:48:05.948 10 INFO neutron.wsgi [None req-d783d043-9725-4206-b4d1-7dd28f641b7a 928a24129ce14891ae22789e1786d947 476ae84e7d444c73b4f505aabcb4914f - - default default] 10.0.0.96 "GET /v2.0/security-groups/41f62d1d-fcce-43a0-8800-dd7dc61223c6 HTTP/1.1" status: 404 len: 347 time: 0.0121915
2026-05-18 01:48:06.064 9 INFO neutron.wsgi [None req-e576f17d-d6f3-4f4a-9c3b-4059fb292587 94bc3f0650194a7aa50b84a3e3a62c70 535ba092ed774de19d4ad28accdc03ef - - default default] 10.0.0.96 "DELETE /v2.0/security-groups/98b4d147-02d9-48ee-86f6-4ef0e6745c07 HTTP/1.1" status: 204 len: 168 time: 0.3103216
2026-05-18 01:48:06.068 9 INFO neutron.wsgi [None req-67f6d0da-fd5d-4be2-9876-f395c561453d 94bc3f0650194a7aa50b84a3e3a62c70 535ba092ed774de19d4ad28accdc03ef - - default default] 10.0.0.96 "DELETE /v2.0/security-groups/4c34ac0f-f106-4c8e-afbb-4cf44126d7e8 HTTP/1.1" status: 204 len: 168 time: 0.3478756
2026-05-18 01:48:06.338 10 INFO neutron.wsgi [None req-f1ab4de4-40fe-4e92-8730-1fc4f60bd59b 928a24129ce14891ae22789e1786d947 476ae84e7d444c73b4f505aabcb4914f - - default default] 10.0.0.96 "DELETE /v2.0/floatingips/fb8a9641-3687-438b-a279-da64656d4ac9 HTTP/1.1" status: 204 len: 168 time: 0.3850708
2026-05-18 01:48:06.870 10 INFO neutron.notifiers.nova [-] Nova event matching ['req-4297a62d-a5ed-456d-81d4-66312b7b8e5f'] response: {'server_uuid': 'b524c24a-f7da-4d5b-8bd3-14758c332d4b', 'name': 'network-vif-deleted', 'tag': 'e6b4d68a-f1e6-4e1a-a0bc-6110a7f7e0fa', 'status': 'completed', 'code': 200}
2026-05-18 01:48:06.871 10 INFO neutron.notifiers.nova [-] Nova event matching ['req-4297a62d-a5ed-456d-81d4-66312b7b8e5f'] response: {'name': 'network-changed', 'server_uuid': 'f0d53afa-38ad-441d-9125-2f6d29684b74', 'tag': '2808321c-f8a0-4234-a823-d7c58171ea0d', 'status': 'completed', 'code': 200}
2026-05-18 01:48:06.930 10 INFO neutron.wsgi [req-00ab457d-6cbf-4e9b-8c61-4f36455c7a93 req-9c40b39c-bd89-41e7-9c45-ee7efc909a01 485d5b8698c94e86961d8f024b871a34 ff036abed31c41d88d5d15aec1e592fb - - 6e105525d8e2416d94bd1f860e211482 6e105525d8e2416d94bd1f860e211482] 199.204.45.4 "GET /v2.0/ports?tenant_id=1d5973156f8c496399dbe0683c65d8e2&device_id=f0d53afa-38ad-441d-9125-2f6d29684b74 HTTP/1.1" status: 200 len: 1413 time: 0.0388618
2026-05-18 01:48:07.010 10 INFO neutron.wsgi [req-00ab457d-6cbf-4e9b-8c61-4f36455c7a93 req-7aeb69af-60e1-427d-b48d-5d6261a1daa4 485d5b8698c94e86961d8f024b871a34 ff036abed31c41d88d5d15aec1e592fb - - 6e105525d8e2416d94bd1f860e211482 6e105525d8e2416d94bd1f860e211482] 199.204.45.4 "GET /v2.0/networks?id=8285ed05-9404-4c5a-8a5c-904b25bdb313 HTTP/1.1" status: 200 len: 982 time: 0.0692360
2026-05-18 01:48:07.076 10 INFO neutron.wsgi [req-00ab457d-6cbf-4e9b-8c61-4f36455c7a93 req-01cb31cd-a6b3-4f98-83ea-f5d6866a61b2 485d5b8698c94e86961d8f024b871a34 ff036abed31c41d88d5d15aec1e592fb - - 6e105525d8e2416d94bd1f860e211482 6e105525d8e2416d94bd1f860e211482] 199.204.45.4 "GET /v2.0/floatingips?fixed_ip_address=10.100.0.12&port_id=2808321c-f8a0-4234-a823-d7c58171ea0d HTTP/1.1" status: 200 len: 1060 time: 0.0603433
2026-05-18 01:48:07.122 10 INFO neutron.wsgi [req-00ab457d-6cbf-4e9b-8c61-4f36455c7a93 req-bb4915b0-d02f-493e-8a74-a3f3342131d4 485d5b8698c94e86961d8f024b871a34 ff036abed31c41d88d5d15aec1e592fb - - 6e105525d8e2416d94bd1f860e211482 6e105525d8e2416d94bd1f860e211482] 199.204.45.4 "GET /v2.0/subnets?id=a99be137-4d77-4ac8-b69c-937e9eef82bf HTTP/1.1" status: 200 len: 877 time: 0.0409772
2026-05-18 01:48:07.161 10 INFO neutron.wsgi [req-00ab457d-6cbf-4e9b-8c61-4f36455c7a93 req-36852075-a291-4271-b9c9-3a3a61ef8aea 485d5b8698c94e86961d8f024b871a34 ff036abed31c41d88d5d15aec1e592fb - - 6e105525d8e2416d94bd1f860e211482 6e105525d8e2416d94bd1f860e211482] 199.204.45.4 "GET /v2.0/ports?network_id=8285ed05-9404-4c5a-8a5c-904b25bdb313&device_owner=network%3Adhcp HTTP/1.1" status: 200 len: 210 time: 0.0335622
2026-05-18 01:48:07.249 10 INFO neutron.wsgi [req-00ab457d-6cbf-4e9b-8c61-4f36455c7a93 req-5ed4b2ad-4ca2-4158-93be-59b404bfa586 485d5b8698c94e86961d8f024b871a34 ff036abed31c41d88d5d15aec1e592fb - - 6e105525d8e2416d94bd1f860e211482 6e105525d8e2416d94bd1f860e211482] 199.204.45.4 "GET /v2.0/networks/8285ed05-9404-4c5a-8a5c-904b25bdb313?fields=segments HTTP/1.1" status: 200 len: 212 time: 0.0735862
2026-05-18 01:48:07.346 10 INFO neutron.wsgi [req-00ab457d-6cbf-4e9b-8c61-4f36455c7a93 req-c728c7b4-fa8e-4f79-a623-834f16e694ca 485d5b8698c94e86961d8f024b871a34 ff036abed31c41d88d5d15aec1e592fb - - 6e105525d8e2416d94bd1f860e211482 6e105525d8e2416d94bd1f860e211482] 199.204.45.4 "GET /v2.0/networks/8285ed05-9404-4c5a-8a5c-904b25bdb313?fields=provider%3Aphysical_network&fields=provider%3Anetwork_type HTTP/1.1" status: 200 len: 277 time: 0.0821736
2026-05-18 01:48:07.927 10 INFO neutron.wsgi [None req-0fb17c9e-0d4d-48d9-8140-d3615a8cf0b2 94bc3f0650194a7aa50b84a3e3a62c70 535ba092ed774de19d4ad28accdc03ef - - default default] 10.0.0.96 "PUT /v2.0/routers/86478cfa-baae-419c-b470-04d3451733a4/remove_router_interface HTTP/1.1" status: 200 len: 503 time: 1.5836959
2026-05-18 01:48:08.230 9 INFO neutron.db.ovn_revision_numbers_db [None req-956391c9-921e-4ac7-848d-4f057ec989c4 94bc3f0650194a7aa50b84a3e3a62c70 535ba092ed774de19d4ad28accdc03ef - - default default] Successfully bumped revision number for resource cb5b5a8d-5165-4b12-94e9-1e976f7de1ed (type: security_groups) to 1
2026-05-18 01:48:08.250 9 INFO neutron.db.ovn_revision_numbers_db [None req-956391c9-921e-4ac7-848d-4f057ec989c4 94bc3f0650194a7aa50b84a3e3a62c70 535ba092ed774de19d4ad28accdc03ef - - default default] Successfully bumped revision number for resource 1eca1231-1ce9-44cc-bde0-2024d3f6b831 (type: security_group_rules) to 0
2026-05-18 01:48:08.271 9 INFO neutron.db.ovn_revision_numbers_db [None req-956391c9-921e-4ac7-848d-4f057ec989c4 94bc3f0650194a7aa50b84a3e3a62c70 535ba092ed774de19d4ad28accdc03ef - - default default] Successfully bumped revision number for resource ab02b1d5-c205-48ab-94c6-38130dbe6e52 (type: security_group_rules) to 0
2026-05-18 01:48:08.295 9 INFO neutron.db.ovn_revision_numbers_db [None req-956391c9-921e-4ac7-848d-4f057ec989c4 94bc3f0650194a7aa50b84a3e3a62c70 535ba092ed774de19d4ad28accdc03ef - - default default] Successfully bumped revision number for resource c59733e1-a721-4778-be07-167058237825 (type: security_group_rules) to 0
2026-05-18 01:48:08.311 9 INFO neutron.db.ovn_revision_numbers_db [None req-956391c9-921e-4ac7-848d-4f057ec989c4 94bc3f0650194a7aa50b84a3e3a62c70 535ba092ed774de19d4ad28accdc03ef - - default default] Successfully bumped revision number for resource f31d2cd3-9a7b-4076-a6bd-09e1dfbf590d (type: security_group_rules) to 0
2026-05-18 01:48:08.374 9 INFO neutron.db.segments_db [None req-956391c9-921e-4ac7-848d-4f057ec989c4 94bc3f0650194a7aa50b84a3e3a62c70 535ba092ed774de19d4ad28accdc03ef - - default default] Added segment 2ac65fdc-d61e-4a49-abad-8c7a35bb24d1 of type geneve for network eb1ea95c-622e-4e4a-873a-ec444105b444
2026-05-18 01:48:08.556 9 INFO neutron.db.ovn_revision_numbers_db [None req-956391c9-921e-4ac7-848d-4f057ec989c4 94bc3f0650194a7aa50b84a3e3a62c70 535ba092ed774de19d4ad28accdc03ef - - default default] Successfully bumped revision number for resource eb1ea95c-622e-4e4a-873a-ec444105b444 (type: networks) to 1
2026-05-18 01:48:08.792 9 WARNING neutron.scheduler.dhcp_agent_scheduler [None req-956391c9-921e-4ac7-848d-4f057ec989c4 94bc3f0650194a7aa50b84a3e3a62c70 535ba092ed774de19d4ad28accdc03ef - - default default] No more DHCP agents
2026-05-18 01:48:08.804 9 WARNING neutron.api.rpc.agentnotifiers.dhcp_rpc_agent_api [None req-956391c9-921e-4ac7-848d-4f057ec989c4 94bc3f0650194a7aa50b84a3e3a62c70 535ba092ed774de19d4ad28accdc03ef - - default default] Unable to schedule network eb1ea95c-622e-4e4a-873a-ec444105b444: no agents available; will retry on subsequent port and subnet creation events.
2026-05-18 01:48:08.971 9 INFO neutron.db.ovn_revision_numbers_db [None req-956391c9-921e-4ac7-848d-4f057ec989c4 94bc3f0650194a7aa50b84a3e3a62c70 535ba092ed774de19d4ad28accdc03ef - - default default] Successfully bumped revision number for resource 8a10bebe-e4d2-429f-8065-008fbb65ec0b (type: ports) to 1
2026-05-18 01:48:08.984 9 INFO neutron.wsgi [None req-ebbe1925-6c2f-4126-bb50-adf292df5bf5 94bc3f0650194a7aa50b84a3e3a62c70 535ba092ed774de19d4ad28accdc03ef - - default default] 10.0.0.96 "DELETE /v2.0/routers/86478cfa-baae-419c-b470-04d3451733a4 HTTP/1.1" status: 204 len: 168 time: 1.0394917 /var/lib/openstack/lib/python3.10/site-packages/pycadf/identifier.py:71: UserWarning: Invalid uuid: neutron. To ensure interoperability, identifiers should be a valid uuid. warnings.warn(('Invalid uuid: %s. To ensure interoperability, '
2026-05-18 01:48:08.998 9 INFO neutron.wsgi [None req-956391c9-921e-4ac7-848d-4f057ec989c4 94bc3f0650194a7aa50b84a3e3a62c70 535ba092ed774de19d4ad28accdc03ef - - default default] 10.0.0.96 "POST /v2.0/networks HTTP/1.1" status: 201 len: 945 time: 1.2254920
2026-05-18 01:48:09.155 9 WARNING neutron.scheduler.dhcp_agent_scheduler [None req-4ea54d0d-6d99-4243-8e94-7219450370cb 94bc3f0650194a7aa50b84a3e3a62c70 535ba092ed774de19d4ad28accdc03ef - - default default] No more DHCP agents
2026-05-18 01:48:09.158 9 WARNING neutron.api.rpc.agentnotifiers.dhcp_rpc_agent_api [None req-4ea54d0d-6d99-4243-8e94-7219450370cb 94bc3f0650194a7aa50b84a3e3a62c70 535ba092ed774de19d4ad28accdc03ef - - default default] Unable to schedule network eb1ea95c-622e-4e4a-873a-ec444105b444: no agents available; will retry on subsequent port and subnet creation events.
2026-05-18 01:48:09.199 10 INFO neutron.wsgi [None req-5a424296-7268-45ce-9d36-fbb209f2452f 94bc3f0650194a7aa50b84a3e3a62c70 535ba092ed774de19d4ad28accdc03ef - - default default] 10.0.0.96 "DELETE /v2.0/subnets/a691148c-8c89-418c-882d-5fd02f05aa80 HTTP/1.1" status: 204 len: 168 time: 0.2107480
2026-05-18 01:48:09.908 9 INFO neutron.services.segments.plugin [-] Segment 14922bdd-811c-422c-990e-6c022ca6991f resource provider aggregate not found
2026-05-18 01:48:09.912 9 INFO neutron.services.segments.plugin [-] Segment 14922bdd-811c-422c-990e-6c022ca6991f resource provider aggregate not found
2026-05-18 01:48:09.928 9 INFO neutron.services.segments.plugin [-] Segment 14922bdd-811c-422c-990e-6c022ca6991f resource provider not found; error: Placement Client Error (4xx): {"errors": [{"status": 404, "title": "Not Found", "detail": "The resource could not be found.\n\n No resource provider with uuid 14922bdd-811c-422c-990e-6c022ca6991f found for delete ", "request_id": "req-54fa32ec-a434-4e90-bf01-3d91bd9aa6e4"}]}
2026-05-18 01:48:09.931 9 INFO neutron.services.segments.plugin [-] Segment 14922bdd-811c-422c-990e-6c022ca6991f resource provider not found; error: Placement Client Error (4xx): {"errors": [{"status": 404, "title": "Not Found", "detail": "The resource could not be found.\n\n No resource provider with uuid 14922bdd-811c-422c-990e-6c022ca6991f found for delete ", "request_id": "req-044662d7-4c8a-4497-997a-bfea27e4b9bd"}]}
2026-05-18 01:48:09.947 9 INFO neutron.wsgi [None req-ac56b317-7510-4c3c-9d73-531b0268aeed 94bc3f0650194a7aa50b84a3e3a62c70 535ba092ed774de19d4ad28accdc03ef - - default default] 10.0.0.96 "DELETE /v2.0/networks/89fb923d-19b0-4f76-90c3-e87b38bc10d5 HTTP/1.1" status: 204 len: 168 time: 0.7428331
2026-05-18 01:48:10.049 9 INFO neutron.db.ovn_revision_numbers_db [None req-4ea54d0d-6d99-4243-8e94-7219450370cb 94bc3f0650194a7aa50b84a3e3a62c70 535ba092ed774de19d4ad28accdc03ef - - default default] Successfully bumped revision number for resource 8a10bebe-e4d2-429f-8065-008fbb65ec0b (type: ports) to 2
2026-05-18 01:48:10.091 9 INFO neutron.db.ovn_revision_numbers_db [None req-4ea54d0d-6d99-4243-8e94-7219450370cb 94bc3f0650194a7aa50b84a3e3a62c70 535ba092ed774de19d4ad28accdc03ef - - default default] Successfully bumped revision number for resource 9a054466-4c8d-43ea-a98d-fc58acb93b84 (type: subnets) to 0
2026-05-18 01:48:10.109 9 INFO neutron.wsgi [None req-4ea54d0d-6d99-4243-8e94-7219450370cb 94bc3f0650194a7aa50b84a3e3a62c70 535ba092ed774de19d4ad28accdc03ef - - default default] 10.0.0.96 "POST /v2.0/subnets HTTP/1.1" status: 201 len: 866 time: 1.1061919
2026-05-18 01:48:10.260 9 INFO neutron.wsgi [None req-41d97991-6bc5-4811-ab78-d1a1df60b809 94bc3f0650194a7aa50b84a3e3a62c70 535ba092ed774de19d4ad28accdc03ef - - default default] 10.0.0.96 "GET /v2.0/security-groups?tenant_id=476ae84e7d444c73b4f505aabcb4914f&name=default HTTP/1.1" status: 200 len: 3120 time: 0.0716438
2026-05-18 01:48:10.497 10 INFO neutron.wsgi [None req-b3efc003-40b2-480e-a40b-75dd582c3e54 94bc3f0650194a7aa50b84a3e3a62c70 535ba092ed774de19d4ad28accdc03ef - - default default] 10.0.0.96 "DELETE /v2.0/security-groups/5b458a4d-bbec-4154-bf4b-7a144b501d1f HTTP/1.1" status: 204 len: 168 time: 0.2323403
2026-05-18 01:48:10.586 9 WARNING neutron.scheduler.dhcp_agent_scheduler [None req-8a00206f-34b4-446b-b785-bd8be7cb4063 94bc3f0650194a7aa50b84a3e3a62c70 535ba092ed774de19d4ad28accdc03ef - - default default] No more DHCP agents
2026-05-18 01:48:10.588 9 WARNING neutron.api.rpc.agentnotifiers.dhcp_rpc_agent_api [None req-8a00206f-34b4-446b-b785-bd8be7cb4063 94bc3f0650194a7aa50b84a3e3a62c70 535ba092ed774de19d4ad28accdc03ef - - default default] Unable to schedule network 5afd9e4d-2e2b-44a5-bd83-1bc4b43c35ba: no agents available; will retry on subsequent port and subnet creation events.
2026-05-18 01:48:10.647 10 INFO neutron.db.ovn_revision_numbers_db [None req-6fbb2741-e45d-490c-96ab-d62939424453 94bc3f0650194a7aa50b84a3e3a62c70 535ba092ed774de19d4ad28accdc03ef - - default default] Successfully bumped revision number for resource 693ed507-1009-4177-a301-bdac816f2e26 (type: security_groups) to 1
2026-05-18 01:48:10.662 10 INFO neutron.db.ovn_revision_numbers_db [None req-6fbb2741-e45d-490c-96ab-d62939424453 94bc3f0650194a7aa50b84a3e3a62c70 535ba092ed774de19d4ad28accdc03ef - - default default] Successfully bumped revision number for resource 1cd0ed48-b80e-4124-84b8-116e54a56887 (type: security_group_rules) to 0
2026-05-18 01:48:10.676 10 INFO neutron.db.ovn_revision_numbers_db [None req-6fbb2741-e45d-490c-96ab-d62939424453 94bc3f0650194a7aa50b84a3e3a62c70 535ba092ed774de19d4ad28accdc03ef - - default default] Successfully bumped revision number for resource 87daa199-7798-48bd-838d-10d962c3b0ca (type: security_group_rules) to 0
2026-05-18 01:48:10.691 10 INFO neutron.db.ovn_revision_numbers_db [None req-6fbb2741-e45d-490c-96ab-d62939424453 94bc3f0650194a7aa50b84a3e3a62c70 535ba092ed774de19d4ad28accdc03ef - - default default] Successfully bumped revision number for resource be2bad2c-1c3b-47e8-8b3b-b65b79fac2a0 (type: security_group_rules) to 0
2026-05-18 01:48:10.703 10 INFO neutron.db.ovn_revision_numbers_db [None req-6fbb2741-e45d-490c-96ab-d62939424453 94bc3f0650194a7aa50b84a3e3a62c70 535ba092ed774de19d4ad28accdc03ef - - default default] Successfully bumped revision number for resource ddf36e38-b1a9-47aa-8280-5b5c8ad0bfd2 (type: security_group_rules) to 0
