2026-05-18 01:50:20.567 10 INFO neutron.wsgi [None req-1e7296b9-2110-4fda-a85b-081d7d039aef 91a5df1cc6d84289b845e5eda9a40714 b165cc527a724f64b48ef09f2e284b8c - - default default] 10.0.0.96 "POST /v2.0/security-group-rules HTTP/1.1" status: 201 len: 806 time: 0.3064697
2026-05-18 01:50:20.582 9 WARNING neutron_lib.context [None req-606e1201-1e74-4bcb-b0f1-322f936c6e7e 91a5df1cc6d84289b845e5eda9a40714 b165cc527a724f64b48ef09f2e284b8c - - default default] Method 'is_advsvc' is deprecated since 2023.2 release (neutron-lib 3.8.0) and will be removed once support for the old RBAC API policies will be removed from Neutron. Please use method 'is_service_role' instead.
2026-05-18 01:50:20.624 9 INFO neutron.db.securitygroups_db [None req-606e1201-1e74-4bcb-b0f1-322f936c6e7e 91a5df1cc6d84289b845e5eda9a40714 b165cc527a724f64b48ef09f2e284b8c - - default default] Project b165cc527a724f64b48ef09f2e284b8c added a security group rule with legacy IPv6 ICMP protocol name icmp, ipv6-icmp should be used instead. It was automatically converted.
2026-05-18 01:50:20.707 10 INFO neutron.wsgi [None req-bb11343d-cea7-4db2-9e76-6151e89c74b6 94bc3f0650194a7aa50b84a3e3a62c70 535ba092ed774de19d4ad28accdc03ef - - default default] 10.0.0.96 "DELETE /v2.0/security-groups/8b96f669-cf08-4264-b4aa-2af4be27ede3 HTTP/1.1" status: 204 len: 168 time: 0.3820577
2026-05-18 01:50:20.781 9 INFO neutron.db.ovn_revision_numbers_db [None req-606e1201-1e74-4bcb-b0f1-322f936c6e7e 91a5df1cc6d84289b845e5eda9a40714 b165cc527a724f64b48ef09f2e284b8c - - default default] Successfully bumped revision number for resource e55fc3e2-ad72-47fc-8939-0c46ea87ddb6 (type: security_group_rules) to 0
2026-05-18 01:50:20.818 9 INFO neutron.wsgi [None req-606e1201-1e74-4bcb-b0f1-322f936c6e7e 91a5df1cc6d84289b845e5eda9a40714 b165cc527a724f64b48ef09f2e284b8c - - default default] 10.0.0.96 "POST /v2.0/security-group-rules HTTP/1.1" status: 201 len: 805 time: 0.2446735
2026-05-18 01:50:20.839 10 INFO neutron.wsgi [req-c4e67167-7f4f-422a-8a66-fe53f8d52ba9 req-14b71e2e-3bee-4f45-8d33-8851d6cfde44 485d5b8698c94e86961d8f024b871a34 ff036abed31c41d88d5d15aec1e592fb - - 6e105525d8e2416d94bd1f860e211482 6e105525d8e2416d94bd1f860e211482] 199.204.45.4 "GET /v2.0/ports?device_id=705e9cb2-c9a5-428d-98b6-cdf405da8f4f&fields=binding%3Ahost_id&fields=binding%3Avif_type HTTP/1.1" status: 200 len: 265 time: 0.1179667
2026-05-18 01:50:20.899 9 INFO neutron.db.ovn_revision_numbers_db [None req-bbbed99b-ee84-4e35-a7d7-6f3aebbcf710 c52d398c8b6744e48dcbfe5bb728e891 360b21719be242d4a274b4ac56a1bab7 - - default default] Successfully bumped revision number for resource 21f03913-2791-4916-a271-8b544e59a662 (type: ports) to 2
2026-05-18 01:50:20.951 9 INFO neutron.db.ovn_revision_numbers_db [None req-bbbed99b-ee84-4e35-a7d7-6f3aebbcf710 c52d398c8b6744e48dcbfe5bb728e891 360b21719be242d4a274b4ac56a1bab7 - - default default] Successfully bumped revision number for resource 2192a7e8-33c0-4e43-b403-c5f009aa0340 (type: subnets) to 0
2026-05-18 01:50:20.986 9 INFO neutron.wsgi [None req-bbbed99b-ee84-4e35-a7d7-6f3aebbcf710 c52d398c8b6744e48dcbfe5bb728e891 360b21719be242d4a274b4ac56a1bab7 - - default default] 10.0.0.96 "POST /v2.0/subnets HTTP/1.1" status: 201 len: 801 time: 1.3417528
2026-05-18 01:50:20.986 9 INFO neutron.db.ovn_revision_numbers_db [None req-1483da14-617c-47da-873c-d79b7eadbbe7 94bc3f0650194a7aa50b84a3e3a62c70 535ba092ed774de19d4ad28accdc03ef - - default default] Successfully bumped revision number for resource 1d3e643e-a8d3-4266-8452-c117352041d6 (type: security_groups) to 1
2026-05-18 01:50:21.007 9 WARNING neutron_lib.context [None req-bb6eb4b8-eaa4-45cb-8c91-e1a563b4f164 c52d398c8b6744e48dcbfe5bb728e891 360b21719be242d4a274b4ac56a1bab7 - - default default] Method 'is_advsvc' is deprecated since 2023.2 release (neutron-lib 3.8.0) and will be removed once support for the old RBAC API policies will be removed from Neutron. Please use method 'is_service_role' instead.
2026-05-18 01:50:21.036 9 INFO neutron.db.ovn_revision_numbers_db [None req-1483da14-617c-47da-873c-d79b7eadbbe7 94bc3f0650194a7aa50b84a3e3a62c70 535ba092ed774de19d4ad28accdc03ef - - default default] Successfully bumped revision number for resource 592741f2-8084-418f-9b6b-1e42c09cbaee (type: security_group_rules) to 0
2026-05-18 01:50:21.057 9 INFO neutron.db.ovn_revision_numbers_db [None req-1483da14-617c-47da-873c-d79b7eadbbe7 94bc3f0650194a7aa50b84a3e3a62c70 535ba092ed774de19d4ad28accdc03ef - - default default] Successfully bumped revision number for resource a85a23ec-bbc8-4c01-8163-914929a03355 (type: security_group_rules) to 0
2026-05-18 01:50:21.071 9 INFO neutron.db.ovn_revision_numbers_db [None req-1483da14-617c-47da-873c-d79b7eadbbe7 94bc3f0650194a7aa50b84a3e3a62c70 535ba092ed774de19d4ad28accdc03ef - - default default] Successfully bumped revision number for resource da46e00c-1854-4bdf-8fb8-125e320e6d79 (type: security_group_rules) to 0
2026-05-18 01:50:21.091 9 INFO neutron.db.ovn_revision_numbers_db [None req-1483da14-617c-47da-873c-d79b7eadbbe7 94bc3f0650194a7aa50b84a3e3a62c70 535ba092ed774de19d4ad28accdc03ef - - default default] Successfully bumped revision number for resource f88c40cb-97dd-4917-93bc-7cc03fe54926 (type: security_group_rules) to 0
2026-05-18 01:50:21.112 10 INFO neutron.wsgi [req-c4e67167-7f4f-422a-8a66-fe53f8d52ba9 req-78b0e985-13e1-4a69-8b4e-04d2e6aa88ba 485d5b8698c94e86961d8f024b871a34 ff036abed31c41d88d5d15aec1e592fb - - 6e105525d8e2416d94bd1f860e211482 6e105525d8e2416d94bd1f860e211482] 199.204.45.4 "GET /v2.0/ports?tenant_id=b165cc527a724f64b48ef09f2e284b8c&device_id=705e9cb2-c9a5-428d-98b6-cdf405da8f4f HTTP/1.1" status: 200 len: 1413 time: 0.0484316
2026-05-18 01:50:21.117 9 INFO neutron.wsgi [None req-1483da14-617c-47da-873c-d79b7eadbbe7 94bc3f0650194a7aa50b84a3e3a62c70 535ba092ed774de19d4ad28accdc03ef - - default default] 10.0.0.96 "GET /v2.0/security-groups?tenant_id=30a4e3e5ba1a4ee2a116ab212c54371a&name=default HTTP/1.1" status: 200 len: 3120 time: 0.2707570
2026-05-18 01:50:21.237 10 INFO neutron.wsgi [req-c4e67167-7f4f-422a-8a66-fe53f8d52ba9 req-b70cecef-eb2f-48f9-b568-bdc9368feecc 485d5b8698c94e86961d8f024b871a34 ff036abed31c41d88d5d15aec1e592fb - - 6e105525d8e2416d94bd1f860e211482 6e105525d8e2416d94bd1f860e211482] 199.204.45.4 "GET /v2.0/networks?id=5401c2b6-3443-40f6-8a20-c9497c4d1c82 HTTP/1.1" status: 200 len: 955 time: 0.1020730
2026-05-18 01:50:21.285 10 INFO neutron.wsgi [req-c4e67167-7f4f-422a-8a66-fe53f8d52ba9 req-1d6a1fe7-6ce2-4073-895c-428dcef8676e 485d5b8698c94e86961d8f024b871a34 ff036abed31c41d88d5d15aec1e592fb - - 6e105525d8e2416d94bd1f860e211482 6e105525d8e2416d94bd1f860e211482] 199.204.45.4 "GET /v2.0/floatingips?fixed_ip_address=10.100.0.13&port_id=8729011a-9805-4551-b917-d83edaa3546a HTTP/1.1" status: 200 len: 217 time: 0.0394645
2026-05-18 01:50:21.310 9 WARNING neutron.scheduler.dhcp_agent_scheduler [None req-bb6eb4b8-eaa4-45cb-8c91-e1a563b4f164 c52d398c8b6744e48dcbfe5bb728e891 360b21719be242d4a274b4ac56a1bab7 - - default default] No more DHCP agents
2026-05-18 01:50:21.311 9 WARNING neutron.api.rpc.agentnotifiers.dhcp_rpc_agent_api [None req-bb6eb4b8-eaa4-45cb-8c91-e1a563b4f164 c52d398c8b6744e48dcbfe5bb728e891 360b21719be242d4a274b4ac56a1bab7 - - default default] Unable to schedule network 9b7257ac-40e9-4e7e-a39e-c2da38a0d17d: no agents available; will retry on subsequent port and subnet creation events.
2026-05-18 01:50:21.341 10 INFO neutron.wsgi [req-c4e67167-7f4f-422a-8a66-fe53f8d52ba9 req-e9743770-002d-4818-8130-acada1ff6e5d 485d5b8698c94e86961d8f024b871a34 ff036abed31c41d88d5d15aec1e592fb - - 6e105525d8e2416d94bd1f860e211482 6e105525d8e2416d94bd1f860e211482] 199.204.45.4 "GET /v2.0/subnets?id=511e05b7-de8b-4631-a62e-93fad7fab6f0 HTTP/1.1" status: 200 len: 852 time: 0.0510542
2026-05-18 01:50:21.389 10 INFO neutron.wsgi [req-c4e67167-7f4f-422a-8a66-fe53f8d52ba9 req-6aa4ea54-880b-44be-b220-63cae37820fb 485d5b8698c94e86961d8f024b871a34 ff036abed31c41d88d5d15aec1e592fb - - 6e105525d8e2416d94bd1f860e211482 6e105525d8e2416d94bd1f860e211482] 199.204.45.4 "GET /v2.0/ports?network_id=5401c2b6-3443-40f6-8a20-c9497c4d1c82&device_owner=network%3Adhcp HTTP/1.1" status: 200 len: 210 time: 0.0428143
2026-05-18 01:50:21.478 9 INFO neutron.wsgi [None req-c1e6825f-d592-4085-a92f-df2e6a27512d 91a5df1cc6d84289b845e5eda9a40714 b165cc527a724f64b48ef09f2e284b8c - - default default] 10.0.0.96 "GET /v2.0/networks HTTP/1.1" status: 200 len: 1492 time: 0.2582448
2026-05-18 01:50:21.485 10 INFO neutron.wsgi [req-c4e67167-7f4f-422a-8a66-fe53f8d52ba9 req-f54a81cc-2584-478a-b8df-22ad17c0e5ff 485d5b8698c94e86961d8f024b871a34 ff036abed31c41d88d5d15aec1e592fb - - 6e105525d8e2416d94bd1f860e211482 6e105525d8e2416d94bd1f860e211482] 199.204.45.4 "GET /v2.0/networks/5401c2b6-3443-40f6-8a20-c9497c4d1c82?fields=segments HTTP/1.1" status: 200 len: 212 time: 0.0886424
2026-05-18 01:50:21.528 10 WARNING neutron.scheduler.dhcp_agent_scheduler [None req-55511142-567f-4234-8f38-49ffbee69e56 1c2e411134f445f78b7490f13c1569e7 334435f8b8fe4ae5a132976ad8e4b4cc - - default default] No more DHCP agents
2026-05-18 01:50:21.530 10 WARNING neutron.api.rpc.agentnotifiers.dhcp_rpc_agent_api [None req-55511142-567f-4234-8f38-49ffbee69e56 1c2e411134f445f78b7490f13c1569e7 334435f8b8fe4ae5a132976ad8e4b4cc - - default default] Unable to schedule network 5afd9e4d-2e2b-44a5-bd83-1bc4b43c35ba: no agents available; will retry on subsequent port and subnet creation events.
2026-05-18 01:50:21.544 9 INFO neutron.db.ovn_revision_numbers_db [None req-bb6eb4b8-eaa4-45cb-8c91-e1a563b4f164 c52d398c8b6744e48dcbfe5bb728e891 360b21719be242d4a274b4ac56a1bab7 - - default default] Successfully bumped revision number for resource d85fdde4-af91-4900-8a57-b78db2c680d4 (type: ports) to 1
2026-05-18 01:50:21.564 9 INFO neutron.wsgi [None req-bb6eb4b8-eaa4-45cb-8c91-e1a563b4f164 c52d398c8b6744e48dcbfe5bb728e891 360b21719be242d4a274b4ac56a1bab7 - - default default] 10.0.0.96 "POST /v2.0/ports HTTP/1.1" status: 201 len: 1114 time: 0.5616608
2026-05-18 01:50:21.610 10 INFO neutron.wsgi [req-c4e67167-7f4f-422a-8a66-fe53f8d52ba9 req-c054d0c2-5874-4464-8714-c538046311ef 485d5b8698c94e86961d8f024b871a34 ff036abed31c41d88d5d15aec1e592fb - - 6e105525d8e2416d94bd1f860e211482 6e105525d8e2416d94bd1f860e211482] 199.204.45.4 "GET /v2.0/networks/5401c2b6-3443-40f6-8a20-c9497c4d1c82?fields=provider%3Aphysical_network&fields=provider%3Anetwork_type HTTP/1.1" status: 200 len: 277 time: 0.1182785
2026-05-18 01:50:21.634 10 INFO neutron.wsgi [None req-e0e54d5a-e55e-44b5-9163-ee3658164689 94bc3f0650194a7aa50b84a3e3a62c70 535ba092ed774de19d4ad28accdc03ef - - default default] 10.0.0.96 "DELETE /v2.0/security-groups/1d3e643e-a8d3-4266-8452-c117352041d6 HTTP/1.1" status: 204 len: 168 time: 0.5102820
2026-05-18 01:50:21.658 10 INFO neutron.wsgi [req-e01999f5-e5db-4b81-a3ec-71e6d02b4d9f req-a31ef1bb-aa84-4246-87dd-cf1c84578a29 91a5df1cc6d84289b845e5eda9a40714 b165cc527a724f64b48ef09f2e284b8c - - default default] 10.0.0.52 "GET /v2.0/security-groups?name=tempest-secgroup-smoke-1075889027&fields=id&tenant_id=b165cc527a724f64b48ef09f2e284b8c HTTP/1.1" status: 200 len: 267 time: 0.0861454
2026-05-18 01:50:21.741 10 INFO neutron.wsgi [req-e01999f5-e5db-4b81-a3ec-71e6d02b4d9f req-5868edd0-97d2-4319-afeb-193594825a78 91a5df1cc6d84289b845e5eda9a40714 b165cc527a724f64b48ef09f2e284b8c - - default default] 10.0.0.52 "GET /v2.0/networks?id=5401c2b6-3443-40f6-8a20-c9497c4d1c82 HTTP/1.1" status: 200 len: 859 time: 0.0736201
2026-05-18 01:50:21.768 10 INFO neutron.wsgi [req-e01999f5-e5db-4b81-a3ec-71e6d02b4d9f req-9b938536-7371-479a-be1e-e927c410fb6f 91a5df1cc6d84289b845e5eda9a40714 b165cc527a724f64b48ef09f2e284b8c - - default default] 10.0.0.52 "GET /v2.0/quotas/b165cc527a724f64b48ef09f2e284b8c HTTP/1.1" status: 200 len: 491 time: 0.0140498
2026-05-18 01:50:21.793 10 INFO neutron.db.ovn_revision_numbers_db [None req-55511142-567f-4234-8f38-49ffbee69e56 1c2e411134f445f78b7490f13c1569e7 334435f8b8fe4ae5a132976ad8e4b4cc - - default default] Successfully bumped revision number for resource 2c7e7d1a-abf6-4e29-8117-e09ea9cfc6b6 (type: ports) to 1
2026-05-18 01:50:21.901 10 INFO neutron.wsgi [req-e01999f5-e5db-4b81-a3ec-71e6d02b4d9f req-2bd4f2d2-6704-49d9-8e5b-a5934886b204 91a5df1cc6d84289b845e5eda9a40714 b165cc527a724f64b48ef09f2e284b8c - - default default] 10.0.0.52 "GET /v2.0/ports?tenant_id=b165cc527a724f64b48ef09f2e284b8c&fields=id HTTP/1.1" status: 200 len: 348 time: 0.1270816
2026-05-18 01:50:21.965 9 INFO neutron.wsgi [None req-a93b4ec0-791e-4d69-8e2a-f25f7f2c764d c52d398c8b6744e48dcbfe5bb728e891 360b21719be242d4a274b4ac56a1bab7 - - default default] 10.0.0.96 "DELETE /v2.0/ports/d85fdde4-af91-4900-8a57-b78db2c680d4 HTTP/1.1" status: 204 len: 168 time: 0.3940771
2026-05-18 01:50:21.989 9 INFO neutron.pecan_wsgi.hooks.translation [None req-c1a144f4-4bf7-4d72-8556-da9d8ce585d8 c52d398c8b6744e48dcbfe5bb728e891 360b21719be242d4a274b4ac56a1bab7 - - default default] GET failed (client error): The resource could not be found.
2026-05-18 01:50:21.991 9 INFO neutron.wsgi [None req-c1a144f4-4bf7-4d72-8556-da9d8ce585d8 c52d398c8b6744e48dcbfe5bb728e891 360b21719be242d4a274b4ac56a1bab7 - - default default] 10.0.0.96 "GET /v2.0/ports/d85fdde4-af91-4900-8a57-b78db2c680d4 HTTP/1.1" status: 404 len: 333 time: 0.0197697
2026-05-18 01:50:22.006 10 INFO neutron.wsgi [req-e01999f5-e5db-4b81-a3ec-71e6d02b4d9f req-582de7a0-02c8-4bb1-8335-32b4c84cbec6 485d5b8698c94e86961d8f024b871a34 ff036abed31c41d88d5d15aec1e592fb - - 6e105525d8e2416d94bd1f860e211482 6e105525d8e2416d94bd1f860e211482] 10.0.0.52 "GET /v2.0/networks/5401c2b6-3443-40f6-8a20-c9497c4d1c82?fields=segments HTTP/1.1" status: 200 len: 212 time: 0.0901637
2026-05-18 01:50:22.013 9 WARNING neutron.plugins.ml2.drivers.ovn.mech_driver.ovsdb.ovn_client [None req-9591dc38-03b0-4859-8285-b84f72f47cc6 - - - - - -] No hosting information found for port 218d2d4a-81bb-48fd-bd99-e16104368720: RuntimeError: No hosting information found for port 218d2d4a-81bb-48fd-bd99-e16104368720
2026-05-18 01:50:22.035 9 INFO neutron.plugins.ml2.drivers.ovn.mech_driver.mech_driver [None req-9591dc38-03b0-4859-8285-b84f72f47cc6 - - - - - -] OVN reports status up for port: 537d1b32-e6e7-4f8c-acf3-fc9812767977
2026-05-18 01:50:22.047 9 INFO neutron.plugins.ml2.plugin [None req-9591dc38-03b0-4859-8285-b84f72f47cc6 - - - - - -] Attempt 1 to provision port 537d1b32-e6e7-4f8c-acf3-fc9812767977
2026-05-18 01:50:22.120 10 INFO neutron.wsgi [req-e01999f5-e5db-4b81-a3ec-71e6d02b4d9f req-51a20360-ab44-4bb2-a975-812ed0d832b7 485d5b8698c94e86961d8f024b871a34 ff036abed31c41d88d5d15aec1e592fb - - 6e105525d8e2416d94bd1f860e211482 6e105525d8e2416d94bd1f860e211482] 10.0.0.52 "GET /v2.0/networks/5401c2b6-3443-40f6-8a20-c9497c4d1c82?fields=provider%3Aphysical_network&fields=provider%3Anetwork_type HTTP/1.1" status: 200 len: 277 time: 0.1042893
2026-05-18 01:50:22.169 10 INFO neutron.db.ovn_revision_numbers_db [None req-55511142-567f-4234-8f38-49ffbee69e56 1c2e411134f445f78b7490f13c1569e7 334435f8b8fe4ae5a132976ad8e4b4cc - - default default] Successfully bumped revision number for resource 2c7e7d1a-abf6-4e29-8117-e09ea9cfc6b6 (type: ports) to 1
2026-05-18 01:50:22.246 10 INFO neutron.db.segments_db [None req-55511142-567f-4234-8f38-49ffbee69e56 1c2e411134f445f78b7490f13c1569e7 334435f8b8fe4ae5a132976ad8e4b4cc - - default default] Added segment 7d6ab7d0-d883-4b63-96a9-4bbef97df0cf of type geneve for network 3e2c17b8-b4b0-4423-b43a-6c4738a7e026
2026-05-18 01:50:22.272 10 INFO neutron.wsgi [None req-57fb4989-b924-4c95-86f3-f3c28df7b8ee c52d398c8b6744e48dcbfe5bb728e891 360b21719be242d4a274b4ac56a1bab7 - - default default] 10.0.0.96 "DELETE /v2.0/subnets/2192a7e8-33c0-4e43-b403-c5f009aa0340 HTTP/1.1" status: 204 len: 168 time: 0.2759206 /var/lib/openstack/lib/python3.10/site-packages/pycadf/identifier.py:71: UserWarning: Invalid uuid: neutron. To ensure interoperability, identifiers should be a valid uuid. warnings.warn(('Invalid uuid: %s. To ensure interoperability, '
2026-05-18 01:50:22.304 9 INFO neutron.wsgi [req-26e33dfd-68fd-4b64-9a87-9fd572c04ac9 req-1601ab74-3c14-499e-9419-9348cf20b21d 91a5df1cc6d84289b845e5eda9a40714 b165cc527a724f64b48ef09f2e284b8c - - default default] 10.0.0.52 "GET /v2.0/ports?device_id=cf60b521-546b-4c55-90da-d6e82850e1e3 HTTP/1.1" status: 200 len: 210 time: 0.0316582
2026-05-18 01:50:22.462 10 INFO neutron.db.ovn_revision_numbers_db [None req-55511142-567f-4234-8f38-49ffbee69e56 1c2e411134f445f78b7490f13c1569e7 334435f8b8fe4ae5a132976ad8e4b4cc - - default default] Successfully bumped revision number for resource 3e2c17b8-b4b0-4423-b43a-6c4738a7e026 (type: networks) to 1
2026-05-18 01:50:22.659 10 WARNING neutron.scheduler.dhcp_agent_scheduler [None req-55511142-567f-4234-8f38-49ffbee69e56 1c2e411134f445f78b7490f13c1569e7 334435f8b8fe4ae5a132976ad8e4b4cc - - default default] No more DHCP agents
2026-05-18 01:50:22.663 10 WARNING neutron.api.rpc.agentnotifiers.dhcp_rpc_agent_api [None req-55511142-567f-4234-8f38-49ffbee69e56 1c2e411134f445f78b7490f13c1569e7 334435f8b8fe4ae5a132976ad8e4b4cc - - default default] Unable to schedule network 3e2c17b8-b4b0-4423-b43a-6c4738a7e026: no agents available; will retry on subsequent port and subnet creation events.
2026-05-18 01:50:22.701 9 INFO neutron.db.ovn_revision_numbers_db [None req-9591dc38-03b0-4859-8285-b84f72f47cc6 - - - - - -] Successfully bumped revision number for resource 537d1b32-e6e7-4f8c-acf3-fc9812767977 (type: ports) to 2
2026-05-18 01:50:22.790 10 INFO neutron.db.ovn_revision_numbers_db [None req-55511142-567f-4234-8f38-49ffbee69e56 1c2e411134f445f78b7490f13c1569e7 334435f8b8fe4ae5a132976ad8e4b4cc - - default default] Successfully bumped revision number for resource 2ed22222-031c-4762-8ae0-2c1a838f08bb (type: ports) to 1
2026-05-18 01:50:22.818 10 INFO neutron.services.segments.plugin [-] Segment d9cf5fc6-a52d-40bd-b363-deb372578c06 resource provider aggregate not found
2026-05-18 01:50:22.831 10 INFO neutron.services.segments.plugin [-] Segment d9cf5fc6-a52d-40bd-b363-deb372578c06 resource provider aggregate not found
2026-05-18 01:50:22.841 10 INFO neutron.services.segments.plugin [-] Segment d9cf5fc6-a52d-40bd-b363-deb372578c06 resource provider not found; error: Placement Client Error (4xx): {"errors": [{"status": 404, "title": "Not Found", "detail": "The resource could not be found.\n\n No resource provider with uuid d9cf5fc6-a52d-40bd-b363-deb372578c06 found for delete ", "request_id": "req-9c75c095-c58f-48d8-b9ce-277ccb848859"}]}
2026-05-18 01:50:22.845 9 INFO neutron.db.ovn_revision_numbers_db [None req-9591dc38-03b0-4859-8285-b84f72f47cc6 - - - - - -] Successfully bumped revision number for resource 537d1b32-e6e7-4f8c-acf3-fc9812767977 (type: router_ports) to 2
2026-05-18 01:50:22.851 10 INFO neutron.services.segments.plugin [-] Segment d9cf5fc6-a52d-40bd-b363-deb372578c06 resource provider not found; error: Placement Client Error (4xx): {"errors": [{"status": 404, "title": "Not Found", "detail": "The resource could not be found.\n\n No resource provider with uuid d9cf5fc6-a52d-40bd-b363-deb372578c06 found for delete ", "request_id": "req-0e9214a3-79ad-4fec-9814-219cb57ae3e7"}]}
2026-05-18 01:50:22.883 10 INFO neutron.wsgi [None req-1c90f94c-0864-4737-b13a-2f2d8b757e97 c52d398c8b6744e48dcbfe5bb728e891 360b21719be242d4a274b4ac56a1bab7 - - default default] 10.0.0.96 "DELETE /v2.0/networks/9b7257ac-40e9-4e7e-a39e-c2da38a0d17d HTTP/1.1" status: 204 len: 168 time: 0.6049008
2026-05-18 01:50:22.897 9 WARNING neutron_lib.context [None req-cc0248d0-1381-4738-bc7f-4a7b15b70904 c52d398c8b6744e48dcbfe5bb728e891 360b21719be242d4a274b4ac56a1bab7 - - default default] Method 'is_advsvc' is deprecated since 2023.2 release (neutron-lib 3.8.0) and will be removed once support for the old RBAC API policies will be removed from Neutron. Please use method 'is_service_role' instead.
2026-05-18 01:50:22.982 10 WARNING neutron.scheduler.dhcp_agent_scheduler [None req-55511142-567f-4234-8f38-49ffbee69e56 1c2e411134f445f78b7490f13c1569e7 334435f8b8fe4ae5a132976ad8e4b4cc - - default default] No more DHCP agents
2026-05-18 01:50:22.984 10 WARNING neutron.api.rpc.agentnotifiers.dhcp_rpc_agent_api [None req-55511142-567f-4234-8f38-49ffbee69e56 1c2e411134f445f78b7490f13c1569e7 334435f8b8fe4ae5a132976ad8e4b4cc - - default default] Unable to schedule network 3e2c17b8-b4b0-4423-b43a-6c4738a7e026: no agents available; will retry on subsequent port and subnet creation events.
2026-05-18 01:50:23.039 10 INFO neutron.db.ovn_revision_numbers_db [None req-55511142-567f-4234-8f38-49ffbee69e56 1c2e411134f445f78b7490f13c1569e7 334435f8b8fe4ae5a132976ad8e4b4cc - - default default] Successfully bumped revision number for resource dccd786c-c70e-4f94-8503-d8c70b98917a (type: subnets) to 0
2026-05-18 01:50:23.189 9 WARNING neutron.scheduler.dhcp_agent_scheduler [None req-cc0248d0-1381-4738-bc7f-4a7b15b70904 c52d398c8b6744e48dcbfe5bb728e891 360b21719be242d4a274b4ac56a1bab7 - - default default] No more DHCP agents
2026-05-18 01:50:23.191 9 WARNING neutron.api.rpc.agentnotifiers.dhcp_rpc_agent_api [None req-cc0248d0-1381-4738-bc7f-4a7b15b70904 c52d398c8b6744e48dcbfe5bb728e891 360b21719be242d4a274b4ac56a1bab7 - - default default] Unable to schedule network 77c6af47-1676-4ec9-b59a-0edbaedbd23d: no agents available; will retry on subsequent port and subnet creation events.
2026-05-18 01:50:23.286 9 INFO neutron.db.ovn_revision_numbers_db [None req-cc0248d0-1381-4738-bc7f-4a7b15b70904 c52d398c8b6744e48dcbfe5bb728e891 360b21719be242d4a274b4ac56a1bab7 - - default default] Successfully bumped revision number for resource e470d659-2a99-4bf7-a4e6-a63954152b43 (type: ports) to 1
2026-05-18 01:50:23.314 9 INFO neutron.wsgi [None req-cc0248d0-1381-4738-bc7f-4a7b15b70904 c52d398c8b6744e48dcbfe5bb728e891 360b21719be242d4a274b4ac56a1bab7 - - default default] 10.0.0.96 "POST /v2.0/ports HTTP/1.1" status: 201 len: 973 time: 0.4225726 /var/lib/openstack/lib/python3.10/site-packages/pycadf/identifier.py:71: UserWarning: Invalid uuid: neutron. To ensure interoperability, identifiers should be a valid uuid. warnings.warn(('Invalid uuid: %s. To ensure interoperability, '
2026-05-18 01:50:23.349 10 INFO neutron.wsgi [req-e01999f5-e5db-4b81-a3ec-71e6d02b4d9f req-6b5f6c6f-fa6c-486b-ad2c-c3caf1c8a3b5 91a5df1cc6d84289b845e5eda9a40714 b165cc527a724f64b48ef09f2e284b8c - - default default] 199.204.45.4 "GET /v2.0/networks?id=5401c2b6-3443-40f6-8a20-c9497c4d1c82 HTTP/1.1" status: 200 len: 859 time: 0.3399982
2026-05-18 01:50:23.399 10 INFO neutron.wsgi [req-5f24809c-bbb4-414b-bc23-e4f75ae3ebb7 req-f0d3097d-b8a7-4ca6-8b5c-e4463667e3f2 91a5df1cc6d84289b845e5eda9a40714 b165cc527a724f64b48ef09f2e284b8c - - default default] 10.0.0.52 "GET /v2.0/ports?device_id=cf60b521-546b-4c55-90da-d6e82850e1e3 HTTP/1.1" status: 200 len: 210 time: 0.0271163
2026-05-18 01:50:23.433 10 INFO neutron.wsgi [req-e01999f5-e5db-4b81-a3ec-71e6d02b4d9f req-34791eb9-b9f2-480c-9bfc-306aa853bac9 91a5df1cc6d84289b845e5eda9a40714 b165cc527a724f64b48ef09f2e284b8c - - default default] 199.204.45.4 "GET /v2.0/security-groups?fields=id&fields=name&tenant_id=b165cc527a724f64b48ef09f2e284b8c HTTP/1.1" status: 200 len: 472 time: 0.0765874
2026-05-18 01:50:23.444 10 WARNING neutron_lib.context [req-e01999f5-e5db-4b81-a3ec-71e6d02b4d9f req-19375577-b51b-4a93-8064-79436fedb962 91a5df1cc6d84289b845e5eda9a40714 b165cc527a724f64b48ef09f2e284b8c - - default default] Method 'is_advsvc' is deprecated since 2023.2 release (neutron-lib 3.8.0) and will be removed once support for the old RBAC API policies will be removed from Neutron. Please use method 'is_service_role' instead.
2026-05-18 01:50:23.593 9 INFO neutron.db.ovn_revision_numbers_db [None req-421b206e-0bb7-4caa-876d-e61cfa9a8c13 c52d398c8b6744e48dcbfe5bb728e891 360b21719be242d4a274b4ac56a1bab7 - - default default] Successfully bumped revision number for resource e470d659-2a99-4bf7-a4e6-a63954152b43 (type: ports) to 2
2026-05-18 01:50:23.605 9 INFO neutron.wsgi [None req-421b206e-0bb7-4caa-876d-e61cfa9a8c13 c52d398c8b6744e48dcbfe5bb728e891 360b21719be242d4a274b4ac56a1bab7 - - default default] 10.0.0.96 "PUT /v2.0/ports/e470d659-2a99-4bf7-a4e6-a63954152b43 HTTP/1.1" status: 200 len: 946 time: 0.2868698 /var/lib/openstack/lib/python3.10/site-packages/pycadf/identifier.py:71: UserWarning: Invalid uuid: neutron. To ensure interoperability, identifiers should be a valid uuid. warnings.warn(('Invalid uuid: %s. To ensure interoperability, '
2026-05-18 01:50:23.891 9 INFO neutron.wsgi [None req-ea14428f-f74f-470e-890d-70296b64a68e c52d398c8b6744e48dcbfe5bb728e891 360b21719be242d4a274b4ac56a1bab7 - - default default] 10.0.0.96 "DELETE /v2.0/ports/e470d659-2a99-4bf7-a4e6-a63954152b43 HTTP/1.1" status: 204 len: 168 time: 0.2817838
2026-05-18 01:50:23.944 9 INFO neutron.wsgi [None req-9a3cc387-69d5-490d-861b-9ea7df2e7199 c52d398c8b6744e48dcbfe5bb728e891 360b21719be242d4a274b4ac56a1bab7 - - default default] 10.0.0.96 "GET /v2.0/ports HTTP/1.1" status: 200 len: 1728 time: 0.0457482
2026-05-18 01:50:23.954 10 WARNING neutron.scheduler.dhcp_agent_scheduler [req-e01999f5-e5db-4b81-a3ec-71e6d02b4d9f req-19375577-b51b-4a93-8064-79436fedb962 91a5df1cc6d84289b845e5eda9a40714 b165cc527a724f64b48ef09f2e284b8c - - default default] No more DHCP agents
2026-05-18 01:50:23.958 10 WARNING neutron.api.rpc.agentnotifiers.dhcp_rpc_agent_api [req-e01999f5-e5db-4b81-a3ec-71e6d02b4d9f req-19375577-b51b-4a93-8064-79436fedb962 91a5df1cc6d84289b845e5eda9a40714 b165cc527a724f64b48ef09f2e284b8c - - default default] Unable to schedule network 5401c2b6-3443-40f6-8a20-c9497c4d1c82: no agents available; will retry on subsequent port and subnet creation events.
2026-05-18 01:50:23.974 10 WARNING neutron.scheduler.dhcp_agent_scheduler [None req-55511142-567f-4234-8f38-49ffbee69e56 1c2e411134f445f78b7490f13c1569e7 334435f8b8fe4ae5a132976ad8e4b4cc - - default default] No more DHCP agents
2026-05-18 01:50:23.979 9 INFO neutron.pecan_wsgi.hooks.translation [None req-6ea2cf3e-2c8e-4ab6-a12c-3234b8a50683 c52d398c8b6744e48dcbfe5bb728e891 360b21719be242d4a274b4ac56a1bab7 - - default default] GET failed (client error): The resource could not be found.
2026-05-18 01:50:23.980 10 WARNING neutron.api.rpc.agentnotifiers.dhcp_rpc_agent_api [None req-55511142-567f-4234-8f38-49ffbee69e56 1c2e411134f445f78b7490f13c1569e7 334435f8b8fe4ae5a132976ad8e4b4cc - - default default] Unable to schedule network 3e2c17b8-b4b0-4423-b43a-6c4738a7e026: no agents available; will retry on subsequent port and subnet creation events.
2026-05-18 01:50:23.980 9 INFO neutron.wsgi [None req-6ea2cf3e-2c8e-4ab6-a12c-3234b8a50683 c52d398c8b6744e48dcbfe5bb728e891 360b21719be242d4a274b4ac56a1bab7 - - default default] 10.0.0.96 "GET /v2.0/ports/e470d659-2a99-4bf7-a4e6-a63954152b43 HTTP/1.1" status: 404 len: 333 time: 0.0263844
2026-05-18 01:50:24.037 9 INFO neutron.wsgi [None req-9e7c6392-c577-49d9-83b0-9b8967076baa c52d398c8b6744e48dcbfe5bb728e891 360b21719be242d4a274b4ac56a1bab7 - - default default] 10.0.0.96 "GET /v2.0/ports HTTP/1.1" status: 200 len: 1728 time: 0.0495772
2026-05-18 01:50:24.085 9 INFO neutron.wsgi [None req-7d97e4d0-d225-4bc0-b418-df696ba66bee c52d398c8b6744e48dcbfe5bb728e891 360b21719be242d4a274b4ac56a1bab7 - - default default] 10.0.0.96 "GET /v2.0/ports/fe5dd3f1-796c-4c8b-aada-aa5ad06ecc4e HTTP/1.1" status: 200 len: 968 time: 0.0427706
2026-05-18 01:50:24.107 9 INFO neutron.pecan_wsgi.hooks.translation [None req-449b4e3d-e55b-49bc-93be-202a643a96c9 c52d398c8b6744e48dcbfe5bb728e891 360b21719be242d4a274b4ac56a1bab7 - - default default] DELETE failed (client error): The resource could not be found.
2026-05-18 01:50:24.110 9 INFO neutron.wsgi [None req-449b4e3d-e55b-49bc-93be-202a643a96c9 c52d398c8b6744e48dcbfe5bb728e891 360b21719be242d4a274b4ac56a1bab7 - - default default] 10.0.0.96 "DELETE /v2.0/ports/d85fdde4-af91-4900-8a57-b78db2c680d4 HTTP/1.1" status: 404 len: 333 time: 0.0192928
2026-05-18 01:50:24.130 9 INFO neutron.pecan_wsgi.hooks.translation [None req-33ba1cfe-f181-4376-8855-0373e1073520 c52d398c8b6744e48dcbfe5bb728e891 360b21719be242d4a274b4ac56a1bab7 - - default default] DELETE failed (client error): The resource could not be found.
2026-05-18 01:50:24.133 9 INFO neutron.wsgi [None req-33ba1cfe-f181-4376-8855-0373e1073520 c52d398c8b6744e48dcbfe5bb728e891 360b21719be242d4a274b4ac56a1bab7 - - default default] 10.0.0.96 "DELETE /v2.0/subnets/2192a7e8-33c0-4e43-b403-c5f009aa0340 HTTP/1.1" status: 404 len: 337 time: 0.0193365
2026-05-18 01:50:24.151 9 INFO neutron.pecan_wsgi.hooks.translation [None req-0ef57795-7e71-42d8-a7d9-a186800c9d95 c52d398c8b6744e48dcbfe5bb728e891 360b21719be242d4a274b4ac56a1bab7 - - default default] DELETE failed (client error): The resource could not be found.
2026-05-18 01:50:24.153 9 INFO neutron.wsgi [None req-0ef57795-7e71-42d8-a7d9-a186800c9d95 c52d398c8b6744e48dcbfe5bb728e891 360b21719be242d4a274b4ac56a1bab7 - - default default] 10.0.0.96 "DELETE /v2.0/subnets/682305ce-45d8-45ee-9a2d-6d220805722e HTTP/1.1" status: 404 len: 337 time: 0.0168304
2026-05-18 01:50:24.239 10 INFO neutron.db.ovn_revision_numbers_db [req-e01999f5-e5db-4b81-a3ec-71e6d02b4d9f req-19375577-b51b-4a93-8064-79436fedb962 91a5df1cc6d84289b845e5eda9a40714 b165cc527a724f64b48ef09f2e284b8c - - default default] Successfully bumped revision number for resource dfe8eb9b-e7c1-49e3-99c1-a68010688d44 (type: ports) to 1
2026-05-18 01:50:24.255 10 INFO neutron.db.ovn_revision_numbers_db [None req-55511142-567f-4234-8f38-49ffbee69e56 1c2e411134f445f78b7490f13c1569e7 334435f8b8fe4ae5a132976ad8e4b4cc - - default default] Successfully bumped revision number for resource f13fc0b4-f313-438c-af64-bd95c64a414c (type: ports) to 1
2026-05-18 01:50:24.272 10 INFO neutron.wsgi [req-e01999f5-e5db-4b81-a3ec-71e6d02b4d9f req-19375577-b51b-4a93-8064-79436fedb962 91a5df1cc6d84289b845e5eda9a40714 b165cc527a724f64b48ef09f2e284b8c - - default default] 199.204.45.4 "POST /v2.0/ports HTTP/1.1" status: 201 len: 1162 time: 0.8333912 /var/lib/openstack/lib/python3.10/site-packages/pycadf/identifier.py:71: UserWarning: Invalid uuid: neutron. To ensure interoperability, identifiers should be a valid uuid. warnings.warn(('Invalid uuid: %s. To ensure interoperability, '
2026-05-18 01:50:24.395 9 INFO neutron.wsgi [None req-21078f0d-27ea-4e66-b300-62b0714145ff c52d398c8b6744e48dcbfe5bb728e891 360b21719be242d4a274b4ac56a1bab7 - - default default] 10.0.0.96 "DELETE /v2.0/ports/fe5dd3f1-796c-4c8b-aada-aa5ad06ecc4e HTTP/1.1" status: 204 len: 168 time: 0.2380199
2026-05-18 01:50:24.570 9 INFO neutron.wsgi [req-f84c4453-11b9-4ec8-8f70-f201b360753c req-a9de6341-a1d7-438d-9703-53371e378bdb 91a5df1cc6d84289b845e5eda9a40714 b165cc527a724f64b48ef09f2e284b8c - - default default] 10.0.0.52 "GET /v2.0/ports?device_id=cf60b521-546b-4c55-90da-d6e82850e1e3 HTTP/1.1" status: 200 len: 1160 time: 0.1126599
2026-05-18 01:50:24.640 9 INFO neutron.wsgi [req-f84c4453-11b9-4ec8-8f70-f201b360753c req-2844bcf2-219a-45d5-bff5-e544be33e9cf 91a5df1cc6d84289b845e5eda9a40714 b165cc527a724f64b48ef09f2e284b8c - - default default] 10.0.0.52 "GET /v2.0/security-groups?id=23672259-d95c-4d5a-804c-362e61484163&fields=id&fields=name HTTP/1.1" status: 200 len: 313 time: 0.0588861
2026-05-18 01:50:24.860 9 INFO neutron.services.segments.plugin [-] Segment ca7881d5-3f4a-482d-ba16-d021dd030b7a resource provider aggregate not found
2026-05-18 01:50:24.864 9 INFO neutron.services.segments.plugin [-] Segment ca7881d5-3f4a-482d-ba16-d021dd030b7a resource provider aggregate not found
2026-05-18 01:50:24.878 9 INFO neutron.services.segments.plugin [-] Segment ca7881d5-3f4a-482d-ba16-d021dd030b7a resource provider not found; error: Placement Client Error (4xx): {"errors": [{"status": 404, "title": "Not Found", "detail": "The resource could not be found.\n\n No resource provider with uuid ca7881d5-3f4a-482d-ba16-d021dd030b7a found for delete ", "request_id": "req-15006f25-7c6c-4066-a496-7834ce7ea17c"}]}
2026-05-18 01:50:24.882 9 INFO neutron.services.segments.plugin [-] Segment ca7881d5-3f4a-482d-ba16-d021dd030b7a resource provider not found; error: Placement Client Error (4xx): {"errors": [{"status": 404, "title": "Not Found", "detail": "The resource could not be found.\n\n No resource provider with uuid ca7881d5-3f4a-482d-ba16-d021dd030b7a found for delete ", "request_id": "req-5c598d50-47ef-4163-9a73-a93cbeb559f4"}]}
2026-05-18 01:50:24.908 9 INFO neutron.wsgi [None req-956e28a5-3071-45d8-b9be-2b3387820ca9 c52d398c8b6744e48dcbfe5bb728e891 360b21719be242d4a274b4ac56a1bab7 - - default default] 10.0.0.96 "DELETE /v2.0/networks/77c6af47-1676-4ec9-b59a-0edbaedbd23d HTTP/1.1" status: 204 len: 168 time: 0.5079205
2026-05-18 01:50:25.181 10 INFO neutron.db.ovn_revision_numbers_db [req-e01999f5-e5db-4b81-a3ec-71e6d02b4d9f req-289cec02-2307-4d0c-8f11-b7db1a690bb7 485d5b8698c94e86961d8f024b871a34 ff036abed31c41d88d5d15aec1e592fb - - 6e105525d8e2416d94bd1f860e211482 6e105525d8e2416d94bd1f860e211482] Successfully bumped revision number for resource dfe8eb9b-e7c1-49e3-99c1-a68010688d44 (type: ports) to 2
2026-05-18 01:50:25.376 10 ERROR ovsdbapp.backend.ovs_idl.command [None req-55511142-567f-4234-8f38-49ffbee69e56 1c2e411134f445f78b7490f13c1569e7 334435f8b8fe4ae5a132976ad8e4b4cc - - default default] Error executing command (DbGetCommand): ovsdbapp.backend.ovs_idl.idlutils.RowNotFound: Cannot find Logical_Router_Port with name=lrp-f13fc0b4-f313-438c-af64-bd95c64a414c
2026-05-18 01:50:25.376 10 ERROR ovsdbapp.backend.ovs_idl.command
Traceback (most recent call last):
2026-05-18 01:50:25.376 10 ERROR ovsdbapp.backend.ovs_idl.command
File "/var/lib/openstack/lib/python3.10/site-packages/ovsdbapp/backend/ovs_idl/command.py", line 47, in execute
2026-05-18 01:50:25.376 10 ERROR ovsdbapp.backend.ovs_idl.command self.run_idl(None)
2026-05-18 01:50:25.376 10 ERROR ovsdbapp.backend.ovs_idl.command
File "/var/lib/openstack/lib/python3.10/site-packages/ovsdbapp/backend/ovs_idl/command.py", line 235, in run_idl
2026-05-18 01:50:25.376 10 ERROR ovsdbapp.backend.ovs_idl.command record = self.api.lookup(self.table, self.record)
2026-05-18 01:50:25.376 10 ERROR ovsdbapp.backend.ovs_idl.command
File "/var/lib/openstack/lib/python3.10/site-packages/ovsdbapp/backend/ovs_idl/__init__.py", line 184, in lookup
2026-05-18 01:50:25.376 10 ERROR ovsdbapp.backend.ovs_idl.command return self._lookup(table, record)
2026-05-18 01:50:25.376 10 ERROR ovsdbapp.backend.ovs_idl.command
File "/var/lib/openstack/lib/python3.10/site-packages/ovsdbapp/backend/ovs_idl/__init__.py", line 235, in _lookup
2026-05-18 01:50:25.376 10 ERROR ovsdbapp.backend.ovs_idl.command row = idlutils.row_by_value(self, rl.table, rl.column, record)
2026-05-18 01:50:25.376 10 ERROR ovsdbapp.backend.ovs_idl.command
File "/var/lib/openstack/lib/python3.10/site-packages/ovsdbapp/backend/ovs_idl/idlutils.py", line 114, in row_by_value
2026-05-18 01:50:25.376 10 ERROR ovsdbapp.backend.ovs_idl.command raise RowNotFound(table=table, col=column, match=match)
2026-05-18 01:50:25.376 10 ERROR ovsdbapp.backend.ovs_idl.command ovsdbapp.backend.ovs_idl.idlutils.RowNotFound: Cannot find Logical_Router_Port with name=lrp-f13fc0b4-f313-438c-af64-bd95c64a414c
2026-05-18 01:50:25.376 10 ERROR ovsdbapp.backend.ovs_idl.command 
2026-05-18 01:50:25.377 10 ERROR neutron_lib.callbacks.manager [None req-55511142-567f-4234-8f38-49ffbee69e56 1c2e411134f445f78b7490f13c1569e7 334435f8b8fe4ae5a132976ad8e4b4cc - - default default] Error during notification for neutron.services.ovn_l3.plugin.OVNL3RouterPlugin._port_update-8726852899567 port, after_update: ovsdbapp.backend.ovs_idl.idlutils.RowNotFound: Cannot find Logical_Router_Port with name=lrp-f13fc0b4-f313-438c-af64-bd95c64a414c
2026-05-18 01:50:25.377 10 ERROR neutron_lib.callbacks.manager
Traceback (most recent call last):
2026-05-18 01:50:25.377 10 ERROR neutron_lib.callbacks.manager
File "/var/lib/openstack/lib/python3.10/site-packages/neutron_lib/callbacks/manager.py", line 189, in _notify_loop
2026-05-18 01:50:25.377 10 ERROR neutron_lib.callbacks.manager callback.method(resource, event, trigger, payload=payload)
2026-05-18 01:50:25.377 10 ERROR neutron_lib.callbacks.manager
File "/var/lib/openstack/lib/python3.10/site-packages/neutron/services/ovn_l3/plugin.py", line 391, in _port_update
2026-05-18 01:50:25.377 10 ERROR neutron_lib.callbacks.manager l3plugin._ovn_client.update_router_port(context,
2026-05-18 01:50:25.377 10 ERROR neutron_lib.callbacks.manager
File "/var/lib/openstack/lib/python3.10/site-packages/neutron/plugins/ml2/drivers/ovn/mech_driver/ovsdb/ovn_client.py", line 1878, in update_router_port
2026-05-18 01:50:25.377 10 ERROR neutron_lib.callbacks.manager self._update_lrouter_port(context, port, if_exists=if_exists,
2026-05-18 01:50:25.377 10 ERROR neutron_lib.callbacks.manager
File "/var/lib/openstack/lib/python3.10/site-packages/neutron/plugins/ml2/drivers/ovn/mech_driver/ovsdb/ovn_client.py", line 1855, in _update_lrouter_port
2026-05-18 01:50:25.377 10 ERROR neutron_lib.callbacks.manager external_ids = self._nb_idl.db_get(
2026-05-18 01:50:25.377 10 ERROR neutron_lib.callbacks.manager
File "/var/lib/openstack/lib/python3.10/site-packages/ovsdbapp/backend/ovs_idl/command.py", line 47, in execute
2026-05-18 01:50:25.377 10 ERROR neutron_lib.callbacks.manager self.run_idl(None)
2026-05-18 01:50:25.377 10 ERROR neutron_lib.callbacks.manager
File "/var/lib/openstack/lib/python3.10/site-packages/ovsdbapp/backend/ovs_idl/command.py", line 235, in run_idl
2026-05-18 01:50:25.377 10 ERROR neutron_lib.callbacks.manager record = self.api.lookup(self.table, self.record)
2026-05-18 01:50:25.377 10 ERROR neutron_lib.callbacks.manager
File "/var/lib/openstack/lib/python3.10/site-packages/ovsdbapp/backend/ovs_idl/__init__.py", line 184, in lookup
2026-05-18 01:50:25.377 10 ERROR neutron_lib.callbacks.manager return self._lookup(table, record)
2026-05-18 01:50:25.377 10 ERROR neutron_lib.callbacks.manager
File "/var/lib/openstack/lib/python3.10/site-packages/ovsdbapp/backend/ovs_idl/__init__.py", line 235, in _lookup
2026-05-18 01:50:25.377 10 ERROR neutron_lib.callbacks.manager row = idlutils.row_by_value(self, rl.table, rl.column, record)
2026-05-18 01:50:25.377 10 ERROR neutron_lib.callbacks.manager
File "/var/lib/openstack/lib/python3.10/site-packages/ovsdbapp/backend/ovs_idl/idlutils.py", line 114, in row_by_value
2026-05-18 01:50:25.377 10 ERROR neutron_lib.callbacks.manager raise RowNotFound(table=table, col=column, match=match)
2026-05-18 01:50:25.377 10 ERROR neutron_lib.callbacks.manager ovsdbapp.backend.ovs_idl.idlutils.RowNotFound: Cannot find Logical_Router_Port with name=lrp-f13fc0b4-f313-438c-af64-bd95c64a414c
2026-05-18 01:50:25.377 10 ERROR neutron_lib.callbacks.manager 
2026-05-18 01:50:25.506 10 INFO neutron.db.ovn_revision_numbers_db [req-e01999f5-e5db-4b81-a3ec-71e6d02b4d9f req-289cec02-2307-4d0c-8f11-b7db1a690bb7 485d5b8698c94e86961d8f024b871a34 ff036abed31c41d88d5d15aec1e592fb - - 6e105525d8e2416d94bd1f860e211482 6e105525d8e2416d94bd1f860e211482] Successfully bumped revision number for resource dfe8eb9b-e7c1-49e3-99c1-a68010688d44 (type: ports) to 2
2026-05-18 01:50:25.530 10 INFO neutron.wsgi [req-e01999f5-e5db-4b81-a3ec-71e6d02b4d9f req-289cec02-2307-4d0c-8f11-b7db1a690bb7 485d5b8698c94e86961d8f024b871a34 ff036abed31c41d88d5d15aec1e592fb - - 6e105525d8e2416d94bd1f860e211482 6e105525d8e2416d94bd1f860e211482] 199.204.45.4 "PUT /v2.0/ports/dfe8eb9b-e7c1-49e3-99c1-a68010688d44 HTTP/1.1" status: 200 len: 1380 time: 1.2431018
2026-05-18 01:50:25.570 10 INFO neutron.notifiers.nova [-] Nova event matching ['req-b22d0a18-fdc0-43e4-9295-f409d1d14083'] response: {'name': 'network-changed', 'server_uuid': 'cf60b521-546b-4c55-90da-d6e82850e1e3', 'tag': 'dfe8eb9b-e7c1-49e3-99c1-a68010688d44', 'status': 'completed', 'code': 200} /var/lib/openstack/lib/python3.10/site-packages/pycadf/identifier.py:71: UserWarning: Invalid uuid: neutron. To ensure interoperability, identifiers should be a valid uuid. warnings.warn(('Invalid uuid: %s. To ensure interoperability, '
2026-05-18 01:50:25.619 10 INFO neutron.wsgi [req-e01999f5-e5db-4b81-a3ec-71e6d02b4d9f req-8eb7ecdf-8385-4c54-a089-035e91f04aa4 485d5b8698c94e86961d8f024b871a34 ff036abed31c41d88d5d15aec1e592fb - - 6e105525d8e2416d94bd1f860e211482 6e105525d8e2416d94bd1f860e211482] 199.204.45.4 "GET /v2.0/ports?tenant_id=b165cc527a724f64b48ef09f2e284b8c&device_id=cf60b521-546b-4c55-90da-d6e82850e1e3 HTTP/1.1" status: 200 len: 1411 time: 0.0488131
2026-05-18 01:50:25.637 9 INFO neutron.wsgi [None req-c72eb0d8-a82f-4e6e-a7c3-1ff749d4780b 94bc3f0650194a7aa50b84a3e3a62c70 535ba092ed774de19d4ad28accdc03ef - - default default] 10.0.0.96 "GET /v2.0/security-groups?tenant_id=360b21719be242d4a274b4ac56a1bab7&name=default HTTP/1.1" status: 200 len: 3120 time: 0.2045658
2026-05-18 01:50:25.655 10 INFO neutron.wsgi [req-e01999f5-e5db-4b81-a3ec-71e6d02b4d9f req-f1cf0126-bd1e-4242-9efc-da7ff99c841d 485d5b8698c94e86961d8f024b871a34 ff036abed31c41d88d5d15aec1e592fb - - 6e105525d8e2416d94bd1f860e211482 6e105525d8e2416d94bd1f860e211482] 199.204.45.4 "GET /v2.0/floatingips?fixed_ip_address=10.100.0.10&port_id=dfe8eb9b-e7c1-49e3-99c1-a68010688d44 HTTP/1.1" status: 200 len: 217 time: 0.0284269
2026-05-18 01:50:25.703 10 INFO neutron.wsgi [req-e01999f5-e5db-4b81-a3ec-71e6d02b4d9f req-e9543b71-127e-404c-911b-4e31cf11c846 485d5b8698c94e86961d8f024b871a34 ff036abed31c41d88d5d15aec1e592fb - - 6e105525d8e2416d94bd1f860e211482 6e105525d8e2416d94bd1f860e211482] 199.204.45.4 "GET /v2.0/subnets?id=511e05b7-de8b-4631-a62e-93fad7fab6f0 HTTP/1.1" status: 200 len: 852 time: 0.0403538
2026-05-18 01:50:25.705 10 INFO neutron.db.ovn_revision_numbers_db [None req-55511142-567f-4234-8f38-49ffbee69e56 1c2e411134f445f78b7490f13c1569e7 334435f8b8fe4ae5a132976ad8e4b4cc - - default default] Successfully bumped revision number for resource f13fc0b4-f313-438c-af64-bd95c64a414c (type: ports) to 1
2026-05-18 01:50:25.726 10 INFO neutron.wsgi [req-e01999f5-e5db-4b81-a3ec-71e6d02b4d9f req-a8edd37c-f9c6-4af6-868a-e8bb3ed695cd 485d5b8698c94e86961d8f024b871a34 ff036abed31c41d88d5d15aec1e592fb - - 6e105525d8e2416d94bd1f860e211482 6e105525d8e2416d94bd1f860e211482] 199.204.45.4 "GET /v2.0/ports?network_id=5401c2b6-3443-40f6-8a20-c9497c4d1c82&device_owner=network%3Adhcp HTTP/1.1" status: 200 len: 210 time: 0.0175259
2026-05-18 01:50:25.758 9 INFO neutron.wsgi [req-92da5c3e-6416-4c22-9906-d1e23d8f1371 req-4e2df09f-02c9-474b-852a-d50c77b62039 91a5df1cc6d84289b845e5eda9a40714 b165cc527a724f64b48ef09f2e284b8c - - default default] 10.0.0.52 "GET /v2.0/ports?device_id=cf60b521-546b-4c55-90da-d6e82850e1e3 HTTP/1.1" status: 200 len: 1172 time: 0.0436683
2026-05-18 01:50:25.819 10 WARNING neutron.scheduler.dhcp_agent_scheduler [None req-55511142-567f-4234-8f38-49ffbee69e56 1c2e411134f445f78b7490f13c1569e7 334435f8b8fe4ae5a132976ad8e4b4cc - - default default] No more DHCP agents
2026-05-18 01:50:25.820 10 WARNING neutron.api.rpc.agentnotifiers.dhcp_rpc_agent_api [None req-55511142-567f-4234-8f38-49ffbee69e56 1c2e411134f445f78b7490f13c1569e7 334435f8b8fe4ae5a132976ad8e4b4cc - - default default] Unable to schedule network 3e2c17b8-b4b0-4423-b43a-6c4738a7e026: no agents available; will retry on subsequent port and subnet creation events.
2026-05-18 01:50:25.824 10 INFO neutron.wsgi [req-e01999f5-e5db-4b81-a3ec-71e6d02b4d9f req-f862b7b7-293a-4027-8b83-637a14e89133 485d5b8698c94e86961d8f024b871a34 ff036abed31c41d88d5d15aec1e592fb - - 6e105525d8e2416d94bd1f860e211482 6e105525d8e2416d94bd1f860e211482] 199.204.45.4 "GET /v2.0/networks/5401c2b6-3443-40f6-8a20-c9497c4d1c82?fields=segments HTTP/1.1" status: 200 len: 212 time: 0.0897529
2026-05-18 01:50:25.825 9 INFO neutron.wsgi [req-92da5c3e-6416-4c22-9906-d1e23d8f1371 req-374d6371-8ce8-492a-a5ab-bef0489eead9 91a5df1cc6d84289b845e5eda9a40714 b165cc527a724f64b48ef09f2e284b8c - - default default] 10.0.0.52 "GET /v2.0/security-groups?id=23672259-d95c-4d5a-804c-362e61484163&fields=id&fields=name HTTP/1.1" status: 200 len: 313 time: 0.0585201
2026-05-18 01:50:25.900 9 INFO neutron.wsgi [None req-f2c45468-6dcd-430b-a22b-97ddf341cc50 94bc3f0650194a7aa50b84a3e3a62c70 535ba092ed774de19d4ad28accdc03ef - - default default] 10.0.0.96 "DELETE /v2.0/security-groups/29ae906a-3250-4e82-8251-0b258bb17e86 HTTP/1.1" status: 204 len: 168 time: 0.2570508
2026-05-18 01:50:25.906 10 INFO neutron.wsgi [req-e01999f5-e5db-4b81-a3ec-71e6d02b4d9f req-eb6034a1-9dbc-4771-8aea-f985d1132f3e 485d5b8698c94e86961d8f024b871a34 ff036abed31c41d88d5d15aec1e592fb - - 6e105525d8e2416d94bd1f860e211482 6e105525d8e2416d94bd1f860e211482] 199.204.45.4 "GET /v2.0/networks/5401c2b6-3443-40f6-8a20-c9497c4d1c82?fields=provider%3Aphysical_network&fields=provider%3Anetwork_type HTTP/1.1" status: 200 len: 277 time: 0.0729053
2026-05-18 01:50:26.007 9 WARNING neutron_lib.context [None req-2716d441-e20c-46c4-bb82-16e37f37616b c84eab93899e4d9f8d1e284e8f1725d4 ac2dcab265404ed8a8ed1888ffa60490 - - default default] Method 'is_advsvc' is deprecated since 2023.2 release (neutron-lib 3.8.0) and will be removed once support for the old RBAC API policies will be removed from Neutron. Please use method 'is_service_role' instead.
2026-05-18 01:50:26.025 10 INFO neutron.wsgi [req-fa95bc77-c9b5-4707-bc2c-bda87a382a71 req-b674a6a3-568f-4188-96d3-18b8d604c130 485d5b8698c94e86961d8f024b871a34 ff036abed31c41d88d5d15aec1e592fb - - 6e105525d8e2416d94bd1f860e211482 6e105525d8e2416d94bd1f860e211482] 199.204.45.4 "GET /v2.0/ports?tenant_id=b165cc527a724f64b48ef09f2e284b8c&device_id=cf60b521-546b-4c55-90da-d6e82850e1e3 HTTP/1.1" status: 200 len: 1411 time: 0.0589154
2026-05-18 01:50:26.129 10 INFO neutron.wsgi [req-fa95bc77-c9b5-4707-bc2c-bda87a382a71 req-58e068a5-defc-466c-9697-1d95bf623693 485d5b8698c94e86961d8f024b871a34 ff036abed31c41d88d5d15aec1e592fb - - 6e105525d8e2416d94bd1f860e211482 6e105525d8e2416d94bd1f860e211482] 199.204.45.4 "GET /v2.0/networks?id=5401c2b6-3443-40f6-8a20-c9497c4d1c82 HTTP/1.1" status: 200 len: 955 time: 0.0984111
2026-05-18 01:50:26.182 10 INFO neutron.wsgi [req-fa95bc77-c9b5-4707-bc2c-bda87a382a71 req-d3918cd6-3986-4cef-9349-5b8496ffdb2b 485d5b8698c94e86961d8f024b871a34 ff036abed31c41d88d5d15aec1e592fb - - 6e105525d8e2416d94bd1f860e211482 6e105525d8e2416d94bd1f860e211482] 199.204.45.4 "GET /v2.0/floatingips?fixed_ip_address=10.100.0.10&port_id=dfe8eb9b-e7c1-49e3-99c1-a68010688d44 HTTP/1.1" status: 200 len: 217 time: 0.0450168
2026-05-18 01:50:26.239 10 INFO neutron.wsgi [req-fa95bc77-c9b5-4707-bc2c-bda87a382a71 req-df7a871f-9859-42e3-9f5b-4bed37006f9c 485d5b8698c94e86961d8f024b871a34 ff036abed31c41d88d5d15aec1e592fb - - 6e105525d8e2416d94bd1f860e211482 6e105525d8e2416d94bd1f860e211482] 199.204.45.4 "GET /v2.0/subnets?id=511e05b7-de8b-4631-a62e-93fad7fab6f0 HTTP/1.1" status: 200 len: 852 time: 0.0504966
2026-05-18 01:50:26.285 10 INFO neutron.wsgi [req-fa95bc77-c9b5-4707-bc2c-bda87a382a71 req-31fcf0dc-d8a9-421c-b49d-d6c56f582b16 485d5b8698c94e86961d8f024b871a34 ff036abed31c41d88d5d15aec1e592fb - - 6e105525d8e2416d94bd1f860e211482 6e105525d8e2416d94bd1f860e211482] 199.204.45.4 "GET /v2.0/ports?network_id=5401c2b6-3443-40f6-8a20-c9497c4d1c82&device_owner=network%3Adhcp HTTP/1.1" status: 200 len: 210 time: 0.0395882
2026-05-18 01:50:26.305 9 WARNING neutron.scheduler.dhcp_agent_scheduler [None req-2716d441-e20c-46c4-bb82-16e37f37616b c84eab93899e4d9f8d1e284e8f1725d4 ac2dcab265404ed8a8ed1888ffa60490 - - default default] No more DHCP agents
2026-05-18 01:50:26.308 9 WARNING neutron.api.rpc.agentnotifiers.dhcp_rpc_agent_api [None req-2716d441-e20c-46c4-bb82-16e37f37616b c84eab93899e4d9f8d1e284e8f1725d4 ac2dcab265404ed8a8ed1888ffa60490 - - default default] Unable to schedule network 5afd9e4d-2e2b-44a5-bd83-1bc4b43c35ba: no agents available; will retry on subsequent port and subnet creation events.
2026-05-18 01:50:26.371 10 INFO neutron.wsgi [req-fa95bc77-c9b5-4707-bc2c-bda87a382a71 req-ebf11cef-3f72-4e84-ad39-a8f188400d61 485d5b8698c94e86961d8f024b871a34 ff036abed31c41d88d5d15aec1e592fb - - 6e105525d8e2416d94bd1f860e211482 6e105525d8e2416d94bd1f860e211482] 199.204.45.4 "GET /v2.0/networks/5401c2b6-3443-40f6-8a20-c9497c4d1c82?fields=segments HTTP/1.1" status: 200 len: 212 time: 0.0803857
2026-05-18 01:50:26.475 10 INFO neutron.wsgi [req-fa95bc77-c9b5-4707-bc2c-bda87a382a71 req-a9592bc6-172c-432f-8244-da9503ce4250 485d5b8698c94e86961d8f024b871a34 ff036abed31c41d88d5d15aec1e592fb - - 6e105525d8e2416d94bd1f860e211482 6e105525d8e2416d94bd1f860e211482] 199.204.45.4 "GET /v2.0/networks/5401c2b6-3443-40f6-8a20-c9497c4d1c82?fields=provider%3Aphysical_network&fields=provider%3Anetwork_type HTTP/1.1" status: 200 len: 277 time: 0.0961435
2026-05-18 01:50:26.639 9 INFO neutron.wsgi [None req-2716d441-e20c-46c4-bb82-16e37f37616b c84eab93899e4d9f8d1e284e8f1725d4 ac2dcab265404ed8a8ed1888ffa60490 - - default default] 10.0.0.96 "POST /v2.0/floatingips HTTP/1.1" status: 201 len: 751 time: 0.6777787
2026-05-18 01:50:26.655 9 WARNING neutron_lib.context [None req-1fe37dde-36bf-4f5c-957e-6ef09e4fa179 c84eab93899e4d9f8d1e284e8f1725d4 ac2dcab265404ed8a8ed1888ffa60490 - - default default] Method 'is_advsvc' is deprecated since 2023.2 release (neutron-lib 3.8.0) and will be removed once support for the old RBAC API policies will be removed from Neutron. Please use method 'is_service_role' instead.
2026-05-18 01:50:26.671 10 INFO neutron.db.ovn_revision_numbers_db [None req-55511142-567f-4234-8f38-49ffbee69e56 1c2e411134f445f78b7490f13c1569e7 334435f8b8fe4ae5a132976ad8e4b4cc - - default default] Successfully bumped revision number for resource f13fc0b4-f313-438c-af64-bd95c64a414c (type: router_ports) to 1
2026-05-18 01:50:26.922 9 WARNING neutron.scheduler.dhcp_agent_scheduler [None req-1fe37dde-36bf-4f5c-957e-6ef09e4fa179 c84eab93899e4d9f8d1e284e8f1725d4 ac2dcab265404ed8a8ed1888ffa60490 - - default default] No more DHCP agents
