2026-05-18 01:50:50.658 10 INFO neutron.wsgi [None req-ad1f50ae-91b6-4b3d-b190-3ab4e666f85a 1c2e411134f445f78b7490f13c1569e7 334435f8b8fe4ae5a132976ad8e4b4cc - - default default] 10.0.0.96 "DELETE /v2.0/vpn/endpoint-groups/525f2ce1-4fb9-41af-a7f7-762e9d99a583 HTTP/1.1" status: 204 len: 168 time: 0.0228035
2026-05-18 01:50:50.675 9 INFO neutron.wsgi [None req-a9e9a731-d728-4894-8152-b8f9c99e380a 1c2e411134f445f78b7490f13c1569e7 334435f8b8fe4ae5a132976ad8e4b4cc - - default default] 10.0.0.96 "GET /v2.0/vpn/endpoint-groups HTTP/1.1" status: 200 len: 827 time: 0.0124161
2026-05-18 01:50:50.683 9 WARNING neutron_lib.context [None req-28fe21db-eac0-44a5-b4d3-358b6a9b8b87 1c2e411134f445f78b7490f13c1569e7 334435f8b8fe4ae5a132976ad8e4b4cc - - default default] Method 'is_advsvc' is deprecated since 2023.2 release (neutron-lib 3.8.0) and will be removed once support for the old RBAC API policies will be removed from Neutron. Please use method 'is_service_role' instead.
2026-05-18 01:50:51.581 9 INFO neutron.db.ovn_revision_numbers_db [None req-28fe21db-eac0-44a5-b4d3-358b6a9b8b87 1c2e411134f445f78b7490f13c1569e7 334435f8b8fe4ae5a132976ad8e4b4cc - - default default] Successfully bumped revision number for resource 4c684cd2-9f93-41a1-8143-9b53ad9ce0bc (type: routers) to 8
2026-05-18 01:50:51.618 9 INFO neutron.wsgi [None req-28fe21db-eac0-44a5-b4d3-358b6a9b8b87 1c2e411134f445f78b7490f13c1569e7 334435f8b8fe4ae5a132976ad8e4b4cc - - default default] 10.0.0.96 "POST /v2.0/vpn/ipsec-site-connections HTTP/1.1" status: 201 len: 1004 time: 0.9386356
2026-05-18 01:50:52.193 9 INFO neutron.plugins.ml2.drivers.ovn.mech_driver.mech_driver [None req-9591dc38-03b0-4859-8285-b84f72f47cc6 - - - - - -] OVN reports status down for port: dfe8eb9b-e7c1-49e3-99c1-a68010688d44
2026-05-18 01:50:52.285 10 INFO neutron.wsgi [req-24e74498-6df9-4093-a0e1-12463ae3bee8 req-e2b5eb66-37b1-409b-8d82-7c81b6dbc5e4 91a5df1cc6d84289b845e5eda9a40714 b165cc527a724f64b48ef09f2e284b8c - - default default] 10.0.0.52 "GET /v2.0/ports?device_id=cf60b521-546b-4c55-90da-d6e82850e1e3 HTTP/1.1" status: 200 len: 1174 time: 0.1417692
2026-05-18 01:50:52.369 10 INFO neutron.wsgi [req-24e74498-6df9-4093-a0e1-12463ae3bee8 req-b6dac7df-dd39-4774-89a8-f8795edc0308 91a5df1cc6d84289b845e5eda9a40714 b165cc527a724f64b48ef09f2e284b8c - - default default] 10.0.0.52 "GET /v2.0/security-groups?id=23672259-d95c-4d5a-804c-362e61484163&fields=id&fields=name HTTP/1.1" status: 200 len: 313 time: 0.0766571
2026-05-18 01:50:52.387 9 INFO neutron.notifiers.nova [-] Nova event matching ['req-5997cf2c-df52-43b7-b633-d90895e27704'] response: {'server_uuid': 'cf60b521-546b-4c55-90da-d6e82850e1e3', 'name': 'network-vif-unplugged', 'status': 'completed', 'tag': 'dfe8eb9b-e7c1-49e3-99c1-a68010688d44', 'code': 200}
2026-05-18 01:50:52.388 9 INFO neutron.db.ovn_revision_numbers_db [None req-cc1699cb-998a-4875-bae5-cab78a588f8f 1c2e411134f445f78b7490f13c1569e7 334435f8b8fe4ae5a132976ad8e4b4cc - - default default] Successfully bumped revision number for resource 4c684cd2-9f93-41a1-8143-9b53ad9ce0bc (type: routers) to 9
2026-05-18 01:50:52.425 9 INFO neutron.wsgi [None req-cc1699cb-998a-4875-bae5-cab78a588f8f 1c2e411134f445f78b7490f13c1569e7 334435f8b8fe4ae5a132976ad8e4b4cc - - default default] 10.0.0.96 "DELETE /v2.0/vpn/ipsec-site-connections/740e0795-ad20-4e5b-b305-df61d6e5f386 HTTP/1.1" status: 204 len: 168 time: 0.8023906
2026-05-18 01:50:52.446 10 INFO neutron.wsgi [None req-184fb8cd-e8bf-43ac-b870-d78dc60c9b7d 1c2e411134f445f78b7490f13c1569e7 334435f8b8fe4ae5a132976ad8e4b4cc - - default default] 10.0.0.96 "GET /v2.0/vpn/ipsec-site-connections HTTP/1.1" status: 200 len: 989 time: 0.0155368
2026-05-18 01:50:52.463 10 INFO neutron.api.v2.resource [None req-e5292ed4-0493-434d-84bd-475298d801ef 1c2e411134f445f78b7490f13c1569e7 334435f8b8fe4ae5a132976ad8e4b4cc - - default default] delete failed (client error): The resource could not be found.
2026-05-18 01:50:52.465 10 INFO neutron.wsgi [None req-e5292ed4-0493-434d-84bd-475298d801ef 1c2e411134f445f78b7490f13c1569e7 334435f8b8fe4ae5a132976ad8e4b4cc - - default default] 10.0.0.96 "DELETE /v2.0/vpn/ipsec-site-connections/740e0795-ad20-4e5b-b305-df61d6e5f386 HTTP/1.1" status: 404 len: 355 time: 0.0134656
2026-05-18 01:50:52.483 10 WARNING neutron_lib.context [None req-843623a2-4984-4283-8c7d-24e1d6c50cb9 1c2e411134f445f78b7490f13c1569e7 334435f8b8fe4ae5a132976ad8e4b4cc - - default default] Method 'is_advsvc' is deprecated since 2023.2 release (neutron-lib 3.8.0) and will be removed once support for the old RBAC API policies will be removed from Neutron. Please use method 'is_service_role' instead.
2026-05-18 01:50:52.515 10 INFO neutron.wsgi [req-cd9f5fb3-b8b8-4f89-b8f3-97f76ea049ce req-3829c38b-0308-4f64-9673-2a0548933a33 91a5df1cc6d84289b845e5eda9a40714 b165cc527a724f64b48ef09f2e284b8c - - default default] 199.204.45.4 "GET /v2.0/ports?device_id=cf60b521-546b-4c55-90da-d6e82850e1e3 HTTP/1.1" status: 200 len: 1172 time: 0.0453012
2026-05-18 01:50:52.548 10 INFO neutron.wsgi [None req-843623a2-4984-4283-8c7d-24e1d6c50cb9 1c2e411134f445f78b7490f13c1569e7 334435f8b8fe4ae5a132976ad8e4b4cc - - default default] 10.0.0.96 "POST /v2.0/vpn/endpoint-groups HTTP/1.1" status: 201 len: 489 time: 0.0764427
2026-05-18 01:50:52.564 9 INFO neutron.db.ovn_revision_numbers_db [None req-9591dc38-03b0-4859-8285-b84f72f47cc6 - - - - - -] Successfully bumped revision number for resource dfe8eb9b-e7c1-49e3-99c1-a68010688d44 (type: ports) to 5
2026-05-18 01:50:52.574 10 INFO neutron.wsgi [None req-50d8c054-c4e1-4e77-8949-d0e1e24369c7 1c2e411134f445f78b7490f13c1569e7 334435f8b8fe4ae5a132976ad8e4b4cc - - default default] 10.0.0.96 "PUT /v2.0/vpn/endpoint-groups/bfb1eea5-838b-4c81-b41f-8ac555fe1ac3 HTTP/1.1" status: 200 len: 484 time: 0.0196569
2026-05-18 01:50:52.609 10 INFO neutron.wsgi [None req-291cbc57-2913-487d-82be-c278a83094e7 1c2e411134f445f78b7490f13c1569e7 334435f8b8fe4ae5a132976ad8e4b4cc - - default default] 10.0.0.96 "GET /v2.0/vpn/endpoint-groups/bfb1eea5-838b-4c81-b41f-8ac555fe1ac3 HTTP/1.1" status: 200 len: 484 time: 0.0243421 /var/lib/openstack/lib/python3.10/site-packages/pycadf/identifier.py:71: UserWarning: Invalid uuid: neutron. To ensure interoperability, identifiers should be a valid uuid. warnings.warn(('Invalid uuid: %s. To ensure interoperability, '
2026-05-18 01:50:52.642 9 INFO neutron.wsgi [None req-a0e50cdd-53b1-4ed6-b902-924c8abf69bd 1c2e411134f445f78b7490f13c1569e7 334435f8b8fe4ae5a132976ad8e4b4cc - - default default] 10.0.0.96 "DELETE /v2.0/vpn/endpoint-groups/bfb1eea5-838b-4c81-b41f-8ac555fe1ac3 HTTP/1.1" status: 204 len: 168 time: 0.0274875
2026-05-18 01:50:52.664 9 INFO neutron.wsgi [None req-eed032a7-898b-4705-9cde-a07cf31e3aaa 1c2e411134f445f78b7490f13c1569e7 334435f8b8fe4ae5a132976ad8e4b4cc - - default default] 10.0.0.96 "GET /v2.0/vpn/endpoint-groups HTTP/1.1" status: 200 len: 827 time: 0.0117290
2026-05-18 01:50:52.680 9 INFO neutron.wsgi [None req-f0549098-e4f8-4f51-a639-1d7583a36ee0 1c2e411134f445f78b7490f13c1569e7 334435f8b8fe4ae5a132976ad8e4b4cc - - default default] 10.0.0.96 "GET /v2.0/vpn/endpoint-groups HTTP/1.1" status: 200 len: 827 time: 0.0110455
2026-05-18 01:50:52.693 9 WARNING neutron_lib.context [None req-93ff4ed8-77d0-471b-9c19-b6e86ade81e7 1c2e411134f445f78b7490f13c1569e7 334435f8b8fe4ae5a132976ad8e4b4cc - - default default] Method 'is_advsvc' is deprecated since 2023.2 release (neutron-lib 3.8.0) and will be removed once support for the old RBAC API policies will be removed from Neutron. Please use method 'is_service_role' instead.
2026-05-18 01:50:52.728 9 INFO neutron.wsgi [None req-93ff4ed8-77d0-471b-9c19-b6e86ade81e7 1c2e411134f445f78b7490f13c1569e7 334435f8b8fe4ae5a132976ad8e4b4cc - - default default] 10.0.0.96 "POST /v2.0/vpn/ikepolicies HTTP/1.1" status: 201 len: 601 time: 0.0416069
2026-05-18 01:50:52.769 10 INFO neutron.wsgi [None req-52f0a9a3-4496-477f-a3bb-388c18f12f58 1c2e411134f445f78b7490f13c1569e7 334435f8b8fe4ae5a132976ad8e4b4cc - - default default] 10.0.0.96 "PUT /v2.0/vpn/ikepolicies/5c9e019e-44f0-47dc-9bad-72e5aa9d4f22 HTTP/1.1" status: 200 len: 613 time: 0.0371089
2026-05-18 01:50:52.788 9 INFO neutron.wsgi [None req-6c06ff9e-709d-4022-a74f-163160034e8e 1c2e411134f445f78b7490f13c1569e7 334435f8b8fe4ae5a132976ad8e4b4cc - - default default] 10.0.0.96 "GET /v2.0/vpn/ikepolicies/5c9e019e-44f0-47dc-9bad-72e5aa9d4f22 HTTP/1.1" status: 200 len: 613 time: 0.0127218
2026-05-18 01:50:52.825 9 INFO neutron.wsgi [None req-43a112d2-f870-4a01-98ce-f4408556f44d 1c2e411134f445f78b7490f13c1569e7 334435f8b8fe4ae5a132976ad8e4b4cc - - default default] 10.0.0.96 "DELETE /v2.0/vpn/ikepolicies/5c9e019e-44f0-47dc-9bad-72e5aa9d4f22 HTTP/1.1" status: 204 len: 168 time: 0.0327256
2026-05-18 01:50:52.840 9 INFO neutron.wsgi [None req-fcb77925-cfac-45dd-9800-2c2d825c4577 1c2e411134f445f78b7490f13c1569e7 334435f8b8fe4ae5a132976ad8e4b4cc - - default default] 10.0.0.96 "GET /v2.0/vpn/ikepolicies HTTP/1.1" status: 200 len: 602 time: 0.0118363
2026-05-18 01:50:52.854 9 INFO neutron.wsgi [None req-088c38bb-6949-49cd-b8fd-c289b54875a7 1c2e411134f445f78b7490f13c1569e7 334435f8b8fe4ae5a132976ad8e4b4cc - - default default] 10.0.0.96 "GET /v2.0/vpn/ikepolicies HTTP/1.1" status: 200 len: 602 time: 0.0099585
2026-05-18 01:50:52.863 9 WARNING neutron_lib.context [None req-4d7f1956-bc4d-4bf7-9ba5-0b9ae7a3959e 1c2e411134f445f78b7490f13c1569e7 334435f8b8fe4ae5a132976ad8e4b4cc - - default default] Method 'is_advsvc' is deprecated since 2023.2 release (neutron-lib 3.8.0) and will be removed once support for the old RBAC API policies will be removed from Neutron. Please use method 'is_service_role' instead.
2026-05-18 01:50:52.899 9 INFO neutron.wsgi [None req-4d7f1956-bc4d-4bf7-9ba5-0b9ae7a3959e 1c2e411134f445f78b7490f13c1569e7 334435f8b8fe4ae5a132976ad8e4b4cc - - default default] 10.0.0.96 "POST /v2.0/vpn/ipsecpolicies HTTP/1.1" status: 201 len: 610 time: 0.0402453
2026-05-18 01:50:52.962 10 INFO neutron.wsgi [None req-222d448c-d44f-4471-a58f-b12919d3748a 1c2e411134f445f78b7490f13c1569e7 334435f8b8fe4ae5a132976ad8e4b4cc - - default default] 10.0.0.96 "PUT /v2.0/vpn/ipsecpolicies/99b18479-4095-4b37-971b-09ab6ee0a0bd HTTP/1.1" status: 200 len: 625 time: 0.0544813
2026-05-18 01:50:52.968 10 INFO neutron.db.l3_db [req-cd9f5fb3-b8b8-4f89-b8f3-97f76ea049ce req-f1caf8c9-b95c-40e4-a234-76717c1f99ec 91a5df1cc6d84289b845e5eda9a40714 b165cc527a724f64b48ef09f2e284b8c - - default default] Floating IP 90aa528a-ea1d-43b6-ae6d-6b1f996ba046 disassociated. External IP: 10.96.250.220, port: dfe8eb9b-e7c1-49e3-99c1-a68010688d44. /var/lib/openstack/lib/python3.10/site-packages/pycadf/identifier.py:71: UserWarning: Invalid uuid: neutron. To ensure interoperability, identifiers should be a valid uuid. warnings.warn(('Invalid uuid: %s. To ensure interoperability, '
2026-05-18 01:50:53.006 9 INFO neutron.wsgi [None req-7d95432c-3683-4d11-960f-a6f678b716a5 1c2e411134f445f78b7490f13c1569e7 334435f8b8fe4ae5a132976ad8e4b4cc - - default default] 10.0.0.96 "DELETE /v2.0/vpn/ipsecpolicies/99b18479-4095-4b37-971b-09ab6ee0a0bd HTTP/1.1" status: 204 len: 168 time: 0.0383470
2026-05-18 01:50:53.025 10 INFO neutron.api.v2.resource [None req-e36ac583-5af2-419c-a0c8-221473fb89e8 1c2e411134f445f78b7490f13c1569e7 334435f8b8fe4ae5a132976ad8e4b4cc - - default default] delete failed (client error): The resource could not be found.
2026-05-18 01:50:53.026 10 INFO neutron.wsgi [None req-e36ac583-5af2-419c-a0c8-221473fb89e8 1c2e411134f445f78b7490f13c1569e7 334435f8b8fe4ae5a132976ad8e4b4cc - - default default] 10.0.0.96 "DELETE /v2.0/vpn/ipsecpolicies/99b18479-4095-4b37-971b-09ab6ee0a0bd HTTP/1.1" status: 404 len: 346 time: 0.0144587
2026-05-18 01:50:53.055 10 INFO neutron.api.v2.resource [None req-93b8ace9-e70d-43e1-9d81-134404044938 1c2e411134f445f78b7490f13c1569e7 334435f8b8fe4ae5a132976ad8e4b4cc - - default default] delete failed (client error): The resource could not be found.
2026-05-18 01:50:53.056 10 INFO neutron.wsgi [None req-93b8ace9-e70d-43e1-9d81-134404044938 1c2e411134f445f78b7490f13c1569e7 334435f8b8fe4ae5a132976ad8e4b4cc - - default default] 10.0.0.96 "DELETE /v2.0/vpn/ipsecpolicies/99b18479-4095-4b37-971b-09ab6ee0a0bd HTTP/1.1" status: 404 len: 346 time: 0.0193138
2026-05-18 01:50:53.069 9 WARNING neutron_lib.context [None req-6d77f29c-787a-4f43-94b2-df73f4ee1aef 1c2e411134f445f78b7490f13c1569e7 334435f8b8fe4ae5a132976ad8e4b4cc - - default default] Method 'is_advsvc' is deprecated since 2023.2 release (neutron-lib 3.8.0) and will be removed once support for the old RBAC API policies will be removed from Neutron. Please use method 'is_service_role' instead.
2026-05-18 01:50:53.114 10 INFO neutron.wsgi [req-cd9f5fb3-b8b8-4f89-b8f3-97f76ea049ce req-f1caf8c9-b95c-40e4-a234-76717c1f99ec 91a5df1cc6d84289b845e5eda9a40714 b165cc527a724f64b48ef09f2e284b8c - - default default] 199.204.45.4 "DELETE /v2.0/ports/dfe8eb9b-e7c1-49e3-99c1-a68010688d44 HTTP/1.1" status: 204 len: 173 time: 0.5948358
2026-05-18 01:50:53.165 10 INFO neutron.notifiers.nova [-] Nova event matching ['req-4ae9e3a1-d11c-4ea4-b1fc-5b6d05ba68a1'] response: {'server_uuid': 'cf60b521-546b-4c55-90da-d6e82850e1e3', 'name': 'network-vif-deleted', 'tag': 'dfe8eb9b-e7c1-49e3-99c1-a68010688d44', 'status': 'completed', 'code': 200}
2026-05-18 01:50:53.171 9 INFO neutron.db.segments_db [None req-6d77f29c-787a-4f43-94b2-df73f4ee1aef 1c2e411134f445f78b7490f13c1569e7 334435f8b8fe4ae5a132976ad8e4b4cc - - default default] Added segment 459a4240-a5fa-4225-a65e-18736f0c74f4 of type geneve for network 6cd42445-7a5a-4676-a366-0bf0574ffec9
2026-05-18 01:50:53.483 10 INFO neutron.wsgi [req-8f10f499-bd60-4e91-bf57-be364638a474 req-ede08559-45ce-4c5c-94fd-9b8d1e80e818 91a5df1cc6d84289b845e5eda9a40714 b165cc527a724f64b48ef09f2e284b8c - - default default] 10.0.0.52 "GET /v2.0/ports?device_id=cf60b521-546b-4c55-90da-d6e82850e1e3 HTTP/1.1" status: 200 len: 210 time: 0.0260303
2026-05-18 01:50:53.677 9 INFO neutron.db.ovn_revision_numbers_db [None req-6d77f29c-787a-4f43-94b2-df73f4ee1aef 1c2e411134f445f78b7490f13c1569e7 334435f8b8fe4ae5a132976ad8e4b4cc - - default default] Successfully bumped revision number for resource 6cd42445-7a5a-4676-a366-0bf0574ffec9 (type: networks) to 1
2026-05-18 01:50:53.962 9 WARNING neutron.scheduler.dhcp_agent_scheduler [None req-6d77f29c-787a-4f43-94b2-df73f4ee1aef 1c2e411134f445f78b7490f13c1569e7 334435f8b8fe4ae5a132976ad8e4b4cc - - default default] No more DHCP agents
2026-05-18 01:50:53.964 9 WARNING neutron.api.rpc.agentnotifiers.dhcp_rpc_agent_api [None req-6d77f29c-787a-4f43-94b2-df73f4ee1aef 1c2e411134f445f78b7490f13c1569e7 334435f8b8fe4ae5a132976ad8e4b4cc - - default default] Unable to schedule network 6cd42445-7a5a-4676-a366-0bf0574ffec9: no agents available; will retry on subsequent port and subnet creation events.
2026-05-18 01:50:54.050 9 INFO neutron.db.ovn_revision_numbers_db [None req-6d77f29c-787a-4f43-94b2-df73f4ee1aef 1c2e411134f445f78b7490f13c1569e7 334435f8b8fe4ae5a132976ad8e4b4cc - - default default] Successfully bumped revision number for resource d254fe07-fa1d-4211-a072-6c6a3be804e9 (type: ports) to 1
2026-05-18 01:50:54.069 9 INFO neutron.wsgi [None req-6d77f29c-787a-4f43-94b2-df73f4ee1aef 1c2e411134f445f78b7490f13c1569e7 334435f8b8fe4ae5a132976ad8e4b4cc - - default default] 10.0.0.96 "POST /v2.0/networks HTTP/1.1" status: 201 len: 831 time: 1.0062723
2026-05-18 01:50:54.077 9 WARNING neutron_lib.context [None req-6c02b2ff-0f9d-4666-815a-f27e8d97b031 1c2e411134f445f78b7490f13c1569e7 334435f8b8fe4ae5a132976ad8e4b4cc - - default default] Method 'is_advsvc' is deprecated since 2023.2 release (neutron-lib 3.8.0) and will be removed once support for the old RBAC API policies will be removed from Neutron. Please use method 'is_service_role' instead.
2026-05-18 01:50:54.136 10 WARNING neutron_lib.context [None req-417634b6-d72c-4ec1-8165-34c16d67a216 f7b6a962ecbd4cc581defa830dc58bfc f17458cd12fe455bbdbe35f102815f35 - - default default] Method 'is_advsvc' is deprecated since 2023.2 release (neutron-lib 3.8.0) and will be removed once support for the old RBAC API policies will be removed from Neutron. Please use method 'is_service_role' instead.
2026-05-18 01:50:54.290 10 INFO neutron.db.ovn_revision_numbers_db [None req-417634b6-d72c-4ec1-8165-34c16d67a216 f7b6a962ecbd4cc581defa830dc58bfc f17458cd12fe455bbdbe35f102815f35 - - default default] Successfully bumped revision number for resource 42042422-d3a9-42e5-b89f-d4cc5c754454 (type: security_groups) to 1
2026-05-18 01:50:54.303 10 INFO neutron.db.ovn_revision_numbers_db [None req-417634b6-d72c-4ec1-8165-34c16d67a216 f7b6a962ecbd4cc581defa830dc58bfc f17458cd12fe455bbdbe35f102815f35 - - default default] Successfully bumped revision number for resource 496822a4-d18a-44dd-9ee3-74fd76285eca (type: security_group_rules) to 0
2026-05-18 01:50:54.318 10 INFO neutron.db.ovn_revision_numbers_db [None req-417634b6-d72c-4ec1-8165-34c16d67a216 f7b6a962ecbd4cc581defa830dc58bfc f17458cd12fe455bbdbe35f102815f35 - - default default] Successfully bumped revision number for resource 50100d0a-6164-4d7a-b70b-e264805cb170 (type: security_group_rules) to 0
2026-05-18 01:50:54.333 10 INFO neutron.db.ovn_revision_numbers_db [None req-417634b6-d72c-4ec1-8165-34c16d67a216 f7b6a962ecbd4cc581defa830dc58bfc f17458cd12fe455bbdbe35f102815f35 - - default default] Successfully bumped revision number for resource 729e9ea0-f7c0-4211-a1c3-feaec1abde32 (type: security_group_rules) to 0
2026-05-18 01:50:54.348 10 INFO neutron.db.ovn_revision_numbers_db [None req-417634b6-d72c-4ec1-8165-34c16d67a216 f7b6a962ecbd4cc581defa830dc58bfc f17458cd12fe455bbdbe35f102815f35 - - default default] Successfully bumped revision number for resource e3cff459-6a42-427c-a074-50f1c11b292d (type: security_group_rules) to 0
2026-05-18 01:50:54.372 9 WARNING neutron.scheduler.dhcp_agent_scheduler [None req-6c02b2ff-0f9d-4666-815a-f27e8d97b031 1c2e411134f445f78b7490f13c1569e7 334435f8b8fe4ae5a132976ad8e4b4cc - - default default] No more DHCP agents
2026-05-18 01:50:54.373 9 WARNING neutron.api.rpc.agentnotifiers.dhcp_rpc_agent_api [None req-6c02b2ff-0f9d-4666-815a-f27e8d97b031 1c2e411134f445f78b7490f13c1569e7 334435f8b8fe4ae5a132976ad8e4b4cc - - default default] Unable to schedule network 6cd42445-7a5a-4676-a366-0bf0574ffec9: no agents available; will retry on subsequent port and subnet creation events.
2026-05-18 01:50:54.444 9 INFO neutron.notifiers.nova [-] Nova event matching ['req-f5f9701c-a3a2-4147-8c67-2928bdc066c7'] response: {'server_uuid': 'cf60b521-546b-4c55-90da-d6e82850e1e3', 'name': 'network-vif-unplugged', 'status': 'completed', 'tag': 'dfe8eb9b-e7c1-49e3-99c1-a68010688d44', 'code': 200}
2026-05-18 01:50:54.454 10 INFO neutron.db.ovn_revision_numbers_db [None req-417634b6-d72c-4ec1-8165-34c16d67a216 f7b6a962ecbd4cc581defa830dc58bfc f17458cd12fe455bbdbe35f102815f35 - - default default] Successfully bumped revision number for resource ce530cac-3f38-40ad-905f-e2a9bca9c412 (type: security_groups) to 1
2026-05-18 01:50:54.465 10 INFO neutron.db.ovn_revision_numbers_db [None req-417634b6-d72c-4ec1-8165-34c16d67a216 f7b6a962ecbd4cc581defa830dc58bfc f17458cd12fe455bbdbe35f102815f35 - - default default] Successfully bumped revision number for resource 26bb1108-99cc-4655-b6c3-3b676ace84d1 (type: security_group_rules) to 0
2026-05-18 01:50:54.480 10 INFO neutron.db.ovn_revision_numbers_db [None req-417634b6-d72c-4ec1-8165-34c16d67a216 f7b6a962ecbd4cc581defa830dc58bfc f17458cd12fe455bbdbe35f102815f35 - - default default] Successfully bumped revision number for resource 73aee74f-4242-4520-ba8b-7614ab613776 (type: security_group_rules) to 0
2026-05-18 01:50:54.517 10 INFO neutron.wsgi [None req-417634b6-d72c-4ec1-8165-34c16d67a216 f7b6a962ecbd4cc581defa830dc58bfc f17458cd12fe455bbdbe35f102815f35 - - default default] 10.0.0.96 "POST /v2.0/security-groups HTTP/1.1" status: 201 len: 1801 time: 0.6212409
2026-05-18 01:50:54.563 10 INFO neutron.wsgi [None req-df7a76c1-0009-4959-b056-4630f3dcb573 f7b6a962ecbd4cc581defa830dc58bfc f17458cd12fe455bbdbe35f102815f35 - - default default] 10.0.0.96 "PUT /v2.0/security-groups/ce530cac-3f38-40ad-905f-e2a9bca9c412/tags HTTP/1.1" status: 200 len: 218 time: 0.0401556
2026-05-18 01:50:54.591 10 INFO neutron.wsgi [None req-ae956ea4-aeec-4b4f-8fee-382ec396da41 f7b6a962ecbd4cc581defa830dc58bfc f17458cd12fe455bbdbe35f102815f35 - - default default] 10.0.0.96 "GET /v2.0/security-groups/ce530cac-3f38-40ad-905f-e2a9bca9c412/tags HTTP/1.1" status: 200 len: 218 time: 0.0227692
2026-05-18 01:50:54.631 10 INFO neutron.wsgi [None req-cb455985-18d0-45ac-8b26-568fa4c2fb01 f7b6a962ecbd4cc581defa830dc58bfc f17458cd12fe455bbdbe35f102815f35 - - default default] 10.0.0.96 "PUT /v2.0/security-groups/ce530cac-3f38-40ad-905f-e2a9bca9c412/tags/green HTTP/1.1" status: 201 len: 201 time: 0.0353198
2026-05-18 01:50:54.656 10 INFO neutron.wsgi [None req-f454816e-c701-4b39-8a48-3587ae788f55 f7b6a962ecbd4cc581defa830dc58bfc f17458cd12fe455bbdbe35f102815f35 - - default default] 10.0.0.96 "GET /v2.0/security-groups/ce530cac-3f38-40ad-905f-e2a9bca9c412/tags HTTP/1.1" status: 200 len: 227 time: 0.0203080
2026-05-18 01:50:54.694 10 INFO neutron.wsgi [None req-57ce2cfd-27a7-483a-b8f6-cccb72772dea f7b6a962ecbd4cc581defa830dc58bfc f17458cd12fe455bbdbe35f102815f35 - - default default] 10.0.0.96 "PUT /v2.0/security-groups/ce530cac-3f38-40ad-905f-e2a9bca9c412/tags/red HTTP/1.1" status: 201 len: 201 time: 0.0252247
2026-05-18 01:50:54.717 10 INFO neutron.wsgi [None req-209c1cf0-cfa5-413e-a2c6-97dc1408e4f3 f7b6a962ecbd4cc581defa830dc58bfc f17458cd12fe455bbdbe35f102815f35 - - default default] 10.0.0.96 "GET /v2.0/security-groups/ce530cac-3f38-40ad-905f-e2a9bca9c412/tags HTTP/1.1" status: 200 len: 227 time: 0.0196962
2026-05-18 01:50:54.760 10 INFO neutron.wsgi [None req-e05608a4-d09f-4ead-aff1-554fa0d837b3 f7b6a962ecbd4cc581defa830dc58bfc f17458cd12fe455bbdbe35f102815f35 - - default default] 10.0.0.96 "PUT /v2.0/security-groups/ce530cac-3f38-40ad-905f-e2a9bca9c412/tags/black.or.white HTTP/1.1" status: 201 len: 201 time: 0.0381095
2026-05-18 01:50:54.795 10 INFO neutron.wsgi [None req-b69b2644-63ea-4d47-818d-f0762076adc4 f7b6a962ecbd4cc581defa830dc58bfc f17458cd12fe455bbdbe35f102815f35 - - default default] 10.0.0.96 "GET /v2.0/security-groups/ce530cac-3f38-40ad-905f-e2a9bca9c412/tags HTTP/1.1" status: 200 len: 245 time: 0.0274296
2026-05-18 01:50:54.808 9 INFO neutron.wsgi [None req-6eaaea75-b4d1-4aef-a080-f21b7d535d38 91a5df1cc6d84289b845e5eda9a40714 b165cc527a724f64b48ef09f2e284b8c - - default default] 10.0.0.96 "DELETE /v2.0/security-groups/23672259-d95c-4d5a-804c-362e61484163 HTTP/1.1" status: 204 len: 168 time: 0.2694268
2026-05-18 01:50:54.840 10 INFO neutron.wsgi [None req-f25d6fc6-9abe-4acc-8209-5e2704863bb2 f7b6a962ecbd4cc581defa830dc58bfc f17458cd12fe455bbdbe35f102815f35 - - default default] 10.0.0.96 "PUT /v2.0/security-groups/ce530cac-3f38-40ad-905f-e2a9bca9c412/tags HTTP/1.1" status: 200 len: 230 time: 0.0370820
2026-05-18 01:50:54.906 9 INFO neutron.wsgi [None req-7e3d7dff-c7e9-4efc-894b-628e46a29567 f7b6a962ecbd4cc581defa830dc58bfc f17458cd12fe455bbdbe35f102815f35 - - default default] 10.0.0.96 "GET /v2.0/security-groups/ce530cac-3f38-40ad-905f-e2a9bca9c412/tags HTTP/1.1" status: 200 len: 230 time: 0.0592325
2026-05-18 01:50:54.942 9 INFO neutron.wsgi [None req-03786b02-11ec-4f56-81f9-d7bdba78b5c1 f7b6a962ecbd4cc581defa830dc58bfc f17458cd12fe455bbdbe35f102815f35 - - default default] 10.0.0.96 "GET /v2.0/security-groups/ce530cac-3f38-40ad-905f-e2a9bca9c412/tags/red HTTP/1.1" status: 204 len: 168 time: 0.0297501
2026-05-18 01:50:54.987 10 INFO neutron.api.v2.resource [None req-beedbd98-d52a-44ac-bccb-cdd04555f29e f7b6a962ecbd4cc581defa830dc58bfc f17458cd12fe455bbdbe35f102815f35 - - default default] show failed (client error): The resource could not be found.
2026-05-18 01:50:54.989 10 INFO neutron.wsgi [None req-beedbd98-d52a-44ac-bccb-cdd04555f29e f7b6a962ecbd4cc581defa830dc58bfc f17458cd12fe455bbdbe35f102815f35 - - default default] 10.0.0.96 "GET /v2.0/security-groups/ce530cac-3f38-40ad-905f-e2a9bca9c412/tags/green HTTP/1.1" status: 404 len: 299 time: 0.0416276
2026-05-18 01:50:55.038 10 INFO neutron.wsgi [None req-9863e37d-077f-4927-905f-4fb1e66f8952 f7b6a962ecbd4cc581defa830dc58bfc f17458cd12fe455bbdbe35f102815f35 - - default default] 10.0.0.96 "DELETE /v2.0/security-groups/ce530cac-3f38-40ad-905f-e2a9bca9c412/tags/red HTTP/1.1" status: 204 len: 168 time: 0.0423181
2026-05-18 01:50:55.081 10 INFO neutron.wsgi [None req-c79ad31c-22a8-414b-af03-c2a76e4e8c53 f7b6a962ecbd4cc581defa830dc58bfc f17458cd12fe455bbdbe35f102815f35 - - default default] 10.0.0.96 "GET /v2.0/security-groups/ce530cac-3f38-40ad-905f-e2a9bca9c412/tags HTTP/1.1" status: 200 len: 223 time: 0.0390456
2026-05-18 01:50:55.117 10 INFO neutron.api.v2.resource [None req-9f32f203-f9b7-48ad-9191-4cc24661c3d1 f7b6a962ecbd4cc581defa830dc58bfc f17458cd12fe455bbdbe35f102815f35 - - default default] delete failed (client error): The resource could not be found.
2026-05-18 01:50:55.119 10 INFO neutron.wsgi [None req-9f32f203-f9b7-48ad-9191-4cc24661c3d1 f7b6a962ecbd4cc581defa830dc58bfc f17458cd12fe455bbdbe35f102815f35 - - default default] 10.0.0.96 "DELETE /v2.0/security-groups/ce530cac-3f38-40ad-905f-e2a9bca9c412/tags/green HTTP/1.1" status: 404 len: 299 time: 0.0340614
2026-05-18 01:50:55.122 9 INFO neutron.db.ovn_revision_numbers_db [None req-6c02b2ff-0f9d-4666-815a-f27e8d97b031 1c2e411134f445f78b7490f13c1569e7 334435f8b8fe4ae5a132976ad8e4b4cc - - default default] Successfully bumped revision number for resource d254fe07-fa1d-4211-a072-6c6a3be804e9 (type: ports) to 2
2026-05-18 01:50:55.180 9 INFO neutron.db.ovn_revision_numbers_db [None req-6c02b2ff-0f9d-4666-815a-f27e8d97b031 1c2e411134f445f78b7490f13c1569e7 334435f8b8fe4ae5a132976ad8e4b4cc - - default default] Successfully bumped revision number for resource 3d528c7d-f476-42c6-9130-d0cfea5b21b9 (type: subnets) to 0
2026-05-18 01:50:55.203 9 INFO neutron.wsgi [None req-e7e28b72-d4c3-4190-b441-5c89915d18ab f7b6a962ecbd4cc581defa830dc58bfc f17458cd12fe455bbdbe35f102815f35 - - default default] 10.0.0.96 "DELETE /v2.0/security-groups/ce530cac-3f38-40ad-905f-e2a9bca9c412/tags HTTP/1.1" status: 204 len: 168 time: 0.0770583
2026-05-18 01:50:55.208 9 INFO neutron.wsgi [None req-6c02b2ff-0f9d-4666-815a-f27e8d97b031 1c2e411134f445f78b7490f13c1569e7 334435f8b8fe4ae5a132976ad8e4b4cc - - default default] 10.0.0.96 "POST /v2.0/subnets HTTP/1.1" status: 201 len: 804 time: 1.1347363
2026-05-18 01:50:55.218 9 WARNING neutron_lib.context [None req-93f04c3c-e13f-4058-9d9a-4ebc31e91e32 1c2e411134f445f78b7490f13c1569e7 334435f8b8fe4ae5a132976ad8e4b4cc - - default default] Method 'is_advsvc' is deprecated since 2023.2 release (neutron-lib 3.8.0) and will be removed once support for the old RBAC API policies will be removed from Neutron. Please use method 'is_service_role' instead.
2026-05-18 01:50:55.241 10 INFO neutron.wsgi [None req-5e0f64a9-6eeb-4b26-bf43-9a8f0c23d24d f7b6a962ecbd4cc581defa830dc58bfc f17458cd12fe455bbdbe35f102815f35 - - default default] 10.0.0.96 "GET /v2.0/security-groups/ce530cac-3f38-40ad-905f-e2a9bca9c412/tags HTTP/1.1" status: 200 len: 205 time: 0.0335340
2026-05-18 01:50:55.273 10 INFO neutron.wsgi [None req-764af0f4-5998-46d9-9377-c14b342b1675 91a5df1cc6d84289b845e5eda9a40714 b165cc527a724f64b48ef09f2e284b8c - - default default] 10.0.0.96 "DELETE /v2.0/floatingips/90aa528a-ea1d-43b6-ae6d-6b1f996ba046 HTTP/1.1" status: 204 len: 168 time: 0.4307580
2026-05-18 01:50:55.381 10 INFO neutron.wsgi [None req-9b0880ca-09de-40dd-ac04-1d7034acf9ce f7b6a962ecbd4cc581defa830dc58bfc f17458cd12fe455bbdbe35f102815f35 - - default default] 10.0.0.96 "DELETE /v2.0/security-groups/ce530cac-3f38-40ad-905f-e2a9bca9c412 HTTP/1.1" status: 204 len: 168 time: 0.1338675
2026-05-18 01:50:55.527 10 INFO neutron.plugins.ml2.drivers.ovn.mech_driver.mech_driver [None req-48ed0517-8119-473d-9e0a-ca357ec93912 - - - - - -] OVN reports status down for port: 8729011a-9805-4551-b917-d83edaa3546a
2026-05-18 01:50:55.652 9 INFO neutron.wsgi [req-30aadd80-9602-497d-8bf5-a57b402529ac req-08e099ba-6a36-47ec-943f-63f85b720865 91a5df1cc6d84289b845e5eda9a40714 b165cc527a724f64b48ef09f2e284b8c - - default default] 10.0.0.52 "GET /v2.0/ports?device_id=705e9cb2-c9a5-428d-98b6-cdf405da8f4f HTTP/1.1" status: 200 len: 1174 time: 0.1740298
2026-05-18 01:50:55.703 10 INFO neutron.notifiers.nova [-] Nova event matching ['req-4270de94-26e3-4d2d-902d-2a3f4e8aa3f8'] response: {'server_uuid': '705e9cb2-c9a5-428d-98b6-cdf405da8f4f', 'name': 'network-vif-unplugged', 'status': 'completed', 'tag': '8729011a-9805-4551-b917-d83edaa3546a', 'code': 200}
2026-05-18 01:50:55.725 9 INFO neutron.wsgi [req-30aadd80-9602-497d-8bf5-a57b402529ac req-9861aa3d-a73a-4399-80e5-78d904ed26ef 91a5df1cc6d84289b845e5eda9a40714 b165cc527a724f64b48ef09f2e284b8c - - default default] 10.0.0.52 "GET /v2.0/security-groups?id=c1f00455-f932-4d61-bc22-f09758d56e37&fields=id&fields=name HTTP/1.1" status: 200 len: 312 time: 0.0628402
2026-05-18 01:50:55.876 10 INFO neutron.wsgi [req-3ba78308-e38b-4e3f-a47a-9e35808ada31 req-524acaa5-0ccb-4323-a80b-09c8dd574618 91a5df1cc6d84289b845e5eda9a40714 b165cc527a724f64b48ef09f2e284b8c - - default default] 199.204.45.4 "GET /v2.0/ports?device_id=705e9cb2-c9a5-428d-98b6-cdf405da8f4f HTTP/1.1" status: 200 len: 1172 time: 0.0482442
2026-05-18 01:50:55.930 10 INFO neutron.db.ovn_revision_numbers_db [None req-48ed0517-8119-473d-9e0a-ca357ec93912 - - - - - -] Successfully bumped revision number for resource 8729011a-9805-4551-b917-d83edaa3546a (type: ports) to 5
2026-05-18 01:50:55.975 9 WARNING neutron.scheduler.dhcp_agent_scheduler [None req-93f04c3c-e13f-4058-9d9a-4ebc31e91e32 1c2e411134f445f78b7490f13c1569e7 334435f8b8fe4ae5a132976ad8e4b4cc - - default default] No more DHCP agents
2026-05-18 01:50:55.980 9 WARNING neutron.api.rpc.agentnotifiers.dhcp_rpc_agent_api [None req-93f04c3c-e13f-4058-9d9a-4ebc31e91e32 1c2e411134f445f78b7490f13c1569e7 334435f8b8fe4ae5a132976ad8e4b4cc - - default default] Unable to schedule network 5afd9e4d-2e2b-44a5-bd83-1bc4b43c35ba: no agents available; will retry on subsequent port and subnet creation events.
2026-05-18 01:50:56.188 9 INFO neutron.db.ovn_revision_numbers_db [None req-93f04c3c-e13f-4058-9d9a-4ebc31e91e32 1c2e411134f445f78b7490f13c1569e7 334435f8b8fe4ae5a132976ad8e4b4cc - - default default] Successfully bumped revision number for resource 77f4ea2f-4c3e-4946-873f-e925fc90a7f3 (type: ports) to 1 /var/lib/openstack/lib/python3.10/site-packages/pycadf/identifier.py:71: UserWarning: Invalid uuid: neutron. To ensure interoperability, identifiers should be a valid uuid. warnings.warn(('Invalid uuid: %s. To ensure interoperability, '
2026-05-18 01:50:56.513 10 INFO neutron.db.ovn_revision_numbers_db [None req-50e7c2a8-a48f-42a3-9c87-849e9551eebb 94bc3f0650194a7aa50b84a3e3a62c70 535ba092ed774de19d4ad28accdc03ef - - default default] Successfully bumped revision number for resource 4c8675dd-c1bd-400b-a5d0-880379031af8 (type: security_groups) to 1
2026-05-18 01:50:56.540 10 INFO neutron.db.ovn_revision_numbers_db [None req-50e7c2a8-a48f-42a3-9c87-849e9551eebb 94bc3f0650194a7aa50b84a3e3a62c70 535ba092ed774de19d4ad28accdc03ef - - default default] Successfully bumped revision number for resource 0081404c-090f-4e23-8a66-c27d3df1376b (type: security_group_rules) to 0
2026-05-18 01:50:56.564 10 INFO neutron.wsgi [req-3ba78308-e38b-4e3f-a47a-9e35808ada31 req-e2a1f2c9-24d4-4b63-a8f2-2833431ad8bf 91a5df1cc6d84289b845e5eda9a40714 b165cc527a724f64b48ef09f2e284b8c - - default default] 199.204.45.4 "DELETE /v2.0/ports/8729011a-9805-4551-b917-d83edaa3546a HTTP/1.1" status: 204 len: 173 time: 0.6762071
2026-05-18 01:50:56.564 10 INFO neutron.db.ovn_revision_numbers_db [None req-50e7c2a8-a48f-42a3-9c87-849e9551eebb 94bc3f0650194a7aa50b84a3e3a62c70 535ba092ed774de19d4ad28accdc03ef - - default default] Successfully bumped revision number for resource 4806cce6-56fb-4470-bdcc-01fe9d177859 (type: security_group_rules) to 0
2026-05-18 01:50:56.581 10 INFO neutron.db.ovn_revision_numbers_db [None req-50e7c2a8-a48f-42a3-9c87-849e9551eebb 94bc3f0650194a7aa50b84a3e3a62c70 535ba092ed774de19d4ad28accdc03ef - - default default] Successfully bumped revision number for resource 5f6ad93b-29cd-4afc-ba87-d8c49ada7b7a (type: security_group_rules) to 0
2026-05-18 01:50:56.594 10 INFO neutron.db.ovn_revision_numbers_db [None req-50e7c2a8-a48f-42a3-9c87-849e9551eebb 94bc3f0650194a7aa50b84a3e3a62c70 535ba092ed774de19d4ad28accdc03ef - - default default] Successfully bumped revision number for resource 91150b60-2639-464d-99ec-1c693ffdd203 (type: security_group_rules) to 0
2026-05-18 01:50:56.614 10 INFO neutron.wsgi [None req-50e7c2a8-a48f-42a3-9c87-849e9551eebb 94bc3f0650194a7aa50b84a3e3a62c70 535ba092ed774de19d4ad28accdc03ef - - default default] 10.0.0.96 "GET /v2.0/security-groups?tenant_id=2e8d637c30b147ac99955bbe33f4d7cd&name=default HTTP/1.1" status: 200 len: 3120 time: 0.3657043
2026-05-18 01:50:56.831 9 INFO neutron.wsgi [req-bf6effa1-642e-4568-b867-42ba7e53414e req-84f16ae5-3dbe-4ab0-b815-5eb9fc14964e 91a5df1cc6d84289b845e5eda9a40714 b165cc527a724f64b48ef09f2e284b8c - - default default] 10.0.0.52 "GET /v2.0/ports?device_id=705e9cb2-c9a5-428d-98b6-cdf405da8f4f HTTP/1.1" status: 200 len: 210 time: 0.0250130
2026-05-18 01:50:56.962 9 INFO neutron.wsgi [None req-7df6af16-36a2-42d8-9942-63293bf29113 94bc3f0650194a7aa50b84a3e3a62c70 535ba092ed774de19d4ad28accdc03ef - - default default] 10.0.0.96 "DELETE /v2.0/security-groups/4c8675dd-c1bd-400b-a5d0-880379031af8 HTTP/1.1" status: 204 len: 168 time: 0.3426061
2026-05-18 01:50:57.091 10 INFO neutron.wsgi [None req-861874c3-657f-4754-bbe2-2d9bc541de0c 94bc3f0650194a7aa50b84a3e3a62c70 535ba092ed774de19d4ad28accdc03ef - - default default] 10.0.0.96 "GET /v2.0/security-groups?tenant_id=f17458cd12fe455bbdbe35f102815f35&name=default HTTP/1.1" status: 200 len: 3120 time: 0.0405931
2026-05-18 01:50:57.206 9 INFO neutron.plugins.ml2.drivers.ovn.mech_driver.ovsdb.commands [None req-512b7c26-1d4e-47dd-a902-fd526796f440 - - - - - -] Schedule LRP lrp-77f4ea2f-4c3e-4946-873f-e925fc90a7f3 on gateway 5ff714ae-1e12-4f07-8a78-606a8bbbbcbb with priority 1
2026-05-18 01:50:57.216 10 INFO neutron.plugins.ml2.drivers.ovn.mech_driver.mech_driver [None req-48ed0517-8119-473d-9e0a-ca357ec93912 - - - - - -] OVN reports status up for port: 77f4ea2f-4c3e-4946-873f-e925fc90a7f3
2026-05-18 01:50:57.227 10 INFO neutron.plugins.ml2.plugin [None req-48ed0517-8119-473d-9e0a-ca357ec93912 - - - - - -] Attempt 1 to provision port 77f4ea2f-4c3e-4946-873f-e925fc90a7f3
2026-05-18 01:50:57.262 9 INFO neutron.db.ovn_revision_numbers_db [None req-93f04c3c-e13f-4058-9d9a-4ebc31e91e32 1c2e411134f445f78b7490f13c1569e7 334435f8b8fe4ae5a132976ad8e4b4cc - - default default] Successfully bumped revision number for resource 77f4ea2f-4c3e-4946-873f-e925fc90a7f3 (type: router_ports) to 1
2026-05-18 01:50:57.347 9 INFO neutron.db.ovn_revision_numbers_db [None req-93f04c3c-e13f-4058-9d9a-4ebc31e91e32 1c2e411134f445f78b7490f13c1569e7 334435f8b8fe4ae5a132976ad8e4b4cc - - default default] Successfully bumped revision number for resource f81192da-eb42-490f-986c-eeb7e561911a (type: routers) to 2
2026-05-18 01:50:57.348 10 INFO neutron.wsgi [None req-f72eee33-2d62-4b4e-a4c6-cf5649ca2146 94bc3f0650194a7aa50b84a3e3a62c70 535ba092ed774de19d4ad28accdc03ef - - default default] 10.0.0.96 "DELETE /v2.0/security-groups/42042422-d3a9-42e5-b89f-d4cc5c754454 HTTP/1.1" status: 204 len: 168 time: 0.2510784
2026-05-18 01:50:57.368 9 INFO neutron.wsgi [None req-93f04c3c-e13f-4058-9d9a-4ebc31e91e32 1c2e411134f445f78b7490f13c1569e7 334435f8b8fe4ae5a132976ad8e4b4cc - - default default] 10.0.0.96 "POST /v2.0/routers HTTP/1.1" status: 201 len: 1136 time: 2.1556103
2026-05-18 01:50:57.881 9 INFO neutron.db.ovn_revision_numbers_db [None req-61bb22bc-1017-4df9-b323-2936976b232e 94bc3f0650194a7aa50b84a3e3a62c70 535ba092ed774de19d4ad28accdc03ef - - default default] Successfully bumped revision number for resource 84a218c1-4286-4f3a-b9dd-c89aad8e255b (type: security_groups) to 1
2026-05-18 01:50:57.882 10 INFO neutron.notifiers.nova [-] Nova event matching ['req-53d887e5-8291-48a7-a0e5-2fcfeb0bc7b6'] response: {'server_uuid': '705e9cb2-c9a5-428d-98b6-cdf405da8f4f', 'name': 'network-vif-unplugged', 'status': 'completed', 'tag': '8729011a-9805-4551-b917-d83edaa3546a', 'code': 200}
2026-05-18 01:50:57.883 10 INFO neutron.notifiers.nova [-] Nova event matching ['req-53d887e5-8291-48a7-a0e5-2fcfeb0bc7b6'] response: {'server_uuid': '705e9cb2-c9a5-428d-98b6-cdf405da8f4f', 'name': 'network-vif-deleted', 'tag': '8729011a-9805-4551-b917-d83edaa3546a', 'status': 'completed', 'code': 200}
2026-05-18 01:50:57.899 9 INFO neutron.db.ovn_revision_numbers_db [None req-61bb22bc-1017-4df9-b323-2936976b232e 94bc3f0650194a7aa50b84a3e3a62c70 535ba092ed774de19d4ad28accdc03ef - - default default] Successfully bumped revision number for resource 82aa9466-61b3-4638-aba8-1217a28ccb6d (type: security_group_rules) to 0
2026-05-18 01:50:57.915 9 INFO neutron.db.ovn_revision_numbers_db [None req-61bb22bc-1017-4df9-b323-2936976b232e 94bc3f0650194a7aa50b84a3e3a62c70 535ba092ed774de19d4ad28accdc03ef - - default default] Successfully bumped revision number for resource d1519a03-c1d1-429b-9e5f-548da298b021 (type: security_group_rules) to 0
2026-05-18 01:50:57.948 9 INFO neutron.db.ovn_revision_numbers_db [None req-61bb22bc-1017-4df9-b323-2936976b232e 94bc3f0650194a7aa50b84a3e3a62c70 535ba092ed774de19d4ad28accdc03ef - - default default] Successfully bumped revision number for resource d997cf5d-963f-4132-8dd2-05182dc87784 (type: security_group_rules) to 0
2026-05-18 01:50:57.988 9 INFO neutron.db.ovn_revision_numbers_db [None req-61bb22bc-1017-4df9-b323-2936976b232e 94bc3f0650194a7aa50b84a3e3a62c70 535ba092ed774de19d4ad28accdc03ef - - default default] Successfully bumped revision number for resource ec8c9d9a-41a4-425b-9842-26c0b47ba795 (type: security_group_rules) to 0
2026-05-18 01:50:58.040 9 INFO neutron.wsgi [None req-61bb22bc-1017-4df9-b323-2936976b232e 94bc3f0650194a7aa50b84a3e3a62c70 535ba092ed774de19d4ad28accdc03ef - - default default] 10.0.0.96 "GET /v2.0/security-groups?tenant_id=725ae2192a0045caaa7eb48c0a0b05c0&name=default HTTP/1.1" status: 200 len: 3120 time: 0.6260109
2026-05-18 01:50:58.071 10 INFO neutron.wsgi [None req-39aa2ebd-639a-467e-9368-902525ce2f26 91a5df1cc6d84289b845e5eda9a40714 b165cc527a724f64b48ef09f2e284b8c - - default default] 10.0.0.96 "DELETE /v2.0/security-groups/c1f00455-f932-4d61-bc22-f09758d56e37 HTTP/1.1" status: 204 len: 168 time: 0.1823072
2026-05-18 01:50:58.094 9 WARNING neutron.scheduler.dhcp_agent_scheduler [None req-7b5c111a-3422-4b3b-9f63-bfd8e3a82e62 1c2e411134f445f78b7490f13c1569e7 334435f8b8fe4ae5a132976ad8e4b4cc - - default default] No more DHCP agents
2026-05-18 01:50:58.097 9 WARNING neutron.api.rpc.agentnotifiers.dhcp_rpc_agent_api [None req-7b5c111a-3422-4b3b-9f63-bfd8e3a82e62 1c2e411134f445f78b7490f13c1569e7 334435f8b8fe4ae5a132976ad8e4b4cc - - default default] Unable to schedule network 6cd42445-7a5a-4676-a366-0bf0574ffec9: no agents available; will retry on subsequent port and subnet creation events.
2026-05-18 01:50:58.406 10 INFO neutron.wsgi [None req-d1293873-75db-400e-beb3-68b74ca379a6 94bc3f0650194a7aa50b84a3e3a62c70 535ba092ed774de19d4ad28accdc03ef - - default default] 10.0.0.96 "DELETE /v2.0/security-groups/84a218c1-4286-4f3a-b9dd-c89aad8e255b HTTP/1.1" status: 204 len: 168 time: 0.3596094
2026-05-18 01:50:58.492 9 INFO neutron.db.ovn_revision_numbers_db [None req-7b5c111a-3422-4b3b-9f63-bfd8e3a82e62 1c2e411134f445f78b7490f13c1569e7 334435f8b8fe4ae5a132976ad8e4b4cc - - default default] Successfully bumped revision number for resource ef249453-94bd-40aa-bb0c-64b1fcc00bb7 (type: ports) to 1
2026-05-18 01:50:59.202 9 ERROR ovsdbapp.backend.ovs_idl.command [None req-7b5c111a-3422-4b3b-9f63-bfd8e3a82e62 1c2e411134f445f78b7490f13c1569e7 334435f8b8fe4ae5a132976ad8e4b4cc - - default default] Error executing command (DbGetCommand): ovsdbapp.backend.ovs_idl.idlutils.RowNotFound: Cannot find Logical_Router_Port with name=lrp-ef249453-94bd-40aa-bb0c-64b1fcc00bb7
2026-05-18 01:50:59.202 9 ERROR ovsdbapp.backend.ovs_idl.command
Traceback (most recent call last):
2026-05-18 01:50:59.202 9 ERROR ovsdbapp.backend.ovs_idl.command
File "/var/lib/openstack/lib/python3.10/site-packages/ovsdbapp/backend/ovs_idl/command.py", line 47, in execute
2026-05-18 01:50:59.202 9 ERROR ovsdbapp.backend.ovs_idl.command self.run_idl(None)
2026-05-18 01:50:59.202 9 ERROR ovsdbapp.backend.ovs_idl.command
File "/var/lib/openstack/lib/python3.10/site-packages/ovsdbapp/backend/ovs_idl/command.py", line 235, in run_idl
2026-05-18 01:50:59.202 9 ERROR ovsdbapp.backend.ovs_idl.command record = self.api.lookup(self.table, self.record)
2026-05-18 01:50:59.202 9 ERROR ovsdbapp.backend.ovs_idl.command
File "/var/lib/openstack/lib/python3.10/site-packages/ovsdbapp/backend/ovs_idl/__init__.py", line 184, in lookup
2026-05-18 01:50:59.202 9 ERROR ovsdbapp.backend.ovs_idl.command return self._lookup(table, record)
2026-05-18 01:50:59.202 9 ERROR ovsdbapp.backend.ovs_idl.command
File "/var/lib/openstack/lib/python3.10/site-packages/ovsdbapp/backend/ovs_idl/__init__.py", line 235, in _lookup
2026-05-18 01:50:59.202 9 ERROR ovsdbapp.backend.ovs_idl.command row = idlutils.row_by_value(self, rl.table, rl.column, record)
2026-05-18 01:50:59.202 9 ERROR ovsdbapp.backend.ovs_idl.command
File "/var/lib/openstack/lib/python3.10/site-packages/ovsdbapp/backend/ovs_idl/idlutils.py", line 114, in row_by_value
2026-05-18 01:50:59.202 9 ERROR ovsdbapp.backend.ovs_idl.command raise RowNotFound(table=table, col=column, match=match)
2026-05-18 01:50:59.202 9 ERROR ovsdbapp.backend.ovs_idl.command ovsdbapp.backend.ovs_idl.idlutils.RowNotFound: Cannot find Logical_Router_Port with name=lrp-ef249453-94bd-40aa-bb0c-64b1fcc00bb7
2026-05-18 01:50:59.202 9 ERROR ovsdbapp.backend.ovs_idl.command 
2026-05-18 01:50:59.203 9 ERROR neutron_lib.callbacks.manager [None req-7b5c111a-3422-4b3b-9f63-bfd8e3a82e62 1c2e411134f445f78b7490f13c1569e7 334435f8b8fe4ae5a132976ad8e4b4cc - - default default] Error during notification for neutron.services.ovn_l3.plugin.OVNL3RouterPlugin._port_update-8726852899567 port, after_update: ovsdbapp.backend.ovs_idl.idlutils.RowNotFound: Cannot find Logical_Router_Port with name=lrp-ef249453-94bd-40aa-bb0c-64b1fcc00bb7
2026-05-18 01:50:59.203 9 ERROR neutron_lib.callbacks.manager
Traceback (most recent call last):
2026-05-18 01:50:59.203 9 ERROR neutron_lib.callbacks.manager
File "/var/lib/openstack/lib/python3.10/site-packages/neutron_lib/callbacks/manager.py", line 189, in _notify_loop
2026-05-18 01:50:59.203 9 ERROR neutron_lib.callbacks.manager callback.method(resource, event, trigger, payload=payload)
2026-05-18 01:50:59.203 9 ERROR neutron_lib.callbacks.manager
File "/var/lib/openstack/lib/python3.10/site-packages/neutron/services/ovn_l3/plugin.py", line 391, in _port_update
2026-05-18 01:50:59.203 9 ERROR neutron_lib.callbacks.manager l3plugin._ovn_client.update_router_port(context,
2026-05-18 01:50:59.203 9 ERROR neutron_lib.callbacks.manager
File "/var/lib/openstack/lib/python3.10/site-packages/neutron/plugins/ml2/drivers/ovn/mech_driver/ovsdb/ovn_client.py", line 1878, in update_router_port
2026-05-18 01:50:59.203 9 ERROR neutron_lib.callbacks.manager self._update_lrouter_port(context, port, if_exists=if_exists,
2026-05-18 01:50:59.203 9 ERROR neutron_lib.callbacks.manager
File "/var/lib/openstack/lib/python3.10/site-packages/neutron/plugins/ml2/drivers/ovn/mech_driver/ovsdb/ovn_client.py", line 1855, in _update_lrouter_port
2026-05-18 01:50:59.203 9 ERROR neutron_lib.callbacks.manager external_ids = self._nb_idl.db_get(
2026-05-18 01:50:59.203 9 ERROR neutron_lib.callbacks.manager
File "/var/lib/openstack/lib/python3.10/site-packages/ovsdbapp/backend/ovs_idl/command.py", line 47, in execute
2026-05-18 01:50:59.203 9 ERROR neutron_lib.callbacks.manager self.run_idl(None)
2026-05-18 01:50:59.203 9 ERROR neutron_lib.callbacks.manager
File "/var/lib/openstack/lib/python3.10/site-packages/ovsdbapp/backend/ovs_idl/command.py", line 235, in run_idl
2026-05-18 01:50:59.203 9 ERROR neutron_lib.callbacks.manager record = self.api.lookup(self.table, self.record)
2026-05-18 01:50:59.203 9 ERROR neutron_lib.callbacks.manager
File "/var/lib/openstack/lib/python3.10/site-packages/ovsdbapp/backend/ovs_idl/__init__.py", line 184, in lookup
2026-05-18 01:50:59.203 9 ERROR neutron_lib.callbacks.manager return self._lookup(table, record)
2026-05-18 01:50:59.203 9 ERROR neutron_lib.callbacks.manager
File "/var/lib/openstack/lib/python3.10/site-packages/ovsdbapp/backend/ovs_idl/__init__.py", line 235, in _lookup
2026-05-18 01:50:59.203 9 ERROR neutron_lib.callbacks.manager row = idlutils.row_by_value(self, rl.table, rl.column, record)
2026-05-18 01:50:59.203 9 ERROR neutron_lib.callbacks.manager
File "/var/lib/openstack/lib/python3.10/site-packages/ovsdbapp/backend/ovs_idl/idlutils.py", line 114, in row_by_value
2026-05-18 01:50:59.203 9 ERROR neutron_lib.callbacks.manager raise RowNotFound(table=table, col=column, match=match)
2026-05-18 01:50:59.203 9 ERROR neutron_lib.callbacks.manager ovsdbapp.backend.ovs_idl.idlutils.RowNotFound: Cannot find Logical_Router_Port with name=lrp-ef249453-94bd-40aa-bb0c-64b1fcc00bb7
2026-05-18 01:50:59.203 9 ERROR neutron_lib.callbacks.manager 
2026-05-18 01:50:59.246 10 INFO neutron.wsgi [None req-7c9a5bb0-4c65-48ab-9a56-ba648455bdaf 91a5df1cc6d84289b845e5eda9a40714 b165cc527a724f64b48ef09f2e284b8c - - default default] 10.0.0.96 "PUT /v2.0/routers/4d019275-e845-487a-97c9-d3cb36020601/remove_router_interface HTTP/1.1" status: 200 len: 503 time: 1.1323261 /var/lib/openstack/lib/python3.10/site-packages/pycadf/identifier.py:71: UserWarning: Invalid uuid: neutron. To ensure interoperability, identifiers should be a valid uuid. warnings.warn(('Invalid uuid: %s. To ensure interoperability, '
2026-05-18 01:50:59.450 9 INFO neutron.plugins.ml2.drivers.ovn.mech_driver.mech_driver [None req-9591dc38-03b0-4859-8285-b84f72f47cc6 - - - - - -] OVN reports status up for port: ef249453-94bd-40aa-bb0c-64b1fcc00bb7
2026-05-18 01:50:59.463 9 INFO neutron.plugins.ml2.plugin [None req-9591dc38-03b0-4859-8285-b84f72f47cc6 - - - - - -] Attempt 1 to provision port ef249453-94bd-40aa-bb0c-64b1fcc00bb7
2026-05-18 01:50:59.489 9 INFO neutron.db.ovn_revision_numbers_db [None req-7b5c111a-3422-4b3b-9f63-bfd8e3a82e62 1c2e411134f445f78b7490f13c1569e7 334435f8b8fe4ae5a132976ad8e4b4cc - - default default] Successfully bumped revision number for resource ef249453-94bd-40aa-bb0c-64b1fcc00bb7 (type: ports) to 1
2026-05-18 01:50:59.504 10 INFO neutron.wsgi [None req-e0f8365c-adb3-4195-93f8-b4cfb820ab1e 91a5df1cc6d84289b845e5eda9a40714 b165cc527a724f64b48ef09f2e284b8c - - default default] 10.0.0.96 "DELETE /v2.0/subnets/511e05b7-de8b-4631-a62e-93fad7fab6f0 HTTP/1.1" status: 204 len: 168 time: 0.2514951
2026-05-18 01:50:59.595 9 WARNING neutron.scheduler.dhcp_agent_scheduler [None req-7b5c111a-3422-4b3b-9f63-bfd8e3a82e62 1c2e411134f445f78b7490f13c1569e7 334435f8b8fe4ae5a132976ad8e4b4cc - - default default] No more DHCP agents
2026-05-18 01:50:59.596 9 WARNING neutron.api.rpc.agentnotifiers.dhcp_rpc_agent_api [None req-7b5c111a-3422-4b3b-9f63-bfd8e3a82e62 1c2e411134f445f78b7490f13c1569e7 334435f8b8fe4ae5a132976ad8e4b4cc - - default default] Unable to schedule network 6cd42445-7a5a-4676-a366-0bf0574ffec9: no agents available; will retry on subsequent port and subnet creation events.
2026-05-18 01:51:00.076 9 INFO neutron.db.ovn_revision_numbers_db [None req-9591dc38-03b0-4859-8285-b84f72f47cc6 - - - - - -] Successfully bumped revision number for resource ef249453-94bd-40aa-bb0c-64b1fcc00bb7 (type: ports) to 2
2026-05-18 01:51:00.116 9 INFO neutron.db.ovn_revision_numbers_db [None req-7b5c111a-3422-4b3b-9f63-bfd8e3a82e62 1c2e411134f445f78b7490f13c1569e7 334435f8b8fe4ae5a132976ad8e4b4cc - - default default] Successfully bumped revision number for resource ef249453-94bd-40aa-bb0c-64b1fcc00bb7 (type: router_ports) to 1
2026-05-18 01:51:00.123 9 INFO neutron.wsgi [None req-7b5c111a-3422-4b3b-9f63-bfd8e3a82e62 1c2e411134f445f78b7490f13c1569e7 334435f8b8fe4ae5a132976ad8e4b4cc - - default default] 10.0.0.96 "PUT /v2.0/routers/f81192da-eb42-490f-986c-eeb7e561911a/add_router_interface HTTP/1.1" status: 200 len: 503 time: 2.7482970
2026-05-18 01:51:00.137 9 WARNING neutron_lib.context [None req-f877fc07-8457-4cf0-a3af-7de67fe2a46a 1c2e411134f445f78b7490f13c1569e7 334435f8b8fe4ae5a132976ad8e4b4cc - - default default] Method 'is_advsvc' is deprecated since 2023.2 release (neutron-lib 3.8.0) and will be removed once support for the old RBAC API policies will be removed from Neutron. Please use method 'is_service_role' instead.
2026-05-18 01:51:00.329 9 INFO neutron.db.ovn_revision_numbers_db [None req-9591dc38-03b0-4859-8285-b84f72f47cc6 - - - - - -] Successfully bumped revision number for resource ef249453-94bd-40aa-bb0c-64b1fcc00bb7 (type: router_ports) to 2
2026-05-18 01:51:00.436 10 INFO neutron.wsgi [None req-50bbac4a-7e9a-4700-8485-68518ba3c2bd 91a5df1cc6d84289b845e5eda9a40714 b165cc527a724f64b48ef09f2e284b8c - - default default] 10.0.0.96 "DELETE /v2.0/routers/4d019275-e845-487a-97c9-d3cb36020601 HTTP/1.1" status: 204 len: 168 time: 0.9274807
2026-05-18 01:51:00.589 10 WARNING neutron_lib.context [None req-3158fc77-ffa7-449b-9fc2-62f6b32d02f3 6242af4b27cc4077b9d5237c8a54136a 924676a4586343e4a664f5b5a7cfb6cb - - default default] Method 'is_advsvc' is deprecated since 2023.2 release (neutron-lib 3.8.0) and will be removed once support for the old RBAC API policies will be removed from Neutron. Please use method 'is_service_role' instead.
