2026-05-18 01:48:10.736 10 INFO neutron.wsgi [None req-6fbb2741-e45d-490c-96ab-d62939424453 94bc3f0650194a7aa50b84a3e3a62c70 535ba092ed774de19d4ad28accdc03ef - - default default] 10.0.0.96 "GET /v2.0/security-groups?tenant_id=15291aac16624a3cb80fad0a70b311b0&name=default HTTP/1.1" status: 200 len: 3120 time: 0.3780079
2026-05-18 01:48:10.750 9 INFO neutron.db.ovn_revision_numbers_db [None req-8a00206f-34b4-446b-b785-bd8be7cb4063 94bc3f0650194a7aa50b84a3e3a62c70 535ba092ed774de19d4ad28accdc03ef - - default default] Successfully bumped revision number for resource 59017dcf-1a2a-4833-b6ac-0218bbbfb917 (type: ports) to 1
2026-05-18 01:48:10.987 10 INFO neutron.wsgi [None req-5fb17fab-8dea-4fc1-b0ba-c5a22bbbcb61 94bc3f0650194a7aa50b84a3e3a62c70 535ba092ed774de19d4ad28accdc03ef - - default default] 10.0.0.96 "DELETE /v2.0/security-groups/693ed507-1009-4177-a301-bdac816f2e26 HTTP/1.1" status: 204 len: 168 time: 0.2422469
2026-05-18 01:48:11.228 10 INFO neutron.db.ovn_revision_numbers_db [None req-98ab3d53-2991-4d1a-b6cc-f0ccbdfbe473 94bc3f0650194a7aa50b84a3e3a62c70 535ba092ed774de19d4ad28accdc03ef - - default default] Successfully bumped revision number for resource 7c386aae-664e-4917-9899-bcd83dc57f73 (type: security_groups) to 1
2026-05-18 01:48:11.258 10 INFO neutron.db.ovn_revision_numbers_db [None req-98ab3d53-2991-4d1a-b6cc-f0ccbdfbe473 94bc3f0650194a7aa50b84a3e3a62c70 535ba092ed774de19d4ad28accdc03ef - - default default] Successfully bumped revision number for resource 64485516-3b4f-4fb9-8b7a-43847a558c98 (type: security_group_rules) to 0
2026-05-18 01:48:11.272 10 INFO neutron.db.ovn_revision_numbers_db [None req-98ab3d53-2991-4d1a-b6cc-f0ccbdfbe473 94bc3f0650194a7aa50b84a3e3a62c70 535ba092ed774de19d4ad28accdc03ef - - default default] Successfully bumped revision number for resource 9eb06683-784f-4eb8-a716-62a01d087b94 (type: security_group_rules) to 0
2026-05-18 01:48:11.290 10 INFO neutron.db.ovn_revision_numbers_db [None req-98ab3d53-2991-4d1a-b6cc-f0ccbdfbe473 94bc3f0650194a7aa50b84a3e3a62c70 535ba092ed774de19d4ad28accdc03ef - - default default] Successfully bumped revision number for resource 9f2b7038-b6ca-436d-99f4-8d2a68c467b2 (type: security_group_rules) to 0
2026-05-18 01:48:11.303 10 INFO neutron.db.ovn_revision_numbers_db [None req-98ab3d53-2991-4d1a-b6cc-f0ccbdfbe473 94bc3f0650194a7aa50b84a3e3a62c70 535ba092ed774de19d4ad28accdc03ef - - default default] Successfully bumped revision number for resource d305aa31-cfe8-4286-aa3e-4bfe14bb47c2 (type: security_group_rules) to 0
2026-05-18 01:48:11.334 10 INFO neutron.wsgi [None req-98ab3d53-2991-4d1a-b6cc-f0ccbdfbe473 94bc3f0650194a7aa50b84a3e3a62c70 535ba092ed774de19d4ad28accdc03ef - - default default] 10.0.0.96 "GET /v2.0/security-groups?tenant_id=3a4dff634f3c49c2af53c74677cbcd71&name=default HTTP/1.1" status: 200 len: 3120 time: 0.2355416
2026-05-18 01:48:11.460 9 INFO neutron.plugins.ml2.drivers.ovn.mech_driver.ovsdb.commands [None req-512b7c26-1d4e-47dd-a902-fd526796f440 - - - - - -] Schedule LRP lrp-59017dcf-1a2a-4833-b6ac-0218bbbfb917 on gateway 5ff714ae-1e12-4f07-8a78-606a8bbbbcbb with priority 1
2026-05-18 01:48:11.477 10 INFO neutron.plugins.ml2.drivers.ovn.mech_driver.mech_driver [None req-48ed0517-8119-473d-9e0a-ca357ec93912 - - - - - -] OVN reports status up for port: 59017dcf-1a2a-4833-b6ac-0218bbbfb917
2026-05-18 01:48:11.486 10 INFO neutron.plugins.ml2.drivers.ovn.mech_driver.ovsdb.ovsdb_monitor [None req-bcc588a5-05e0-4ab7-9d5c-050d862a6c27 - - - - - -] Router cd8ac974-331c-4842-8257-ce4f3c989708 is bound to host instance
2026-05-18 01:48:11.497 10 INFO neutron.plugins.ml2.plugin [None req-48ed0517-8119-473d-9e0a-ca357ec93912 - - - - - -] Attempt 1 to provision port 59017dcf-1a2a-4833-b6ac-0218bbbfb917
2026-05-18 01:48:11.511 9 INFO neutron.db.ovn_revision_numbers_db [None req-8a00206f-34b4-446b-b785-bd8be7cb4063 94bc3f0650194a7aa50b84a3e3a62c70 535ba092ed774de19d4ad28accdc03ef - - default default] Successfully bumped revision number for resource 59017dcf-1a2a-4833-b6ac-0218bbbfb917 (type: router_ports) to 1
2026-05-18 01:48:11.607 9 INFO neutron.db.ovn_revision_numbers_db [None req-8a00206f-34b4-446b-b785-bd8be7cb4063 94bc3f0650194a7aa50b84a3e3a62c70 535ba092ed774de19d4ad28accdc03ef - - default default] Successfully bumped revision number for resource cd8ac974-331c-4842-8257-ce4f3c989708 (type: routers) to 2
2026-05-18 01:48:11.616 10 INFO neutron.wsgi [None req-5c8a1bfb-8061-42e0-90f0-95b4fda950f8 94bc3f0650194a7aa50b84a3e3a62c70 535ba092ed774de19d4ad28accdc03ef - - default default] 10.0.0.96 "DELETE /v2.0/security-groups/7c386aae-664e-4917-9899-bcd83dc57f73 HTTP/1.1" status: 204 len: 168 time: 0.2777636
2026-05-18 01:48:11.627 9 INFO neutron.wsgi [None req-8a00206f-34b4-446b-b785-bd8be7cb4063 94bc3f0650194a7aa50b84a3e3a62c70 535ba092ed774de19d4ad28accdc03ef - - default default] 10.0.0.96 "POST /v2.0/routers HTTP/1.1" status: 201 len: 1168 time: 1.5124471
2026-05-18 01:48:12.180 9 WARNING neutron.scheduler.dhcp_agent_scheduler [None req-4e8c6332-dc7c-4e38-9be5-db59102f2b05 94bc3f0650194a7aa50b84a3e3a62c70 535ba092ed774de19d4ad28accdc03ef - - default default] No more DHCP agents
2026-05-18 01:48:12.184 9 WARNING neutron.api.rpc.agentnotifiers.dhcp_rpc_agent_api [None req-4e8c6332-dc7c-4e38-9be5-db59102f2b05 94bc3f0650194a7aa50b84a3e3a62c70 535ba092ed774de19d4ad28accdc03ef - - default default] Unable to schedule network eb1ea95c-622e-4e4a-873a-ec444105b444: no agents available; will retry on subsequent port and subnet creation events.
2026-05-18 01:48:12.239 10 INFO neutron.db.ovn_revision_numbers_db [None req-bcc588a5-05e0-4ab7-9d5c-050d862a6c27 - - - - - -] Successfully bumped revision number for resource 59017dcf-1a2a-4833-b6ac-0218bbbfb917 (type: ports) to 1
2026-05-18 01:48:12.362 9 INFO neutron.db.ovn_revision_numbers_db [None req-4e8c6332-dc7c-4e38-9be5-db59102f2b05 94bc3f0650194a7aa50b84a3e3a62c70 535ba092ed774de19d4ad28accdc03ef - - default default] Successfully bumped revision number for resource 8146c22c-e901-4a9d-a8b5-6919de720c22 (type: ports) to 1
2026-05-18 01:48:12.609 10 INFO neutron.db.ovn_revision_numbers_db [None req-bcc588a5-05e0-4ab7-9d5c-050d862a6c27 - - - - - -] Successfully bumped revision number for resource 59017dcf-1a2a-4833-b6ac-0218bbbfb917 (type: router_ports) to 3
2026-05-18 01:48:12.846 10 INFO neutron.db.ovn_revision_numbers_db [None req-bcc588a5-05e0-4ab7-9d5c-050d862a6c27 - - - - - -] Successfully bumped revision number for resource 59017dcf-1a2a-4833-b6ac-0218bbbfb917 (type: ports) to 2
2026-05-18 01:48:13.033 9 ERROR ovsdbapp.backend.ovs_idl.command [None req-4e8c6332-dc7c-4e38-9be5-db59102f2b05 94bc3f0650194a7aa50b84a3e3a62c70 535ba092ed774de19d4ad28accdc03ef - - default default] Error executing command (DbGetCommand): ovsdbapp.backend.ovs_idl.idlutils.RowNotFound: Cannot find Logical_Router_Port with name=lrp-8146c22c-e901-4a9d-a8b5-6919de720c22
2026-05-18 01:48:13.033 9 ERROR ovsdbapp.backend.ovs_idl.command
Traceback (most recent call last):
2026-05-18 01:48:13.033 9 ERROR ovsdbapp.backend.ovs_idl.command
File "/var/lib/openstack/lib/python3.10/site-packages/ovsdbapp/backend/ovs_idl/command.py", line 47, in execute
2026-05-18 01:48:13.033 9 ERROR ovsdbapp.backend.ovs_idl.command self.run_idl(None)
2026-05-18 01:48:13.033 9 ERROR ovsdbapp.backend.ovs_idl.command
File "/var/lib/openstack/lib/python3.10/site-packages/ovsdbapp/backend/ovs_idl/command.py", line 235, in run_idl
2026-05-18 01:48:13.033 9 ERROR ovsdbapp.backend.ovs_idl.command record = self.api.lookup(self.table, self.record)
2026-05-18 01:48:13.033 9 ERROR ovsdbapp.backend.ovs_idl.command
File "/var/lib/openstack/lib/python3.10/site-packages/ovsdbapp/backend/ovs_idl/__init__.py", line 184, in lookup
2026-05-18 01:48:13.033 9 ERROR ovsdbapp.backend.ovs_idl.command return self._lookup(table, record)
2026-05-18 01:48:13.033 9 ERROR ovsdbapp.backend.ovs_idl.command
File "/var/lib/openstack/lib/python3.10/site-packages/ovsdbapp/backend/ovs_idl/__init__.py", line 235, in _lookup
2026-05-18 01:48:13.033 9 ERROR ovsdbapp.backend.ovs_idl.command row = idlutils.row_by_value(self, rl.table, rl.column, record)
2026-05-18 01:48:13.033 9 ERROR ovsdbapp.backend.ovs_idl.command
File "/var/lib/openstack/lib/python3.10/site-packages/ovsdbapp/backend/ovs_idl/idlutils.py", line 114, in row_by_value
2026-05-18 01:48:13.033 9 ERROR ovsdbapp.backend.ovs_idl.command raise RowNotFound(table=table, col=column, match=match)
2026-05-18 01:48:13.033 9 ERROR ovsdbapp.backend.ovs_idl.command ovsdbapp.backend.ovs_idl.idlutils.RowNotFound: Cannot find Logical_Router_Port with name=lrp-8146c22c-e901-4a9d-a8b5-6919de720c22
2026-05-18 01:48:13.033 9 ERROR ovsdbapp.backend.ovs_idl.command 
2026-05-18 01:48:13.033 9 ERROR neutron_lib.callbacks.manager [None req-4e8c6332-dc7c-4e38-9be5-db59102f2b05 94bc3f0650194a7aa50b84a3e3a62c70 535ba092ed774de19d4ad28accdc03ef - - default default] Error during notification for neutron.services.ovn_l3.plugin.OVNL3RouterPlugin._port_update-8726852899567 port, after_update: ovsdbapp.backend.ovs_idl.idlutils.RowNotFound: Cannot find Logical_Router_Port with name=lrp-8146c22c-e901-4a9d-a8b5-6919de720c22
2026-05-18 01:48:13.033 9 ERROR neutron_lib.callbacks.manager
Traceback (most recent call last):
2026-05-18 01:48:13.033 9 ERROR neutron_lib.callbacks.manager
File "/var/lib/openstack/lib/python3.10/site-packages/neutron_lib/callbacks/manager.py", line 189, in _notify_loop
2026-05-18 01:48:13.033 9 ERROR neutron_lib.callbacks.manager callback.method(resource, event, trigger, payload=payload)
2026-05-18 01:48:13.033 9 ERROR neutron_lib.callbacks.manager
File "/var/lib/openstack/lib/python3.10/site-packages/neutron/services/ovn_l3/plugin.py", line 391, in _port_update
2026-05-18 01:48:13.033 9 ERROR neutron_lib.callbacks.manager l3plugin._ovn_client.update_router_port(context,
2026-05-18 01:48:13.033 9 ERROR neutron_lib.callbacks.manager
File "/var/lib/openstack/lib/python3.10/site-packages/neutron/plugins/ml2/drivers/ovn/mech_driver/ovsdb/ovn_client.py", line 1878, in update_router_port
2026-05-18 01:48:13.033 9 ERROR neutron_lib.callbacks.manager self._update_lrouter_port(context, port, if_exists=if_exists,
2026-05-18 01:48:13.033 9 ERROR neutron_lib.callbacks.manager
File "/var/lib/openstack/lib/python3.10/site-packages/neutron/plugins/ml2/drivers/ovn/mech_driver/ovsdb/ovn_client.py", line 1855, in _update_lrouter_port
2026-05-18 01:48:13.033 9 ERROR neutron_lib.callbacks.manager external_ids = self._nb_idl.db_get(
2026-05-18 01:48:13.033 9 ERROR neutron_lib.callbacks.manager
File "/var/lib/openstack/lib/python3.10/site-packages/ovsdbapp/backend/ovs_idl/command.py", line 47, in execute
2026-05-18 01:48:13.033 9 ERROR neutron_lib.callbacks.manager self.run_idl(None)
2026-05-18 01:48:13.033 9 ERROR neutron_lib.callbacks.manager
File "/var/lib/openstack/lib/python3.10/site-packages/ovsdbapp/backend/ovs_idl/command.py", line 235, in run_idl
2026-05-18 01:48:13.033 9 ERROR neutron_lib.callbacks.manager record = self.api.lookup(self.table, self.record)
2026-05-18 01:48:13.033 9 ERROR neutron_lib.callbacks.manager
File "/var/lib/openstack/lib/python3.10/site-packages/ovsdbapp/backend/ovs_idl/__init__.py", line 184, in lookup
2026-05-18 01:48:13.033 9 ERROR neutron_lib.callbacks.manager return self._lookup(table, record)
2026-05-18 01:48:13.033 9 ERROR neutron_lib.callbacks.manager
File "/var/lib/openstack/lib/python3.10/site-packages/ovsdbapp/backend/ovs_idl/__init__.py", line 235, in _lookup
2026-05-18 01:48:13.033 9 ERROR neutron_lib.callbacks.manager row = idlutils.row_by_value(self, rl.table, rl.column, record)
2026-05-18 01:48:13.033 9 ERROR neutron_lib.callbacks.manager
File "/var/lib/openstack/lib/python3.10/site-packages/ovsdbapp/backend/ovs_idl/idlutils.py", line 114, in row_by_value
2026-05-18 01:48:13.033 9 ERROR neutron_lib.callbacks.manager raise RowNotFound(table=table, col=column, match=match)
2026-05-18 01:48:13.033 9 ERROR neutron_lib.callbacks.manager ovsdbapp.backend.ovs_idl.idlutils.RowNotFound: Cannot find Logical_Router_Port with name=lrp-8146c22c-e901-4a9d-a8b5-6919de720c22
2026-05-18 01:48:13.033 9 ERROR neutron_lib.callbacks.manager 
2026-05-18 01:48:13.224 10 INFO neutron.db.ovn_revision_numbers_db [None req-bcc588a5-05e0-4ab7-9d5c-050d862a6c27 - - - - - -] Successfully bumped revision number for resource 59017dcf-1a2a-4833-b6ac-0218bbbfb917 (type: ports) to 4
2026-05-18 01:48:13.242 9 INFO neutron.db.ovn_revision_numbers_db [None req-4e8c6332-dc7c-4e38-9be5-db59102f2b05 94bc3f0650194a7aa50b84a3e3a62c70 535ba092ed774de19d4ad28accdc03ef - - default default] Successfully bumped revision number for resource 8146c22c-e901-4a9d-a8b5-6919de720c22 (type: ports) to 1
2026-05-18 01:48:13.334 9 WARNING neutron.scheduler.dhcp_agent_scheduler [None req-4e8c6332-dc7c-4e38-9be5-db59102f2b05 94bc3f0650194a7aa50b84a3e3a62c70 535ba092ed774de19d4ad28accdc03ef - - default default] No more DHCP agents
2026-05-18 01:48:13.335 9 WARNING neutron.api.rpc.agentnotifiers.dhcp_rpc_agent_api [None req-4e8c6332-dc7c-4e38-9be5-db59102f2b05 94bc3f0650194a7aa50b84a3e3a62c70 535ba092ed774de19d4ad28accdc03ef - - default default] Unable to schedule network eb1ea95c-622e-4e4a-873a-ec444105b444: no agents available; will retry on subsequent port and subnet creation events.
2026-05-18 01:48:13.535 10 INFO neutron.db.ovn_revision_numbers_db [None req-bcc588a5-05e0-4ab7-9d5c-050d862a6c27 - - - - - -] Successfully bumped revision number for resource 59017dcf-1a2a-4833-b6ac-0218bbbfb917 (type: router_ports) to 4
2026-05-18 01:48:13.707 10 INFO neutron.plugins.ml2.drivers.ovn.mech_driver.mech_driver [None req-48ed0517-8119-473d-9e0a-ca357ec93912 - - - - - -] OVN reports status up for port: 8146c22c-e901-4a9d-a8b5-6919de720c22
2026-05-18 01:48:13.717 10 INFO neutron.plugins.ml2.plugin [None req-48ed0517-8119-473d-9e0a-ca357ec93912 - - - - - -] Attempt 1 to provision port 8146c22c-e901-4a9d-a8b5-6919de720c22
2026-05-18 01:48:13.977 9 INFO neutron.db.ovn_revision_numbers_db [None req-4e8c6332-dc7c-4e38-9be5-db59102f2b05 94bc3f0650194a7aa50b84a3e3a62c70 535ba092ed774de19d4ad28accdc03ef - - default default] Successfully bumped revision number for resource 8146c22c-e901-4a9d-a8b5-6919de720c22 (type: router_ports) to 1
2026-05-18 01:48:13.984 9 INFO neutron.wsgi [None req-4e8c6332-dc7c-4e38-9be5-db59102f2b05 94bc3f0650194a7aa50b84a3e3a62c70 535ba092ed774de19d4ad28accdc03ef - - default default] 10.0.0.96 "PUT /v2.0/routers/cd8ac974-331c-4842-8257-ce4f3c989708/add_router_interface HTTP/1.1" status: 200 len: 503 time: 2.3499920
2026-05-18 01:48:14.046 9 INFO neutron.wsgi [req-0b630a5e-16b7-4439-8ace-31b51ea71fb1 req-f8a29003-0749-4cbf-8c28-b415cc87a6cb 485d5b8698c94e86961d8f024b871a34 ff036abed31c41d88d5d15aec1e592fb - - 6e105525d8e2416d94bd1f860e211482 6e105525d8e2416d94bd1f860e211482] 10.0.0.14 "GET /v2.0/ports?device_id=f0d53afa-38ad-441d-9125-2f6d29684b74 HTTP/1.1" status: 200 len: 1413 time: 0.2759988
2026-05-18 01:48:14.118 9 INFO neutron.wsgi [req-0b630a5e-16b7-4439-8ace-31b51ea71fb1 req-cdb816dc-fa7e-421c-85ce-5c86f9a07cce 485d5b8698c94e86961d8f024b871a34 ff036abed31c41d88d5d15aec1e592fb - - 6e105525d8e2416d94bd1f860e211482 6e105525d8e2416d94bd1f860e211482] 10.0.0.14 "GET /v2.0/security-groups?id=351fb521-7746-450e-8ff0-822e47162962&fields=id&fields=name HTTP/1.1" status: 200 len: 311 time: 0.0524008
2026-05-18 01:48:14.147 10 INFO neutron.db.ovn_revision_numbers_db [None req-48ed0517-8119-473d-9e0a-ca357ec93912 - - - - - -] Successfully bumped revision number for resource 8146c22c-e901-4a9d-a8b5-6919de720c22 (type: ports) to 2
2026-05-18 01:48:14.238 9 INFO neutron.db.ovn_revision_numbers_db [None req-eece3c60-9398-4b07-8b24-85f94c891a14 94bc3f0650194a7aa50b84a3e3a62c70 535ba092ed774de19d4ad28accdc03ef - - default default] Successfully bumped revision number for resource 6d9d7e4d-fa1f-42d5-a1a4-cf30892f1862 (type: security_groups) to 1
2026-05-18 01:48:14.255 9 INFO neutron.db.ovn_revision_numbers_db [None req-eece3c60-9398-4b07-8b24-85f94c891a14 94bc3f0650194a7aa50b84a3e3a62c70 535ba092ed774de19d4ad28accdc03ef - - default default] Successfully bumped revision number for resource 12fc3159-1cea-41fc-9fc5-c18e169d6407 (type: security_group_rules) to 0
2026-05-18 01:48:14.277 9 INFO neutron.db.ovn_revision_numbers_db [None req-eece3c60-9398-4b07-8b24-85f94c891a14 94bc3f0650194a7aa50b84a3e3a62c70 535ba092ed774de19d4ad28accdc03ef - - default default] Successfully bumped revision number for resource 428173ae-836c-4a8d-a364-94f19ff554a3 (type: security_group_rules) to 0
2026-05-18 01:48:14.295 9 INFO neutron.db.ovn_revision_numbers_db [None req-eece3c60-9398-4b07-8b24-85f94c891a14 94bc3f0650194a7aa50b84a3e3a62c70 535ba092ed774de19d4ad28accdc03ef - - default default] Successfully bumped revision number for resource 787d084d-d801-4d68-8a7e-8bcd1feef078 (type: security_group_rules) to 0
2026-05-18 01:48:14.307 9 INFO neutron.db.ovn_revision_numbers_db [None req-eece3c60-9398-4b07-8b24-85f94c891a14 94bc3f0650194a7aa50b84a3e3a62c70 535ba092ed774de19d4ad28accdc03ef - - default default] Successfully bumped revision number for resource fbf8c1c0-0ef0-4225-9cfc-d710ace2127c (type: security_group_rules) to 0
2026-05-18 01:48:14.308 10 INFO neutron.db.ovn_revision_numbers_db [None req-48ed0517-8119-473d-9e0a-ca357ec93912 - - - - - -] Successfully bumped revision number for resource 8146c22c-e901-4a9d-a8b5-6919de720c22 (type: router_ports) to 2
2026-05-18 01:48:14.326 9 INFO neutron.wsgi [None req-eece3c60-9398-4b07-8b24-85f94c891a14 94bc3f0650194a7aa50b84a3e3a62c70 535ba092ed774de19d4ad28accdc03ef - - default default] 10.0.0.96 "GET /v2.0/security-groups?tenant_id=e3e9b61d6ecb46dfb49dc7c544b8ccf4&name=default HTTP/1.1" status: 200 len: 3120 time: 0.3033786
2026-05-18 01:48:14.792 10 INFO neutron.wsgi [None req-17dc05a7-9256-429c-b349-e611a2a92f4a 94bc3f0650194a7aa50b84a3e3a62c70 535ba092ed774de19d4ad28accdc03ef - - default default] 10.0.0.96 "DELETE /v2.0/security-groups/6d9d7e4d-fa1f-42d5-a1a4-cf30892f1862 HTTP/1.1" status: 204 len: 168 time: 0.4577990
2026-05-18 01:48:14.941 9 INFO neutron.wsgi [req-d5dc0b81-e60b-4a0d-92b7-667522f76b33 req-5e5f1ae6-7a26-4079-93bc-5dbd6d8689b4 be63818a70e14f22acc1f52cd54a34cb ece008a4209945e4be7f4b783967a033 - - default default] 10.0.0.52 "GET /v2.0/networks?id=eb1ea95c-622e-4e4a-873a-ec444105b444 HTTP/1.1" status: 200 len: 875 time: 0.0728631
2026-05-18 01:48:14.965 9 INFO neutron.wsgi [req-d5dc0b81-e60b-4a0d-92b7-667522f76b33 req-c6a10c7e-5166-4d4a-b661-69557b0a8c00 be63818a70e14f22acc1f52cd54a34cb ece008a4209945e4be7f4b783967a033 - - default default] 10.0.0.52 "GET /v2.0/quotas/ece008a4209945e4be7f4b783967a033 HTTP/1.1" status: 200 len: 491 time: 0.0153902
2026-05-18 01:48:15.075 9 INFO neutron.wsgi [req-d5dc0b81-e60b-4a0d-92b7-667522f76b33 req-2f4722d8-360a-4a79-bf89-9385e5e415d5 be63818a70e14f22acc1f52cd54a34cb ece008a4209945e4be7f4b783967a033 - - default default] 10.0.0.52 "GET /v2.0/ports?tenant_id=ece008a4209945e4be7f4b783967a033&fields=id HTTP/1.1" status: 200 len: 302 time: 0.1048145
2026-05-18 01:48:15.147 9 INFO neutron.wsgi [req-d5dc0b81-e60b-4a0d-92b7-667522f76b33 req-8c45be3c-8032-4b79-803e-a1f70e399089 485d5b8698c94e86961d8f024b871a34 ff036abed31c41d88d5d15aec1e592fb - - 6e105525d8e2416d94bd1f860e211482 6e105525d8e2416d94bd1f860e211482] 10.0.0.52 "GET /v2.0/networks/eb1ea95c-622e-4e4a-873a-ec444105b444?fields=segments HTTP/1.1" status: 200 len: 212 time: 0.0646307
2026-05-18 01:48:15.211 9 INFO neutron.wsgi [req-d5dc0b81-e60b-4a0d-92b7-667522f76b33 req-88b990fb-2813-4349-a8b1-07cb736ba774 485d5b8698c94e86961d8f024b871a34 ff036abed31c41d88d5d15aec1e592fb - - 6e105525d8e2416d94bd1f860e211482 6e105525d8e2416d94bd1f860e211482] 10.0.0.52 "GET /v2.0/networks/eb1ea95c-622e-4e4a-873a-ec444105b444?fields=provider%3Aphysical_network&fields=provider%3Anetwork_type HTTP/1.1" status: 200 len: 277 time: 0.0560544
2026-05-18 01:48:15.348 10 INFO neutron.wsgi [req-0f649f9f-9824-4209-b7ad-c7a898c9302c req-ec4326d7-0376-4473-8642-4754379ec5c5 be63818a70e14f22acc1f52cd54a34cb ece008a4209945e4be7f4b783967a033 - - default default] 10.0.0.52 "GET /v2.0/ports?device_id=cb2d4791-5e52-4448-932c-a499487b6dec HTTP/1.1" status: 200 len: 210 time: 0.0386021
2026-05-18 01:48:15.539 9 INFO neutron.wsgi [req-da74d15a-9ced-481b-aa29-b84c86de4553 req-6284e32a-a56f-4499-9a3d-378b223732c8 fb83b68f56124e9a8be9f38548a4091a 1d5973156f8c496399dbe0683c65d8e2 - - default default] 10.0.0.52 "GET /v2.0/ports?device_id=f0d53afa-38ad-441d-9125-2f6d29684b74 HTTP/1.1" status: 200 len: 1174 time: 0.1278312
2026-05-18 01:48:15.648 9 INFO neutron.db.ovn_revision_numbers_db [None req-4d18f265-dbe7-4f0b-a989-a4969a8e91f9 94bc3f0650194a7aa50b84a3e3a62c70 535ba092ed774de19d4ad28accdc03ef - - default default] Successfully bumped revision number for resource 91d65358-df8d-4928-aeeb-6b8ed84b7382 (type: security_groups) to 1
2026-05-18 01:48:15.661 9 INFO neutron.db.ovn_revision_numbers_db [None req-4d18f265-dbe7-4f0b-a989-a4969a8e91f9 94bc3f0650194a7aa50b84a3e3a62c70 535ba092ed774de19d4ad28accdc03ef - - default default] Successfully bumped revision number for resource 1cc0062a-e9e8-443d-b5db-f51998d40275 (type: security_group_rules) to 0
2026-05-18 01:48:15.677 9 INFO neutron.db.ovn_revision_numbers_db [None req-4d18f265-dbe7-4f0b-a989-a4969a8e91f9 94bc3f0650194a7aa50b84a3e3a62c70 535ba092ed774de19d4ad28accdc03ef - - default default] Successfully bumped revision number for resource 1f2b7991-2455-49e8-b2a5-b2bdba6312cd (type: security_group_rules) to 0
2026-05-18 01:48:15.694 10 INFO neutron.wsgi [req-c58fc84a-d443-4a9d-8a47-c8095efe7d71 req-2bd32917-6ea5-4a81-88a7-e5ad712dd272 fb83b68f56124e9a8be9f38548a4091a 1d5973156f8c496399dbe0683c65d8e2 - - default default] 10.0.0.52 "GET /v2.0/ports/2808321c-f8a0-4234-a823-d7c58171ea0d HTTP/1.1" status: 200 len: 1171 time: 0.1077156
2026-05-18 01:48:15.697 9 INFO neutron.db.ovn_revision_numbers_db [None req-4d18f265-dbe7-4f0b-a989-a4969a8e91f9 94bc3f0650194a7aa50b84a3e3a62c70 535ba092ed774de19d4ad28accdc03ef - - default default] Successfully bumped revision number for resource 6bb971ff-9be6-4921-8a95-23bc06f0160e (type: security_group_rules) to 0
2026-05-18 01:48:15.712 9 INFO neutron.db.ovn_revision_numbers_db [None req-4d18f265-dbe7-4f0b-a989-a4969a8e91f9 94bc3f0650194a7aa50b84a3e3a62c70 535ba092ed774de19d4ad28accdc03ef - - default default] Successfully bumped revision number for resource 6c4b2ba2-999b-469e-b116-6eeb3e96f5a3 (type: security_group_rules) to 0
2026-05-18 01:48:15.740 9 INFO neutron.wsgi [None req-4d18f265-dbe7-4f0b-a989-a4969a8e91f9 94bc3f0650194a7aa50b84a3e3a62c70 535ba092ed774de19d4ad28accdc03ef - - default default] 10.0.0.96 "GET /v2.0/security-groups?tenant_id=6a61dae364de466b92a0bccf142d4b69&name=default HTTP/1.1" status: 200 len: 3120 time: 0.3651836
2026-05-18 01:48:15.865 10 INFO neutron.wsgi [req-0038d9f4-33a8-4ea4-9032-87d6f61df134 req-76c6893e-f9fe-4ee2-9846-1bdf539d0f8a fb83b68f56124e9a8be9f38548a4091a 1d5973156f8c496399dbe0683c65d8e2 - - default default] 199.204.45.4 "GET /v2.0/subnets?network_id=8285ed05-9404-4c5a-8a5c-904b25bdb313 HTTP/1.1" status: 200 len: 859 time: 0.0541759
2026-05-18 01:48:15.927 10 INFO neutron.wsgi [req-0038d9f4-33a8-4ea4-9032-87d6f61df134 req-a6cfe6f0-6c5c-46e1-8544-0d0b5cd97e89 fb83b68f56124e9a8be9f38548a4091a 1d5973156f8c496399dbe0683c65d8e2 - - default default] 199.204.45.4 "GET /v2.0/ports?device_id=f0d53afa-38ad-441d-9125-2f6d29684b74&device_owner=compute%3Anova&network_id=8285ed05-9404-4c5a-8a5c-904b25bdb313 HTTP/1.1" status: 200 len: 1174 time: 0.0584788
2026-05-18 01:48:16.073 10 INFO neutron.wsgi [None req-597ce861-b593-4e6c-92b2-aa43b870a3b1 94bc3f0650194a7aa50b84a3e3a62c70 535ba092ed774de19d4ad28accdc03ef - - default default] 10.0.0.96 "DELETE /v2.0/security-groups/91d65358-df8d-4928-aeeb-6b8ed84b7382 HTTP/1.1" status: 204 len: 168 time: 0.3265417
2026-05-18 01:48:16.113 10 INFO neutron.wsgi [req-d5dc0b81-e60b-4a0d-92b7-667522f76b33 req-d55a781f-723d-45ac-bdd0-b2ddfdd605b3 be63818a70e14f22acc1f52cd54a34cb ece008a4209945e4be7f4b783967a033 - - default default] 199.204.45.4 "GET /v2.0/networks?id=eb1ea95c-622e-4e4a-873a-ec444105b444 HTTP/1.1" status: 200 len: 875 time: 0.1074107
2026-05-18 01:48:16.124 10 WARNING neutron_lib.context [req-d5dc0b81-e60b-4a0d-92b7-667522f76b33 req-35e37256-9911-4675-a593-bff0e3d075b7 be63818a70e14f22acc1f52cd54a34cb ece008a4209945e4be7f4b783967a033 - - default default] Method 'is_advsvc' is deprecated since 2023.2 release (neutron-lib 3.8.0) and will be removed once support for the old RBAC API policies will be removed from Neutron. Please use method 'is_service_role' instead.
2026-05-18 01:48:16.294 9 INFO neutron.db.ovn_revision_numbers_db [None req-7aba9a88-fdb4-4f2c-9aea-8a82d0b826d3 94bc3f0650194a7aa50b84a3e3a62c70 535ba092ed774de19d4ad28accdc03ef - - default default] Successfully bumped revision number for resource 85262e0e-ccaf-4255-8b1b-41bdcae54b16 (type: security_groups) to 1
2026-05-18 01:48:16.308 9 INFO neutron.db.ovn_revision_numbers_db [None req-7aba9a88-fdb4-4f2c-9aea-8a82d0b826d3 94bc3f0650194a7aa50b84a3e3a62c70 535ba092ed774de19d4ad28accdc03ef - - default default] Successfully bumped revision number for resource 3ef020ed-c5a9-40ea-ad46-84cdcc42e028 (type: security_group_rules) to 0
2026-05-18 01:48:16.327 9 INFO neutron.db.ovn_revision_numbers_db [None req-7aba9a88-fdb4-4f2c-9aea-8a82d0b826d3 94bc3f0650194a7aa50b84a3e3a62c70 535ba092ed774de19d4ad28accdc03ef - - default default] Successfully bumped revision number for resource 3f23c396-736d-40d5-8518-32329995303b (type: security_group_rules) to 0
2026-05-18 01:48:16.342 9 INFO neutron.db.ovn_revision_numbers_db [None req-7aba9a88-fdb4-4f2c-9aea-8a82d0b826d3 94bc3f0650194a7aa50b84a3e3a62c70 535ba092ed774de19d4ad28accdc03ef - - default default] Successfully bumped revision number for resource 8bc0417c-bdd6-4564-ab55-1c544034314a (type: security_group_rules) to 0
2026-05-18 01:48:16.356 9 INFO neutron.db.ovn_revision_numbers_db [None req-7aba9a88-fdb4-4f2c-9aea-8a82d0b826d3 94bc3f0650194a7aa50b84a3e3a62c70 535ba092ed774de19d4ad28accdc03ef - - default default] Successfully bumped revision number for resource d08d8e8d-487f-4427-a104-e2fb1d8978f8 (type: security_group_rules) to 0
2026-05-18 01:48:16.376 9 INFO neutron.wsgi [None req-7aba9a88-fdb4-4f2c-9aea-8a82d0b826d3 94bc3f0650194a7aa50b84a3e3a62c70 535ba092ed774de19d4ad28accdc03ef - - default default] 10.0.0.96 "GET /v2.0/security-groups?tenant_id=cada31f60ab44d37bfd0beff973c861e&name=default HTTP/1.1" status: 200 len: 3120 time: 0.1982379
2026-05-18 01:48:16.441 10 INFO neutron.wsgi [req-23a693c7-16ed-4607-a747-26caa983b2e5 req-88dace35-49a6-43be-9dd9-82f698aab70d be63818a70e14f22acc1f52cd54a34cb ece008a4209945e4be7f4b783967a033 - - default default] 10.0.0.52 "GET /v2.0/ports?device_id=cb2d4791-5e52-4448-932c-a499487b6dec HTTP/1.1" status: 200 len: 210 time: 0.0238731
2026-05-18 01:48:16.599 9 INFO neutron.wsgi [None req-3053b734-6ada-42c5-9841-555462fc106e 94bc3f0650194a7aa50b84a3e3a62c70 535ba092ed774de19d4ad28accdc03ef - - default default] 10.0.0.96 "DELETE /v2.0/security-groups/85262e0e-ccaf-4255-8b1b-41bdcae54b16 HTTP/1.1" status: 204 len: 168 time: 0.2157996
2026-05-18 01:48:16.649 10 INFO neutron.db.ovn_revision_numbers_db [req-0038d9f4-33a8-4ea4-9032-87d6f61df134 req-d2f7fc91-e99d-433a-86a9-cd07bcb15793 fb83b68f56124e9a8be9f38548a4091a 1d5973156f8c496399dbe0683c65d8e2 - - default default] Successfully bumped revision number for resource 2808321c-f8a0-4234-a823-d7c58171ea0d (type: ports) to 5
2026-05-18 01:48:16.652 10 WARNING neutron.scheduler.dhcp_agent_scheduler [req-d5dc0b81-e60b-4a0d-92b7-667522f76b33 req-35e37256-9911-4675-a593-bff0e3d075b7 be63818a70e14f22acc1f52cd54a34cb ece008a4209945e4be7f4b783967a033 - - default default] No more DHCP agents
2026-05-18 01:48:16.655 10 WARNING neutron.api.rpc.agentnotifiers.dhcp_rpc_agent_api [req-d5dc0b81-e60b-4a0d-92b7-667522f76b33 req-35e37256-9911-4675-a593-bff0e3d075b7 be63818a70e14f22acc1f52cd54a34cb ece008a4209945e4be7f4b783967a033 - - default default] Unable to schedule network eb1ea95c-622e-4e4a-873a-ec444105b444: no agents available; will retry on subsequent port and subnet creation events.
2026-05-18 01:48:16.665 10 INFO neutron.wsgi [req-0038d9f4-33a8-4ea4-9032-87d6f61df134 req-d2f7fc91-e99d-433a-86a9-cd07bcb15793 fb83b68f56124e9a8be9f38548a4091a 1d5973156f8c496399dbe0683c65d8e2 - - default default] 199.204.45.4 "PUT /v2.0/ports/2808321c-f8a0-4234-a823-d7c58171ea0d HTTP/1.1" status: 200 len: 1349 time: 0.7348928 /var/lib/openstack/lib/python3.10/site-packages/pycadf/identifier.py:71: UserWarning: Invalid uuid: neutron. To ensure interoperability, identifiers should be a valid uuid. warnings.warn(('Invalid uuid: %s. To ensure interoperability, '
2026-05-18 01:48:16.723 10 INFO neutron.notifiers.nova [-] Nova event matching ['req-e77df37f-cd54-4f78-b935-20c7664c49d3'] response: {'name': 'network-changed', 'server_uuid': 'f0d53afa-38ad-441d-9125-2f6d29684b74', 'tag': '2808321c-f8a0-4234-a823-d7c58171ea0d', 'status': 'completed', 'code': 200}
2026-05-18 01:48:16.730 10 INFO neutron.wsgi [req-0038d9f4-33a8-4ea4-9032-87d6f61df134 req-768c55dd-a8fb-4e00-93b2-7e7bb2bf8aa0 485d5b8698c94e86961d8f024b871a34 ff036abed31c41d88d5d15aec1e592fb - - 6e105525d8e2416d94bd1f860e211482 6e105525d8e2416d94bd1f860e211482] 199.204.45.4 "GET /v2.0/ports?tenant_id=1d5973156f8c496399dbe0683c65d8e2&device_id=f0d53afa-38ad-441d-9125-2f6d29684b74 HTTP/1.1" status: 200 len: 1590 time: 0.0430453
2026-05-18 01:48:16.818 10 INFO neutron.wsgi [req-0038d9f4-33a8-4ea4-9032-87d6f61df134 req-64c83f83-0c9d-428a-8a91-4407e700ce70 485d5b8698c94e86961d8f024b871a34 ff036abed31c41d88d5d15aec1e592fb - - 6e105525d8e2416d94bd1f860e211482 6e105525d8e2416d94bd1f860e211482] 199.204.45.4 "GET /v2.0/networks?id=8285ed05-9404-4c5a-8a5c-904b25bdb313 HTTP/1.1" status: 200 len: 982 time: 0.0837350
2026-05-18 01:48:16.893 10 INFO neutron.wsgi [req-0038d9f4-33a8-4ea4-9032-87d6f61df134 req-bf4630a1-d218-4e9a-aa84-5a861524548d 485d5b8698c94e86961d8f024b871a34 ff036abed31c41d88d5d15aec1e592fb - - 6e105525d8e2416d94bd1f860e211482 6e105525d8e2416d94bd1f860e211482] 199.204.45.4 "GET /v2.0/floatingips?fixed_ip_address=10.100.0.12&port_id=2808321c-f8a0-4234-a823-d7c58171ea0d HTTP/1.1" status: 200 len: 1060 time: 0.0680075
2026-05-18 01:48:16.928 10 INFO neutron.db.ovn_revision_numbers_db [req-d5dc0b81-e60b-4a0d-92b7-667522f76b33 req-35e37256-9911-4675-a593-bff0e3d075b7 be63818a70e14f22acc1f52cd54a34cb ece008a4209945e4be7f4b783967a033 - - default default] Successfully bumped revision number for resource 8b1c940b-5ad1-480d-ae72-abdddfb357ac (type: ports) to 1
2026-05-18 01:48:16.930 10 INFO neutron.wsgi [req-0038d9f4-33a8-4ea4-9032-87d6f61df134 req-481489e9-46ba-4784-968e-8e1160de7e4f 485d5b8698c94e86961d8f024b871a34 ff036abed31c41d88d5d15aec1e592fb - - 6e105525d8e2416d94bd1f860e211482 6e105525d8e2416d94bd1f860e211482] 199.204.45.4 "GET /v2.0/floatingips?fixed_ip_address=10.100.0.8&port_id=2808321c-f8a0-4234-a823-d7c58171ea0d HTTP/1.1" status: 200 len: 217 time: 0.0315261
2026-05-18 01:48:16.967 10 INFO neutron.wsgi [req-d5dc0b81-e60b-4a0d-92b7-667522f76b33 req-35e37256-9911-4675-a593-bff0e3d075b7 be63818a70e14f22acc1f52cd54a34cb ece008a4209945e4be7f4b783967a033 - - default default] 199.204.45.4 "POST /v2.0/ports HTTP/1.1" status: 201 len: 1158 time: 0.8473778
2026-05-18 01:48:16.983 10 INFO neutron.wsgi [req-0038d9f4-33a8-4ea4-9032-87d6f61df134 req-bfee035e-6300-4526-92b5-8837533392a3 485d5b8698c94e86961d8f024b871a34 ff036abed31c41d88d5d15aec1e592fb - - 6e105525d8e2416d94bd1f860e211482 6e105525d8e2416d94bd1f860e211482] 199.204.45.4 "GET /v2.0/subnets?id=a99be137-4d77-4ac8-b69c-937e9eef82bf HTTP/1.1" status: 200 len: 877 time: 0.0410452
2026-05-18 01:48:17.013 10 INFO neutron.wsgi [req-0038d9f4-33a8-4ea4-9032-87d6f61df134 req-7a376a3b-8dbc-4f2a-9831-ffa904f32b91 485d5b8698c94e86961d8f024b871a34 ff036abed31c41d88d5d15aec1e592fb - - 6e105525d8e2416d94bd1f860e211482 6e105525d8e2416d94bd1f860e211482] 199.204.45.4 "GET /v2.0/ports?network_id=8285ed05-9404-4c5a-8a5c-904b25bdb313&device_owner=network%3Adhcp HTTP/1.1" status: 200 len: 210 time: 0.0194600
2026-05-18 01:48:17.104 10 INFO neutron.wsgi [req-0038d9f4-33a8-4ea4-9032-87d6f61df134 req-ce2c0293-509a-4807-86a1-39644b15882f 485d5b8698c94e86961d8f024b871a34 ff036abed31c41d88d5d15aec1e592fb - - 6e105525d8e2416d94bd1f860e211482 6e105525d8e2416d94bd1f860e211482] 199.204.45.4 "GET /v2.0/networks/8285ed05-9404-4c5a-8a5c-904b25bdb313?fields=segments HTTP/1.1" status: 200 len: 212 time: 0.0834346
2026-05-18 01:48:17.201 10 INFO neutron.wsgi [req-0038d9f4-33a8-4ea4-9032-87d6f61df134 req-97de4232-920c-4095-a99a-db429e67006c 485d5b8698c94e86961d8f024b871a34 ff036abed31c41d88d5d15aec1e592fb - - 6e105525d8e2416d94bd1f860e211482 6e105525d8e2416d94bd1f860e211482] 199.204.45.4 "GET /v2.0/networks/8285ed05-9404-4c5a-8a5c-904b25bdb313?fields=provider%3Aphysical_network&fields=provider%3Anetwork_type HTTP/1.1" status: 200 len: 277 time: 0.0896838
2026-05-18 01:48:17.287 10 INFO neutron.wsgi [req-582ea378-d0f7-4b21-924d-b14dafb9d905 req-ab6d206c-7fb8-4414-a8f3-d2d0d233c86c 485d5b8698c94e86961d8f024b871a34 ff036abed31c41d88d5d15aec1e592fb - - 6e105525d8e2416d94bd1f860e211482 6e105525d8e2416d94bd1f860e211482] 199.204.45.4 "GET /v2.0/ports?tenant_id=1d5973156f8c496399dbe0683c65d8e2&device_id=f0d53afa-38ad-441d-9125-2f6d29684b74 HTTP/1.1" status: 200 len: 1590 time: 0.0444322
2026-05-18 01:48:17.387 10 INFO neutron.wsgi [req-582ea378-d0f7-4b21-924d-b14dafb9d905 req-c86f5617-847b-4b51-8a07-41fafa273008 485d5b8698c94e86961d8f024b871a34 ff036abed31c41d88d5d15aec1e592fb - - 6e105525d8e2416d94bd1f860e211482 6e105525d8e2416d94bd1f860e211482] 199.204.45.4 "GET /v2.0/networks?id=8285ed05-9404-4c5a-8a5c-904b25bdb313 HTTP/1.1" status: 200 len: 982 time: 0.0960402 /var/lib/openstack/lib/python3.10/site-packages/pycadf/identifier.py:71: UserWarning: Invalid uuid: neutron. To ensure interoperability, identifiers should be a valid uuid. warnings.warn(('Invalid uuid: %s. To ensure interoperability, '
2026-05-18 01:48:17.439 10 INFO neutron.wsgi [req-582ea378-d0f7-4b21-924d-b14dafb9d905 req-d1bf99ef-24b0-468b-b618-163af1d9d254 485d5b8698c94e86961d8f024b871a34 ff036abed31c41d88d5d15aec1e592fb - - 6e105525d8e2416d94bd1f860e211482 6e105525d8e2416d94bd1f860e211482] 199.204.45.4 "GET /v2.0/floatingips?fixed_ip_address=10.100.0.12&port_id=2808321c-f8a0-4234-a823-d7c58171ea0d HTTP/1.1" status: 200 len: 1060 time: 0.0464954
2026-05-18 01:48:17.469 10 INFO neutron.wsgi [req-582ea378-d0f7-4b21-924d-b14dafb9d905 req-141b5a28-8dcb-4e12-91a0-3636d0e21343 485d5b8698c94e86961d8f024b871a34 ff036abed31c41d88d5d15aec1e592fb - - 6e105525d8e2416d94bd1f860e211482 6e105525d8e2416d94bd1f860e211482] 199.204.45.4 "GET /v2.0/floatingips?fixed_ip_address=10.100.0.8&port_id=2808321c-f8a0-4234-a823-d7c58171ea0d HTTP/1.1" status: 200 len: 217 time: 0.0255852
2026-05-18 01:48:17.508 10 INFO neutron.wsgi [req-582ea378-d0f7-4b21-924d-b14dafb9d905 req-fe7cd54e-96d4-48fd-bb7d-7d85d780e81c 485d5b8698c94e86961d8f024b871a34 ff036abed31c41d88d5d15aec1e592fb - - 6e105525d8e2416d94bd1f860e211482 6e105525d8e2416d94bd1f860e211482] 199.204.45.4 "GET /v2.0/subnets?id=a99be137-4d77-4ac8-b69c-937e9eef82bf HTTP/1.1" status: 200 len: 877 time: 0.0352011
2026-05-18 01:48:17.543 10 INFO neutron.wsgi [req-582ea378-d0f7-4b21-924d-b14dafb9d905 req-3e9962d6-6265-43d7-80ee-583482f0283e 485d5b8698c94e86961d8f024b871a34 ff036abed31c41d88d5d15aec1e592fb - - 6e105525d8e2416d94bd1f860e211482 6e105525d8e2416d94bd1f860e211482] 199.204.45.4 "GET /v2.0/ports?network_id=8285ed05-9404-4c5a-8a5c-904b25bdb313&device_owner=network%3Adhcp HTTP/1.1" status: 200 len: 210 time: 0.0261919
2026-05-18 01:48:17.553 9 INFO neutron.wsgi [req-078dc12e-4643-41ab-9bc2-a7d2b6fdb40e req-6c594a3b-fba9-44b3-bdd1-6c5c196d1515 be63818a70e14f22acc1f52cd54a34cb ece008a4209945e4be7f4b783967a033 - - default default] 10.0.0.52 "GET /v2.0/ports?device_id=cb2d4791-5e52-4448-932c-a499487b6dec HTTP/1.1" status: 200 len: 1168 time: 0.0497878
2026-05-18 01:48:17.564 10 INFO neutron.db.ovn_revision_numbers_db [req-d5dc0b81-e60b-4a0d-92b7-667522f76b33 req-8cc1a6fa-e365-42b4-91c2-80d371807692 485d5b8698c94e86961d8f024b871a34 ff036abed31c41d88d5d15aec1e592fb - - 6e105525d8e2416d94bd1f860e211482 6e105525d8e2416d94bd1f860e211482] Successfully bumped revision number for resource 8b1c940b-5ad1-480d-ae72-abdddfb357ac (type: ports) to 2
2026-05-18 01:48:17.609 9 INFO neutron.wsgi [req-078dc12e-4643-41ab-9bc2-a7d2b6fdb40e req-9ef83433-94f7-457d-bebd-14f78e8aed7c be63818a70e14f22acc1f52cd54a34cb ece008a4209945e4be7f4b783967a033 - - default default] 10.0.0.52 "GET /v2.0/security-groups?id=cb5b5a8d-5165-4b12-94e9-1e976f7de1ed&fields=id&fields=name HTTP/1.1" status: 200 len: 286 time: 0.0468252
2026-05-18 01:48:17.619 10 INFO neutron.wsgi [req-582ea378-d0f7-4b21-924d-b14dafb9d905 req-bdd27c36-adfe-4ea3-90d5-9e3aa7b8d8f3 485d5b8698c94e86961d8f024b871a34 ff036abed31c41d88d5d15aec1e592fb - - 6e105525d8e2416d94bd1f860e211482 6e105525d8e2416d94bd1f860e211482] 199.204.45.4 "GET /v2.0/networks/8285ed05-9404-4c5a-8a5c-904b25bdb313?fields=segments HTTP/1.1" status: 200 len: 212 time: 0.0676386
2026-05-18 01:48:17.688 10 INFO neutron.wsgi [req-582ea378-d0f7-4b21-924d-b14dafb9d905 req-276f5422-cf35-47a5-81a2-3d42f9a6b56b 485d5b8698c94e86961d8f024b871a34 ff036abed31c41d88d5d15aec1e592fb - - 6e105525d8e2416d94bd1f860e211482 6e105525d8e2416d94bd1f860e211482] 199.204.45.4 "GET /v2.0/networks/8285ed05-9404-4c5a-8a5c-904b25bdb313?fields=provider%3Aphysical_network&fields=provider%3Anetwork_type HTTP/1.1" status: 200 len: 277 time: 0.0583951
2026-05-18 01:48:17.790 10 INFO neutron.db.ovn_revision_numbers_db [req-d5dc0b81-e60b-4a0d-92b7-667522f76b33 req-8cc1a6fa-e365-42b4-91c2-80d371807692 485d5b8698c94e86961d8f024b871a34 ff036abed31c41d88d5d15aec1e592fb - - 6e105525d8e2416d94bd1f860e211482 6e105525d8e2416d94bd1f860e211482] Successfully bumped revision number for resource 8b1c940b-5ad1-480d-ae72-abdddfb357ac (type: ports) to 2
2026-05-18 01:48:17.805 10 INFO neutron.wsgi [req-d5dc0b81-e60b-4a0d-92b7-667522f76b33 req-8cc1a6fa-e365-42b4-91c2-80d371807692 485d5b8698c94e86961d8f024b871a34 ff036abed31c41d88d5d15aec1e592fb - - 6e105525d8e2416d94bd1f860e211482 6e105525d8e2416d94bd1f860e211482] 199.204.45.4 "PUT /v2.0/ports/8b1c940b-5ad1-480d-ae72-abdddfb357ac HTTP/1.1" status: 200 len: 1376 time: 0.8323817 /var/lib/openstack/lib/python3.10/site-packages/pycadf/identifier.py:71: UserWarning: Invalid uuid: neutron. To ensure interoperability, identifiers should be a valid uuid. warnings.warn(('Invalid uuid: %s. To ensure interoperability, '
2026-05-18 01:48:17.879 10 INFO neutron.wsgi [req-d5dc0b81-e60b-4a0d-92b7-667522f76b33 req-ae556995-44cd-4b16-81c6-a40b6872fbc7 485d5b8698c94e86961d8f024b871a34 ff036abed31c41d88d5d15aec1e592fb - - 6e105525d8e2416d94bd1f860e211482 6e105525d8e2416d94bd1f860e211482] 199.204.45.4 "GET /v2.0/ports?tenant_id=ece008a4209945e4be7f4b783967a033&device_id=cb2d4791-5e52-4448-932c-a499487b6dec HTTP/1.1" status: 200 len: 1407 time: 0.0410917
2026-05-18 01:48:17.912 10 INFO neutron.wsgi [req-d5dc0b81-e60b-4a0d-92b7-667522f76b33 req-bce15545-acc4-4a8e-8bb0-7b3670dd3878 485d5b8698c94e86961d8f024b871a34 ff036abed31c41d88d5d15aec1e592fb - - 6e105525d8e2416d94bd1f860e211482 6e105525d8e2416d94bd1f860e211482] 199.204.45.4 "GET /v2.0/floatingips?fixed_ip_address=10.100.0.4&port_id=8b1c940b-5ad1-480d-ae72-abdddfb357ac HTTP/1.1" status: 200 len: 217 time: 0.0265920
2026-05-18 01:48:17.947 10 INFO neutron.wsgi [req-d5dc0b81-e60b-4a0d-92b7-667522f76b33 req-3c21246d-45a2-484d-a367-e68772789620 485d5b8698c94e86961d8f024b871a34 ff036abed31c41d88d5d15aec1e592fb - - 6e105525d8e2416d94bd1f860e211482 6e105525d8e2416d94bd1f860e211482] 199.204.45.4 "GET /v2.0/subnets?id=9a054466-4c8d-43ea-a98d-fc58acb93b84 HTTP/1.1" status: 200 len: 869 time: 0.0299938
2026-05-18 01:48:17.972 9 INFO neutron.wsgi [req-93818985-9448-4922-a579-52839a2f7f24 req-65e6e318-c4e5-4cc4-90f3-46266c574b75 fb83b68f56124e9a8be9f38548a4091a 1d5973156f8c496399dbe0683c65d8e2 - - default default] 10.0.0.52 "GET /v2.0/ports?device_id=f0d53afa-38ad-441d-9125-2f6d29684b74 HTTP/1.1" status: 200 len: 1352 time: 0.0379136
2026-05-18 01:48:17.974 10 INFO neutron.wsgi [req-d5dc0b81-e60b-4a0d-92b7-667522f76b33 req-614b992e-35ce-4208-80c6-2c68341eb8f8 485d5b8698c94e86961d8f024b871a34 ff036abed31c41d88d5d15aec1e592fb - - 6e105525d8e2416d94bd1f860e211482 6e105525d8e2416d94bd1f860e211482] 199.204.45.4 "GET /v2.0/ports?network_id=eb1ea95c-622e-4e4a-873a-ec444105b444&device_owner=network%3Adhcp HTTP/1.1" status: 200 len: 210 time: 0.0208480
2026-05-18 01:48:18.012 9 INFO neutron.wsgi [req-93818985-9448-4922-a579-52839a2f7f24 req-2407392c-0dab-43e4-a182-8296c7e9168a fb83b68f56124e9a8be9f38548a4091a 1d5973156f8c496399dbe0683c65d8e2 - - default default] 10.0.0.52 "GET /v2.0/security-groups?id=351fb521-7746-450e-8ff0-822e47162962&fields=id&fields=name HTTP/1.1" status: 200 len: 311 time: 0.0351934
2026-05-18 01:48:18.040 10 INFO neutron.wsgi [req-d5dc0b81-e60b-4a0d-92b7-667522f76b33 req-2211cc23-3b9c-4171-80a5-6c941ee70a5a 485d5b8698c94e86961d8f024b871a34 ff036abed31c41d88d5d15aec1e592fb - - 6e105525d8e2416d94bd1f860e211482 6e105525d8e2416d94bd1f860e211482] 199.204.45.4 "GET /v2.0/networks/eb1ea95c-622e-4e4a-873a-ec444105b444?fields=segments HTTP/1.1" status: 200 len: 212 time: 0.0586624
2026-05-18 01:48:18.046 10 INFO neutron.wsgi [-] 10.0.0.151 "GET / HTTP/1.1" status: 200 len: 246 time: 0.0016949
2026-05-18 01:48:18.046 9 INFO neutron.wsgi [-] 10.0.0.151 "GET / HTTP/1.1" status: 200 len: 246 time: 0.0015888
2026-05-18 01:48:18.105 10 INFO neutron.wsgi [req-d5dc0b81-e60b-4a0d-92b7-667522f76b33 req-4cec2285-881a-4fb8-8323-c9ae45db8ee3 485d5b8698c94e86961d8f024b871a34 ff036abed31c41d88d5d15aec1e592fb - - 6e105525d8e2416d94bd1f860e211482 6e105525d8e2416d94bd1f860e211482] 199.204.45.4 "GET /v2.0/networks/eb1ea95c-622e-4e4a-873a-ec444105b444?fields=provider%3Aphysical_network&fields=provider%3Anetwork_type HTTP/1.1" status: 200 len: 277 time: 0.0570672
2026-05-18 01:48:18.437 10 INFO neutron.wsgi [req-35c9a950-cd23-4fed-958b-5cfa4560e8ce req-22259aa0-542c-450c-95fe-2413f7acb810 fb83b68f56124e9a8be9f38548a4091a 1d5973156f8c496399dbe0683c65d8e2 - - default default] 199.204.45.4 "GET /v2.0/ports?device_id=f0d53afa-38ad-441d-9125-2f6d29684b74&device_owner=compute%3Anova&fixed_ips=ip_address%3D10.100.0.8 HTTP/1.1" status: 200 len: 1352 time: 0.3278558
2026-05-18 01:48:18.771 10 INFO neutron.notifiers.nova [-] Nova event matching ['req-3a859a92-b07a-4a1f-ac71-b9368c1146f9'] response: {'name': 'network-changed', 'server_uuid': 'cb2d4791-5e52-4448-932c-a499487b6dec', 'tag': '8b1c940b-5ad1-480d-ae72-abdddfb357ac', 'status': 'completed', 'code': 200}
2026-05-18 01:48:18.817 10 INFO neutron.wsgi [req-2f0e12d4-dd53-4432-a1fd-9d08bb1c2d4c req-bda60074-ad9f-418e-a1c4-f2b36d65cc84 485d5b8698c94e86961d8f024b871a34 ff036abed31c41d88d5d15aec1e592fb - - 6e105525d8e2416d94bd1f860e211482 6e105525d8e2416d94bd1f860e211482] 199.204.45.4 "GET /v2.0/ports?device_id=f0d53afa-38ad-441d-9125-2f6d29684b74&fields=binding%3Ahost_id&fields=binding%3Avif_type HTTP/1.1" status: 200 len: 265 time: 0.0888877
2026-05-18 01:48:18.881 10 INFO neutron.wsgi [req-ad8d0f27-78f9-403c-bcbc-52241474e63b req-9ec25dc9-def6-4a0c-b911-86be6e7c9099 485d5b8698c94e86961d8f024b871a34 ff036abed31c41d88d5d15aec1e592fb - - 6e105525d8e2416d94bd1f860e211482 6e105525d8e2416d94bd1f860e211482] 199.204.45.4 "GET /v2.0/ports?tenant_id=ece008a4209945e4be7f4b783967a033&device_id=cb2d4791-5e52-4448-932c-a499487b6dec HTTP/1.1" status: 200 len: 1407 time: 0.0885065
2026-05-18 01:48:18.894 10 INFO neutron.wsgi [req-bfc58aeb-662f-4cc1-9e77-143a7f6075bb req-48007d56-c885-4108-813a-e70baab1fb83 be63818a70e14f22acc1f52cd54a34cb ece008a4209945e4be7f4b783967a033 - - default default] 10.0.0.52 "GET /v2.0/ports?device_id=cb2d4791-5e52-4448-932c-a499487b6dec HTTP/1.1" status: 200 len: 1168 time: 0.2216761
2026-05-18 01:48:18.977 10 INFO neutron.wsgi [req-ad8d0f27-78f9-403c-bcbc-52241474e63b req-d89f7129-7ff5-4553-9278-2683e4044ca9 485d5b8698c94e86961d8f024b871a34 ff036abed31c41d88d5d15aec1e592fb - - 6e105525d8e2416d94bd1f860e211482 6e105525d8e2416d94bd1f860e211482] 199.204.45.4 "GET /v2.0/networks?id=eb1ea95c-622e-4e4a-873a-ec444105b444 HTTP/1.1" status: 200 len: 973 time: 0.0891724
2026-05-18 01:48:18.984 10 INFO neutron.wsgi [req-bfc58aeb-662f-4cc1-9e77-143a7f6075bb req-770a6ba9-6220-4d76-92e0-befcc2481ef8 be63818a70e14f22acc1f52cd54a34cb ece008a4209945e4be7f4b783967a033 - - default default] 10.0.0.52 "GET /v2.0/security-groups?id=cb5b5a8d-5165-4b12-94e9-1e976f7de1ed&fields=id&fields=name HTTP/1.1" status: 200 len: 286 time: 0.0786958
2026-05-18 01:48:19.009 10 INFO neutron.wsgi [req-ad8d0f27-78f9-403c-bcbc-52241474e63b req-87a59969-f496-441c-b115-e37347b3270e 485d5b8698c94e86961d8f024b871a34 ff036abed31c41d88d5d15aec1e592fb - - 6e105525d8e2416d94bd1f860e211482 6e105525d8e2416d94bd1f860e211482] 199.204.45.4 "GET /v2.0/floatingips?fixed_ip_address=10.100.0.4&port_id=8b1c940b-5ad1-480d-ae72-abdddfb357ac HTTP/1.1" status: 200 len: 217 time: 0.0244584
2026-05-18 01:48:19.061 10 INFO neutron.wsgi [req-ad8d0f27-78f9-403c-bcbc-52241474e63b req-2db8bac2-0749-4604-884c-a9cc3d96c0a4 485d5b8698c94e86961d8f024b871a34 ff036abed31c41d88d5d15aec1e592fb - - 6e105525d8e2416d94bd1f860e211482 6e105525d8e2416d94bd1f860e211482] 199.204.45.4 "GET /v2.0/subnets?id=9a054466-4c8d-43ea-a98d-fc58acb93b84 HTTP/1.1" status: 200 len: 869 time: 0.0463300
2026-05-18 01:48:19.098 10 INFO neutron.wsgi [req-ad8d0f27-78f9-403c-bcbc-52241474e63b req-a18d9150-c9d9-4c3d-88a3-1cf85bac60ea 485d5b8698c94e86961d8f024b871a34 ff036abed31c41d88d5d15aec1e592fb - - 6e105525d8e2416d94bd1f860e211482 6e105525d8e2416d94bd1f860e211482] 199.204.45.4 "GET /v2.0/ports?network_id=eb1ea95c-622e-4e4a-873a-ec444105b444&device_owner=network%3Adhcp HTTP/1.1" status: 200 len: 210 time: 0.0280330 /var/lib/openstack/lib/python3.10/site-packages/pycadf/identifier.py:71: UserWarning: Invalid uuid: neutron. To ensure interoperability, identifiers should be a valid uuid. warnings.warn(('Invalid uuid: %s. To ensure interoperability, '
2026-05-18 01:48:19.183 10 INFO neutron.wsgi [req-ad8d0f27-78f9-403c-bcbc-52241474e63b req-c0ba4f15-238d-4a5f-afd3-d5681df4a1de 485d5b8698c94e86961d8f024b871a34 ff036abed31c41d88d5d15aec1e592fb - - 6e105525d8e2416d94bd1f860e211482 6e105525d8e2416d94bd1f860e211482] 199.204.45.4 "GET /v2.0/networks/eb1ea95c-622e-4e4a-873a-ec444105b444?fields=segments HTTP/1.1" status: 200 len: 212 time: 0.0760510
2026-05-18 01:48:19.234 10 INFO neutron.db.ovn_revision_numbers_db [req-35c9a950-cd23-4fed-958b-5cfa4560e8ce req-f76457ca-46bc-41b8-a70e-67dfa0a28de8 fb83b68f56124e9a8be9f38548a4091a 1d5973156f8c496399dbe0683c65d8e2 - - default default] Successfully bumped revision number for resource 2808321c-f8a0-4234-a823-d7c58171ea0d (type: ports) to 6
2026-05-18 01:48:19.252 10 INFO neutron.wsgi [req-35c9a950-cd23-4fed-958b-5cfa4560e8ce req-f76457ca-46bc-41b8-a70e-67dfa0a28de8 fb83b68f56124e9a8be9f38548a4091a 1d5973156f8c496399dbe0683c65d8e2 - - default default] 199.204.45.4 "PUT /v2.0/ports/2808321c-f8a0-4234-a823-d7c58171ea0d HTTP/1.1" status: 200 len: 1171 time: 0.8085880
2026-05-18 01:48:19.267 10 INFO neutron.wsgi [req-ad8d0f27-78f9-403c-bcbc-52241474e63b req-16480428-10ce-4135-b11f-fee3f5fef7f9 485d5b8698c94e86961d8f024b871a34 ff036abed31c41d88d5d15aec1e592fb - - 6e105525d8e2416d94bd1f860e211482 6e105525d8e2416d94bd1f860e211482] 199.204.45.4 "GET /v2.0/networks/eb1ea95c-622e-4e4a-873a-ec444105b444?fields=provider%3Aphysical_network&fields=provider%3Anetwork_type HTTP/1.1" status: 200 len: 277 time: 0.0755517
2026-05-18 01:48:19.321 10 INFO neutron.wsgi [req-35c9a950-cd23-4fed-958b-5cfa4560e8ce req-5f9d5017-2b0a-4773-9f71-e5a6d355ea1a 485d5b8698c94e86961d8f024b871a34 ff036abed31c41d88d5d15aec1e592fb - - 6e105525d8e2416d94bd1f860e211482 6e105525d8e2416d94bd1f860e211482] 199.204.45.4 "GET /v2.0/ports?tenant_id=1d5973156f8c496399dbe0683c65d8e2&device_id=f0d53afa-38ad-441d-9125-2f6d29684b74 HTTP/1.1" status: 200 len: 1413 time: 0.0465615
2026-05-18 01:48:19.387 10 INFO neutron.wsgi [req-35c9a950-cd23-4fed-958b-5cfa4560e8ce req-92c34dd3-941c-474c-b86b-554103e1bf99 485d5b8698c94e86961d8f024b871a34 ff036abed31c41d88d5d15aec1e592fb - - 6e105525d8e2416d94bd1f860e211482 6e105525d8e2416d94bd1f860e211482] 199.204.45.4 "GET /v2.0/networks?id=8285ed05-9404-4c5a-8a5c-904b25bdb313 HTTP/1.1" status: 200 len: 982 time: 0.0592332
2026-05-18 01:48:19.445 10 INFO neutron.wsgi [req-35c9a950-cd23-4fed-958b-5cfa4560e8ce req-6d77bf69-e7f4-446f-9ffc-1969a4a597b6 485d5b8698c94e86961d8f024b871a34 ff036abed31c41d88d5d15aec1e592fb - - 6e105525d8e2416d94bd1f860e211482 6e105525d8e2416d94bd1f860e211482] 199.204.45.4 "GET /v2.0/floatingips?fixed_ip_address=10.100.0.12&port_id=2808321c-f8a0-4234-a823-d7c58171ea0d HTTP/1.1" status: 200 len: 1060 time: 0.0499880
2026-05-18 01:48:19.493 10 INFO neutron.wsgi [req-35c9a950-cd23-4fed-958b-5cfa4560e8ce req-50a4bc99-3c77-44f8-8f00-e2808f26a0e0 485d5b8698c94e86961d8f024b871a34 ff036abed31c41d88d5d15aec1e592fb - - 6e105525d8e2416d94bd1f860e211482 6e105525d8e2416d94bd1f860e211482] 199.204.45.4 "GET /v2.0/subnets?id=a99be137-4d77-4ac8-b69c-937e9eef82bf HTTP/1.1" status: 200 len: 877 time: 0.0426977
2026-05-18 01:48:19.505 10 WARNING neutron.plugins.ml2.drivers.ovn.mech_driver.ovsdb.ovn_client [None req-48ed0517-8119-473d-9e0a-ca357ec93912 - - - - - -] No hosting information found for port 8146c22c-e901-4a9d-a8b5-6919de720c22: RuntimeError: No hosting information found for port 8146c22c-e901-4a9d-a8b5-6919de720c22
2026-05-18 01:48:19.506 10 INFO neutron.plugins.ml2.drivers.ovn.mech_driver.mech_driver [None req-48ed0517-8119-473d-9e0a-ca357ec93912 - - - - - -] OVN reports status up for port: 8b1c940b-5ad1-480d-ae72-abdddfb357ac
